07-22 20:48:04.795: I/ActivityManager(588): Killing 1321:com.android.defcontainer/u0a3 (adj 15): empty #17
07-22 20:48:10.859: D/AndroidRuntime(2294): >>>>>> AndroidRuntime START com.android.internal.os.RuntimeInit <<<<<<
07-22 20:48:10.859: W/linker(2294): libdvm.so has text relocations. This is wasting memory and is a security risk. Please fix.
07-22 20:48:10.863: D/AndroidRuntime(2294): CheckJNI is OFF
07-22 20:48:10.867: D/dalvikvm(2294): Trying to load lib libjavacore.so 0x0
07-22 20:48:10.867: D/dalvikvm(2294): Added shared lib libjavacore.so 0x0
07-22 20:48:10.867: D/dalvikvm(2294): Trying to load lib libnativehelper.so 0x0
07-22 20:48:10.867: D/dalvikvm(2294): Added shared lib libnativehelper.so 0x0
07-22 20:48:10.867: D/dalvikvm(2294): No JNI_OnLoad found in libnativehelper.so 0x0, skipping init
07-22 20:48:10.871: D/dalvikvm(2294): Note: class Landroid/app/ActivityManagerNative; has 179 unimplemented (abstract) methods
07-22 20:48:10.887: E/cutils-trace(2294): Error opening trace file: No such file or directory (2)
07-22 20:48:10.903: E/memtrack(2294): Couldn't load memtrack module (No such file or directory)
07-22 20:48:10.903: E/android.os.Debug(2294): failed to load memtrack module: -2
07-22 20:48:10.923: D/AndroidRuntime(2294): Calling main entry com.android.commands.pm.Pm
07-22 20:48:10.935: I/ActivityManager(588): Start proc com.android.defcontainer for service com.android.defcontainer/.DefaultContainerService: pid=2304 uid=10003 gids={50003, 1028, 1015, 1023, 2001, 1035}
07-22 20:48:10.939: E/jdwp(2304): Failed sending reply to debugger: Broken pipe
07-22 20:48:10.939: D/dalvikvm(2304): Debugger has detached; object registry had 1 entries
07-22 20:48:10.947: D/Finsky(1588): [1] PackageVerificationReceiver.onReceive: Verification requested, id = 1
07-22 20:48:10.947: D/Finsky(1588): [1] WorkerTask.onPreExecute: Verification Requested for id = 1, data=file:///data/local/tmp/myapp-dev-debug.apk flags=114 fromVerificationActivity=false
07-22 20:48:10.947: W/ActivityManager(588): No content provider found for permission revoke: file:///data/local/tmp/myapp-dev-debug.apk
07-22 20:48:10.955: D/dalvikvm(1588): GC_FOR_ALLOC freed 759K, 14% free 5988K/6928K, paused 4ms, total 4ms
07-22 20:48:10.967: D/dalvikvm(1588): GC_FOR_ALLOC freed 138K, 14% free 6042K/6992K, paused 4ms, total 4ms
07-22 20:48:10.971: D/dalvikvm(1588): GC_FOR_ALLOC freed 219K, 15% free 6072K/7120K, paused 3ms, total 3ms
07-22 20:48:10.975: D/dalvikvm(1588): GC_FOR_ALLOC freed 242K, 15% free 6136K/7184K, paused 3ms, total 3ms
07-22 20:48:10.987: D/dalvikvm(1588): GC_FOR_ALLOC freed 432K, 11% free 6470K/7248K, paused 4ms, total 4ms
07-22 20:48:11.011: D/dalvikvm(1588): GC_FOR_ALLOC freed 1056K, 15% free 6597K/7712K, paused 3ms, total 3ms
07-22 20:48:11.043: D/dalvikvm(1588): GC_FOR_ALLOC freed 1112K, 17% free 6607K/7880K, paused 3ms, total 3ms
07-22 20:48:11.059: D/dalvikvm(1588): GC_FOR_ALLOC freed 1165K, 17% free 6617K/7904K, paused 4ms, total 4ms
07-22 20:48:11.071: D/dalvikvm(1588): GC_FOR_ALLOC freed 1147K, 17% free 6619K/7916K, paused 5ms, total 5ms
07-22 20:48:11.087: D/dalvikvm(1588): GC_FOR_ALLOC freed 1149K, 17% free 6626K/7916K, paused 4ms, total 4ms
07-22 20:48:11.323: D/dalvikvm(1588): GC_FOR_ALLOC freed 1145K, 16% free 6729K/7928K, paused 4ms, total 4ms
07-22 20:48:11.391: I/ElegantRequestDirector(1588): I/O exception (org.apache.http.NoHttpResponseException) caught when processing request: The target server failed to respond
07-22 20:48:11.391: I/ElegantRequestDirector(1588): Retrying request
07-22 20:48:12.287: D/Finsky(1588): [1] 2.onResponse: Verification id=1 response=0
07-22 20:48:12.287: D/Finsky(1588): [1] PackageVerificationReceiver.onReceive: Verification requested, id = 1
07-22 20:48:12.307: W/ActivityManager(588): No content provider found for permission revoke: file:///data/local/tmp/myapp-dev-debug.apk
07-22 20:48:12.307: I/PackageManager(588): Copying native libraries to /data/app-lib/vmdl1869328602
07-22 20:48:12.375: D/dalvikvm(588): GC_FOR_ALLOC freed 2674K, 43% free 9694K/16956K, paused 6ms, total 7ms
07-22 20:48:12.415: D/dalvikvm(588): GC_FOR_ALLOC freed 2067K, 45% free 9329K/16956K, paused 7ms, total 7ms
07-22 20:48:12.451: D/dalvikvm(588): GC_FOR_ALLOC freed 1591K, 45% free 9352K/16956K, paused 6ms, total 6ms
07-22 20:48:12.475: D/dalvikvm(588): GC_FOR_ALLOC freed 1615K, 45% free 9356K/16956K, paused 6ms, total 6ms
07-22 20:48:12.495: D/dalvikvm(588): GC_FOR_ALLOC freed 1610K, 45% free 9365K/16956K, paused 7ms, total 7ms
07-22 20:48:12.671: I/ActivityManager(588): Force stopping com.myapp appid=10055 user=-1: uninstall pkg
07-22 20:48:12.671: I/ActivityManager(588): Killing 2176:com.myapp/u0a55 (adj 9): stop com.myapp
07-22 20:48:12.671: I/ActivityManager(588): Force finishing activity ActivityRecord{529df490 u0 com.myapp/._myappActivity t3}
07-22 20:48:12.687: I/PackageManager(588): Package com.myapp codePath changed from /data/app/com.myapp-1.apk to /data/app/com.myapp-2.apk; Retaining data and using new
07-22 20:48:12.703: I/PackageManager(588): Running dexopt on: com.myapp
07-22 20:48:12.703: W/linker(2320): libdvm.so has text relocations. This is wasting memory and is a security risk. Please fix.
07-22 20:48:12.775: D/dalvikvm(2320): DexOpt: 'Lorg/apache/commons/codec/binary/Base64;' has an earlier definition; blocking out
07-22 20:48:12.775: D/dalvikvm(2320): DexOpt: 'Lorg/apache/commons/codec/binary/Hex;' has an earlier definition; blocking out
07-22 20:48:12.779: D/dalvikvm(2320): DexOpt: 'Lorg/w3c/dom/UserDataHandler;' has an earlier definition; blocking out
07-22 20:48:12.887: D/dalvikvm(2320): DexOpt: not verifying/optimizing 'Lorg/apache/commons/codec/binary/Base64;': multiple definitions
07-22 20:48:12.887: D/dalvikvm(2320): DexOpt: not verifying/optimizing 'Lorg/apache/commons/codec/binary/Hex;': multiple definitions
07-22 20:48:12.887: I/dalvikvm(2320): DexOpt: not resolving ambiguous class 'Lorg/apache/commons/codec/binary/Hex;'
07-22 20:48:12.899: I/dalvikvm(2320): DexOpt: not resolving ambiguous class 'Lorg/apache/commons/codec/binary/Base64;'
07-22 20:48:12.899: I/dalvikvm(2320): DexOpt: not resolving ambiguous class 'Lorg/apache/commons/codec/binary/Base64;'
07-22 20:48:12.919: D/dalvikvm(2320): DexOpt: not verifying/optimizing 'Lorg/w3c/dom/UserDataHandler;': multiple definitions
07-22 20:48:12.931: I/dalvikvm(2320): DexOpt: not resolving ambiguous class 'Lorg/apache/commons/codec/binary/Hex;'
07-22 20:48:12.947: I/dalvikvm(2320): DexOpt: not resolving ambiguous class 'Lorg/apache/commons/codec/binary/Base64;'
07-22 20:48:12.947: D/dalvikvm(2320): DexOpt: load 26ms, verify+opt 164ms, 3657156 bytes
07-22 20:48:12.963: W/PackageManager(588): Code path for pkg : com.myapp changing from /data/app/com.myapp-1.apk to /data/app/com.myapp-2.apk
07-22 20:48:12.963: W/PackageManager(588): Resource path for pkg : com.myapp changing from /data/app/com.myapp-1.apk to /data/app/com.myapp-2.apk
07-22 20:48:12.967: I/ActivityManager(588): Force stopping com.myapp appid=10055 user=-1: update pkg
07-22 20:48:12.975: W/PackageManager(588): Not granting permission android.permission.GLOBAL_SEARCH to package com.android.quicksearchbox (protectionLevel=18 flags=0x88be45)
07-22 20:48:12.975: W/PackageManager(588): Unknown permission com.android.vending.billing.IBillingAccountService.BIND2 in package com.google.android.gsf.login
07-22 20:48:12.975: W/PackageManager(588): Unknown permission com.android.chrome.TOS_ACKED in package com.google.android.gsf.login
07-22 20:48:12.975: W/PackageManager(588): Unknown permission com.google.android.gallery3d.permission.GALLERY_PROVIDER in package com.android.bluetooth
07-22 20:48:12.975: W/PackageManager(588): Unknown permission com.android.gallery3d.permission.GALLERY_PROVIDER in package com.android.bluetooth
07-22 20:48:12.975: W/PackageManager(588): Not granting permission android.permission.ACCESS_DOWNLOAD_MANAGER to package com.android.browser (protectionLevel=18 flags=0x89be45)
07-22 20:48:12.975: W/PackageManager(588): Not granting permission android.permission.SEND_DOWNLOAD_COMPLETED_INTENTS to package com.android.browser (protectionLevel=2 flags=0x89be45)
07-22 20:48:12.975: W/PackageManager(588): Unknown permission android.permission.INSTALL_DRM in package com.android.mms
07-22 20:48:12.975: W/PackageManager(588): Unknown permission com.cyanogenmod.filemanager.permissions.READ_THEME in package com.cyanogenmod.filemanager
07-22 20:48:12.979: W/PackageManager(588): Not granting permission android.permission.BROADCAST_PACKAGE_REMOVED to package com.google.android.marvin.talkback (protectionLevel=2 flags=0xc9bec5)
07-22 20:48:12.979: W/PackageManager(588): Unknown permission android.permission.RECOVERY in package com.google.android.gms
07-22 20:48:12.979: W/PackageManager(588): Not granting permission android.permission.READ_DREAM_STATE to package com.google.android.gms (protectionLevel=2 flags=0xc83ec5)
07-22 20:48:12.979: W/PackageManager(588): Not granting permission android.permission.CAPTURE_AUDIO_HOTWORD to package com.google.android.gms (protectionLevel=18 flags=0xc83ec5)
07-22 20:48:12.979: W/PackageManager(588): Not granting permission android.permission.READ_FRAME_BUFFER to package com.google.android.gms (protectionLevel=18 flags=0xc83ec5)
07-22 20:48:12.979: W/PackageManager(588): Unknown permission com.google.android.wearable.READ_SETTINGS in package com.google.android.gms
07-22 20:48:12.979: W/PackageManager(588): Unknown permission com.google.android.gallery3d.permission.PICASA_STORE in package com.android.dreams.phototable
07-22 20:48:12.979: W/PackageManager(588): Unknown permission android.permission.READ_OWNER_DATA in package com.google.android.setupwizard
07-22 20:48:12.979: W/PackageManager(588): Unknown permission android.permission.WRITE_OWNER_DATA in package com.google.android.setupwizard
07-22 20:48:12.979: W/PackageManager(588): Unknown permission com.google.android.voicesearch.SHORTCUTS_ACCESS in package com.google.android.googlequicksearchbox
07-22 20:48:12.979: W/PackageManager(588): Unknown permission com.google.android.voicesearch.ACCESS_SETTINGS in package com.google.android.googlequicksearchbox
07-22 20:48:12.979: W/PackageManager(588): Not granting permission android.permission.MEDIA_CONTENT_CONTROL to package com.google.android.googlequicksearchbox (protectionLevel=18 flags=0xdbbec5)
07-22 20:48:12.979: W/PackageManager(588): Unknown permission com.google.googlenav.friend.permission.OPT_IN in package com.google.android.googlequicksearchbox
07-22 20:48:12.979: W/PackageManager(588): Unknown permission com.google.android.apps.maps.permission.PREFETCH in package com.google.android.googlequicksearchbox
07-22 20:48:12.979: W/PackageManager(588): Unknown permission com.google.android.apps.googlevoice.permission.AUTO_SEND in package com.google.android.googlequicksearchbox
07-22 20:48:12.979: W/PackageManager(588): Unknown permission com.android.chrome.PRERENDER_URL in package com.google.android.googlequicksearchbox
07-22 20:48:12.979: W/PackageManager(588): Not granting permission android.permission.STOP_APP_SWITCHES to package com.google.android.googlequicksearchbox (protectionLevel=18 flags=0xdbbec5)
07-22 20:48:12.979: W/PackageManager(588): Unknown permission com.google.android.launcher.permission.CONTENT_REDIRECT in package com.google.android.googlequicksearchbox
07-22 20:48:12.983: W/PackageManager(588): Not granting permission android.permission.SEND_DOWNLOAD_COMPLETED_INTENTS to package com.android.vending (protectionLevel=2 flags=0x8abec5)
07-22 20:48:12.983: W/PackageManager(588): Unknown permission android.permission.SEND_SMS_NO_CONFIRMATION in package com.android.vending
07-22 20:48:12.983: W/PackageManager(588): Not granting permission android.permission.FORCE_STOP_PACKAGES to package com.android.vending (protectionLevel=2 flags=0x8abec5)
07-22 20:48:12.983: W/PackageManager(588): Not granting permission android.permission.DELETE_PACKAGES to package com.svox.pico (protectionLevel=18 flags=0x88be45)
07-22 20:48:12.983: W/PackageManager(588): Not granting permission android.permission.DEVICE_POWER to package com.android.deskclock (protectionLevel=2 flags=0xc8be45)
07-22 20:48:12.983: W/PackageManager(588): Not granting permission android.permission.READ_DREAM_STATE to package com.google.android.gsf (protectionLevel=2 flags=0x40883e45)
07-22 20:48:13.007: D/dalvikvm(588): GC_FOR_ALLOC freed 1589K, 45% free 9400K/16956K, paused 7ms, total 7ms
07-22 20:48:13.011: I/ActivityManager(588): Killing 1906:com.google.android.gms:snet/u0a60 (adj 15): empty #17
07-22 20:48:13.011: I/ActivityManager(588): Force stopping com.myapp appid=10055 user=0: pkg removed
07-22 20:48:13.019: D/dalvikvm(781): GC_EXPLICIT freed 5028K, 43% free 7837K/13540K, paused 1ms+0ms, total 7ms
07-22 20:48:13.023: D/dalvikvm(1492): GC_EXPLICIT freed 323K, 11% free 3841K/4316K, paused 0ms+0ms, total 3ms
07-22 20:48:13.027: D/dalvikvm(646): GC_EXPLICIT freed 4908K, 72% free 6596K/23132K, paused 1ms+1ms, total 4ms
07-22 20:48:13.039: W/ContextImpl(1967): Calling a method in the system process without a qualified user: android.app.ContextImpl.startService:1487 android.content.ContextWrapper.startService:494 android.content.ContextWrapper.startService:494 com.android.keychain.KeyChainBroadcastReceiver.onReceive:12 android.app.ActivityThread.handleReceiver:2419
07-22 20:48:13.043: I/PackageManager(588): Action: "android.intent.action.SENDTO"
07-22 20:48:13.043: I/PackageManager(588): Category: "android.intent.category.DEFAULT"
07-22 20:48:13.043: I/PackageManager(588): Scheme: "sms"
07-22 20:48:13.043: I/PackageManager(588): Action: "android.intent.action.SENDTO"
07-22 20:48:13.043: I/PackageManager(588): Category: "android.intent.category.DEFAULT"
07-22 20:48:13.043: I/PackageManager(588): Scheme: "smsto"
07-22 20:48:13.043: I/PackageManager(588): Adding preferred activity ComponentInfo{com.android.mms/com.android.mms.ui.ComposeMessageActivity} for user 0 :
07-22 20:48:13.043: I/PackageManager(588): Adding preferred activity ComponentInfo{com.android.mms/com.android.mms.ui.ComposeMessageActivity} for user 0 :
07-22 20:48:13.047: I/PackageManager(588): Action: "android.intent.action.SENDTO"
07-22 20:48:13.047: I/PackageManager(588): Category: "android.intent.category.DEFAULT"
07-22 20:48:13.047: I/PackageManager(588): Scheme: "mms"
07-22 20:48:13.047: I/PackageManager(588): Adding preferred activity ComponentInfo{com.android.mms/com.android.mms.ui.ComposeMessageActivity} for user 0 :
07-22 20:48:13.055: I/InputReader(588): Reconfiguring input devices. changes=0x00000010
07-22 20:48:13.055: D/dalvikvm(764): GC_FOR_ALLOC freed 450K, 15% free 3303K/3872K, paused 2ms, total 6ms
07-22 20:48:13.055: I/PackageManager(588): Action: "android.intent.action.SENDTO"
07-22 20:48:13.055: I/PackageManager(588): Category: "android.intent.category.DEFAULT"
07-22 20:48:13.055: I/PackageManager(588): Scheme: "mmsto"
07-22 20:48:13.055: I/PackageManager(588): Adding preferred activity ComponentInfo{com.android.mms/com.android.mms.ui.ComposeMessageActivity} for user 0 :
07-22 20:48:13.059: D/BackupManagerService(588): Received broadcast Intent { act=android.intent.action.PACKAGE_REMOVED dat=package:com.myapp flg=0x4000010 (has extras) }
07-22 20:48:13.063: I/PackageManager(588): Action: "android.intent.action.SENDTO"
07-22 20:48:13.063: I/PackageManager(588): Category: "android.intent.category.DEFAULT"
07-22 20:48:13.063: I/PackageManager(588): Scheme: "sms"
07-22 20:48:13.063: I/PackageManager(588): Action: "android.intent.action.SENDTO"
07-22 20:48:13.063: I/PackageManager(588): Category: "android.intent.category.DEFAULT"
07-22 20:48:13.063: I/PackageManager(588): Scheme: "smsto"
07-22 20:48:13.063: I/PackageManager(588): Adding preferred activity ComponentInfo{com.android.mms/com.android.mms.ui.ComposeMessageActivity} for user 0 :
07-22 20:48:13.063: I/PackageManager(588): Adding preferred activity ComponentInfo{com.android.mms/com.android.mms.ui.ComposeMessageActivity} for user 0 :
07-22 20:48:13.067: I/PackageManager(588): Action: "android.intent.action.SENDTO"
07-22 20:48:13.067: I/PackageManager(588): Category: "android.intent.category.DEFAULT"
07-22 20:48:13.067: I/PackageManager(588): Scheme: "mms"
07-22 20:48:13.067: I/PackageManager(588): Adding preferred activity ComponentInfo{com.android.mms/com.android.mms.ui.ComposeMessageActivity} for user 0 :
07-22 20:48:13.071: I/PackageManager(588): Action: "android.intent.action.SENDTO"
07-22 20:48:13.071: I/PackageManager(588): Category: "android.intent.category.DEFAULT"
07-22 20:48:13.071: I/PackageManager(588): Scheme: "mmsto"
07-22 20:48:13.071: I/PackageManager(588): Adding preferred activity ComponentInfo{com.android.mms/com.android.mms.ui.ComposeMessageActivity} for user 0 :
07-22 20:48:13.083: W/ResourceType(588): Failure getting entry for 0x7f060000 (t=5 e=0) in package 0 (error -75)
07-22 20:48:13.083: I/InputReader(588): Reconfiguring input devices. changes=0x00000010
07-22 20:48:13.095: I/ActivityManager(588): Delay finish: com.google.android.partnersetup/.RlzPingBroadcastReceiver
07-22 20:48:13.095: D/BackupManagerService(588): Received broadcast Intent { act=android.intent.action.PACKAGE_ADDED dat=package:com.myapp flg=0x4000010 (has extras) }
07-22 20:48:13.095: V/BackupManagerService(588): removePackageParticipantsLocked: uid=10055 #1
07-22 20:48:13.099: V/BackupManagerService(588): addPackageParticipantsLocked: #1
07-22 20:48:13.103: I/InputReader(588): Reconfiguring input devices. changes=0x00000010
07-22 20:48:13.107: D/dalvikvm(764): GC_FOR_ALLOC freed 450K, 15% free 3298K/3872K, paused 2ms, total 30ms
07-22 20:48:13.111: D/PackageBroadcastService(1472): Received broadcast action=android.intent.action.PACKAGE_REMOVED and uri=com.myapp
07-22 20:48:13.115: I/ActivityManager(588): Resuming delayed broadcast
07-22 20:48:13.115: I/ActivityManager(588): Delay finish: com.google.android.partnersetup/.AppInstalledReceiver
07-22 20:48:13.115: I/ActivityManager(588): Resuming delayed broadcast
07-22 20:48:13.123: I/ActivityManager(588): Delay finish: com.google.android.gms/.app.receiver.SystemBroadcastReceiver
07-22 20:48:13.127: I/IcingCorporaProvider(1492): Updating corpora: APPS=com.myapp, CONTACTS=MAYBE
07-22 20:48:13.127: D/dalvikvm(781): GC_FOR_ALLOC freed 18K, 43% free 7829K/13540K, paused 18ms, total 18ms
07-22 20:48:13.127: I/dalvikvm-heap(781): Grow heap (frag case) to 11.699MB for 4194316-byte allocation
07-22 20:48:13.127: D/PackageBroadcastService(1472): Received broadcast action=android.intent.action.PACKAGE_ADDED and uri=com.myapp
07-22 20:48:13.131: D/dalvikvm(781): GC_FOR_ALLOC freed <1K, 12% free 11925K/13540K, paused 3ms, total 3ms
07-22 20:48:13.143: I/IcingCorporaProvider(1492): UpdateCorporaTask done [took 18 ms] updated apps [took 18 ms]
07-22 20:48:13.147: I/PackageManager(588): Action: "android.intent.action.SENDTO"
07-22 20:48:13.147: I/PackageManager(588): Category: "android.intent.category.DEFAULT"
07-22 20:48:13.147: I/PackageManager(588): Scheme: "sms"
07-22 20:48:13.147: I/PackageManager(588): Adding preferred activity ComponentInfo{com.android.mms/com.android.mms.ui.ComposeMessageActivity} for user 0 :
07-22 20:48:13.163: D/dalvikvm(588): GC_EXPLICIT freed 1548K, 45% free 9484K/16956K, paused 0ms+2ms, total 60ms
07-22 20:48:13.163: D/dalvikvm(588): WAIT_FOR_CONCURRENT_GC blocked 15ms
07-22 20:48:13.163: D/dalvikvm(588): WAIT_FOR_CONCURRENT_GC blocked 14ms
07-22 20:48:13.163: D/dalvikvm(588): WAIT_FOR_CONCURRENT_GC blocked 15ms
07-22 20:48:13.163: D/dalvikvm(588): WAIT_FOR_CONCURRENT_GC blocked 15ms
07-22 20:48:13.163: D/dalvikvm(588): WAIT_FOR_CONCURRENT_GC blocked 10ms
07-22 20:48:13.163: D/dalvikvm(588): WAIT_FOR_CONCURRENT_GC blocked 9ms
07-22 20:48:13.163: D/dalvikvm(588): WAIT_FOR_CONCURRENT_GC blocked 9ms
07-22 20:48:13.171: I/PeopleContactsSync(1472): CP2 sync disabled
07-22 20:48:13.171: I/ActivityManager(588): Resuming delayed broadcast
07-22 20:48:13.175: I/PackageManager(588): Action: "android.intent.action.SENDTO"
07-22 20:48:13.175: I/PackageManager(588): Category: "android.intent.category.DEFAULT"
07-22 20:48:13.175: I/PackageManager(588): Scheme: "smsto"
07-22 20:48:13.175: I/PackageManager(588): Adding preferred activity ComponentInfo{com.android.mms/com.android.mms.ui.ComposeMessageActivity} for user 0 :
07-22 20:48:13.179: D/PackageAddedReceiver(922): package added com.myapp
07-22 20:48:13.183: I/PackageManager(588): Action: "android.intent.action.SENDTO"
07-22 20:48:13.183: I/PackageManager(588): Category: "android.intent.category.DEFAULT"
07-22 20:48:13.183: I/PackageManager(588): Scheme: "mms"
07-22 20:48:13.183: I/PackageManager(588): Adding preferred activity ComponentInfo{com.android.mms/com.android.mms.ui.ComposeMessageActivity} for user 0 :
07-22 20:48:13.195: D/AndroidRuntime(2294): Shutting down VM
07-22 20:48:13.195: D/jdwp(2294): Got wake-up signal, bailing out of select
07-22 20:48:13.195: D/dalvikvm(2294): Debugger has detached; object registry had 1 entries
07-22 20:48:13.195: I/PackageManager(588): Action: "android.intent.action.SENDTO"
07-22 20:48:13.195: I/PackageManager(588): Category: "android.intent.category.DEFAULT"
07-22 20:48:13.195: I/PackageManager(588): Scheme: "mmsto"
07-22 20:48:13.195: I/PackageManager(588): Adding preferred activity ComponentInfo{com.android.mms/com.android.mms.ui.ComposeMessageActivity} for user 0 :
07-22 20:48:13.199: D/dalvikvm(764): GC_FOR_ALLOC freed 449K, 15% free 3306K/3872K, paused 1ms, total 1ms
07-22 20:48:13.207: I/PackageManager(588): Action: "android.intent.action.SENDTO"
07-22 20:48:13.207: I/PackageManager(588): Category: "android.intent.category.DEFAULT"
07-22 20:48:13.207: I/PackageManager(588): Scheme: "sms"
07-22 20:48:13.207: I/PackageManager(588): Adding preferred activity ComponentInfo{com.android.mms/com.android.mms.ui.ComposeMessageActivity} for user 0 :
07-22 20:48:13.211: I/PackageManager(588): Action: "android.intent.action.SENDTO"
07-22 20:48:13.211: I/PackageManager(588): Category: "android.intent.category.DEFAULT"
07-22 20:48:13.211: I/PackageManager(588): Scheme: "smsto"
07-22 20:48:13.211: I/PackageManager(588): Adding preferred activity ComponentInfo{com.android.mms/com.android.mms.ui.ComposeMessageActivity} for user 0 :
07-22 20:48:13.215: I/PackageManager(588): Action: "android.intent.action.SENDTO"
07-22 20:48:13.215: I/PackageManager(588): Category: "android.intent.category.DEFAULT"
07-22 20:48:13.215: I/PackageManager(588): Scheme: "mms"
07-22 20:48:13.215: I/PackageManager(588): Adding preferred activity ComponentInfo{com.android.mms/com.android.mms.ui.ComposeMessageActivity} for user 0 :
07-22 20:48:13.219: I/PackageManager(588): Action: "android.intent.action.SENDTO"
07-22 20:48:13.219: I/PackageManager(588): Category: "android.intent.category.DEFAULT"
07-22 20:48:13.219: I/PackageManager(588): Scheme: "mmsto"
07-22 20:48:13.219: I/PackageManager(588): Adding preferred activity ComponentInfo{com.android.mms/com.android.mms.ui.ComposeMessageActivity} for user 0 :
07-22 20:48:13.223: D/dalvikvm(764): GC_FOR_ALLOC freed 423K, 15% free 3300K/3872K, paused 2ms, total 2ms
07-22 20:48:13.223: I/PackageManager(588): Action: "android.intent.action.SENDTO"
07-22 20:48:13.223: I/PackageManager(588): Category: "android.intent.category.DEFAULT"
07-22 20:48:13.223: I/PackageManager(588): Scheme: "sms"
07-22 20:48:13.223: I/PackageManager(588): Adding preferred activity ComponentInfo{com.android.mms/com.android.mms.ui.ComposeMessageActivity} for user 0 :
07-22 20:48:13.227: I/PackageManager(588): Action: "android.intent.action.SENDTO"
07-22 20:48:13.227: I/PackageManager(588): Category: "android.intent.category.DEFAULT"
07-22 20:48:13.227: I/PackageManager(588): Scheme: "smsto"
07-22 20:48:13.227: I/PackageManager(588): Adding preferred activity ComponentInfo{com.android.mms/com.android.mms.ui.ComposeMessageActivity} for user 0 :
07-22 20:48:13.231: I/PackageManager(588): Action: "android.intent.action.SENDTO"
07-22 20:48:13.231: I/PackageManager(588): Category: "android.intent.category.DEFAULT"
07-22 20:48:13.231: I/PackageManager(588): Scheme: "mms"
07-22 20:48:13.231: I/PackageManager(588): Adding preferred activity ComponentInfo{com.android.mms/com.android.mms.ui.ComposeMessageActivity} for user 0 :
07-22 20:48:13.235: I/PackageManager(588): Action: "android.intent.action.SENDTO"
07-22 20:48:13.235: I/PackageManager(588): Category: "android.intent.category.DEFAULT"
07-22 20:48:13.235: I/PackageManager(588): Scheme: "mmsto"
07-22 20:48:13.235: I/PackageManager(588): Adding preferred activity ComponentInfo{com.android.mms/com.android.mms.ui.ComposeMessageActivity} for user 0 :
07-22 20:48:13.239: D/PackageBroadcastService(1472): Received broadcast action=android.intent.action.PACKAGE_REPLACED and uri=com.myapp
07-22 20:48:13.239: I/PackageManager(588): Action: "android.intent.action.SENDTO"
07-22 20:48:13.239: I/PackageManager(588): Category: "android.intent.category.DEFAULT"
07-22 20:48:13.239: I/PackageManager(588): Scheme: "sms"
07-22 20:48:13.239: I/PackageManager(588): Adding preferred activity ComponentInfo{com.android.mms/com.android.mms.ui.ComposeMessageActivity} for user 0 :
07-22 20:48:13.247: I/ActivityManager(588): Start proc com.myapp for broadcast com.myapp/com.appcelerator.cloudpush.PushBroadcastReceiver: pid=2336 uid=10055 gids={50055, 3003, 1028, 1015}
07-22 20:48:13.251: D/dalvikvm(764): GC_FOR_ALLOC freed 465K, 15% free 3302K/3872K, paused 2ms, total 4ms
07-22 20:48:13.251: I/PackageManager(588): Action: "android.intent.action.SENDTO"
07-22 20:48:13.251: I/PackageManager(588): Category: "android.intent.category.DEFAULT"
07-22 20:48:13.251: I/PackageManager(588): Scheme: "smsto"
07-22 20:48:13.251: I/PackageManager(588): Adding preferred activity ComponentInfo{com.android.mms/com.android.mms.ui.ComposeMessageActivity} for user 0 :
07-22 20:48:13.263: D/dalvikvm(588): GC_FOR_ALLOC freed 2507K, 50% free 8619K/16956K, paused 12ms, total 12ms
07-22 20:48:13.267: I/PeopleContactsSync(1472): CP2 sync disabled
07-22 20:48:13.271: I/PackageManager(588): Action: "android.intent.action.SENDTO"
07-22 20:48:13.271: I/PackageManager(588): Category: "android.intent.category.DEFAULT"
07-22 20:48:13.271: I/PackageManager(588): Scheme: "mms"
07-22 20:48:13.271: I/PackageManager(588): Adding preferred activity ComponentInfo{com.android.mms/com.android.mms.ui.ComposeMessageActivity} for user 0 :
07-22 20:48:13.279: I/PackageManager(588): Action: "android.intent.action.SENDTO"
07-22 20:48:13.279: I/PackageManager(588): Category: "android.intent.category.DEFAULT"
07-22 20:48:13.279: I/PackageManager(588): Scheme: "mmsto"
07-22 20:48:13.279: I/PackageManager(588): Adding preferred activity ComponentInfo{com.android.mms/com.android.mms.ui.ComposeMessageActivity} for user 0 :
07-22 20:48:13.283: I/TiApplication(2336): (main) [0,0] checkpoint, app created.
07-22 20:48:13.291: D/dalvikvm(2336): GC_FOR_ALLOC freed 172K, 7% free 3234K/3460K, paused 2ms, total 2ms
07-22 20:48:13.295: D/dalvikvm(2336): GC_FOR_ALLOC freed 326K, 12% free 3330K/3780K, paused 1ms, total 1ms
07-22 20:48:13.299: D/dalvikvm(2336): GC_FOR_ALLOC freed 255K, 13% free 3410K/3876K, paused 1ms, total 1ms
07-22 20:48:13.307: D/dalvikvm(2336): GC_FOR_ALLOC freed 293K, 9% free 3629K/3976K, paused 2ms, total 2ms
07-22 20:48:13.327: D/dalvikvm(2336): GC_FOR_ALLOC freed 332K, 10% free 3810K/4196K, paused 2ms, total 2ms
07-22 20:48:13.335: I/TiApplication(2336): (main) [53,53] Titanium 3.3.0 (2014/07/11 12:36 787cd39)
07-22 20:48:13.351: D/dalvikvm(2336): GC_FOR_ALLOC freed 349K, 10% free 3957K/4364K, paused 7ms, total 7ms
07-22 20:48:13.351: I/TiApplication(2336): (main) [16,69] Titanium Javascript runtime: v8
07-22 20:48:13.355: D/dalvikvm(2336): Trying to load lib /data/app-lib/com.myapp-2/libstlport_shared.so 0xa5018610
07-22 20:48:13.355: D/dalvikvm(2336): Added shared lib /data/app-lib/com.myapp-2/libstlport_shared.so 0xa5018610
07-22 20:48:13.355: D/dalvikvm(2336): No JNI_OnLoad found in /data/app-lib/com.myapp-2/libstlport_shared.so 0xa5018610, skipping init
07-22 20:48:13.355: D/dalvikvm(2336): Trying to load lib /data/app-lib/com.myapp-2/libkroll-v8.so 0xa5018610
07-22 20:48:13.355: D/dalvikvm(2336): Added shared lib /data/app-lib/com.myapp-2/libkroll-v8.so 0xa5018610
07-22 20:48:13.363: D/AndroidRuntime(2336): Shutting down VM
07-22 20:48:13.363: W/dalvikvm(2336): threadid=1: thread exiting with uncaught exception (group=0xa4d3ab20)
07-22 20:48:13.363: E/AndroidRuntime(2336): FATAL EXCEPTION: main
07-22 20:48:13.363: E/AndroidRuntime(2336): Process: com.myapp, PID: 2336
07-22 20:48:13.363: E/AndroidRuntime(2336): java.lang.RuntimeException: Unable to start receiver com.appcelerator.cloudpush.PushBroadcastReceiver: java.lang.NullPointerException: PushType is NONE!
07-22 20:48:13.363: E/AndroidRuntime(2336): at android.app.ActivityThread.handleReceiver(ActivityThread.java:2426)
07-22 20:48:13.363: E/AndroidRuntime(2336): at android.app.ActivityThread.access$1700(ActivityThread.java:135)
07-22 20:48:13.363: E/AndroidRuntime(2336): at android.app.ActivityThread$H.handleMessage(ActivityThread.java:1272)
07-22 20:48:13.363: E/AndroidRuntime(2336): at android.os.Handler.dispatchMessage(Handler.java:102)
07-22 20:48:13.363: E/AndroidRuntime(2336): at android.os.Looper.loop(Looper.java:136)
07-22 20:48:13.363: E/AndroidRuntime(2336): at android.app.ActivityThread.main(ActivityThread.java:5017)
07-22 20:48:13.363: E/AndroidRuntime(2336): at java.lang.reflect.Method.invokeNative(Native Method)
07-22 20:48:13.363: E/AndroidRuntime(2336): at java.lang.reflect.Method.invoke(Method.java:515)
07-22 20:48:13.363: E/AndroidRuntime(2336): at com.android.internal.os.ZygoteInit$MethodAndArgsCaller.run(ZygoteInit.java:779)
07-22 20:48:13.363: E/AndroidRuntime(2336): at com.android.internal.os.ZygoteInit.main(ZygoteInit.java:595)
07-22 20:48:13.363: E/AndroidRuntime(2336): at dalvik.system.NativeStart.main(Native Method)
07-22 20:48:13.363: E/AndroidRuntime(2336): Caused by: java.lang.NullPointerException: PushType is NONE!
07-22 20:48:13.363: E/AndroidRuntime(2336): at com.appcelerator.cloudpush.CCPushService.ifEnabled(CCPushService.java:240)
07-22 20:48:13.363: E/AndroidRuntime(2336): at com.appcelerator.cloudpush.PushBroadcastReceiver.onReceive(PushBroadcastReceiver.java:59)
07-22 20:48:13.363: E/AndroidRuntime(2336): at android.app.ActivityThread.handleReceiver(ActivityThread.java:2419)
07-22 20:48:13.363: E/AndroidRuntime(2336): ... 10 more
07-22 20:48:13.363: I/ActivityManager(588): Killing 1453:com.google.android.gm/u0a58 (adj 15): empty #17
07-22 20:48:13.375: D/dalvikvm(588): GC_FOR_ALLOC freed 542K, 49% free 8742K/16956K, paused 8ms, total 10ms
07-22 20:48:13.403: W/V8Object(2336): Runtime disposed, cannot set property 'userAgent'
07-22 20:48:13.415: D/dalvikvm(2336): Trying to load lib /data/app-lib/com.myapp-2/libti.cloudpush.so 0xa5018610
07-22 20:48:13.415: D/dalvikvm(2336): Added shared lib /data/app-lib/com.myapp-2/libti.cloudpush.so 0xa5018610
07-22 20:48:13.415: D/dalvikvm(2336): No JNI_OnLoad found in /data/app-lib/com.myapp-2/libti.cloudpush.so 0xa5018610, skipping init
07-22 20:48:13.415: D/dalvikvm(2336): Trying to load lib /data/app-lib/com.myapp-2/libru.falkolab.mobile.ti.ui.drawerlayout.so 0xa5018610
07-22 20:48:13.415: D/dalvikvm(2336): Added shared lib /data/app-lib/com.myapp-2/libru.falkolab.mobile.ti.ui.drawerlayout.so 0xa5018610
07-22 20:48:13.415: D/dalvikvm(2336): No JNI_OnLoad found in /data/app-lib/com.myapp-2/libru.falkolab.mobile.ti.ui.drawerlayout.so 0xa5018610, skipping init
07-22 20:48:13.479: D/AndroidRuntime(2360): >>>>>> AndroidRuntime START com.android.internal.os.RuntimeInit <<<<<<
07-22 20:48:13.479: W/linker(2360): libdvm.so has text relocations. This is wasting memory and is a security risk. Please fix.
07-22 20:48:13.479: D/AndroidRuntime(2360): CheckJNI is OFF
07-22 20:48:13.499: D/dalvikvm(2360): Trying to load lib libjavacore.so 0x0
07-22 20:48:13.503: D/dalvikvm(2360): Added shared lib libjavacore.so 0x0
07-22 20:48:13.507: D/dalvikvm(2360): Trying to load lib libnativehelper.so 0x0
07-22 20:48:13.507: D/dalvikvm(2360): Added shared lib libnativehelper.so 0x0
07-22 20:48:13.507: D/dalvikvm(2360): No JNI_OnLoad found in libnativehelper.so 0x0, skipping init
07-22 20:48:13.543: D/dalvikvm(2360): Note: class Landroid/app/ActivityManagerNative; has 179 unimplemented (abstract) methods
07-22 20:48:13.595: E/memtrack(2360): Couldn't load memtrack module (No such file or directory)
07-22 20:48:13.599: E/android.os.Debug(2360): failed to load memtrack module: -2
07-22 20:48:13.623: D/AndroidRuntime(2360): Calling main entry com.android.commands.am.Am
07-22 20:48:13.635: I/ActivityManager(588): START u0 {flg=0x10000000 cmp=com.myapp/._myappActivity} from pid 2360
07-22 20:48:13.799: D/dalvikvm(588): GC_FOR_ALLOC freed 71K, 42% free 9900K/16956K, paused 10ms, total 10ms
07-22 20:48:13.807: D/AndroidRuntime(2360): Shutting down VM
07-22 20:48:13.807: D/jdwp(2360): Got wake-up signal, bailing out of select
07-22 20:48:13.807: D/dalvikvm(2360): Debugger has detached; object registry had 1 entries
07-22 20:48:21.155: I/Process(2336): Sending signal. PID: 2336 SIG: 9
07-22 20:48:21.159: W/audio_hw_primary(189): out_write() limiting sleep time 69659 to 23219
07-22 20:48:21.159: I/ActivityManager(588): Process com.myapp (pid 2336) has died.
07-22 20:48:21.171: I/ActivityManager(588): Start proc com.myapp for activity com.myapp/._myappActivity: pid=2383 uid=10055 gids={50055, 3003, 1028, 1015}
07-22 20:48:21.175: I/TiApplication(2383): (main) [0,0] checkpoint, app created.
07-22 20:48:21.175: E/jdwp(2383): Failed sending reply to debugger: Broken pipe
07-22 20:48:21.175: D/dalvikvm(2383): Debugger has detached; object registry had 1 entries
07-22 20:48:21.183: D/dalvikvm(2383): GC_CONCURRENT freed 137K, 6% free 3142K/3336K, paused 1ms+0ms, total 3ms
07-22 20:48:21.183: W/audio_hw_primary(189): out_write() limiting sleep time 46439 to 23219
07-22 20:48:21.191: D/dalvikvm(2383): GC_CONCURRENT freed 160K, 7% free 3439K/3672K, paused 2ms+0ms, total 3ms
07-22 20:48:21.195: D/dalvikvm(2383): GC_CONCURRENT freed 436K, 15% free 3400K/3992K, paused 2ms+0ms, total 3ms
07-22 20:48:21.203: D/dalvikvm(2383): GC_CONCURRENT freed 268K, 12% free 3516K/3992K, paused 1ms+1ms, total 5ms
07-22 20:48:21.207: W/audio_hw_primary(189): out_write() limiting sleep time 34829 to 23219
07-22 20:48:21.211: D/dalvikvm(2383): GC_CONCURRENT freed 167K, 7% free 3735K/3992K, paused 2ms+0ms, total 3ms
07-22 20:48:21.227: D/dalvikvm(2383): GC_CONCURRENT freed 242K, 8% free 3880K/4180K, paused 1ms+0ms, total 3ms
07-22 20:48:21.231: I/TiApplication(2383): (main) [57,57] Titanium 3.3.0 (2014/07/11 12:36 787cd39)
07-22 20:48:21.239: D/dalvikvm(2383): GC_CONCURRENT freed 316K, 9% free 3957K/4328K, paused 0ms+0ms, total 4ms
07-22 20:48:21.239: I/TiApplication(2383): (main) [8,65] Titanium Javascript runtime: v8
07-22 20:48:21.243: D/dalvikvm(2383): Trying to load lib /data/app-lib/com.myapp-2/libstlport_shared.so 0xa5018bd0
07-22 20:48:21.243: D/dalvikvm(2383): Added shared lib /data/app-lib/com.myapp-2/libstlport_shared.so 0xa5018bd0
07-22 20:48:21.243: D/dalvikvm(2383): No JNI_OnLoad found in /data/app-lib/com.myapp-2/libstlport_shared.so 0xa5018bd0, skipping init
07-22 20:48:21.243: D/dalvikvm(2383): Trying to load lib /data/app-lib/com.myapp-2/libkroll-v8.so 0xa5018bd0
07-22 20:48:21.243: D/dalvikvm(2383): Added shared lib /data/app-lib/com.myapp-2/libkroll-v8.so 0xa5018bd0
07-22 20:48:21.251: I/TiRootActivity(2383): (main) [0,0] checkpoint, on root activity create, savedInstanceState: null
07-22 20:48:21.251: I/TiApplication(2383): (main) [0,0] Analytics have been disabled
07-22 20:48:21.271: W/V8Object(2383): Runtime disposed, cannot set property 'userAgent'
07-22 20:48:21.279: D/dalvikvm(2383): Trying to load lib /data/app-lib/com.myapp-2/libti.cloudpush.so 0xa5018bd0
07-22 20:48:21.279: D/dalvikvm(2383): Added shared lib /data/app-lib/com.myapp-2/libti.cloudpush.so 0xa5018bd0
07-22 20:48:21.279: D/dalvikvm(2383): No JNI_OnLoad found in /data/app-lib/com.myapp-2/libti.cloudpush.so 0xa5018bd0, skipping init
07-22 20:48:21.279: D/dalvikvm(2383): Trying to load lib /data/app-lib/com.myapp-2/libru.falkolab.mobile.ti.ui.drawerlayout.so 0xa5018bd0
07-22 20:48:21.279: D/dalvikvm(2383): Added shared lib /data/app-lib/com.myapp-2/libru.falkolab.mobile.ti.ui.drawerlayout.so 0xa5018bd0
07-22 20:48:21.279: D/dalvikvm(2383): No JNI_OnLoad found in /data/app-lib/com.myapp-2/libru.falkolab.mobile.ti.ui.drawerlayout.so 0xa5018bd0, skipping init
07-22 20:48:21.295: D/dalvikvm(2383): GC_CONCURRENT freed 186K, 7% free 4177K/4472K, paused 1ms+1ms, total 8ms
07-22 20:48:21.303: D/dalvikvm(2383): GC_FOR_ALLOC freed 10K, 7% free 4374K/4672K, paused 7ms, total 7ms
07-22 20:48:21.303: I/dalvikvm-heap(2383): Grow heap (frag case) to 4.909MB for 614412-byte allocation
07-22 20:48:21.307: D/dalvikvm(2383): GC_FOR_ALLOC freed <1K, 6% free 4974K/5276K, paused 3ms, total 3ms
07-22 20:48:21.311: D/dalvikvm(2383): GC_CONCURRENT freed 4K, 6% free 4970K/5276K, paused 0ms+0ms, total 6ms
07-22 20:48:21.319: D/dalvikvm(2383): Trying to load lib /data/app-lib/com.myapp-2/libtiverify.so 0xa5018bd0
07-22 20:48:21.319: D/dalvikvm(2383): Added shared lib /data/app-lib/com.myapp-2/libtiverify.so 0xa5018bd0
07-22 20:48:21.319: I/TiRootActivity(2383): (main) [0,0] checkpoint, on root activity resume. activity = com.myapp._myappActivity@52881824
07-22 20:48:21.371: D/(2383): HostConnection::get() New Host Connection established 0xb79e9628, tid 2383
07-22 20:48:21.415: I/ActivityManager(588): Displayed com.myapp/._myappActivity: +7s612ms
07-22 20:48:28.135: D/Finsky(1588): [1] 5.onFinished: Installation state replication succeeded.