I/DEBUG ( 31): debuggerd: May 4 2011 16:18:10
D/qemud ( 38): entering main loop
I/Netd ( 30): Netd 1.0 starting
I/Vold ( 29): Vold 2.1 (the revenge) firing up
D/Vold ( 29): USB mass storage support is not enabled in the kernel
D/Vold ( 29): usb_configuration switch is not enabled in the kernel
D/Vold ( 29): Volume sdcard state changing -1 (Initializing) -> 0 (No-Media)
D/Vold ( 29): Volume sdcard state changing 0 (No-Media) -> 1 (Idle-Unmounted)
D/qemud ( 38): fdhandler_accept_event: accepting on fd 9
D/qemud ( 38): created client 0xe078 listening on fd 10
D/qemud ( 38): client_fd_receive: attempting registration for service 'boot-properties'
D/qemud ( 38): client_fd_receive: -> received channel id 1
D/qemud ( 38): client_registration: registration succeeded for client 1
I/qemu-props( 53): connected to 'boot-properties' qemud service.
I/qemu-props( 53): receiving..
I/qemu-props( 53): received: dalvik.vm.heapsize=24m
I/qemu-props( 53): receiving..
I/qemu-props( 53): received: qemu.sf.lcd_density=240
I/qemu-props( 53): receiving..
I/qemu-props( 53): received: qemu.hw.mainkeys=1
I/qemu-props( 53): receiving..
I/qemu-props( 53): received: qemu.sf.fake_camera=back
I/qemu-props( 53): receiving..
D/qemud ( 38): fdhandler_event: disconnect on fd 10
I/qemu-props( 53): exiting (4 properties set).
D/AndroidRuntime( 33):
D/AndroidRuntime( 33): >>>>>> AndroidRuntime START com.android.internal.os.ZygoteInit <<<<<<
D/AndroidRuntime( 33): CheckJNI is ON
D/qemud ( 38): fdhandler_accept_event: accepting on fd 9
D/qemud ( 38): created client 0xe078 listening on fd 10
D/qemud ( 38): fdhandler_event: disconnect on fd 10
D/qemud ( 38): fdhandler_accept_event: accepting on fd 9
D/qemud ( 38): created client 0xe078 listening on fd 10
D/qemud ( 38): client_fd_receive: attempting registration for service 'gsm'
D/qemud ( 38): client_fd_receive: -> received channel id 2
D/qemud ( 38): client_registration: registration succeeded for client 2
I/ ( 34): ServiceManager: 0xad50
D/AudioHardwareInterface( 34): setMode(NORMAL)
I/CameraService( 34): CameraService started (pid=34)
I/AudioFlinger( 34): AudioFlinger's thread 0xc658 ready to run
I/SamplingProfilerIntegration( 33): Profiler is disabled.
I/Zygote ( 33): Preloading classes...
E/Zygote ( 33): setreuid() failed. errno: 2
D/dalvikvm( 33): GC_EXPLICIT freed 47K, 78% free 234K/1024K, external 0K/0K, paused 7ms
D/dalvikvm( 33): GC_EXPLICIT freed 1K, 73% free 284K/1024K, external 0K/0K, paused 5ms
D/dalvikvm( 33): GC_EXPLICIT freed 20K, 69% free 318K/1024K, external 0K/0K, paused 4ms
D/dalvikvm( 33): GC_EXPLICIT freed 17K, 66% free 355K/1024K, external 0K/0K, paused 6ms
D/dalvikvm( 33): GC_EXPLICIT freed 26K, 63% free 383K/1024K, external 0K/0K, paused 5ms
D/dalvikvm( 33): GC_EXPLICIT freed 21K, 57% free 442K/1024K, external 0K/0K, paused 6ms
W/MediaProfiles( 33): could not find media config xml file
D/dalvikvm( 33): GC_EXPLICIT freed 99K, 47% free 548K/1024K, external 0K/0K, paused 7ms
D/dalvikvm( 33): GC_EXPLICIT freed 272K, 28% free 885K/1219K, external 0K/0K, paused 17ms
D/dalvikvm( 33): GC_EXPLICIT freed 21K, 24% free 933K/1219K, external 0K/0K, paused 11ms
D/RenderScript_jni( 33): RenderScript JNI library not found!
D/dalvikvm( 33): GC_EXPLICIT freed 25K, 19% free 999K/1219K, external 0K/0K, paused 15ms
D/dalvikvm( 33): GC_EXPLICIT freed 47K, 5% free 1282K/1347K, external 0K/0K, paused 19ms
D/dalvikvm( 33): GC_EXPLICIT freed 24K, 3% free 1312K/1347K, external 0K/0K, paused 24ms
D/dalvikvm( 33): GC_EXPLICIT freed 28K, 6% free 1337K/1411K, external 0K/0K, paused 20ms
D/dalvikvm( 33): GC_EXPLICIT freed 14K, 3% free 1378K/1411K, external 0K/0K, paused 24ms
W/Zygote ( 33): Class not found for preloading: android.widget.TextView$SelectionModifierCursorController$1
D/dalvikvm( 33): GC_EXPLICIT freed 28K, 5% free 1403K/1475K, external 0K/0K, paused 20ms
D/dalvikvm( 33): GC_EXPLICIT freed 31K, 3% free 1442K/1475K, external 0K/0K, paused 24ms
D/dalvikvm( 33): GC_EXPLICIT freed 38K, 6% free 1459K/1539K, external 0K/0K, paused 22ms
D/dalvikvm( 33): GC_EXPLICIT freed 41K, 5% free 1474K/1539K, external 0K/0K, paused 28ms
D/dalvikvm( 33): GC_EXPLICIT freed 55K, 8% free 1487K/1603K, external 0K/0K, paused 20ms
D/dalvikvm( 33): GC_FOR_MALLOC freed 2885K, 57% free 2238K/5123K, external 0K/0K, paused 86ms
D/dalvikvm( 33): GC_EXPLICIT freed 2445K, 52% free 2491K/5123K, external 0K/0K, paused 69ms
D/dalvikvm( 33): GC_EXPLICIT freed 148K, 51% free 2555K/5123K, external 0K/0K, paused 48ms
D/dalvikvm( 33): GC_EXPLICIT freed 73K, 50% free 2580K/5123K, external 0K/0K, paused 40ms
D/dalvikvm( 33): GC_EXPLICIT freed 36K, 50% free 2598K/5123K, external 0K/0K, paused 47ms
D/dalvikvm( 33): GC_EXPLICIT freed 31K, 49% free 2621K/5123K, external 0K/0K, paused 39ms
D/dalvikvm( 33): GC_EXPLICIT freed 38K, 49% free 2644K/5123K, external 0K/0K, paused 48ms
I/Zygote ( 33): ...preloaded 1829 classes in 9946ms.
E/Zygote ( 33): setreuid() failed. errno: 17
D/dalvikvm( 33): GC_EXPLICIT freed 19K, 49% free 2641K/5123K, external 0K/0K, paused 39ms
I/Zygote ( 33): Preloading resources...
D/dalvikvm( 33): GC_EXTERNAL_ALLOC freed <1K, 49% free 2643K/5123K, external 0K/0K, paused 46ms
W/Zygote ( 33): Preloaded drawable resource #0x1080093 (res/drawable-hdpi/sym_def_app_icon.png) that varies with configuration!!
W/Zygote ( 33): Preloaded drawable resource #0x1080002 (res/drawable-hdpi/arrow_down_float.png) that varies with configuration!!
W/Zygote ( 33): Preloaded drawable resource #0x10800b4 (res/drawable/btn_check.xml) that varies with configuration!!
W/Zygote ( 33): Preloaded drawable resource #0x10800b7 (res/drawable-hdpi/btn_check_label_background.9.png) that varies with configuration!!
W/Zygote ( 33): Preloaded drawable resource #0x10800b8 (res/drawable-hdpi/btn_check_off.png) that varies with configuration!!
W/Zygote ( 33): Preloaded drawable resource #0x10800bd (res/drawable-hdpi/btn_check_on.png) that varies with configuration!!
W/Zygote ( 33): Preloaded drawable resource #0x1080004 (res/drawable/btn_default.xml) that varies with configuration!!
W/Zygote ( 33): Preloaded drawable resource #0x1080005 (res/drawable/btn_default_small.xml) that varies with configuration!!
W/Zygote ( 33): Preloaded drawable resource #0x1080006 (res/drawable/btn_dropdown.xml) that varies with configuration!!
D/dalvikvm( 33): GC_EXTERNAL_ALLOC freed 15K, 48% free 2665K/5123K, external 508K/532K, paused 40ms
W/Zygote ( 33): Preloaded drawable resource #0x1080008 (res/drawable/btn_plus.xml) that varies with configuration!!
W/Zygote ( 33): Preloaded drawable resource #0x1080007 (res/drawable/btn_minus.xml) that varies with configuration!!
W/Zygote ( 33): Preloaded drawable resource #0x1080009 (res/drawable/btn_radio.xml) that varies with configuration!!
W/Zygote ( 33): Preloaded drawable resource #0x108000a (res/drawable/btn_star.xml) that varies with configuration!!
D/dalvikvm( 33): GC_EXPLICIT freed 9K, 48% free 2680K/5123K, external 927K/1049K, paused 58ms
W/Zygote ( 33): Preloaded drawable resource #0x1080132 (res/drawable/btn_toggle.xml) that varies with configuration!!
W/Zygote ( 33): Preloaded drawable resource #0x1080196 (res/drawable-hdpi/ic_emergency.png) that varies with configuration!!
W/Zygote ( 33): Preloaded drawable resource #0x1080012 (res/drawable-hdpi/divider_horizontal_bright.9.png) that varies with configuration!!
W/Zygote ( 33): Preloaded drawable resource #0x1080014 (res/drawable-hdpi/divider_horizontal_dark.9.png) that varies with configuration!!
W/Zygote ( 33): Preloaded drawable resource #0x1080016 (res/drawable/edit_text.xml) that varies with configuration!!
W/Zygote ( 33): Preloaded drawable resource #0x1080170 (res/drawable/expander_group.xml) that varies with configuration!!
D/dalvikvm( 33): GC_EXTERNAL_ALLOC freed 10K, 48% free 2688K/5123K, external 1032K/1049K, paused 40ms
W/Zygote ( 33): Preloaded drawable resource #0x1080062 (res/drawable/list_selector_background.xml) that varies with configuration!!
W/Zygote ( 33): Preloaded drawable resource #0x108022a (res/drawable-hdpi/menu_background.9.png) that varies with configuration!!
W/Zygote ( 33): Preloaded drawable resource #0x108022b (res/drawable-hdpi/menu_background_fill_parent_width.9.png) that varies with configuration!!
W/Zygote ( 33): Preloaded drawable resource #0x108022c (res/drawable/menu_selector.xml) that varies with configuration!!
W/Zygote ( 33): Preloaded drawable resource #0x108023a (res/drawable-hdpi/panel_background.9.png) that varies with configuration!!
W/Zygote ( 33): Preloaded drawable resource #0x1080242 (res/drawable-hdpi/popup_bottom_bright.9.png) that varies with configuration!!
W/Zygote ( 33): Preloaded drawable resource #0x1080243 (res/drawable-hdpi/popup_bottom_dark.9.png) that varies with configuration!!
W/Zygote ( 33): Preloaded drawable resource #0x1080244 (res/drawable-hdpi/popup_bottom_medium.9.png) that varies with configuration!!
W/Zygote ( 33): Preloaded drawable resource #0x1080245 (res/drawable-hdpi/popup_center_bright.9.png) that varies with configuration!!
W/Zygote ( 33): Preloaded drawable resource #0x1080246 (res/drawable-hdpi/popup_center_dark.9.png) that varies with configuration!!
W/Zygote ( 33): Preloaded drawable resource #0x1080249 (res/drawable-hdpi/popup_full_dark.9.png) that varies with configuration!!
W/Zygote ( 33): Preloaded drawable resource #0x108024c (res/drawable-hdpi/popup_top_bright.9.png) that varies with configuration!!
W/Zygote ( 33): Preloaded drawable resource #0x108024d (res/drawable-hdpi/popup_top_dark.9.png) that varies with configuration!!
W/Zygote ( 33): Preloaded drawable resource #0x108006d (res/drawable/progress_indeterminate_horizontal.xml) that varies with configuration!!
W/Zygote ( 33): Preloaded drawable resource #0x1080253 (res/drawable/progress_small.xml) that varies with configuration!!
W/Zygote ( 33): Preloaded drawable resource #0x1080254 (res/drawable/progress_small_titlebar.xml) that varies with configuration!!
W/Zygote ( 33): Preloaded drawable resource #0x1080274 (res/drawable-hdpi/scrollbar_handle_horizontal.9.png) that varies with configuration!!
W/Zygote ( 33): Preloaded drawable resource #0x1080275 (res/drawable-hdpi/scrollbar_handle_vertical.9.png) that varies with configuration!!
D/dalvikvm( 33): GC_EXPLICIT freed 20K, 48% free 2706K/5123K, external 1327K/1566K, paused 55ms
W/Zygote ( 33): Preloaded drawable resource #0x1080071 (res/drawable/spinner_dropdown_background.xml) that varies with configuration!!
W/Zygote ( 33): Preloaded drawable resource #0x1080316 (res/drawable-hdpi/text_select_handle_left.png) that varies with configuration!!
W/Zygote ( 33): Preloaded drawable resource #0x1080317 (res/drawable-hdpi/text_select_handle_middle.png) that varies with configuration!!
W/Zygote ( 33): Preloaded drawable resource #0x1080318 (res/drawable-hdpi/text_select_handle_right.png) that varies with configuration!!
W/Zygote ( 33): Preloaded drawable resource #0x1080339 (res/drawable-hdpi/title_bar_shadow.9.png) that varies with configuration!!
W/Zygote ( 33): Preloaded drawable resource #0x10801d8 (res/drawable-hdpi/indicator_code_lock_drag_direction_green_up.png) that varies with configuration!!
W/Zygote ( 33): Preloaded drawable resource #0x10801d9 (res/drawable-hdpi/indicator_code_lock_drag_direction_red_up.png) that varies with configuration!!
W/Zygote ( 33): Preloaded drawable resource #0x10801da (res/drawable-hdpi/indicator_code_lock_point_area_default.png) that varies with configuration!!
W/Zygote ( 33): Preloaded drawable resource #0x10801db (res/drawable-hdpi/indicator_code_lock_point_area_green.png) that varies with configuration!!
D/dalvikvm( 33): GC_EXTERNAL_ALLOC freed 15K, 48% free 2707K/5123K, external 1561K/1566K, paused 42ms
W/Zygote ( 33): Preloaded drawable resource #0x10801dc (res/drawable-hdpi/indicator_code_lock_point_area_red.png) that varies with configuration!!
I/Zygote ( 33): ...preloaded 51 resources in 1100ms.
I/Zygote ( 33): ...preloaded 15 resources in 18ms.
D/dalvikvm( 33): GC_EXPLICIT freed 8K, 48% free 2713K/5123K, external 1625K/2137K, paused 48ms
D/dalvikvm( 33): GC_EXPLICIT freed 5K, 48% free 2708K/5123K, external 1625K/2137K, paused 42ms
D/dalvikvm( 33): GC_EXPLICIT freed <1K, 48% free 2707K/5123K, external 1625K/2137K, paused 47ms
I/dalvikvm( 33): System server process 62 has been created
I/Zygote ( 33): Accepting command socket connections
E/BatteryService( 62): usbOnlinePath not found
E/BatteryService( 62): batteryVoltagePath not found
E/BatteryService( 62): batteryTemperaturePath not found
I/sysproc ( 62): Entered system_init()
I/sysproc ( 62): ServiceManager: 0x8c668
I/SurfaceFlinger( 62): SurfaceFlinger is starting
I/SurfaceFlinger( 62): SurfaceFlinger's main thread ready to run. Initializing graphics H/W...
E/SurfaceFlinger( 62): Couldn't open /sys/power/wait_for_fb_sleep or /sys/power/wait_for_fb_wake
I/gralloc ( 62): using (fd=26)
I/gralloc ( 62): id =
I/gralloc ( 62): xres = 480 px
I/gralloc ( 62): yres = 800 px
I/gralloc ( 62): xres_virtual = 480 px
I/gralloc ( 62): yres_virtual = 1600 px
I/gralloc ( 62): bpp = 16
I/gralloc ( 62): r = 11:5
I/gralloc ( 62): g = 5:6
I/gralloc ( 62): b = 0:5
I/gralloc ( 62): width = 74 mm (164.756760 dpi)
I/gralloc ( 62): height = 123 mm (165.203247 dpi)
I/gralloc ( 62): refresh rate = 60.00 Hz
D/libEGL ( 62): egl.cfg not found, using default config
D/libEGL ( 62): loaded /system/lib/egl/libGLES_android.so
I/SurfaceFlinger( 62): EGL informations:
I/SurfaceFlinger( 62): # of configs : 8
I/SurfaceFlinger( 62): vendor : Android
I/SurfaceFlinger( 62): version : 1.4 Android META-EGL
I/SurfaceFlinger( 62): extensions: EGL_KHR_image EGL_KHR_image_base EGL_KHR_image_pixmap EGL_ANDROID_image_native_buffer EGL_ANDROID_swap_rectangle
I/SurfaceFlinger( 62): Client API: OpenGL ES
I/SurfaceFlinger( 62): EGLSurface: 5-6-5-0, config=0x0
I/SurfaceFlinger( 62): OpenGL informations:
I/SurfaceFlinger( 62): vendor : Android
I/SurfaceFlinger( 62): renderer : Android PixelFlinger 1.4
I/SurfaceFlinger( 62): version : OpenGL ES-CM 1.0
I/SurfaceFlinger( 62): extensions: GL_OES_byte_coordinates GL_OES_fixed_point GL_OES_single_precision GL_OES_read_format GL_OES_compressed_paletted_texture GL_OES_draw_texture GL_OES_matrix_get GL_OES_query_matrix GL_OES_EGL_image GL_OES_compressed_ETC1_RGB8_texture GL_ARB_texture_compression GL_ARB_texture_non_power_of_two GL_ANDROID_user_clip_plane GL_ANDROID_vertex_buffer_object GL_ANDROID_generate_mipmap
I/SurfaceFlinger( 62): GL_MAX_TEXTURE_SIZE = 4096
I/SurfaceFlinger( 62): GL_MAX_VIEWPORT_DIMS = 4096
I/SurfaceFlinger( 62): flags = 000c0000
D/SensorService( 62): nuSensorService starting...
E/SensorService( 62): couldn't open device for module sensors (Invalid argument)
I/sysproc ( 62): System server: starting Android runtime.
I/sysproc ( 62): System server: starting Android services.
I/SystemServer( 62): Entered the Android system server!
I/sysproc ( 62): System server: entering thread pool.
I/SystemServer( 62): Entropy Service
I/SystemServer( 62): Power Manager
I/SystemServer( 62): Activity Manager
I/ActivityManager( 62): Memory class: 24
W/UsageStats( 62): Usage stats version changed; dropping
I/BootAnimation( 74): boot animation disabled
W/ProcessStats( 62): Skipping unknown process pid 74
I/SystemServer( 62): Telephony Registry
I/SystemServer( 62): Package Manager
I/Installer( 62): connecting...
I/installd( 35): new connection
D/dalvikvm( 62): GC_CONCURRENT freed 147K, 47% free 3032K/5639K, external 1625K/2137K, paused 10ms+9ms
W/PackageManager( 62): Running ENG build: no pre-dexopt!
D/dalvikvm( 62): GC_CONCURRENT freed 332K, 47% free 3198K/5959K, external 1625K/2137K, paused 12ms+5ms
D/szipinf ( 62): Initializing inflate state
D/dalvikvm( 62): GC_CONCURRENT freed 161K, 43% free 3564K/6215K, external 1625K/2137K, paused 12ms+13ms
D/PackageManager( 62): No files in app dir /vendor/app
I/PackageManager( 62): Unpacking native libraries for /data/app/com.titutorial.bottomtab-2.apk
D/dalvikvm( 62): GC_CONCURRENT freed 264K, 41% free 3944K/6663K, external 1625K/2137K, paused 8ms+17ms
I/PackageManager( 62): Unpacking native libraries for /data/app/com.tabtest-1.apk
I/PackageManager( 62): Unpacking native libraries for /data/app/SoftKeyboard.apk
I/PackageManager( 62): Unpacking native libraries for /data/app/GestureBuilder.apk
I/PackageManager( 62): Unpacking native libraries for /data/app/CubeLiveWallpapers.apk
D/szipinf ( 62): Initializing inflate state
W/PackageParser( 62): No actions in intent filter at /data/app/ApiDemos.apk Binary XML file line #1882
W/PackageParser( 62): No actions in intent filter at /data/app/ApiDemos.apk Binary XML file line #1888
W/PackageManager( 62): Package com.example.android.apis desires unavailable shared library com.example.will.never.exist; ignoring!
I/PackageManager( 62): Unpacking native libraries for /data/app/ApiDemos.apk
I/PackageManager( 62): Time to scan packages: 5.235 seconds
W/PackageManager( 62): Unknown permission android.permission.ADD_SYSTEM_SERVICE in package com.android.phone
W/PackageManager( 62): Not granting permission android.permission.SEND_DOWNLOAD_COMPLETED_INTENTS to package com.android.browser (protectionLevel=2 flags=0x9be45)
W/PackageManager( 62): Unknown permission com.google.android.gm.permission.WRITE_GMAIL in package com.android.settings
W/PackageManager( 62): Unknown permission com.google.android.gm.permission.READ_GMAIL in package com.android.settings
W/PackageManager( 62): Unknown permission android.permission.READ_OWNER_DATA in package com.android.email
W/PackageManager( 62): Unknown permission com.android.providers.im.permission.READ_ONLY in package com.google.android.apps.maps
W/PackageManager( 62): Not granting permission android.permission.DEVICE_POWER to package com.android.deskclock (protectionLevel=2 flags=0x8be45)
D/dalvikvm( 62): GC_CONCURRENT freed 395K, 41% free 4229K/7111K, external 1625K/2137K, paused 13ms+8ms
D/dalvikvm( 62): GC_EXPLICIT freed 277K, 44% free 4002K/7111K, external 1625K/2137K, paused 79ms
I/SystemServer( 62): Account Manager
I/SystemServer( 62): Content Manager
I/SystemServer( 62): System Content Providers
I/ActivityThread( 62): Pub settings: com.android.providers.settings.SettingsProvider
I/SystemServer( 62): Battery Service
I/SystemServer( 62): Lights Service
I/SystemServer( 62): Vibrator Service
D/qemud ( 38): fdhandler_accept_event: accepting on fd 9
D/qemud ( 38): created client 0x12f38 listening on fd 11
D/qemud ( 38): client_fd_receive: attempting registration for service 'hw-control'
D/qemud ( 38): client_fd_receive: -> received channel id 3
D/SettingsProvider( 62): cache for settings table 'secure' rows=33; fullycached=true
D/qemud ( 38): client_registration: registration succeeded for client 3
D/SettingsProvider( 62): cache for settings table 'system' rows=46; fullycached=true
I/SystemServer( 62): Alarm Manager
I/SystemServer( 62): Init Watchdog
I/SystemServer( 62): Window Manager
I/InputManager( 62): Initializing input manager
I/InputManager( 62): Starting input manager
I/SystemServer( 62): Registering null Bluetooth Service (emulator)
E/System ( 62): Failure starting core service
E/System ( 62): java.lang.SecurityException
E/System ( 62): at android.os.BinderProxy.transact(Native Method)
E/System ( 62): at android.os.ServiceManagerProxy.addService(ServiceManagerNative.java:146)
E/System ( 62): at android.os.ServiceManager.addService(ServiceManager.java:72)
E/System ( 62): at com.android.server.ServerThread.run(SystemServer.java:207)
I/SystemServer( 62): Device Policy
I/SystemServer( 62): Status Bar
I/SystemServer( 62): Clipboard Service
I/EventHub( 62): New keyboard: device->id=0x10000 devname='qwerty2' propName='hw.keyboards.65536.devname' keylayout='/system/usr/keylayout/qwerty.kl'
I/EventHub( 62): New device: path=/dev/input/event0 name=qwerty2 id=0x10000 (of 0x1) index=1 fd=81 classes=0xaf
E/EventHub( 62): could not get driver version for /dev/input/mouse0, Not a typewriter
E/EventHub( 62): could not get driver version for /dev/input/mice, Not a typewriter
I/InputManager-Callbacks( 62): No input device calibration properties found for device qwerty2.
I/InputReader( 62): Device added: id=0x0, name=qwerty2, sources=00011307
I/SystemServer( 62): Input Method Service
I/InputManagerService( 62): Enabled input methods: com.android.inputmethod.pinyin/.PinyinIME:jp.co.omronsoft.openwnn/.OpenWnnJAJP:com.android.inputmethod.latin/.LatinIME:com.example.android.softkeyboard/.SoftKeyboard
I/SystemServer( 62): NetStat Service
I/SystemServer( 62): NetworkManagement Service
I/SystemServer( 62): Connectivity Service
I/WifiService( 62): WifiService starting up with Wi-Fi disabled
D/NetworkManagmentService( 62): Registering observer
I/SystemServer( 62): Throttle Service
I/SystemServer( 62): Accessibility Manager
I/SystemServer( 62): Mount Service
I/SystemServer( 62): Notification Manager
I/SystemServer( 62): Device Storage Monitor
I/SystemServer( 62): Location Manager
I/SystemServer( 62): Search Service
D/VoldCmdListener( 29): volume list
I/PackageManager( 62): Updating external media status from unmounted to unmounted
D/VoldCmdListener( 29): share status ums
I/SystemServer( 62): DropBox Service
I/SystemServer( 62): Wallpaper Service
I/SystemServer( 62): Audio Service
D/AudioHardwareInterface( 34): setMode(NORMAL)
W/AudioPolicyManagerBase( 34): setPhoneState() setting same state 0
E/SoundPool( 62): error loading /system/media/audio/ui/Effect_Tick.ogg
W/AudioService( 62): Soundpool could not load file: /system/media/audio/ui/Effect_Tick.ogg
E/SoundPool( 62): error loading /system/media/audio/ui/KeypressStandard.ogg
W/AudioService( 62): Soundpool could not load file: /system/media/audio/ui/KeypressStandard.ogg
E/SoundPool( 62): error loading /system/media/audio/ui/KeypressSpacebar.ogg
W/AudioService( 62): Soundpool could not load file: /system/media/audio/ui/KeypressSpacebar.ogg
E/SoundPool( 62): error loading /system/media/audio/ui/KeypressDelete.ogg
W/AudioService( 62): Soundpool could not load file: /system/media/audio/ui/KeypressDelete.ogg
E/SoundPool( 62): error loading /system/media/audio/ui/KeypressReturn.ogg
W/AudioService( 62): Soundpool could not load file: /system/media/audio/ui/KeypressReturn.ogg
I/SystemServer( 62): Headset Observer
W/HeadsetObserver( 62): This kernel does not have wired headset support
I/SystemServer( 62): Dock Observer
W/DockObserver( 62): This kernel does not have dock station support
I/SystemServer( 62): USB Service
W/UsbDeviceSettingsManager( 62): settings file not found
I/UsbService( 62): This kernel does not have USB configuration switch support
I/SystemServer( 62): UI Mode Manager Service
I/SystemServer( 62): Backup Service
V/BackupManagerService( 62): No ancestral data
I/BackupManagerService( 62): Found stale backup journal, scheduling
I/BackupManagerService( 62): com.android.inputmethod.latin
I/BackupManagerService( 62): com.android.browser
I/BackupManagerService( 62): com.android.providers.userdictionary
I/BackupManagerService( 62): android
I/BackupManagerService( 62): com.android.providers.settings
I/BackupManagerService( 62): Backup enabled => true
I/SystemServer( 62): AppWidget Service
I/SystemServer( 62): Recognition Service
I/SystemServer( 62): DiskStats Service
I/WindowManager( 62): SAFE MODE not enabled
D/dalvikvm( 62): JIT started for system_server
D/PowerManagerService( 62): system ready!
I/ActivityManager( 62): System now ready
I/SystemServer( 62): Making services ready
I/StatusBarManagerService( 62): Starting service: ComponentInfo{com.android.systemui/com.android.systemui.statusbar.StatusBarService}
I/Zygote ( 62): Process: zygote socket opened
I/ActivityManager( 62): Start proc com.android.systemui for service com.android.systemui/.statusbar.StatusBarService: pid=105 uid=1000 gids={3002, 3001, 3003}
I/ActivityManager( 62): Config changed: { scale=1.0 imsi=0/0 loc=en_US touch=0 keys=0/0/0 nav=0/0 orien=0 layout=0 uiMode=17 seq=2}
I/ActivityManager( 62): Config changed: { scale=1.0 imsi=0/0 loc=en_US touch=3 keys=2/1/2 nav=3/1 orien=1 layout=34 uiMode=17 seq=3}
W/RecognitionManagerService( 62): no available voice recognition services found
D/dalvikvm( 62): GREF has increased to 201
D/dalvikvm( 62): GC_CONCURRENT freed 234K, 38% free 4475K/7175K, external 1891K/2137K, paused 10ms+8ms
I/ActivityManager( 62): Start proc com.android.inputmethod.latin for service com.android.inputmethod.latin/.LatinIME: pid=112 uid=10022 gids={}
W/GpsLocationProvider( 62): Could not open GPS configuration file /etc/gps.conf
D/NetworkManagmentService( 62): Registering observer
E/ThrottleService( 62): Could not open GPS configuration file /etc/gps.conf
I/ActivityManager( 62): Start proc com.android.phone for added application com.android.phone: pid=119 uid=1001 gids={3002, 3001, 3003, 1015}
I/ActivityManager( 62): Start proc com.android.systemui for added application com.android.systemui: pid=122 uid=1000 gids={3002, 3001, 3003}
I/ActivityManager( 62): Starting: Intent { act=android.intent.action.MAIN cat=[android.intent.category.HOME] flg=0x10000000 cmp=com.android.launcher/com.android.launcher2.Launcher } from pid 0
I/ActivityManager( 62): Start proc com.android.launcher for activity com.android.launcher/com.android.launcher2.Launcher: pid=126 uid=10021 gids={}
I/SystemServer( 62): Enabled StrictMode for system server main thread.
D/dalvikvm( 62): GC_EXTERNAL_ALLOC freed 131K, 39% free 4448K/7175K, external 2130K/2137K, paused 305ms
W/ActivityManager( 62): No pending application record for pid 105 (IApplicationThread android.app.ApplicationThreadProxy@406a2880); dropping process
I/Process ( 62): Sending signal. PID: 105 SIG: 9
W/ActivityManager( 62): Unable to start service Intent { act=@0 }: not found
E/logwrapper( 145): executing /system/bin/tc failed: No such file or directory
I/logwrapper( 30): /system/bin/tc terminated by exit(1)
E/logwrapper( 148): executing /system/bin/tc failed: No such file or directory
I/logwrapper( 30): /system/bin/tc terminated by exit(1)
E/logwrapper( 149): executing /system/bin/tc failed: No such file or directory
I/logwrapper( 30): /system/bin/tc terminated by exit(1)
W/ActivityManager( 62): Unable to start service Intent { act=@0 }: not found
D/qemud ( 38): fdhandler_accept_event: accepting on fd 9
D/qemud ( 38): created client 0x12f88 listening on fd 12
D/qemud ( 38): client_fd_receive: attempting registration for service 'gps'
D/qemud ( 38): client_fd_receive: -> received channel id 4
D/qemud ( 38): client_registration: registration succeeded for client 4
D/dalvikvm( 62): GC_EXTERNAL_ALLOC freed 48K, 38% free 4461K/7175K, external 2729K/2770K, paused 337ms
D/dalvikvm( 119): GC_CONCURRENT freed 404K, 50% free 2822K/5639K, external 1625K/2137K, paused 5ms+39ms
D/dalvikvm( 112): GC_CONCURRENT freed 396K, 50% free 2829K/5639K, external 1625K/2137K, paused 6ms+75ms
I/ActivityManager( 62): Start proc com.android.settings for broadcast com.android.settings/.widget.SettingsAppWidgetProvider: pid=157 uid=1000 gids={3002, 3001, 3003}
D/dalvikvm( 122): GC_CONCURRENT freed 406K, 51% free 2819K/5639K, external 1625K/2137K, paused 5ms+96ms
D/dalvikvm( 126): GC_CONCURRENT freed 406K, 50% free 2820K/5639K, external 1625K/2137K, paused 5ms+95ms
I/ActivityThread( 126): Pub com.android.launcher2.settings: com.android.launcher2.LauncherProvider
I/ActivityThread( 119): Pub mms: com.android.providers.telephony.MmsProvider
I/ActivityThread( 119): Pub sms: com.android.providers.telephony.SmsProvider
I/ActivityThread( 119): Pub telephony: com.android.providers.telephony.TelephonyProvider
I/ActivityThread( 119): Pub icc: com.android.phone.IccProvider
I/ActivityThread( 119): Pub mms-sms: com.android.providers.telephony.MmsSmsProvider
D/dalvikvm( 62): GC_EXTERNAL_ALLOC freed 156K, 38% free 4508K/7175K, external 3341K/3347K, paused 380ms
I/ActivityManager( 62): Start proc android.process.acore for content provider com.android.providers.userdictionary/.UserDictionaryProvider: pid=170 uid=10000 gids={3003, 1015}
I/StatusBarManagerService( 62): registerStatusBar bar=com.android.internal.statusbar.IStatusBar$Stub$Proxy@40637f98
D/dalvikvm( 157): GC_CONCURRENT freed 406K, 51% free 2819K/5639K, external 1625K/2137K, paused 5ms+19ms
D/CallManager( 119): registerPhone(GSM Handler{4055f098})
D/VoldCmdListener( 29): share status ums
D/StorageNotification( 122): Startup with UMS connection false (media state unmounted)
I/StorageNotification( 122): UMS connection changed to false (media state unmounted)
D/dalvikvm( 112): GC_EXTERNAL_ALLOC freed 75K, 49% free 2923K/5639K, external 2095K/2137K, paused 634ms
W/ActivityManager( 62): Unable to start service Intent { act=com.android.ussd.IExtendedNetworkService }: not found
I/ActivityThread( 170): Pub com.android.social: com.android.providers.contacts.SocialProvider
I/TelephonyRegistry( 62): notifyServiceState: 3 home null null null Unknown CSS not supported -1 -1RoamInd: -1DefRoamInd: -1EmergOnly: false
D/dalvikvm( 170): GC_CONCURRENT freed 395K, 51% free 2780K/5639K, external 1625K/2137K, paused 7ms+23ms
D/dalvikvm( 126): GC_EXTERNAL_ALLOC freed 49K, 49% free 2878K/5639K, external 2128K/2137K, paused 322ms
D/dalvikvm( 62): GC_EXTERNAL_ALLOC freed 126K, 36% free 4593K/7175K, external 3358K/3418K, paused 302ms
D/AlarmManagerService( 62): Kernel timezone updated to 0 minutes west of GMT
D/SystemClock( 119): Setting time of day to sec=1355842908
W/SystemClock( 119): Unable to set rtc to 1355842908: Invalid argument
I/ActivityThread( 170): Pub applications: com.android.providers.applications.ApplicationsProvider
I/TelephonyRegistry( 62): notifyDataConnection: state=0 isDataConnectivityPossible=false reason=radioTurnedOff interfaceName=null networkType=0
I/TelephonyRegistry( 62): notifyDataConnection: state=0 isDataConnectivityPossible=false reason=gprsDetached interfaceName=null networkType=0
D/dalvikvm( 62): GC_EXTERNAL_ALLOC freed 139K, 37% free 4625K/7303K, external 4073K/5086K, paused 215ms
I/ActivityManager( 62): Start proc com.google.process.gapps for broadcast com.google.android.gsf/.checkin.CheckinService$Receiver: pid=203 uid=10013 gids={3003, 1015, 2001, 1007}
I/ActivityThread( 170): Pub contacts;com.android.contacts: com.android.providers.contacts.ContactsProvider2
I/TelephonyRegistry( 62): notifyServiceState: 0 home Android Android 310260 UMTS CSS not supported -1 -1RoamInd: -1DefRoamInd: -1EmergOnly: false
I/TelephonyRegistry( 62): notifyDataConnection: state=0 isDataConnectivityPossible=false reason=null interfaceName=null networkType=3
D/dalvikvm( 126): GC_EXTERNAL_ALLOC freed 25K, 49% free 2900K/5639K, external 2668K/2681K, paused 656ms
I/ARMAssembler( 62): generated scanline__00000177:03515104_00001002_00000000 [ 87 ipp] (110 ins) at [0x468a71e8:0x468a73a0] in 6498679 ns
I/ARMAssembler( 62): generated scanline__00000177:03010104_00000002_00000000 [ 44 ipp] (66 ins) at [0x468a73a8:0x468a74b0] in 801808 ns
D/dalvikvm( 119): GC_CONCURRENT freed 255K, 48% free 3052K/5767K, external 1625K/2137K, paused 5ms+100ms
D/MccTable( 119): updateMccMncConfiguration: mcc=310, mnc=260
D/MccTable( 119): locale set to en_us
D/MccTable( 119): WIFI_NUM_ALLOWED_CHANNELS set to 11
I/WifiService( 62): WifiService trying to setNumAllowed to 11 with persist set to true
I/ActivityManager( 62): Config changed: { scale=1.0 imsi=310/260 loc=en_US touch=3 keys=2/1/2 nav=3/1 orien=1 layout=34 uiMode=17 seq=4}
I/TelephonyRegistry( 62): notifyMessageWaitingChanged: false
I/TelephonyRegistry( 62): notifyCallForwardingChanged: false
I/ActivityThread( 203): Pub com.google.settings: com.google.android.gsf.settings.GoogleSettingsProvider
D/dalvikvm( 126): GC_EXTERNAL_ALLOC freed 7K, 49% free 2914K/5639K, external 3368K/3387K, paused 452ms
I/ActivityThread( 203): Pub com.google.android.gsf.gservices: com.google.android.gsf.gservices.GservicesProvider
I/ARMAssembler( 62): generated scanline__00000077:03010104_00000004_00000000 [ 22 ipp] (41 ins) at [0x468a74b8:0x468a755c] in 559442 ns
I/ARMAssembler( 62): generated scanline__00000177:03515104_00000001_00000000 [ 73 ipp] (95 ins) at [0x468a7560:0x468a76dc] in 519300 ns
I/GservicesProvider( 203): Gservices pushing to system: true; secure: true
D/dalvikvm( 203): GC_CONCURRENT freed 331K, 51% free 2785K/5575K, external 1625K/2137K, paused 5ms+52ms
I/ActivityThread( 203): Pub subscribedfeeds: com.google.android.gsf.subscribedfeeds.SubscribedFeedsProvider
I/ActivityThread( 203): Pub com.google.android.providers.talk: com.google.android.gsf.talk.TalkProvider
D/TelephonyProvider( 119): Setting numeric '310260' to be the current operator
I/TelephonyRegistry( 62): notifyDataConnection: state=1 isDataConnectivityPossible=true reason=simLoaded interfaceName=null networkType=3
I/TelephonyRegistry( 62): notifyDataConnection: state=2 isDataConnectivityPossible=true reason=simLoaded interfaceName=/dev/omap_csmi_tty1 networkType=3
D/MobileDataStateTracker( 62): CONNECTED event did not supply a default gateway.
D/Tethering( 62): MasterInitialState.processMessage what=3
D/SntpClient( 62): request time failed: java.net.SocketException: Address family not supported by protocol
I/ActivityThread( 170): Pub call_log: com.android.providers.contacts.CallLogProvider
I/ActivityThread( 170): Pub user_dictionary: com.android.providers.userdictionary.UserDictionaryProvider
D/dalvikvm( 62): GC_CONCURRENT freed 659K, 40% free 4739K/7879K, external 4373K/5573K, paused 7ms+7ms
W/ActivityManager( 62): Activity idle timeout for HistoryRecord{4054d2a0 com.android.launcher/com.android.launcher2.Launcher}
D/PowerManagerService( 62): bootCompleted
D/VoldCmdListener( 29): volume mount /mnt/sdcard
I/Vold ( 29): /dev/block/vold/179:0 being considered for volume sdcard
D/Vold ( 29): Volume sdcard state changing 1 (Idle-Unmounted) -> 3 (Checking)
I/StorageNotification( 122): Media {/mnt/sdcard} state changed from {unmounted} -> {checking}
I//system/bin/fsck_msdos( 29): ** /dev/block/vold/179:0
D/dalvikvm( 122): GC_EXTERNAL_ALLOC freed 147K, 49% free 2912K/5639K, external 2129K/2137K, paused 203ms
I/ActivityManager( 62): Start proc com.android.deskclock for broadcast com.android.deskclock/.AlarmInitReceiver: pid=231 uid=10027 gids={}
D/dalvikvm( 33): GC_EXPLICIT freed 10K, 50% free 2719K/5379K, external 1625K/2137K, paused 186ms
D/dalvikvm( 33): GC_EXPLICIT freed <1K, 50% free 2719K/5379K, external 1625K/2137K, paused 212ms
D/dalvikvm( 126): GC_EXTERNAL_ALLOC freed 54K, 48% free 2959K/5639K, external 4217K/4261K, paused 255ms
D/dalvikvm( 33): GC_EXPLICIT freed <1K, 50% free 2719K/5379K, external 1625K/2137K, paused 181ms
I/ActivityThread( 231): Pub com.android.deskclock: com.android.deskclock.AlarmProvider
D/dalvikvm( 231): GC_CONCURRENT freed 370K, 51% free 2800K/5639K, external 1625K/2137K, paused 5ms+5ms
D/dalvikvm( 62): GREF has increased to 301
I/ActivityManager( 62): Start proc com.android.music for broadcast com.android.music/.MediaAppWidgetProvider: pid=244 uid=10015 gids={3003, 1015}
D/dalvikvm( 126): GC_EXTERNAL_ALLOC freed 28K, 48% free 2977K/5639K, external 5345K/5346K, paused 147ms
D/dalvikvm( 126): GC_EXPLICIT freed 19K, 48% free 2983K/5639K, external 5417K/6692K, paused 147ms
W/WindowManager( 62): App freeze timeout expired.
W/WindowManager( 62): Force clearing freeze: AppWindowToken{40644698 token=HistoryRecord{4054d2a0 com.android.launcher/com.android.launcher2.Launcher}}
I/SearchManagerService( 62): Building list of searchable activities
I/ActivityManager( 62): Start proc com.android.quicksearchbox for broadcast com.android.quicksearchbox/.SearchWidgetProvider: pid=252 uid=10008 gids={3003}
I/ActivityThread( 252): Pub com.android.quicksearchbox.google: com.android.quicksearchbox.google.GoogleSuggestionProvider
I/ActivityThread( 252): Pub com.android.quicksearchbox.shortcuts: com.android.quicksearchbox.ShortcutsProvider
I/SurfaceFlinger( 62): Boot is finished (23316 ms)
I//system/bin/fsck_msdos( 29): ** Phase 1 - Read and Compare FATs
I//system/bin/fsck_msdos( 29): Attempting to allocate 508 KB for FAT
I/ActivityManager( 62): Start proc android.process.media for broadcast com.android.providers.downloads/.DownloadReceiver: pid=264 uid=10017 gids={1015, 1006, 2001, 3003}
D/dalvikvm( 62): GC_EXPLICIT freed 555K, 41% free 4689K/7879K, external 4373K/5573K, paused 256ms
D/dalvikvm( 203): GC_CONCURRENT freed 475K, 50% free 2932K/5831K, external 1625K/2137K, paused 5ms+4ms
I/ActivityThread( 264): Pub media: com.android.providers.media.MediaProvider
D/GTalkService( 203): [RawStanzaProvidersMgr] ##### searchProvidersFromIntent
D/GTalkService( 203): [RawStanzaProvidersMgr] no intent receivers found
V/MediaProvider( 264): Attached volume: internal
D/GTalkService( 203): ##### Network broadcast (connected=true) type=mobile, state=CONNECTED
I/ActivityThread( 264): Pub downloads: com.android.providers.downloads.DownloadProvider
I/ActivityThread( 264): Pub drm: com.android.providers.drm.DrmProvider
D/OtaStartupReceiver( 119): Not a CDMA phone, no need to process OTA
I/ActivityManager( 62): Start proc com.android.mms for broadcast com.android.mms/.transaction.MmsSystemEventReceiver: pid=280 uid=10016 gids={3003, 1015}
I/RecoverySystem( 62): No recovery log file
I/ActivityThread( 280): Pub com.android.mms.SuggestionsProvider: com.android.mms.SuggestionsProvider
I/ActivityManager( 62): Start proc com.google.android.apps.maps:FriendService for broadcast com.google.android.apps.maps/com.google.googlenav.friend.android.ServiceReceiver: pid=303 uid=10018 gids={3003, 1015}
V/update.Download( 203): deleting all update downloads
D/MediaScannerService( 264): start scanning volume internal
I/ActivityManager( 62): Starting: Intent { flg=0x10000000 cmp=com.google.android.gsf/.update.SystemUpdateInstallDialog } from pid 203
I/ActivityManager( 62): Start proc com.android.email for broadcast com.android.email/.service.EmailBroadcastReceiver: pid=317 uid=10025 gids={3003, 1015}
D/dalvikvm( 203): GC_CONCURRENT freed 505K, 50% free 3002K/5959K, external 1625K/2137K, paused 6ms+5ms
I/ActivityManager( 62): Displayed com.android.launcher/com.android.launcher2.Launcher: +19s251ms
I//system/bin/fsck_msdos( 29): Attempting to allocate 508 KB for FAT
I/ActivityThread( 317): Pub com.android.email.provider: com.android.email.provider.EmailProvider
I/ActivityThread( 317): Pub com.android.email.attachmentprovider: com.android.email.provider.AttachmentProvider
I/ActivityThread( 317): Pub com.android.exchange.provider: com.android.exchange.provider.ExchangeProvider
D/EAS SyncManager( 317): !!! EAS SyncManager, onCreate
D/Eas Debug( 317): Logging:
I//system/bin/fsck_msdos( 29): ** Phase 2 - Check Cluster Chains
D/Email ( 317): BOOT_COMPLETED
D/EAS SyncManager( 317): !!! EAS SyncManager, onDestroy
I//system/bin/fsck_msdos( 29): ** Phase 3 - Checking Directories
I//system/bin/fsck_msdos( 29): ** Phase 4 - Checking for Lost Files
D/EAS SyncManager( 317): !!! EAS SyncManager, onCreate
D/EAS SyncManager( 317): !!! EAS SyncManager, onStartCommand
I//system/bin/fsck_msdos( 29): Next free cluster in FSInfo block (58) not free
D/EAS SyncManager( 317): !!! EAS SyncManager, stopping self
D/EAS SyncManager( 317): !!! EAS SyncManager, onDestroy
I//system/bin/fsck_msdos( 29): FIXED
I//system/bin/fsck_msdos( 29): 30 files, 64473 free (128946 clusters)
I/Vold ( 29): Filesystem check completed OK
I/Vold ( 29): Device /dev/block/vold/179:0, target /mnt/sdcard mounted @ /mnt/secure/staging
D/Vold ( 29): Volume sdcard state changing 3 (Checking) -> 4 (Mounted)
I/PackageManager( 62): Updating external media status from unmounted to mounted
I/StorageNotification( 122): Media {/mnt/sdcard} state changed from {checking} -> {mounted}
D/VoldCmdListener( 29): asec list
I/PackageManager( 62): No secure containers on sdcard
W/PackageManager( 62): Unknown permission android.permission.ADD_SYSTEM_SERVICE in package com.android.phone
W/PackageManager( 62): Not granting permission android.permission.SEND_DOWNLOAD_COMPLETED_INTENTS to package com.android.browser (protectionLevel=2 flags=0x9be45)
W/PackageManager( 62): Unknown permission com.google.android.gm.permission.WRITE_GMAIL in package com.android.settings
W/PackageManager( 62): Unknown permission com.google.android.gm.permission.READ_GMAIL in package com.android.settings
D/AndroidRuntime( 349):
D/AndroidRuntime( 349): >>>>>> AndroidRuntime START com.android.internal.os.RuntimeInit <<<<<<
D/AndroidRuntime( 349): CheckJNI is ON
W/PackageManager( 62): Unknown permission android.permission.READ_OWNER_DATA in package com.android.email
D/AndroidRuntime( 349): Calling main entry com.android.commands.am.Am
W/PackageManager( 62): Unknown permission com.android.providers.im.permission.READ_ONLY in package com.google.android.apps.maps
W/PackageManager( 62): Not granting permission android.permission.DEVICE_POWER to package com.android.deskclock (protectionLevel=2 flags=0x8be45)
I/dalvikvm( 62): Jit: resizing JitTable from 512 to 1024
D/MediaScanner( 264): prescan time: 1604ms
D/MediaScanner( 264): scan time: 80ms
D/MediaScanner( 264): postscan time: 1ms
D/MediaScanner( 264): total time: 1685ms
D/dalvikvm( 126): GC_EXTERNAL_ALLOC freed 262K, 48% free 3090K/5831K, external 4420K/4423K, paused 73ms
D/MediaScannerService( 264): done scanning volume internal
I/ActivityManager( 62): Starting: Intent { act=android.intent.action.MAIN cat=[android.intent.category.LAUNCHER] flg=0x10200000 cmp=com.titutorial.bottomtab/.AndroidBottomTabBarActivity } from pid 349
D/MediaScannerService( 264): start scanning volume external
D/AndroidRuntime( 349): Shutting down VM
D/dalvikvm( 349): GC_CONCURRENT freed 102K, 69% free 318K/1024K, external 0K/0K, paused 1ms+1ms
D/jdwp ( 349): adbd disconnected
D/dalvikvm( 62): GC_EXTERNAL_ALLOC freed 1090K, 43% free 4850K/8455K, external 4373K/5573K, paused 94ms
I/ActivityManager( 62): Start proc com.titutorial.bottomtab for activity com.titutorial.bottomtab/.AndroidBottomTabBarActivity: pid=358 uid=10039 gids={1015, 3003}
I/AndroidRuntime( 349): NOTE: attach of thread 'Binder Thread #3' failed
I/TiApplication( 358): (main) [0,0] checkpoint, app created.
I/TiApplication( 358): (main) [196,196] Titanium 3.0.0 (2012/12/12 18:49 a5894b3)
D/TiFastDev( 358): (main) [154,350] Enabling Fastdev on port 39586
D/TiFastDev( 358): (main) [20,370] sent tokens successfully
D/TiFastDev( 358): (main) [2,372] Fastdev session handshake succesful.
I/TiApplication( 358): (main) [14,386] Titanium Javascript runtime: v8
D/dalvikvm( 358): Trying to load lib /data/data/com.titutorial.bottomtab/lib/libstlport_shared.so 0x405146f0
D/dalvikvm( 358): Added shared lib /data/data/com.titutorial.bottomtab/lib/libstlport_shared.so 0x405146f0
D/dalvikvm( 358): No JNI_OnLoad found in /data/data/com.titutorial.bottomtab/lib/libstlport_shared.so 0x405146f0, skipping init
D/dalvikvm( 358): Trying to load lib /data/data/com.titutorial.bottomtab/lib/libkroll-v8.so 0x405146f0
V/MediaProvider( 264): /mnt/sdcard volume ID: 350231570
I/TiRootActivity( 358): (main) [0,0] checkpoint, on root activity create, savedInstanceState: null
D/dalvikvm( 358): Added shared lib /data/data/com.titutorial.bottomtab/lib/libkroll-v8.so 0x405146f0
I/dalvikvm( 358): Could not find method android.app.Activity.invalidateOptionsMenu, referenced from method org.appcelerator.titanium.proxy.ActivityProxy.handleInvalidateOptionsMenu
W/dalvikvm( 358): VFY: unable to resolve virtual method 52: Landroid/app/Activity;.invalidateOptionsMenu ()V
D/dalvikvm( 358): VFY: replacing opcode 0x6e at 0x0006
E/TiApplication( 358): (KrollRuntimeThread) [1083,1083] APP PROXY: ti.modules.titanium.app.AppModule@405bb508
W/V8Object( 358): Runtime disposed, cannot set property 'userAgent'
D/dalvikvm( 358): GREF has increased to 201
D/TiAssetHelper( 358): Fetching "app.js" with Fastdev...
I/dalvikvm( 358): Could not find method org.appcelerator.titanium.TiBaseActivity.getActionBar, referenced from method ti.modules.titanium.ui.TabGroupProxy.windowCreated
W/dalvikvm( 358): VFY: unable to resolve virtual method 7736: Lorg/appcelerator/titanium/TiBaseActivity;.getActionBar ()Landroid/app/ActionBar;
D/dalvikvm( 358): VFY: replacing opcode 0x6e at 0x0013
D/dalvikvm( 358): VFY: dead code 0x0016-001f in Lti/modules/titanium/ui/TabGroupProxy;.windowCreated (Lorg/appcelerator/titanium/TiBaseActivity;)V
D/dalvikvm( 119): GREF has increased to 201
I/ActivityManager( 62): Starting: Intent { cmp=com.titutorial.bottomtab/org.appcelerator.titanium.TiActivity (has extras) } from pid 358
D/dalvikvm( 358): GC_EXTERNAL_ALLOC freed 561K, 50% free 3032K/6023K, external 1625K/2137K, paused 91ms
D/dalvikvm( 358): Trying to load lib /data/data/com.titutorial.bottomtab/lib/libtiverify.so 0x405146f0
D/dalvikvm( 358): Added shared lib /data/data/com.titutorial.bottomtab/lib/libtiverify.so 0x405146f0
I/TiRootActivity( 358): (main) [0,0] checkpoint, on root activity resume. activity = com.titutorial.bottomtab.AndroidBottomTabBarActivity@405a0548
V/MediaProvider( 264): Attached volume: external
I/InputReader( 62): Device reconfigured: id=0x0, name=qwerty2, display size is now 480x800
I/InputManager-Callbacks( 62): No virtual keys found for device qwerty2.
I/ARMAssembler( 62): generated scanline__00000177:03515104_00001001_00000000 [ 91 ipp] (114 ins) at [0x468a76e0:0x468a78a8] in 869191 ns
I/ActivityManager( 62): Displayed com.titutorial.bottomtab/org.appcelerator.titanium.TiActivity: +2s158ms (total +6s74ms)
V/MediaScanner( 264): pruneDeadThumbnailFiles... android.database.sqlite.SQLiteCursor@405c35f0
V/MediaScanner( 264): /pruneDeadThumbnailFiles... android.database.sqlite.SQLiteCursor@405c35f0
D/MediaScanner( 264): prescan time: 2238ms
D/MediaScanner( 264): scan time: 9ms
D/MediaScanner( 264): postscan time: 35ms
D/MediaScanner( 264): total time: 2282ms
D/MediaScannerService( 264): done scanning volume external
D/dalvikvm( 126): GC_EXPLICIT freed 92K, 48% free 3050K/5831K, external 5065K/5178K, paused 72ms
W/KeyCharacterMap( 358): No keyboard for id 0
W/KeyCharacterMap( 358): Using default keymap: /system/usr/keychars/qwerty.kcm.bin
W/InputManagerService( 62): Starting input on non-focused client com.android.internal.view.IInputMethodClient$Stub$Proxy@406a6a10 (uid=10039 pid=358)