Log Collector version: 1.1.0 Device model: Droid Firmware version: 2.2.2 Kernel version: 2.6.32.9-g68eeef5 android-build@apa26 ) #1 PREEMPT Tue Aug 10 16:07:07 PDT 2010 Build number: FRG83G id.internal.view.IInputMethodClient$Stub$Proxy@44ccd780
06-23 10:10:22.368 D/WifiService( 1085): acquireWifiLockLocked: WifiLock{NetworkLocationProvider type=2 binder=android.os.Binder@44ad9d48}
06-23 10:10:22.509 I/ActivityManager( 1085): Process com.google.android.googlequicksearchbox (pid 1767) has died.
06-23 10:10:22.579 D/WifiService( 1085): releaseWifiLockLocked: WifiLock{NetworkLocationProvider type=2 binder=android.os.Binder@44ad9d48}
06-23 10:10:25.415 I/ActivityManager( 1085): Start proc com.handcent.nextsms for broadcast com.handcent.nextsms/com.handcent.sms.transaction.ReminderReceiver: pid=2448 uid=10095 gids={3003, 1015, 1007}
06-23 10:10:25.876 W/InputManagerService( 1085): Window already focused, ignoring focus gain of: com.android.internal.view.IInputMethodClient$Stub$Proxy@44ad4cf0
06-23 10:10:27.431 I/ActivityManager( 1085): Process com.cooliris.media (pid 1792) has died.
06-23 10:10:30.423 D/WifiService( 1085): ACTION_SCREEN_OFF
06-23 10:10:30.470 D/WifiService( 1085): setting ACTION_DEVICE_IDLE timer for 900000ms
06-23 10:10:30.751 D/WifiService( 1085): acquireWifiLockLocked: WifiLock{NetworkLocationProvider type=2 binder=android.os.Binder@44ad9d48}
06-23 10:10:30.751 D/StatusBar( 1085): DISABLE_EXPAND: yes
06-23 10:10:31.118 D/WifiService( 1085): releaseWifiLockLocked: WifiLock{NetworkLocationProvider type=2 binder=android.os.Binder@44ad9d48}
06-23 10:11:01.608 W/WindowManager( 1085): No focus window, dropping: KeyEvent{action=1 code=26 repeat=0 meta=0 scancode=107 mFlags=8}
06-23 10:11:01.647 D/WifiService( 1085): ACTION_SCREEN_ON
06-23 10:11:01.688 D/WifiService( 1085): acquireWifiLockLocked: WifiLock{NetworkLocationProvider type=2 binder=android.os.Binder@44ad9d48}
06-23 10:11:03.522 W/InputManagerService( 1085): Window already focused, ignoring focus gain of: com.android.internal.view.IInputMethodClient$Stub$Proxy@4492bf08
06-23 10:11:04.694 I/ActivityManager( 1085): Starting activity: Intent { act=android.intent.action.MAIN cat=[android.intent.category.HOME] flg=0x10200000 cmp=com.android.launcher/com.android.launcher2.Launcher }
06-23 10:11:06.014 D/WifiService( 1085): ACTION_SCREEN_OFF
06-23 10:11:06.022 D/WifiService( 1085): setting ACTION_DEVICE_IDLE timer for 900000ms
06-23 10:11:06.038 D/WifiService( 1085): releaseWifiLockLocked: WifiLock{NetworkLocationProvider type=2 binder=android.os.Binder@44ad9d48}
06-23 10:11:06.108 D/StatusBar( 1085): DISABLE_EXPAND: yes
06-23 10:16:42.331 D/WifiService( 1085): ACTION_SCREEN_ON
06-23 10:16:42.339 D/WifiService( 1085): acquireWifiLockLocked: WifiLock{NetworkLocationProvider type=2 binder=android.os.Binder@44ad9d48}
06-23 10:16:42.823 D/WifiService( 1085): releaseWifiLockLocked: WifiLock{NetworkLocationProvider type=2 binder=android.os.Binder@44ad9d48}
06-23 10:16:43.776 W/InputManagerService( 1085): Window already focused, ignoring focus gain of: com.android.internal.view.IInputMethodClient$Stub$Proxy@44ce4590
06-23 10:16:46.112 D/WifiService( 1085): ACTION_BATTERY_CHANGED pluggedType: 0
06-23 10:16:48.831 D/WifiService( 1085): ACTION_SCREEN_OFF
06-23 10:16:48.854 D/WifiService( 1085): setting ACTION_DEVICE_IDLE timer for 900000ms
06-23 10:16:49.011 D/StatusBar( 1085): DISABLE_EXPAND: yes
06-23 10:16:49.081 D/WifiService( 1085): acquireWifiLockLocked: WifiLock{NetworkLocationProvider type=2 binder=android.os.Binder@44ad9d48}
06-23 10:16:49.432 D/WifiService( 1085): releaseWifiLockLocked: WifiLock{NetworkLocationProvider type=2 binder=android.os.Binder@44ad9d48}
06-23 10:21:26.622 D/WifiService( 1085): ACTION_SCREEN_ON
06-23 10:21:26.300 I/ActivityManager( 1085): Start proc com.android.alarmclock for broadcast com.android.alarmclock/com.android.deskclock.AlarmInitReceiver: pid=2494 uid=10017 gids={}
06-23 10:21:26.637 D/WifiService( 1085): acquireWifiLockLocked: WifiLock{NetworkLocationProvider type=2 binder=android.os.Binder@44ad9d48}
06-23 10:21:26.761 W/InputManagerService( 1085): Window already focused, ignoring focus gain of: com.android.internal.view.IInputMethodClient$Stub$Proxy@44b0fda8
06-23 10:21:30.511 I/ActivityManager( 1085): Starting activity: Intent { act=android.intent.action.MAIN cat=[android.intent.category.LAUNCHER] flg=0x10200000 cmp=com.cooliris.media/.Gallery bnds=[245,450][355,568] }
06-23 10:21:30.644 I/ActivityManager( 1085): Start proc com.cooliris.media for activity com.cooliris.media/.Gallery: pid=2502 uid=10141 gids={1015, 3003}
06-23 10:21:31.191 I/ActivityManager( 1085): Process android.process.media (pid 1835) has died.
06-23 10:21:31.191 D/WifiService( 1085): releaseWifiLockLocked: WifiLock{NetworkLocationProvider type=2 binder=android.os.Binder@44ad9d48}
06-23 10:21:32.246 I/ActivityManager( 1085): Start proc android.process.media for content provider com.android.providers.media/.MediaProvider: pid=2520 uid=10018 gids={1015, 2001, 3003}
06-23 10:21:33.121 I/ActivityManager( 1085): Process com.google.android.talk (pid 2393) has died.
06-23 10:21:33.121 I/WindowManager( 1085): WIN DEATH: Window{44d14120 com.google.android.talk/com.google.android.talk.ChatScreen paused=false}
06-23 10:21:36.847 I/ActivityManager( 1085): Process com.handcent.nextsms (pid 2448) has died.
06-23 10:21:41.410 I/ActivityManager( 1085): Process com.google.android.gm (pid 2408) has died.
06-23 10:21:41.410 I/WindowManager( 1085): WIN DEATH: Window{44cf4bc0 com.google.android.gm/com.google.android.gm.ConversationListActivity paused=false}
06-23 10:21:52.175 I/WindowManager( 1085): Setting rotation to 1, animFlags=0
06-23 10:21:52.199 I/ActivityManager( 1085): Config changed: { scale=1.0 imsi=310/4 loc=en_US touch=3 keys=2/1/2 nav=2/2 orien=2 layout=34 uiMode=17 seq=6}
06-23 10:21:56.363 I/WindowManager( 1085): Setting rotation to 0, animFlags=0
06-23 10:21:56.386 I/ActivityManager( 1085): Config changed: { scale=1.0 imsi=310/4 loc=en_US touch=3 keys=2/1/2 nav=2/2 orien=1 layout=34 uiMode=17 seq=7}
06-23 10:22:03.566 I/ActivityManager( 1085): Process com.android.settings (pid 2274) has died.
06-23 10:22:04.706 I/ActivityManager( 1085): Starting activity: Intent { act=android.intent.action.SEND typ=image/jpeg flg=0x1 cmp=com.google.android.gm/.ComposeActivityGmail (has extras) }
06-23 10:22:05.246 W/ActivityManager( 1085): Activity pause timeout for HistoryRecord{44d3d6f0 com.cooliris.media/.Gallery}
06-23 10:22:05.269 I/ActivityManager( 1085): Start proc com.google.android.gm for activity com.google.android.gm/.ComposeActivityGmail: pid=2536 uid=10014 gids={3003, 1015}
06-23 10:22:05.746 I/ActivityManager( 1085): Starting activity: Intent { act=android.intent.action.SEND typ=image/jpeg flg=0x2000000 cmp=com.google.android.gm/.ComposeActivity (has extras) }
06-23 10:22:20.464 W/InputManagerService( 1085): Starting input on non-focused client com.android.internal.view.IInputMethodClient$Stub$Proxy@44c350e8 (uid=10014 pid=2536)
06-23 10:22:21.277 I/ActivityManager( 1085): Process com.android.alarmclock (pid 2494) has died.
06-23 10:22:23.558 I/ActivityManager( 1085): Process com.google.android.voicesearch (pid 2435) has died.
06-23 10:22:23.558 I/ActivityManager( 1085): Low Memory: No more background processes.
06-23 10:22:31.706 I/ActivityManager( 1085): Process android.process.media (pid 2520) has died.
06-23 10:22:31.706 I/ActivityManager( 1085): Low Memory: No more background processes.
06-23 10:22:45.183 I/ActivityManager( 1085): Start proc android.process.media for content provider com.android.providers.media/.MediaProvider: pid=2576 uid=10018 gids={1015, 2001, 3003}
06-23 10:23:38.292 I/ActivityManager( 1085): Process android.process.media (pid 2576) has died.
06-23 10:23:42.121 I/ActivityManager( 1085): Process com.google.android.gm (pid 2536) has died.
06-23 10:23:45.238 W/InputManagerService( 1085): Window already focused, ignoring focus gain of: com.android.internal.view.IInputMethodClient$Stub$Proxy@44732380
06-23 10:23:46.847 I/ActivityManager( 1085): Start proc com.android.settings for broadcast com.android.settings/.widget.SettingsAppWidgetProvider: pid=2601 uid=1000 gids={3003, 3002, 3001}
06-23 10:23:46.863 I/ActivityManager( 1085): Starting activity: Intent { act=android.intent.action.MAIN cat=[android.intent.category.HOME] flg=0x10200000 cmp=com.android.launcher/com.android.launcher2.Launcher }
06-23 10:23:47.035 W/InputManagerService( 1085): Ignoring hideSoftInput of: com.android.internal.view.IInputMethodClient$Stub$Proxy@44bb8fd0
06-23 10:23:47.316 D/WifiService( 1085): acquireWifiLockLocked: WifiLock{NetworkLocationProvider type=2 binder=android.os.Binder@44ad9d48}
06-23 10:23:47.644 D/WifiService( 1085): releaseWifiLockLocked: WifiLock{NetworkLocationProvider type=2 binder=android.os.Binder@44ad9d48}
06-23 10:23:48.472 I/ActivityManager( 1085): Starting activity: Intent { act=android.intent.action.MAIN cat=[android.intent.category.HOME] flg=0x10200000 cmp=com.android.launcher/com.android.launcher2.Launcher }
06-23 10:23:49.706 I/ActivityManager( 1085): Start proc android.process.media for content provider com.android.providers.media/.MediaProvider: pid=2610 uid=10018 gids={1015, 2001, 3003}
06-23 10:24:35.988 I/ActivityManager( 1085): Starting activity: Intent { act=android.intent.action.MAIN cat=[android.intent.category.LAUNCHER] flg=0x10200000 cmp=com.electricsheep.asi/.SystemInfoActivity bnds=[365,450][475,568] }
06-23 10:24:36.300 I/ActivityManager( 1085): Start proc com.electricsheep.asi for activity com.electricsheep.asi/.SystemInfoActivity: pid=2619 uid=10084 gids={3003, 1007, 1015, 1006}
06-23 10:24:36.839 D/WifiService( 1085): acquireWifiLockLocked: WifiLock{NetworkLocationProvider type=2 binder=android.os.Binder@44ad9d48}
06-23 10:24:38.253 D/WifiService( 1085): releaseWifiLockLocked: WifiLock{NetworkLocationProvider type=2 binder=android.os.Binder@44ad9d48}
06-23 10:24:39.527 I/ActivityManager( 1085): Start proc com.google.android.voicesearch for broadcast com.google.android.voicesearch/.logging.LoggingReceiver: pid=2633 uid=10035 gids={3003}
06-23 10:24:41.925 W/InputManagerService( 1085): Window already focused, ignoring focus gain of: com.android.internal.view.IInputMethodClient$Stub$Proxy@44cffb68
06-23 10:24:43.324 D/WifiService( 1085): ACTION_BATTERY_CHANGED pluggedType: 0
06-23 10:25:30.160 I/ActivityManager( 1085): Starting activity: Intent { act=android.intent.action.VIEW cmp=com.android.settings/.InstalledAppDetails (has extras) }
06-23 10:25:34.058 I/ActivityManager( 1085): Force stopping package com.xtremeagent365.camera1 uid=10049
06-23 10:25:34.167 W/InputManagerService( 1085): Window already focused, ignoring focus gain of: com.android.internal.view.IInputMethodClient$Stub$Proxy@44b97810
06-23 10:25:35.574 I/ActivityManager( 1085): Starting activity: Intent { act=android.intent.action.MAIN cat=[android.intent.category.HOME] flg=0x10200000 cmp=com.android.launcher/com.android.launcher2.Launcher }
06-23 10:25:35.621 W/InputManagerService( 1085): Ignoring hideSoftInput of: com.android.internal.view.IInputMethodClient$Stub$Proxy@44bb47c8
06-23 10:25:35.777 D/WifiService( 1085): acquireWifiLockLocked: WifiLock{NetworkLocationProvider type=2 binder=android.os.Binder@44ad9d48}
06-23 10:25:36.003 D/WifiService( 1085): releaseWifiLockLocked: WifiLock{NetworkLocationProvider type=2 binder=android.os.Binder@44ad9d48}
06-23 10:25:37.964 I/ActivityManager( 1085): Starting activity: Intent { act=android.intent.action.MAIN cat=[android.intent.category.LAUNCHER] flg=0x10200000 cmp=com.dropbox.android/.activity.DropboxBrowser bnds=[125,70][235,188] }
06-23 10:25:39.441 I/ActivityManager( 1085): Start proc com.dropbox.android for activity com.dropbox.android/.activity.DropboxBrowser: pid=2651 uid=10158 gids={3003, 1015}
06-23 10:25:40.355 I/ActivityManager( 1085): Process android.process.acore (pid 2309) has died.
06-23 10:25:40.683 D/WifiService( 1085): acquireWifiLockLocked: WifiLock{NetworkLocationProvider type=2 binder=android.os.Binder@44ad9d48}
06-23 10:25:46.605 D/WifiService( 1085): releaseWifiLockLocked: WifiLock{NetworkLocationProvider type=2 binder=android.os.Binder@44ad9d48}
06-23 10:25:54.058 I/ActivityManager( 1085): Starting activity: Intent { act=android.intent.action.VIEW dat=file:///mnt/sdcard/dropbox/camera1.apk typ=application/vnd.android.package-archive flg=0x10000003 cmp=com.android.packageinstaller/.PackageInstallerActivity }
06-23 10:25:54.167 I/ActivityManager( 1085): Start proc com.android.packageinstaller for activity com.android.packageinstaller/.PackageInstallerActivity: pid=2667 uid=10016 gids={}
06-23 10:25:54.183 W/InputManagerService( 1085): Window already focused, ignoring focus gain of: com.android.internal.view.IInputMethodClient$Stub$Proxy@44adbcb8
06-23 10:26:01.886 I/ActivityManager( 1085): Starting activity: Intent { dat=file:///mnt/sdcard/dropbox/camera1.apk cmp=com.android.packageinstaller/.InstallAppProgress (has extras) }
06-23 10:26:02.058 I/ActivityManager( 1085): Start proc com.android.defcontainer for service com.android.defcontainer/.DefaultContainerService: pid=2674 uid=10172 gids={1015, 2001}
06-23 10:26:06.113 I/ActivityManager( 1085): Force stopping package com.xtremeagent365.camera1 uid=10049
06-23 10:26:06.746 I/PackageManager( 1085): Package com.xtremeagent365.camera1 codePath changed from /data/app/com.xtremeagent365.camera1-1.apk to /data/app/com.xtremeagent365.camera1-2.apk; Retaining data and using new
06-23 10:26:17.581 I/ActivityManager( 1085): Force stopping package com.xtremeagent365.camera1 uid=10049
06-23 10:26:17.581 W/PackageManager( 1085): Code path for pkg : com.xtremeagent365.camera1 changing from /data/app/com.xtremeagent365.camera1-1.apk to /data/app/com.xtremeagent365.camera1-2.apk
06-23 10:26:17.581 W/PackageManager( 1085): Resource path for pkg : com.xtremeagent365.camera1 changing from /data/app/com.xtremeagent365.camera1-1.apk to /data/app/com.xtremeagent365.camera1-2.apk
06-23 10:26:19.503 I/ActivityManager( 1085): Force stopping package com.xtremeagent365.camera1 uid=10049
06-23 10:26:19.597 I/ActivityManager( 1085): Start proc com.yahoo.mobile.client.android.mail for broadcast com.yahoo.mobile.client.android.mail/com.yahoo.mobile.client.share.provider.SharedDataAccessResolver: pid=2683 uid=10058 gids={3003, 1007, 1015}
06-23 10:26:21.206 I/ActivityManager( 1085): Start proc com.android.voicedialer for broadcast com.android.voicedialer/.VoiceDialerReceiver: pid=2690 uid=10022 gids={3002}
06-23 10:26:21.910 I/ActivityManager( 1085): Start proc com.amazon.venezia for broadcast com.amazon.venezia/.notification.ClientBroadcastReceiver: pid=2696 uid=10062 gids={3003, 1015}
06-23 10:26:22.081 I/ActivityManager( 1085): Process com.cooliris.media (pid 2502) has died.
06-23 10:26:22.089 I/WindowManager( 1085): WIN DEATH: Window{44d75ff8 com.cooliris.media/com.cooliris.media.Gallery paused=false}
06-23 10:26:22.097 I/WindowManager( 1085): WIN DEATH: Window{44cc3c38 SurfaceView paused=false}
06-23 10:26:25.581 I/ActivityManager( 1085): Start proc com.google.android.apps.maps for broadcast com.google.android.apps.maps/com.google.android.location.internal.NlpPackageUpdateReceiver: pid=2711 uid=10029 gids={3003, 1015}
06-23 10:26:25.964 I/ActivityManager( 1085): Starting activity: Intent { act=android.intent.action.MAIN cat=[android.intent.category.HOME] flg=0x10200000 cmp=com.android.launcher/com.android.launcher2.Launcher }
06-23 10:26:26.003 W/InputManagerService( 1085): Ignoring hideSoftInput of: com.android.internal.view.IInputMethodClient$Stub$Proxy@44aceda8
06-23 10:26:26.972 D/WifiService( 1085): acquireWifiLockLocked: WifiLock{NetworkLocationProvider type=2 binder=android.os.Binder@44ad9d48}
06-23 10:26:27.449 W/InputManagerService( 1085): Starting input on non-focused client com.android.internal.view.IInputMethodClient$Stub$Proxy@44b2c420 (uid=10158 pid=2651)
06-23 10:26:29.371 I/ActivityManager( 1085): Start proc com.svox.pico for broadcast com.svox.pico/.VoiceDataInstallerReceiver: pid=2720 uid=10024 gids={}
06-23 10:26:29.949 I/ActivityManager( 1085): Start proc com.a0soft.gphone.app2sd for broadcast com.a0soft.gphone.app2sd/.main.PkgChangedRecv: pid=2728 uid=10096 gids={3003}
06-23 10:26:30.191 I/ActivityManager( 1085): Process com.android.packageinstaller (pid 2667) has died.
06-23 10:26:31.160 I/ActivityManager( 1085): Start proc com.amazon.mp3 for broadcast com.amazon.mp3/.client.receiver.MetricsSubmissionReceiver: pid=2735 uid=10006 gids={3003, 1015} --------- beginning of /dev/log/main
06-23 10:26:32.011 D/Configuration( 2735): active site = local
06-23 10:26:32.089 D/FREESPACE( 2735): Bytes to fill: 25821184
06-23 10:26:32.206 D/dalvikvm( 2696): GC_FOR_MALLOC freed 7636 objects / 419336 bytes in 305ms
06-23 10:26:32.222 D/UpdateService( 2696): Received action: com.amazon.mas.client.framework.UpdateService.APP_WAS_REPLACED from intent: Intent { act=com.amazon.mas.client.framework.UpdateService.APP_WAS_REPLACED cmp=com.amazon.venezia/com.amazon.mas.client.framework.UpdateService (has extras) }
06-23 10:26:32.261 I/ActivityManager( 1085): Start proc com.google.android.apps.maps:FriendService for broadcast com.google.android.apps.maps/com.google.googlenav.friend.android.ServiceReceiver: pid=2742 uid=10029 gids={3003, 1015}
06-23 10:26:32.488 D/dalvikvm( 2735): GC_FOR_MALLOC freed 3899 objects / 331600 bytes in 289ms
06-23 10:26:32.613 I/ActivityManager( 1085): Starting activity: Intent { act=android.intent.action.MAIN cat=[android.intent.category.LAUNCHER] flg=0x10200000 cmp=com.xtremeagent365.camera1/.Camera1Activity bnds=[245,450][355,568] }
06-23 10:26:32.621 D/UpdateService( 2696): Received action: com.amazon.mas.client.framework.UpdateService.RESCHEDULE_TASK from intent: Intent { act=com.amazon.mas.client.framework.UpdateService.RESCHEDULE_TASK cmp=com.amazon.venezia/com.amazon.mas.client.framework.UpdateService (has extras) }
06-23 10:26:33.066 D/dalvikvm( 1085): GC_EXTERNAL_ALLOC freed 9007 objects / 460784 bytes in 291ms
06-23 10:26:33.074 I/ActivityManager( 1085): Start proc com.xtremeagent365.camera1 for activity com.xtremeagent365.camera1/.Camera1Activity: pid=2751 uid=10049 gids={1015, 1006, 3003}
06-23 10:26:33.621 D/dalvikvm( 2742): GC_FOR_MALLOC freed 2054 objects / 148848 bytes in 189ms
06-23 10:26:33.839 I/TiApplication( 2751): (main) [1,1] checkpoint, app created.
06-23 10:26:34.089 I/ActivityManager( 1085): Process com.electricsheep.asi (pid 2619) has died.
06-23 10:26:34.089 I/WindowManager( 1085): WIN DEATH: Window{44c9d1b0 com.electricsheep.asi/com.electricsheep.asi.SystemInfoActivity paused=false}
06-23 10:26:34.105 D/LocationMasfClient( 1085): getNetworkLocation(): Returning cache location with accuracy 1637.0
06-23 10:26:34.261 I/TiApplication( 2751): (main) [421,422] Titanium 1.7.1 (2011/06/21 14:28 293a6d)
06-23 10:26:34.300 D/libgps ( 1085): GpsInterface_inject_location( 42.686293, -83.125943, 1637.000 )
06-23 10:26:34.527 I/installd( 1008): free_cache(27446470) avail 26861568
06-23 10:26:34.550 D/WifiService( 1085): releaseWifiLockLocked: WifiLock{NetworkLocationProvider type=2 binder=android.os.Binder@44ad9d48}
06-23 10:26:34.738 I/TiDbHelper( 2751): (main) [481,903] No value in database for platform key: 'unique_machine_id' returning supplied default ''
06-23 10:26:34.925 I/TiDbHelper( 2751): (main) [187,1090] No value in database for platform key: 'hardware_machine_id' returning supplied default ''
06-23 10:26:35.285 I/ActivityManager( 1085): Start proc com.google.android.googlequicksearchbox for broadcast com.google.android.googlequicksearchbox/.CorporaUpdateReceiver: pid=2758 uid=10041 gids={3003}
06-23 10:26:35.355 I/AudioService( 1085): AudioFocus requestAudioFocus() from AudioFocus_For_Phone_Ring_And_Calls
06-23 10:26:35.605 I/ActivityManager( 1085): Start proc android.process.acore for content provider com.android.providers.contacts/.ContactsProvider2: pid=2767 uid=10013 gids={3003, 1015}
06-23 10:26:35.652 I/TiRootActivity( 2751): (main) [0,0] checkpoint, on root activity create, savedInstanceState: null
06-23 10:26:35.746 D/AccelerometerListener( 1170): enable(false)
06-23 10:26:35.785 I/ActivityThread( 2758): Publishing provider com.google.android.googlequicksearchbox.google: com.google.android.googlequicksearchbox.google.GoogleSuggestionProvider
06-23 10:26:35.871 I/AudioService( 1085): AudioFocus abandonAudioFocus() from android.media.AudioManager@44a14f88
06-23 10:26:35.886 I/ActivityThread( 2767): Publishing provider call_log: com.android.providers.contacts.CallLogProvider
06-23 10:26:35.902 D/TiAnalyticsDb( 2751): (main) [249,249] Creating Database tianalytics.db
06-23 10:26:35.902 I/TiAnalyticsDb( 2751): (main) [1,250] Upgrading Database from 1 to 4
06-23 10:26:35.941 W/Process ( 1085): Unable to open /proc/2619/status
06-23 10:26:35.956 I/ActivityThread( 2758): Publishing provider com.google.android.googlequicksearchbox.shortcuts: com.google.android.googlequicksearchbox.ShortcutsProvider
06-23 10:26:36.097 W/CallNotifier( 1170): CallerInfo query took too long; manually starting ringer
06-23 10:26:36.097 W/CallNotifier( 1170): CallerInfo query took too long; falling back to default ringtone
06-23 10:26:36.339 D/GoogleLoginService( 1206): onBind: Intent { act=android.accounts.AccountAuthenticator cmp=com.google.android.gsf/.loginservice.GoogleLoginService }
06-23 10:26:36.363 I/ActivityThread( 2767): Publishing provider user_dictionary: com.android.providers.userdictionary.UserDictionaryProvider
06-23 10:26:36.394 I/ActivityThread( 2767): Publishing provider com.android.social: com.android.providers.contacts.SocialProvider
06-23 10:26:36.410 I/ActivityThread( 2767): Publishing provider applications: com.android.providers.applications.ApplicationsProvider
06-23 10:26:36.581 I/ActivityManager( 1085): Process com.android.defcontainer (pid 2674) has died.
06-23 10:26:36.589 I/ActivityManager( 1085): Starting activity: Intent { act=android.intent.action.MAIN flg=0x10840000 cmp=com.android.phone/.InCallScreen }
06-23 10:26:36.792 D/dalvikvm( 2751): GC_FOR_MALLOC freed 3758 objects / 348480 bytes in 57ms
06-23 10:26:36.855 I/ActivityThread( 2767): Publishing provider contacts;com.android.contacts: com.android.providers.contacts.ContactsProvider2
06-23 10:26:37.042 D/WifiService( 1085): acquireWifiLockLocked: WifiLock{NetworkLocationProvider type=2 binder=android.os.Binder@44ad9d48}
06-23 10:26:37.058 I/ActivityManager( 1085): Start proc com.vzw.vvm.androidclient for broadcast com.vzw.vvm.androidclient/.ui.VVMBroadcastReceiver: pid=2782 uid=10010 gids={3003, 1015}
06-23 10:26:37.339 W/ActivityManager( 1085): Activity pause timeout for HistoryRecord{44b975d0 com.xtremeagent365.camera1/.Camera1Activity}
06-23 10:26:37.613 E/TiApplication( 2751): (main) [1704,1954] APP PROXY: [Ti.App]
06-23 10:26:37.910 D/UpdateService( 2696): Received action: com.amazon.mas.client.framework.UpdateService.RESCHEDULE_TASK from intent: Intent { act=com.amazon.mas.client.framework.UpdateService.RESCHEDULE_TASK cmp=com.amazon.venezia/com.amazon.mas.client.framework.UpdateService (has extras) }
06-23 10:26:37.988 D/KrollContext( 2751): (kroll$1: app://app.js) [375,2329] Running pre-compiled script: app.js
06-23 10:26:38.042 I/ActivityThread( 2782): Publishing provider com.vzw.vvm.androidclient.lib.storage.VVMMsgData: com.vzw.vvm.androidclient.lib.storage.VVMContentProvider
06-23 10:26:38.105 D/TiScriptRunner( 2751): (kroll$1: app://app.js) [119,2448] Executing script: com.xtremeagent365.camera1.js.app
06-23 10:26:38.425 D/dalvikvm( 1170): GC_FOR_MALLOC freed 8324 objects / 427872 bytes in 132ms
06-23 10:26:38.566 D/dalvikvm( 1170): GC_EXTERNAL_ALLOC freed 611 objects / 34672 bytes in 105ms
06-23 10:26:38.878 D/dalvikvm( 1170): GC_EXTERNAL_ALLOC freed 422 objects / 25760 bytes in 115ms
06-23 10:26:39.128 W/ResourceType( 1170): getEntry failing because entryIndex 65 is beyond type entryCount 1
06-23 10:26:39.910 D/StatusBar( 1085): DISABLE_EXPAND: yes
06-23 10:26:39.980 I/ActivityManager( 1085): Process com.dropbox.android (pid 2651) has died.
06-23 10:26:39.988 I/WindowManager( 1085): WIN DEATH: Window{44aee818 com.dropbox.android/com.dropbox.android.activity.DropboxBrowser paused=false}
06-23 10:26:40.011 D/CameraHal( 1006): CameraSettings constructor
06-23 10:26:40.011 D/CameraHal( 1006): CameraHal constructor
06-23 10:26:40.011 D/CameraHal( 1006): Model ID: Droid
06-23 10:26:40.019 D/CameraHal( 1006): Software ID 2.2.2
06-23 10:26:40.238 I/power ( 1085): *** set_screen_state 1
06-23 10:26:40.339 I/HPAndroidHAL( 1006): Version 4719:5353. SholesMR2_RC9 Build Time: 2010-06-14 15:15:45.
06-23 10:26:40.667 I/ActivityManager( 1085): Process com.android.voicedialer (pid 2690) has died.
06-23 10:26:40.777 D/CameraHal( 1006): 20 default parameters
06-23 10:26:40.785 I/dalvikvm( 1170): Jit: resizing JitTable from 4096 to 8192
06-23 10:26:40.801 D/CameraHal( 1006): Immediate Zoom/1:0. Current zoom level/1:0
06-23 10:26:40.801 D/CameraHal( 1006): CameraHal constructor exited ok
06-23 10:26:40.871 D/CameraHal( 1006): stopPreview
06-23 10:26:40.871 D/CameraHal( 1006): CameraHal release
06-23 10:26:40.886 I/HPAndroidHAL( 1006): APILOG: ExitHPLibraries
06-23 10:26:40.886 I/HPAndroidHAL( 1006): APILOG: state machine shutting down...
06-23 10:26:41.035 I/ActivityManager( 1085): Process com.svox.pico (pid 2720) has died.
06-23 10:26:41.042 I/ActivityManager( 1085): Displayed activity com.android.phone/.InCallScreen: 3709 ms (total 7979 ms)
06-23 10:26:41.214 D/dalvikvm( 2767): GC_FOR_MALLOC freed 2827 objects / 189120 bytes in 94ms
06-23 10:26:41.308 I/HPAndroidHAL( 1006): APILOG: components shutting down...
06-23 10:26:41.308 I/HPAndroidHAL( 1006): APILOG: all components uninitialized.
06-23 10:26:41.339 I/HPAndroidHAL( 1006): APILOG: all components destroyed.
06-23 10:26:41.339 I/HPAndroidHAL( 1006): APILOG: library shutdown complete.
06-23 10:26:41.339 D/CameraHal( 1006): CameraHal destructor
06-23 10:26:41.339 D/CameraHal( 1006): CameraHal release
06-23 10:26:41.339 D/CameraHal( 1006): CameraSettings destructor
06-23 10:26:41.558 I/global ( 2735): Default buffer size used in BufferedInputStream constructor. It would be better to be explicit if an 8k buffer is required.
06-23 10:26:41.621 D/Configuration( 2735): active site = remote
06-23 10:26:41.675 D/FREESPACE( 2735): Bytes to fill: 26681344
06-23 10:26:41.691 W/Process ( 1085): Unable to open /proc/2651/status
06-23 10:26:41.691 W/Process ( 1085): Unable to open /proc/2674/status
06-23 10:26:41.699 W/Process ( 1085): Unable to open /proc/2720/status
06-23 10:26:41.816 D/LocationMasfClient( 1085): getNetworkLocation(): Returning cache location with accuracy 1637.0
06-23 10:26:41.878 D/libgps ( 1085): GpsInterface_inject_location( 42.686293, -83.125943, 1637.000 )
06-23 10:26:41.894 D/dalvikvm( 2751): GC_EXTERNAL_ALLOC freed 5070 objects / 304160 bytes in 49ms
06-23 10:26:41.980 I/TiRootActivity( 2751): (main) [0,0] checkpoint, on root activity resume. context = org.appcelerator.titanium.TiContext@44788240
06-23 10:26:41.996 I/TiAnalyticsSvc( 2751): (main) [19,19] Send already in progress, skipping intent
06-23 10:26:42.597 I/ActivityManager( 1085): Process com.google.android.voicesearch (pid 2633) has died.
06-23 10:26:42.660 W/ResourceType( 1170): Attempt to retrieve bag 0x01010041 which is invalid or in a cycle.
06-23 10:26:42.667 D/InCallTouchUi( 1170): onDialTrigger(whichHandle = 2)...
06-23 10:26:42.683 D/InCallTouchUi( 1170): updateState: Too soon after last action; not drawing!
06-23 10:26:42.785 D/Audio_Unsolicited( 1006): RDS Call state connected
06-23 10:26:42.847 D/dalvikvm( 1170): GC_EXTERNAL_ALLOC freed 1575 objects / 80856 bytes in 56ms
06-23 10:26:42.894 D/InCallTouchUi( 1170): updateState: Too soon after last action; not drawing!
06-23 10:26:42.972 I/AudioService( 1085): AudioFocus abandonAudioFocus() from AudioFocus_For_Phone_Ring_And_Calls
06-23 10:26:43.121 I/PowerManagerService( 1085): clearUserActivity for 10000ms from now
06-23 10:26:43.160 I/ActivityManager( 1085): Starting activity: Intent { act=android.intent.action.VIEW typ=vnd.android.cursor.dir/calls flg=0x10000 cmp=com.android.contacts/.DialtactsActivity }
06-23 10:26:43.246 I/ActivityManager( 1085): moveTaskToBack: 14
06-23 10:26:43.277 D/AccelerometerListener( 1170): enable(false)
06-23 10:26:43.292 W/ActivityManager( 1085): Activity idle timeout for HistoryRecord{44b975d0 com.xtremeagent365.camera1/.Camera1Activity}
06-23 10:26:43.464 D/WorkQueue( 2735): DownloadQueue.Worker: WorkQueue thread loop finished!
06-23 10:26:43.628 W/TiAnalyticsSvc( 2751): (Thread-10) [1629,1648] Analytics Service Started
06-23 10:26:43.847 W/TiAnalyticsSvc( 2751): (Thread-11) [217,1865] Analytics Service Started
06-23 10:26:43.847 I/ActivityManager( 1085): Starting activity: Intent { act=android.media.action.IMAGE_CAPTURE cat=[android.intent.category.DEFAULT] cmp=com.google.android.camera/com.android.camera.Camera (has extras) }
06-23 10:26:44.316 I/ActivityManager( 1085): Displayed activity com.android.contacts/.DialtactsActivity: 1023 ms (total 1023 ms)
06-23 10:26:44.605 D/dalvikvm( 2767): GC_FOR_MALLOC freed 3649 objects / 223720 bytes in 104ms
06-23 10:26:45.113 W/InputMethodManager( 2767): Ignoring onBind: cur seq=40, given seq=39
06-23 10:26:45.253 I/ActivityManager( 1085): Start proc com.google.android.voicesearch for broadcast com.google.android.voicesearch/.logging.LoggingReceiver: pid=2822 uid=10035 gids={3003}
06-23 10:26:45.394 D/dalvikvm( 1005): GC_EXPLICIT freed 287 objects / 10864 bytes in 138ms
06-23 10:26:45.472 I/ActivityThread( 2822): Publishing provider com.google.android.voicesearch.VoiceSearchResultProvider: com.google.android.voicesearch.VoiceSearchResultProvider
06-23 10:26:45.480 D/dalvikvm( 1005): GC_EXPLICIT freed 52 objects / 2272 bytes in 82ms
06-23 10:26:45.574 D/dalvikvm( 1005): GC_EXPLICIT freed 2 objects / 64 bytes in 98ms
06-23 10:26:45.886 D/AlarmManagerService( 1085): Kernel timezone updated to 240 minutes west of GMT
06-23 10:26:45.964 I/ActivityManager( 1085): moveTaskToBack: 14
06-23 10:26:45.988 I/ActivityManager( 1085): Process com.amazon.venezia (pid 2696) has died.
06-23 10:26:46.019 W/KeyCharacterMap( 2767): Can't open keycharmap file
06-23 10:26:46.019 W/KeyCharacterMap( 2767): Error loading keycharmap file '/system/usr/keychars/qtouch-touchscreen.kcm.bin'. hw.keyboards.65538.devname='qtouch-touchscreen'
06-23 10:26:46.019 W/KeyCharacterMap( 2767): Using default keymap: /system/usr/keychars/qwerty.kcm.bin
06-23 10:26:46.347 I/TiAnalyticsSvc( 2751): (Thread-10) [2504,4369] Sending 2 analytics events.
06-23 10:26:46.371 I/TiAnalyticsSvc( 2751): (Thread-11) [22,4391] Sending 2 analytics events.
06-23 10:26:46.535 D/LocationMasfClient( 1085): getNetworkLocation(): Returning cache location with accuracy 1878.0
06-23 10:26:46.535 D/libgps ( 1085): GpsInterface_inject_location( 42.711473, -83.132921, 1878.000 )
06-23 10:26:46.589 I/ActivityManager( 1085): Start proc com.google.android.camera for activity com.google.android.camera/com.android.camera.Camera: pid=2831 uid=10168 gids={1006, 1015}
06-23 10:26:46.652 I/WindowManager( 1085): Setting rotation to 1, animFlags=1
06-23 10:26:46.675 I/ActivityManager( 1085): Config changed: { scale=1.0 imsi=310/4 loc=en_US touch=3 keys=2/1/2 nav=2/2 orien=2 layout=34 uiMode=17 seq=8}
06-23 10:26:47.175 I/ActivityManager( 1085): Process com.google.android.apps.maps:FriendService (pid 2742) has died.
06-23 10:26:47.472 D/dalvikvm( 1085): GC_EXTERNAL_ALLOC freed 10648 objects / 508976 bytes in 164ms
06-23 10:26:47.699 D/CameraHal( 1006): CameraSettings constructor
06-23 10:26:47.699 D/CameraHal( 1006): CameraHal constructor
06-23 10:26:47.699 D/CameraHal( 1006): Model ID: Droid
06-23 10:26:47.699 D/CameraHal( 1006): Software ID 2.2.2
06-23 10:26:47.816 I/HPAndroidHAL( 1006): Version 4719:5353. SholesMR2_RC9 Build Time: 2010-06-14 15:15:45.
06-23 10:26:48.253 D/CameraHal( 1006): 20 default parameters
06-23 10:26:48.270 D/CameraHal( 1006): Immediate Zoom/1:0. Current zoom level/1:0
06-23 10:26:48.270 D/CameraHal( 1006): CameraHal constructor exited ok
06-23 10:26:48.292 D/Camera ( 2831): app passed NULL surface
06-23 10:26:48.324 D/CameraHal( 1006): Extract changes completed, 3 total changes
06-23 10:26:48.331 V/camera ( 2831): startPreview
06-23 10:26:48.331 W/CameraHal( 1006): No overlay set before start preview
06-23 10:26:48.355 I/ActivityManager( 1085): Process com.a0soft.gphone.app2sd (pid 2728) has died.
06-23 10:26:48.371 I/ActivityManager( 1085): Displayed activity com.google.android.camera/com.android.camera.Camera: 1784 ms (total 1784 ms)
06-23 10:26:48.386 W/IInputConnectionWrapper( 2767): showStatusIcon on inactive InputConnection
06-23 10:26:48.535 I/ActivityManager( 1085): Process com.google.android.apps.maps (pid 2711) has died.
06-23 10:26:48.542 D/CameraHal( 1006): deinitPvOverlay()
06-23 10:26:48.550 D/CameraHal( 1006): Trying to set overlay, but overlay is null!
06-23 10:26:48.550 D/TIOverlay( 1085): overlay_createOverlay:IN w=640 h=480 format=99
06-23 10:26:48.550 I/Overlay ( 1085): v4l2_overlay_init:: w=480 h=854
06-23 10:26:48.550 I/Overlay ( 1085): v4l2_overlay_init:: w=640 h=480
06-23 10:26:48.550 I/Overlay ( 1085): v4l2_overlay_init:: w=640 h=480
06-23 10:26:48.566 I/Overlay ( 1085): 8 buffers allocated 4 requested
06-23 10:26:48.566 I/Overlay ( 1085): buffer cookie is 2
06-23 10:26:48.566 I/TIOverlay( 1085): Opened video1/fd=126/obj=003aa420/shm=125/size=4096
06-23 10:26:48.566 D/TIOverlay( 1085): overlay_createOverlay: OUT
06-23 10:26:48.566 I/TIOverlay( 1085): Position/X0/Y0/W0/H0
06-23 10:26:48.566 I/TIOverlay( 1085): Adjusted Position/X0/Y50/W480/H0
06-23 10:26:48.566 I/TIOverlay( 1085): Rotation/90
06-23 10:26:48.566 I/Overlay ( 1085): v4l2_overlay_set_position:: w=480 h=854
06-23 10:26:48.566 I/Overlay ( 1085): v4l2_overlay_set_position:: w=480 h=648
06-23 10:26:48.566 I/Overlay ( 1085): dumping driver state:
06-23 10:26:48.566 I/Overlay ( 1085): output pixfmt:
06-23 10:26:48.566 I/Overlay ( 1085): w: 640
06-23 10:26:48.566 I/Overlay ( 1085): h: 480
06-23 10:26:48.566 I/Overlay ( 1085): color: 7
06-23 10:26:48.566 I/Overlay ( 1085): YUYV
06-23 10:26:48.566 I/Overlay ( 1085): v4l2_overlay window:
06-23 10:26:48.566 I/Overlay ( 1085): window l: 0
06-23 10:26:48.566 I/Overlay ( 1085): window t: 50
06-23 10:26:48.566 I/Overlay ( 1085): window w: 480
06-23 10:26:48.566 I/Overlay ( 1085): window h: 648
06-23 10:26:48.566 I/Overlay ( 1085): output crop:
06-23 10:26:48.566 I/Overlay ( 1085): crop l: 0
06-23 10:26:48.566 I/Overlay ( 1085): crop t: 0
06-23 10:26:48.566 I/Overlay ( 1085): crop w: 640
06-23 10:26:48.566 I/Overlay ( 1085): crop h: 480
06-23 10:26:48.566 I/TIOverlay( 1085): Postponing Stream Enable/1/0
06-23 10:26:48.574 I/Overlay ( 1006): query buffer, mem=1 type=2 index=0
06-23 10:26:48.574 I/Overlay ( 1006): query buffer, mem=1 type=2 index=1
06-23 10:26:48.574 I/Overlay ( 1006): query buffer, mem=1 type=2 index=2
06-23 10:26:48.574 I/Overlay ( 1006): query buffer, mem=1 type=2 index=3
06-23 10:26:48.574 I/Overlay ( 1006): query buffer, mem=1 type=2 index=4
06-23 10:26:48.581 I/Overlay ( 1006): query buffer, mem=1 type=2 index=5
06-23 10:26:48.581 I/Overlay ( 1006): query buffer, mem=1 type=2 index=6
06-23 10:26:48.581 I/Overlay ( 1006): query buffer, mem=1 type=2 index=7
06-23 10:26:48.581 D/CameraHal( 1006): deinitPvOverlay()
06-23 10:26:48.581 D/CameraHal( 1006): initPvOverlay: size/640x480; format/3;
06-23 10:26:48.581 D/CameraHal( 1006): initPvOverlay: alloc 614656 bytes of memory
06-23 10:26:48.581 I/Overlay ( 1006): query buffer, mem=1 type=2 index=0
06-23 10:26:48.581 I/TIOverlay( 1006): Buffer/0/addr=4257e000/len=614400
06-23 10:26:48.589 I/Overlay ( 1006): query buffer, mem=1 type=2 index=1
06-23 10:26:48.589 I/TIOverlay( 1006): Buffer/1/addr=42614000/len=614400
06-23 10:26:48.589 I/Overlay ( 1006): query buffer, mem=1 type=2 index=2
06-23 10:26:48.589 I/TIOverlay( 1006): Buffer/2/addr=426aa000/len=614400
06-23 10:26:48.589 I/Overlay ( 1006): query buffer, mem=1 type=2 index=3
06-23 10:26:48.589 I/TIOverlay( 1006): Buffer/3/addr=42740000/len=614400
06-23 10:26:48.589 I/Overlay ( 1006): query buffer, mem=1 type=2 index=4
06-23 10:26:48.589 I/TIOverlay( 1006): Buffer/4/addr=427d6000/len=614400
06-23 10:26:48.589 I/Overlay ( 1006): query buffer, mem=1 type=2 index=5
06-23 10:26:48.589 I/TIOverlay( 1006): Buffer/5/addr=4286c000/len=614400
06-23 10:26:48.597 I/Overlay ( 1006): query buffer, mem=1 type=2 index=6
06-23 10:26:48.597 I/TIOverlay( 1006): Buffer/6/addr=42902000/len=614400
06-23 10:26:48.597 I/Overlay ( 1006): query buffer, mem=1 type=2 index=7
06-23 10:26:48.597 I/TIOverlay( 1006): Buffer/7/addr=42998000/len=614400
06-23 10:26:48.636 I/TIOverlay( 1006): Crop Win/X0/Y0/W640/H480
06-23 10:26:48.636 D/CameraHal( 1006): Enabling preview
06-23 10:26:48.660 D/CameraHal( 1006): Spawning preview thread
06-23 10:26:48.675 I/TIOverlay( 1085): Nothing to do!
06-23 10:26:48.769 D/Sensors ( 1085): using sensors (name=sensors)
06-23 10:26:49.003 D/dalvikvm( 2831): GC_EXTERNAL_ALLOC freed 2254 objects / 150704 bytes in 92ms
06-23 10:26:49.042 D/CameraHal( 1006): processZoom/1:0. stopped=1, mZoomMoving=0, mImmediateZoomMoving=0
06-23 10:26:49.042 D/CameraHal( 1006): Stored Zoom Data/0/1:0
06-23 10:26:49.285 D/libEGL ( 2831): loaded /system/lib/egl/libGLES_android.so
06-23 10:26:49.300 D/libEGL ( 2831): loaded /system/lib/egl/libEGL_POWERVR_SGX530_121.so
06-23 10:26:49.300 D/libEGL ( 2831): loaded /system/lib/egl/libGLESv1_CM_POWERVR_SGX530_121.so
06-23 10:26:49.355 D/libEGL ( 2831): loaded /system/lib/egl/libGLESv2_POWERVR_SGX530_121.so
06-23 10:26:49.480 I/ActivityManager( 1085): Process com.yahoo.mobile.client.android.mail (pid 2683) has died.
06-23 10:26:49.558 I/ActivityManager( 1085): Process com.google.android.googlequicksearchbox (pid 2758) has died.
06-23 10:26:49.777 I/ActivityManager( 1085): Process com.amazon.mp3 (pid 2735) has died.
06-23 10:26:49.925 V/GLRootView( 2831): onSurfaceChanged: 648x480, gl10: com.google.android.gles_jni.GLImpl@44860ae8
06-23 10:26:49.925 V/GLRootView( 2831): layout content pane 648x480
06-23 10:26:50.089 I/ActivityManager( 1085): Process com.android.settings (pid 2601) has died.
06-23 10:26:50.089 I/WindowManager( 1085): WIN DEATH: Window{44a09088 com.android.settings/com.android.settings.InstalledAppDetails paused=false}
06-23 10:26:50.097 I/TIOverlay( 1085): Nothing to do!
06-23 10:26:50.925 D/dalvikvm( 1085): GC_EXPLICIT freed 2500 objects / 113872 bytes in 226ms
06-23 10:26:51.550 D/WifiService( 1085): releaseWifiLockLocked: WifiLock{NetworkLocationProvider type=2 binder=android.os.Binder@44ad9d48}
06-23 10:26:53.074 D/dalvikvm( 2751): GC_FOR_MALLOC freed 4676 objects / 319968 bytes in 235ms
06-23 10:26:53.167 V/camera ( 2831): Start autofocus.
06-23 10:26:53.191 D/CameraHal( 1006): Torch control callback param1: 1, param2: 100
06-23 10:26:53.199 D/CameraHal( 1006): Actual torch power applied: 100
06-23 10:26:53.292 V/camera ( 2831): doSnap: mFocusState=1
06-23 10:26:53.355 I/ActivityManager( 1085): Process com.vzw.vvm.androidclient (pid 2782) has died.
06-23 10:26:53.574 W/Process ( 1085): Unable to open /proc/2711/status
06-23 10:26:53.574 W/Process ( 1085): Unable to open /proc/2728/status
06-23 10:26:53.949 D/CameraHal( 1006): Torch control callback param1: 0, param2: 0
06-23 10:26:53.949 D/CameraHal( 1006): Actual torch power applied: 0
06-23 10:26:54.113 D/CameraHal( 1006): Received 3As callback
06-23 10:26:54.113 D/CameraHal( 1006): 3A Status/3/64/243
06-23 10:26:54.121 V/camera ( 2831): mAutoFocusTime = 950ms
06-23 10:26:54.128 D/CameraHal( 1006): Extract changes completed, 2 total changes
06-23 10:26:54.144 D/CameraHal( 1006): stop preview thread
06-23 10:26:54.160 D/AlarmManagerService( 1085): Kernel timezone updated to 240 minutes west of GMT
06-23 10:26:54.183 D/CameraHal( 1006): Capture size 2592x1936, res enum 2
06-23 10:26:54.183 D/CameraHal( 1006): Setting capture format 0 header 2
06-23 10:26:54.183 D/CameraHal( 1006): Thumbnail enabled
06-23 10:26:54.183 D/CameraHal( 1006): Initializing capture memory raw: 0x431c0000 (10039296), jpg: 0x43b53000 (5019648), pv 0x42fc0000 (614656)
06-23 10:26:54.269 D/AlarmManagerService( 1085): Kernel timezone updated to 240 minutes west of GMT
06-23 10:26:54.831 I/ActivityManager( 1085): Process android.process.acore (pid 2767) has died.
06-23 10:26:54.988 D/CameraHal( 1006): Strobe power callback param1: 100
06-23 10:26:54.996 W/CameraHal( 1006): Strobe status is non-zero: 16
06-23 10:26:54.996 D/CameraHal( 1006): Actual strobe power applied: 100
06-23 10:26:55.089 D/dalvikvm( 2751): GC_FOR_MALLOC freed 6105 objects / 325240 bytes in 79ms
06-23 10:26:55.165 D/CameraHal( 1006): Received shutter callback
06-23 10:26:55.214 V/camera ( 2831): mShutterLag = 1099ms
06-23 10:26:55.308 D/CameraHal( 1006): Strobe power callback param1: 0
06-23 10:26:55.308 D/CameraHal( 1006): Actual strobe power applied: 0
06-23 10:26:55.589 I/ActivityManager( 1085): Process com.google.android.voicesearch (pid 2822) has died.
06-23 10:26:55.589 I/ActivityManager( 1085): Low Memory: No more background processes.
06-23 10:26:56.261 D/CameraHal( 1006): Received postview 0x42fc0000 size 614400
06-23 10:26:56.339 D/dalvikvm( 2831): GC_FOR_MALLOC freed 1502 objects / 103152 bytes in 75ms
06-23 10:26:56.347 I/dalvikvm-heap( 2831): Grow heap (frag case) to 3.363MB for 614416-byte allocation
06-23 10:26:56.644 D/dalvikvm( 2831): GC_FOR_MALLOC freed 51 objects / 1960 bytes in 294ms
06-23 10:26:56.644 V/camera ( 2831): mShutterToPostViewCallbackTime = 1134ms
06-23 10:26:56.652 W/TiAnalyticsSvc( 2751): (Thread-11) [10280,14671] Stopping Analytics Service
06-23 10:26:56.722 W/TiAnalyticsSvc( 2751): (Thread-10) [69,14740] Stopping Analytics Service
06-23 10:26:56.730 I/ActivityManager( 1085): Process com.android.launcher (pid 1174) has died.
06-23 10:26:56.730 I/ActivityManager( 1085): Low Memory: No more background processes.
06-23 10:26:56.730 I/WindowManager( 1085): WIN DEATH: Window{44b881c8 com.android.launcher/com.android.launcher2.Launcher paused=false}
06-23 10:26:56.769 I/TIOverlay( 1085): Nothing to do!
06-23 10:26:57.597 D/CameraHal( 1006): Received raw yuv 0x431c0000 size 10036224
06-23 10:26:57.605 I/JPEG ( 1006): Enter COmxJpegEnc, pSrcData 0x431c0000, srcWidth 2592, srcL2L 5184, srcHeight 1936, colorFormat 0, pJpegDest 0x43b53000, jpegDestSize 5019648, headerFormat 2, qualityLevel 90, bThumb 1, thumbWidth 320, thumbHeight 240, pApp1Hdr 0x43b53002, app1HdrSize 2846, pApp0Hdr 0x0, app0HdrSize 0
06-23 10:26:57.605 D/TIOMX_CORE( 1006): init count = 3
06-23 10:26:57.613 D/TIOMX_CORE( 1006): Found component OMX.TI.JPEG.Encoder with refCount 0
06-23 10:26:57.636 V/camera ( 2831): mShutterToRawCallbackTime = 2416ms
06-23 10:26:57.824 W/TiAnalyticsSvc( 2751): (Thread-11) [1107,15847] Expected to be in a sending state. Sending was already false.
06-23 10:26:57.949 I/JPEG ( 1006): Rxd OMX_EventBufferFlag
06-23 10:26:57.956 D/CameraHal( 1006): Received jpg 0x43b53000 size 838085
06-23 10:26:57.985 D/OMX_JPGENC( 1006): JpegEncLCML_Callback():2994 in EMMCodecDspError EMMCodec Args -> 1, 500
06-23 10:26:57.988 D/TIOMX_CORE( 1006): Found matching pHandle(0xba478) at index 0 with refCount 1
06-23 10:26:57.988 D/TIOMX_CORE( 1006): deinit count = 2
06-23 10:26:57.988 I/JPEG ( 1006): Exiting COmxJpegEnc jpeg size=730693
06-23 10:26:58.085 D/dalvikvm( 2831): GC_FOR_MALLOC freed 99 objects / 620560 bytes in 122ms
06-23 10:26:58.089 I/dalvikvm-heap( 2831): Grow heap (frag case) to 3.506MB for 838101-byte allocation
06-23 10:26:58.175 D/dalvikvm( 2831): GC_FOR_MALLOC freed 0 objects / 0 bytes in 92ms
06-23 10:26:58.175 V/camera ( 2831): mPictureDisplayedToJpegCallbackTime = 1827ms
06-23 10:26:58.222 V/camera ( 2831): mJpegCallbackFinishTime = 46ms
06-23 10:26:58.683 W/Process ( 1085): Unable to open /proc/1174/status
06-23 10:26:58.964 D/AlarmManagerService( 1085): Kernel timezone updated to 240 minutes west of GMT
06-23 10:26:58.988 D/AlarmManagerService( 1085): Kernel timezone updated to 240 minutes west of GMT
06-23 10:27:00.066 D/CameraHal( 1006): stopPreview
06-23 10:27:00.089 D/CameraHal( 1006): stopPreview
06-23 10:27:00.089 D/CameraHal( 1006): CameraHal release
06-23 10:27:00.089 D/CameraHal( 1006): deinitPvOverlay()
06-23 10:27:00.199 D/TIOverlay( 1085): overlay_destroyOverlay:IN dev (0x1262c0) and overlay (0x3aa420)
06-23 10:27:00.207 I/TIOverlay( 1085): Destroying overlay/fd=126/obj=003aa420
06-23 10:27:00.207 D/TIOverlay( 1085): overlay_destroyOverlay:OUT
06-23 10:27:00.207 I/HPAndroidHAL( 1006): APILOG: ExitHPLibraries
06-23 10:27:00.207 I/HPAndroidHAL( 1006): APILOG: state machine shutting down...
06-23 10:27:00.214 I/HPAndroidHAL( 1006): APILOG: components shutting down...
06-23 10:27:00.214 I/HPAndroidHAL( 1006): APILOG: all components uninitialized.
06-23 10:27:00.253 I/HPAndroidHAL( 1006): APILOG: all components destroyed.
06-23 10:27:00.253 I/HPAndroidHAL( 1006): APILOG: library shutdown complete.
06-23 10:27:00.253 D/CameraHal( 1006): CameraHal destructor
06-23 10:27:00.253 D/CameraHal( 1006): CameraHal release
06-23 10:27:00.253 D/CameraHal( 1006): CameraSettings destructor
06-23 10:27:00.667 D/dalvikvm( 2751): GC_EXTERNAL_ALLOC freed 2025 objects / 121928 bytes in 76ms
06-23 10:27:00.667 D/NativeCrypto( 2751): Freeing OpenSSL session
06-23 10:27:00.988 I/TiRootActivity( 2751): (main) [0,0] checkpoint, on root activity resume. context = org.appcelerator.titanium.TiContext@44788240
06-23 10:27:01.167 D/dalvikvm( 2610): GC_EXTERNAL_ALLOC freed 2695 objects / 170512 bytes in 198ms
06-23 10:27:01.175 D/MediaScannerService( 2610): IMediaScannerService.scanFile: /sdcard/dcim/Camera/camera1/tia21905.jpg mimeType: null
06-23 10:27:01.292 I/ActivityManager( 1085): Displayed activity com.xtremeagent365.camera1/.Camera1Activity: 28227 ms (total 28227 ms)
06-23 10:27:01.410 I/global ( 2751): Default buffer size used in BufferedOutputStream constructor. It would be better to be explicit if an 8k buffer is required.
06-23 10:27:01.667 D/dalvikvm( 2751): GC_FOR_MALLOC freed 2608 objects / 552488 bytes in 80ms
06-23 10:27:01.675 I/dalvikvm-heap( 2751): Grow heap (frag case) to 5.184MB for 838101-byte allocation
06-23 10:27:01.746 D/dalvikvm( 2751): GC_FOR_MALLOC freed 84 objects / 4352 bytes in 66ms
06-23 10:27:01.792 D/CameraHal( 1006): CameraSettings constructor
06-23 10:27:01.792 D/CameraHal( 1006): CameraHal constructor
06-23 10:27:01.792 D/CameraHal( 1006): Model ID: Droid
06-23 10:27:01.792 D/CameraHal( 1006): Software ID 2.2.2
06-23 10:27:01.886 I/HPAndroidHAL( 1006): Version 4719:5353. SholesMR2_RC9 Build Time: 2010-06-14 15:15:45.
06-23 10:27:02.105 D/CameraHal( 1006): 20 default parameters
06-23 10:27:02.127 D/CameraHal( 1006): Immediate Zoom/1:0. Current zoom level/1:0
06-23 10:27:02.128 D/CameraHal( 1006): CameraHal constructor exited ok
06-23 10:27:02.183 D/CameraHal( 1006): stopPreview
06-23 10:27:02.183 D/CameraHal( 1006): CameraHal release
06-23 10:27:02.191 I/HPAndroidHAL( 1006): APILOG: ExitHPLibraries
06-23 10:27:02.191 I/HPAndroidHAL( 1006): APILOG: state machine shutting down...
06-23 10:27:02.714 I/HPAndroidHAL( 1006): APILOG: components shutting down...
06-23 10:27:02.714 I/HPAndroidHAL( 1006): APILOG: all components uninitialized.
06-23 10:27:02.753 I/HPAndroidHAL( 1006): APILOG: all components destroyed.
06-23 10:27:02.753 I/HPAndroidHAL( 1006): APILOG: library shutdown complete.
06-23 10:27:02.753 D/CameraHal( 1006): CameraHal destructor
06-23 10:27:02.753 D/CameraHal( 1006): CameraHal release
06-23 10:27:02.753 D/CameraHal( 1006): CameraSettings destructor
06-23 10:27:03.277 I/ActivityManager( 1085): Starting activity: Intent { act=android.media.action.IMAGE_CAPTURE cat=[android.intent.category.DEFAULT] cmp=com.google.android.camera/com.android.camera.Camera (has extras) }
06-23 10:27:03.331 D/CameraHal( 1006): CameraSettings constructor
06-23 10:27:03.331 D/CameraHal( 1006): CameraHal constructor
06-23 10:27:03.331 D/CameraHal( 1006): Model ID: Droid
06-23 10:27:03.331 D/CameraHal( 1006): Software ID 2.2.2
06-23 10:27:03.339 I/HPAndroidHAL( 1006): Version 4719:5353. SholesMR2_RC9 Build Time: 2010-06-14 15:15:45.
06-23 10:27:03.464 D/CameraHal( 1006): 20 default parameters
06-23 10:27:03.481 D/CameraHal( 1006): Immediate Zoom/1:0. Current zoom level/1:0
06-23 10:27:03.481 D/CameraHal( 1006): CameraHal constructor exited ok
06-23 10:27:03.503 D/Camera ( 2831): app passed NULL surface
06-23 10:27:03.519 D/CameraHal( 1006): Extract changes completed, 3 total changes
06-23 10:27:03.519 V/camera ( 2831): startPreview
06-23 10:27:03.519 W/CameraHal( 1006): No overlay set before start preview
06-23 10:27:03.675 D/CameraHal( 1006): deinitPvOverlay()
06-23 10:27:03.675 D/CameraHal( 1006): Trying to set overlay, but overlay is null!
06-23 10:27:03.683 D/TIOverlay( 1085): overlay_createOverlay:IN w=640 h=480 format=99
06-23 10:27:03.683 I/Overlay ( 1085): v4l2_overlay_init:: w=480 h=854
06-23 10:27:03.683 I/Overlay ( 1085): v4l2_overlay_init:: w=640 h=480
06-23 10:27:03.683 I/Overlay ( 1085): v4l2_overlay_init:: w=640 h=480
06-23 10:27:03.699 I/Overlay ( 1085): 8 buffers allocated 4 requested
06-23 10:27:03.699 I/Overlay ( 1085): buffer cookie is 2
06-23 10:27:03.699 I/TIOverlay( 1085): Opened video1/fd=131/obj=003aa420/shm=127/size=4096
06-23 10:27:03.699 D/TIOverlay( 1085): overlay_createOverlay: OUT
06-23 10:27:03.699 I/TIOverlay( 1085): Position/X0/Y0/W0/H0
06-23 10:27:03.699 I/TIOverlay( 1085): Adjusted Position/X0/Y50/W480/H0
06-23 10:27:03.699 I/TIOverlay( 1085): Rotation/90
06-23 10:27:03.699 I/Overlay ( 1085): v4l2_overlay_set_position:: w=480 h=854
06-23 10:27:03.699 I/Overlay ( 1085): v4l2_overlay_set_position:: w=480 h=648
06-23 10:27:03.699 I/Overlay ( 1085): dumping driver state:
06-23 10:27:03.699 I/Overlay ( 1085): output pixfmt:
06-23 10:27:03.699 I/Overlay ( 1085): w: 640
06-23 10:27:03.699 I/Overlay ( 1085): h: 480
