06-23 10:27:03.699 I/Overlay ( 1085): color: 7
06-23 10:27:03.699 I/Overlay ( 1085): YUYV
06-23 10:27:03.699 I/Overlay ( 1085): v4l2_overlay window:
06-23 10:27:03.699 I/Overlay ( 1085): window l: 0
06-23 10:27:03.699 I/Overlay ( 1085): window t: 50
06-23 10:27:03.699 I/Overlay ( 1085): window w: 480
06-23 10:27:03.699 I/Overlay ( 1085): window h: 648
06-23 10:27:03.699 I/Overlay ( 1085): output crop:
06-23 10:27:03.699 I/Overlay ( 1085): crop l: 0
06-23 10:27:03.699 I/Overlay ( 1085): crop t: 0
06-23 10:27:03.699 I/Overlay ( 1085): crop w: 640
06-23 10:27:03.699 I/Overlay ( 1085): crop h: 480
06-23 10:27:03.699 I/TIOverlay( 1085): Postponing Stream Enable/1/0
06-23 10:27:03.706 I/Overlay ( 1006): query buffer, mem=1 type=2 index=0
06-23 10:27:03.706 I/Overlay ( 1006): query buffer, mem=1 type=2 index=1
06-23 10:27:03.706 I/Overlay ( 1006): query buffer, mem=1 type=2 index=2
06-23 10:27:03.706 I/Overlay ( 1006): query buffer, mem=1 type=2 index=3
06-23 10:27:03.730 I/Overlay ( 1006): query buffer, mem=1 type=2 index=4
06-23 10:27:03.730 I/Overlay ( 1006): query buffer, mem=1 type=2 index=5
06-23 10:27:03.730 I/Overlay ( 1006): query buffer, mem=1 type=2 index=6
06-23 10:27:03.730 I/Overlay ( 1006): query buffer, mem=1 type=2 index=7
06-23 10:27:03.746 D/CameraHal( 1006): deinitPvOverlay()
06-23 10:27:03.753 D/CameraHal( 1006): initPvOverlay: size/640x480; format/3;
06-23 10:27:03.753 D/CameraHal( 1006): initPvOverlay: alloc 614656 bytes of memory
06-23 10:27:03.753 I/Overlay ( 1006): query buffer, mem=1 type=2 index=0
06-23 10:27:03.753 I/TIOverlay( 1006): Buffer/0/addr=4254d000/len=614400
06-23 10:27:03.753 I/Overlay ( 1006): query buffer, mem=1 type=2 index=1
06-23 10:27:03.753 I/TIOverlay( 1006): Buffer/1/addr=425e3000/len=614400
06-23 10:27:03.753 I/Overlay ( 1006): query buffer, mem=1 type=2 index=2
06-23 10:27:03.753 I/TIOverlay( 1006): Buffer/2/addr=42679000/len=614400
06-23 10:27:03.753 I/Overlay ( 1006): query buffer, mem=1 type=2 index=3
06-23 10:27:03.753 I/TIOverlay( 1006): Buffer/3/addr=4270f000/len=614400
06-23 10:27:03.753 I/Overlay ( 1006): query buffer, mem=1 type=2 index=4
06-23 10:27:03.753 I/TIOverlay( 1006): Buffer/4/addr=427a5000/len=614400
06-23 10:27:03.769 I/Overlay ( 1006): query buffer, mem=1 type=2 index=5
06-23 10:27:03.769 I/TIOverlay( 1006): Buffer/5/addr=4283b000/len=614400
06-23 10:27:03.769 I/Overlay ( 1006): query buffer, mem=1 type=2 index=6
06-23 10:27:03.769 I/TIOverlay( 1006): Buffer/6/addr=428d1000/len=614400
06-23 10:27:03.769 I/Overlay ( 1006): query buffer, mem=1 type=2 index=7
06-23 10:27:03.769 I/TIOverlay( 1006): Buffer/7/addr=42967000/len=614400
06-23 10:27:03.816 I/TIOverlay( 1006): Crop Win/X0/Y0/W640/H480
06-23 10:27:03.816 D/CameraHal( 1006): Enabling preview
06-23 10:27:03.847 D/CameraHal( 1006): Spawning preview thread
06-23 10:27:03.886 I/TIOverlay( 1085): Nothing to do!
06-23 10:27:03.902 D/Sensors ( 1085): using sensors (name=sensors)
06-23 10:27:03.910 I/TIOverlay( 1085): Position/X0/Y50/W480/H648
06-23 10:27:03.910 I/TIOverlay( 1085): Adjusted Position/X0/Y190/W480/H648
06-23 10:27:03.910 I/TIOverlay( 1085): Rotation/90
06-23 10:27:03.910 I/Overlay ( 1085): v4l2_overlay_set_position:: w=480 h=648
06-23 10:27:03.910 I/Overlay ( 1085): v4l2_overlay_set_position:: w=480 h=648
06-23 10:27:03.910 I/Overlay ( 1085): dumping driver state:
06-23 10:27:03.910 I/Overlay ( 1085): output pixfmt:
06-23 10:27:03.910 I/Overlay ( 1085): w: 640
06-23 10:27:03.910 I/Overlay ( 1085): h: 480
06-23 10:27:03.910 I/Overlay ( 1085): color: 7
06-23 10:27:03.910 I/Overlay ( 1085): YUYV
06-23 10:27:03.910 I/Overlay ( 1085): v4l2_overlay window:
06-23 10:27:03.910 I/Overlay ( 1085): window l: 0
06-23 10:27:03.910 I/Overlay ( 1085): window t: 190
06-23 10:27:03.910 I/Overlay ( 1085): window w: 480
06-23 10:27:03.910 I/Overlay ( 1085): window h: 648
06-23 10:27:03.910 I/Overlay ( 1085): output crop:
06-23 10:27:03.910 I/Overlay ( 1085): crop l: 0
06-23 10:27:03.910 I/Overlay ( 1085): crop t: 0
06-23 10:27:03.910 I/Overlay ( 1085): crop w: 640
06-23 10:27:03.910 I/Overlay ( 1085): crop h: 480
06-23 10:27:03.949 I/TIOverlay( 1085): Position/X0/Y190/W480/H648
06-23 10:27:03.949 I/TIOverlay( 1085): Adjusted Position/X0/Y116/W480/H648
06-23 10:27:03.949 I/TIOverlay( 1085): Rotation/90
06-23 10:27:03.979 I/Overlay ( 1085): v4l2_overlay_set_position:: w=480 h=648
06-23 10:27:03.979 I/Overlay ( 1085): v4l2_overlay_set_position:: w=480 h=648
06-23 10:27:03.979 I/Overlay ( 1085): dumping driver state:
06-23 10:27:03.979 I/Overlay ( 1085): output pixfmt:
06-23 10:27:03.979 I/Overlay ( 1085): w: 640
06-23 10:27:03.979 I/Overlay ( 1085): h: 480
06-23 10:27:03.979 I/Overlay ( 1085): color: 7
06-23 10:27:03.979 I/Overlay ( 1085): YUYV
06-23 10:27:03.979 I/Overlay ( 1085): v4l2_overlay window:
06-23 10:27:03.979 I/Overlay ( 1085): window l: 0
06-23 10:27:03.979 I/Overlay ( 1085): window t: 116
06-23 10:27:03.979 I/Overlay ( 1085): window w: 480
06-23 10:27:03.979 I/Overlay ( 1085): window h: 648
06-23 10:27:03.979 I/Overlay ( 1085): output crop:
06-23 10:27:03.979 I/Overlay ( 1085): crop l: 0
06-23 10:27:03.979 I/Overlay ( 1085): crop t: 0
06-23 10:27:03.979 I/Overlay ( 1085): crop w: 640
06-23 10:27:03.979 I/Overlay ( 1085): crop h: 480
06-23 10:27:04.011 I/TIOverlay( 1085): Position/X0/Y116/W480/H648
06-23 10:27:04.011 I/TIOverlay( 1085): Adjusted Position/X0/Y52/W480/H648
06-23 10:27:04.011 I/TIOverlay( 1085): Rotation/90
06-23 10:27:04.036 I/Overlay ( 1085): v4l2_overlay_set_position:: w=480 h=648
06-23 10:27:04.036 I/Overlay ( 1085): v4l2_overlay_set_position:: w=480 h=648
06-23 10:27:04.036 I/Overlay ( 1085): dumping driver state:
06-23 10:27:04.036 I/Overlay ( 1085): output pixfmt:
06-23 10:27:04.036 I/Overlay ( 1085): w: 640
06-23 10:27:04.036 I/Overlay ( 1085): h: 480
06-23 10:27:04.036 I/Overlay ( 1085): color: 7
06-23 10:27:04.036 I/Overlay ( 1085): YUYV
06-23 10:27:04.036 I/Overlay ( 1085): v4l2_overlay window:
06-23 10:27:04.036 I/Overlay ( 1085): window l: 0
06-23 10:27:04.036 I/Overlay ( 1085): window t: 52
06-23 10:27:04.036 I/Overlay ( 1085): window w: 480
06-23 10:27:04.036 I/Overlay ( 1085): window h: 648
06-23 10:27:04.036 I/Overlay ( 1085): output crop:
06-23 10:27:04.036 I/Overlay ( 1085): crop l: 0
06-23 10:27:04.036 I/Overlay ( 1085): crop t: 0
06-23 10:27:04.036 I/Overlay ( 1085): crop w: 640
06-23 10:27:04.036 I/Overlay ( 1085): crop h: 480
06-23 10:27:04.050 I/ActivityManager( 1085): Displayed activity com.google.android.camera/com.android.camera.Camera: 760 ms (total 760 ms)
06-23 10:27:04.066 I/TIOverlay( 1085): Position/X0/Y52/W480/H648
06-23 10:27:04.066 I/TIOverlay( 1085): Adjusted Position/X0/Y50/W480/H648
06-23 10:27:04.066 I/TIOverlay( 1085): Rotation/90
06-23 10:27:04.066 I/Overlay ( 1085): v4l2_overlay_set_position:: w=480 h=648
06-23 10:27:04.066 I/Overlay ( 1085): v4l2_overlay_set_position:: w=480 h=648
06-23 10:27:04.066 I/Overlay ( 1085): dumping driver state:
06-23 10:27:04.066 I/Overlay ( 1085): output pixfmt:
06-23 10:27:04.066 I/Overlay ( 1085): w: 640
06-23 10:27:04.066 I/Overlay ( 1085): h: 480
06-23 10:27:04.066 I/Overlay ( 1085): color: 7
06-23 10:27:04.066 I/Overlay ( 1085): YUYV
06-23 10:27:04.066 I/Overlay ( 1085): v4l2_overlay window:
06-23 10:27:04.066 I/Overlay ( 1085): window l: 0
06-23 10:27:04.066 I/Overlay ( 1085): window t: 50
06-23 10:27:04.066 I/Overlay ( 1085): window w: 480
06-23 10:27:04.066 I/Overlay ( 1085): window h: 648
06-23 10:27:04.066 I/Overlay ( 1085): output crop:
06-23 10:27:04.066 I/Overlay ( 1085): crop l: 0
06-23 10:27:04.066 I/Overlay ( 1085): crop t: 0
06-23 10:27:04.066 I/Overlay ( 1085): crop w: 640
06-23 10:27:04.066 I/Overlay ( 1085): crop h: 480
06-23 10:27:04.347 D/CameraHal( 1006): Resetting overlay q'd buffer status to false
06-23 10:27:04.378 D/CameraHal( 1006): processZoom/1:0. stopped=1, mZoomMoving=0, mImmediateZoomMoving=0
06-23 10:27:04.378 D/CameraHal( 1006): Stored Zoom Data/0/1:0
06-23 10:27:04.457 V/GLRootView( 2831): onSurfaceChanged: 648x480, gl10: com.google.android.gles_jni.GLImpl@4497afd8
06-23 10:27:04.464 V/GLRootView( 2831): layout content pane 648x480
06-23 10:27:12.574 V/camera ( 2831): Start autofocus.
06-23 10:27:12.582 D/CameraHal( 1006): Torch control callback param1: 1, param2: 100
06-23 10:27:12.582 D/CameraHal( 1006): Actual torch power applied: 100
06-23 10:27:12.660 V/camera ( 2831): doSnap: mFocusState=1
06-23 10:27:13.348 D/CameraHal( 1006): Torch control callback param1: 0, param2: 0
06-23 10:27:13.348 D/CameraHal( 1006): Actual torch power applied: 0
06-23 10:27:13.513 D/CameraHal( 1006): Received 3As callback
06-23 10:27:13.513 D/CameraHal( 1006): 3A Status/3/64/243
06-23 10:27:13.513 V/camera ( 2831): mAutoFocusTime = 942ms
06-23 10:27:13.527 D/CameraHal( 1006): Extract changes completed, 2 total changes
06-23 10:27:13.527 D/CameraHal( 1006): stop preview thread
06-23 10:27:13.582 D/CameraHal( 1006): Capture size 2592x1936, res enum 2
06-23 10:27:13.582 D/CameraHal( 1006): Setting capture format 0 header 2
06-23 10:27:13.582 D/CameraHal( 1006): Thumbnail enabled
06-23 10:27:13.582 D/CameraHal( 1006): Initializing capture memory raw: 0x4318f000 (10039296), jpg: 0x43b22000 (5019648), pv 0x42f8f000 (614656)
06-23 10:27:13.839 D/CameraHal( 1006): Strobe power callback param1: 100
06-23 10:27:13.839 D/CameraHal( 1006): Actual strobe power applied: 100
06-23 10:27:14.042 D/CameraHal( 1006): Received shutter callback
06-23 10:27:14.050 V/camera ( 2831): mShutterLag = 539ms
06-23 10:27:14.183 D/CameraHal( 1006): Strobe power callback param1: 0
06-23 10:27:14.183 D/CameraHal( 1006): Actual strobe power applied: 0
06-23 10:27:14.996 D/CameraHal( 1006): Received postview 0x42f8f000 size 614400
06-23 10:27:15.378 D/dalvikvm( 2831): GC_FOR_MALLOC freed 2038 objects / 961952 bytes in 372ms
06-23 10:27:15.378 I/dalvikvm-heap( 2831): Grow heap (frag case) to 3.421MB for 614416-byte allocation
06-23 10:27:15.456 D/dalvikvm( 2831): GC_FOR_MALLOC freed 186 objects / 10896 bytes in 74ms
06-23 10:27:15.456 V/camera ( 2831): mShutterToPostViewCallbackTime = 1399ms
06-23 10:27:16.792 D/AlarmManagerService( 1085): Kernel timezone updated to 240 minutes west of GMT
06-23 10:27:16.839 D/AlarmManagerService( 1085): Kernel timezone updated to 240 minutes west of GMT
06-23 10:27:17.128 D/CameraHal( 1006): Received raw yuv 0x4318f000 size 10036224
06-23 10:27:17.128 V/camera ( 2831): mShutterToRawCallbackTime = 3076ms
06-23 10:27:17.128 I/JPEG ( 1006): Enter COmxJpegEnc, pSrcData 0x4318f000, srcWidth 2592, srcL2L 5184, srcHeight 1936, colorFormat 0, pJpegDest 0x43b22000, jpegDestSize 5019648, headerFormat 2, qualityLevel 90, bThumb 1, thumbWidth 320, thumbHeight 240, pApp1Hdr 0x43b22002, app1HdrSize 2846, pApp0Hdr 0x0, app0HdrSize 0
06-23 10:27:17.128 D/TIOMX_CORE( 1006): init count = 3
06-23 10:27:17.128 D/TIOMX_CORE( 1006): Found component OMX.TI.JPEG.Encoder with refCount 0
06-23 10:27:17.410 I/JPEG ( 1006): Rxd OMX_EventBufferFlag
06-23 10:27:17.410 D/OMX_JPGENC( 1006): JpegEncLCML_Callback():2994 in EMMCodecDspError EMMCodec Args -> 1, 500
06-23 10:27:17.417 D/CameraHal( 1006): Received jpg 0x43b22000 size 906902
06-23 10:27:17.456 D/TIOMX_CORE( 1006): Found matching pHandle(0xeba78) at index 0 with refCount 1
06-23 10:27:17.456 D/TIOMX_CORE( 1006): deinit count = 2
06-23 10:27:17.456 I/JPEG ( 1006): Exiting COmxJpegEnc jpeg size=799510
06-23 10:27:17.527 D/dalvikvm( 2831): GC_FOR_MALLOC freed 38 objects / 615992 bytes in 97ms
06-23 10:27:17.527 I/dalvikvm-heap( 2831): Grow heap (frag case) to 3.627MB for 906918-byte allocation
06-23 10:27:17.613 D/dalvikvm( 2831): GC_FOR_MALLOC freed 0 objects / 0 bytes in 81ms
06-23 10:27:17.613 V/camera ( 2831): mPictureDisplayedToJpegCallbackTime = 2156ms
06-23 10:27:17.613 V/camera ( 2831): mJpegCallbackFinishTime = 3ms
06-23 10:27:18.933 D/CameraHal( 1006): stopPreview
06-23 10:27:18.941 D/CameraHal( 1006): stopPreview
06-23 10:27:18.941 D/CameraHal( 1006): CameraHal release
06-23 10:27:18.949 D/CameraHal( 1006): deinitPvOverlay()
06-23 10:27:19.058 D/TIOverlay( 1085): overlay_destroyOverlay:IN dev (0x1262c0) and overlay (0x3aa420)
06-23 10:27:19.058 I/TIOverlay( 1085): Destroying overlay/fd=131/obj=003aa420
06-23 10:27:19.058 D/TIOverlay( 1085): overlay_destroyOverlay:OUT
06-23 10:27:19.058 I/HPAndroidHAL( 1006): APILOG: ExitHPLibraries
06-23 10:27:19.058 I/HPAndroidHAL( 1006): APILOG: state machine shutting down...
06-23 10:27:19.074 I/HPAndroidHAL( 1006): APILOG: components shutting down...
06-23 10:27:19.074 I/HPAndroidHAL( 1006): APILOG: all components uninitialized.
06-23 10:27:19.152 I/HPAndroidHAL( 1006): APILOG: all components destroyed.
06-23 10:27:19.152 I/HPAndroidHAL( 1006): APILOG: library shutdown complete.
06-23 10:27:19.152 D/CameraHal( 1006): CameraHal destructor
06-23 10:27:19.152 D/CameraHal( 1006): CameraHal release
06-23 10:27:19.152 D/CameraHal( 1006): CameraSettings destructor
06-23 10:27:19.433 I/TiRootActivity( 2751): (main) [0,0] checkpoint, on root activity resume. context = org.appcelerator.titanium.TiContext@44788240
06-23 10:27:19.472 D/MediaScannerService( 2610): IMediaScannerService.scanFile: /sdcard/dcim/Camera/camera1/tia21906.jpg mimeType: null
06-23 10:27:19.824 I/global ( 2751): Default buffer size used in BufferedOutputStream constructor. It would be better to be explicit if an 8k buffer is required.
06-23 10:27:19.956 D/dalvikvm( 2751): GC_FOR_MALLOC freed 1339 objects / 945960 bytes in 98ms
06-23 10:27:19.964 I/dalvikvm-heap( 2751): Grow heap (frag case) to 4.658MB for 906918-byte allocation
06-23 10:27:20.066 D/dalvikvm( 2751): GC_FOR_MALLOC freed 82 objects / 4624 bytes in 102ms
06-23 10:27:20.144 D/CameraHal( 1006): CameraSettings constructor
06-23 10:27:20.144 D/CameraHal( 1006): CameraHal constructor
06-23 10:27:20.144 D/CameraHal( 1006): Model ID: Droid
06-23 10:27:20.144 D/CameraHal( 1006): Software ID 2.2.2
06-23 10:27:20.160 I/HPAndroidHAL( 1006): Version 4719:5353. SholesMR2_RC9 Build Time: 2010-06-14 15:15:45.
06-23 10:27:20.410 D/CameraHal( 1006): 20 default parameters
06-23 10:27:20.427 D/CameraHal( 1006): Immediate Zoom/1:0. Current zoom level/1:0
06-23 10:27:20.427 D/CameraHal( 1006): CameraHal constructor exited ok
06-23 10:27:20.730 D/CameraHal( 1006): stopPreview
06-23 10:27:20.730 D/CameraHal( 1006): CameraHal release
06-23 10:27:20.738 I/HPAndroidHAL( 1006): APILOG: ExitHPLibraries
06-23 10:27:20.738 I/HPAndroidHAL( 1006): APILOG: state machine shutting down...
06-23 10:27:21.035 I/HPAndroidHAL( 1006): APILOG: components shutting down...
06-23 10:27:21.035 I/HPAndroidHAL( 1006): APILOG: all components uninitialized.
06-23 10:27:21.066 I/HPAndroidHAL( 1006): APILOG: all components destroyed.
06-23 10:27:21.066 I/HPAndroidHAL( 1006): APILOG: library shutdown complete.
06-23 10:27:21.066 D/CameraHal( 1006): CameraHal destructor
06-23 10:27:21.066 D/CameraHal( 1006): CameraHal release
06-23 10:27:21.066 D/CameraHal( 1006): CameraSettings destructor
06-23 10:27:21.316 D/dalvikvm( 2610): GC_FOR_MALLOC freed 3139 objects / 469504 bytes in 45ms
06-23 10:27:21.464 I/ActivityManager( 1085): Starting activity: Intent { act=android.media.action.IMAGE_CAPTURE cat=[android.intent.category.DEFAULT] cmp=com.google.android.camera/com.android.camera.Camera (has extras) }
06-23 10:27:21.496 D/CameraHal( 1006): CameraSettings constructor
06-23 10:27:21.496 D/CameraHal( 1006): CameraHal constructor
06-23 10:27:21.496 D/CameraHal( 1006): Model ID: Droid
06-23 10:27:21.496 D/CameraHal( 1006): Software ID 2.2.2
06-23 10:27:21.503 I/HPAndroidHAL( 1006): Version 4719:5353. SholesMR2_RC9 Build Time: 2010-06-14 15:15:45.
06-23 10:27:21.636 D/CameraHal( 1006): 20 default parameters
06-23 10:27:21.648 D/CameraHal( 1006): Immediate Zoom/1:0. Current zoom level/1:0
06-23 10:27:21.648 D/CameraHal( 1006): CameraHal constructor exited ok
06-23 10:27:21.667 D/Camera ( 2831): app passed NULL surface
06-23 10:27:21.683 D/CameraHal( 1006): Extract changes completed, 3 total changes
06-23 10:27:21.683 V/camera ( 2831): startPreview
06-23 10:27:21.683 W/CameraHal( 1006): No overlay set before start preview
06-23 10:27:21.800 I/ActivityManager( 1085): Start proc com.google.android.voicesearch for broadcast com.google.android.voicesearch/.logging.LoggingReceiver: pid=2976 uid=10035 gids={3003}
06-23 10:27:21.917 D/CameraHal( 1006): deinitPvOverlay()
06-23 10:27:21.917 D/CameraHal( 1006): Trying to set overlay, but overlay is null!
06-23 10:27:21.917 D/TIOverlay( 1085): overlay_createOverlay:IN w=640 h=480 format=99
06-23 10:27:21.925 I/Overlay ( 1085): v4l2_overlay_init:: w=480 h=854
06-23 10:27:21.925 I/Overlay ( 1085): v4l2_overlay_init:: w=640 h=480
06-23 10:27:21.925 I/Overlay ( 1085): v4l2_overlay_init:: w=640 h=480
06-23 10:27:21.964 I/Overlay ( 1085): 8 buffers allocated 4 requested
06-23 10:27:21.964 I/Overlay ( 1085): buffer cookie is 2
06-23 10:27:21.964 I/TIOverlay( 1085): Opened video1/fd=135/obj=00354930/shm=134/size=4096
06-23 10:27:21.964 D/TIOverlay( 1085): overlay_createOverlay: OUT
06-23 10:27:21.964 I/TIOverlay( 1085): Position/X0/Y0/W0/H0
06-23 10:27:21.964 I/TIOverlay( 1085): Adjusted Position/X0/Y50/W480/H0
06-23 10:27:21.964 I/TIOverlay( 1085): Rotation/90
06-23 10:27:21.964 I/Overlay ( 1085): v4l2_overlay_set_position:: w=480 h=854
06-23 10:27:21.964 I/Overlay ( 1085): v4l2_overlay_set_position:: w=480 h=648
06-23 10:27:21.964 I/Overlay ( 1085): dumping driver state:
06-23 10:27:21.964 I/Overlay ( 1085): output pixfmt:
06-23 10:27:21.964 I/Overlay ( 1085): w: 640
06-23 10:27:21.964 I/Overlay ( 1085): h: 480
06-23 10:27:21.964 I/Overlay ( 1085): color: 7
06-23 10:27:21.964 I/Overlay ( 1085): YUYV
06-23 10:27:21.964 I/Overlay ( 1085): v4l2_overlay window:
06-23 10:27:21.964 I/Overlay ( 1085): window l: 0
06-23 10:27:21.964 I/Overlay ( 1085): window t: 50
06-23 10:27:21.964 I/Overlay ( 1085): window w: 480
06-23 10:27:21.964 I/Overlay ( 1085): window h: 648
06-23 10:27:21.964 I/Overlay ( 1085): output crop:
06-23 10:27:21.964 I/Overlay ( 1085): crop l: 0
06-23 10:27:21.964 I/Overlay ( 1085): crop t: 0
06-23 10:27:21.964 I/Overlay ( 1085): crop w: 640
06-23 10:27:21.964 I/Overlay ( 1085): crop h: 480
06-23 10:27:21.964 I/TIOverlay( 1085): Postponing Stream Enable/1/0
06-23 10:27:21.964 I/Overlay ( 1006): query buffer, mem=1 type=2 index=0
06-23 10:27:21.964 I/Overlay ( 1006): query buffer, mem=1 type=2 index=1
06-23 10:27:21.964 I/Overlay ( 1006): query buffer, mem=1 type=2 index=2
06-23 10:27:21.964 I/Overlay ( 1006): query buffer, mem=1 type=2 index=3
06-23 10:27:21.980 I/Overlay ( 1006): query buffer, mem=1 type=2 index=4
06-23 10:27:21.980 I/Overlay ( 1006): query buffer, mem=1 type=2 index=5
06-23 10:27:21.980 I/Overlay ( 1006): query buffer, mem=1 type=2 index=6
06-23 10:27:21.980 I/Overlay ( 1006): query buffer, mem=1 type=2 index=7
06-23 10:27:21.980 D/CameraHal( 1006): deinitPvOverlay()
06-23 10:27:21.996 D/CameraHal( 1006): initPvOverlay: size/640x480; format/3;
06-23 10:27:21.996 D/CameraHal( 1006): initPvOverlay: alloc 614656 bytes of memory
06-23 10:27:21.996 I/Overlay ( 1006): query buffer, mem=1 type=2 index=0
06-23 10:27:21.996 I/TIOverlay( 1006): Buffer/0/addr=4253a000/len=614400
06-23 10:27:21.996 I/Overlay ( 1006): query buffer, mem=1 type=2 index=1
06-23 10:27:21.996 I/TIOverlay( 1006): Buffer/1/addr=425d0000/len=614400
06-23 10:27:21.996 I/Overlay ( 1006): query buffer, mem=1 type=2 index=2
06-23 10:27:21.996 I/TIOverlay( 1006): Buffer/2/addr=42666000/len=614400
06-23 10:27:21.996 I/Overlay ( 1006): query buffer, mem=1 type=2 index=3
06-23 10:27:21.996 I/TIOverlay( 1006): Buffer/3/addr=426fc000/len=614400
06-23 10:27:21.996 I/Overlay ( 1006): query buffer, mem=1 type=2 index=4
06-23 10:27:21.996 I/TIOverlay( 1006): Buffer/4/addr=42792000/len=614400
06-23 10:27:22.011 I/Overlay ( 1006): query buffer, mem=1 type=2 index=5
06-23 10:27:22.011 I/TIOverlay( 1006): Buffer/5/addr=42828000/len=614400
06-23 10:27:22.011 I/Overlay ( 1006): query buffer, mem=1 type=2 index=6
06-23 10:27:22.011 I/TIOverlay( 1006): Buffer/6/addr=428be000/len=614400
06-23 10:27:22.011 I/Overlay ( 1006): query buffer, mem=1 type=2 index=7
06-23 10:27:22.011 I/TIOverlay( 1006): Buffer/7/addr=42954000/len=614400
06-23 10:27:22.066 I/TIOverlay( 1006): Crop Win/X0/Y0/W640/H480
06-23 10:27:22.066 D/CameraHal( 1006): Enabling preview
06-23 10:27:22.097 D/CameraHal( 1006): Spawning preview thread
06-23 10:27:22.144 I/TIOverlay( 1085): Nothing to do!
06-23 10:27:22.160 D/Sensors ( 1085): using sensors (name=sensors)
06-23 10:27:22.183 I/TIOverlay( 1085): Position/X0/Y50/W480/H648
06-23 10:27:22.183 I/TIOverlay( 1085): Adjusted Position/X0/Y167/W480/H648
06-23 10:27:22.183 I/TIOverlay( 1085): Rotation/90
06-23 10:27:22.183 I/Overlay ( 1085): v4l2_overlay_set_position:: w=480 h=648
06-23 10:27:22.183 I/Overlay ( 1085): v4l2_overlay_set_position:: w=480 h=648
06-23 10:27:22.183 I/Overlay ( 1085): dumping driver state:
06-23 10:27:22.183 I/Overlay ( 1085): output pixfmt:
06-23 10:27:22.183 I/Overlay ( 1085): w: 640
06-23 10:27:22.183 I/Overlay ( 1085): h: 480
06-23 10:27:22.183 I/Overlay ( 1085): color: 7
06-23 10:27:22.183 I/Overlay ( 1085): YUYV
06-23 10:27:22.183 I/Overlay ( 1085): v4l2_overlay window:
06-23 10:27:22.183 I/Overlay ( 1085): window l: 0
06-23 10:27:22.183 I/Overlay ( 1085): window t: 167
06-23 10:27:22.183 I/Overlay ( 1085): window w: 480
06-23 10:27:22.183 I/Overlay ( 1085): window h: 648
06-23 10:27:22.183 I/Overlay ( 1085): output crop:
06-23 10:27:22.183 I/Overlay ( 1085): crop l: 0
06-23 10:27:22.183 I/Overlay ( 1085): crop t: 0
06-23 10:27:22.183 I/Overlay ( 1085): crop w: 640
06-23 10:27:22.183 I/Overlay ( 1085): crop h: 480
06-23 10:27:22.222 I/TIOverlay( 1085): Position/X0/Y167/W480/H648
06-23 10:27:22.222 I/TIOverlay( 1085): Adjusted Position/X0/Y83/W480/H648
06-23 10:27:22.222 I/TIOverlay( 1085): Rotation/90
06-23 10:27:22.238 I/Overlay ( 1085): v4l2_overlay_set_position:: w=480 h=648
06-23 10:27:22.238 I/Overlay ( 1085): v4l2_overlay_set_position:: w=480 h=648
06-23 10:27:22.238 I/Overlay ( 1085): dumping driver state:
06-23 10:27:22.238 I/Overlay ( 1085): output pixfmt:
06-23 10:27:22.238 I/Overlay ( 1085): w: 640
06-23 10:27:22.238 I/Overlay ( 1085): h: 480
06-23 10:27:22.238 I/Overlay ( 1085): color: 7
06-23 10:27:22.238 I/Overlay ( 1085): YUYV
06-23 10:27:22.238 I/Overlay ( 1085): v4l2_overlay window:
06-23 10:27:22.238 I/Overlay ( 1085): window l: 0
06-23 10:27:22.238 I/Overlay ( 1085): window t: 83
06-23 10:27:22.238 I/Overlay ( 1085): window w: 480
06-23 10:27:22.238 I/Overlay ( 1085): window h: 648
06-23 10:27:22.238 I/Overlay ( 1085): output crop:
06-23 10:27:22.238 I/Overlay ( 1085): crop l: 0
06-23 10:27:22.238 I/Overlay ( 1085): crop t: 0
06-23 10:27:22.238 I/Overlay ( 1085): crop w: 640
06-23 10:27:22.238 I/Overlay ( 1085): crop h: 480
06-23 10:27:22.269 I/TIOverlay( 1085): Position/X0/Y83/W480/H648
06-23 10:27:22.269 I/TIOverlay( 1085): Adjusted Position/X0/Y56/W480/H648
06-23 10:27:22.269 I/TIOverlay( 1085): Rotation/90
06-23 10:27:22.269 I/Overlay ( 1085): v4l2_overlay_set_position:: w=480 h=648
06-23 10:27:22.269 I/Overlay ( 1085): v4l2_overlay_set_position:: w=480 h=648
06-23 10:27:22.269 I/Overlay ( 1085): dumping driver state:
06-23 10:27:22.269 I/Overlay ( 1085): output pixfmt:
06-23 10:27:22.269 I/Overlay ( 1085): w: 640
06-23 10:27:22.269 I/Overlay ( 1085): h: 480
06-23 10:27:22.269 I/Overlay ( 1085): color: 7
06-23 10:27:22.269 I/Overlay ( 1085): YUYV
06-23 10:27:22.269 I/Overlay ( 1085): v4l2_overlay window:
06-23 10:27:22.269 I/Overlay ( 1085): window l: 0
06-23 10:27:22.269 I/Overlay ( 1085): window t: 56
06-23 10:27:22.269 I/Overlay ( 1085): window w: 480
06-23 10:27:22.269 I/Overlay ( 1085): window h: 648
06-23 10:27:22.269 I/Overlay ( 1085): output crop:
06-23 10:27:22.269 I/Overlay ( 1085): crop l: 0
06-23 10:27:22.269 I/Overlay ( 1085): crop t: 0
06-23 10:27:22.269 I/Overlay ( 1085): crop w: 640
06-23 10:27:22.269 I/Overlay ( 1085): crop h: 480
06-23 10:27:22.324 I/TIOverlay( 1085): Position/X0/Y56/W480/H648
06-23 10:27:22.324 I/TIOverlay( 1085): Adjusted Position/X0/Y50/W480/H648
06-23 10:27:22.324 I/TIOverlay( 1085): Rotation/90
06-23 10:27:22.324 I/Overlay ( 1085): v4l2_overlay_set_position:: w=480 h=648
06-23 10:27:22.324 I/Overlay ( 1085): v4l2_overlay_set_position:: w=480 h=648
06-23 10:27:22.324 I/Overlay ( 1085): dumping driver state:
06-23 10:27:22.324 I/Overlay ( 1085): output pixfmt:
06-23 10:27:22.324 I/Overlay ( 1085): w: 640
06-23 10:27:22.324 I/Overlay ( 1085): h: 480
06-23 10:27:22.324 I/Overlay ( 1085): color: 7
06-23 10:27:22.324 I/Overlay ( 1085): YUYV
06-23 10:27:22.324 I/Overlay ( 1085): v4l2_overlay window:
06-23 10:27:22.324 I/Overlay ( 1085): window l: 0
06-23 10:27:22.324 I/Overlay ( 1085): window t: 50
06-23 10:27:22.324 I/Overlay ( 1085): window w: 480
06-23 10:27:22.324 I/Overlay ( 1085): window h: 648
06-23 10:27:22.324 I/Overlay ( 1085): output crop:
06-23 10:27:22.324 I/Overlay ( 1085): crop l: 0
06-23 10:27:22.324 I/Overlay ( 1085): crop t: 0
06-23 10:27:22.324 I/Overlay ( 1085): crop w: 640
06-23 10:27:22.324 I/Overlay ( 1085): crop h: 480
06-23 10:27:22.339 I/ActivityManager( 1085): Displayed activity com.google.android.camera/com.android.camera.Camera: 871 ms (total 871 ms)
06-23 10:27:22.621 I/ActivityThread( 2976): Publishing provider com.google.android.voicesearch.VoiceSearchResultProvider: com.google.android.voicesearch.VoiceSearchResultProvider
06-23 10:27:22.675 D/CameraHal( 1006): Resetting overlay q'd buffer status to false
06-23 10:27:22.738 D/CameraHal( 1006): processZoom/1:0. stopped=1, mZoomMoving=0, mImmediateZoomMoving=0
06-23 10:27:22.738 D/CameraHal( 1006): Stored Zoom Data/0/1:0
06-23 10:27:22.988 V/GLRootView( 2831): onSurfaceChanged: 648x480, gl10: com.google.android.gles_jni.GLImpl@448a7f48
06-23 10:27:22.988 V/GLRootView( 2831): layout content pane 648x480
06-23 10:27:24.160 E/Tethering( 1085): attempting to remove unknown iface (usb0), ignoring
06-23 10:27:24.206 D/WifiService( 1085): ACTION_BATTERY_CHANGED pluggedType: 0
06-23 10:27:25.746 V/camera ( 2831): Start autofocus.
06-23 10:27:25.753 D/CameraHal( 1006): Torch control callback param1: 1, param2: 100
06-23 10:27:25.753 D/CameraHal( 1006): Actual torch power applied: 100
06-23 10:27:25.832 V/camera ( 2831): doSnap: mFocusState=1
06-23 10:27:26.473 D/CameraHal( 1006): Torch control callback param1: 0, param2: 0
06-23 10:27:26.480 D/CameraHal( 1006): Actual torch power applied: 0
06-23 10:27:26.707 D/CameraHal( 1006): Received 3As callback
06-23 10:27:26.707 D/CameraHal( 1006): 3A Status/3/64/243
06-23 10:27:26.707 V/camera ( 2831): mAutoFocusTime = 959ms
06-23 10:27:26.714 D/CameraHal( 1006): Extract changes completed, 2 total changes
06-23 10:27:26.730 D/CameraHal( 1006): stop preview thread
06-23 10:27:26.777 D/CameraHal( 1006): Capture size 2592x1936, res enum 2
06-23 10:27:26.777 D/CameraHal( 1006): Setting capture format 0 header 2
06-23 10:27:26.777 D/CameraHal( 1006): Thumbnail enabled
06-23 10:27:26.777 D/CameraHal( 1006): Initializing capture memory raw: 0x4317c000 (10039296), jpg: 0x43b0f000 (5019648), pv 0x42f7c000 (614656)
06-23 10:27:27.035 D/CameraHal( 1006): Strobe power callback param1: 100
06-23 10:27:27.035 D/CameraHal( 1006): Actual strobe power applied: 100
06-23 10:27:27.246 D/CameraHal( 1006): Received shutter callback
06-23 10:27:27.261 V/camera ( 2831): mShutterLag = 553ms
06-23 10:27:27.394 D/CameraHal( 1006): Strobe power callback param1: 0
06-23 10:27:27.394 D/CameraHal( 1006): Actual strobe power applied: 0
06-23 10:27:28.027 D/CameraHal( 1006): Received postview 0x42f7c000 size 614400
06-23 10:27:28.113 D/dalvikvm( 2831): GC_FOR_MALLOC freed 1858 objects / 1021976 bytes in 79ms
06-23 10:27:28.144 I/dalvikvm-heap( 2831): Grow heap (frag case) to 3.478MB for 614416-byte allocation
06-23 10:27:28.355 D/dalvikvm( 2831): GC_FOR_MALLOC freed 186 objects / 10888 bytes in 210ms
06-23 10:27:28.355 V/camera ( 2831): mShutterToPostViewCallbackTime = 1094ms
06-23 10:27:28.933 I/TIOverlay( 1085): Nothing to do!
06-23 10:27:28.933 I/WindowManager( 1085): WIN DEATH: Window{44bbcdf8 com.xtremeagent365.camera1/com.xtremeagent365.camera1.Camera1Activity paused=false}
06-23 10:27:28.933 I/ActivityManager( 1085): Process com.xtremeagent365.camera1 (pid 2751) has died.
06-23 10:27:28.941 I/WindowManager( 1085): WIN DEATH: Window{44aa4a70 com.xtremeagent365.camera1/com.xtremeagent365.camera1.Camera1Activity paused=false}
06-23 10:27:28.941 I/WindowManager( 1085): WIN DEATH: Window{44ccdca0 com.xtremeagent365.camera1/com.xtremeagent365.camera1.Camera1Activity paused=false}
06-23 10:27:28.941 I/WindowManager( 1085): WIN DEATH: Window{44b67d38 com.xtremeagent365.camera1/com.xtremeagent365.camera1.Camera1Activity paused=false}
06-23 10:27:28.941 I/WindowManager( 1085): WIN DEATH: Window{44c77840 com.xtremeagent365.camera1/com.xtremeagent365.camera1.Camera1Activity paused=false}
06-23 10:27:28.972 I/TIOverlay( 1085): Nothing to do!
06-23 10:27:29.269 D/skia ( 2610): purging 6K from font cache [1 entries]
06-23 10:27:29.402 D/dalvikvm( 2610): GC_EXPLICIT freed 1132 objects / 162480 bytes in 116ms
06-23 10:27:29.433 W/Process ( 1085): Unable to open /proc/2751/status
06-23 10:27:29.644 D/CameraHal( 1006): Received raw yuv 0x4317c000 size 10036224
06-23 10:27:29.644 V/camera ( 2831): mShutterToRawCallbackTime = 2383ms
06-23 10:27:29.644 I/JPEG ( 1006): Enter COmxJpegEnc, pSrcData 0x4317c000, srcWidth 2592, srcL2L 5184, srcHeight 1936, colorFormat 0, pJpegDest 0x43b0f000, jpegDestSize 5019648, headerFormat 2, qualityLevel 90, bThumb 1, thumbWidth 320, thumbHeight 240, pApp1Hdr 0x43b0f002, app1HdrSize 2846, pApp0Hdr 0x0, app0HdrSize 0
06-23 10:27:29.644 D/TIOMX_CORE( 1006): init count = 3
06-23 10:27:29.644 D/TIOMX_CORE( 1006): Found component OMX.TI.JPEG.Encoder with refCount 0
06-23 10:27:29.925 I/JPEG ( 1006): Rxd OMX_EventBufferFlag
06-23 10:27:29.925 D/OMX_JPGENC( 1006): JpegEncLCML_Callback():2994 in EMMCodecDspError EMMCodec Args -> 1, 500
06-23 10:27:29.925 D/CameraHal( 1006): Received jpg 0x43b0f000 size 989128
06-23 10:27:29.972 D/TIOMX_CORE( 1006): Found matching pHandle(0x81400) at index 0 with refCount 1
06-23 10:27:29.972 D/TIOMX_CORE( 1006): deinit count = 2
06-23 10:27:29.972 I/JPEG ( 1006): Exiting COmxJpegEnc jpeg size=881736
06-23 10:27:30.042 D/dalvikvm( 2831): GC_FOR_MALLOC freed 24 objects / 615480 bytes in 99ms
06-23 10:27:30.042 I/dalvikvm-heap( 2831): Grow heap (frag case) to 3.762MB for 989144-byte allocation
06-23 10:27:30.128 D/dalvikvm( 2831): GC_FOR_MALLOC freed 0 objects / 0 bytes in 83ms
06-23 10:27:30.128 V/camera ( 2831): mPictureDisplayedToJpegCallbackTime = 1772ms
06-23 10:27:30.136 V/camera ( 2831): mJpegCallbackFinishTime = 6ms
06-23 10:27:31.433 D/CameraHal( 1006): stopPreview
06-23 10:27:31.441 D/CameraHal( 1006): stopPreview
06-23 10:27:31.441 D/CameraHal( 1006): CameraHal release
06-23 10:27:31.441 D/CameraHal( 1006): deinitPvOverlay()
06-23 10:27:31.574 D/TIOverlay( 1085): overlay_destroyOverlay:IN dev (0x1262c0) and overlay (0x354930)
06-23 10:27:31.574 I/TIOverlay( 1085): Destroying overlay/fd=135/obj=00354930
06-23 10:27:31.574 D/TIOverlay( 1085): overlay_destroyOverlay:OUT
06-23 10:27:31.574 I/HPAndroidHAL( 1006): APILOG: ExitHPLibraries
06-23 10:27:31.574 I/HPAndroidHAL( 1006): APILOG: state machine shutting down...
06-23 10:27:31.589 I/HPAndroidHAL( 1006): APILOG: components shutting down...
06-23 10:27:31.589 I/HPAndroidHAL( 1006): APILOG: all components uninitialized.
06-23 10:27:31.628 I/HPAndroidHAL( 1006): APILOG: all components destroyed.
06-23 10:27:31.628 I/HPAndroidHAL( 1006): APILOG: library shutdown complete.
06-23 10:27:31.628 D/CameraHal( 1006): CameraHal destructor
06-23 10:27:31.628 D/CameraHal( 1006): CameraHal release
06-23 10:27:31.628 D/CameraHal( 1006): CameraSettings destructor
06-23 10:27:31.933 D/dalvikvm( 1085): GC_EXTERNAL_ALLOC freed 10896 objects / 493536 bytes in 207ms
06-23 10:27:31.933 I/ActivityManager( 1085): Start proc com.xtremeagent365.camera1 for activity com.xtremeagent365.camera1/.Camera1Activity: pid=3000 uid=10049 gids={1015, 1006, 3003}
06-23 10:27:32.261 I/TiApplication( 3000): (main) [0,0] checkpoint, app created.
06-23 10:27:32.589 I/TiApplication( 3000): (main) [350,350] Titanium 1.7.1 (2011/06/21 14:28 293a6d)
06-23 10:27:32.925 I/TiRootActivity( 3000): (main) [0,0] checkpoint, on root activity create, savedInstanceState: Bundle[mParcelledData.dataSize=424]
06-23 10:27:33.121 D/dalvikvm( 3000): GC_FOR_MALLOC freed 3842 objects / 329648 bytes in 46ms
06-23 10:27:33.199 E/TiApplication( 3000): (main) [270,270] APP PROXY: [Ti.App]
06-23 10:27:33.246 D/KrollContext( 3000): (kroll$1: app://app.js) [47,317] Running pre-compiled script: app.js
06-23 10:27:33.269 D/TiScriptRunner( 3000): (kroll$1: app://app.js) [23,340] Executing script: com.xtremeagent365.camera1.js.app
06-23 10:27:33.277 D/CameraHal( 1006): CameraSettings constructor
06-23 10:27:33.277 D/CameraHal( 1006): CameraHal constructor
06-23 10:27:33.277 D/CameraHal( 1006): Model ID: Droid
06-23 10:27:33.277 D/CameraHal( 1006): Software ID 2.2.2
06-23 10:27:33.308 I/HPAndroidHAL( 1006): Version 4719:5353. SholesMR2_RC9 Build Time: 2010-06-14 15:15:45.
06-23 10:27:33.410 D/CameraHal( 1006): 20 default parameters
06-23 10:27:33.423 D/CameraHal( 1006): Immediate Zoom/1:0. Current zoom level/1:0
06-23 10:27:33.423 D/CameraHal( 1006): CameraHal constructor exited ok
06-23 10:27:33.433 D/CameraHal( 1006): stopPreview
06-23 10:27:33.433 D/CameraHal( 1006): CameraHal release
06-23 10:27:33.433 I/HPAndroidHAL( 1006): APILOG: ExitHPLibraries
06-23 10:27:33.433 I/HPAndroidHAL( 1006): APILOG: state machine shutting down...
06-23 10:27:34.043 I/HPAndroidHAL( 1006): APILOG: components shutting down...
06-23 10:27:34.043 I/HPAndroidHAL( 1006): APILOG: all components uninitialized.
06-23 10:27:34.074 I/HPAndroidHAL( 1006): APILOG: all components destroyed.
06-23 10:27:34.074 I/HPAndroidHAL( 1006): APILOG: library shutdown complete.
06-23 10:27:34.074 D/CameraHal( 1006): CameraHal destructor
06-23 10:27:34.074 D/CameraHal( 1006): CameraHal release
06-23 10:27:34.074 D/CameraHal( 1006): CameraSettings destructor
06-23 10:27:34.675 D/dalvikvm( 3000): GC_EXTERNAL_ALLOC freed 4464 objects / 276240 bytes in 43ms
06-23 10:27:34.738 I/TiRootActivity( 3000): (main) [0,0] checkpoint, on root activity resume. context = org.appcelerator.titanium.TiContext@448ccad8
06-23 10:27:34.746 I/ActivityManager( 1085): Starting activity: Intent { act=android.media.action.IMAGE_CAPTURE cat=[android.intent.category.DEFAULT] cmp=com.google.android.camera/com.android.camera.Camera (has extras) }
06-23 10:27:34.769 W/TiAnalyticsSvc( 3000): (Thread-10) [29,29] Analytics Service Started
06-23 10:27:34.839 D/CameraHal( 1006): CameraSettings constructor
06-23 10:27:34.839 D/CameraHal( 1006): CameraHal constructor
06-23 10:27:34.839 D/CameraHal( 1006): Model ID: Droid
06-23 10:27:34.839 D/CameraHal( 1006): Software ID 2.2.2
06-23 10:27:34.847 I/HPAndroidHAL( 1006): Version 4719:5353. SholesMR2_RC9 Build Time: 2010-06-14 15:15:45.
06-23 10:27:34.925 W/InputManagerService( 1085): Starting input on non-focused client com.android.internal.view.IInputMethodClient$Stub$Proxy@44c2b270 (uid=10049 pid=3000)
06-23 10:27:34.933 W/InputManagerService( 1085): Client not active, ignoring focus gain of: com.android.internal.view.IInputMethodClient$Stub$Proxy@44bd5848
06-23 10:27:35.027 D/CameraHal( 1006): 20 default parameters
06-23 10:27:35.045 D/CameraHal( 1006): Immediate Zoom/1:0. Current zoom level/1:0
06-23 10:27:35.045 D/CameraHal( 1006): CameraHal constructor exited ok
06-23 10:27:35.066 D/Camera ( 2831): app passed NULL surface
06-23 10:27:35.074 D/CameraHal( 1006): Extract changes completed, 3 total changes
06-23 10:27:35.074 V/camera ( 2831): startPreview
06-23 10:27:35.074 W/CameraHal( 1006): No overlay set before start preview
06-23 10:27:35.206 D/CameraHal( 1006): deinitPvOverlay()
06-23 10:27:35.206 D/CameraHal( 1006): Trying to set overlay, but overlay is null!
06-23 10:27:35.206 D/TIOverlay( 1085): overlay_createOverlay:IN w=640 h=480 format=99
06-23 10:27:35.206 I/Overlay ( 1085): v4l2_overlay_init:: w=480 h=854
06-23 10:27:35.206 I/Overlay ( 1085): v4l2_overlay_init:: w=640 h=480
06-23 10:27:35.206 I/Overlay ( 1085): v4l2_overlay_init:: w=640 h=480
06-23 10:27:35.222 I/Overlay ( 1085): 8 buffers allocated 4 requested
06-23 10:27:35.222 I/Overlay ( 1085): buffer cookie is 2
06-23 10:27:35.222 I/TIOverlay( 1085): Opened video1/fd=125/obj=003a7310/shm=124/size=4096
06-23 10:27:35.222 D/TIOverlay( 1085): overlay_createOverlay: OUT
06-23 10:27:35.230 I/TIOverlay( 1085): Position/X0/Y0/W0/H0
06-23 10:27:35.230 I/TIOverlay( 1085): Adjusted Position/X0/Y50/W480/H0
06-23 10:27:35.230 I/TIOverlay( 1085): Rotation/90
06-23 10:27:35.230 I/Overlay ( 1085): v4l2_overlay_set_position:: w=480 h=854
06-23 10:27:35.230 I/Overlay ( 1085): v4l2_overlay_set_position:: w=480 h=648
06-23 10:27:35.230 I/Overlay ( 1085): dumping driver state:
06-23 10:27:35.230 I/Overlay ( 1085): output pixfmt:
06-23 10:27:35.230 I/Overlay ( 1085): w: 640
06-23 10:27:35.230 I/Overlay ( 1085): h: 480
06-23 10:27:35.230 I/Overlay ( 1085): color: 7
06-23 10:27:35.230 I/Overlay ( 1085): YUYV
06-23 10:27:35.230 I/Overlay ( 1085): v4l2_overlay window:
06-23 10:27:35.230 I/Overlay ( 1085): window l: 0
06-23 10:27:35.230 I/Overlay ( 1085): window t: 50
06-23 10:27:35.230 I/Overlay ( 1085): window w: 480
06-23 10:27:35.230 I/Overlay ( 1085): window h: 648
06-23 10:27:35.230 I/Overlay ( 1085): output crop:
06-23 10:27:35.230 I/Overlay ( 1085): crop l: 0
06-23 10:27:35.230 I/Overlay ( 1085): crop t: 0
06-23 10:27:35.230 I/Overlay ( 1085): crop w: 640
06-23 10:27:35.230 I/Overlay ( 1085): crop h: 480
06-23 10:27:35.230 I/TIOverlay( 1085): Postponing Stream Enable/1/0
06-23 10:27:35.230 I/Overlay ( 1006): query buffer, mem=1 type=2 index=0
06-23 10:27:35.230 I/Overlay ( 1006): query buffer, mem=1 type=2 index=1
06-23 10:27:35.230 I/Overlay ( 1006): query buffer, mem=1 type=2 index=2
06-23 10:27:35.230 I/Overlay ( 1006): query buffer, mem=1 type=2 index=3
06-23 10:27:35.238 I/Overlay ( 1006): query buffer, mem=1 type=2 index=4
06-23 10:27:35.238 I/Overlay ( 1006): query buffer, mem=1 type=2 index=5
06-23 10:27:35.238 I/Overlay ( 1006): query buffer, mem=1 type=2 index=6
06-23 10:27:35.238 I/Overlay ( 1006): query buffer, mem=1 type=2 index=7
06-23 10:27:35.246 D/CameraHal( 1006): deinitPvOverlay()
06-23 10:27:35.246 D/CameraHal( 1006): initPvOverlay: size/640x480; format/3;
06-23 10:27:35.246 D/CameraHal( 1006): initPvOverlay: alloc 614656 bytes of memory
06-23 10:27:35.246 I/Overlay ( 1006): query buffer, mem=1 type=2 index=0
06-23 10:27:35.246 I/TIOverlay( 1006): Buffer/0/addr=4253a000/len=614400
06-23 10:27:35.246 I/Overlay ( 1006): query buffer, mem=1 type=2 index=1
06-23 10:27:35.246 I/TIOverlay( 1006): Buffer/1/addr=425d0000/len=614400
06-23 10:27:35.246 I/Overlay ( 1006): query buffer, mem=1 type=2 index=2
06-23 10:27:35.246 I/TIOverlay( 1006): Buffer/2/addr=42666000/len=614400
06-23 10:27:35.246 I/Overlay ( 1006): query buffer, mem=1 type=2 index=3
06-23 10:27:35.246 I/TIOverlay( 1006): Buffer/3/addr=426fc000/len=614400
06-23 10:27:35.253 I/Overlay ( 1006): query buffer, mem=1 type=2 index=4
06-23 10:27:35.253 I/TIOverlay( 1006): Buffer/4/addr=42792000/len=614400
06-23 10:27:35.253 I/Overlay ( 1006): query buffer, mem=1 type=2 index=5
06-23 10:27:35.253 I/TIOverlay( 1006): Buffer/5/addr=42828000/len=614400
06-23 10:27:35.253 I/Overlay ( 1006): query buffer, mem=1 type=2 index=6
06-23 10:27:35.253 I/TIOverlay( 1006): Buffer/6/addr=428be000/len=614400
06-23 10:27:35.253 I/Overlay ( 1006): query buffer, mem=1 type=2 index=7
06-23 10:27:35.253 I/TIOverlay( 1006): Buffer/7/addr=42954000/len=614400
06-23 10:27:35.296 I/TIOverlay( 1006): Crop Win/X0/Y0/W640/H480
06-23 10:27:35.296 D/CameraHal( 1006): Enabling preview
06-23 10:27:35.319 D/CameraHal( 1006): Spawning preview thread
06-23 10:27:35.324 I/TIOverlay( 1085): Nothing to do!
06-23 10:27:35.332 I/ActivityManager( 1085): Displayed activity com.google.android.camera/com.android.camera.Camera: 524 ms (total 3632 ms)
06-23 10:27:35.339 I/TIOverlay( 1085): Nothing to do!
06-23 10:27:35.394 D/Sensors ( 1085): using sensors (name=sensors)
06-23 10:27:35.839 V/GLRootView( 2831): onSurfaceChanged: 648x480, gl10: com.google.android.gles_jni.GLImpl@448c23e0
06-23 10:27:35.839 V/GLRootView( 2831): layout content pane 648x480
06-23 10:27:35.910 D/CameraHal( 1006): processZoom/1:0. stopped=1, mZoomMoving=0, mImmediateZoomMoving=0
06-23 10:27:35.910 D/CameraHal( 1006): Stored Zoom Data/0/1:0
06-23 10:27:36.285 I/TiAnalyticsSvc( 3000): (Thread-10) [1517,1546] Sending 1 analytics events.
06-23 10:27:37.527 D/dalvikvm( 3000): GC_FOR_MALLOC freed 5991 objects / 345640 bytes in 57ms
06-23 10:27:37.597 D/dalvikvm( 3000): GC_FOR_MALLOC freed 152 objects / 8096 bytes in 73ms
06-23 10:27:37.902 W/TiAnalyticsSvc( 3000): (Thread-10) [1615,3161] Stopping Analytics Service
06-23 10:27:43.761 V/camera ( 2831): stopPreview
06-23 10:27:43.761 D/CameraHal( 1006): stopPreview
06-23 10:27:43.761 D/CameraHal( 1006): stop preview thread
06-23 10:27:43.824 D/CameraHal( 1006): stopPreview
06-23 10:27:43.824 D/CameraHal( 1006): stopPreview
06-23 10:27:43.824 D/CameraHal( 1006): CameraHal release
06-23 10:27:43.831 D/CameraHal( 1006): deinitPvOverlay()
06-23 10:27:43.964 D/TIOverlay( 1085): overlay_destroyOverlay:IN dev (0x1262c0) and overlay (0x3a7310)
06-23 10:27:43.964 I/TIOverlay( 1085): Destroying overlay/fd=125/obj=003a7310
06-23 10:27:43.964 D/TIOverlay( 1085): overlay_destroyOverlay:OUT
06-23 10:27:43.964 I/HPAndroidHAL( 1006): APILOG: ExitHPLibraries
06-23 10:27:43.964 I/HPAndroidHAL( 1006): APILOG: state machine shutting down...
06-23 10:27:43.972 I/HPAndroidHAL( 1006): APILOG: components shutting down...
06-23 10:27:43.972 I/HPAndroidHAL( 1006): APILOG: all components uninitialized.
06-23 10:27:44.003 I/HPAndroidHAL( 1006): APILOG: all components destroyed.
06-23 10:27:44.003 I/HPAndroidHAL( 1006): APILOG: library shutdown complete.
06-23 10:27:44.003 D/CameraHal( 1006): CameraHal destructor
06-23 10:27:44.003 D/CameraHal( 1006): CameraHal release
06-23 10:27:44.003 D/CameraHal( 1006): CameraSettings destructor
06-23 10:27:44.472 I/TiRootActivity( 3000): (main) [0,0] checkpoint, on root activity resume. context = org.appcelerator.titanium.TiContext@448ccad8
06-23 10:27:45.089 I/ActivityManager( 1085): Displayed activity com.xtremeagent365.camera1/.Camera1Activity: 13393 ms (total 13393 ms)
06-23 10:27:49.550 I/ActivityManager( 1085): Start proc com.android.settings for broadcast com.android.settings/.widget.SettingsAppWidgetProvider: pid=3065 uid=1000 gids={3003, 3002, 3001}
06-23 10:27:49.550 I/ActivityManager( 1085): Starting activity: Intent { act=android.intent.action.MAIN cat=[android.intent.category.HOME] flg=0x10200000 cmp=com.android.launcher/com.android.launcher2.Launcher }
06-23 10:27:49.558 I/ActivityManager( 1085): Start proc com.android.launcher for activity com.android.launcher/com.android.launcher2.Launcher: pid=3066 uid=10013 gids={3003, 1015}
06-23 10:27:49.660 I/WindowManager( 1085): Setting rotation to 0, animFlags=1
06-23 10:27:49.683 I/ActivityManager( 1085): Config changed: { scale=1.0 imsi=310/4 loc=en_US touch=3 keys=2/1/2 nav=2/2 orien=1 layout=34 uiMode=17 seq=9}
06-23 10:27:50.535 I/ActivityThread( 3066): Publishing provider com.android.launcher2.settings: com.android.launcher2.LauncherProvider
06-23 10:27:50.613 D/dalvikvm( 3066): GC_EXTERNAL_ALLOC freed 954 objects / 70408 bytes in 62ms
06-23 10:27:50.941 I/ActivityManager( 1085): Displayed activity com.android.launcher/com.android.launcher2.Launcher: 1389 ms (total 1389 ms)
06-23 10:27:50.980 W/IInputConnectionWrapper( 2831): showStatusIcon on inactive InputConnection
06-23 10:27:51.152 D/WifiService( 1085): acquireWifiLockLocked: WifiLock{NetworkLocationProvider type=2 binder=android.os.Binder@44ad9d48}
06-23 10:27:51.472 D/LocationMasfClient( 1085): getNetworkLocation(): Returning cache location with accuracy 2252.0
06-23 10:27:51.706 D/libgps ( 1085): GpsInterface_inject_location( 42.739007, -83.081077, 2252.000 )
06-23 10:27:52.410 D/dalvikvm( 3066): GC_EXTERNAL_ALLOC freed 2218 objects / 128248 bytes in 56ms
06-23 10:27:53.261 D/dalvikvm( 1085): GC_EXPLICIT freed 6793 objects / 294976 bytes in 218ms
06-23 10:27:54.753 D/dalvikvm( 3066): GC_EXTERNAL_ALLOC freed 924 objects / 46016 bytes in 53ms
06-23 10:27:55.308 D/AlarmManagerService( 1085): Kernel timezone updated to 240 minutes west of GMT
06-23 10:27:55.339 D/AlarmManagerService( 1085): Kernel timezone updated to 240 minutes west of GMT
06-23 10:27:55.441 D/LocationMasfClient( 1085): getNetworkLocation(): Returning cache location with accuracy 1878.0
06-23 10:27:55.441 D/libgps ( 1085): GpsInterface_inject_location( 42.711473, -83.132921, 1878.000 )
06-23 10:27:56.582 D/dalvikvm( 3066): GC_FOR_MALLOC freed 3174 objects / 157912 bytes in 80ms
06-23 10:28:00.324 D/AlarmManagerService( 1085): Kernel timezone updated to 240 minutes west of GMT
06-23 10:28:00.363 D/AlarmManagerService( 1085): Kernel timezone updated to 240 minutes west of GMT
06-23 10:28:00.621 D/LocationMasfClient( 1085): getNetworkLocation(): Returning cache location with accuracy 2616.0
06-23 10:28:00.621 D/libgps ( 1085): GpsInterface_inject_location( 42.725240, -83.106999, 2616.000 )
06-23 10:28:00.621 D/WifiService( 1085): releaseWifiLockLocked: WifiLock{NetworkLocationProvider type=2 binder=android.os.Binder@44ad9d48}
06-23 10:28:04.839 D/dalvikvm( 3066): GC_EXTERNAL_ALLOC freed 6835 objects / 328360 bytes in 96ms
06-23 10:28:05.441 D/AlarmManagerService( 1085): Kernel timezone updated to 240 minutes west of GMT
06-23 10:28:05.503 D/AlarmManagerService( 1085): Kernel timezone updated to 240 minutes west of GMT
06-23 10:28:10.644 D/AlarmManagerService( 1085): Kernel timezone updated to 240 minutes west of GMT
06-23 10:28:10.714 D/AlarmManagerService( 1085): Kernel timezone updated to 240 minutes west of GMT
06-23 10:28:13.300 D/AlarmManagerService( 1085): Kernel timezone updated to 240 minutes west of GMT
06-23 10:28:21.019 I/ActivityManager( 1085): Starting activity: Intent { act=android.intent.action.MAIN cat=[android.intent.category.HOME] flg=0x10200000 cmp=com.android.launcher/com.android.launcher2.Launcher }
06-23 10:28:31.277 D/dalvikvm( 3066): GC_EXTERNAL_ALLOC freed 3330 objects / 160064 bytes in 101ms
06-23 10:28:32.261 D/dalvikvm( 3066): GC_EXTERNAL_ALLOC freed 1898 objects / 104320 bytes in 65ms
06-23 10:28:32.878 D/dalvikvm( 3066): GC_EXTERNAL_ALLOC freed 647 objects / 34712 bytes in 64ms
06-23 10:28:33.503 D/dalvikvm( 1170): GC_FOR_MALLOC freed 9305 objects / 483528 bytes in 168ms
06-23 10:28:34.214 D/dalvikvm( 3066): GC_EXTERNAL_ALLOC freed 498 objects / 27528 bytes in 61ms
06-23 10:28:37.894 D/dalvikvm( 3066): GC_EXTERNAL_ALLOC freed 2349 objects / 114216 bytes in 58ms
06-23 10:28:38.894 D/AlarmManagerService( 1085): Kernel timezone updated to 240 minutes west of GMT
06-23 10:28:38.949 D/AlarmManagerService( 1085): Kernel time