D/Zygote ( 33): Process 554 terminated by signal (15)
I/ActivityManager( 60): Process com.appcelerator.kitchensink (pid 554) has died.
D/AndroidRuntime( 602):
D/AndroidRuntime( 602): >>>>>>>>>>>>>> AndroidRuntime START <<<<<<<<<<<<<<
D/AndroidRuntime( 602): CheckJNI is ON
D/AndroidRuntime( 602): --- registering native functions ---
I/ActivityManager( 60): Starting activity: Intent { act=android.intent.action.MAIN cat=[android.intent.category.LAUNCHER] flg=0x10000000 cmp=com.appcelerator.kitchensink/.KitchensinkActivity }
D/AndroidRuntime( 602): Shutting down VM
D/jdwp ( 602): adbd disconnected
I/ActivityManager( 60): Start proc com.appcelerator.kitchensink for activity com.appcelerator.kitchensink/.KitchensinkActivity: pid=609 uid=10042 gids={1015, 1006, 3003}
I/dalvikvm( 602): JNI: AttachCurrentThread (from ???.???)
I/AndroidRuntime( 602): NOTE: attach of thread 'Binder Thread #3' failed
I/TiApplication( 609): (main) [0,0] checkpoint, app created.
D/dalvikvm( 609): GC_FOR_MALLOC freed 2145 objects / 177952 bytes in 56ms
D/dalvikvm( 609): GC_FOR_MALLOC freed 730 objects / 281520 bytes in 41ms
D/dalvikvm( 609): GC_FOR_MALLOC freed 937 objects / 342320 bytes in 44ms
D/dalvikvm( 609): GC_FOR_MALLOC freed 3119 objects / 266536 bytes in 51ms
I/TiApplication( 609): (main) [1122,1122] Titanium 2.0.2 (2012/05/30 10:21 2ff31a3)
D/TiFastDev( 609): (main) [143,1265] Enabling Fastdev on port 61879
D/TiFastDev( 609): (main) [14,1279] sent tokens successfully
D/TiFastDev( 609): (main) [1,1280] Fastdev session handshake succesful.
D/dalvikvm( 609): GC_FOR_MALLOC freed 4230 objects / 377640 bytes in 61ms
D/dalvikvm( 609): Trying to load lib /data/data/com.appcelerator.kitchensink/lib/libstlport_shared.so 0x43e37d28
D/dalvikvm( 609): Added shared lib /data/data/com.appcelerator.kitchensink/lib/libstlport_shared.so 0x43e37d28
I/TiApplication( 609): (main) [88,1368] Titanium Javascript runtime: v8
D/dalvikvm( 609): No JNI_OnLoad found in /data/data/com.appcelerator.kitchensink/lib/libstlport_shared.so 0x43e37d28, skipping init
D/dalvikvm( 609): Trying to load lib /data/data/com.appcelerator.kitchensink/lib/libkroll-v8.so 0x43e37d28
I/TiRootActivity( 609): (main) [0,0] checkpoint, on root activity create, savedInstanceState: null
D/dalvikvm( 609): Added shared lib /data/data/com.appcelerator.kitchensink/lib/libkroll-v8.so 0x43e37d28
E/TiApplication( 609): (KrollRuntimeThread) [1796,1796] APP PROXY: ti.modules.titanium.app.AppModule@43f3a0a0
W/V8Object( 609): Runtime disposed, cannot set property 'userAgent'
D/TiAssetHelper( 609): Fetching "app.js" with Fastdev...
D/dalvikvm( 609): GC_FOR_MALLOC freed 2782 objects / 302784 bytes in 64ms
D/Module ( 609): Loading module: ui/handheld/android/ApplicationWindow -> Resources/ui/handheld/android/ApplicationWindow.js
D/TiAssetHelper( 609): Fetching "ui/handheld/android/ApplicationWindow.js" with Fastdev...
D/Module ( 609): Loading module: ui/common/ApplicationTabGroup -> Resources/ui/common/ApplicationTabGroup.js
D/TiAssetHelper( 609): Fetching "ui/common/ApplicationTabGroup.js" with Fastdev...
D/TiFastDev( 609): (KrollRuntimeThread) [735,2531] sent tokens successfully
D/Module ( 609): Loading module: ui/common/BaseUIWindow -> Resources/ui/common/BaseUIWindow.js
D/TiAssetHelper( 609): Fetching "ui/common/BaseUIWindow.js" with Fastdev...
D/TiFastDev( 609): (KrollRuntimeThread) [122,2653] sent tokens successfully
D/Module ( 609): Loading module: ui/common/ControlsWindow -> Resources/ui/common/ControlsWindow.js
D/TiAssetHelper( 609): Fetching "ui/common/ControlsWindow.js" with Fastdev...
D/TiFastDev( 609): (KrollRuntimeThread) [71,2724] sent tokens successfully
D/Module ( 609): Loading module: ui/common/PhoneWindow -> Resources/ui/common/PhoneWindow.js
D/TiAssetHelper( 609): Fetching "ui/common/PhoneWindow.js" with Fastdev...
D/TiFastDev( 609): (KrollRuntimeThread) [88,2812] sent tokens successfully
D/Module ( 609): Loading module: ui/common/PlatformWindow -> Resources/ui/common/PlatformWindow.js
D/TiAssetHelper( 609): Fetching "ui/common/PlatformWindow.js" with Fastdev...
D/TiFastDev( 609): (KrollRuntimeThread) [69,2881] sent tokens successfully
D/Module ( 609): Loading module: ui/common/MashupsWindow -> Resources/ui/common/MashupsWindow.js
D/TiAssetHelper( 609): Fetching "ui/common/MashupsWindow.js" with Fastdev...
D/dalvikvm( 609): GC_FOR_MALLOC freed 2903 objects / 520888 bytes in 64ms
I/ActivityManager( 60): Starting activity: Intent { cmp=com.appcelerator.kitchensink/ti.modules.titanium.ui.TiTabActivity (has extras) }
D/Module ( 609): Loading module: ui/common/MessageWindow -> Resources/ui/common/MessageWindow.js
D/TiAssetHelper( 609): Fetching "ui/common/MessageWindow.js" with Fastdev...
I/TiAPI ( 609): Welcome to Kitchen Sink for Titanium/2.0.2
D/TiAPI ( 609): locale specific date is 7/19/12
D/TiAPI ( 609): locale specific date (medium) is Jul 19, 2012
D/TiAPI ( 609): locale specific date (long) is July 19, 2012
D/TiAPI ( 609): locale specific time is 2:03 PM
D/TiAPI ( 609): locale specific currency is $12.99
D/TiAPI ( 609): locale specific decimal is 12.99
I/TiAPI ( 609): welcome_message = Welcome to Kitchen Sink for Titanium/
I/TiAPI ( 609): should be def, was = def
I/TiAPI ( 609): should be 1, was = 1
I/TiAPI ( 609): should be hello, was = hello
I/TiAPI ( 609): you should see a list of modules (3 or more) below this line
I/TiAPI ( 609): ---------------------------------------------------------------
I/TiAPI ( 609): module: sourceUrl
I/TiAPI ( 609): module: global
I/TiAPI ( 609): module: include
I/TiAPI ( 609): module: Android
I/TiAPI ( 609): module: UI
I/TiAPI ( 609): module: Network
I/TiAPI ( 609): module: Map
I/TiAPI ( 609): module: Media
I/TiAPI ( 609): module: Database
I/TiAPI ( 609): module: Filesystem
I/TiAPI ( 609): module: createBuffer
I/TiAPI ( 609): module: Service
I/TiAPI ( 609): module: Platform
I/TiAPI ( 609): module: buildDate
I/TiAPI ( 609): module: userAgent
I/TiAPI ( 609): module: invocationAPIs
I/TiAPI ( 609): module: _hasJavaListener
I/TiAPI ( 609): module: externalModules
I/TiAPI ( 609): module: buildHash
I/TiAPI ( 609): module: version
I/TiAPI ( 609): module: buildTimestamp
I/TiAPI ( 609): module: __propertiesDefined__
I/TiAPI ( 609): module: TiBaseWindow
I/TiAPI ( 609): module: TiWindow
I/TiAPI ( 609): module: TiView
I/TiAPI ( 609): module: App
I/TiAPI ( 609): module: Wrapper
I/TiAPI ( 609): module: initScopeVars
I/TiAPI ( 609): module: getUrlSource
I/TiAPI ( 609): module: bindInvocationAPIs
I/TiAPI ( 609): module: Proxy
I/TiAPI ( 609): module: Activity
I/TiAPI ( 609): module: API
I/TiAPI ( 609): Did you see modules? ^^^^^
I/TiAPI ( 609): ---------------------------------------------------------------
W/ActivityManager( 60): Activity pause timeout for HistoryRecord{440356d8 com.appcelerator.kitchensink/.KitchensinkActivity}
I/TiRootActivity( 609): (main) [0,0] checkpoint, on root activity resume. activity = com.appcelerator.kitchensink.KitchensinkActivity@43f9d5a8
W/TiTabActivity( 609): (main) [326,326] Notifying TiTabGroup, activity is created
D/dalvikvm( 609): GC_FOR_MALLOC freed 7411 objects / 381376 bytes in 71ms
D/dalvikvm( 609): GC_EXTERNAL_ALLOC freed 431 objects / 18704 bytes in 87ms
D/TiUIView( 609): (main) [445,771] Nativeview is null
I/DEBUG ( 31): *** *** *** *** *** *** *** *** *** *** *** *** *** *** *** ***
I/DEBUG ( 31): Build fingerprint: 'generic/google_sdk/generic/:2.2/FRF91/43546:eng/test-keys'
I/DEBUG ( 31): pid: 609, tid: 619 >>> com.appcelerator.kitchensink <<<
I/DEBUG ( 31): signal 11 (SIGSEGV), fault addr 00000014
I/DEBUG ( 31): r0 00000000 r1 00000000 r2 43f7f340 r3 00000000
I/DEBUG ( 31): r4 00000000 r5 4766b82c r6 002811f8 r7 002811f4
I/DEBUG ( 31): r8 43f7f340 r9 4766b7d7 10 00000000 fp 43ee6558
I/DEBUG ( 31): ip 002cb830 sp 4766b7b8 lr 8106fded pc 8106c5a8 cpsr 60000030
I/DEBUG ( 31): #00 pc 0006c5a8 /data/data/com.appcelerator.kitchensink/lib/libkroll-v8.so
I/DEBUG ( 31): #01 pc 0006fde8 /data/data/com.appcelerator.kitchensink/lib/libkroll-v8.so
I/DEBUG ( 31): #02 pc 0006fee6 /data/data/com.appcelerator.kitchensink/lib/libkroll-v8.so
I/DEBUG ( 31): #03 pc 0022348c /data/data/com.appcelerator.kitchensink/lib/libkroll-v8.so
I/DEBUG ( 31): #04 pc 00233d18 /data/data/com.appcelerator.kitchensink/lib/libkroll-v8.so
I/DEBUG ( 31):
I/DEBUG ( 31): code around pc:
I/DEBUG ( 31): 8106c588 60e5d000 f7ff1c20 bd70ffcb ffffff9b
I/DEBUG ( 31): 8106c598 4b16b570 447b1c04 781b681b d1102b00
I/DEBUG ( 31): 8106c5a8 2b007d03 6900d007 fce2f004 d0141e05
I/DEBUG ( 31): 8106c5b8 75232300 6900e003 fcc6f004 1c281c05
I/DEBUG ( 31): 8106c5c8 f7ffbd70 2800ff0d 68e5d101 1c20e7f7
I/DEBUG ( 31):
I/DEBUG ( 31): code around lr:
I/DEBUG ( 31): 8106fdcc 1c30d051 fa86f001 446a220f 46801c11
I/DEBUG ( 31): 8106fddc 46911c38 fdf6f001 46504683 fbd6f7fc
I/DEBUG ( 31): 8106fdec 46824b28 447b4651 1c20681b 465b681a
I/DEBUG ( 31): 8106fdfc 46439300 fc4cf7ff 447b4b23 781b681b
I/DEBUG ( 31): 8106fe0c d02a2b00 46416823 6ddb1c20 46494798
I/DEBUG ( 31):
I/DEBUG ( 31): stack:
I/DEBUG ( 31): 4766b778 4766b7d7
I/DEBUG ( 31): 4766b77c 81071ab5 /data/data/com.appcelerator.kitchensink/lib/libkroll-v8.so
I/DEBUG ( 31): 4766b780 43f7f340 /dev/ashmem/mspace/dalvik-heap/2 (deleted)
I/DEBUG ( 31): 4766b784 afd0cd81 /system/lib/libc.so
I/DEBUG ( 31): 4766b788 4766b7a8
I/DEBUG ( 31): 4766b78c 8091e333 /data/data/com.appcelerator.kitchensink/lib/libstlport_shared.so
I/DEBUG ( 31): 4766b790 4766b7a8
I/DEBUG ( 31): 4766b794 8091e33b /data/data/com.appcelerator.kitchensink/lib/libstlport_shared.so
I/DEBUG ( 31): 4766b798 4766b7a8
I/DEBUG ( 31): 4766b79c 81119680 /data/data/com.appcelerator.kitchensink/lib/libkroll-v8.so
I/DEBUG ( 31): 4766b7a0 00253d98 [heap]
I/DEBUG ( 31): 4766b7a4 43f7f340 /dev/ashmem/mspace/dalvik-heap/2 (deleted)
I/DEBUG ( 31): 4766b7a8 4766b7d7
I/DEBUG ( 31): 4766b7ac 00000000
I/DEBUG ( 31): 4766b7b0 df002777
I/DEBUG ( 31): 4766b7b4 e3a070ad
I/DEBUG ( 31): #00 4766b7b8 00253d98 [heap]
I/DEBUG ( 31): 4766b7bc 4766b82c
I/DEBUG ( 31): 4766b7c0 002811f8 [heap]
I/DEBUG ( 31): 4766b7c4 8106fded /data/data/com.appcelerator.kitchensink/lib/libkroll-v8.so
I/DEBUG ( 31): #01 4766b7c8 4766b764
I/DEBUG ( 31): 4766b7cc 00000064
I/DEBUG ( 31): 4766b7d0 00000001
I/DEBUG ( 31): 4766b7d4 01279530
I/DEBUG ( 31): 4766b7d8 4766b7fc
I/DEBUG ( 31): 4766b7dc 002821a8 [heap]
I/DEBUG ( 31): 4766b7e0 32bc6f51
I/DEBUG ( 31): 4766b7e4 002811f4 [heap]
I/DEBUG ( 31): 4766b7e8 4766b844
I/DEBUG ( 31): 4766b7ec 002638c0 [heap]
I/DEBUG ( 31): 4766b7f0 00263918 [heap]
I/DEBUG ( 31): 4766b7f4 002811f4 [heap]
I/DEBUG ( 31): 4766b7f8 00000000
I/DEBUG ( 31): 4766b7fc 8106feeb /data/data/com.appcelerator.kitchensink/lib/libkroll-v8.so
D/Zygote ( 33): Process 609 terminated by signal (11)
I/ActivityManager( 60): Process com.appcelerator.kitchensink (pid 609) has died.
I/WindowManager( 60): WIN DEATH: Window{44060350 com.appcelerator.kitchensink/ti.modules.titanium.ui.TiTabActivity paused=false}
I/WindowManager( 60): WIN DEATH: Window{4419ff70 com.appcelerator.kitchensink/com.appcelerator.kitchensink.KitchensinkActivity paused=false}
I/BootReceiver( 60): Copying /data/tombstones/tombstone_06 to DropBox (SYSTEM_TOMBSTONE)
I/ActivityManager( 60): Start proc com.appcelerator.kitchensink for activity com.appcelerator.kitchensink/.KitchensinkActivity: pid=622 uid=10042 gids={1015, 1006, 3003}
D/dalvikvm( 60): GC_FOR_MALLOC freed 6138 objects / 569680 bytes in 209ms
I/UsageStats( 60): Unexpected resume of com.appcelerator.kitchensink while already resumed in com.appcelerator.kitchensink
W/ActivityManager( 60): Launch timeout has expired, giving up wake lock!
I/TiApplication( 622): (main) [0,0] checkpoint, app created.
D/dalvikvm( 622): GC_FOR_MALLOC freed 2172 objects / 178912 bytes in 56ms
D/dalvikvm( 622): GC_FOR_MALLOC freed 736 objects / 281848 bytes in 44ms
D/dalvikvm( 622): GC_FOR_MALLOC freed 937 objects / 342320 bytes in 44ms
D/dalvikvm( 622): GC_FOR_MALLOC freed 3119 objects / 266528 bytes in 51ms
I/TiApplication( 622): (main) [1210,1210] Titanium 2.0.2 (2012/05/30 10:21 2ff31a3)
D/TiFastDev( 622): (main) [205,1415] Enabling Fastdev on port 61879
D/TiFastDev( 622): (main) [26,1441] sent tokens successfully
D/TiFastDev( 622): (main) [1,1442] Fastdev session handshake succesful.
D/dalvikvm( 622): GC_FOR_MALLOC freed 4230 objects / 377688 bytes in 67ms
D/dalvikvm( 622): Trying to load lib /data/data/com.appcelerator.kitchensink/lib/libstlport_shared.so 0x43e37d60
I/TiApplication( 622): (main) [96,1538] Titanium Javascript runtime: v8
D/dalvikvm( 622): Added shared lib /data/data/com.appcelerator.kitchensink/lib/libstlport_shared.so 0x43e37d60
D/dalvikvm( 622): No JNI_OnLoad found in /data/data/com.appcelerator.kitchensink/lib/libstlport_shared.so 0x43e37d60, skipping init
D/dalvikvm( 622): Trying to load lib /data/data/com.appcelerator.kitchensink/lib/libkroll-v8.so 0x43e37d60
D/dalvikvm( 622): Added shared lib /data/data/com.appcelerator.kitchensink/lib/libkroll-v8.so 0x43e37d60
I/TiRootActivity( 622): (main) [0,0] checkpoint, on root activity create, savedInstanceState: Bundle[mParcelledData.dataSize=204]
E/TiApplication( 622): (KrollRuntimeThread) [1470,1470] APP PROXY: ti.modules.titanium.app.AppModule@43f84d18
W/V8Object( 622): Runtime disposed, cannot set property 'userAgent'
D/TiAssetHelper( 622): Fetching "app.js" with Fastdev...
D/dalvikvm( 622): GC_FOR_MALLOC freed 2790 objects / 303320 bytes in 58ms
D/Module ( 622): Loading module: ui/handheld/android/ApplicationWindow -> Resources/ui/handheld/android/ApplicationWindow.js
D/TiAssetHelper( 622): Fetching "ui/handheld/android/ApplicationWindow.js" with Fastdev...
D/Module ( 622): Loading module: ui/common/ApplicationTabGroup -> Resources/ui/common/ApplicationTabGroup.js
D/TiAssetHelper( 622): Fetching "ui/common/ApplicationTabGroup.js" with Fastdev...
D/TiFastDev( 622): (KrollRuntimeThread) [592,2062] sent tokens successfully
D/Module ( 622): Loading module: ui/common/BaseUIWindow -> Resources/ui/common/BaseUIWindow.js
D/TiAssetHelper( 622): Fetching "ui/common/BaseUIWindow.js" with Fastdev...
D/TiFastDev( 622): (KrollRuntimeThread) [111,2173] sent tokens successfully
D/Module ( 622): Loading module: ui/common/ControlsWindow -> Resources/ui/common/ControlsWindow.js
D/TiAssetHelper( 622): Fetching "ui/common/ControlsWindow.js" with Fastdev...
D/TiFastDev( 622): (KrollRuntimeThread) [68,2241] sent tokens successfully
D/Module ( 622): Loading module: ui/common/PhoneWindow -> Resources/ui/common/PhoneWindow.js
D/TiAssetHelper( 622): Fetching "ui/common/PhoneWindow.js" with Fastdev...
D/TiFastDev( 622): (KrollRuntimeThread) [95,2336] sent tokens successfully
D/Module ( 622): Loading module: ui/common/PlatformWindow -> Resources/ui/common/PlatformWindow.js
D/TiAssetHelper( 622): Fetching "ui/common/PlatformWindow.js" with Fastdev...
D/TiFastDev( 622): (KrollRuntimeThread) [76,2412] sent tokens successfully
D/Module ( 622): Loading module: ui/common/MashupsWindow -> Resources/ui/common/MashupsWindow.js
D/TiAssetHelper( 622): Fetching "ui/common/MashupsWindow.js" with Fastdev...
D/dalvikvm( 622): GC_FOR_MALLOC freed 2896 objects / 520768 bytes in 67ms
I/ActivityManager( 60): Starting activity: Intent { cmp=com.appcelerator.kitchensink/ti.modules.titanium.ui.TiTabActivity (has extras) }
D/Module ( 622): Loading module: ui/common/MessageWindow -> Resources/ui/common/MessageWindow.js
D/TiAssetHelper( 622): Fetching "ui/common/MessageWindow.js" with Fastdev...
I/TiAPI ( 622): Welcome to Kitchen Sink for Titanium/2.0.2
D/TiAPI ( 622): locale specific date is 7/19/12
D/TiAPI ( 622): locale specific date (medium) is Jul 19, 2012
D/TiAPI ( 622): locale specific date (long) is July 19, 2012
D/TiAPI ( 622): locale specific time is 2:03 PM
D/TiAPI ( 622): locale specific currency is $12.99
D/TiAPI ( 622): locale specific decimal is 12.99
I/TiAPI ( 622): welcome_message = Welcome to Kitchen Sink for Titanium/
I/TiAPI ( 622): should be def, was = def
I/TiAPI ( 622): should be 1, was = 1
I/TiAPI ( 622): should be hello, was = hello
I/TiAPI ( 622): you should see a list of modules (3 or more) below this line
I/TiAPI ( 622): ---------------------------------------------------------------
I/TiAPI ( 622): module: sourceUrl
I/TiAPI ( 622): module: global
I/TiAPI ( 622): module: include
I/TiAPI ( 622): module: Android
I/TiAPI ( 622): module: UI
I/TiAPI ( 622): module: Network
I/TiAPI ( 622): module: Map
I/TiAPI ( 622): module: Media
I/TiAPI ( 622): module: Database
I/TiAPI ( 622): module: Filesystem
I/TiAPI ( 622): module: createBuffer
I/TiAPI ( 622): module: Service
I/TiAPI ( 622): module: Platform
I/TiAPI ( 622): module: buildDate
I/TiAPI ( 622): module: userAgent
I/TiAPI ( 622): module: invocationAPIs
I/TiAPI ( 622): module: _hasJavaListener
I/TiAPI ( 622): module: externalModules
I/TiAPI ( 622): module: buildHash
I/TiAPI ( 622): module: version
I/TiAPI ( 622): module: buildTimestamp
I/TiAPI ( 622): module: __propertiesDefined__
I/TiAPI ( 622): module: TiBaseWindow
I/TiAPI ( 622): module: TiWindow
I/TiAPI ( 622): module: TiView
I/TiAPI ( 622): module: App
I/TiAPI ( 622): module: Wrapper
I/TiAPI ( 622): module: initScopeVars
I/TiAPI ( 622): module: getUrlSource
I/TiAPI ( 622): module: bindInvocationAPIs
I/TiAPI ( 622): module: Proxy
I/TiAPI ( 622): module: Activity
I/TiAPI ( 622): module: API
I/TiAPI ( 622): Did you see modules? ^^^^^
I/TiAPI ( 622): ---------------------------------------------------------------
I/TiRootActivity( 622): (main) [0,0] checkpoint, on root activity resume. activity = com.appcelerator.kitchensink.KitchensinkActivity@43f9d5c8
W/TiTabActivity( 622): (main) [252,252] Notifying TiTabGroup, activity is created
D/dalvikvm( 622): GC_FOR_MALLOC freed 7507 objects / 387128 bytes in 73ms
D/dalvikvm( 622): GC_EXTERNAL_ALLOC freed 403 objects / 17304 bytes in 95ms
D/TiUIView( 622): (main) [546,798] Nativeview is null
I/DEBUG ( 31): *** *** *** *** *** *** *** *** *** *** *** *** *** *** *** ***
I/DEBUG ( 31): Build fingerprint: 'generic/google_sdk/generic/:2.2/FRF91/43546:eng/test-keys'
I/DEBUG ( 31): pid: 622, tid: 630 >>> com.appcelerator.kitchensink <<<
I/DEBUG ( 31): signal 11 (SIGSEGV), fault addr 00000014
I/DEBUG ( 31): r0 00000000 r1 00000000 r2 43e3ab10 r3 00000000
I/DEBUG ( 31): r4 00000000 r5 4766b82c r6 002a0978 r7 002a0974
I/DEBUG ( 31): r8 43e3ab10 r9 4766b7d7 10 00000000 fp 43e3a6e8
I/DEBUG ( 31): ip 002c94c0 sp 4766b7b8 lr 8106fded pc 8106c5a8 cpsr 60000030
I/DEBUG ( 31): #00 pc 0006c5a8 /data/data/com.appcelerator.kitchensink/lib/libkroll-v8.so
I/DEBUG ( 31): #01 pc 0006fde8 /data/data/com.appcelerator.kitchensink/lib/libkroll-v8.so
I/DEBUG ( 31): #02 pc 0006fee6 /data/data/com.appcelerator.kitchensink/lib/libkroll-v8.so
I/DEBUG ( 31): #03 pc 0022348c /data/data/com.appcelerator.kitchensink/lib/libkroll-v8.so
I/DEBUG ( 31): #04 pc 00233d18 /data/data/com.appcelerator.kitchensink/lib/libkroll-v8.so
I/DEBUG ( 31):
I/DEBUG ( 31): code around pc:
I/DEBUG ( 31): 8106c588 60e5d000 f7ff1c20 bd70ffcb ffffff9b
I/DEBUG ( 31): 8106c598 4b16b570 447b1c04 781b681b d1102b00
I/DEBUG ( 31): 8106c5a8 2b007d03 6900d007 fce2f004 d0141e05
I/DEBUG ( 31): 8106c5b8 75232300 6900e003 fcc6f004 1c281c05
I/DEBUG ( 31): 8106c5c8 f7ffbd70 2800ff0d 68e5d101 1c20e7f7
I/DEBUG ( 31):
I/DEBUG ( 31): code around lr:
I/DEBUG ( 31): 8106fdcc 1c30d051 fa86f001 446a220f 46801c11
I/DEBUG ( 31): 8106fddc 46911c38 fdf6f001 46504683 fbd6f7fc
I/DEBUG ( 31): 8106fdec 46824b28 447b4651 1c20681b 465b681a
I/DEBUG ( 31): 8106fdfc 46439300 fc4cf7ff 447b4b23 781b681b
I/DEBUG ( 31): 8106fe0c d02a2b00 46416823 6ddb1c20 46494798
I/DEBUG ( 31):
I/DEBUG ( 31): stack:
I/DEBUG ( 31): 4766b778 4766b7d7
I/DEBUG ( 31): 4766b77c 81071ab5 /data/data/com.appcelerator.kitchensink/lib/libkroll-v8.so
I/DEBUG ( 31): 4766b780 43e3ab10 /dev/ashmem/mspace/dalvik-heap/2 (deleted)
I/DEBUG ( 31): 4766b784 afd0cd81 /system/lib/libc.so
I/DEBUG ( 31): 4766b788 4766b7a8
I/DEBUG ( 31): 4766b78c 8091e333 /data/data/com.appcelerator.kitchensink/lib/libstlport_shared.so
I/DEBUG ( 31): 4766b790 4766b7a8
I/DEBUG ( 31): 4766b794 8091e33b /data/data/com.appcelerator.kitchensink/lib/libstlport_shared.so
I/DEBUG ( 31): 4766b798 4766b7a8
I/DEBUG ( 31): 4766b79c 81119680 /data/data/com.appcelerator.kitchensink/lib/libkroll-v8.so
I/DEBUG ( 31): 4766b7a0 002638a0 [heap]
I/DEBUG ( 31): 4766b7a4 43e3ab10 /dev/ashmem/mspace/dalvik-heap/2 (deleted)
I/DEBUG ( 31): 4766b7a8 4766b7d7
I/DEBUG ( 31): 4766b7ac 00000000
I/DEBUG ( 31): 4766b7b0 df002777
I/DEBUG ( 31): 4766b7b4 e3a070ad
I/DEBUG ( 31): #00 4766b7b8 002638a0 [heap]
I/DEBUG ( 31): 4766b7bc 4766b82c
I/DEBUG ( 31): 4766b7c0 002a0978 [heap]
I/DEBUG ( 31): 4766b7c4 8106fded /data/data/com.appcelerator.kitchensink/lib/libkroll-v8.so
I/DEBUG ( 31): #01 4766b7c8 4766b764
I/DEBUG ( 31): 4766b7cc 00000064
I/DEBUG ( 31): 4766b7d0 00000001
I/DEBUG ( 31): 4766b7d4 01279530
I/DEBUG ( 31): 4766b7d8 4766b7fc
I/DEBUG ( 31): 4766b7dc 002a1928 [heap]
I/DEBUG ( 31): 4766b7e0 58cc3fcd
I/DEBUG ( 31): 4766b7e4 002a0974 [heap]
I/DEBUG ( 31): 4766b7e8 4766b844
I/DEBUG ( 31): 4766b7ec 00253c10 [heap]
I/DEBUG ( 31): 4766b7f0 00253c68 [heap]
I/DEBUG ( 31): 4766b7f4 002a0974 [heap]
I/DEBUG ( 31): 4766b7f8 00000000
I/DEBUG ( 31): 4766b7fc 8106feeb /data/data/com.appcelerator.kitchensink/lib/libkroll-v8.so
I/BootReceiver( 60): Copying /data/tombstones/tombstone_07 to DropBox (SYSTEM_TOMBSTONE)
D/Zygote ( 33): Process 622 terminated by signal (11)
I/ActivityManager( 60): Process com.appcelerator.kitchensink (pid 622) has died.
I/WindowManager( 60): WIN DEATH: Window{440beb08 com.appcelerator.kitchensink/ti.modules.titanium.ui.TiTabActivity paused=false}
I/WindowManager( 60): WIN DEATH: Window{44030050 com.appcelerator.kitchensink/com.appcelerator.kitchensink.KitchensinkActivity paused=false}
D/dalvikvm( 60): GC_FOR_MALLOC freed 1653 objects / 577384 bytes in 189ms
I/ActivityManager( 60): Start proc com.appcelerator.kitchensink for activity com.appcelerator.kitchensink/.KitchensinkActivity: pid=633 uid=10042 gids={1015, 1006, 3003}
D/dalvikvm( 60): GC_FOR_MALLOC freed 342 objects / 204176 bytes in 104ms
I/UsageStats( 60): Unexpected resume of com.appcelerator.kitchensink while already resumed in com.appcelerator.kitchensink
I/TiApplication( 633): (main) [0,0] checkpoint, app created.
D/dalvikvm( 633): GC_FOR_MALLOC freed 2200 objects / 179968 bytes in 62ms
D/dalvikvm( 633): GC_FOR_MALLOC freed 741 objects / 282080 bytes in 43ms
D/dalvikvm( 633): GC_FOR_MALLOC freed 925 objects / 341960 bytes in 46ms
D/dalvikvm( 633): GC_FOR_MALLOC freed 3130 objects / 266880 bytes in 75ms
I/TiApplication( 633): (main) [1171,1171] Titanium 2.0.2 (2012/05/30 10:21 2ff31a3)
D/TiFastDev( 633): (main) [158,1329] Enabling Fastdev on port 61879
D/TiFastDev( 633): (main) [14,1343] sent tokens successfully
D/TiFastDev( 633): (main) [1,1344] Fastdev session handshake succesful.
D/dalvikvm( 633): GC_FOR_MALLOC freed 4231 objects / 377712 bytes in 61ms
D/dalvikvm( 633): Trying to load lib /data/data/com.appcelerator.kitchensink/lib/libstlport_shared.so 0x43e37d60
I/TiApplication( 633): (main) [86,1430] Titanium Javascript runtime: v8
D/dalvikvm( 633): Added shared lib /data/data/com.appcelerator.kitchensink/lib/libstlport_shared.so 0x43e37d60
D/dalvikvm( 633): No JNI_OnLoad found in /data/data/com.appcelerator.kitchensink/lib/libstlport_shared.so 0x43e37d60, skipping init
D/dalvikvm( 633): Trying to load lib /data/data/com.appcelerator.kitchensink/lib/libkroll-v8.so 0x43e37d60
I/TiRootActivity( 633): (main) [0,0] checkpoint, on root activity create, savedInstanceState: Bundle[mParcelledData.dataSize=204]
D/dalvikvm( 633): Added shared lib /data/data/com.appcelerator.kitchensink/lib/libkroll-v8.so 0x43e37d60
E/TiApplication( 633): (KrollRuntimeThread) [1392,1392] APP PROXY: ti.modules.titanium.app.AppModule@43f96bc8
W/V8Object( 633): Runtime disposed, cannot set property 'userAgent'
D/TiAssetHelper( 633): Fetching "app.js" with Fastdev...
D/dalvikvm( 633): GC_FOR_MALLOC freed 2788 objects / 302984 bytes in 69ms
D/Module ( 633): Loading module: ui/handheld/android/ApplicationWindow -> Resources/ui/handheld/android/ApplicationWindow.js
D/TiAssetHelper( 633): Fetching "ui/handheld/android/ApplicationWindow.js" with Fastdev...
D/Module ( 633): Loading module: ui/common/ApplicationTabGroup -> Resources/ui/common/ApplicationTabGroup.js
D/TiAssetHelper( 633): Fetching "ui/common/ApplicationTabGroup.js" with Fastdev...
D/TiFastDev( 633): (KrollRuntimeThread) [730,2122] sent tokens successfully
D/Module ( 633): Loading module: ui/common/BaseUIWindow -> Resources/ui/common/BaseUIWindow.js
D/TiAssetHelper( 633): Fetching "ui/common/BaseUIWindow.js" with Fastdev...
D/TiFastDev( 633): (KrollRuntimeThread) [147,2269] sent tokens successfully
D/Module ( 633): Loading module: ui/common/ControlsWindow -> Resources/ui/common/ControlsWindow.js
D/TiAssetHelper( 633): Fetching "ui/common/ControlsWindow.js" with Fastdev...
D/TiFastDev( 633): (KrollRuntimeThread) [68,2337] sent tokens successfully
D/Module ( 633): Loading module: ui/common/PhoneWindow -> Resources/ui/common/PhoneWindow.js
D/TiAssetHelper( 633): Fetching "ui/common/PhoneWindow.js" with Fastdev...
D/TiFastDev( 633): (KrollRuntimeThread) [90,2427] sent tokens successfully
D/Module ( 633): Loading module: ui/common/PlatformWindow -> Resources/ui/common/PlatformWindow.js
D/TiAssetHelper( 633): Fetching "ui/common/PlatformWindow.js" with Fastdev...
D/TiFastDev( 633): (KrollRuntimeThread) [76,2503] sent tokens successfully
D/Module ( 633): Loading module: ui/common/MashupsWindow -> Resources/ui/common/MashupsWindow.js
D/TiAssetHelper( 633): Fetching "ui/common/MashupsWindow.js" with Fastdev...
D/dalvikvm( 633): GC_FOR_MALLOC freed 2899 objects / 520680 bytes in 68ms
I/ActivityManager( 60): Starting activity: Intent { cmp=com.appcelerator.kitchensink/ti.modules.titanium.ui.TiTabActivity (has extras) }
D/Module ( 633): Loading module: ui/common/MessageWindow -> Resources/ui/common/MessageWindow.js
D/TiAssetHelper( 633): Fetching "ui/common/MessageWindow.js" with Fastdev...
I/TiAPI ( 633): Welcome to Kitchen Sink for Titanium/2.0.2
D/TiAPI ( 633): locale specific date is 7/19/12
D/TiAPI ( 633): locale specific date (medium) is Jul 19, 2012
D/TiAPI ( 633): locale specific date (long) is July 19, 2012
D/TiAPI ( 633): locale specific time is 2:03 PM
D/TiAPI ( 633): locale specific currency is $12.99
D/TiAPI ( 633): locale specific decimal is 12.99
I/TiAPI ( 633): welcome_message = Welcome to Kitchen Sink for Titanium/
I/TiAPI ( 633): should be def, was = def
I/TiAPI ( 633): should be 1, was = 1
I/TiAPI ( 633): should be hello, was = hello
I/TiAPI ( 633): you should see a list of modules (3 or more) below this line
I/TiAPI ( 633): ---------------------------------------------------------------
I/TiAPI ( 633): module: sourceUrl
I/TiAPI ( 633): module: global
I/TiAPI ( 633): module: include
I/TiAPI ( 633): module: Android
I/TiAPI ( 633): module: UI
I/TiAPI ( 633): module: Network
I/TiAPI ( 633): module: Map
I/TiAPI ( 633): module: Media
I/TiAPI ( 633): module: Database
I/TiAPI ( 633): module: Filesystem
I/TiAPI ( 633): module: createBuffer
I/TiAPI ( 633): module: Service
I/TiAPI ( 633): module: Platform
I/TiAPI ( 633): module: buildDate
I/TiAPI ( 633): module: userAgent
I/TiAPI ( 633): module: invocationAPIs
I/TiAPI ( 633): module: _hasJavaListener
I/TiAPI ( 633): module: externalModules
I/TiAPI ( 633): module: buildHash
I/TiAPI ( 633): module: version
I/TiAPI ( 633): module: buildTimestamp
I/TiAPI ( 633): module: __propertiesDefined__
I/TiAPI ( 633): module: TiBaseWindow
I/TiAPI ( 633): module: TiWindow
I/TiAPI ( 633): module: TiView
I/TiAPI ( 633): module: App
I/TiAPI ( 633): module: Wrapper
I/TiAPI ( 633): module: initScopeVars
I/TiAPI ( 633): module: getUrlSource
I/TiAPI ( 633): module: bindInvocationAPIs
I/TiAPI ( 633): module: Proxy
I/TiAPI ( 633): module: Activity
I/TiAPI ( 633): module: API
I/TiAPI ( 633): Did you see modules? ^^^^^
I/TiAPI ( 633): ---------------------------------------------------------------
I/TiRootActivity( 633): (main) [0,0] checkpoint, on root activity resume. activity = com.appcelerator.kitchensink.KitchensinkActivity@43f9d670
W/TiTabActivity( 633): (main) [249,249] Notifying TiTabGroup, activity is created
D/dalvikvm( 633): GC_FOR_MALLOC freed 7501 objects / 386808 bytes in 77ms
D/dalvikvm( 633): GC_EXTERNAL_ALLOC freed 380 objects / 16456 bytes in 85ms
D/TiUIView( 633): (main) [458,707] Nativeview is null
I/DEBUG ( 31): *** *** *** *** *** *** *** *** *** *** *** *** *** *** *** ***
I/DEBUG ( 31): Build fingerprint: 'generic/google_sdk/generic/:2.2/FRF91/43546:eng/test-keys'
I/DEBUG ( 31): pid: 633, tid: 641 >>> com.appcelerator.kitchensink <<<
I/DEBUG ( 31): signal 11 (SIGSEGV), fault addr 00000014
I/DEBUG ( 31): r0 00000000 r1 00000000 r2 43e3c710 r3 00000000
I/DEBUG ( 31): r4 00000000 r5 4766b82c r6 00254b18 r7 00254b14
I/DEBUG ( 31): r8 43e3c710 r9 4766b7d7 10 00000000 fp 43e3be90
I/DEBUG ( 31): ip 002c95a0 sp 4766b7b8 lr 8106fded pc 8106c5a8 cpsr 60000030
I/DEBUG ( 31): #00 pc 0006c5a8 /data/data/com.appcelerator.kitchensink/lib/libkroll-v8.so
I/DEBUG ( 31): #01 pc 0006fde8 /data/data/com.appcelerator.kitchensink/lib/libkroll-v8.so
I/DEBUG ( 31): #02 pc 0006fee6 /data/data/com.appcelerator.kitchensink/lib/libkroll-v8.so
I/DEBUG ( 31): #03 pc 0022348c /data/data/com.appcelerator.kitchensink/lib/libkroll-v8.so
I/DEBUG ( 31): #04 pc 00233d18 /data/data/com.appcelerator.kitchensink/lib/libkroll-v8.so
I/DEBUG ( 31):
I/DEBUG ( 31): code around pc:
I/DEBUG ( 31): 8106c588 60e5d000 f7ff1c20 bd70ffcb ffffff9b
I/DEBUG ( 31): 8106c598 4b16b570 447b1c04 781b681b d1102b00
I/DEBUG ( 31): 8106c5a8 2b007d03 6900d007 fce2f004 d0141e05
I/DEBUG ( 31): 8106c5b8 75232300 6900e003 fcc6f004 1c281c05
I/DEBUG ( 31): 8106c5c8 f7ffbd70 2800ff0d 68e5d101 1c20e7f7
I/DEBUG ( 31):
I/DEBUG ( 31): code around lr:
I/DEBUG ( 31): 8106fdcc 1c30d051 fa86f001 446a220f 46801c11
I/DEBUG ( 31): 8106fddc 46911c38 fdf6f001 46504683 fbd6f7fc
I/DEBUG ( 31): 8106fdec 46824b28 447b4651 1c20681b 465b681a
I/DEBUG ( 31): 8106fdfc 46439300 fc4cf7ff 447b4b23 781b681b
I/DEBUG ( 31): 8106fe0c d02a2b00 46416823 6ddb1c20 46494798
I/DEBUG ( 31):
I/DEBUG ( 31): stack:
I/DEBUG ( 31): 4766b778 4766b7d7
I/DEBUG ( 31): 4766b77c 81071ab5 /data/data/com.appcelerator.kitchensink/lib/libkroll-v8.so
I/DEBUG ( 31): 4766b780 43e3c710 /dev/ashmem/mspace/dalvik-heap/2 (deleted)
I/DEBUG ( 31): 4766b784 afd0cd81 /system/lib/libc.so
I/DEBUG ( 31): 4766b788 4766b7a8
I/DEBUG ( 31): 4766b78c 8091e333 /data/data/com.appcelerator.kitchensink/lib/libstlport_shared.so
I/DEBUG ( 31): 4766b790 4766b7a8
I/DEBUG ( 31): 4766b794 8091e33b /data/data/com.appcelerator.kitchensink/lib/libstlport_shared.so
I/DEBUG ( 31): 4766b798 4766b7a8
I/DEBUG ( 31): 4766b79c 81119680 /data/data/com.appcelerator.kitchensink/lib/libkroll-v8.so
I/DEBUG ( 31): 4766b7a0 00254028 [heap]
I/DEBUG ( 31): 4766b7a4 43e3c710 /dev/ashmem/mspace/dalvik-heap/2 (deleted)
I/DEBUG ( 31): 4766b7a8 4766b7d7
I/DEBUG ( 31): 4766b7ac 00000000
I/DEBUG ( 31): 4766b7b0 df002777
I/DEBUG ( 31): 4766b7b4 e3a070ad
I/DEBUG ( 31): #00 4766b7b8 00254028 [heap]
I/DEBUG ( 31): 4766b7bc 4766b82c
I/DEBUG ( 31): 4766b7c0 00254b18 [heap]
I/DEBUG ( 31): 4766b7c4 8106fded /data/data/com.appcelerator.kitchensink/lib/libkroll-v8.so
I/DEBUG ( 31): #01 4766b7c8 4766b764
I/DEBUG ( 31): 4766b7cc 00000064
I/DEBUG ( 31): 4766b7d0 00000001
I/DEBUG ( 31): 4766b7d4 01279530
I/DEBUG ( 31): 4766b7d8 4766b7fc
I/DEBUG ( 31): 4766b7dc 00255ac8 [heap]
I/DEBUG ( 31): 4766b7e0 57b51a89
I/DEBUG ( 31): 4766b7e4 00254b14 [heap]
I/DEBUG ( 31): 4766b7e8 4766b844
I/DEBUG ( 31): 4766b7ec 00256460 [heap]
I/DEBUG ( 31): 4766b7f0 002564b8 [heap]
I/DEBUG ( 31): 4766b7f4 00254b14 [heap]
I/DEBUG ( 31): 4766b7f8 00000000
I/DEBUG ( 31): 4766b7fc 8106feeb /data/data/com.appcelerator.kitchensink/lib/libkroll-v8.so
W/ActivityManager( 60): Launch timeout has expired, giving up wake lock!
I/BootReceiver( 60): Copying /data/tombstones/tombstone_08 to DropBox (SYSTEM_TOMBSTONE)
D/Zygote ( 33): Process 633 terminated by signal (11)
I/ActivityManager( 60): Process com.appcelerator.kitchensink (pid 633) has died.
I/WindowManager( 60): WIN DEATH: Window{44021658 com.appcelerator.kitchensink/com.appcelerator.kitchensink.KitchensinkActivity paused=false}
I/WindowManager( 60): WIN DEATH: Window{440beb08 com.appcelerator.kitchensink/ti.modules.titanium.ui.TiTabActivity paused=false}
I/ActivityManager( 60): Start proc com.appcelerator.kitchensink for activity com.appcelerator.kitchensink/.KitchensinkActivity: pid=644 uid=10042 gids={1015, 1006, 3003}
D/dalvikvm( 60): GC_FOR_MALLOC freed 834 objects / 468584 bytes in 170ms
D/dalvikvm( 60): GC_FOR_MALLOC freed 288 objects / 81840 bytes in 114ms
I/dalvikvm-heap( 60): Grow heap (frag case) to 5.507MB for 136664-byte allocation
D/dalvikvm( 60): GC_FOR_MALLOC freed 0 objects / 0 bytes in 84ms
I/UsageStats( 60): Unexpected resume of com.appcelerator.kitchensink while already resumed in com.appcelerator.kitchensink
I/TiApplication( 644): (main) [0,0] checkpoint, app created.
D/dalvikvm( 644): GC_FOR_MALLOC freed 2228 objects / 181024 bytes in 55ms
D/dalvikvm( 644): GC_FOR_MALLOC freed 746 objects / 282312 bytes in 42ms
D/dalvikvm( 644): GC_FOR_MALLOC freed 945 objects / 342504 bytes in 46ms
D/dalvikvm( 644): GC_FOR_MALLOC freed 3114 objects / 266280 bytes in 53ms
I/TiApplication( 644): (main) [1139,1139] Titanium 2.0.2 (2012/05/30 10:21 2ff31a3)
D/TiFastDev( 644): (main) [159,1298] Enabling Fastdev on port 61879
D/TiFastDev( 644): (main) [19,1317] sent tokens successfully
D/TiFastDev( 644): (main) [2,1319] Fastdev session handshake succesful.
D/dalvikvm( 644): GC_FOR_MALLOC freed 4227 objects / 377560 bytes in 80ms
D/dalvikvm( 644): Trying to load lib /data/data/com.appcelerator.kitchensink/lib/libstlport_shared.so 0x43e37d60
I/TiApplication( 644): (main) [110,1429] Titanium Javascript runtime: v8
D/dalvikvm( 644): Added shared lib /data/data/com.appcelerator.kitchensink/lib/libstlport_shared.so 0x43e37d60
D/dalvikvm( 644): No JNI_OnLoad found in /data/data/com.appcelerator.kitchensink/lib/libstlport_shared.so 0x43e37d60, skipping init
D/dalvikvm( 644): Trying to load lib /data/data/com.appcelerator.kitchensink/lib/libkroll-v8.so 0x43e37d60
I/TiRootActivity( 644): (main) [0,0] checkpoint, on root activity create, savedInstanceState: Bundle[mParcelledData.dataSize=204]
D/dalvikvm( 644): Added shared lib /data/data/com.appcelerator.kitchensink/lib/libkroll-v8.so 0x43e37d60
E/TiApplication( 644): (KrollRuntimeThread) [1513,1513] APP PROXY: ti.modules.titanium.app.AppModule@43f96d00
W/V8Object( 644): Runtime disposed, cannot set property 'userAgent'
D/TiAssetHelper( 644): Fetching "app.js" with Fastdev...
D/dalvikvm( 644): GC_FOR_MALLOC freed 2808 objects / 304200 bytes in 72ms
D/Module ( 644): Loading module: ui/handheld/android/ApplicationWindow -> Resources/ui/handheld/android/ApplicationWindow.js
D/TiAssetHelper( 644): Fetching "ui/handheld/android/ApplicationWindow.js" with Fastdev...
D/Module ( 644): Loading module: ui/common/ApplicationTabGroup -> Resources/ui/common/ApplicationTabGroup.js
D/TiAssetHelper( 644): Fetching "ui/common/ApplicationTabGroup.js" with Fastdev...
D/TiFastDev( 644): (KrollRuntimeThread) [664,2177] sent tokens successfully
D/Module ( 644): Loading module: ui/common/BaseUIWindow -> Resources/ui/common/BaseUIWindow.js
D/TiAssetHelper( 644): Fetching "ui/common/BaseUIWindow.js" with Fastdev...
D/TiFastDev( 644): (KrollRuntimeThread) [116,2293] sent tokens successfully
D/Module ( 644): Loading module: ui/common/ControlsWindow -> Resources/ui/common/ControlsWindow.js
D/TiAssetHelper( 644): Fetching "ui/common/ControlsWindow.js" with Fastdev...
D/TiFastDev( 644): (KrollRuntimeThread) [75,2368] sent tokens successfully
D/Module ( 644): Loading module: ui/common/PhoneWindow -> Resources/ui/common/PhoneWindow.js
D/TiAssetHelper( 644): Fetching "ui/common/PhoneWindow.js" with Fastdev...
D/TiFastDev( 644): (KrollRuntimeThread) [97,2465] sent tokens successfully
D/Module ( 644): Loading module: ui/common/PlatformWindow -> Resources/ui/common/PlatformWindow.js
D/TiAssetHelper( 644): Fetching "ui/common/PlatformWindow.js" with Fastdev...
D/TiFastDev( 644): (KrollRuntimeThread) [76,2541] sent tokens successfully
D/Module ( 644): Loading module: ui/common/MashupsWindow -> Resources/ui/common/MashupsWindow.js
D/TiAssetHelper( 644): Fetching "ui/common/MashupsWindow.js" with Fastdev...
D/dalvikvm( 644): GC_FOR_MALLOC freed 2897 objects / 520832 bytes in 63ms
I/ActivityManager( 60): Starting activity: Intent { cmp=com.appcelerator.kitchensink/ti.modules.titanium.ui.TiTabActivity (has extras) }
D/Module ( 644): Loading module: ui/common/MessageWindow -> Resources/ui/common/MessageWindow.js
D/TiAssetHelper( 644): Fetching "ui/common/MessageWindow.js" with Fastdev...
I/TiAPI ( 644): Welcome to Kitchen Sink for Titanium/2.0.2
D/TiAPI ( 644): locale specific date is 7/19/12
D/TiAPI ( 644): locale specific date (medium) is Jul 19, 2012
D/TiAPI ( 644): locale specific date (long) is July 19, 2012
D/TiAPI ( 644): locale specific time is 2:03 PM
D/TiAPI ( 644): locale specific currency is $12.99
D/TiAPI ( 644): locale specific decimal is 12.99
I/TiAPI ( 644): welcome_message = Welcome to Kitchen Sink for Titanium/
I/TiAPI ( 644): should be def, was = def
I/TiAPI ( 644): should be 1, was = 1
I/TiAPI ( 644): should be hello, was = hello
I/TiAPI ( 644): you should see a list of modules (3 or more) below this line
I/TiAPI ( 644): ---------------------------------------------------------------
I/TiAPI ( 644): module: sourceUrl
I/TiAPI ( 644): module: global
I/TiAPI ( 644): module: include
I/TiAPI ( 644): module: Android
I/TiAPI ( 644): module: UI
I/TiAPI ( 644): module: Network
I/TiAPI ( 644): module: Map
I/TiAPI ( 644): module: Media
I/TiAPI ( 644): module: Database
I/TiAPI ( 644): module: Filesystem
I/TiAPI ( 644): module: createBuffer
I/TiAPI ( 644): module: Service
I/TiAPI ( 644): module: Platform
I/TiAPI ( 644): module: buildDate
I/TiAPI ( 644): module: userAgent
I/TiAPI ( 644): module: invocationAPIs
I/TiAPI ( 644): module: _hasJavaListener
I/TiAPI ( 644): module: externalModules
I/TiAPI ( 644): module: buildHash
I/TiAPI ( 644): module: version
I/TiAPI ( 644): module: buildTimestamp
I/TiAPI ( 644): module: __propertiesDefined__
I/TiAPI ( 644): module: TiBaseWindow
I/TiAPI ( 644): module: TiWindow
I/TiAPI ( 644): module: TiView
I/TiAPI ( 644): module: App
I/TiAPI ( 644): module: Wrapper
I/TiAPI ( 644): module: initScopeVars
I/TiAPI ( 644): module: getUrlSource
I/TiAPI ( 644): module: bindInvocationAPIs
I/TiAPI ( 644): module: Proxy
I/TiAPI ( 644): module: Activity
I/TiAPI ( 644): module: API
I/TiAPI ( 644): Did you see modules? ^^^^^
I/TiAPI ( 644): ---------------------------------------------------------------
I/TiRootActivity( 644): (main) [1,1] checkpoint, on root activity resume. activity = com.appcelerator.kitchensink.KitchensinkActivity@43e38f40
W/TiTabActivity( 644): (main) [262,263] Notifying TiTabGroup, activity is created
D/dalvikvm( 644): GC_FOR_MALLOC freed 7508 objects / 387096 bytes in 73ms
D/dalvikvm( 644): GC_EXTERNAL_ALLOC freed 423 objects / 18400 bytes in 84ms
D/TiUIView( 644): (main) [463,726] Nativeview is null
I/DEBUG ( 31): *** *** *** *** *** *** *** *** *** *** *** *** *** *** *** ***
I/DEBUG ( 31): Build fingerprint: 'generic/google_sdk/generic/:2.2/FRF91/43546:eng/test-keys'
I/DEBUG ( 31): pid: 644, tid: 652 >>> com.appcelerator.kitchensink <<<
I/DEBUG ( 31): signal 11 (SIGSEGV), fault addr 00000014
I/DEBUG ( 31): r0 00000000 r1 00000000 r2 43e33a58 r3 00000000
I/DEBUG ( 31): r4 00000000 r5 4766b82c r6 0025bf78 r7 0025bf74
I/DEBUG ( 31): r8 43e33a58 r9 4766b7d7 10 00000000 fp 43e337c0
I/DEBUG ( 31): ip 002c94a8 sp 4766b7b8 lr 8106fded pc 8106c5a8 cpsr 60000030
I/DEBUG ( 31): #00 pc 0006c5a8 /data/data/com.appcelerator.kitchensink/lib/libkroll-v8.so
I/DEBUG ( 31): #01 pc 0006fde8 /data/data/com.appcelerator.kitchensink/lib/libkroll-v8.so
I/DEBUG ( 31): #02 pc 0006fee6 /data/data/com.appcelerator.kitchensink/lib/libkroll-v8.so
I/DEBUG ( 31): #03 pc 0022348c /data/data/com.appcelerator.kitchensink/lib/libkroll-v8.so
I/DEBUG ( 31): #04 pc 00233d18 /data/data/com.appcelerator.kitchensink/lib/libkroll-v8.so
I/DEBUG ( 31):
I/DEBUG ( 31): code around pc:
I/DEBUG ( 31): 8106c588 60e5d000 f7ff1c20 bd70ffcb ffffff9b
I/DEBUG ( 31): 8106c598 4b16b570 447b1c04 781b681b d1102b00
I/DEBUG ( 31): 8106c5a8 2b007d03 6900d007 fce2f004 d0141e05
I/DEBUG ( 31): 8106c5b8 75232300 6900e003 fcc6f004 1c281c05
I/DEBUG ( 31): 8106c5c8 f7ffbd70 2800ff0d 68e5d101 1c20e7f7
I/DEBUG ( 31):
I/DEBUG ( 31): code around lr:
I/DEBUG ( 31): 8106fdcc 1c30d051 fa86f001 446a220f 46801c11
I/DEBUG ( 31): 8106fddc 46911c38 fdf6f001 46504683 fbd6f7fc
I/DEBUG ( 31): 8106fdec 46824b28 447b4651 1c20681b 465b681a
I/DEBUG ( 31): 8106fdfc 46439300 fc4cf7ff 447b4b23 781b681b
I/DEBUG ( 31): 8106fe0c d02a2b00 46416823 6ddb1c20 46494798
I/DEBUG ( 31):
I/DEBUG ( 31): stack:
I/DEBUG ( 31): 4766b778 4766b7d7
I/DEBUG ( 31): 4766b77c 81071ab5 /data/data/com.appcelerator.kitchensink/lib/libkroll-v8.so
I/DEBUG ( 31): 4766b780 43e33a58 /dev/ashmem/mspace/dalvik-heap/2 (deleted)
I/DEBUG ( 31): 4766b784 afd0cd81 /system/lib/libc.so
I/DEBUG ( 31): 4766b788 4766b7a8
I/DEBUG ( 31): 4766b78c 8091e333 /data/data/com.appcelerator.kitchensink/lib/libstlport_shared.so
I/DEBUG ( 31): 4766b790 4766b7a8
I/DEBUG ( 31): 4766b794 8091e33b /data/data/com.appcelerator.kitchensink/lib/libstlport_shared.so
I/DEBUG ( 31): 4766b798 4766b7a8
I/DEBUG ( 31): 4766b79c 81119680 /data/data/com.appcelerator.kitchensink/lib/libkroll-v8.so
I/DEBUG ( 31): 4766b7a0 00254068 [heap]
I/DEBUG ( 31): 4766b7a4 43e33a58 /dev/ashmem/mspace/dalvik-heap/2 (deleted)
I/DEBUG ( 31): 4766b7a8 4766b7d7
I/DEBUG ( 31): 4766b7ac 00000000
I/DEBUG ( 31): 4766b7b0 df002777
I/DEBUG ( 31): 4766b7b4 e3a070ad
I/DEBUG ( 31): #00 4766b7b8 00254068 [heap]
I/DEBUG ( 31): 4766b7bc 4766b82c
I/DEBUG ( 31): 4766b7c0 0025bf78 [heap]
I/DEBUG ( 31): 4766b7c4 8106fded /data/data/com.appcelerator.kitchensink/lib/libkroll-v8.so
I/DEBUG ( 31): #01 4766b7c8 4766b764
I/DEBUG ( 31): 4766b7cc 00000064
I/DEBUG ( 31): 4766b7d0 00000001
I/DEBUG ( 31): 4766b7d4 01279530
I/DEBUG ( 31): 4766b7d8 4766b7fc
I/DEBUG ( 31): 4766b7dc 0025cf28 [heap]
I/DEBUG ( 31): 4766b7e0 5a0bd091
I/DEBUG ( 31): 4766b7e4 0025bf74 [heap]
I/DEBUG ( 31): 4766b7e8 4766b844
I/DEBUG ( 31): 4766b7ec 002546d8 [heap]
I/DEBUG ( 31): 4766b7f0 00254730 [heap]
I/DEBUG ( 31): 4766b7f4 0025bf74 [heap]
I/DEBUG ( 31): 4766b7f8 00000000
I/DEBUG ( 31): 4766b7fc 8106feeb /data/data/com.appcelerator.kitchensink/lib/libkroll-v8.so
D/Zygote ( 33): Process 644 terminated by signal (11)
I/ActivityManager( 60): Process com.appcelerator.kitchensink (pid 644) has died.
I/WindowManager( 60): WIN DEATH: Window{440beb08 com.appcelerator.kitchensink/ti.modules.titanium.ui.TiTabActivity paused=false}
I/WindowManager( 60): WIN DEATH: Window{44021658 com.appcelerator.kitchensink/com.appcelerator.kitchensink.KitchensinkActivity paused=false}
I/ActivityManager( 60): Start proc com.appcelerator.kitchensink for activity com.appcelerator.kitchensink/.KitchensinkActivity: pid=655 uid=10042 gids={1015, 1006, 3003}
I/BootReceiver( 60): Copying /data/tombstones/tombstone_09 to DropBox (SYSTEM_TOMBSTONE)
D/dalvikvm( 60): GC_FOR_MALLOC freed 829 objects / 654960 bytes in 234ms
I/UsageStats( 60): Unexpected resume of com.appcelerator.kitchensink while already resumed in com.appcelerator.kitchensink
I/TiApplication( 655): (main) [0,0] checkpoint, app created.
D/dalvikvm( 655): GC_FOR_MALLOC freed 2256 objects / 182080 bytes in 63ms
D/dalvikvm( 655): GC_FOR_MALLOC freed 751 objects / 282544 bytes in 42ms
D/dalvikvm( 655): GC_FOR_MALLOC freed 937 objects / 342312 bytes in 54ms
D/dalvikvm( 655): GC_FOR_MALLOC freed 3119 objects / 266520 bytes in 57ms
I/TiApplication( 655): (main) [1236,1236] Titanium 2.0.2 (2012/05/30 10:21 2ff31a3)
D/TiFastDev( 655): (main) [193,1429] Enabling Fastdev on port 61879
D/TiFastDev( 655): (main) [31,1460] sent tokens successfully
D/TiFastDev( 655): (main) [2,1462] Fastdev session handshake succesful.
D/dalvikvm( 655): GC_FOR_MALLOC freed 4230 objects / 377656 bytes in 63ms
D/dalvikvm( 655): Trying to load lib /data/data/com.appcelerator.kitchensink/lib/libstlport_shared.so 0x43e37d60
I/TiApplication( 655): (main) [87,1549] Titanium Javascript runtime: v8
D/dalvikvm( 655): Added shared lib /data/data/com.appcelerator.kitchensink/lib/libstlport_shared.so 0x43e37d60
D/dalvikvm( 655): No JNI_OnLoad found in /data/data/com.appcelerator.kitchensink/lib/libstlport_shared.so 0x43e37d60, skipping init
D/dalvikvm( 655): Trying to load lib /data/data/com.appcelerator.kitchensink/lib/libkroll-v8.so 0x43e37d60
I/TiRootActivity( 655): (main) [0,0] checkpoint, on root activity create, savedInstanceState: Bundle[mParcelledData.dataSize=204]
D/dalvikvm( 655): Added shared lib /data/data/com.appcelerator.kitchensink/lib/libkroll-v8.so 0x43e37d60
E/TiApplication( 655): (KrollRuntimeThread) [1533,1533] APP PROXY: ti.modules.titanium.app.AppModule@43f3a3b8
W/V8Object( 655): Runtime disposed, cannot set property 'userAgent'
D/TiAssetHelper( 655): Fetching "app.js" with Fastdev...
D/dalvikvm( 655): GC_FOR_MALLOC freed 2792 objects / 303056 bytes in 58ms
D/Module ( 655): Loading module: ui/handheld/android/ApplicationWindow -> Resources/ui/handheld/android/ApplicationWindow.js
D/TiAssetHelper( 655): Fetching "ui/handheld/android/ApplicationWindow.js" with Fastdev...
D/Module ( 655): Loading module: ui/common/ApplicationTabGroup -> Resources/ui/common/ApplicationTabGroup.js
D/TiAssetHelper( 655): Fetching "ui/common/ApplicationTabGroup.js" with Fastdev...
D/TiFastDev( 655): (KrollRuntimeThread) [582,2115] sent tokens successfully
D/Module ( 655): Loading module: ui/common/BaseUIWindow -> Resources/ui/common/BaseUIWindow.js
D/TiAssetHelper( 655): Fetching "ui/common/BaseUIWindow.js" with Fastdev...
D/TiFastDev( 655): (KrollRuntimeThread) [108,2223] sent tokens successfully
D/Module ( 655): Loading module: ui/common/ControlsWindow -> Resources/ui/common/ControlsWindow.js
D/TiAssetHelper( 655): Fetching "ui/common/ControlsWindow.js" with Fastdev...
D/TiFastDev( 655): (KrollRuntimeThread) [65,2288] sent tokens successfully
D/Module ( 655): Loading module: ui/common/PhoneWindow -> Resources/ui/common/PhoneWindow.js
D/TiAssetHelper( 655): Fetching "ui/common/PhoneWindow.js" with Fastdev...
D/TiFastDev( 655): (KrollRuntimeThread) [114,2402] sent tokens successfully
D/Module ( 655): Loading module: ui/common/PlatformWindow -> Resources/ui/common/PlatformWindow.js
D/TiAssetHelper( 655): Fetching "ui/common/PlatformWindow.js" with Fastdev...
D/TiFastDev( 655): (KrollRuntimeThread) [70,2472] sent tokens successfully
D/Module ( 655): Loading module: ui/common/MashupsWindow -> Resources/ui/common/MashupsWindow.js
D/TiAssetHelper( 655): Fetching "ui/common/MashupsWindow.js" with Fastdev...
D/dalvikvm( 655): GC_FOR_MALLOC freed 2897 objects / 520776 bytes in 63ms
I/ActivityManager( 60): Starting activity: Intent { cmp=com.appcelerator.kitchensink/ti.modules.titanium.ui.TiTabActivity (has extras) }
D/Module ( 655): Loading module: ui/common/MessageWindow -> Resources/ui/common/MessageWindow.js
D/TiAssetHelper( 655): Fetching "ui/common/MessageWindow.js" with Fastdev...
I/TiAPI ( 655): Welcome to Kitchen Sink for Titanium/2.0.2
D/TiAPI ( 655): locale specific date is 7/19/12
D/TiAPI ( 655): locale specific date (medium) is Jul 19, 2012
D/TiAPI ( 655): locale specific date (long) is July 19, 2012
D/TiAPI ( 655): locale specific time is 2:03 PM
D/TiAPI ( 655): locale specific currency is $12.99
D/TiAPI ( 655): locale specific decimal is 12.99
I/TiAPI ( 655): welcome_message = Welcome to Kitchen Sink for Titanium/
I/TiAPI ( 655): should be def, was = def
I/TiAPI ( 655): should be 1, was = 1
I/TiAPI ( 655): should be hello, was = hello
I/TiAPI ( 655): you should see a list of modules (3 or more) below this line
I/TiAPI ( 655): ---------------------------------------------------------------
I/TiAPI ( 655): module: sourceUrl
I/TiAPI ( 655): module: global
I/TiAPI ( 655): module: include
I/TiAPI ( 655): module: Android
I/TiAPI ( 655): module: UI
I/TiAPI ( 655): module: Network
I/TiAPI ( 655): module: Map
I/TiAPI ( 655): module: Media
I/TiAPI ( 655): module: Database
I/TiAPI ( 655): module: Filesystem
I/TiAPI ( 655): module: createBuffer
I/TiAPI ( 655): module: Service
I/TiAPI ( 655): module: Platform
I/TiAPI ( 655): module: buildDate
I/TiAPI ( 655): module: userAgent
I/TiAPI ( 655): module: invocationAPIs
I/TiAPI ( 655): module: _hasJavaListener
I/TiAPI ( 655): module: externalModules
I/TiAPI ( 655): module: buildHash
I/TiAPI ( 655): module: version
I/TiAPI ( 655): module: buildTimestamp
I/TiAPI ( 655): module: __propertiesDefined__
I/TiAPI ( 655): module: TiBaseWindow
I/TiAPI ( 655): module: TiWindow
I/TiAPI ( 655): module: TiView
I/TiAPI ( 655): module: App
I/TiAPI ( 655): module: Wrapper
I/TiAPI ( 655): module: initScopeVars
I/TiAPI ( 655): module: getUrlSource
I/TiAPI ( 655): module: bindInvocationAPIs
I/TiAPI ( 655): module: Proxy
I/TiAPI ( 655): module: Activity
I/TiAPI ( 655): module: API
I/TiAPI ( 655): Did you see modules? ^^^^^
I/TiAPI ( 655): ---------------------------------------------------------------
I/TiRootActivity( 655): (main) [0,0] checkpoint, on root activity resume. activity = com.appcelerator.kitchensink.KitchensinkActivity@43f9d610
W/TiTabActivity( 655): (main) [412,412] Notifying TiTabGroup, activity is created
D/dalvikvm( 655): GC_FOR_MALLOC freed 7526 objects / 387632 bytes in 80ms
D/dalvikvm( 655): GC_EXTERNAL_ALLOC freed 423 objects / 18400 bytes in 109ms
D/TiUIView( 655): (main) [502,914] Nativeview is null
I/DEBUG ( 31): *** *** *** *** *** *** *** *** *** *** *** *** *** *** *** ***
I/DEBUG ( 31): Build fingerprint: 'generic/google_sdk/generic/:2.2/FRF91/43546:eng/test-keys'
I/DEBUG ( 31): pid: 655, tid: 663 >>> com.appcelerator.kitchensink <<<
I/DEBUG ( 31): signal 11 (SIGSEGV), fault addr 00000014
