07-25 18:22:33.312: I/logwrapper(30): /system/bin/tc terminated by exit(1)
07-25 18:22:33.312: D/VoldCmdListener(29): share status ums
07-25 18:22:33.341: E/logwrapper(296): executing /system/bin/tc failed: No such file or directory
07-25 18:22:33.341: D/StorageNotification(229): Startup with UMS connection false (media state unmounted)
07-25 18:22:33.351: I/logwrapper(30): /system/bin/tc terminated by exit(1)
07-25 18:22:33.451: I/StorageNotification(229): UMS connection changed to false (media state unmounted)
07-25 18:22:33.521: I/ActivityManager(89): Start proc android.process.acore for content provider com.android.providers.userdictionary/.UserDictionaryProvider: pid=304 uid=10000 gids={3003, 1015}
07-25 18:22:33.912: D/installd(35): DexInv: --- BEGIN '/system/app/Settings.apk' ---
07-25 18:22:34.112: I/ActivityThread(258): Pub browser: com.android.browser.BrowserProvider
07-25 18:22:34.152: D/dalvikvm(258): GC_CONCURRENT freed 404K, 51% free 2809K/5639K, external 1625K/2137K, paused 5ms+45ms
07-25 18:22:34.431: D/dalvikvm(233): GC_EXTERNAL_ALLOC freed 68K, 49% free 2922K/5639K, external 2095K/2137K, paused 228ms
07-25 18:22:34.511: I/ARMAssembler(89): generated scanline__00000177:03515104_00001002_00000000 [ 87 ipp] (110 ins) at [0x471101e8:0x471103a0] in 6068000 ns
07-25 18:22:34.782: I/ARMAssembler(89): generated scanline__00000177:03010104_00000002_00000000 [ 44 ipp] (66 ins) at [0x471103a8:0x471104b0] in 605000 ns
07-25 18:22:36.152: D/dalvikvm(312): DexOpt: load 180ms, verify+opt 983ms
07-25 18:22:36.172: D/installd(35): DexInv: --- END '/system/app/Settings.apk' (success) ---
07-25 18:22:36.212: D/installd(35): DexInv: --- BEGIN '/system/app/ApplicationsProvider.apk' ---
07-25 18:22:36.341: D/CallManager(257): registerPhone(GSM Handler{40557458})
07-25 18:22:36.722: D/dalvikvm(288): GC_CONCURRENT freed 407K, 51% free 2819K/5639K, external 1625K/2137K, paused 4ms+4ms
07-25 18:22:36.951: D/dalvikvm(324): DexOpt: load 115ms, verify+opt 254ms
07-25 18:22:36.962: D/installd(35): DexInv: --- END '/system/app/ApplicationsProvider.apk' (success) ---
07-25 18:22:36.962: D/installd(35): DexInv: --- BEGIN '/system/app/UserDictionaryProvider.apk' ---
07-25 18:22:37.111: D/dalvikvm(331): DexOpt: load 30ms, verify+opt 45ms
07-25 18:22:37.111: D/installd(35): DexInv: --- END '/system/app/UserDictionaryProvider.apk' (success) ---
07-25 18:22:37.152: W/ActivityManager(89): Unable to start service Intent { act=com.android.ussd.IExtendedNetworkService }: not found
07-25 18:22:37.182: I/ActivityManager(89): Start proc com.google.process.gapps for content provider com.google.android.gsf/.settings.GoogleSettingsProvider: pid=332 uid=10013 gids={3003, 1015, 2001, 1007}
07-25 18:22:37.531: D/dalvikvm(33): GC_EXPLICIT freed 11K, 50% free 2719K/5379K, external 1625K/2137K, paused 329ms
07-25 18:22:37.612: I/TelephonyRegistry(89): notifyServiceState: 3 home null null null Unknown CSS not supported -1 -1RoamInd: -1DefRoamInd: -1EmergOnly: false
07-25 18:22:37.782: D/AlarmManagerService(89): Kernel timezone updated to 420 minutes west of GMT
07-25 18:22:37.812: I/ActivityThread(304): Pub com.android.social: com.android.providers.contacts.SocialProvider
07-25 18:22:37.911: D/dalvikvm(33): GC_EXPLICIT freed <1K, 50% free 2719K/5379K, external 1625K/2137K, paused 343ms
07-25 18:22:38.022: I/ActivityThread(304): Pub applications: com.android.providers.applications.ApplicationsProvider
07-25 18:22:38.042: D/dalvikvm(33): GC_EXPLICIT freed <1K, 50% free 2719K/5379K, external 1625K/2137K, paused 128ms
07-25 18:22:38.071: I/ActivityManager(89): Start proc com.android.deskclock for broadcast com.android.deskclock/.AlarmInitReceiver: pid=342 uid=10027 gids={}
07-25 18:22:37.040: W/SystemClock(257): Unable to set rtc to 1343265757: Invalid argument
07-25 18:22:37.040: D/dalvikvm(304): GC_CONCURRENT freed 405K, 51% free 2811K/5639K, external 1625K/2137K, paused 5ms+5ms
07-25 18:22:37.110: I/TelephonyRegistry(89): notifyDataConnection: state=0 isDataConnectivityPossible=false reason=radioTurnedOff interfaceName=null networkType=0
07-25 18:22:37.120: I/TelephonyRegistry(89): notifyDataConnection: state=0 isDataConnectivityPossible=false reason=gprsDetached interfaceName=null networkType=0
07-25 18:22:37.591: D/installd(35): DexInv: --- BEGIN '/system/app/DeskClock.apk' ---
07-25 18:22:37.641: I/ActivityThread(332): Pub com.google.settings: com.google.android.gsf.settings.GoogleSettingsProvider
07-25 18:22:37.671: I/ActivityThread(332): Pub com.google.android.gsf.gservices: com.google.android.gsf.gservices.GservicesProvider
07-25 18:22:37.691: I/GservicesProvider(332): Gservices pushing to system: true; secure: true
07-25 18:22:37.691: I/ActivityThread(332): Pub subscribedfeeds: com.google.android.gsf.subscribedfeeds.SubscribedFeedsProvider
07-25 18:22:37.711: D/dalvikvm(332): GC_CONCURRENT freed 334K, 50% free 2795K/5575K, external 1625K/2137K, paused 4ms+4ms
07-25 18:22:37.980: D/dalvikvm(257): GC_CONCURRENT freed 208K, 47% free 3090K/5767K, external 1625K/2137K, paused 5ms+14ms
07-25 18:22:38.132: D/SystemClock(257): Setting time of day to sec=1343265757
07-25 18:22:38.230: D/dalvikvm(350): DexOpt: load 173ms, verify+opt 213ms
07-25 18:22:38.240: D/installd(35): DexInv: --- END '/system/app/DeskClock.apk' (success) ---
07-25 18:22:38.290: I/ActivityThread(332): Pub com.google.android.providers.talk: com.google.android.gsf.talk.TalkProvider
07-25 18:22:38.350: I/ActivityThread(304): Pub contacts;com.android.contacts: com.android.providers.contacts.ContactsProvider2
07-25 18:22:38.380: I/TelephonyRegistry(89): notifyServiceState: 0 home Android Android 310260 UMTS CSS not supported -1 -1RoamInd: -1DefRoamInd: -1EmergOnly: false
07-25 18:22:38.431: I/TelephonyRegistry(89): notifyDataConnection: state=0 isDataConnectivityPossible=false reason=null interfaceName=null networkType=3
07-25 18:22:38.801: D/MccTable(257): updateMccMncConfiguration: mcc=310, mnc=260
07-25 18:22:38.801: D/MccTable(257): locale set to en_us
07-25 18:22:38.801: D/ResourceType(257): calling getConfigurations
07-25 18:22:38.801: D/ResourceType(257): called getConfigurations size=232
07-25 18:22:38.860: I/ActivityManager(89): Config changed: { scale=1.0 imsi=0/0 loc=en_US touch=3 keys=1/1/2 nav=3/1 orien=1 layout=34 uiMode=17 seq=3}
07-25 18:22:38.960: D/MccTable(257): WIFI_NUM_ALLOWED_CHANNELS set to 11
07-25 18:22:38.960: I/WifiService(89): WifiService trying to setNumAllowed to 11 with persist set to true
07-25 18:22:38.980: I/ActivityManager(89): Config changed: { scale=1.0 imsi=310/260 loc=en_US touch=3 keys=1/1/2 nav=3/1 orien=1 layout=34 uiMode=17 seq=4}
07-25 18:22:39.060: I/TelephonyRegistry(89): notifyMessageWaitingChanged: false
07-25 18:22:39.070: I/TelephonyRegistry(89): notifyCallForwardingChanged: false
07-25 18:22:39.181: I/ActivityThread(342): Pub com.android.deskclock: com.android.deskclock.AlarmProvider
07-25 18:22:39.541: I/SearchManagerService(89): Building list of searchable activities
07-25 18:22:39.831: I/BrowserSettings(258): Selected search engine: ActivitySearchEngine{android.app.SearchableInfo@40565e60}
07-25 18:22:39.990: D/dalvikvm(89): GC_CONCURRENT freed 718K, 57% free 4633K/10631K, external 2225K/2779K, paused 6ms+73ms
07-25 18:22:40.030: W/BackupManagerService(89): dataChanged but no participant pkg='com.android.providers.settings' uid=10027
07-25 18:22:40.471: D/TelephonyProvider(257): Setting numeric '310260' to be the current operator
07-25 18:22:40.631: D/dalvikvm(257): GC_CONCURRENT freed 550K, 49% free 3169K/6151K, external 1625K/2137K, paused 4ms+38ms
07-25 18:22:40.631: I/TelephonyRegistry(89): notifyDataConnection: state=1 isDataConnectivityPossible=true reason=simLoaded interfaceName=null networkType=3
07-25 18:22:40.691: I/TelephonyRegistry(89): notifyDataConnection: state=2 isDataConnectivityPossible=true reason=simLoaded interfaceName=/dev/omap_csmi_tty1 networkType=3
07-25 18:22:40.741: D/MobileDataStateTracker(89): CONNECTED event did not supply a default gateway.
07-25 18:22:40.781: D/TelephonyProvider(257): Setting numeric '310260' to be the current operator
07-25 18:22:40.791: D/Tethering(89): MasterInitialState.processMessage what=3
07-25 18:22:41.391: I/TelephonyRegistry(89): notifyDataConnection: state=0 isDataConnectivityPossible=false reason=apnChanged interfaceName=null networkType=3
07-25 18:22:41.431: D/NetUtils(89): failed to remove default route for /dev/omap_csmi_tty1: No such device
07-25 18:22:41.450: D/Tethering(89): MasterInitialState.processMessage what=3
07-25 18:22:41.461: D/dalvikvm(332): GC_CONCURRENT freed 519K, 51% free 2888K/5831K, external 1625K/2137K, paused 5ms+47ms
07-25 18:22:41.481: I/TelephonyRegistry(89): notifyDataConnection: state=1 isDataConnectivityPossible=true reason=apnChanged interfaceName=null networkType=3
07-25 18:22:41.521: I/TelephonyRegistry(89): notifyDataConnection: state=2 isDataConnectivityPossible=true reason=apnChanged interfaceName=/dev/omap_csmi_tty1 networkType=3
07-25 18:22:41.581: D/MobileDataStateTracker(89): CONNECTED event did not supply a default gateway.
07-25 18:22:41.641: D/Tethering(89): MasterInitialState.processMessage what=3
07-25 18:22:41.701: D/AndroidRuntime(355): >>>>>> AndroidRuntime START com.android.internal.os.RuntimeInit <<<<<<
07-25 18:22:41.701: D/AndroidRuntime(355): CheckJNI is ON
07-25 18:22:42.141: D/dalvikvm(89): GREF has increased to 301
07-25 18:22:42.321: I/ActivityManager(89): Start proc android.process.media for broadcast com.android.providers.downloads/.DownloadReceiver: pid=366 uid=10017 gids={1015, 1006, 2001, 3003}
07-25 18:22:42.421: D/dalvikvm(258): GC_CONCURRENT freed 464K, 50% free 2943K/5831K, external 1741K/2137K, paused 4ms+45ms
07-25 18:22:42.491: D/SntpClient(89): request time failed: java.net.SocketException: Address family not supported by protocol
07-25 18:22:42.761: D/dalvikvm(332): GC_CONCURRENT freed 629K, 52% free 2905K/5959K, external 1625K/2137K, paused 4ms+15ms
07-25 18:22:42.870: D/installd(35): DexInv: --- BEGIN '/system/app/MediaProvider.apk' ---
07-25 18:22:43.601: D/dalvikvm(379): DexOpt: load 97ms, verify+opt 320ms
07-25 18:22:43.621: D/installd(35): DexInv: --- END '/system/app/MediaProvider.apk' (success) ---
07-25 18:22:43.621: D/installd(35): DexInv: --- BEGIN '/system/app/DownloadProvider.apk' ---
07-25 18:22:43.651: D/AndroidRuntime(355): Calling main entry com.android.commands.am.Am
07-25 18:22:44.010: W/WindowManager(89): App freeze timeout expired.
07-25 18:22:44.010: W/WindowManager(89): Force clearing freeze: AppWindowToken{405d5150 token=HistoryRecord{409c1970 com.android.browser/.BrowserActivity}}
07-25 18:22:44.020: I/EventLogService(332): Aggregate from 0 (log), 0 (data)
07-25 18:22:45.160: D/dalvikvm(332): GC_CONCURRENT freed 453K, 51% free 2955K/5959K, external 1625K/2137K, paused 4ms+17ms
07-25 18:22:45.170: I/CheckinService(332): Preparing to send checkin request
07-25 18:22:45.200: D/dalvikvm(380): DexOpt: load 159ms, verify+opt 1044ms
07-25 18:22:45.221: D/installd(35): DexInv: --- END '/system/app/DownloadProvider.apk' (success) ---
07-25 18:22:45.231: D/installd(35): DexInv: --- BEGIN '/system/app/DrmProvider.apk' ---
07-25 18:22:45.371: D/dalvikvm(386): DexOpt: load 14ms, verify+opt 48ms
07-25 18:22:45.381: D/installd(35): DexInv: --- END '/system/app/DrmProvider.apk' (success) ---
07-25 18:22:45.431: I/ActivityManager(89): Starting: Intent { act=android.intent.action.VIEW dat=http://10.0.2.2:8020/index.html flg=0x10000000 cmp=com.android.browser/.BrowserActivity } from pid 355
07-25 18:22:45.431: D/AndroidRuntime(355): Shutting down VM
07-25 18:22:45.471: D/dalvikvm(355): GC_CONCURRENT freed 103K, 69% free 320K/1024K, external 0K/0K, paused 1ms+0ms
07-25 18:22:45.491: D/dalvikvm(355): Debugger has detached; object registry had 1 entries
07-25 18:22:45.561: D/GTalkService(332): [RawStanzaProvidersMgr] ##### searchProvidersFromIntent
07-25 18:22:45.561: I/dalvikvm(355): JNI: AttachCurrentThread (from ???.???)
07-25 18:22:45.571: I/AndroidRuntime(355): NOTE: attach of thread 'Binder Thread #3' failed
07-25 18:22:45.631: D/GTalkService(332): [RawStanzaProvidersMgr] no intent receivers found
07-25 18:22:45.680: V/ContactsProvider(304): Importing legacy contacts
07-25 18:22:45.750: I/ActivityThread(304): Pub call_log: com.android.providers.contacts.CallLogProvider
07-25 18:22:45.750: I/ActivityThread(304): Pub user_dictionary: com.android.providers.userdictionary.UserDictionaryProvider
07-25 18:22:45.780: D/GTalkService(332): ##### Network broadcast (connected=true) type=mobile, state=CONNECTED
07-25 18:22:45.800: I/ContactsDatabaseHelper(304): Switching to locale en_US
07-25 18:22:45.930: D/dalvikvm(332): GREF has increased to 201
07-25 18:22:45.970: I/ActivityThread(366): Pub media: com.android.providers.media.MediaProvider
07-25 18:22:46.120: D/dalvikvm(258): GC_CONCURRENT freed 714K, 52% free 2932K/6087K, external 1741K/2137K, paused 4ms+39ms
07-25 18:22:46.181: D/dalvikvm(89): GC_EXPLICIT freed 767K, 56% free 4716K/10631K, external 2225K/2779K, paused 161ms
07-25 18:22:46.521: V/MediaProvider(366): Attached volume: internal
07-25 18:22:46.561: I/ActivityThread(366): Pub downloads: com.android.providers.downloads.DownloadProvider
07-25 18:22:46.601: I/ActivityThread(366): Pub drm: com.android.providers.drm.DrmProvider
07-25 18:22:47.081: W/webcore(258): hasMessages() is not supported in this case.
07-25 18:22:47.081: W/webcore(258): hasMessages() is not supported in this case.
07-25 18:22:47.521: D/dalvikvm(258): GC_EXTERNAL_ALLOC freed 60K, 52% free 2966K/6087K, external 2130K/2137K, paused 202ms
07-25 18:22:47.610: D/dalvikvm(332): GC_CONCURRENT freed 544K, 51% free 2977K/5959K, external 1625K/2137K, paused 5ms+86ms
07-25 18:22:47.740: D/dalvikvm(304): GC_CONCURRENT freed 304K, 49% free 2995K/5767K, external 1625K/2137K, paused 4ms+15ms
07-25 18:22:47.900: I/Database(258): sqlite returned: error code = 1, msg = no such table: IconDatabaseInfo
07-25 18:22:48.121: W/TabControl(258): Fail in restoreState, load home page.
07-25 18:22:48.361: W/KeyCharacterMap(258): No keyboard for id 0
07-25 18:22:48.391: W/KeyCharacterMap(258): Using default keymap: /system/usr/keychars/qwerty.kcm.bin
07-25 18:22:48.730: I/ActivityManager(89): Displayed com.android.browser/.BrowserActivity: +30s246ms
07-25 18:22:48.830: I/ARMAssembler(89): generated scanline__00000177:03515104_00000001_00000000 [ 73 ipp] (95 ins) at [0x471104b8:0x47110634] in 577000 ns
07-25 18:22:48.880: I/SurfaceFlinger(89): Boot is finished (56730 ms)
07-25 18:22:48.900: D/PowerManagerService(89): bootCompleted
07-25 18:22:48.900: D/OtaStartupReceiver(257): Not a CDMA phone, no need to process OTA
07-25 18:22:48.951: D/VoldCmdListener(29): volume mount /mnt/sdcard
07-25 18:22:48.951: I/Vold(29): /dev/block/vold/179:0 being considered for volume sdcard
07-25 18:22:48.951: D/Vold(29): Volume sdcard state changing 1 (Idle-Unmounted) -> 3 (Checking)
07-25 18:22:48.960: I/StorageNotification(229): Media {/mnt/sdcard} state changed from {unmounted} -> {checking}
07-25 18:22:49.040: I//system/bin/fsck_msdos(29): ** /dev/block/vold/179:0
07-25 18:22:49.060: I/ActivityManager(89): Start proc com.android.mms for broadcast com.android.mms/.transaction.MmsSystemEventReceiver: pid=421 uid=10016 gids={3003, 1015}
07-25 18:22:49.081: I/RecoverySystem(89): No recovery log file
07-25 18:22:49.421: D/dalvikvm(229): GC_EXTERNAL_ALLOC freed 162K, 49% free 2915K/5639K, external 2129K/2137K, paused 431ms
07-25 18:22:49.471: D/dalvikvm(89): GC_CONCURRENT freed 1028K, 56% free 4686K/10631K, external 2225K/2779K, paused 6ms+32ms
07-25 18:22:49.670: D/installd(35): DexInv: --- BEGIN '/system/app/Mms.apk' ---
07-25 18:22:50.050: I/ContactsDatabaseHelper(304): Locale change completed in 4247ms
07-25 18:22:50.071: I/LegacyContactImporter(304): Legacy contacts database does not exist at /data/data/com.android.providers.contacts/databases/contacts.db
07-25 18:22:50.101: V/ContactsProvider(304): Completed import of legacy contacts
07-25 18:22:50.540: I//system/bin/fsck_msdos(29): Invalid signature in fsinfo block
07-25 18:22:50.560: I//system/bin/fsck_msdos(29): FIXED
07-25 18:22:50.560: I//system/bin/fsck_msdos(29): ** Phase 1 - Read and Compare FATs
07-25 18:22:50.590: I//system/bin/fsck_msdos(29): Attempting to allocate 508 KB for FAT
07-25 18:22:51.311: I/EventLogService(332): Accumulating logs since 1343265764044
07-25 18:22:51.360: D/dalvikvm(429): DexOpt: load 267ms, verify+opt 858ms
07-25 18:22:51.381: D/installd(35): DexInv: --- END '/system/app/Mms.apk' (success) ---
07-25 18:22:51.670: I/ActivityThread(421): Pub com.android.mms.SuggestionsProvider: com.android.mms.SuggestionsProvider
07-25 18:22:52.720: I/ActivityManager(89): Start proc com.google.android.apps.maps:FriendService for broadcast com.google.android.apps.maps/com.google.googlenav.friend.android.ServiceReceiver: pid=443 uid=10018 gids={3003, 1015}
07-25 18:22:53.021: D/installd(35): DexInv: --- BEGIN '/system/app/Maps.apk' ---
07-25 18:22:53.061: D/AndroidRuntime(439): >>>>>> AndroidRuntime START com.android.internal.os.RuntimeInit <<<<<<
07-25 18:22:53.061: D/AndroidRuntime(439): CheckJNI is ON
07-25 18:22:54.111: D/AndroidRuntime(439): Calling main entry com.android.commands.am.Am
07-25 18:22:54.890: D/MediaScannerService(366): start scanning volume internal
07-25 18:22:56.091: I//system/bin/fsck_msdos(29): Attempting to allocate 508 KB for FAT
07-25 18:22:59.101: I//system/bin/fsck_msdos(29): ** Phase 2 - Check Cluster Chains
07-25 18:22:59.181: I//system/bin/fsck_msdos(29): ** Phase 3 - Checking Directories
07-25 18:22:59.350: D/dalvikvm(257): GREF has increased to 201
07-25 18:22:59.350: I//system/bin/fsck_msdos(29): ** Phase 4 - Checking for Lost Files
07-25 18:22:59.370: I//system/bin/fsck_msdos(29): Free space in FSInfo block (129008) not correct (129007)
07-25 18:22:59.500: I//system/bin/fsck_msdos(29): FIXED
07-25 18:22:59.500: I//system/bin/fsck_msdos(29): 1 files, 64503 free (129007 clusters)
07-25 18:22:59.690: I/Vold(29): Filesystem check completed OK
07-25 18:22:59.690: I/Vold(29): Device /dev/block/vold/179:0, target /mnt/sdcard mounted @ /mnt/secure/staging
07-25 18:22:59.700: D/Vold(29): Volume sdcard state changing 3 (Checking) -> 4 (Mounted)
07-25 18:22:59.700: I/PackageManager(89): Updating external media status from unmounted to mounted
07-25 18:22:59.700: I/StorageNotification(229): Media {/mnt/sdcard} state changed from {checking} -> {mounted}
07-25 18:23:02.240: D/dalvikvm(258): GC_CONCURRENT freed 280K, 46% free 3308K/6087K, external 2643K/2671K, paused 5ms+16ms
07-25 18:23:02.450: D/dalvikvm(453): DexOpt: load 797ms, verify+opt 6650ms
07-25 18:23:02.510: D/installd(35): DexInv: --- END '/system/app/Maps.apk' (success) ---
07-25 18:23:02.530: I/ActivityManager(89): Starting: Intent { act=android.intent.action.VIEW dat=http://10.0.2.2:8020/index.html flg=0x10000000 cmp=com.android.browser/.BrowserActivity } from pid 439
07-25 18:23:02.530: D/AndroidRuntime(439): Shutting down VM
07-25 18:23:02.590: D/dalvikvm(439): GC_CONCURRENT freed 103K, 69% free 320K/1024K, external 0K/0K, paused 1ms+2ms
07-25 18:23:02.590: D/dalvikvm(439): Debugger has detached; object registry had 1 entries
07-25 18:23:03.191: I/dalvikvm(443): Total arena pages for JIT: 11
07-25 18:23:04.440: D/VoldCmdListener(29): asec list
07-25 18:23:04.470: I/PackageManager(89): No secure containers on sdcard
07-25 18:23:05.781: V/update.Download(332): deleting all update downloads
07-25 18:23:07.170: I/PackageManager(89): Platform changed from 0 to 10; regranting permissions for external storage
07-25 18:23:07.741: I/browser(258): Console: [INFO] Appcelerator Titanium 2.1.0.GA Mobile Web http://10.0.2.2:8020/index.html:11112
07-25 18:23:07.911: W/PackageManager(89): Unknown permission android.permission.ADD_SYSTEM_SERVICE in package com.android.phone
07-25 18:23:08.031: W/PackageManager(89): Not granting permission android.permission.SEND_DOWNLOAD_COMPLETED_INTENTS to package com.android.browser (protectionLevel=2 flags=0x9be45)
07-25 18:23:08.090: I/DownloadManager(366): Upgrading downloads database from version 0 to version 106, which will destroy all old data
07-25 18:23:08.230: I/MediaProvider(366): Upgrading media database from version 63 to 100, which will destroy all old data
07-25 18:23:08.460: W/PackageManager(89): Unknown permission com.google.android.gm.permission.WRITE_GMAIL in package com.android.settings
07-25 18:23:08.731: W/PackageManager(89): Unknown permission com.google.android.gm.permission.READ_GMAIL in package com.android.settings
07-25 18:23:09.420: W/PackageManager(89): Unknown permission android.permission.READ_OWNER_DATA in package com.android.email
07-25 18:23:09.950: W/PackageManager(89): Unknown permission com.android.providers.im.permission.READ_ONLY in package com.google.android.apps.maps
07-25 18:23:09.950: W/PackageManager(89): Not granting permission android.permission.DEVICE_POWER to package com.android.deskclock (protectionLevel=2 flags=0x8be45)
07-25 18:23:10.210: I/dalvikvm(89): Jit: resizing JitTable from 512 to 1024
07-25 18:23:15.761: W/ActivityManager(89): Timeout of broadcast BroadcastRecord{405ec8d8 android.intent.action.BOOT_COMPLETED} - receiver=android.os.BinderProxy@406c9810, started 10003ms ago
07-25 18:23:15.761: W/ActivityManager(89): Receiver during timeout: ResolveInfo{40960658 com.google.android.gsf.gtalkservice.ServiceAutoStarter p=0 o=0 m=0x108000}
07-25 18:23:15.840: I/browser(258): Console: [INFO] Appcelerator Titanium 2.1.0.GA Mobile Web http://10.0.2.2:8020/index.html:11112
07-25 18:23:19.040: I/ActivityManager(89): Start proc com.android.email for broadcast com.android.email/.service.EmailBroadcastReceiver: pid=468 uid=10025 gids={3003, 1015}
07-25 18:23:19.090: I/Process(89): Sending signal. PID: 332 SIG: 3
07-25 18:23:19.090: I/dalvikvm(332): threadid=4: reacting to signal 3
07-25 18:23:19.120: I/dalvikvm(332): Wrote stack traces to '/data/anr/traces.txt'
07-25 18:23:19.170: I/Process(89): Sending signal. PID: 89 SIG: 3
07-25 18:23:19.170: I/dalvikvm(89): threadid=4: reacting to signal 3
07-25 18:23:19.691: D/installd(35): DexInv: --- BEGIN '/system/app/Email.apk' ---
07-25 18:23:19.721: I/dalvikvm(89): Wrote stack traces to '/data/anr/traces.txt'
07-25 18:23:19.721: I/Process(89): Sending signal. PID: 257 SIG: 3
07-25 18:23:19.721: I/dalvikvm(257): threadid=4: reacting to signal 3
07-25 18:23:19.740: I/dalvikvm(257): Wrote stack traces to '/data/anr/traces.txt'
07-25 18:23:19.780: I/Process(89): Sending signal. PID: 229 SIG: 3
07-25 18:23:19.780: I/dalvikvm(229): threadid=4: reacting to signal 3
07-25 18:23:19.790: I/dalvikvm(229): Wrote stack traces to '/data/anr/traces.txt'
07-25 18:23:20.331: D/dalvikvm(89): GC_CONCURRENT freed 993K, 56% free 4747K/10631K, external 2225K/2779K, paused 6ms+95ms
07-25 18:23:21.060: D/dalvikvm(89): GC_EXPLICIT freed 182K, 55% free 4796K/10631K, external 2225K/2779K, paused 223ms
07-25 18:23:21.211: D/dalvikvm(258): GC_CONCURRENT freed 929K, 51% free 3392K/6791K, external 2643K/2671K, paused 4ms+25ms
07-25 18:23:21.750: I/Process(89): Sending signal. PID: 258 SIG: 3
07-25 18:23:21.750: I/dalvikvm(258): threadid=4: reacting to signal 3
07-25 18:23:21.811: I/dalvikvm(258): Wrote stack traces to '/data/anr/traces.txt'
07-25 18:23:21.820: E/ActivityManager(89): ANR in com.google.process.gapps
07-25 18:23:21.820: E/ActivityManager(89): Reason: Broadcast of Intent { act=android.intent.action.BOOT_COMPLETED cmp=com.google.android.gsf/.gtalkservice.ServiceAutoStarter }
07-25 18:23:21.820: E/ActivityManager(89): Load: 7.14 / 2.17 / 0.75
07-25 18:23:21.820: E/ActivityManager(89): CPU usage from 11511ms to 0ms ago:
07-25 18:23:21.820: E/ActivityManager(89): 90% 258/com.android.browser: 87% user + 2.3% kernel / faults: 3132 minor 1 major
07-25 18:23:21.820: E/ActivityManager(89): 3.5% 89/system_server: 2.6% user + 0.9% kernel / faults: 50 minor
07-25 18:23:21.820: E/ActivityManager(89): 1.6% 366/android.process.media: 1.3% user + 0.2% kernel / faults: 86 minor
07-25 18:23:21.820: E/ActivityManager(89): 1.1% 304/android.process.acore: 0.9% user + 0.1% kernel / faults: 733 minor
07-25 18:23:21.820: E/ActivityManager(89): 0% 12/pdflush: 0% user + 0% kernel
07-25 18:23:21.820: E/ActivityManager(89): 0% 39/logcat: 0% user + 0% kernel
07-25 18:23:21.820: E/ActivityManager(89): +0% 468/zygote: 0% user + 0% kernel
07-25 18:23:21.820: E/ActivityManager(89): 100% TOTAL: 95% user + 4% kernel
07-25 18:23:21.820: E/ActivityManager(89): CPU usage from 2011ms to 2621ms later:
07-25 18:23:21.820: E/ActivityManager(89): 45% 258/com.android.browser: 40% user + 4.9% kernel / faults: 423 minor
07-25 18:23:21.820: E/ActivityManager(89): 32% 400/WebViewCoreThre: 29% user + 3.2% kernel
07-25 18:23:21.820: E/ActivityManager(89): 8.1% 258/android.browser: 8.1% user + 0% kernel
07-25 18:23:21.820: E/ActivityManager(89): 3.2% 263/GC: 3.2% user + 0% kernel
07-25 18:23:21.820: E/ActivityManager(89): 1.6% 261/HeapWorker: 1.6% user + 0% kernel
07-25 18:23:21.820: E/ActivityManager(89): 1.6% 329/CookieSyncManag: 0% user + 1.6% kernel
07-25 18:23:21.820: E/ActivityManager(89): 1.6% 402/WebViewWorkerTh: 0% user + 1.6% kernel
07-25 18:23:21.820: E/ActivityManager(89): 39% 476/dexopt: 31% user + 8.6% kernel / faults: 674 minor
07-25 18:23:21.820: E/ActivityManager(89): 14% 89/system_server: 9.8% user + 4.9% kernel / faults: 9 minor
07-25 18:23:21.820: E/ActivityManager(89): 8.1% 102/ActivityManager: 1.6% user + 6.5% kernel
07-25 18:23:21.820: E/ActivityManager(89): 6.5% 97/SurfaceFlinger: 6.5% user + 0% kernel
07-25 18:23:21.820: E/ActivityManager(89): 1.6% 94/Compiler: 1.6% user + 0% kernel
07-25 18:23:21.820: E/ActivityManager(89): 1.6% 282/Binder Thread #: 1.6% user + 0% kernel
07-25 18:23:21.820: E/ActivityManager(89): 1.6% 320/Binder Thread #: 1.6% user + 0% kernel
07-25 18:23:21.820: E/ActivityManager(89): 100% TOTAL: 81% user + 18% kernel
07-25 18:23:22.491: V/CheckinRequestBuilder(332): pre-froyo android id is 0
07-25 18:23:25.980: D/dalvikvm(476): DexOpt: load 497ms, verify+opt 3899ms
07-25 18:23:26.241: D/installd(35): DexInv: --- END '/system/app/Email.apk' (success) ---
07-25 18:23:26.351: I/ActivityManager(89): Starting: Intent { flg=0x10000000 cmp=com.google.android.gsf/.update.SystemUpdateInstallDialog } from pid 332
07-25 18:23:26.431: I/Process(89): Sending signal. PID: 332 SIG: 9
07-25 18:23:26.431: W/ActivityManager(89): Timeout of broadcast BroadcastRecord{405ec8d8 android.intent.action.BOOT_COMPLETED} - receiver=android.os.BinderProxy@40942920, started 10670ms ago
07-25 18:23:26.431: W/ActivityManager(89): Receiver during timeout: ResolveInfo{40960698 com.android.email.service.EmailBroadcastReceiver p=0 o=0 m=0x108000}
07-25 18:23:26.580: I/Process(89): Sending signal. PID: 468 SIG: 3
07-25 18:23:26.780: I/Process(89): Sending signal. PID: 89 SIG: 3
07-25 18:23:26.780: I/dalvikvm(89): threadid=4: reacting to signal 3
07-25 18:23:26.960: I/dalvikvm(89): Wrote stack traces to '/data/anr/traces.txt'
07-25 18:23:26.960: I/Process(89): Sending signal. PID: 257 SIG: 3
07-25 18:23:26.960: I/dalvikvm(257): threadid=4: reacting to signal 3
07-25 18:23:26.970: I/dalvikvm(257): Wrote stack traces to '/data/anr/traces.txt'
07-25 18:23:26.970: I/Process(89): Sending signal. PID: 229 SIG: 3
07-25 18:23:26.970: I/dalvikvm(229): threadid=4: reacting to signal 3
07-25 18:23:26.981: I/dalvikvm(229): Wrote stack traces to '/data/anr/traces.txt'
07-25 18:23:27.331: I/ActivityManager(89): Process com.google.process.gapps (pid 332) has died.
07-25 18:23:27.331: W/ActivityManager(89): Scheduling restart of crashed service com.google.android.gsf/.gtalkservice.service.GTalkService in 5000ms
07-25 18:23:27.331: W/ActivityManager(89): Scheduling restart of crashed service com.google.android.gsf/.checkin.CheckinService in 15000ms
07-25 18:23:27.351: W/InputManagerService(89): Window already focused, ignoring focus gain of: com.android.internal.view.IInputMethodClient$Stub$Proxy@409655a0
07-25 18:23:27.460: I/dalvikvm(468): threadid=4: reacting to signal 3
07-25 18:23:27.480: W/ProcessStats(89): Skipping unknown process pid 332
07-25 18:23:27.630: D/dalvikvm(89): GC_CONCURRENT freed 1047K, 55% free 4796K/10631K, external 2225K/2779K, paused 6ms+13ms
07-25 18:23:27.710: D/dalvikvm(89): GC_EXPLICIT freed 5K, 55% free 4790K/10631K, external 2225K/2779K, paused 69ms
07-25 18:23:28.331: I/Process(89): Sending signal. PID: 258 SIG: 3
07-25 18:23:28.341: I/dalvikvm(258): threadid=4: reacting to signal 3
07-25 18:23:28.371: I/dalvikvm(258): Wrote stack traces to '/data/anr/traces.txt'
07-25 18:23:28.371: I/Process(89): Sending signal. PID: 366 SIG: 3
07-25 18:23:28.430: I/dalvikvm(366): threadid=4: reacting to signal 3
07-25 18:23:28.550: I/dalvikvm(366): Wrote stack traces to '/data/anr/traces.txt'
07-25 18:23:28.600: E/ActivityManager(89): ANR in com.android.email
07-25 18:23:28.600: E/ActivityManager(89): Reason: Broadcast of Intent { act=android.intent.action.BOOT_COMPLETED cmp=com.android.email/.service.EmailBroadcastReceiver }
07-25 18:23:28.600: E/ActivityManager(89): Load: 8.21 / 2.56 / 0.89
07-25 18:23:28.600: E/ActivityManager(89): CPU usage from 7430ms to 0ms ago:
07-25 18:23:28.600: E/ActivityManager(89): 45% 258/com.android.browser: 42% user + 2.5% kernel / faults: 582 minor
07-25 18:23:28.600: E/ActivityManager(89): 13% 89/system_server: 9.6% user + 4.2% kernel / faults: 676 minor
07-25 18:23:28.600: E/ActivityManager(89): 2.4% 468/zygote: 1% user + 1.3% kernel / faults: 2788 minor
07-25 18:23:28.600: E/ActivityManager(89): 0.6% 366/android.process.media: 0.2% user + 0.4% kernel / faults: 33 minor
07-25 18:23:28.600: E/ActivityManager(89): 0.5% 304/android.process.acore: 0.5% user + 0% kernel / faults: 15 minor
07-25 18:23:28.600: E/ActivityManager(89): 0% 257/com.android.phone: 0% user + 0% kernel / faults: 58 minor
07-25 18:23:28.600: E/ActivityManager(89): 0% 229/com.android.systemui: 0% user + 0% kernel / faults: 27 minor
07-25 18:23:28.600: E/ActivityManager(89): 0.-2% 332/com.google.process.gapps: 0.-4% user + 0.2% kernel / faults: 102 minor
07-25 18:23:28.600: E/ActivityManager(89): 100% TOTAL: 87% user + 12% kernel
07-25 18:23:28.600: E/ActivityManager(89): CPU usage from 1239ms to 1780ms later:
07-25 18:23:28.600: E/ActivityManager(89): 87% 258/com.android.browser: 87% user + 0% kernel / faults: 85 minor
07-25 18:23:28.600: E/ActivityManager(89): 83% 400/WebViewCoreThre: 83% user + 0% kernel
07-25 18:23:28.600: E/ActivityManager(89): 1.7% 466/WebViewCoreThre: 1.7% user + 0% kernel
07-25 18:23:28.600: E/ActivityManager(89): 7.2% 89/system_server: 5.4% user + 1.8% kernel / faults: 2 minor
07-25 18:23:28.600: E/ActivityManager(89): 7.2% 102/ActivityManager: 5.4% user + 1.8% kernel
07-25 18:23:28.600: E/ActivityManager(89): 1.2% 366/android.process.media: 1.2% user + 0% kernel / faults: 1 minor
07-25 18:23:28.600: E/ActivityManager(89): 1.2% 444/MediaScannerSer: 1.2% user + 0% kernel
07-25 18:23:28.600: E/ActivityManager(89): 1.2% 468/com.android.email: 1.2% user + 0% kernel / faults: 45 minor
07-25 18:23:28.600: E/ActivityManager(89): 1.2% 468/m.android.email: 1.2% user + 0% kernel
07-25 18:23:28.600: E/ActivityManager(89): 1.2% 471/Signal Catcher: 0% user + 1.2% kernel
07-25 18:23:28.600: E/ActivityManager(89): 100% TOTAL: 96% user + 3.7% kernel
07-25 18:23:28.600: I/Process(89): Sending signal. PID: 468 SIG: 9
07-25 18:23:28.800: I/ActivityManager(89): Process com.android.email (pid 468) has died.
07-25 18:23:32.350: I/ActivityManager(89): Start proc com.google.process.gapps for service com.google.android.gsf/.gtalkservice.service.GTalkService: pid=483 uid=10013 gids={3003, 1015, 2001, 1007}
07-25 18:23:32.921: I/ActivityThread(483): Pub com.google.settings: com.google.android.gsf.settings.GoogleSettingsProvider
07-25 18:23:32.951: I/ActivityThread(483): Pub com.google.android.gsf.gservices: com.google.android.gsf.gservices.GservicesProvider
07-25 18:23:32.961: I/GservicesProvider(483): Gservices pushing to system: true; secure: true
07-25 18:23:32.961: I/ActivityThread(483): Pub subscribedfeeds: com.google.android.gsf.subscribedfeeds.SubscribedFeedsProvider
07-25 18:23:33.091: I/ActivityThread(483): Pub com.google.android.providers.talk: com.google.android.gsf.talk.TalkProvider
07-25 18:23:33.510: D/GTalkService(483): [RawStanzaProvidersMgr] ##### searchProvidersFromIntent
07-25 18:23:33.510: D/GTalkService(483): [RawStanzaProvidersMgr] no intent receivers found
07-25 18:23:33.841: D/GTalkService(483): ##### Network broadcast (connected=true) type=mobile, state=CONNECTED
07-25 18:23:36.421: E/MetadataRetrieverClient(34): failed to extract an album art
07-25 18:23:37.440: D/MediaScanner(366): prescan time: 28703ms
07-25 18:23:37.460: D/MediaScanner(366): scan time: 4481ms
07-25 18:23:37.460: D/MediaScanner(366): postscan time: 0ms
07-25 18:23:37.481: D/MediaScanner(366): total time: 33184ms
07-25 18:23:37.510: D/MediaScannerService(366): done scanning volume internal
07-25 18:23:37.530: D/MediaScannerService(366): start scanning volume external
07-25 18:23:37.610: V/MediaProvider(366): /mnt/sdcard volume ID: 149963034
07-25 18:23:37.951: I/MediaProvider(366): Upgrading media database from version 63 to 100, which will destroy all old data
07-25 18:23:42.430: W/KeyCharacterMap(258): No keyboard for id 0
07-25 18:23:42.430: W/KeyCharacterMap(258): Using default keymap: /system/usr/keychars/qwerty.kcm.bin
07-25 18:23:46.050: V/MediaProvider(366): Attached volume: external
07-25 18:23:46.631: V/MediaScanner(366): pruneDeadThumbnailFiles... android.database.sqlite.SQLiteCursor@405e4938
07-25 18:23:46.651: V/MediaScanner(366): /pruneDeadThumbnailFiles... android.database.sqlite.SQLiteCursor@405e4938
07-25 18:23:46.681: D/MediaScanner(366): prescan time: 391ms
07-25 18:23:46.711: D/MediaScanner(366): scan time: 1ms
07-25 18:23:46.711: D/MediaScanner(366): postscan time: 173ms
07-25 18:23:46.711: D/MediaScanner(366): total time: 565ms
07-25 18:23:46.761: D/MediaScannerService(366): done scanning volume external
07-25 18:23:52.401: D/dalvikvm(366): GC_EXPLICIT freed 669K, 52% free 2917K/6023K, external 1625K/2137K, paused 608ms
07-25 18:23:55.800: E/ThrottleService(89): Error reading data file
07-25 18:24:07.211: I/browser(258): Console: [INFO] Welcome to Kitchen Sink for Titanium/2.1.0.GA http://10.0.2.2:8020/index.html:11112
07-25 18:24:07.221: I/browser(258): Console: [DEBUG] user agent set to Mozilla/5.0 (Linux; U; Android 2.3.4; en-us; google_sdk Build/GINGERBREAD) AppleWebKit/533.1 (KHTML, like Gecko) Version/4.0 Mobile Safari/533.1 http://10.0.2.2:8020/index.html:11112
07-25 18:24:07.231: I/browser(258): Console: [DEBUG] Method "String.formatDate" is not implemented yet. http://10.0.2.2:8020/index.html:11112
07-25 18:24:07.231: I/browser(258): Console: [DEBUG] locale specific date is Wed Jul 25 2012 18:24:07 GMT-0700 (PDT) http://10.0.2.2:8020/index.html:11112
07-25 18:24:07.231: I/browser(258): Console: [DEBUG] Method "String.formatDate" is not implemented yet. http://10.0.2.2:8020/index.html:11112
07-25 18:24:07.240: I/browser(258): Console: [DEBUG] locale specific date (medium) is Wed Jul 25 2012 18:24:07 GMT-0700 (PDT) http://10.0.2.2:8020/index.html:11112
07-25 18:24:07.240: I/browser(258): Console: [DEBUG] Method "String.formatDate" is not implemented yet. http://10.0.2.2:8020/index.html:11112
07-25 18:24:07.240: I/browser(258): Console: [DEBUG] locale specific date (long) is Wed Jul 25 2012 18:24:07 GMT-0700 (PDT) http://10.0.2.2:8020/index.html:11112
07-25 18:24:07.251: I/browser(258): Console: [DEBUG] Method "String.formatTime" is not implemented yet. http://10.0.2.2:8020/index.html:11112
07-25 18:24:07.251: I/browser(258): Console: [DEBUG] locale specific time is Wed Jul 25 2012 18:24:07 GMT-0700 (PDT) http://10.0.2.2:8020/index.html:11112
07-25 18:24:07.261: I/browser(258): Console: [DEBUG] Method "String.formatCurrency" is not implemented yet. http://10.0.2.2:8020/index.html:11112
07-25 18:24:07.261: I/browser(258): Console: [DEBUG] locale specific currency is 12.99 http://10.0.2.2:8020/index.html:11112
07-25 18:24:07.271: I/browser(258): Console: [DEBUG] Method "String.formatDecimal" is not implemented yet. http://10.0.2.2:8020/index.html:11112
07-25 18:24:07.271: I/browser(258): Console: [DEBUG] locale specific decimal is 12.99 http://10.0.2.2:8020/index.html:11112
07-25 18:24:07.271: I/browser(258): Console: [INFO] should be en, was = en http://10.0.2.2:8020/index.html:11112
07-25 18:24:07.271: I/browser(258): Console: [INFO] welcome_message = Welcome to Kitchen Sink for Titanium/ http://10.0.2.2:8020/index.html:11112
07-25 18:24:07.271: I/browser(258): Console: [INFO] should be def, was = def http://10.0.2.2:8020/index.html:11112
07-25 18:24:07.281: I/browser(258): Console: [INFO] welcome_message = Welcome to Kitchen Sink for Titanium/ http://10.0.2.2:8020/index.html:11112
07-25 18:24:07.281: I/browser(258): Console: [INFO] should be def, was = def http://10.0.2.2:8020/index.html:11112
07-25 18:24:07.291: I/browser(258): Console: [INFO] should be 1, was = 1 http://10.0.2.2:8020/index.html:11112
07-25 18:24:07.310: I/browser(258): Console: [INFO] should be 1.0, was = 1.0 http://10.0.2.2:8020/index.html:11112
07-25 18:24:07.310: I/browser(258): Console: [INFO] should be hello, was = hello http://10.0.2.2:8020/index.html:11112
07-25 18:24:07.320: I/browser(258): Console: [INFO] you should see a list of properties (3 or more) below this line http://10.0.2.2:8020/index.html:11112
07-25 18:24:07.320: I/browser(258): Console: [INFO] --------------------------------------------------------------- http://10.0.2.2:8020/index.html:11112
07-25 18:24:07.320: I/browser(258): Console: [INFO] win1 property: widgetId http://10.0.2.2:8020/index.html:11112
07-25 18:24:07.320: I/browser(258): Console: [INFO] win1 property: constants http://10.0.2.2:8020/index.html:11112
07-25 18:24:07.330: I/browser(258): Console: [INFO] win1 property: size http://10.0.2.2:8020/index.html:11112
07-25 18:24:07.330: I/browser(258): Console: [INFO] win1 property: getSize http://10.0.2.2:8020/index.html:11112
07-25 18:24:07.330: I/browser(258): Console: [INFO] win1 property: rect http://10.0.2.2:8020/index.html:11112
07-25 18:24:07.330: I/browser(258): Console: [INFO] win1 property: getRect http://10.0.2.2:8020/index.html:11112
07-25 18:24:07.340: I/browser(258): Console: [INFO] win1 property: parent http://10.0.2.2:8020/index.html:11112
07-25 18:24:07.340: I/browser(258): Console: [INFO] win1 property: getParent http://10.0.2.2:8020/index.html:11112
07-25 18:24:07.340: I/browser(258): Console: [INFO] win1 property: properties http://10.0.2.2:8020/index.html:11112
07-25 18:24:07.340: I/browser(258): Console: [INFO] win1 property: backgroundColor http://10.0.2.2:8020/index.html:11112
07-25 18:24:07.350: I/browser(258): Console: [INFO] win1 property: getBackgroundColor http://10.0.2.2:8020/index.html:11112
07-25 18:24:07.350: I/browser(258): Console: [INFO] win1 property: setBackgroundColor http://10.0.2.2:8020/index.html:11112
07-25 18:24:07.350: I/browser(258): Console: [INFO] win1 property: backgroundDisabledColor http://10.0.2.2:8020/index.html:11112
07-25 18:24:07.350: I/browser(258): Console: [INFO] win1 property: getBackgroundDisabledColor http://10.0.2.2:8020/index.html:11112
07-25 18:24:07.350: I/browser(258): Console: [INFO] win1 property: setBackgroundDisabledColor http://10.0.2.2:8020/index.html:11112
07-25 18:24:07.360: I/browser(258): Console: [INFO] win1 property: backgroundDisabledImage http://10.0.2.2:8020/index.html:11112
07-25 18:24:07.360: I/browser(258): Console: [INFO] win1 property: getBackgroundDisabledImage http://10.0.2.2:8020/index.html:11112
07-25 18:24:07.360: I/browser(258): Console: [INFO] win1 property: setBackgroundDisabledImage http://10.0.2.2:8020/index.html:11112
07-25 18:24:07.360: I/browser(258): Console: [INFO] win1 property: backgroundFocusedColor http://10.0.2.2:8020/index.html:11112
07-25 18:24:07.370: I/browser(258): Console: [INFO] win1 property: getBackgroundFocusedColor http://10.0.2.2:8020/index.html:11112
07-25 18:24:07.370: I/browser(258): Console: [INFO] win1 property: setBackgroundFocusedColor http://10.0.2.2:8020/index.html:11112
07-25 18:24:07.370: I/browser(258): Console: [INFO] win1 property: backgroundFocusedImage http://10.0.2.2:8020/index.html:11112
07-25 18:24:07.370: I/browser(258): Console: [INFO] win1 property: getBackgroundFocusedImage http://10.0.2.2:8020/index.html:11112
07-25 18:24:07.370: I/browser(258): Console: [INFO] win1 property: setBackgroundFocusedImage http://10.0.2.2:8020/index.html:11112
07-25 18:24:07.380: I/browser(258): Console: [INFO] win1 property: backgroundGradient http://10.0.2.2:8020/index.html:11112
07-25 18:24:07.380: I/browser(258): Console: [INFO] win1 property: getBackgroundGradient http://10.0.2.2:8020/index.html:11112
07-25 18:24:07.380: I/browser(258): Console: [INFO] win1 property: setBackgroundGradient http://10.0.2.2:8020/index.html:11112
07-25 18:24:07.380: I/browser(258): Console: [INFO] win1 property: backgroundImage http://10.0.2.2:8020/index.html:11112
07-25 18:24:07.380: I/browser(258): Console: [INFO] win1 property: getBackgroundImage http://10.0.2.2:8020/index.html:11112
07-25 18:24:07.390: I/browser(258): Console: [INFO] win1 property: setBackgroundImage http://10.0.2.2:8020/index.html:11112
07-25 18:24:07.390: I/browser(258): Console: [INFO] win1 property: backgroundRepeat http://10.0.2.2:8020/index.html:11112
07-25 18:24:07.390: I/browser(258): Console: [INFO] win1 property: getBackgroundRepeat http://10.0.2.2:8020/index.html:11112
07-25 18:24:07.390: I/browser(258): Console: [INFO] win1 property: setBackgroundRepeat http://10.0.2.2:8020/index.html:11112
07-25 18:24:07.390: I/browser(258): Console: [INFO] win1 property: backgroundSelectedColor http://10.0.2.2:8020/index.html:11112
07-25 18:24:07.390: I/browser(258): Console: [INFO] win1 property: getBackgroundSelectedColor http://10.0.2.2:8020/index.html:11112
07-25 18:24:07.400: I/browser(258): Console: [INFO] win1 property: setBackgroundSelectedColor http://10.0.2.2:8020/index.html:11112
07-25 18:24:07.400: I/browser(258): Console: [INFO] win1 property: backgroundSelectedImage http://10.0.2.2:8020/index.html:11112
07-25 18:24:07.400: I/browser(258): Console: [INFO] win1 property: getBackgroundSelectedImage http://10.0.2.2:8020/index.html:11112
07-25 18:24:07.400: I/browser(258): Console: [INFO] win1 property: setBackgroundSelectedImage http://10.0.2.2:8020/index.html:11112
07-25 18:24:07.400: I/browser(258): Console: [INFO] win1 property: borderColor http://10.0.2.2:8020/index.html:11112
07-25 18:24:07.410: I/browser(258): Console: [INFO] win1 property: getBorderColor http://10.0.2.2:8020/index.html:11112
07-25 18:24:07.410: I/browser(258): Console: [INFO] win1 property: setBorderColor http://10.0.2.2:8020/index.html:11112
07-25 18:24:07.410: I/browser(258): Console: [INFO] win1 property: borderRadius http://10.0.2.2:8020/index.html:11112
07-25 18:24:07.410: I/browser(258): Console: [INFO] win1 property: getBorderRadius http://10.0.2.2:8020/index.html:11112
07-25 18:24:07.410: I/browser(258): Console: [INFO] win1 property: setBorderRadius http://10.0.2.2:8020/index.html:11112
07-25 18:24:07.420: I/browser(258): Console: [INFO] win1 property: borderWidth http://10.0.2.2:8020/index.html:11112
07-25 18:24:07.420: I/browser(258): Console: [INFO] win1 property: getBorderWidth http://10.0.2.2:8020/index.html:11112
07-25 18:24:07.420: I/browser(258): Console: [INFO] win1 property: setBorderWidth http://10.0.2.2:8020/index.html:11112
07-25 18:24:07.420: I/browser(258): Console: [INFO] win1 property: bottom http://10.0.2.2:8020/index.html:11112
07-25 18:24:07.420: I/browser(258): Console: [INFO] win1 property: getBottom http://10.0.2.2:8020/index.html:11112
07-25 18:24:07.430: I/browser(258): Console: [INFO] win1 property: setBottom http://10.0.2.2:8020/index.html:11112
07-25 18:24:07.430: I/browser(258): Console: [INFO] win1 property: center http://10.0.2.2:8020/index.html:11112
07-25 18:24:07.430: I/browser(258): Console: [INFO] win1 property: getCenter http://10.0.2.2:8020/index.html:11112
07-25 18:24:07.430: I/browser(258): Console: [INFO] win1 property: setCenter http://10.0.2.2:8020/index.html:11112
07-25 18:24:07.430: I/browser(258): Console: [INFO] win1 property: color http://10.0.2.2:8020/index.html:11112
07-25 18:24:07.430: I/browser(258): Console: [INFO] win1 property: getColor http://10.0.2.2:8020/index.html:11112
07-25 18:24:07.430: I/browser(258): Console: [INFO] win1 property: setColor http://10.0.2.2:8020/index.html:11112
07-25 18:24:07.441: I/browser(258): Console: [INFO] win1 property: enabled http://10.0.2.2:8020/index.html:11112
07-25 18:24:07.441: I/browser(258): Console: [INFO] win1 property: getEnabled http://10.0.2.2:8020/index.html:11112
07-25 18:24:07.441: I/browser(258): Console: [INFO] win1 property: setEnabled http://10.0.2.2:8020/index.html:11112
07-25 18:24:07.441: I/browser(258): Console: [INFO] win1 property: focusable http://10.0.2.2:8020/index.html:11112
07-25 18:24:07.441: I/browser(258): Console: [INFO] win1 property: getFocusable http://10.0.2.2:8020/index.html:11112
07-25 18:24:07.450: I/browser(258): Console: [INFO] win1 property: setFocusable http://10.0.2.2:8020/index.html:11112
07-25 18:24:07.450: I/browser(258): Console: [INFO] win1 property: _minHeight http://10.0.2.2:8020/index.html:11112
07-25 18:24:07.450: I/browser(258): Console: [INFO] win1 property: get_minHeight http://10.0.2.2:8020/index.html:11112
07-25 18:24:07.450: I/browser(258): Console: [INFO] win1 property: set_minHeight http://10.0.2.2:8020/index.html:11112
07-25 18:24:07.450: I/browser(258): Console: [INFO] win1 property: _maxHeight http://10.0.2.2:8020/index.html:11112
07-25 18:24:07.450: I/browser(258): Console: [INFO] win1 property: get_maxHeight http://10.0.2.2:8020/index.html:11112
07-25 18:24:07.460: I/browser(258): Console: [INFO] win1 property: set_maxHeight http://10.0.2.2:8020/index.html:11112
07-25 18:24:07.460: I/browser(258): Console: [INFO] win1 property: height http://10.0.2.2:8020/index.html:11112
07-25 18:24:07.460: I/browser(258): Console: [INFO] win1 property: getHeight http://10.0.2.2:8020/index.html:11112
07-25 18:24:07.460: I/browser(258): Console: [INFO] win1 property: setHeight http://10.0.2.2:8020/index.html:11112
07-25 18:24:07.460: I/browser(258): Console: [INFO] win1 property: left http://10.0.2.2:8020/index.html:11112
07-25 18:24:07.470: I/browser(258): Console: [INFO] win1 property: getLeft http://10.0.2.2:8020/index.html:11112
07-25 18:24:07.470: I/browser(258): Console: [INFO] win1 property: setLeft http://10.0.2.2:8020/index.html:11112
07-25 18:24:07.470: I/browser(258): Console: [INFO] win1 property: opacity http://10.0.2.2:8020/index.html:11112
07-25 18:24:07.470: I/browser(258): Console: [INFO] win1 property: getOpacity http://10.0.2.2:8020/index.html:11112
07-25 18:24:07.470: I/browser(258): Console: [INFO] win1 property: setOpacity http://10.0.2.2:8020/index.html:11112
07-25 18:24:07.480: I/browser(258): Console: [INFO] win1 property: visible http://10.0.2.2:8020/index.html:11112
07-25 18:24:07.480: I/browser(258): Console: [INFO] win1 property: getVisible http://10.0.2.2:8020/index.html:11112
07-25 18:24:07.480: I/browser(258): Console: [INFO] win1 property: setVisible http://10.0.2.2:8020/index.html:11112
07-25 18:24:07.480: I/browser(258): Console: [INFO] win1 property: right http://10.0.2.2:8020/index.html:11112
07-25 18:24:07.480: I/browser(258): Console: [INFO] win1 property: getRight http://10.0.2.2:8020/index.html:11112
07-25 18:24:07.480: I/browser(258): Console: [INFO] win1 property: setRight http://10.0.2.2:8020/index.html:11112
07-25 18:24:07.490: I/browser(258): Console: [INFO] win1 property: touchEnabled http://10.0.2.2:8020/index.html:11112
07-25 18:24:07.490: I/browser(258): Console: [INFO] win1 property: getTouchEnabled http://10.0.2.2:8020/index.html:11112
07-25 18:24:07.490: I/browser(258): Console: [INFO] win1 property: setTouchEnabled http://10.0.2.2:8020/index.html:11112
07-25 18:24:07.490: I/browser(258): Console: [INFO] win1 property: top http://10.0.2.2:8020/index.html:11112
07-25 18:24:07.490: I/browser(258): Console: [INFO] win1 property: getTop http://10.0.2.2:8020/index.html:11112
07-25 18:24:07.500: I/browser(258): Console: [INFO] win1 property: setTop http://10.0.2.2:8020/index.html:11112
07-25 18:24:07.500: I/browser(258): Console: [INFO] win1 property: transform http://10.0.2.2:8020/index.html:11112
07-25 18:24:07.500: I/browser(258): Console: [INFO] win1 property: getTransform http://10.0.2.2:8020/index.html:11112
07-25 18:24:07.500: I/browser(258): Console: [INFO] win1 property: setTransform http://10.0.2.2:8020/index.html:11112
07-25 18:24:07.510: I/browser(258): Console: [INFO] win1 property: _minWidth http://10.0.2.2:8020/index.html:11112
07-25 18:24:07.510: I/browser(258): Console: [INFO] win1 property: get_minWidth http://10.0.2.2:8020/index.html:11112
07-25 18:24:07.510: I/browser(258): Console: [INFO] win1 property: set_minWidth http://10.0.2.2:8020/index.html:11112
07-25 18:24:07.510: I/browser(258): Console: [INFO] win1 property: _maxWidth http://10.0.2.2:8020/index.html:11112
07-25 18:24:07.510: I/browser(258): Console: [INFO] win1 property: get_maxWidth http://10.0.2.2:8020/index.html:11112
07-25 18:24:07.520: I/browser(258): Console: [INFO] win1 property: set_maxWidth http://10.0.2.2:8020/index.html:11112
07-25 18:24:07.520: I/browser(258): Console: [INFO] win1 property: width http://10.0.2.2:8020/index.html:11112
07-25 18:24:07.520: I/browser(258): Console: [INFO] win1 property: getWidth http://10.0.2.2:8020/index.html:11112
07-25 18:24:07.520: I/browser(258): Console: [INFO] win1 property: setWidth http://10.0.2.2:8020/index.html:11112
07-25 18:24:07.520: I/browser(258): Console: [INFO] win1 property: zIndex http://10.0.2.2:8020/index.html:11112
