407): addNotification score=0
W/IInputConnectionWrapper(20554): sendKeyEvent on inactive InputConnection
W/IInputConnectionWrapper(20554): endBatchEdit on inactive InputConnection
D/dalvikvm(20554): GC_FOR_ALLOC freed 513K, 5% free 14308K/15047K, paused 28ms, total 28ms
I/dalvikvm-heap(20554): Grow heap (frag case) to 14.728MB for 760336-byte allocation
D/dalvikvm(20554): GC_FOR_ALLOC freed 29K, 6% free 15021K/15815K, paused 34ms, total 34ms
D/dalvikvm(20554): GC_FOR_ALLOC freed 8K, 6% free 15013K/15815K, paused 21ms, total 21ms
I/dalvikvm-heap(20554): Grow heap (frag case) to 15.416MB for 760336-byte allocation
D/dalvikvm(20554): GC_FOR_ALLOC freed 0K, 5% free 15755K/16583K, paused 18ms, total 18ms
D/dalvikvm( 304): GC_CONCURRENT freed 3046K, 17% free 34222K/41031K, paused 5ms+13ms, total 144ms
I/InputAttributes( 493): InputType.TYPE_NULL is specified
I/TiAPI (20554): App.UI.ServiceRequestList.init()
I/ActivityManager( 304): START {cmp=com.emc.it.ngoe.supportAndroid/org.appcelerator.titanium.TiActivity (has extras) u=0} from pid 20554
I/TiAPI (20554): App.exit event fired
I/TiAPI (20554): App.exit time:1346182031280
I/TiAPI (20554): ###### SRLIST WINDOW OPEN #######
I/TiAPI (20554): ###### CLOSING PASSCODE & AUTH WINDOW #######
I/TiAPI (20554): #########Closing Authentication Window########
I/TiAPI (20554): Passcode Window Closed
I/TiAPI (20554): #########Closing Passcode Window########
I/TiAPI (20554): Passcode Window Closed
D/Window (20554): Unable to release window reference.
W/ActivityManager( 304): Duplicate finish request for ActivityRecord{43323720 com.emc.it.ngoe.supportAndroid/org.appcelerator.titanium.TiActivity}
W/ActivityManager( 304): Duplicate finish request for ActivityRecord{43c86c70 com.emc.it.ngoe.supportAndroid/org.appcelerator.titanium.TiActivity}
I/TiAPI (20554): App.UI.ServiceRequestList.load()
I/TiAPI (20554): Remote readSRList
I/TiAPI (20554): App.API.ServiceRequest.Remote.readSRList()
D/TiUIView(20554): (main) [9642,28574] Nativeview is null
E/TiBaseActivity(20554): (main) [13,28587] Layout cleanup.
E/TiBaseActivity(20554): (main) [75,28662] Layout cleanup.
D/dalvikvm( 493): WAIT_FOR_CONCURRENT_GC blocked 0ms
D/TiUIView(20554): (main) [61,28723] Nativeview is null
I/ActivityManager( 304): No longer want com.metago.astro:remote (pid 20462): hidden #16
E/TiBaseActivity(20554): (main) [108,28831] Layout cleanup.
D/dalvikvm( 493): GC_EXPLICIT freed 1336K, 18% free 20627K/24903K, paused 7ms+9ms, total 175ms
E/TiBaseActivity(20554): (main) [68,28899] Layout cleanup.
W/V8Object(20554): Runtime disposed, cannot fire event 'closeFromActivity'
D/GestureModule(20554): (main) [895,29794] ACC-Shake : threshold: 162.52795469724114 force: 166.9371600834204 delta : 166.9371600834204 x: -4.4828777 y: 6.898255 z: 9.962683
D/GestureModule(20554): (main) [325,30119] ACC-Shake : threshold: 162.52795469724114 force: 253.50471971749494 delta : 253.50471971749494 x: -0.8041278 y: -3.7931123 z: 15.442487
D/GestureModule(20554): (main) [65,30184] ACC-Shake : threshold: 162.52795469724114 force: 188.60803831538442 delta : 188.60803831538442 x: -2.4902215 y: 0.69036436 z: 13.488152
D/GestureModule(20554): (main) [63,30247] ACC-Shake : threshold: 162.52795469724114 force: 175.57291864053434 delta : 175.57291864053434 x: -2.1453388 y: -1.1106904 z: 13.028308
D/GestureModule(20554): (main) [130,30377] ACC-Shake : threshold: 162.52795469724114 force: 275.6417982378985 delta : 275.6417982378985 x: -10.422526 y: -1.4938934 z: 12.836706
D/dalvikvm(16324): GC_CONCURRENT freed 455K, 8% free 11262K/12167K, paused 4ms+2ms, total 31ms