09-10 15:11:55.780: D/BatteryService(545): update start
09-10 15:11:55.780: D/BatteryService(545): level:100 scale:100 status:5 health:2 present:true voltage: 4337 temperature: 315 technology: Li-ion AC powered:false USB powered:true icon:17303128 invalid charger:0
09-10 15:11:55.780: D/ThermistorObserver(545): mBatteryBRForAMOLED : onReceive() : newTemperature : 315
09-10 15:11:55.780: D/STATUSBAR-BatteryController(691): onReceive() - ACTION_BATTERY_CHANGED
09-10 15:11:55.780: D/STATUSBAR-BatteryController(691): onReceive() - level:100
09-10 15:11:55.780: D/STATUSBAR-BatteryController(691): onReceive() - plugged:2
09-10 15:11:55.780: D/STATUSBAR-BatteryController(691): onReceive() - BATTERY_STATUS_FULL:
09-10 15:11:55.790: E/MTPJNIInterface(5757): In MTPJNIINterface onReceive:android.intent.action.BATTERY_CHANGED
09-10 15:11:56.141: E/SMD(220): DCD ON
09-10 15:11:56.511: I/v8(7377): Failed to open socket on port 9419, waiting 1000 ms before retrying
09-10 15:11:57.512: I/v8(7377): Failed to open socket on port 9419, waiting 1000 ms before retrying
09-10 15:11:58.513: I/v8(7377): Failed to open socket on port 9419, waiting 1000 ms before retrying
09-10 15:11:59.144: E/SMD(220): DCD ON
09-10 15:11:59.514: I/v8(7377): Failed to open socket on port 9419, waiting 1000 ms before retrying
09-10 15:11:59.995: V/AlarmManager(545): waitForAlarm result :8
09-10 15:11:59.995: V/AlarmManager(545): ClockReceiver onReceive() ACTION_TIME_TICK
09-10 15:11:59.995: W/AlarmManager(545): FACTORY_ON= 0
09-10 15:12:00.005: D/KeyguardUpdateMonitor(545): received broadcast android.intent.action.TIME_TICK
09-10 15:12:00.005: D/KeyguardUpdateMonitor(545): handleTimeUpdate
09-10 15:12:00.005: D/STATUSBAR-Clock(691): onReceive() - ACTION_TIME_TICK
09-10 15:12:00.005: D/STATUSBAR-Clock(691): updateClock :3:12 PM
09-10 15:12:00.015: D/STATUSBAR-DateView(691): updateClock :09/10/2012
09-10 15:12:00.515: I/v8(7377): Failed to open socket on port 9419, waiting 1000 ms before retrying
09-10 15:12:01.516: I/v8(7377): Failed to open socket on port 9419, waiting 1000 ms before retrying
09-10 15:12:02.137: E/SMD(220): DCD ON
09-10 15:12:02.507: I/v8(7377): Failed to open socket on port 9419, waiting 1000 ms before retrying
09-10 15:12:02.638: E/Sensors(545): accelHandler 0.209564 0.446671 9.598041
09-10 15:12:02.998: D/STATUSBAR-NetworkController(691): onReceive() - RSSI_CHANGED_ACTION, WIFI_STATE, NETWORK_STATE
09-10 15:12:03.509: I/v8(7377): Failed to open socket on port 9419, waiting 1000 ms before retrying
09-10 15:12:03.939: V/AlarmManager(545): waitForAlarm result :8
09-10 15:12:03.949: W/AlarmManager(545): FACTORY_ON= 0
09-10 15:12:04.510: I/v8(7377): Failed to open socket on port 9419, waiting 1000 ms before retrying
09-10 15:12:05.150: E/SMD(220): DCD ON
09-10 15:12:05.511: I/v8(7377): Failed to open socket on port 9419, waiting 1000 ms before retrying
09-10 15:12:06.512: I/v8(7377): Failed to open socket on port 9419, waiting 1000 ms before retrying
09-10 15:12:07.513: I/v8(7377): Failed to open socket on port 9419, waiting 1000 ms before retrying
09-10 15:12:08.154: E/SMD(220): DCD ON
09-10 15:12:08.514: I/v8(7377): Failed to open socket on port 9419, waiting 1000 ms before retrying
09-10 15:12:09.515: I/v8(7377): Failed to open socket on port 9419, waiting 1000 ms before retrying
09-10 15:12:10.516: I/v8(7377): Failed to open socket on port 9419, waiting 1000 ms before retrying
09-10 15:12:11.157: E/SMD(220): DCD ON
09-10 15:12:11.507: I/v8(7377): Failed to open socket on port 9419, waiting 1000 ms before retrying
09-10 15:12:12.048: D/STATUSBAR-NetworkController(691): onReceive() - RSSI_CHANGED_ACTION, WIFI_STATE, NETWORK_STATE
09-10 15:12:12.508: I/v8(7377): Failed to open socket on port 9419, waiting 1000 ms before retrying
09-10 15:12:12.638: E/Sensors(545): accelHandler 0.211959 0.410746 9.612411
09-10 15:12:13.349: W/SignalStrength(545): getGsmLevel=3
09-10 15:12:13.349: W/SignalStrength(545): getLevel=3 (SignalStrength: 8 0 -120 -160 -120 -1 -1 99 2147483647 2147483647 2147483647 2147483647 gsm|lte 3)
09-10 15:12:13.349: W/SignalStrength(691): getGsmLevel=3
09-10 15:12:13.349: W/SignalStrength(691): getLevel=3 (SignalStrength: 8 0 -120 -160 -120 -1 -1 99 2147483647 2147483647 2147483647 2147483647 gsm|lte 3)
09-10 15:12:13.349: W/SignalStrength(691): getGsmLevel=3
09-10 15:12:13.349: W/SignalStrength(691): getLevel=3 (SignalStrength: 8 0 -120 -160 -120 -1 -1 99 2147483647 2147483647 2147483647 2147483647 gsm|lte 3)
09-10 15:12:13.349: W/SignalStrength(545): getDbm 1
09-10 15:12:13.349: W/SignalStrength(545): getGsmDbm=-97
09-10 15:12:13.349: W/SignalStrength(545): getDbm=-97
09-10 15:12:13.349: W/SignalStrength(545): getAsuLevel 1
09-10 15:12:13.349: W/SignalStrength(545): getGsmAsuLevel=8
09-10 15:12:13.349: W/SignalStrength(545): getAsuLevel=8
09-10 15:12:13.349: D/STATUSBAR-NetworkController(691): onSignalStrengthsChanged signalStrength=SignalStrength: 8 0 -120 -160 -120 -1 -1 99 2147483647 2147483647 2147483647 2147483647 gsm|lte 3 level=3
09-10 15:12:13.509: I/v8(7377): Failed to open socket on port 9419, waiting 1000 ms before retrying
09-10 15:12:14.150: E/SMD(220): DCD ON
09-10 15:12:14.510: I/v8(7377): Failed to open socket on port 9419, waiting 1000 ms before retrying
09-10 15:12:15.511: I/v8(7377): Failed to open socket on port 9419, waiting 1000 ms before retrying
09-10 15:12:16.512: I/v8(7377): Failed to open socket on port 9419, waiting 1000 ms before retrying
09-10 15:12:17.153: E/SMD(220): DCD ON
09-10 15:12:17.513: I/v8(7377): Failed to open socket on port 9419, waiting 1000 ms before retrying
09-10 15:12:18.084: D/STATUSBAR-NetworkController(691): onReceive() - RSSI_CHANGED_ACTION, WIFI_STATE, NETWORK_STATE
09-10 15:12:18.515: I/v8(7377): Failed to open socket on port 9419, waiting 1000 ms before retrying
09-10 15:12:19.516: I/v8(7377): Failed to open socket on port 9419, waiting 1000 ms before retrying
09-10 15:12:20.156: E/SMD(220): DCD ON
09-10 15:12:20.517: I/v8(7377): Failed to open socket on port 9419, waiting 1000 ms before retrying
09-10 15:12:21.508: I/v8(7377): Failed to open socket on port 9419, waiting 1000 ms before retrying
09-10 15:12:22.509: I/v8(7377): Failed to open socket on port 9419, waiting 1000 ms before retrying
09-10 15:12:22.639: E/Sensors(545): accelHandler 0.239502 0.443079 9.594448
09-10 15:12:23.150: E/SMD(220): DCD ON
09-10 15:12:23.510: I/v8(7377): Failed to open socket on port 9419, waiting 1000 ms before retrying
09-10 15:12:24.111: D/STATUSBAR-NetworkController(691): onReceive() - RSSI_CHANGED_ACTION, WIFI_STATE, NETWORK_STATE
09-10 15:12:24.511: I/v8(7377): Failed to open socket on port 9419, waiting 1000 ms before retrying
09-10 15:12:25.512: I/v8(7377): Failed to open socket on port 9419, waiting 1000 ms before retrying
09-10 15:12:26.153: E/SMD(220): DCD ON
09-10 15:12:26.293: D/KeyguardUpdateMonitor(545): received broadcast android.intent.action.BATTERY_CHANGED
09-10 15:12:26.293: E/MTPJNIInterface(5757): In MTPJNIINterface onReceive:android.intent.action.BATTERY_CHANGED
09-10 15:12:26.293: D/KeyguardUpdateMonitor(545): handleBatteryUpdate
09-10 15:12:26.293: D/BatteryService(545): update start
09-10 15:12:26.293: D/BatteryService(545): level:100 scale:100 status:5 health:2 present:true voltage: 4330 temperature: 315 technology: Li-ion AC powered:false USB powered:true icon:17303128 invalid charger:0
09-10 15:12:26.293: D/ThermistorObserver(545): mBatteryBRForAMOLED : onReceive() : newTemperature : 315
09-10 15:12:26.303: D/STATUSBAR-BatteryController(691): onReceive() - ACTION_BATTERY_CHANGED
09-10 15:12:26.303: D/STATUSBAR-BatteryController(691): onReceive() - level:100
09-10 15:12:26.303: D/STATUSBAR-BatteryController(691): onReceive() - plugged:2
09-10 15:12:26.303: D/STATUSBAR-BatteryController(691): onReceive() - BATTERY_STATUS_FULL:
09-10 15:12:26.513: I/v8(7377): Failed to open socket on port 9419, waiting 1000 ms before retrying
09-10 15:12:27.134: D/STATUSBAR-NetworkController(691): onReceive() - RSSI_CHANGED_ACTION, WIFI_STATE, NETWORK_STATE
09-10 15:12:27.514: I/v8(7377): Failed to open socket on port 9419, waiting 1000 ms before retrying
09-10 15:12:28.515: I/v8(7377): Failed to open socket on port 9419, waiting 1000 ms before retrying
09-10 15:12:29.156: E/SMD(220): DCD ON
09-10 15:12:29.516: I/v8(7377): Failed to open socket on port 9419, waiting 1000 ms before retrying
09-10 15:12:30.147: D/STATUSBAR-NetworkController(691): onReceive() - RSSI_CHANGED_ACTION, WIFI_STATE, NETWORK_STATE
09-10 15:12:30.507: I/v8(7377): Failed to open socket on port 9419, waiting 1000 ms before retrying
09-10 15:12:31.518: I/v8(7377): Failed to open socket on port 9419, waiting 1000 ms before retrying
09-10 15:12:32.149: E/SMD(220): DCD ON
09-10 15:12:32.520: I/v8(7377): Failed to open socket on port 9419, waiting 1000 ms before retrying
09-10 15:12:32.640: E/Sensors(545): accelHandler 0.275427 0.456251 9.649533
09-10 15:12:33.521: I/v8(7377): Failed to open socket on port 9419, waiting 1000 ms before retrying
09-10 15:12:34.522: I/v8(7377): Failed to open socket on port 9419, waiting 1000 ms before retrying
09-10 15:12:35.152: E/SMD(220): DCD ON
09-10 15:12:35.523: I/v8(7377): Failed to open socket on port 9419, waiting 1000 ms before retrying
09-10 15:12:36.394: W/SignalStrength(545): getGsmLevel=3
09-10 15:12:36.394: W/SignalStrength(545): getLevel=3 (SignalStrength: 7 0 -120 -160 -120 -1 -1 99 2147483647 2147483647 2147483647 2147483647 gsm|lte 3)
09-10 15:12:36.394: W/SignalStrength(545): getDbm 1
09-10 15:12:36.394: W/SignalStrength(545): getGsmDbm=-99
09-10 15:12:36.394: W/SignalStrength(545): getDbm=-99
09-10 15:12:36.394: W/SignalStrength(545): getAsuLevel 1
09-10 15:12:36.394: W/SignalStrength(545): getGsmAsuLevel=7
09-10 15:12:36.394: W/SignalStrength(545): getAsuLevel=7
09-10 15:12:36.394: W/SignalStrength(691): getGsmLevel=3
09-10 15:12:36.394: W/SignalStrength(691): getLevel=3 (SignalStrength: 7 0 -120 -160 -120 -1 -1 99 2147483647 2147483647 2147483647 2147483647 gsm|lte 3)
09-10 15:12:36.394: W/SignalStrength(691): getGsmLevel=3
09-10 15:12:36.394: W/SignalStrength(691): getLevel=3 (SignalStrength: 7 0 -120 -160 -120 -1 -1 99 2147483647 2147483647 2147483647 2147483647 gsm|lte 3)
09-10 15:12:36.394: D/STATUSBAR-NetworkController(691): onSignalStrengthsChanged signalStrength=SignalStrength: 7 0 -120 -160 -120 -1 -1 99 2147483647 2147483647 2147483647 2147483647 gsm|lte 3 level=3
09-10 15:12:36.524: I/v8(7377): Failed to open socket on port 9419, waiting 1000 ms before retrying
09-10 15:12:37.525: I/v8(7377): Failed to open socket on port 9419, waiting 1000 ms before retrying
09-10 15:12:38.166: E/SMD(220): DCD ON
09-10 15:12:38.526: I/v8(7377): Failed to open socket on port 9419, waiting 1000 ms before retrying
09-10 15:12:39.517: I/v8(7377): Failed to open socket on port 9419, waiting 1000 ms before retrying
09-10 15:12:40.518: I/v8(7377): Failed to open socket on port 9419, waiting 1000 ms before retrying
09-10 15:12:41.159: E/SMD(220): DCD ON
09-10 15:12:41.519: I/v8(7377): Failed to open socket on port 9419, waiting 1000 ms before retrying
09-10 15:12:42.520: I/v8(7377): Failed to open socket on port 9419, waiting 1000 ms before retrying
09-10 15:12:42.640: E/Sensors(545): accelHandler 0.223934 0.432301 9.626781
09-10 15:12:43.521: I/v8(7377): Failed to open socket on port 9419, waiting 1000 ms before retrying
09-10 15:12:44.162: E/SMD(220): DCD ON
09-10 15:12:44.522: I/v8(7377): Failed to open socket on port 9419, waiting 1000 ms before retrying
09-10 15:12:45.523: I/v8(7377): Failed to open socket on port 9419, waiting 1000 ms before retrying
09-10 15:12:46.524: I/v8(7377): Failed to open socket on port 9419, waiting 1000 ms before retrying
09-10 15:12:47.165: E/SMD(220): DCD ON
09-10 15:12:47.526: I/v8(7377): Failed to open socket on port 9419, waiting 1000 ms before retrying
09-10 15:12:48.256: D/STATUSBAR-NetworkController(691): onReceive() - RSSI_CHANGED_ACTION, WIFI_STATE, NETWORK_STATE
09-10 15:12:48.527: I/v8(7377): Failed to open socket on port 9419, waiting 1000 ms before retrying
09-10 15:12:49.187: W/SignalStrength(545): getGsmLevel=3
09-10 15:12:49.187: W/SignalStrength(545): getLevel=3 (SignalStrength: 8 0 -120 -160 -120 -1 -1 99 2147483647 2147483647 2147483647 2147483647 gsm|lte 3)
09-10 15:12:49.187: W/SignalStrength(691): getGsmLevel=3
09-10 15:12:49.187: W/SignalStrength(545): getDbm 1
09-10 15:12:49.187: W/SignalStrength(545): getGsmDbm=-97
09-10 15:12:49.187: W/SignalStrength(545): getDbm=-97
09-10 15:12:49.187: W/SignalStrength(545): getAsuLevel 1
09-10 15:12:49.187: W/SignalStrength(545): getGsmAsuLevel=8
09-10 15:12:49.187: W/SignalStrength(545): getAsuLevel=8
09-10 15:12:49.187: W/SignalStrength(691): getLevel=3 (SignalStrength: 8 0 -120 -160 -120 -1 -1 99 2147483647 2147483647 2147483647 2147483647 gsm|lte 3)
09-10 15:12:49.187: W/SignalStrength(691): getGsmLevel=3
09-10 15:12:49.187: W/SignalStrength(691): getLevel=3 (SignalStrength: 8 0 -120 -160 -120 -1 -1 99 2147483647 2147483647 2147483647 2147483647 gsm|lte 3)
09-10 15:12:49.187: D/STATUSBAR-NetworkController(691): onSignalStrengthsChanged signalStrength=SignalStrength: 8 0 -120 -160 -120 -1 -1 99 2147483647 2147483647 2147483647 2147483647 gsm|lte 3 level=3
09-10 15:12:49.518: I/v8(7377): Failed to open socket on port 9419, waiting 1000 ms before retrying
09-10 15:12:50.158: E/SMD(220): DCD ON
09-10 15:12:50.519: I/v8(7377): Failed to open socket on port 9419, waiting 1000 ms before retrying
09-10 15:12:51.260: D/STATUSBAR-NetworkController(691): onReceive() - RSSI_CHANGED_ACTION, WIFI_STATE, NETWORK_STATE
09-10 15:12:51.520: I/v8(7377): Failed to open socket on port 9419, waiting 1000 ms before retrying
09-10 15:12:52.521: I/v8(7377): Failed to open socket on port 9419, waiting 1000 ms before retrying
09-10 15:12:52.641: E/Sensors(545): accelHandler 0.189207 0.474214 9.625584
09-10 15:12:53.162: E/SMD(220): DCD ON
09-10 15:12:53.522: I/v8(7377): Failed to open socket on port 9419, waiting 1000 ms before retrying
09-10 15:12:54.523: I/v8(7377): Failed to open socket on port 9419, waiting 1000 ms before retrying
09-10 15:12:55.524: I/v8(7377): Failed to open socket on port 9419, waiting 1000 ms before retrying
09-10 15:12:56.165: E/SMD(220): DCD ON
09-10 15:12:56.525: I/v8(7377): Failed to open socket on port 9419, waiting 1000 ms before retrying
09-10 15:12:56.805: D/KeyguardUpdateMonitor(545): received broadcast android.intent.action.BATTERY_CHANGED
09-10 15:12:56.805: D/KeyguardUpdateMonitor(545): handleBatteryUpdate
09-10 15:12:56.805: D/BatteryService(545): update start
09-10 15:12:56.805: D/BatteryService(545): level:100 scale:100 status:5 health:2 present:true voltage: 4331 temperature: 315 technology: Li-ion AC powered:false USB powered:true icon:17303128 invalid charger:0
09-10 15:12:56.805: D/ThermistorObserver(545): mBatteryBRForAMOLED : onReceive() : newTemperature : 315
09-10 15:12:56.815: E/MTPJNIInterface(5757): In MTPJNIINterface onReceive:android.intent.action.BATTERY_CHANGED
09-10 15:12:56.815: D/STATUSBAR-BatteryController(691): onReceive() - ACTION_BATTERY_CHANGED
09-10 15:12:56.815: D/STATUSBAR-BatteryController(691): onReceive() - level:100
09-10 15:12:56.815: D/STATUSBAR-BatteryController(691): onReceive() - plugged:2
09-10 15:12:56.815: D/STATUSBAR-BatteryController(691): onReceive() - BATTERY_STATUS_FULL:
09-10 15:12:56.876: W/SignalStrength(545): getGsmLevel=3
09-10 15:12:56.886: W/SignalStrength(545): getLevel=3 (SignalStrength: 7 0 -120 -160 -120 -1 -1 99 2147483647 2147483647 2147483647 2147483647 gsm|lte 3)
09-10 15:12:56.886: W/SignalStrength(691): getGsmLevel=3
09-10 15:12:56.886: W/SignalStrength(691): getLevel=3 (SignalStrength: 7 0 -120 -160 -120 -1 -1 99 2147483647 2147483647 2147483647 2147483647 gsm|lte 3)
09-10 15:12:56.886: W/SignalStrength(691): getGsmLevel=3
09-10 15:12:56.886: W/SignalStrength(691): getLevel=3 (SignalStrength: 7 0 -120 -160 -120 -1 -1 99 2147483647 2147483647 2147483647 2147483647 gsm|lte 3)
09-10 15:12:56.886: W/SignalStrength(545): getDbm 1
09-10 15:12:56.886: W/SignalStrength(545): getGsmDbm=-99
09-10 15:12:56.886: W/SignalStrength(545): getDbm=-99
09-10 15:12:56.886: W/SignalStrength(545): getAsuLevel 1
09-10 15:12:56.886: W/SignalStrength(545): getGsmAsuLevel=7
09-10 15:12:56.886: W/SignalStrength(545): getAsuLevel=7
09-10 15:12:56.886: D/STATUSBAR-NetworkController(691): onSignalStrengthsChanged signalStrength=SignalStrength: 7 0 -120 -160 -120 -1 -1 99 2147483647 2147483647 2147483647 2147483647 gsm|lte 3 level=3
09-10 15:12:57.526: I/v8(7377): Failed to open socket on port 9419, waiting 1000 ms before retrying
09-10 15:12:58.517: I/v8(7377): Failed to open socket on port 9419, waiting 1000 ms before retrying
09-10 15:12:59.158: E/SMD(220): DCD ON
09-10 15:12:59.438: W/SignalStrength(545): getGsmLevel=2
09-10 15:12:59.438: W/SignalStrength(545): getLevel=2 (SignalStrength: 7 0 -120 -160 -120 -1 -1 99 2147483647 2147483647 2147483647 2147483647 gsm|lte 2)
09-10 15:12:59.438: W/SignalStrength(691): getGsmLevel=2
09-10 15:12:59.438: W/SignalStrength(691): getLevel=2 (SignalStrength: 7 0 -120 -160 -120 -1 -1 99 2147483647 2147483647 2147483647 2147483647 gsm|lte 2)
09-10 15:12:59.438: W/SignalStrength(691): getGsmLevel=2
09-10 15:12:59.438: W/SignalStrength(691): getLevel=2 (SignalStrength: 7 0 -120 -160 -120 -1 -1 99 2147483647 2147483647 2147483647 2147483647 gsm|lte 2)
09-10 15:12:59.438: W/SignalStrength(545): getDbm 1
09-10 15:12:59.438: W/SignalStrength(545): getGsmDbm=-99
09-10 15:12:59.438: W/SignalStrength(545): getDbm=-99
09-10 15:12:59.438: W/SignalStrength(545): getAsuLevel 1
09-10 15:12:59.438: W/SignalStrength(545): getGsmAsuLevel=7
09-10 15:12:59.438: W/SignalStrength(545): getAsuLevel=7
09-10 15:12:59.438: D/STATUSBAR-NetworkController(691): onSignalStrengthsChanged signalStrength=SignalStrength: 7 0 -120 -160 -120 -1 -1 99 2147483647 2147483647 2147483647 2147483647 gsm|lte 2 level=2
09-10 15:12:59.518: I/v8(7377): Failed to open socket on port 9419, waiting 1000 ms before retrying
09-10 15:12:59.989: V/AlarmManager(545): waitForAlarm result :8
09-10 15:12:59.989: V/AlarmManager(545): ClockReceiver onReceive() ACTION_TIME_TICK
09-10 15:12:59.989: W/AlarmManager(545): FACTORY_ON= 0
09-10 15:12:59.999: D/KeyguardUpdateMonitor(545): received broadcast android.intent.action.TIME_TICK
09-10 15:12:59.999: D/KeyguardUpdateMonitor(545): handleTimeUpdate
09-10 15:12:59.999: D/STATUSBAR-Clock(691): onReceive() - ACTION_TIME_TICK
09-10 15:12:59.999: D/STATUSBAR-Clock(691): updateClock :3:13 PM
09-10 15:13:00.009: D/STATUSBAR-DateView(691): updateClock :09/10/2012
09-10 15:13:00.519: I/v8(7377): Failed to open socket on port 9419, waiting 1000 ms before retrying
09-10 15:13:01.520: I/v8(7377): Failed to open socket on port 9419, waiting 1000 ms before retrying
09-10 15:13:02.161: E/SMD(220): DCD ON
09-10 15:13:02.522: I/v8(7377): Failed to open socket on port 9419, waiting 1000 ms before retrying
09-10 15:13:02.642: E/Sensors(545): accelHandler 0.226329 0.453856 9.570498
09-10 15:13:03.523: I/v8(7377): Failed to open socket on port 9419, waiting 1000 ms before retrying
09-10 15:13:03.953: V/AlarmManager(545): waitForAlarm result :8
09-10 15:13:03.963: W/AlarmManager(545): FACTORY_ON= 0
09-10 15:13:04.524: I/v8(7377): Failed to open socket on port 9419, waiting 1000 ms before retrying
09-10 15:13:05.164: E/SMD(220): DCD ON
09-10 15:13:05.525: I/v8(7377): Failed to open socket on port 9419, waiting 1000 ms before retrying
09-10 15:13:05.845: W/SignalStrength(545): getGsmLevel=3
09-10 15:13:05.845: W/SignalStrength(545): getLevel=3 (SignalStrength: 7 0 -120 -160 -120 -1 -1 99 2147483647 2147483647 2147483647 2147483647 gsm|lte 3)
09-10 15:13:05.845: W/SignalStrength(691): getGsmLevel=3
09-10 15:13:05.845: W/SignalStrength(691): getLevel=3 (SignalStrength: 7 0 -120 -160 -120 -1 -1 99 2147483647 2147483647 2147483647 2147483647 gsm|lte 3)
09-10 15:13:05.845: W/SignalStrength(691): getGsmLevel=3
09-10 15:13:05.845: W/SignalStrength(691): getLevel=3 (SignalStrength: 7 0 -120 -160 -120 -1 -1 99 2147483647 2147483647 2147483647 2147483647 gsm|lte 3)
09-10 15:13:05.845: D/STATUSBAR-NetworkController(691): onSignalStrengthsChanged signalStrength=SignalStrength: 7 0 -120 -160 -120 -1 -1 99 2147483647 2147483647 2147483647 2147483647 gsm|lte 3 level=3
09-10 15:13:05.855: W/SignalStrength(545): getDbm 1
09-10 15:13:05.855: W/SignalStrength(545): getGsmDbm=-99
09-10 15:13:05.855: W/SignalStrength(545): getDbm=-99
09-10 15:13:05.855: W/SignalStrength(545): getAsuLevel 1
09-10 15:13:05.855: W/SignalStrength(545): getGsmAsuLevel=7
09-10 15:13:05.855: W/SignalStrength(545): getAsuLevel=7
09-10 15:13:06.526: I/v8(7377): Failed to open socket on port 9419, waiting 1000 ms before retrying
09-10 15:13:07.517: I/v8(7377): Failed to open socket on port 9419, waiting 1000 ms before retrying
09-10 15:13:08.168: E/SMD(220): DCD ON
09-10 15:13:08.518: I/v8(7377): Failed to open socket on port 9419, waiting 1000 ms before retrying
09-10 15:13:09.519: I/v8(7377): Failed to open socket on port 9419, waiting 1000 ms before retrying
09-10 15:13:10.520: I/v8(7377): Failed to open socket on port 9419, waiting 1000 ms before retrying
09-10 15:13:11.171: E/SMD(220): DCD ON
09-10 15:13:11.521: I/v8(7377): Failed to open socket on port 9419, waiting 1000 ms before retrying
09-10 15:13:12.522: I/v8(7377): Failed to open socket on port 9419, waiting 1000 ms before retrying
09-10 15:13:12.652: E/Sensors(545): accelHandler 0.228724 0.426313 9.577683
09-10 15:13:13.513: W/SignalStrength(545): getGsmLevel=3
09-10 15:13:13.513: W/SignalStrength(545): getLevel=3 (SignalStrength: 8 0 -120 -160 -120 -1 -1 99 2147483647 2147483647 2147483647 2147483647 gsm|lte 3)
09-10 15:13:13.513: W/SignalStrength(691): getGsmLevel=3
09-10 15:13:13.513: W/SignalStrength(691): getLevel=3 (SignalStrength: 8 0 -120 -160 -120 -1 -1 99 2147483647 2147483647 2147483647 2147483647 gsm|lte 3)
09-10 15:13:13.513: W/SignalStrength(691): getGsmLevel=3
09-10 15:13:13.513: W/SignalStrength(691): getLevel=3 (SignalStrength: 8 0 -120 -160 -120 -1 -1 99 2147483647 2147483647 2147483647 2147483647 gsm|lte 3)
09-10 15:13:13.513: D/STATUSBAR-NetworkController(691): onSignalStrengthsChanged signalStrength=SignalStrength: 8 0 -120 -160 -120 -1 -1 99 2147483647 2147483647 2147483647 2147483647 gsm|lte 3 level=3
09-10 15:13:13.523: W/SignalStrength(545): getDbm 1
09-10 15:13:13.523: W/SignalStrength(545): getGsmDbm=-97
09-10 15:13:13.523: W/SignalStrength(545): getDbm=-97
09-10 15:13:13.523: W/SignalStrength(545): getAsuLevel 1
09-10 15:13:13.523: W/SignalStrength(545): getGsmAsuLevel=8
09-10 15:13:13.523: W/SignalStrength(545): getAsuLevel=8
09-10 15:13:13.523: I/v8(7377): Failed to open socket on port 9419, waiting 1000 ms before retrying
09-10 15:13:14.174: E/SMD(220): DCD ON
09-10 15:13:14.524: I/v8(7377): Failed to open socket on port 9419, waiting 1000 ms before retrying
09-10 15:13:15.525: I/v8(7377): Failed to open socket on port 9419, waiting 1000 ms before retrying
09-10 15:13:16.526: I/v8(7377): Failed to open socket on port 9419, waiting 1000 ms before retrying
09-10 15:13:17.167: E/SMD(220): DCD ON
09-10 15:13:17.518: I/v8(7377): Failed to open socket on port 9419, waiting 1000 ms before retrying
09-10 15:13:18.519: I/v8(7377): Failed to open socket on port 9419, waiting 1000 ms before retrying
09-10 15:13:19.520: I/v8(7377): Failed to open socket on port 9419, waiting 1000 ms before retrying
09-10 15:13:20.170: E/SMD(220): DCD ON
09-10 15:13:20.521: I/v8(7377): Failed to open socket on port 9419, waiting 1000 ms before retrying
09-10 15:13:21.522: I/v8(7377): Failed to open socket on port 9419, waiting 1000 ms before retrying
09-10 15:13:22.523: I/v8(7377): Failed to open socket on port 9419, waiting 1000 ms before retrying
09-10 15:13:22.663: E/Sensors(545): accelHandler 0.190404 0.439486 9.572893
09-10 15:13:23.174: E/SMD(220): DCD ON
09-10 15:13:23.524: I/v8(7377): Failed to open socket on port 9419, waiting 1000 ms before retrying
09-10 15:13:24.525: I/v8(7377): Failed to open socket on port 9419, waiting 1000 ms before retrying
09-10 15:13:25.526: I/v8(7377): Failed to open socket on port 9419, waiting 1000 ms before retrying
09-10 15:13:26.177: E/SMD(220): DCD ON
09-10 15:13:26.527: I/v8(7377): Failed to open socket on port 9419, waiting 1000 ms before retrying
09-10 15:13:27.308: D/KeyguardUpdateMonitor(545): received broadcast android.intent.action.BATTERY_CHANGED
09-10 15:13:27.308: D/KeyguardUpdateMonitor(545): handleBatteryUpdate
09-10 15:13:27.308: E/MTPJNIInterface(5757): In MTPJNIINterface onReceive:android.intent.action.BATTERY_CHANGED
09-10 15:13:27.308: D/BatteryService(545): update start
09-10 15:13:27.308: D/BatteryService(545): level:100 scale:100 status:5 health:2 present:true voltage: 4338 temperature: 316 technology: Li-ion AC powered:false USB powered:true icon:17303128 invalid charger:0
09-10 15:13:27.308: D/ThermistorObserver(545): mBatteryBRForAMOLED : onReceive() : newTemperature : 316
09-10 15:13:27.308: D/STATUSBAR-BatteryController(691): onReceive() - ACTION_BATTERY_CHANGED
09-10 15:13:27.308: D/STATUSBAR-BatteryController(691): onReceive() - level:100
09-10 15:13:27.308: D/STATUSBAR-BatteryController(691): onReceive() - plugged:2
09-10 15:13:27.308: D/STATUSBAR-BatteryController(691): onReceive() - BATTERY_STATUS_FULL:
09-10 15:13:27.528: I/v8(7377): Failed to open socket on port 9419, waiting 1000 ms before retrying
09-10 15:13:28.529: I/v8(7377): Failed to open socket on port 9419, waiting 1000 ms before retrying
09-10 15:13:29.170: E/SMD(220): DCD ON
09-10 15:13:29.530: I/v8(7377): Failed to open socket on port 9419, waiting 1000 ms before retrying
09-10 15:13:30.531: I/v8(7377): Failed to open socket on port 9419, waiting 1000 ms before retrying
09-10 15:13:31.532: I/v8(7377): Failed to open socket on port 9419, waiting 1000 ms before retrying
09-10 15:13:32.173: E/SMD(220): DCD ON
09-10 15:13:32.534: I/v8(7377): Failed to open socket on port 9419, waiting 1000 ms before retrying
09-10 15:13:32.674: E/Sensors(545): accelHandler 0.232317 0.461041 9.593250
09-10 15:13:33.535: I/v8(7377): Failed to open socket on port 9419, waiting 1000 ms before retrying
09-10 15:13:34.175: D/PowerManagerService(545): lightSensorChangedLocked 138
09-10 15:13:34.175: D/PowerManagerService(545): lcdValue 80
09-10 15:13:34.175: D/PowerManagerService(545): buttonValue 255
09-10 15:13:34.175: D/PowerManagerService(545): keyboardValue 0
09-10 15:13:34.175: D/PowerManagerService(545): lightSensorChangedLocked : mKeyboardLight : 0
09-10 15:13:34.536: I/v8(7377): Failed to open socket on port 9419, waiting 1000 ms before retrying
09-10 15:13:35.176: E/SMD(220): DCD ON
09-10 15:13:35.537: I/v8(7377): Failed to open socket on port 9419, waiting 1000 ms before retrying
09-10 15:13:36.528: I/v8(7377): Failed to open socket on port 9419, waiting 1000 ms before retrying
09-10 15:13:37.529: I/v8(7377): Failed to open socket on port 9419, waiting 1000 ms before retrying
09-10 15:13:38.170: E/SMD(220): DCD ON
09-10 15:13:38.530: I/v8(7377): Failed to open socket on port 9419, waiting 1000 ms before retrying
09-10 15:13:39.531: I/v8(7377): Failed to open socket on port 9419, waiting 1000 ms before retrying
09-10 15:13:40.532: I/v8(7377): Failed to open socket on port 9419, waiting 1000 ms before retrying
09-10 15:13:41.183: E/SMD(220): DCD ON
09-10 15:13:41.533: I/v8(7377): Failed to open socket on port 9419, waiting 1000 ms before retrying
09-10 15:13:42.534: I/v8(7377): Failed to open socket on port 9419, waiting 1000 ms before retrying
09-10 15:13:42.674: E/Sensors(545): accelHandler 0.213157 0.441881 9.589658
09-10 15:13:43.535: I/v8(7377): Failed to open socket on port 9419, waiting 1000 ms before retrying
09-10 15:13:44.186: E/SMD(220): DCD ON
09-10 15:13:44.536: I/v8(7377): Failed to open socket on port 9419, waiting 1000 ms before retrying
09-10 15:13:45.527: I/v8(7377): Failed to open socket on port 9419, waiting 1000 ms before retrying
09-10 15:13:46.528: I/v8(7377): Failed to open socket on port 9419, waiting 1000 ms before retrying
09-10 15:13:47.179: E/SMD(220): DCD ON
09-10 15:13:47.530: I/v8(7377): Failed to open socket on port 9419, waiting 1000 ms before retrying
09-10 15:13:48.531: I/v8(7377): Failed to open socket on port 9419, waiting 1000 ms before retrying
09-10 15:13:49.532: I/v8(7377): Failed to open socket on port 9419, waiting 1000 ms before retrying
09-10 15:13:50.182: E/SMD(220): DCD ON
09-10 15:13:50.533: I/v8(7377): Failed to open socket on port 9419, waiting 1000 ms before retrying
09-10 15:13:51.534: I/v8(7377): Failed to open socket on port 9419, waiting 1000 ms before retrying
09-10 15:13:52.545: I/v8(7377): Failed to open socket on port 9419, waiting 1000 ms before retrying
09-10 15:13:52.675: E/Sensors(545): accelHandler 0.249082 0.452659 9.605226
09-10 15:13:53.186: E/SMD(220): DCD ON
09-10 15:13:53.546: I/v8(7377): Failed to open socket on port 9419, waiting 1000 ms before retrying
09-10 15:13:54.537: I/v8(7377): Failed to open socket on port 9419, waiting 1000 ms before retrying
09-10 15:13:55.538: I/v8(7377): Failed to open socket on port 9419, waiting 1000 ms before retrying
09-10 15:13:56.179: E/SMD(220): DCD ON
09-10 15:13:56.539: I/v8(7377): Failed to open socket on port 9419, waiting 1000 ms before retrying
09-10 15:13:57.540: I/v8(7377): Failed to open socket on port 9419, waiting 1000 ms before retrying
09-10 15:13:58.541: I/v8(7377): Failed to open socket on port 9419, waiting 1000 ms before retrying
09-10 15:13:59.182: E/SMD(220): DCD ON
09-10 15:13:59.542: I/v8(7377): Failed to open socket on port 9419, waiting 1000 ms before retrying
09-10 15:13:59.993: V/AlarmManager(545): waitForAlarm result :8
09-10 15:13:59.993: V/AlarmManager(545): ClockReceiver onReceive() ACTION_TIME_TICK
09-10 15:13:59.993: W/AlarmManager(545): FACTORY_ON= 0
09-10 15:14:00.003: D/KeyguardUpdateMonitor(545): received broadcast android.intent.action.TIME_TICK
09-10 15:14:00.003: D/KeyguardUpdateMonitor(545): handleTimeUpdate
09-10 15:14:00.003: D/STATUSBAR-Clock(691): onReceive() - ACTION_TIME_TICK
09-10 15:14:00.003: D/STATUSBAR-Clock(691): updateClock :3:14 PM
09-10 15:14:00.003: D/STATUSBAR-DateView(691): updateClock :09/10/2012
09-10 15:14:00.503: D/BatteryService(545): update start
09-10 15:14:00.503: D/BatteryService(545): level:100 scale:100 status:5 health:2 present:true voltage: 4336 temperature: 318 technology: Li-ion AC powered:false USB powered:true icon:17303128 invalid charger:0
09-10 15:14:00.513: D/KeyguardUpdateMonitor(545): received broadcast android.intent.action.BATTERY_CHANGED
09-10 15:14:00.513: D/KeyguardUpdateMonitor(545): handleBatteryUpdate
09-10 15:14:00.513: E/MTPJNIInterface(5757): In MTPJNIINterface onReceive:android.intent.action.BATTERY_CHANGED
09-10 15:14:00.513: D/ThermistorObserver(545): mBatteryBRForAMOLED : onReceive() : newTemperature : 318
09-10 15:14:00.513: D/STATUSBAR-BatteryController(691): onReceive() - ACTION_BATTERY_CHANGED
09-10 15:14:00.513: D/STATUSBAR-BatteryController(691): onReceive() - level:100
09-10 15:14:00.513: D/STATUSBAR-BatteryController(691): onReceive() - plugged:2
09-10 15:14:00.513: D/STATUSBAR-BatteryController(691): onReceive() - BATTERY_STATUS_FULL:
09-10 15:14:00.543: I/v8(7377): Failed to open socket on port 9419, waiting 1000 ms before retrying
09-10 15:14:01.545: I/v8(7377): Failed to open socket on port 9419, waiting 1000 ms before retrying
09-10 15:14:02.185: E/SMD(220): DCD ON
09-10 15:14:02.546: I/v8(7377): Failed to open socket on port 9419, waiting 1000 ms before retrying
09-10 15:14:02.676: E/Sensors(545): accelHandler 0.202379 0.443079 9.542955
09-10 15:14:03.547: I/v8(7377): Failed to open socket on port 9419, waiting 1000 ms before retrying
09-10 15:14:03.957: V/AlarmManager(545): waitForAlarm result :8
09-10 15:14:03.957: W/AlarmManager(545): FACTORY_ON= 0
09-10 15:14:04.538: I/v8(7377): Failed to open socket on port 9419, waiting 1000 ms before retrying
09-10 15:14:05.178: E/SMD(220): DCD ON
09-10 15:14:05.539: I/v8(7377): Failed to open socket on port 9419, waiting 1000 ms before retrying
09-10 15:14:06.540: I/v8(7377): Failed to open socket on port 9419, waiting 1000 ms before retrying
09-10 15:14:07.541: I/v8(7377): Failed to open socket on port 9419, waiting 1000 ms before retrying
09-10 15:14:08.182: E/SMD(220): DCD ON
09-10 15:14:08.542: I/v8(7377): Failed to open socket on port 9419, waiting 1000 ms before retrying
09-10 15:14:09.543: I/v8(7377): Failed to open socket on port 9419, waiting 1000 ms before retrying
09-10 15:14:10.544: I/v8(7377): Failed to open socket on port 9419, waiting 1000 ms before retrying
09-10 15:14:11.195: E/SMD(220): DCD ON
09-10 15:14:11.545: I/v8(7377): Failed to open socket on port 9419, waiting 1000 ms before retrying
09-10 15:14:12.546: I/v8(7377): Failed to open socket on port 9419, waiting 1000 ms before retrying
09-10 15:14:12.676: E/Sensors(545): accelHandler 0.185614 0.450264 9.602831
09-10 15:14:13.537: I/v8(7377): Failed to open socket on port 9419, waiting 1000 ms before retrying
09-10 15:14:14.188: E/SMD(220): DCD ON
09-10 15:14:14.538: I/v8(7377): Failed to open socket on port 9419, waiting 1000 ms before retrying
09-10 15:14:15.539: I/v8(7377): Failed to open socket on port 9419, waiting 1000 ms before retrying
09-10 15:14:16.541: I/v8(7377): Failed to open socket on port 9419, waiting 1000 ms before retrying
09-10 15:14:17.191: E/SMD(220): DCD ON
09-10 15:14:17.542: I/v8(7377): Failed to open socket on port 9419, waiting 1000 ms before retrying
09-10 15:14:18.543: I/v8(7377): Failed to open socket on port 9419, waiting 1000 ms before retrying
09-10 15:14:19.544: I/v8(7377): Failed to open socket on port 9419, waiting 1000 ms before retrying
09-10 15:14:20.194: E/SMD(220): DCD ON
09-10 15:14:20.545: I/v8(7377): Failed to open socket on port 9419, waiting 1000 ms before retrying
09-10 15:14:21.546: I/v8(7377): Failed to open socket on port 9419, waiting 1000 ms before retrying
09-10 15:14:22.537: I/v8(7377): Failed to open socket on port 9419, waiting 1000 ms before retrying
09-10 15:14:22.667: E/Sensors(545): accelHandler 0.238304 0.451461 9.574091
09-10 15:14:23.188: E/SMD(220): DCD ON
09-10 15:14:23.538: I/v8(7377): Failed to open socket on port 9419, waiting 1000 ms before retrying
09-10 15:14:24.539: I/v8(7377): Failed to open socket on port 9419, waiting 1000 ms before retrying
09-10 15:14:25.540: I/v8(7377): Failed to open socket on port 9419, waiting 1000 ms before retrying
09-10 15:14:26.191: E/SMD(220): DCD ON
09-10 15:14:26.541: I/v8(7377): Failed to open socket on port 9419, waiting 1000 ms before retrying
09-10 15:14:27.542: I/v8(7377): Failed to open socket on port 9419, waiting 1000 ms before retrying
09-10 15:14:28.543: I/v8(7377): Failed to open socket on port 9419, waiting 1000 ms before retrying
09-10 15:14:29.194: E/SMD(220): DCD ON
09-10 15:14:29.544: I/v8(7377): Failed to open socket on port 9419, waiting 1000 ms before retrying
09-10 15:14:30.545: I/v8(7377): Failed to open socket on port 9419, waiting 1000 ms before retrying
09-10 15:14:31.036: D/KeyguardUpdateMonitor(545): received broadcast android.intent.action.BATTERY_CHANGED
09-10 15:14:31.036: D/BatteryService(545): update start
09-10 15:14:31.036: D/BatteryService(545): level:100 scale:100 status:5 health:2 present:true voltage: 4336 temperature: 317 technology: Li-ion AC powered:false USB powered:true icon:17303128 invalid charger:0
09-10 15:14:31.036: D/ThermistorObserver(545): mBatteryBRForAMOLED : onReceive() : newTemperature : 317
09-10 15:14:31.046: D/KeyguardUpdateMonitor(545): handleBatteryUpdate
09-10 15:14:31.046: E/MTPJNIInterface(5757): In MTPJNIINterface onReceive:android.intent.action.BATTERY_CHANGED
09-10 15:14:31.046: D/STATUSBAR-BatteryController(691): onReceive() - ACTION_BATTERY_CHANGED
09-10 15:14:31.046: D/STATUSBAR-BatteryController(691): onReceive() - level:100
09-10 15:14:31.046: D/STATUSBAR-BatteryController(691): onReceive() - plugged:2
09-10 15:14:31.046: D/STATUSBAR-BatteryController(691): onReceive() - BATTERY_STATUS_FULL:
09-10 15:14:31.547: I/v8(7377): Failed to open socket on port 9419, waiting 1000 ms before retrying
09-10 15:14:31.597: W/SignalStrength(691): getGsmLevel=3
09-10 15:14:31.597: W/SignalStrength(691): getLevel=3 (SignalStrength: 9 0 -120 -160 -120 -1 -1 99 2147483647 2147483647 2147483647 2147483647 gsm|lte 3)
09-10 15:14:31.597: W/SignalStrength(691): getGsmLevel=3
09-10 15:14:31.597: W/SignalStrength(691): getLevel=3 (SignalStrength: 9 0 -120 -160 -120 -1 -1 99 2147483647 2147483647 2147483647 2147483647 gsm|lte 3)
09-10 15:14:31.597: W/SignalStrength(545): getGsmLevel=3
09-10 15:14:31.597: W/SignalStrength(545): getLevel=3 (SignalStrength: 9 0 -120 -160 -120 -1 -1 99 2147483647 2147483647 2147483647 2147483647 gsm|lte 3)
09-10 15:14:31.597: D/STATUSBAR-NetworkController(691): onSignalStrengthsChanged signalStrength=SignalStrength: 9 0 -120 -160 -120 -1 -1 99 2147483647 2147483647 2147483647 2147483647 gsm|lte 3 level=3
09-10 15:14:31.607: W/SignalStrength(545): getDbm 1
09-10 15:14:31.607: W/SignalStrength(545): getGsmDbm=-95
09-10 15:14:31.607: W/SignalStrength(545): getDbm=-95
09-10 15:14:31.607: W/SignalStrength(545): getAsuLevel 1
09-10 15:14:31.607: W/SignalStrength(545): getGsmAsuLevel=9
09-10 15:14:31.607: W/SignalStrength(545): getAsuLevel=9
09-10 15:14:32.187: E/SMD(220): DCD ON
09-10 15:14:32.538: I/v8(7377): Failed to open socket on port 9419, waiting 1000 ms before retrying
09-10 15:14:32.668: E/Sensors(545): accelHandler 0.238304 0.452659 9.586065
09-10 15:14:33.539: I/v8(7377): Failed to open socket on port 9419, waiting 1000 ms before retrying
09-10 15:14:34.540: I/v8(7377): Failed to open socket on port 9419, waiting 1000 ms before retrying
09-10 15:14:35.190: E/SMD(220): DCD ON
09-10 15:14:35.541: I/v8(7377): Failed to open socket on port 9419, waiting 1000 ms before retrying
09-10 15:14:36.542: I/v8(7377): Failed to open socket on port 9419, waiting 1000 ms before retrying
09-10 15:14:36.722: W/SignalStrength(545): getGsmLevel=3
09-10 15:14:36.722: W/SignalStrength(691): getGsmLevel=3
09-10 15:14:36.722: W/SignalStrength(545): getLevel=3 (SignalStrength: 8 0 -120 -160 -120 -1 -1 99 2147483647 2147483647 2147483647 2147483647 gsm|lte 3)
09-10 15:14:36.722: W/SignalStrength(691): getLevel=3 (SignalStrength: 8 0 -120 -160 -120 -1 -1 99 2147483647 2147483647 2147483647 2147483647 gsm|lte 3)
09-10 15:14:36.722: W/SignalStrength(691): getGsmLevel=3
09-10 15:14:36.722: W/SignalStrength(691): getLevel=3 (SignalStrength: 8 0 -120 -160 -120 -1 -1 99 2147483647 2147483647 2147483647 2147483647 gsm|lte 3)
09-10 15:14:36.722: D/STATUSBAR-NetworkController(691): onSignalStrengthsChanged signalStrength=SignalStrength: 8 0 -120 -160 -120 -1 -1 99 2147483647 2147483647 2147483647 2147483647 gsm|lte 3 level=3
09-10 15:14:36.732: W/SignalStrength(545): getDbm 1
09-10 15:14:36.732: W/SignalStrength(545): getGsmDbm=-97
09-10 15:14:36.732: W/SignalStrength(545): getDbm=-97
09-10 15:14:36.732: W/SignalStrength(545): getAsuLevel 1
09-10 15:14:36.732: W/SignalStrength(545): getGsmAsuLevel=8
09-10 15:14:36.732: W/SignalStrength(545): getAsuLevel=8
09-10 15:14:37.543: I/v8(7377): Failed to open socket on port 9419, waiting 1000 ms before retrying
09-10 15:14:38.063: W/AlarmManager(545): FACTORY_ON= 0
09-10 15:14:38.063: W/AlarmManager(545): FACTORY_ON= 0
09-10 15:14:38.194: E/SMD(220): DCD ON
09-10 15:14:38.544: I/v8(7377): Failed to open socket on port 9419, waiting 1000 ms before retrying
09-10 15:14:39.555: I/v8(7377): Failed to open socket on port 9419, waiting 1000 ms before retrying
09-10 15:14:40.556: I/v8(7377): Failed to open socket on port 9419, waiting 1000 ms before retrying
09-10 15:14:41.197: E/SMD(220): DCD ON
09-10 15:14:41.547: I/v8(7377): Failed to open socket on port 9419, waiting 1000 ms before retrying
09-10 15:14:42.548: I/v8(7377): Failed to open socket on port 9419, waiting 1000 ms before retrying
09-10 15:14:42.668: E/Sensors(545): accelHandler 0.198787 0.441881 9.630374
09-10 15:14:43.549: I/v8(7377): Failed to open socket on port 9419, waiting 1000 ms before retrying
09-10 15:14:44.200: E/SMD(220): DCD ON
09-10 15:14:44.550: I/v8(7377): Failed to open socket on port 9419, waiting 1000 ms before retrying
09-10 15:14:45.551: I/v8(7377): Failed to open socket on port 9419, waiting 1000 ms before retrying
09-10 15:14:46.553: I/v8(7377): Failed to open socket on port 9419, waiting 1000 ms before retrying
09-10 15:14:46.963: W/SignalStrength(545): getGsmLevel=3
09-10 15:14:46.963: W/SignalStrength(545): getLevel=3 (SignalStrength: 10 0 -120 -160 -120 -1 -1 99 2147483647 2147483647 2147483647 2147483647 gsm|lte 3)
09-10 15:14:46.963: W/SignalStrength(691): getGsmLevel=3
09-10 15:14:46.963: W/SignalStrength(691): getLevel=3 (SignalStrength: 10 0 -120 -160 -120 -1 -1 99 2147483647 2147483647 2147483647 2147483647 gsm|lte 3)
09-10 15:14:46.963: W/SignalStrength(691): getGsmLevel=3
09-10 15:14:46.963: W/SignalStrength(691): getLevel=3 (SignalStrength: 10 0 -120 -160 -120 -1 -1 99 2147483647 2147483647 2147483647 2147483647 gsm|lte 3)
09-10 15:14:46.963: W/SignalStrength(545): getDbm 1
09-10 15:14:46.963: W/SignalStrength(545): getGsmDbm=-93
09-10 15:14:46.963: W/SignalStrength(545): getDbm=-93
09-10 15:14:46.963: W/SignalStrength(545): getAsuLevel 1
09-10 15:14:46.963: W/SignalStrength(545): getGsmAsuLevel=10
09-10 15:14:46.963: W/SignalStrength(545): getAsuLevel=10
09-10 15:14:46.963: D/STATUSBAR-NetworkController(691): onSignalStrengthsChanged signalStrength=SignalStrength: 10 0 -120 -160 -120 -1 -1 99 2147483647 2147483647 2147483647 2147483647 gsm|lte 3 level=3
09-10 15:14:47.203: E/SMD(220): DCD ON
09-10 15:14:47.554: I/v8(7377): Failed to open socket on port 9419, waiting 1000 ms before retrying
09-10 15:14:48.555: I/v8(7377): Failed to open socket on port 9419, waiting 1000 ms before retrying
09-10 15:14:49.516: W/SignalStrength(545): getGsmLevel=3
09-10 15:14:49.516: W/SignalStrength(691): getGsmLevel=3
09-10 15:14:49.516: W/SignalStrength(545): getLevel=3 (SignalStrength: 11 0 -120 -160 -120 -1 -1 99 2147483647 2147483647 2147483647 2147483647 gsm|lte 3)
09-10 15:14:49.516: W/SignalStrength(691): getLevel=3 (SignalStrength: 11 0 -120 -160 -120 -1 -1 99 2147483647 2147483647 2147483647 2147483647 gsm|lte 3)
09-10 15:14:49.516: W/SignalStrength(691): getGsmLevel=3
09-10 15:14:49.516: W/SignalStrength(691): getLevel=3 (SignalStrength: 11 0 -120 -160 -120 -1 -1 99 2147483647 2147483647 2147483647 2147483647 gsm|lte 3)
09-10 15:14:49.516: W/SignalStrength(545): getDbm 1
09-10 15:14:49.516: W/SignalStrength(545): getGsmDbm=-91
09-10 15:14:49.516: W/SignalStrength(545): getDbm=-91
09-10 15:14:49.516: W/SignalStrength(545): getAsuLevel 1
09-10 15:14:49.516: W/SignalStrength(545): getGsmAsuLevel=11
09-10 15:14:49.516: W/SignalStrength(545): getAsuLevel=11
09-10 15:14:49.516: D/STATUSBAR-NetworkController(691): onSignalStrengthsChanged signalStrength=SignalStrength: 11 0 -120 -160 -120 -1 -1 99 2147483647 2147483647 2147483647 2147483647 gsm|lte 3 level=3
09-10 15:14:49.556: I/v8(7377): Failed to open socket on port 9419, waiting 1000 ms before retrying
09-10 15:14:50.206: E/SMD(220): DCD ON
09-10 15:14:50.547: I/v8(7377): Failed to open socket on port 9419, waiting 1000 ms before retrying
09-10 15:14:51.548: I/v8(7377): Failed to open socket on port 9419, waiting 1000 ms before retrying
09-10 15:14:52.549: I/v8(7377): Failed to open socket on port 9419, waiting 1000 ms before retrying
09-10 15:14:52.669: E/Sensors(545): accelHandler 0.217947 0.465831 9.568103
09-10 15:14:53.200: E/SMD(220): DCD ON
09-10 15:14:53.350: W/SignalStrength(545): getGsmLevel=3
09-10 15:14:53.350: W/SignalStrength(545): getLevel=3 (SignalStrength: 12 0 -120 -160 -120 -1 -1 99 2147483647 2147483647 2147483647 2147483647 gsm|lte 3)
09-10 15:14:53.350: W/SignalStrength(691): getGsmLevel=3
09-10 15:14:53.350: W/SignalStrength(691): getLevel=3 (SignalStrength: 12 0 -120 -160 -120 -1 -1 99 2147483647 2147483647 2147483647 2147483647 gsm|lte 3)
09-10 15:14:53.350: W/SignalStrength(691): getGsmLevel=3
09-10 15:14:53.350: W/SignalStrength(691): getLevel=3 (SignalStrength: 12 0 -120 -160 -120 -1 -1 99 2147483647 2147483647 2147483647 2147483647 gsm|lte 3)
09-10 15:14:53.350: W/SignalStrength(545): getDbm 1
09-10 15:14:53.350: W/SignalStrength(545): getGsmDbm=-89
09-10 15:14:53.350: W/SignalStrength(545): getDbm=-89
09-10 15:14:53.350: W/SignalStrength(545): getAsuLevel 1
09-10 15:14:53.350: W/SignalStrength(545): getGsmAsuLevel=12
09-10 15:14:53.350: W/SignalStrength(545): getAsuLevel=12
09-10 15:14:53.350: D/STATUSBAR-NetworkController(691): onSignalStrengthsChanged signalStrength=SignalStrength: 12 0 -120 -160 -120 -1 -1 99 2147483647 2147483647 2147483647 2147483647 gsm|lte 3 level=3
09-10 15:14:53.550: I/v8(7377): Failed to open socket on port 9419, waiting 1000 ms before retrying
09-10 15:14:54.551: I/v8(7377): Failed to open socket on port 9419, waiting 1000 ms before retrying
09-10 15:14:55.552: I/v8(7377): Failed to open socket on port 9419, waiting 1000 ms before retrying
09-10 15:14:56.203: E/SMD(220): DCD ON
09-10 15:14:56.553: I/v8(7377): Failed to open socket on port 9419, waiting 1000 ms before retrying
09-10 15:14:57.194: W/SignalStrength(545): getGsmLevel=4
09-10 15:14:57.194: W/SignalStrength(545): getLevel=4 (SignalStrength: 12 0 -120 -160 -120 -1 -1 99 2147483647 2147483647 2147483647 2147483647 gsm|lte 4)
09-10 15:14:57.194: W/SignalStrength(545): getDbm 1
09-10 15:14:57.194: W/SignalStrength(545): getGsmDbm=-89
09-10 15:14:57.194: W/SignalStrength(545): getDbm=-89
09-10 15:14:57.194: W/SignalStrength(545): getAsuLevel 1
09-10 15:14:57.194: W/SignalStrength(545): getGsmAsuLevel=12
09-10 15:14:57.194: W/SignalStrength(545): getAsuLevel=12
09-10 15:14:57.194: W/SignalStrength(691): getGsmLevel=4
09-10 15:14:57.194: W/SignalStrength(691): getLevel=4 (SignalStrength: 12 0 -120 -160 -120 -1 -1 99 2147483647 2147483647 2147483647 2147483647 gsm|lte 4)
09-10 15:14:57.194: W/SignalStrength(691): getGsmLevel=4
09-10 15:14:57.194: W/SignalStrength(691): getLevel=4 (SignalStrength: 12 0 -120 -160 -120 -1 -1 99 2147483647 2147483647 2147483647 2147483647 gsm|lte 4)
09-10 15:14:57.194: D/STATUSBAR-NetworkController(691): onSignalStrengthsChanged signalStrength=SignalStrength: 12 0 -120 -160 -120 -1 -1 99 2147483647 2147483647 2147483647 2147483647 gsm|lte 4 level=4
09-10 15:14:57.554: I/v8(7377): Failed to open socket on port 9419, waiting 1000 ms before retrying
09-10 15:14:58.555: I/v8(7377): Failed to open socket on port 9419, waiting 1000 ms before retrying
09-10 15:14:59.206: E/SMD(220): DCD ON
09-10 15:14:59.556: I/v8(7377): Failed to open socket on port 9419, waiting 1000 ms before retrying
09-10 15:14:59.987: V/AlarmManager(545): waitForAlarm result :8
09-10 15:14:59.987: V/AlarmManager(545): ClockReceiver onReceive() ACTION_TIME_TICK
09-10 15:14:59.987: W/AlarmManager(545): FACTORY_ON= 0
09-10 15:14:59.997: D/KeyguardUpdateMonitor(545): received broadcast android.intent.action.TIME_TICK
09-10 15:14:59.997: D/KeyguardUpdateMonitor(545): handleTimeUpdate
09-10 15:14:59.997: D/STATUSBAR-Clock(691): onReceive() - ACTION_TIME_TICK
09-10 15:14:59.997: D/STATUSBAR-Clock(691): updateClock :3:15 PM
09-10 15:15:00.007: D/STATUSBAR-DateView(691): updateClock :09/10/2012
09-10 15:15:00.547: I/v8(7377): Failed to open socket on port 9419, waiting 1000 ms before retrying
09-10 15:15:01.539: D/BatteryService(545): update start
09-10 15:15:01.539: D/BatteryService(545): level:100 scale:100 status:5 health:2 present:true voltage: 4338 temperature: 318 technology: Li-ion AC powered:false USB powered:true icon:17303128 invalid charger:0
09-10 15:15:01.549: D/KeyguardUpdateMonitor(545): received broadcast android.intent.action.BATTERY_CHANGED
09-10 15:15:01.549: D/KeyguardUpdateMonitor(545): handleBatteryUpdate
09-10 15:15:01.549: I/v8(7377): Failed to open socket on port 9419, waiting 1000 ms before retrying
09-10 15:15:01.549: E/MTPJNIInterface(5757): In MTPJNIINterface onReceive:android.intent.action.BATTERY_CHANGED
09-10 15:15:01.549: D/ThermistorObserver(545): mBatteryBRForAMOLED : onReceive() : newTemperature : 318
09-10 15:15:01.549: D/STATUSBAR-BatteryController(691): onReceive() - ACTION_BATTERY_CHANGED
09-10 15:15:01.549: D/STATUSBAR-BatteryController(691): onReceive() - level:100
09-10 15:15:01.549: D/STATUSBAR-BatteryController(691): onReceive() - plugged:2
09-10 15:15:01.549: D/STATUSBAR-BatteryController(691): onReceive() - BATTERY_STATUS_FULL:
09-10 15:15:02.199: E/SMD(220): DCD ON
09-10 15:15:02.550: I/v8(7377): Failed to open socket on port 9419, waiting 1000 ms before retrying
09-10 15:15:02.670: E/Sensors(545): accelHandler 0.240699 0.462239 9.606423
09-10 15:15:03.551: I/v8(7377): Failed to open socket on port 9419, waiting 1000 ms before retrying
09-10 15:15:03.961: V/AlarmManager(545): waitForAlarm result :8
09-10 15:15:03.971: W/AlarmManager(545): FACTORY_ON= 0
09-10 15:15:04.552: I/v8(7377): Failed to open socket on port 9419, waiting 1000 ms before retrying
09-10 15:15:05.202: E/SMD(220): DCD ON
09-10 15:15:05.553: I/v8(7377): Failed to open socket on port 9419, waiting 1000 ms before retrying
09-10 15:15:06.554: I/v8(7377): Failed to open socket on port 9419, waiting 1000 ms before retrying
09-10 15:15:07.555: I/v8(7377): Failed to open socket on port 9419, waiting 1000 ms before retrying
09-10 15:15:08.206: E/SMD(220): DCD ON
09-10 15:15:08.556: I/v8(7377): Failed to open socket on port 9419, waiting 1000 ms before retrying
09-10 15:15:09.547: I/v8(7377): Failed to open socket on port 9419, waiting 1000 ms before retrying
09-10 15:15:10.548: I/v8(7377): Failed to open socket on port 9419, waiting 1000 ms before retrying
09-10 15:15:11.199: E/SMD(220): DCD ON
09-10 15:15:11.549: I/v8(7377): Failed to open socket on port 9419, waiting 1000 ms before retrying
