09-10 15:15:12.170: D/PowerManagerService(545): lightSensorChangedLocked 136
09-10 15:15:12.170: D/PowerManagerService(545): lcdValue 80
09-10 15:15:12.170: D/PowerManagerService(545): buttonValue 255
09-10 15:15:12.170: D/PowerManagerService(545): keyboardValue 0
09-10 15:15:12.170: D/PowerManagerService(545): lightSensorChangedLocked : mKeyboardLight : 0
09-10 15:15:12.550: I/v8(7377): Failed to open socket on port 9419, waiting 1000 ms before retrying
09-10 15:15:12.670: E/Sensors(545): accelHandler 0.220342 0.462239 9.601633
09-10 15:15:13.551: I/v8(7377): Failed to open socket on port 9419, waiting 1000 ms before retrying
09-10 15:15:14.202: E/SMD(220): DCD ON
09-10 15:15:14.552: I/v8(7377): Failed to open socket on port 9419, waiting 1000 ms before retrying
09-10 15:15:15.553: I/v8(7377): Failed to open socket on port 9419, waiting 1000 ms before retrying
09-10 15:15:16.555: I/v8(7377): Failed to open socket on port 9419, waiting 1000 ms before retrying
09-10 15:15:17.205: E/SMD(220): DCD ON
09-10 15:15:17.556: I/v8(7377): Failed to open socket on port 9419, waiting 1000 ms before retrying
09-10 15:15:18.557: I/v8(7377): Failed to open socket on port 9419, waiting 1000 ms before retrying
09-10 15:15:19.548: I/v8(7377): Failed to open socket on port 9419, waiting 1000 ms before retrying
09-10 15:15:20.198: E/SMD(220): DCD ON
09-10 15:15:20.228: W/SignalStrength(545): getGsmLevel=4
09-10 15:15:20.228: W/SignalStrength(545): getLevel=4 (SignalStrength: 13 0 -120 -160 -120 -1 -1 99 2147483647 2147483647 2147483647 2147483647 gsm|lte 4)
09-10 15:15:20.228: W/SignalStrength(691): getGsmLevel=4
09-10 15:15:20.228: W/SignalStrength(691): getLevel=4 (SignalStrength: 13 0 -120 -160 -120 -1 -1 99 2147483647 2147483647 2147483647 2147483647 gsm|lte 4)
09-10 15:15:20.228: W/SignalStrength(691): getGsmLevel=4
09-10 15:15:20.228: W/SignalStrength(691): getLevel=4 (SignalStrength: 13 0 -120 -160 -120 -1 -1 99 2147483647 2147483647 2147483647 2147483647 gsm|lte 4)
09-10 15:15:20.228: W/SignalStrength(545): getDbm 1
09-10 15:15:20.228: W/SignalStrength(545): getGsmDbm=-87
09-10 15:15:20.228: W/SignalStrength(545): getDbm=-87
09-10 15:15:20.228: W/SignalStrength(545): getAsuLevel 1
09-10 15:15:20.228: W/SignalStrength(545): getGsmAsuLevel=13
09-10 15:15:20.228: W/SignalStrength(545): getAsuLevel=13
09-10 15:15:20.228: D/STATUSBAR-NetworkController(691): onSignalStrengthsChanged signalStrength=SignalStrength: 13 0 -120 -160 -120 -1 -1 99 2147483647 2147483647 2147483647 2147483647 gsm|lte 4 level=4
09-10 15:15:20.549: I/v8(7377): Failed to open socket on port 9419, waiting 1000 ms before retrying
09-10 15:15:21.550: I/v8(7377): Failed to open socket on port 9419, waiting 1000 ms before retrying
09-10 15:15:22.060: D/STATUSBAR-NetworkController(691): onReceive() - RSSI_CHANGED_ACTION, WIFI_STATE, NETWORK_STATE
09-10 15:15:22.551: I/v8(7377): Failed to open socket on port 9419, waiting 1000 ms before retrying
09-10 15:15:22.671: E/Sensors(545): accelHandler 0.237107 0.435894 9.606423
09-10 15:15:23.202: E/SMD(220): DCD ON
09-10 15:15:23.552: I/v8(7377): Failed to open socket on port 9419, waiting 1000 ms before retrying
09-10 15:15:24.553: I/v8(7377): Failed to open socket on port 9419, waiting 1000 ms before retrying
09-10 15:15:25.554: I/v8(7377): Failed to open socket on port 9419, waiting 1000 ms before retrying
09-10 15:15:26.215: E/SMD(220): DCD ON
09-10 15:15:26.555: I/v8(7377): Failed to open socket on port 9419, waiting 1000 ms before retrying
09-10 15:15:27.556: I/v8(7377): Failed to open socket on port 9419, waiting 1000 ms before retrying
09-10 15:15:28.547: I/v8(7377): Failed to open socket on port 9419, waiting 1000 ms before retrying
09-10 15:15:29.208: E/SMD(220): DCD ON
09-10 15:15:29.548: I/v8(7377): Failed to open socket on port 9419, waiting 1000 ms before retrying
09-10 15:15:30.549: I/v8(7377): Failed to open socket on port 9419, waiting 1000 ms before retrying
09-10 15:15:31.551: I/v8(7377): Failed to open socket on port 9419, waiting 1000 ms before retrying
09-10 15:15:32.071: D/BatteryService(545): update start
09-10 15:15:32.081: D/KeyguardUpdateMonitor(545): received broadcast android.intent.action.BATTERY_CHANGED
09-10 15:15:32.081: D/KeyguardUpdateMonitor(545): handleBatteryUpdate
09-10 15:15:32.081: E/MTPJNIInterface(5757): In MTPJNIINterface onReceive:android.intent.action.BATTERY_CHANGED
09-10 15:15:32.081: D/BatteryService(545): level:100 scale:100 status:5 health:2 present:true voltage: 4337 temperature: 318 technology: Li-ion AC powered:false USB powered:true icon:17303128 invalid charger:0
09-10 15:15:32.081: D/ThermistorObserver(545): mBatteryBRForAMOLED : onReceive() : newTemperature : 318
09-10 15:15:32.081: D/STATUSBAR-BatteryController(691): onReceive() - ACTION_BATTERY_CHANGED
09-10 15:15:32.081: D/STATUSBAR-BatteryController(691): onReceive() - level:100
09-10 15:15:32.081: D/STATUSBAR-BatteryController(691): onReceive() - plugged:2
09-10 15:15:32.081: D/STATUSBAR-BatteryController(691): onReceive() - BATTERY_STATUS_FULL:
09-10 15:15:32.211: E/SMD(220): DCD ON
09-10 15:15:32.552: I/v8(7377): Failed to open socket on port 9419, waiting 1000 ms before retrying
09-10 15:15:32.672: E/Sensors(545): accelHandler 0.244292 0.433499 9.598041
09-10 15:15:33.553: I/v8(7377): Failed to open socket on port 9419, waiting 1000 ms before retrying
09-10 15:15:34.554: I/v8(7377): Failed to open socket on port 9419, waiting 1000 ms before retrying
09-10 15:15:35.214: E/SMD(220): DCD ON
09-10 15:15:35.555: I/v8(7377): Failed to open socket on port 9419, waiting 1000 ms before retrying
09-10 15:15:36.556: I/v8(7377): Failed to open socket on port 9419, waiting 1000 ms before retrying
09-10 15:15:37.137: D/STATUSBAR-NetworkController(691): onReceive() - RSSI_CHANGED_ACTION, WIFI_STATE, NETWORK_STATE
09-10 15:15:37.547: I/v8(7377): Failed to open socket on port 9419, waiting 1000 ms before retrying
09-10 15:15:38.208: E/SMD(220): DCD ON
09-10 15:15:38.548: I/v8(7377): Failed to open socket on port 9419, waiting 1000 ms before retrying
09-10 15:15:39.549: I/v8(7377): Failed to open socket on port 9419, waiting 1000 ms before retrying
09-10 15:15:40.550: I/v8(7377): Failed to open socket on port 9419, waiting 1000 ms before retrying
09-10 15:15:41.211: E/SMD(220): DCD ON
09-10 15:15:41.551: I/v8(7377): Failed to open socket on port 9419, waiting 1000 ms before retrying
09-10 15:15:42.552: I/v8(7377): Failed to open socket on port 9419, waiting 1000 ms before retrying
09-10 15:15:42.672: E/Sensors(545): accelHandler 0.203577 0.457449 9.618399
09-10 15:15:43.553: I/v8(7377): Failed to open socket on port 9419, waiting 1000 ms before retrying
09-10 15:15:44.214: E/SMD(220): DCD ON
09-10 15:15:44.554: I/v8(7377): Failed to open socket on port 9419, waiting 1000 ms before retrying
09-10 15:15:45.555: I/v8(7377): Failed to open socket on port 9419, waiting 1000 ms before retrying
09-10 15:15:46.557: I/v8(7377): Failed to open socket on port 9419, waiting 1000 ms before retrying
09-10 15:15:47.207: E/SMD(220): DCD ON
09-10 15:15:47.548: I/v8(7377): Failed to open socket on port 9419, waiting 1000 ms before retrying
09-10 15:15:48.549: I/v8(7377): Failed to open socket on port 9419, waiting 1000 ms before retrying
09-10 15:15:49.550: I/v8(7377): Failed to open socket on port 9419, waiting 1000 ms before retrying
09-10 15:15:50.210: E/SMD(220): DCD ON
09-10 15:15:50.551: I/v8(7377): Failed to open socket on port 9419, waiting 1000 ms before retrying
09-10 15:15:51.552: I/v8(7377): Failed to open socket on port 9419, waiting 1000 ms before retrying
09-10 15:15:52.553: I/v8(7377): Failed to open socket on port 9419, waiting 1000 ms before retrying
09-10 15:15:52.673: E/Sensors(545): accelHandler 0.261057 0.458646 9.596844
09-10 15:15:53.214: E/SMD(220): DCD ON
09-10 15:15:53.554: I/v8(7377): Failed to open socket on port 9419, waiting 1000 ms before retrying
09-10 15:15:54.555: I/v8(7377): Failed to open socket on port 9419, waiting 1000 ms before retrying
09-10 15:15:55.566: I/v8(7377): Failed to open socket on port 9419, waiting 1000 ms before retrying
09-10 15:15:56.207: E/SMD(220): DCD ON
09-10 15:15:56.557: I/v8(7377): Failed to open socket on port 9419, waiting 1000 ms before retrying
09-10 15:15:57.558: I/v8(7377): Failed to open socket on port 9419, waiting 1000 ms before retrying
09-10 15:15:58.559: I/v8(7377): Failed to open socket on port 9419, waiting 1000 ms before retrying
09-10 15:15:59.210: E/SMD(220): DCD ON
09-10 15:15:59.560: I/v8(7377): Failed to open socket on port 9419, waiting 1000 ms before retrying
09-10 15:15:59.991: V/AlarmManager(545): waitForAlarm result :8
09-10 15:15:59.991: V/AlarmManager(545): ClockReceiver onReceive() ACTION_TIME_TICK
09-10 15:15:59.991: W/AlarmManager(545): FACTORY_ON= 0
09-10 15:16:00.001: D/KeyguardUpdateMonitor(545): received broadcast android.intent.action.TIME_TICK
09-10 15:16:00.001: D/KeyguardUpdateMonitor(545): handleTimeUpdate
09-10 15:16:00.001: D/STATUSBAR-Clock(691): onReceive() - ACTION_TIME_TICK
09-10 15:16:00.001: D/STATUSBAR-Clock(691): updateClock :3:16 PM
09-10 15:16:00.011: D/STATUSBAR-DateView(691): updateClock :09/10/2012
09-10 15:16:00.562: I/v8(7377): Failed to open socket on port 9419, waiting 1000 ms before retrying
09-10 15:16:01.182: W/SignalStrength(545): getGsmLevel=4
09-10 15:16:01.182: W/SignalStrength(545): getLevel=4 (SignalStrength: 12 0 -120 -160 -120 -1 -1 99 2147483647 2147483647 2147483647 2147483647 gsm|lte 4)
09-10 15:16:01.192: W/SignalStrength(691): getGsmLevel=4
09-10 15:16:01.192: W/SignalStrength(691): getLevel=4 (SignalStrength: 12 0 -120 -160 -120 -1 -1 99 2147483647 2147483647 2147483647 2147483647 gsm|lte 4)
09-10 15:16:01.192: W/SignalStrength(691): getGsmLevel=4
09-10 15:16:01.192: W/SignalStrength(691): getLevel=4 (SignalStrength: 12 0 -120 -160 -120 -1 -1 99 2147483647 2147483647 2147483647 2147483647 gsm|lte 4)
09-10 15:16:01.192: W/SignalStrength(545): getDbm 1
09-10 15:16:01.192: W/SignalStrength(545): getGsmDbm=-89
09-10 15:16:01.192: W/SignalStrength(545): getDbm=-89
09-10 15:16:01.192: W/SignalStrength(545): getAsuLevel 1
09-10 15:16:01.192: W/SignalStrength(545): getGsmAsuLevel=12
09-10 15:16:01.192: W/SignalStrength(545): getAsuLevel=12
09-10 15:16:01.192: D/STATUSBAR-NetworkController(691): onSignalStrengthsChanged signalStrength=SignalStrength: 12 0 -120 -160 -120 -1 -1 99 2147483647 2147483647 2147483647 2147483647 gsm|lte 4 level=4
09-10 15:16:01.563: I/v8(7377): Failed to open socket on port 9419, waiting 1000 ms before retrying
09-10 15:16:02.213: E/SMD(220): DCD ON
09-10 15:16:02.564: I/v8(7377): Failed to open socket on port 9419, waiting 1000 ms before retrying
09-10 15:16:02.594: D/BatteryService(545): update start
09-10 15:16:02.594: D/BatteryService(545): level:100 scale:100 status:5 health:2 present:true voltage: 4328 temperature: 318 technology: Li-ion AC powered:false USB powered:true icon:17303128 invalid charger:0
09-10 15:16:02.604: D/KeyguardUpdateMonitor(545): received broadcast android.intent.action.BATTERY_CHANGED
09-10 15:16:02.604: D/KeyguardUpdateMonitor(545): handleBatteryUpdate
09-10 15:16:02.604: D/ThermistorObserver(545): mBatteryBRForAMOLED : onReceive() : newTemperature : 318
09-10 15:16:02.604: D/STATUSBAR-BatteryController(691): onReceive() - ACTION_BATTERY_CHANGED
09-10 15:16:02.604: D/STATUSBAR-BatteryController(691): onReceive() - level:100
09-10 15:16:02.604: D/STATUSBAR-BatteryController(691): onReceive() - plugged:2
09-10 15:16:02.604: D/STATUSBAR-BatteryController(691): onReceive() - BATTERY_STATUS_FULL:
09-10 15:16:02.614: E/MTPJNIInterface(5757): In MTPJNIINterface onReceive:android.intent.action.BATTERY_CHANGED
09-10 15:16:02.674: E/Sensors(545): accelHandler 0.221539 0.451461 9.581276
09-10 15:16:03.565: I/v8(7377): Failed to open socket on port 9419, waiting 1000 ms before retrying
09-10 15:16:03.755: W/SignalStrength(545): getGsmLevel=4
09-10 15:16:03.755: W/SignalStrength(691): getGsmLevel=4
09-10 15:16:03.755: W/SignalStrength(691): getLevel=4 (SignalStrength: 13 0 -120 -160 -120 -1 -1 99 2147483647 2147483647 2147483647 2147483647 gsm|lte 4)
09-10 15:16:03.755: W/SignalStrength(691): getGsmLevel=4
09-10 15:16:03.755: W/SignalStrength(691): getLevel=4 (SignalStrength: 13 0 -120 -160 -120 -1 -1 99 2147483647 2147483647 2147483647 2147483647 gsm|lte 4)
09-10 15:16:03.755: W/SignalStrength(545): getLevel=4 (SignalStrength: 13 0 -120 -160 -120 -1 -1 99 2147483647 2147483647 2147483647 2147483647 gsm|lte 4)
09-10 15:16:03.755: D/STATUSBAR-NetworkController(691): onSignalStrengthsChanged signalStrength=SignalStrength: 13 0 -120 -160 -120 -1 -1 99 2147483647 2147483647 2147483647 2147483647 gsm|lte 4 level=4
09-10 15:16:03.765: W/SignalStrength(545): getDbm 1
09-10 15:16:03.765: W/SignalStrength(545): getGsmDbm=-87
09-10 15:16:03.765: W/SignalStrength(545): getDbm=-87
09-10 15:16:03.765: W/SignalStrength(545): getAsuLevel 1
09-10 15:16:03.765: W/SignalStrength(545): getGsmAsuLevel=13
09-10 15:16:03.765: W/SignalStrength(545): getAsuLevel=13
09-10 15:16:03.975: V/AlarmManager(545): waitForAlarm result :8
09-10 15:16:03.985: W/AlarmManager(545): FACTORY_ON= 0
09-10 15:16:04.566: I/v8(7377): Failed to open socket on port 9419, waiting 1000 ms before retrying
09-10 15:16:05.216: E/SMD(220): DCD ON
09-10 15:16:05.557: I/v8(7377): Failed to open socket on port 9419, waiting 1000 ms before retrying
09-10 15:16:06.558: I/v8(7377): Failed to open socket on port 9419, waiting 1000 ms before retrying
09-10 15:16:07.559: I/v8(7377): Failed to open socket on port 9419, waiting 1000 ms before retrying
09-10 15:16:08.220: E/SMD(220): DCD ON
09-10 15:16:08.560: I/v8(7377): Failed to open socket on port 9419, waiting 1000 ms before retrying
09-10 15:16:09.561: I/v8(7377): Failed to open socket on port 9419, waiting 1000 ms before retrying
09-10 15:16:10.302: D/STATUSBAR-NetworkController(691): onReceive() - RSSI_CHANGED_ACTION, WIFI_STATE, NETWORK_STATE
09-10 15:16:10.562: I/v8(7377): Failed to open socket on port 9419, waiting 1000 ms before retrying
09-10 15:16:11.223: E/SMD(220): DCD ON
09-10 15:16:11.563: I/v8(7377): Failed to open socket on port 9419, waiting 1000 ms before retrying
09-10 15:16:12.564: I/v8(7377): Failed to open socket on port 9419, waiting 1000 ms before retrying
09-10 15:16:12.674: E/Sensors(545): accelHandler 0.207169 0.434696 9.582473
09-10 15:16:13.565: I/v8(7377): Failed to open socket on port 9419, waiting 1000 ms before retrying
09-10 15:16:14.226: E/SMD(220): DCD ON
09-10 15:16:14.566: I/v8(7377): Failed to open socket on port 9419, waiting 1000 ms before retrying
09-10 15:16:15.558: I/v8(7377): Failed to open socket on port 9419, waiting 1000 ms before retrying
09-10 15:16:16.328: D/STATUSBAR-NetworkController(691): onReceive() - RSSI_CHANGED_ACTION, WIFI_STATE, NETWORK_STATE
09-10 15:16:16.559: I/v8(7377): Failed to open socket on port 9419, waiting 1000 ms before retrying
09-10 15:16:17.219: E/SMD(220): DCD ON
09-10 15:16:17.309: D/lights(545): write_int /sys/class/leds/lcd-backlight/brightness = 77
09-10 15:16:17.309: W/PowerManagerService(545): Timer 0x3->0x1|0x0
09-10 15:16:17.309: I/PowerManagerService(545): Ulight 0x3->0x1|0x0
09-10 15:16:17.329: D/lights(545): write_int /sys/class/leds/lcd-backlight/brightness = 74
09-10 15:16:17.339: D/lights(545): write_int /sys/class/leds/lcd-backlight/brightness = 71
09-10 15:16:17.359: D/lights(545): write_int /sys/class/leds/lcd-backlight/brightness = 69
09-10 15:16:17.379: D/lights(545): write_int /sys/class/leds/lcd-backlight/brightness = 66
09-10 15:16:17.389: D/lights(545): write_int /sys/class/leds/lcd-backlight/brightness = 63
09-10 15:16:17.409: D/lights(545): write_int /sys/class/leds/lcd-backlight/brightness = 60
09-10 15:16:17.430: D/lights(545): write_int /sys/class/leds/lcd-backlight/brightness = 58
09-10 15:16:17.440: D/lights(545): write_int /sys/class/leds/lcd-backlight/brightness = 55
09-10 15:16:17.460: D/lights(545): write_int /sys/class/leds/lcd-backlight/brightness = 52
09-10 15:16:17.470: D/lights(545): write_int /sys/class/leds/lcd-backlight/brightness = 50
09-10 15:16:17.500: D/lights(545): write_int /sys/class/leds/lcd-backlight/brightness = 47
09-10 15:16:17.500: D/lights(545): write_int /sys/class/leds/lcd-backlight/brightness = 44
09-10 15:16:17.520: D/lights(545): write_int /sys/class/leds/lcd-backlight/brightness = 41
09-10 15:16:17.540: D/lights(545): write_int /sys/class/leds/lcd-backlight/brightness = 39
09-10 15:16:17.550: D/lights(545): write_int /sys/class/leds/lcd-backlight/brightness = 36
09-10 15:16:17.560: I/v8(7377): Failed to open socket on port 9419, waiting 1000 ms before retrying
09-10 15:16:17.570: D/lights(545): write_int /sys/class/leds/lcd-backlight/brightness = 33
09-10 15:16:17.590: D/lights(545): write_int /sys/class/leds/lcd-backlight/brightness = 30
09-10 15:16:17.600: D/lights(545): write_int /sys/class/leds/lcd-backlight/brightness = 28
09-10 15:16:17.620: D/lights(545): write_int /sys/class/leds/lcd-backlight/brightness = 25
09-10 15:16:17.640: D/lights(545): write_int /sys/class/leds/lcd-backlight/brightness = 22
09-10 15:16:17.660: D/lights(545): write_int /sys/class/leds/lcd-backlight/brightness = 20
09-10 15:16:17.660: I/PowerManagerService(545): Light Animator Finished curIntValue=20
09-10 15:16:18.561: I/v8(7377): Failed to open socket on port 9419, waiting 1000 ms before retrying
09-10 15:16:19.562: I/v8(7377): Failed to open socket on port 9419, waiting 1000 ms before retrying
09-10 15:16:20.222: E/SMD(220): DCD ON
09-10 15:16:20.563: I/v8(7377): Failed to open socket on port 9419, waiting 1000 ms before retrying
09-10 15:16:21.564: I/v8(7377): Failed to open socket on port 9419, waiting 1000 ms before retrying
09-10 15:16:22.365: D/STATUSBAR-NetworkController(691): onReceive() - RSSI_CHANGED_ACTION, WIFI_STATE, NETWORK_STATE
09-10 15:16:22.565: I/v8(7377): Failed to open socket on port 9419, waiting 1000 ms before retrying
09-10 15:16:22.675: E/Sensors(545): accelHandler 0.226329 0.447869 9.576486
09-10 15:16:23.226: E/SMD(220): DCD ON
09-10 15:16:23.566: I/v8(7377): Failed to open socket on port 9419, waiting 1000 ms before retrying
09-10 15:16:24.307: D/lights(545): write_int /sys/class/leds/lcd-backlight/brightness = 0
09-10 15:16:24.307: I/power(545): *** set_screen_state 0
09-10 15:16:24.307: D/SensorManager(545): unregisterListener:: disable all sensors for this listener, name = GP2A Light Sensor listener = com.android.server.PowerManagerService$16@41a9a048
09-10 15:16:24.307: I/SensorManager(545): Set min delay = 200000
09-10 15:16:24.307: I/SensorManager(545): Before sending... delay = 200000
09-10 15:16:24.307: I/Sensors(545): sendDelay --- 200000000
09-10 15:16:24.307: V/Sensors(545): setDelay - sensor Accelerometer (handle 4), rate 200 ms (5.00 Hz)
09-10 15:16:24.307: D/SensorManager(545): JNI - sendDelay
09-10 15:16:24.307: I/SensorManager(545): send_delay :: return = true
09-10 15:16:24.307: D/SensorManager(545): unregisterListener:: disable all sensors for this listener, name = MPL accel listener = com.android.server.PowerManagerService$17@41caa078
09-10 15:16:24.307: D/lights(545): write_int /sys/class/leds/button-backlight/brightness = 0
09-10 15:16:24.307: E/lights(545): write_int failed to open /sys/class/leds/keyboard-backlight/brightness
09-10 15:16:24.307: W/PowerManagerService(545): Timer 0x1->0x0|0x0
09-10 15:16:24.307: D/PowerManagerService(545): Screen__Off : Timeout
09-10 15:16:24.307: I/PowerManagerService(545): Ulight 0x1->0x0|0x0
09-10 15:16:24.307: D/PowerManagerService(545): jumpToTargetLocked targetValue=0: 2
09-10 15:16:24.307: I/PowerManagerService(545): Light Animator Finished curIntValue=0
09-10 15:16:24.307: D/PowerManagerService(545): enableLightSensorLocked enable=false mAutoBrightessEnabled=true
09-10 15:16:24.307: W/PowerManagerService(545): CurLockF mPS:0 mUS=0
09-10 15:16:24.307: W/PowerManagerService(545): mPokeLocks.size=0:
09-10 15:16:24.307: D/PowerManagerService(545): sendNotificationLocked on=false
09-10 15:16:24.317: D/WindowManager(545): mSetIgnore
09-10 15:16:24.317: D/KeyguardViewMediator(545): onScreenTurnedOff(3)
09-10 15:16:24.317: D/KeyguardViewMediator(545): setting alarm to turn off keyguard, seq = 10
09-10 15:16:24.317: I/Sensors(545): sendDelay --- 200000000
09-10 15:16:24.317: V/Sensors(545): setDelay - sensor Accelerometer (handle 4), rate 200 ms (5.00 Hz)
09-10 15:16:24.317: D/SensorManager(545): JNI - sendDelay
09-10 15:16:24.317: I/SensorManager(545): Set normal delay = true
09-10 15:16:24.317: V/Sensors(545): enable - sensor Accelerometer (handle 4) en -> dis
09-10 15:16:24.317: E/Sensors(545): mEnabled = 0
09-10 15:16:24.317: V/Sensors(545): setDelay - sensor Accelerometer (handle 4), rate 200 ms (5.00 Hz)
09-10 15:16:24.317: D/SensorManager(545): unregisterListener:: disable all sensors for this listener, name = MPL accel listener = android.view.WindowOrientationListener$SensorEventListenerImpl@41f614c0
09-10 15:16:24.317: D/PowerManagerService(545): mNotificationTask : off
09-10 15:16:24.317: W/AlarmManager(545): FACTORY_ON= 0
09-10 15:16:24.327: E/Sensors(545): activatePendingSensors : mEnabled = 0
09-10 15:16:24.327: I/Sensors(545): Disabled 9 axis sensor fusion
09-10 15:16:24.327: I/MPL-mldl_cfg_mpu:(545): inv_mpu_suspend(,,,,7fff) -> 0000
09-10 15:16:24.327: V/Sensors(545): calling inv_set_mpu_sensors(000000)
09-10 15:16:24.337: V/Sensors(545): Starting DMP
09-10 15:16:24.337: W/MPL-9_sup(545): 9 axis sensor fusion not available - No compass detected.
09-10 15:16:24.337: I/Sensors(545): Enabled 9 axis sensor fusion
09-10 15:16:24.337: I/MPL-mldl_cfg_mpu:(545): inv_mpu_resume(,,,,0000) -> 0000
09-10 15:16:24.337: V/Sensors(545): Stopping DMP
09-10 15:16:24.337: I/Sensors(545): Disabled 9 axis sensor fusion
09-10 15:16:24.337: I/MPL-mldl_cfg_mpu:(545): inv_mpu_suspend(,,,,7fff) -> 0000
09-10 15:16:24.337: D/lights(545): write pattern : g_led_info = 20
09-10 15:16:24.337: D/lights(545): write_int /sys/class/sec/led/led_pattern = 5
09-10 15:16:24.337: I/CpuGovernorService(545): intent action: android.intent.action.SCREEN_OFF
09-10 15:16:24.337: D/BatteryService(545): turn on LED for fully charged
09-10 15:16:24.347: I/SamplingRateChangeProcessor(545): Increased sampling rate.
09-10 15:16:24.357: D/AudioHardwareALSA(227): setParameters() screen_state=off
09-10 15:16:24.357: D/STATUSBAR-NotificationService(545): ACTION_SCREEN_OFF
09-10 15:16:24.357: D/STATUSBAR-NotificationService(545): updateLightsLocked() : Turn off notification light
09-10 15:16:24.387: I/ApplicationUsage(545): handleMessage : MSG_UPDATE_USAGE_DB
09-10 15:16:24.387: I/ApplicationUsage(545): Updating Usage Statistics in DB @ 1347315384401
09-10 15:16:24.397: D/SurfaceFlinger(224): About to give-up screen, flinger = 0x1098e40
09-10 15:16:24.397: E/msm8960.gralloc(224): In fb_enableHDMIOutput: externaltype = 0
09-10 15:16:24.457: V/AudioPolicyManagerBase(227): getNewDevice() selected device 0
09-10 15:16:24.457: V/AudioPolicyManagerBase(227): getDeviceForStrategy() from cache strategy 0, device 2
09-10 15:16:24.467: D/VolumePanel(545): change volume by MSG_VOLUME_CHANGED
09-10 15:16:24.467: D/VolumePanel(545): onVolumeChanged(streamType: 3, flags: 64)
09-10 15:16:24.467: D/VolumePanel(545): Call setChangeSeekbarColor(false)
09-10 15:16:24.467: V/AudioPolicyManagerBase(227): getNewDevice() selected device 0
09-10 15:16:24.467: V/AudioPolicyManagerBase(227): getDeviceForStrategy() from cache strategy 0, device 2
09-10 15:16:24.467: D/AudioService(545): getStreamVolume(3)
09-10 15:16:24.467: V/AudioPolicyManagerBase(227): getNewDevice() selected device 0
09-10 15:16:24.467: V/AudioPolicyManagerBase(227): getDeviceForStrategy() from cache strategy 0, device 2
09-10 15:16:24.467: D/VolumePanel(545): call resetTimeout
09-10 15:16:24.467: D/STATUSBAR-PhoneStatusBar(691): marqueeStatusBar()
09-10 15:16:24.487: D/FastDormancy(861): [FD] INTENT ACTION android.intent.action.SCREEN_OFF
09-10 15:16:24.487: D/FastDormancy(861): [FD] mIsScreenOn: false
09-10 15:16:24.487: I/Launcher.StuckInEdit(955): exitWidgetResizeMode State NORMAL
09-10 15:16:24.487: W/AlarmManager(545): FACTORY_ON= 0
09-10 15:16:24.497: D/com.samsung.app(1205): [MSC_HERO_Accu]>>> WCS:240 [0:0] BR act = androidintentactionSCREEN_OFF
09-10 15:16:24.507: W/AlarmManager(545): FACTORY_ON= 0
09-10 15:16:24.517: E/videowall-TranscodeReceiver(5349): broadcastMSG : android.intent.action.SCREEN_OFF
09-10 15:16:24.547: D/videowall-Global(5349): core_num = 2
09-10 15:16:24.547: D/videowall-Global(5349): density : 2.0 width : 720 height : 1280 Raw width : 720 Raw height : 1280
09-10 15:16:24.547: D/videowall-Global(5349): dsp : 720 swkey : false Cores : 2
09-10 15:16:24.547: D/videowall-TranscodeService(5349): Music is = false
09-10 15:16:24.547: D/videowall-TranscodeService(5349): power : true / screen off : true
09-10 15:16:24.547: I/SubtitleTVOutUtil(5349): isWFDConnected() isConnected=false
09-10 15:16:24.547: D/videowall-TranscodeService(5349): runvideoplayer is false
09-10 15:16:24.547: D/videowall-TranscodeService(5349): Battery level is high
09-10 15:16:24.557: E/Sensors(545): Sleep Event : mEnabled = 0
09-10 15:16:24.557: I/v8(7377): Failed to open socket on port 9419, waiting 1000 ms before retrying
09-10 15:16:24.557: D/videowall-TranscodeService(5349): Thread start
09-10 15:16:24.557: D/videowall-TranscodeService(5349): wl.acquire();
09-10 15:16:24.607: D/videowall-TranscodeService(5349): Thread end
09-10 15:16:24.607: D/videowall-TranscodeService(5349): wl.release();
09-10 15:16:24.617: D/WindowManager(545): mUnSetIgnore, show = false
09-10 15:16:24.827: D/Launcher.HomeFragment(955): onStop
09-10 15:16:24.827: D/Launcher.Workspace(955): onStop
09-10 15:16:24.827: D/Launcher(955): onStop
09-10 15:16:25.038: I/ApplicationUsage(545): Done Updating Usage Statistics in DB @ 1347315385056
09-10 15:16:25.558: I/v8(7377): Failed to open socket on port 9419, waiting 1000 ms before retrying
09-10 15:16:26.219: E/SMD(220): DCD ON
09-10 15:16:26.559: I/v8(7377): Failed to open socket on port 9419, waiting 1000 ms before retrying
09-10 15:16:27.560: I/v8(7377): Failed to open socket on port 9419, waiting 1000 ms before retrying
09-10 15:16:28.561: I/v8(7377): Failed to open socket on port 9419, waiting 1000 ms before retrying
09-10 15:16:29.202: I/rmt_storage(253): wakelock acquired: 0, err no: 110
09-10 15:16:29.202: I/rmt_storage(253): unblock rmt_storage client thread 2268880
09-10 15:16:29.202: D/QMI_FW(253): QCSI: QMI_CSI_RX: cntl_flag - 00, txn_id - 0008, msg_id - 0003, msg_len - 002b
09-10 15:16:29.222: E/SMD(220): DCD ON
09-10 15:16:29.302: D/QMI_FW(253): QCSI: xport_handle_event[15]
09-10 15:16:29.322: V/AlarmManager(545): waitForAlarm result :4
09-10 15:16:29.342: D/KeyguardViewMediator(545): received DELAYED_KEYGUARD_ACTION with seq = 10, mDelayedShowingSequence = 10
09-10 15:16:29.342: D/KeyguardViewMediator(545): Not factory mode
09-10 15:16:29.342: D/KeyguardViewMediator(545): doKeyguard: showing the lock screen
09-10 15:16:29.342: D/KeyguardViewMediator(545): KeyguardGetAudioService.dismissVolumePanel() run
09-10 15:16:29.342: D/VolumePanel(545): call forceTimeout
09-10 15:16:29.342: D/KeyguardViewMediator(545): showLocked
09-10 15:16:29.342: D/KeyguardViewMediator(545): handleShow
09-10 15:16:29.342: D/KeyguardViewManager(545): show(); mKeyguardView==null
09-10 15:16:29.342: D/KeyguardViewManager(545): Rotation sensor for lock screen Off!
09-10 15:16:29.342: D/KeyguardViewManager(545): keyguard view is null, creating it...
09-10 15:16:29.352: D/LockPatternKeyguardView(545): phone state: 0
09-10 15:16:29.352: D/LockPatternKeyguardView(545): mIsVoiceUnlockOn=false
09-10 15:16:29.352: V/LockPatternKeyguardView(545): **** UPDATE SCREEN: mode=LockScreen last mode=LockScreen, force = false
09-10 15:16:29.352: D/CircleLockScreen(545): getCurrentLockScreenString() = null
09-10 15:16:29.372: V/MediaPlayer(545): decode(338, 17150180, 11571)
09-10 15:16:29.372: V/ANDROID_DRM_TEST(227): decode(37, 17150180, 11571)
09-10 15:16:29.372: V/ANDROID_DRM_TEST(227): player type = 3
09-10 15:16:29.372: V/ANDROID_DRM_TEST(227): create StagefrightPlayer
09-10 15:16:29.372: V/AwesomePlayer(227): setDefault
09-10 15:16:29.372: V/AwesomePlayer(227): constructor
09-10 15:16:29.372: V/AwesomePlayer(227): setDefault
09-10 15:16:29.372: I/AwesomePlayer(227): reset
09-10 15:16:29.372: V/AwesomePlayer(227): reset_l() cancel player events
09-10 15:16:29.372: V/AwesomePlayer(227): cancelPlayerEvents (keepNotifications=0)
09-10 15:16:29.372: V/AwesomePlayer(227): mAudioTrackVector clear
09-10 15:16:29.372: V/AwesomePlayer(227): mAudioPlayer successfully deleted
09-10 15:16:29.372: V/AwesomePlayer(227): setListener
09-10 15:16:29.372: V/AwesomePlayer(227): setAudioSink
09-10 15:16:29.372: V/AwesomePlayer(227): setDataSource fd
09-10 15:16:29.372: V/AwesomePlayer(227): reset_l() cancel player events
09-10 15:16:29.372: V/AwesomePlayer(227): cancelPlayerEvents (keepNotifications=0)
09-10 15:16:29.372: V/AwesomePlayer(227): mAudioTrackVector clear
09-10 15:16:29.372: V/AwesomePlayer(227): mAudioPlayer successfully deleted
09-10 15:16:29.372: V/MediaExtractor(227): Autodetected media content as 'application/ogg' with confidence 0.20
09-10 15:16:29.372: V/AwesomePlayer(227): track of type 'audio/vorbis' does not publish bitrate
09-10 15:16:29.372: V/AwesomePlayer(227): mBitrate = -1 bits/sec
09-10 15:16:29.372: V/AwesomePlayer(227): current audio track (0)
09-10 15:16:29.372: V/AwesomePlayer(227): setAudioSource
09-10 15:16:29.372: V/AwesomePlayer(227): current audio track (0) is added to vector[0]
09-10 15:16:29.372: V/ANDROID_DRM_TEST(227): prepare
09-10 15:16:29.372: V/AwesomePlayer(227): prepareAsync
09-10 15:16:29.372: V/ANDROID_DRM_TEST(227): wait for prepare
09-10 15:16:29.372: V/AwesomePlayer(227): onPrepareAsyncEvent
09-10 15:16:29.372: V/AwesomePlayer(227): initAudioDecoder
09-10 15:16:29.372: W/OMXCodec(227): OMXCodec::Create matchComponentName ((null)), flags (0x0), createEncoder (0), mime (audio/vorbis)
09-10 15:16:29.372: D/OMXCodec(227): configureCodec protected=0
09-10 15:16:29.382: V/AwesomePlayer(227): finishAsyncPrepare_l
09-10 15:16:29.382: V/AwesomePlayer(227): notifyListner_l() msg (5-MEDIA_SET_VIDEO_SIZE), ext1 (0), ext2 (0)
09-10 15:16:29.382: V/AudioCache(227): notify(0xc8c1c0, 5, 0, 0)
09-10 15:16:29.382: V/AudioCache(227): ignored
09-10 15:16:29.382: V/AwesomePlayer(227): notifyListner_l() msg (1-MEDIA_PREPARED), ext1 (0), ext2 (0)
09-10 15:16:29.382: V/AudioCache(227): notify(0xc8c1c0, 1, 0, 0)
09-10 15:16:29.382: V/AudioCache(227): prepared
09-10 15:16:29.382: V/AudioCache(227): wait - success
09-10 15:16:29.382: V/ANDROID_DRM_TEST(227): start
09-10 15:16:29.382: V/AwesomePlayer(227): play
09-10 15:16:29.382: I/AwesomePlayer(227): AwesomePlayer::play_l():: This is not a DRM content
09-10 15:16:29.382: V/AwesomePlayer(227): LPAPlayer::getObjectsAlive() 0
09-10 15:16:29.382: V/AudioPolicyManagerBase(227): getNewDevice() selected device 0
09-10 15:16:29.382: V/AudioPolicyManagerBase(227): getDeviceForStrategy() from cache strategy 0, device 2
09-10 15:16:29.382: D/AwesomePlayer(227): curDev : 2 before make new LPAPlayer
09-10 15:16:29.382: V/AwesomePlayer(227): LPAPlayer::getObjectsAlive() 0
09-10 15:16:29.382: V/AwesomePlayer(227): AudioPlayer created, Non-LPA mode mime audio/vorbis duration 680498
09-10 15:16:29.382: V/AwesomePlayer(227): startAudioPlayer_l, sendErrorNotification (0)
09-10 15:16:29.392: I/AudioPlayer(227): start kKeyAudioPCMFormat : 1
09-10 15:16:29.392: V/AudioCache(227): open(44100, 2, 1, 4)
09-10 15:16:29.392: V/AwesomePlayer(227): addBatteryData
09-10 15:16:29.392: V/ANDROID_DRM_TEST(227): wait for playback complete
09-10 15:16:29.392: V/AudioCache(227): write(0xbe3518, 4096)
09-10 15:16:29.392: V/AudioCache(227): memcpy(0x43d87000, 0xbe3518, 4096)
09-10 15:16:29.392: V/AudioCache(227): write(0xbe3518, 4096)
09-10 15:16:29.392: V/AudioCache(227): memcpy(0x43d88000, 0xbe3518, 4096)
09-10 15:16:29.402: V/AudioCache(227): write(0xbe3518, 4096)
09-10 15:16:29.402: V/AudioCache(227): memcpy(0x43d89000, 0xbe3518, 4096)
09-10 15:16:29.402: V/AudioCache(227): write(0xbe3518, 4096)
09-10 15:16:29.402: V/AudioCache(227): memcpy(0x43d8a000, 0xbe3518, 4096)
09-10 15:16:29.402: V/AudioCache(227): write(0xbe3518, 4096)
09-10 15:16:29.402: V/AudioCache(227): memcpy(0x43d8b000, 0xbe3518, 4096)
09-10 15:16:29.402: V/AudioCache(227): write(0xbe3518, 4096)
09-10 15:16:29.402: V/AudioCache(227): memcpy(0x43d8c000, 0xbe3518, 4096)
09-10 15:16:29.402: V/AudioCache(227): write(0xbe3518, 4096)
09-10 15:16:29.402: V/AudioCache(227): memcpy(0x43d8d000, 0xbe3518, 4096)
09-10 15:16:29.402: V/AudioCache(227): write(0xbe3518, 4096)
09-10 15:16:29.402: V/AudioCache(227): memcpy(0x43d8e000, 0xbe3518, 4096)
09-10 15:16:29.402: V/AudioCache(227): write(0xbe3518, 4096)
09-10 15:16:29.402: V/AudioCache(227): memcpy(0x43d8f000, 0xbe3518, 4096)
09-10 15:16:29.402: V/AudioCache(227): write(0xbe3518, 4096)
09-10 15:16:29.402: V/AudioCache(227): memcpy(0x43d90000, 0xbe3518, 4096)
09-10 15:16:29.412: V/AudioCache(227): write(0xbe3518, 4096)
09-10 15:16:29.412: V/AudioCache(227): memcpy(0x43d91000, 0xbe3518, 4096)
09-10 15:16:29.412: V/AudioCache(227): write(0xbe3518, 4096)
09-10 15:16:29.412: V/AudioCache(227): memcpy(0x43d92000, 0xbe3518, 4096)
09-10 15:16:29.412: V/AudioCache(227): write(0xbe3518, 4096)
09-10 15:16:29.412: V/AudioCache(227): memcpy(0x43d93000, 0xbe3518, 4096)
09-10 15:16:29.412: V/AudioCache(227): write(0xbe3518, 4096)
09-10 15:16:29.412: V/AudioCache(227): memcpy(0x43d94000, 0xbe3518, 4096)
09-10 15:16:29.412: V/AudioCache(227): write(0xbe3518, 4096)
09-10 15:16:29.412: V/AudioCache(227): memcpy(0x43d95000, 0xbe3518, 4096)
09-10 15:16:29.412: V/AudioCache(227): write(0xbe3518, 4096)
09-10 15:16:29.412: V/AudioCache(227): memcpy(0x43d96000, 0xbe3518, 4096)
09-10 15:16:29.412: V/AudioCache(227): write(0xbe3518, 4096)
09-10 15:16:29.412: V/AudioCache(227): memcpy(0x43d97000, 0xbe3518, 4096)
09-10 15:16:29.412: V/AudioCache(227): write(0xbe3518, 4096)
09-10 15:16:29.412: V/AudioCache(227): memcpy(0x43d98000, 0xbe3518, 4096)
09-10 15:16:29.412: V/AudioCache(227): write(0xbe3518, 4096)
09-10 15:16:29.412: V/AudioCache(227): memcpy(0x43d99000, 0xbe3518, 4096)
09-10 15:16:29.412: V/AudioCache(227): write(0xbe3518, 4096)
09-10 15:16:29.412: V/AudioCache(227): memcpy(0x43d9a000, 0xbe3518, 4096)
09-10 15:16:29.412: V/AudioCache(227): write(0xbe3518, 4096)
09-10 15:16:29.412: V/AudioCache(227): memcpy(0x43d9b000, 0xbe3518, 4096)
09-10 15:16:29.412: V/AudioCache(227): write(0xbe3518, 4096)
09-10 15:16:29.412: V/AudioCache(227): memcpy(0x43d9c000, 0xbe3518, 4096)
09-10 15:16:29.412: V/AudioCache(227): write(0xbe3518, 4096)
09-10 15:16:29.412: V/AudioCache(227): memcpy(0x43d9d000, 0xbe3518, 4096)
09-10 15:16:29.412: V/AudioCache(227): write(0xbe3518, 4096)
09-10 15:16:29.412: V/AudioCache(227): memcpy(0x43d9e000, 0xbe3518, 4096)
09-10 15:16:29.412: V/AudioCache(227): write(0xbe3518, 4096)
09-10 15:16:29.412: V/AudioCache(227): memcpy(0x43d9f000, 0xbe3518, 4096)
09-10 15:16:29.412: V/AudioCache(227): write(0xbe3518, 4096)
09-10 15:16:29.412: V/AudioCache(227): memcpy(0x43da0000, 0xbe3518, 4096)
09-10 15:16:29.412: V/AudioCache(227): write(0xbe3518, 4096)
09-10 15:16:29.412: V/AudioCache(227): memcpy(0x43da1000, 0xbe3518, 4096)
09-10 15:16:29.412: V/AudioCache(227): write(0xbe3518, 4096)
09-10 15:16:29.412: V/AudioCache(227): memcpy(0x43da2000, 0xbe3518, 4096)
09-10 15:16:29.412: V/AudioCache(227): write(0xbe3518, 4096)
09-10 15:16:29.412: V/AudioCache(227): memcpy(0x43da3000, 0xbe3518, 4096)
09-10 15:16:29.412: V/AwesomePlayer(227): postAudioEOS delayUs (0)
09-10 15:16:29.412: V/AudioCache(227): write(0xbe3518, 1256)
09-10 15:16:29.412: V/AudioCache(227): memcpy(0x43da4000, 0xbe3518, 1256)
09-10 15:16:29.412: V/AwesomePlayer(227): onCheckAudioStatus
09-10 15:16:29.412: V/AwesomePlayer(227): onCheckAudioStatus() set AUDIO_AT_EOS flag
09-10 15:16:29.412: V/AwesomePlayer(227): onStreamDone
09-10 15:16:29.412: V/AwesomePlayer(227): MEDIA_PLAYBACK_COMPLETE
09-10 15:16:29.412: V/AwesomePlayer(227): notifyListner_l() msg (2-MEDIA_PLAYBACK_COMPLETE), ext1 (0), ext2 (0)
09-10 15:16:29.412: V/AudioCache(227): notify(0xc8c1c0, 2, 0, 0)
09-10 15:16:29.412: V/AudioCache(227): playback complete - thread will wake up later
09-10 15:16:29.412: V/AwesomePlayer(227): cancelPlayerEvents (keepNotifications=1)
09-10 15:16:29.412: V/AwesomePlayer(227): addBatteryData
09-10 15:16:29.412: V/AudioCache(227): wait - success
09-10 15:16:29.412: I/AwesomePlayer(227): reset
09-10 15:16:29.412: V/AwesomePlayer(227): reset_l() cancel player events
09-10 15:16:29.412: V/AwesomePlayer(227): cancelPlayerEvents (keepNotifications=0)
09-10 15:16:29.412: V/AwesomePlayer(227): mAudioTrackVector clear
09-10 15:16:29.412: I/OMXCodec(227): OMXCodec destructor 1
09-10 15:16:29.422: V/AwesomePlayer(227): mAudioPlayer successfully deleted
09-10 15:16:29.422: I/AwesomePlayer(227): reset
09-10 15:16:29.422: V/AwesomePlayer(227): reset_l() cancel player events
09-10 15:16:29.422: V/AwesomePlayer(227): cancelPlayerEvents (keepNotifications=0)
09-10 15:16:29.422: V/AwesomePlayer(227): mAudioTrackVector clear
09-10 15:16:29.422: V/AwesomePlayer(227): mAudioPlayer successfully deleted
09-10 15:16:29.422: V/AwesomePlayer(227): destructor
09-10 15:16:29.422: I/AwesomePlayer(227): reset
09-10 15:16:29.422: V/AwesomePlayer(227): reset_l() cancel player events
09-10 15:16:29.422: V/AwesomePlayer(227): cancelPlayerEvents (keepNotifications=0)
09-10 15:16:29.422: V/AwesomePlayer(227): mAudioTrackVector clear
09-10 15:16:29.422: V/AwesomePlayer(227): mAudioPlayer successfully deleted
09-10 15:16:29.422: V/AwesomePlayer(227): ~AwesomePlayer()
09-10 15:16:29.422: V/MediaPlayer(545): decode(363, 17634748, 20394)
09-10 15:16:29.422: V/ANDROID_DRM_TEST(227): decode(37, 17634748, 20394)
09-10 15:16:29.422: V/ANDROID_DRM_TEST(227): player type = 3
09-10 15:16:29.422: V/ANDROID_DRM_TEST(227): create StagefrightPlayer
09-10 15:16:29.422: V/AwesomePlayer(227): setDefault
09-10 15:16:29.422: V/AwesomePlayer(227): constructor
09-10 15:16:29.422: V/AwesomePlayer(227): setDefault
09-10 15:16:29.422: I/AwesomePlayer(227): reset
09-10 15:16:29.422: V/AwesomePlayer(227): reset_l() cancel player events
09-10 15:16:29.422: V/AwesomePlayer(227): cancelPlayerEvents (keepNotifications=0)
09-10 15:16:29.422: V/AwesomePlayer(227): mAudioTrackVector clear
09-10 15:16:29.422: V/AwesomePlayer(227): mAudioPlayer successfully deleted
09-10 15:16:29.422: V/AwesomePlayer(227): setListener
09-10 15:16:29.422: V/AwesomePlayer(227): setAudioSink
09-10 15:16:29.422: V/AwesomePlayer(227): setDataSource fd
09-10 15:16:29.422: V/AwesomePlayer(227): reset_l() cancel player events
09-10 15:16:29.422: V/AwesomePlayer(227): cancelPlayerEvents (keepNotifications=0)
09-10 15:16:29.422: V/AwesomePlayer(227): mAudioTrackVector clear
09-10 15:16:29.422: V/AwesomePlayer(227): mAudioPlayer successfully deleted
09-10 15:16:29.422: V/MediaExtractor(227): Autodetected media content as 'application/ogg' with confidence 0.20
09-10 15:16:29.422: V/AwesomePlayer(227): track of type 'audio/vorbis' does not publish bitrate
09-10 15:16:29.422: V/AwesomePlayer(227): mBitrate = -1 bits/sec
09-10 15:16:29.422: V/AwesomePlayer(227): current audio track (0)
09-10 15:16:29.422: V/AwesomePlayer(227): setAudioSource
09-10 15:16:29.422: V/AwesomePlayer(227): current audio track (0) is added to vector[0]
09-10 15:16:29.422: V/ANDROID_DRM_TEST(227): prepare
09-10 15:16:29.422: V/AwesomePlayer(227): prepareAsync
09-10 15:16:29.422: V/ANDROID_DRM_TEST(227): wait for prepare
09-10 15:16:29.422: I/rmt_storage(253): rmt_storage fop(1): bytes transferred = 3145216
09-10 15:16:29.422: V/AwesomePlayer(227): onPrepareAsyncEvent
09-10 15:16:29.422: V/AwesomePlayer(227): initAudioDecoder
09-10 15:16:29.422: W/OMXCodec(227): OMXCodec::Create matchComponentName ((null)), flags (0x0), createEncoder (0), mime (audio/vorbis)
09-10 15:16:29.432: I/rmt_storage(253): rmt_storage fop(1): bytes transferred = 512
09-10 15:16:29.432: I/rmt_storage(253): About to block rmt_storage client thread(2268880), wakelock : 0, err no: 0
09-10 15:16:29.432: D/OMXCodec(227): configureCodec protected=0
09-10 15:16:29.432: V/AwesomePlayer(227): finishAsyncPrepare_l
09-10 15:16:29.432: V/AwesomePlayer(227): notifyListner_l() msg (5-MEDIA_SET_VIDEO_SIZE), ext1 (0), ext2 (0)
09-10 15:16:29.432: V/AudioCache(227): notify(0xc8db50, 5, 0, 0)
09-10 15:16:29.432: V/AudioCache(227): ignored
09-10 15:16:29.432: V/AwesomePlayer(227): notifyListner_l() msg (1-MEDIA_PREPARED), ext1 (0), ext2 (0)
09-10 15:16:29.432: V/AudioCache(227): notify(0xc8db50, 1, 0, 0)
09-10 15:16:29.432: V/AudioCache(227): prepared
09-10 15:16:29.432: V/AudioCache(227): wait - success
09-10 15:16:29.432: V/ANDROID_DRM_TEST(227): start
09-10 15:16:29.432: V/AwesomePlayer(227): play
09-10 15:16:29.432: I/AwesomePlayer(227): AwesomePlayer::play_l():: This is not a DRM content
09-10 15:16:29.432: V/AwesomePlayer(227): LPAPlayer::getObjectsAlive() 0
09-10 15:16:29.432: V/AudioPolicyManagerBase(227): getNewDevice() selected device 0
09-10 15:16:29.432: V/AudioPolicyManagerBase(227): getDeviceForStrategy() from cache strategy 0, device 2
09-10 15:16:29.432: D/AwesomePlayer(227): curDev : 2 before make new LPAPlayer
09-10 15:16:29.432: V/AwesomePlayer(227): LPAPlayer::getObjectsAlive() 0
09-10 15:16:29.432: V/AwesomePlayer(227): AudioPlayer created, Non-LPA mode mime audio/vorbis duration 1011250
09-10 15:16:29.432: V/AwesomePlayer(227): startAudioPlayer_l, sendErrorNotification (0)
09-10 15:16:29.432: I/AudioPlayer(227): start kKeyAudioPCMFormat : 1
09-10 15:16:29.432: V/AudioCache(227): open(48000, 1, 1, 4)
09-10 15:16:29.432: V/AwesomePlayer(227): addBatteryData
09-10 15:16:29.432: V/ANDROID_DRM_TEST(227): wait for playback complete
09-10 15:16:29.432: V/AudioCache(227): write(0xbe2510, 2048)
09-10 15:16:29.432: V/AudioCache(227): memcpy(0x44987000, 0xbe2510, 2048)
09-10 15:16:29.432: V/AudioCache(227): write(0xbe2510, 2048)
09-10 15:16:29.432: V/AudioCache(227): memcpy(0x44987800, 0xbe2510, 2048)
09-10 15:16:29.432: V/AudioCache(227): write(0xbe2510, 2048)
09-10 15:16:29.432: V/AudioCache(227): memcpy(0x44988000, 0xbe2510, 2048)
09-10 15:16:29.432: V/AudioCache(227): write(0xbe2510, 2048)
09-10 15:16:29.432: V/AudioCache(227): memcpy(0x44988800, 0xbe2510, 2048)
09-10 15:16:29.432: D/QMI_FW(253): QCSI: QMI_CSI_TX: cntl_flag - 02, txn_id - 0008, msg_id - 0003, msg_len - 0007
09-10 15:16:29.432: D/QMI_FW(253): QCSI: Sent[15]: 14 bytes to port 1280
09-10 15:16:29.442: V/AudioCache(227): write(0xbe2510, 2048)
09-10 15:16:29.442: V/AudioCache(227): memcpy(0x44989000, 0xbe2510, 2048)
09-10 15:16:29.442: V/AudioCache(227): write(0xbe2510, 2048)
09-10 15:16:29.442: V/AudioCache(227): memcpy(0x44989800, 0xbe2510, 2048)
09-10 15:16:29.442: V/AudioCache(227): write(0xbe2510, 2048)
09-10 15:16:29.442: V/AudioCache(227): memcpy(0x4498a000, 0xbe2510, 2048)
09-10 15:16:29.442: V/AudioCache(227): write(0xbe2510, 2048)
09-10 15:16:29.442: V/AudioCache(227): memcpy(0x4498a800, 0xbe2510, 2048)
09-10 15:16:29.442: V/AudioCache(227): write(0xbe2510, 2048)
09-10 15:16:29.442: V/AudioCache(227): memcpy(0x4498b000, 0xbe2510, 2048)
09-10 15:16:29.442: V/AudioCache(227): write(0xbe2510, 2048)
09-10 15:16:29.442: V/AudioCache(227): memcpy(0x4498b800, 0xbe2510, 2048)
09-10 15:16:29.442: V/AudioCache(227): write(0xbe2510, 2048)
09-10 15:16:29.442: V/AudioCache(227): memcpy(0x4498c000, 0xbe2510, 2048)
09-10 15:16:29.442: D/CircleMissedEventWidget(545): portrait mode
09-10 15:16:29.442: V/AudioCache(227): write(0xbe2510, 2048)
09-10 15:16:29.442: V/AudioCache(227): memcpy(0x4498c800, 0xbe2510, 2048)
09-10 15:16:29.452: V/AudioCache(227): write(0xbe2510, 2048)
09-10 15:16:29.452: V/AudioCache(227): memcpy(0x4498d000, 0xbe2510, 2048)
09-10 15:16:29.452: V/AudioCache(227): write(0xbe2510, 2048)
09-10 15:16:29.452: V/AudioCache(227): memcpy(0x4498d800, 0xbe2510, 2048)
09-10 15:16:29.452: V/AudioCache(227): write(0xbe2510, 2048)
09-10 15:16:29.452: V/AudioCache(227): memcpy(0x4498e000, 0xbe2510, 2048)
09-10 15:16:29.452: V/AudioCache(227): write(0xbe2510, 2048)
09-10 15:16:29.452: V/AudioCache(227): memcpy(0x4498e800, 0xbe2510, 2048)
09-10 15:16:29.452: V/AudioCache(227): write(0xbe2510, 2048)
09-10 15:16:29.452: V/AudioCache(227): memcpy(0x4498f000, 0xbe2510, 2048)
09-10 15:16:29.452: V/AudioCache(227): write(0xbe2510, 2048)
09-10 15:16:29.452: V/AudioCache(227): memcpy(0x4498f800, 0xbe2510, 2048)
09-10 15:16:29.452: V/AudioCache(227): write(0xbe2510, 2048)
09-10 15:16:29.452: V/AudioCache(227): memcpy(0x44990000, 0xbe2510, 2048)
09-10 15:16:29.452: V/AudioCache(227): write(0xbe2510, 2048)
09-10 15:16:29.452: V/AudioCache(227): memcpy(0x44990800, 0xbe2510, 2048)
09-10 15:16:29.452: V/AudioCache(227): write(0xbe2510, 2048)
09-10 15:16:29.452: V/AudioCache(227): memcpy(0x44991000, 0xbe2510, 2048)
09-10 15:16:29.452: V/AudioCache(227): write(0xbe2510, 2048)
09-10 15:16:29.452: V/AudioCache(227): memcpy(0x44991800, 0xbe2510, 2048)
09-10 15:16:29.462: V/AudioCache(227): write(0xbe2510, 2048)
09-10 15:16:29.462: V/AudioCache(227): memcpy(0x44992000, 0xbe2510, 2048)
09-10 15:16:29.462: V/AudioCache(227): write(0xbe2510, 2048)
09-10 15:16:29.462: V/AudioCache(227): memcpy(0x44992800, 0xbe2510, 2048)
09-10 15:16:29.462: V/AudioCache(227): write(0xbe2510, 2048)
09-10 15:16:29.462: V/AudioCache(227): memcpy(0x44993000, 0xbe2510, 2048)
09-10 15:16:29.462: V/AudioCache(227): write(0xbe2510, 2048)
09-10 15:16:29.462: V/AudioCache(227): memcpy(0x44993800, 0xbe2510, 2048)
09-10 15:16:29.462: V/AudioCache(227): write(0xbe2510, 2048)
09-10 15:16:29.462: V/AudioCache(227): memcpy(0x44994000, 0xbe2510, 2048)
09-10 15:16:29.462: V/AudioCache(227): write(0xbe2510, 2048)
09-10 15:16:29.462: V/AudioCache(227): memcpy(0x44994800, 0xbe2510, 2048)
09-10 15:16:29.462: V/AudioCache(227): write(0xbe2510, 2048)
09-10 15:16:29.462: V/AudioCache(227): memcpy(0x44995000, 0xbe2510, 2048)
09-10 15:16:29.462: V/AudioCache(227): write(0xbe2510, 2048)
09-10 15:16:29.462: V/AudioCache(227): memcpy(0x44995800, 0xbe2510, 2048)
09-10 15:16:29.462: V/AudioCache(227): write(0xbe2510, 2048)
09-10 15:16:29.462: V/AudioCache(227): memcpy(0x44996000, 0xbe2510, 2048)
09-10 15:16:29.462: V/AudioCache(227): write(0xbe2510, 2048)
09-10 15:16:29.462: V/AudioCache(227): memcpy(0x44996800, 0xbe2510, 2048)
09-10 15:16:29.472: V/AudioCache(227): write(0xbe2510, 2048)
09-10 15:16:29.472: V/AudioCache(227): memcpy(0x44997000, 0xbe2510, 2048)
09-10 15:16:29.472: V/AudioCache(227): write(0xbe2510, 2048)
09-10 15:16:29.472: V/AudioCache(227): memcpy(0x44997800, 0xbe2510, 2048)
09-10 15:16:29.472: V/AudioCache(227): write(0xbe2510, 2048)
09-10 15:16:29.472: V/AudioCache(227): memcpy(0x44998000, 0xbe2510, 2048)
09-10 15:16:29.472: V/AudioCache(227): write(0xbe2510, 2048)
09-10 15:16:29.472: V/AudioCache(227): memcpy(0x44998800, 0xbe2510, 2048)
09-10 15:16:29.472: V/AudioCache(227): write(0xbe2510, 2048)
09-10 15:16:29.472: V/AudioCache(227): memcpy(0x44999000, 0xbe2510, 2048)
09-10 15:16:29.472: V/AudioCache(227): write(0xbe2510, 2048)
09-10 15:16:29.472: V/AudioCache(227): memcpy(0x44999800, 0xbe2510, 2048)
09-10 15:16:29.472: V/AudioCache(227): write(0xbe2510, 2048)
09-10 15:16:29.472: V/AudioCache(227): memcpy(0x4499a000, 0xbe2510, 2048)
09-10 15:16:29.472: V/AudioCache(227): write(0xbe2510, 2048)
09-10 15:16:29.472: V/AudioCache(227): memcpy(0x4499a800, 0xbe2510, 2048)
09-10 15:16:29.472: V/AudioCache(227): write(0xbe2510, 2048)
09-10 15:16:29.472: V/AudioCache(227): memcpy(0x4499b000, 0xbe2510, 2048)
09-10 15:16:29.472: V/AudioCache(227): write(0xbe2510, 2048)
09-10 15:16:29.472: V/AudioCache(227): memcpy(0x4499b800, 0xbe2510, 2048)
09-10 15:16:29.472: V/AudioCache(227): write(0xbe2510, 2048)
09-10 15:16:29.472: V/AudioCache(227): memcpy(0x4499c000, 0xbe2510, 2048)
09-10 15:16:29.472: V/AudioCache(227): write(0xbe2510, 2048)
09-10 15:16:29.472: V/AudioCache(227): memcpy(0x4499c800, 0xbe2510, 2048)
09-10 15:16:29.472: V/AudioCache(227): write(0xbe2510, 2048)
09-10 15:16:29.472: V/AudioCache(227): memcpy(0x4499d000, 0xbe2510, 2048)
09-10 15:16:29.482: V/AudioCache(227): write(0xbe2510, 2048)
09-10 15:16:29.482: V/AudioCache(227): memcpy(0x4499d800, 0xbe2510, 2048)
09-10 15:16:29.482: V/AudioCache(227): write(0xbe2510, 2048)
09-10 15:16:29.482: V/AudioCache(227): memcpy(0x4499e000, 0xbe2510, 2048)
09-10 15:16:29.482: V/AwesomePlayer(227): postAudioEOS delayUs (0)
09-10 15:16:29.482: V/AwesomePlayer(227): onCheckAudioStatus
09-10 15:16:29.482: V/AwesomePlayer(227): onCheckAudioStatus() set AUDIO_AT_EOS flag
09-10 15:16:29.482: V/AwesomePlayer(227): onStreamDone
09-10 15:16:29.482: V/AwesomePlayer(227): MEDIA_PLAYBACK_COMPLETE
09-10 15:16:29.482: V/AwesomePlayer(227): notifyListner_l() msg (2-MEDIA_PLAYBACK_COMPLETE), ext1 (0), ext2 (0)
09-10 15:16:29.482: V/AudioCache(227): notify(0xc8db50, 2, 0, 0)
09-10 15:16:29.482: V/AudioCache(227): playback complete - thread will wake up later
09-10 15:16:29.482: V/AwesomePlayer(227): cancelPlayerEvents (keepNotifications=1)
09-10 15:16:29.482: V/AudioCache(227): write(0xbe2510, 824)
09-10 15:16:29.482: V/AudioCache(227): memcpy(0x4499e800, 0xbe2510, 824)
09-10 15:16:29.482: V/AwesomePlayer(227): addBatteryData
09-10 15:16:29.482: V/AudioCache(227): wait - success
09-10 15:16:29.482: I/AwesomePlayer(227): reset
09-10 15:16:29.482: V/AwesomePlayer(227): reset_l() cancel player events
09-10 15:16:29.482: V/AwesomePlayer(227): cancelPlayerEvents (keepNotifications=0)
09-10 15:16:29.482: V/AwesomePlayer(227): mAudioTrackVector clear
09-10 15:16:29.482: I/OMXCodec(227): OMXCodec destructor 1
09-10 15:16:29.482: V/AwesomePlayer(227): mAudioPlayer successfully deleted
09-10 15:16:29.482: I/AwesomePlayer(227): reset
09-10 15:16:29.482: V/AwesomePlayer(227): reset_l() cancel player events
