09-10 14:47:31.699: E/SMD(220): DCD ON
09-10 14:47:34.703: E/SMD(220): DCD ON
09-10 14:47:37.706: E/SMD(220): DCD ON
09-10 14:47:40.699: E/SMD(220): DCD ON
09-10 14:47:43.702: E/SMD(220): DCD ON
09-10 14:47:46.706: E/SMD(220): DCD ON
09-10 14:47:49.699: E/SMD(220): DCD ON
09-10 14:47:52.672: D/KeyguardUpdateMonitor(545): received broadcast android.intent.action.BATTERY_CHANGED
09-10 14:47:52.672: D/KeyguardUpdateMonitor(545): handleBatteryUpdate
09-10 14:47:52.672: D/BatteryService(545): update start
09-10 14:47:52.672: D/BatteryService(545): level:100 scale:100 status:5 health:2 present:true voltage: 4340 temperature: 326 technology: Li-ion AC powered:false USB powered:true icon:17303128 invalid charger:0
09-10 14:47:52.672: D/BatteryService(545): turn on LED for fully charged
09-10 14:47:52.672: D/ThermistorObserver(545): mBatteryBRForAMOLED : onReceive() : newTemperature : 326
09-10 14:47:52.682: E/MTPJNIInterface(5757): In MTPJNIINterface onReceive:android.intent.action.BATTERY_CHANGED
09-10 14:47:52.682: D/STATUSBAR-BatteryController(691): onReceive() - ACTION_BATTERY_CHANGED
09-10 14:47:52.682: D/STATUSBAR-BatteryController(691): onReceive() - level:100
09-10 14:47:52.682: D/STATUSBAR-BatteryController(691): onReceive() - plugged:2
09-10 14:47:52.682: D/STATUSBAR-BatteryController(691): onReceive() - BATTERY_STATUS_FULL:
09-10 14:47:52.712: E/SMD(220): DCD ON
09-10 14:47:55.715: E/SMD(220): DCD ON
09-10 14:47:58.708: E/SMD(220): DCD ON
09-10 14:47:59.990: D/KeyguardUpdateMonitor(545): received broadcast android.intent.action.TIME_TICK
09-10 14:47:59.990: D/KeyguardUpdateMonitor(545): handleTimeUpdate
09-10 14:47:59.990: V/AlarmManager(545): waitForAlarm result :8
09-10 14:47:59.990: V/AlarmManager(545): ClockReceiver onReceive() ACTION_TIME_TICK
09-10 14:47:59.990: W/AlarmManager(545): FACTORY_ON= 0
09-10 14:48:00.000: D/STATUSBAR-Clock(691): onReceive() - ACTION_TIME_TICK
09-10 14:48:00.000: D/STATUSBAR-Clock(691): updateClock :2:48 PM
09-10 14:48:00.000: D/STATUSBAR-DateView(691): updateClock :09/10/2012
09-10 14:48:00.070: D/ClockWidget(545): refreshTime()
09-10 14:48:00.080: D/ClockWidget(545): TTS Message = It is 2 : 48 PM, Monday, September 10
09-10 14:48:01.712: E/SMD(220): DCD ON
09-10 14:48:04.715: E/SMD(220): DCD ON
09-10 14:48:07.708: E/SMD(220): DCD ON
09-10 14:48:10.711: E/SMD(220): DCD ON
09-10 14:48:13.714: E/SMD(220): DCD ON
09-10 14:48:16.718: E/SMD(220): DCD ON
09-10 14:48:19.711: E/SMD(220): DCD ON
09-10 14:48:22.724: E/SMD(220): DCD ON
09-10 14:48:23.204: D/KeyguardUpdateMonitor(545): received broadcast android.intent.action.BATTERY_CHANGED
09-10 14:48:23.204: D/BatteryService(545): update start
09-10 14:48:23.204: D/BatteryService(545): level:100 scale:100 status:5 health:2 present:true voltage: 4340 temperature: 325 technology: Li-ion AC powered:false USB powered:true icon:17303128 invalid charger:0
09-10 14:48:23.204: D/BatteryService(545): turn on LED for fully charged
09-10 14:48:23.204: D/ThermistorObserver(545): mBatteryBRForAMOLED : onReceive() : newTemperature : 325
09-10 14:48:23.214: D/KeyguardUpdateMonitor(545): handleBatteryUpdate
09-10 14:48:23.214: E/MTPJNIInterface(5757): In MTPJNIINterface onReceive:android.intent.action.BATTERY_CHANGED
09-10 14:48:23.214: D/STATUSBAR-BatteryController(691): onReceive() - ACTION_BATTERY_CHANGED
09-10 14:48:23.214: D/STATUSBAR-BatteryController(691): onReceive() - level:100
09-10 14:48:23.214: D/STATUSBAR-BatteryController(691): onReceive() - plugged:2
09-10 14:48:23.214: D/STATUSBAR-BatteryController(691): onReceive() - BATTERY_STATUS_FULL:
09-10 14:48:25.727: E/SMD(220): DCD ON
09-10 14:48:28.720: E/SMD(220): DCD ON
09-10 14:48:31.724: E/SMD(220): DCD ON
09-10 14:48:34.727: E/SMD(220): DCD ON
09-10 14:48:37.720: E/SMD(220): DCD ON
09-10 14:48:40.723: E/SMD(220): DCD ON
09-10 14:48:43.726: E/SMD(220): DCD ON
09-10 14:48:46.720: E/SMD(220): DCD ON
09-10 14:48:49.733: E/SMD(220): DCD ON
09-10 14:48:52.736: E/SMD(220): DCD ON
09-10 14:48:53.727: D/KeyguardUpdateMonitor(545): received broadcast android.intent.action.BATTERY_CHANGED
09-10 14:48:53.727: D/KeyguardUpdateMonitor(545): handleBatteryUpdate
09-10 14:48:53.727: D/BatteryService(545): update start
09-10 14:48:53.727: D/BatteryService(545): level:100 scale:100 status:5 health:2 present:true voltage: 4338 temperature: 323 technology: Li-ion AC powered:false USB powered:true icon:17303128 invalid charger:0
09-10 14:48:53.727: D/ThermistorObserver(545): mBatteryBRForAMOLED : onReceive() : newTemperature : 323
09-10 14:48:53.737: E/MTPJNIInterface(5757): In MTPJNIINterface onReceive:android.intent.action.BATTERY_CHANGED
09-10 14:48:53.737: D/STATUSBAR-BatteryController(691): onReceive() - ACTION_BATTERY_CHANGED
09-10 14:48:53.737: D/STATUSBAR-BatteryController(691): onReceive() - level:100
09-10 14:48:53.737: D/STATUSBAR-BatteryController(691): onReceive() - plugged:2
09-10 14:48:53.737: D/STATUSBAR-BatteryController(691): onReceive() - BATTERY_STATUS_FULL:
09-10 14:48:53.737: D/BatteryService(545): turn on LED for fully charged
09-10 14:48:55.729: E/SMD(220): DCD ON
09-10 14:48:58.732: E/SMD(220): DCD ON
09-10 14:48:59.994: V/AlarmManager(545): waitForAlarm result :8
09-10 14:48:59.994: V/AlarmManager(545): ClockReceiver onReceive() ACTION_TIME_TICK
09-10 14:48:59.994: W/AlarmManager(545): FACTORY_ON= 0
09-10 14:49:00.004: D/KeyguardUpdateMonitor(545): received broadcast android.intent.action.TIME_TICK
09-10 14:49:00.004: D/KeyguardUpdateMonitor(545): handleTimeUpdate
09-10 14:49:00.004: D/STATUSBAR-Clock(691): onReceive() - ACTION_TIME_TICK
09-10 14:49:00.004: D/STATUSBAR-Clock(691): updateClock :2:49 PM
09-10 14:49:00.014: D/STATUSBAR-DateView(691): updateClock :09/10/2012
09-10 14:49:00.074: D/ClockWidget(545): refreshTime()
09-10 14:49:00.074: D/ClockWidget(545): TTS Message = It is 2 : 49 PM, Monday, September 10
09-10 14:49:01.736: E/SMD(220): DCD ON
09-10 14:49:04.729: E/SMD(220): DCD ON
09-10 14:49:07.732: E/SMD(220): DCD ON
09-10 14:49:10.735: E/SMD(220): DCD ON
09-10 14:49:13.728: E/SMD(220): DCD ON
09-10 14:49:16.732: E/SMD(220): DCD ON
09-10 14:49:19.735: E/SMD(220): DCD ON
09-10 14:49:22.728: E/SMD(220): DCD ON
09-10 14:49:24.240: D/BatteryService(545): update start
09-10 14:49:24.240: D/BatteryService(545): level:100 scale:100 status:5 health:2 present:true voltage: 4338 temperature: 324 technology: Li-ion AC powered:false USB powered:true icon:17303128 invalid charger:0
09-10 14:49:24.250: D/KeyguardUpdateMonitor(545): received broadcast android.intent.action.BATTERY_CHANGED
09-10 14:49:24.250: D/KeyguardUpdateMonitor(545): handleBatteryUpdate
09-10 14:49:24.250: E/MTPJNIInterface(5757): In MTPJNIINterface onReceive:android.intent.action.BATTERY_CHANGED
09-10 14:49:24.250: D/ThermistorObserver(545): mBatteryBRForAMOLED : onReceive() : newTemperature : 324
09-10 14:49:24.250: D/STATUSBAR-BatteryController(691): onReceive() - ACTION_BATTERY_CHANGED
09-10 14:49:24.250: D/STATUSBAR-BatteryController(691): onReceive() - level:100
09-10 14:49:24.250: D/STATUSBAR-BatteryController(691): onReceive() - plugged:2
09-10 14:49:24.250: D/STATUSBAR-BatteryController(691): onReceive() - BATTERY_STATUS_FULL:
09-10 14:49:24.260: D/BatteryService(545): turn on LED for fully charged
09-10 14:49:25.741: E/SMD(220): DCD ON
09-10 14:49:28.744: E/SMD(220): DCD ON
09-10 14:49:31.748: E/SMD(220): DCD ON
09-10 14:49:34.741: E/SMD(220): DCD ON
09-10 14:49:37.744: E/SMD(220): DCD ON
09-10 14:49:40.747: E/SMD(220): DCD ON
09-10 14:49:43.740: E/SMD(220): DCD ON
09-10 14:49:46.744: E/SMD(220): DCD ON
09-10 14:49:49.747: E/SMD(220): DCD ON
09-10 14:49:51.399: V/AlarmManager(545): waitForAlarm result :8
09-10 14:49:51.409: W/ThrottleService(545): unable to find stats for iface rmnet0
09-10 14:49:51.409: W/AlarmManager(545): FACTORY_ON= 0
09-10 14:49:52.740: E/SMD(220): DCD ON
09-10 14:49:54.902: D/BatteryService(545): update start
09-10 14:49:54.902: D/BatteryService(545): level:100 scale:100 status:5 health:2 present:true voltage: 4340 temperature: 323 technology: Li-ion AC powered:false USB powered:true icon:17303128 invalid charger:0
09-10 14:49:54.912: D/KeyguardUpdateMonitor(545): received broadcast android.intent.action.BATTERY_CHANGED
09-10 14:49:54.912: D/KeyguardUpdateMonitor(545): handleBatteryUpdate
09-10 14:49:54.912: D/ThermistorObserver(545): mBatteryBRForAMOLED : onReceive() : newTemperature : 323
09-10 14:49:54.912: D/STATUSBAR-BatteryController(691): onReceive() - ACTION_BATTERY_CHANGED
09-10 14:49:54.912: D/STATUSBAR-BatteryController(691): onReceive() - level:100
09-10 14:49:54.912: D/STATUSBAR-BatteryController(691): onReceive() - plugged:2
09-10 14:49:54.912: D/STATUSBAR-BatteryController(691): onReceive() - BATTERY_STATUS_FULL:
09-10 14:49:54.922: E/MTPJNIInterface(5757): In MTPJNIINterface onReceive:android.intent.action.BATTERY_CHANGED
09-10 14:49:54.922: D/BatteryService(545): turn on LED for fully charged
09-10 14:49:55.743: E/SMD(220): DCD ON
09-10 14:49:58.746: E/SMD(220): DCD ON
09-10 14:49:59.988: D/KeyguardUpdateMonitor(545): received broadcast android.intent.action.TIME_TICK
09-10 14:49:59.988: D/KeyguardUpdateMonitor(545): handleTimeUpdate
09-10 14:49:59.988: V/AlarmManager(545): waitForAlarm result :8
09-10 14:49:59.988: V/AlarmManager(545): ClockReceiver onReceive() ACTION_TIME_TICK
09-10 14:49:59.988: W/AlarmManager(545): FACTORY_ON= 0
09-10 14:49:59.988: D/STATUSBAR-Clock(691): onReceive() - ACTION_TIME_TICK
09-10 14:49:59.998: D/STATUSBAR-Clock(691): updateClock :2:50 PM
09-10 14:49:59.998: D/STATUSBAR-DateView(691): updateClock :09/10/2012
09-10 14:50:00.058: D/ClockWidget(545): refreshTime()
09-10 14:50:00.078: D/ClockWidget(545): TTS Message = It is 2 : 50 PM, Monday, September 10
09-10 14:50:01.740: E/SMD(220): DCD ON
09-10 14:50:04.743: E/SMD(220): DCD ON
09-10 14:50:07.746: E/SMD(220): DCD ON
09-10 14:50:10.749: E/SMD(220): DCD ON
09-10 14:50:13.752: E/SMD(220): DCD ON
09-10 14:50:16.756: E/SMD(220): DCD ON
09-10 14:50:19.749: E/SMD(220): DCD ON
09-10 14:50:22.752: E/SMD(220): DCD ON
09-10 14:50:25.425: D/KeyguardUpdateMonitor(545): received broadcast android.intent.action.BATTERY_CHANGED
09-10 14:50:25.425: D/KeyguardUpdateMonitor(545): handleBatteryUpdate
09-10 14:50:25.425: E/MTPJNIInterface(5757): In MTPJNIINterface onReceive:android.intent.action.BATTERY_CHANGED
09-10 14:50:25.425: D/BatteryService(545): update start
09-10 14:50:25.425: D/BatteryService(545): level:100 scale:100 status:5 health:2 present:true voltage: 4338 temperature: 323 technology: Li-ion AC powered:false USB powered:true icon:17303128 invalid charger:0
09-10 14:50:25.425: D/ThermistorObserver(545): mBatteryBRForAMOLED : onReceive() : newTemperature : 323
09-10 14:50:25.425: D/STATUSBAR-BatteryController(691): onReceive() - ACTION_BATTERY_CHANGED
09-10 14:50:25.425: D/STATUSBAR-BatteryController(691): onReceive() - level:100
09-10 14:50:25.425: D/STATUSBAR-BatteryController(691): onReceive() - plugged:2
09-10 14:50:25.425: D/STATUSBAR-BatteryController(691): onReceive() - BATTERY_STATUS_FULL:
09-10 14:50:25.435: D/BatteryService(545): turn on LED for fully charged
09-10 14:50:25.755: E/SMD(220): DCD ON
09-10 14:50:28.748: E/SMD(220): DCD ON
09-10 14:50:31.752: E/SMD(220): DCD ON
09-10 14:50:34.755: E/SMD(220): DCD ON
09-10 14:50:37.748: E/SMD(220): DCD ON
09-10 14:50:40.751: E/SMD(220): DCD ON
09-10 14:50:43.754: E/SMD(220): DCD ON
09-10 14:50:46.758: E/SMD(220): DCD ON
09-10 14:50:49.761: E/SMD(220): DCD ON
09-10 14:50:52.764: E/SMD(220): DCD ON
09-10 14:50:55.767: E/SMD(220): DCD ON
09-10 14:50:55.957: D/KeyguardUpdateMonitor(545): received broadcast android.intent.action.BATTERY_CHANGED
09-10 14:50:55.957: D/KeyguardUpdateMonitor(545): handleBatteryUpdate
09-10 14:50:55.957: D/BatteryService(545): update start
09-10 14:50:55.957: D/BatteryService(545): level:100 scale:100 status:5 health:2 present:true voltage: 4337 temperature: 322 technology: Li-ion AC powered:false USB powered:true icon:17303128 invalid charger:0
09-10 14:50:55.957: D/ThermistorObserver(545): mBatteryBRForAMOLED : onReceive() : newTemperature : 322
09-10 14:50:55.957: D/STATUSBAR-BatteryController(691): onReceive() - ACTION_BATTERY_CHANGED
09-10 14:50:55.957: D/STATUSBAR-BatteryController(691): onReceive() - level:100
09-10 14:50:55.957: D/STATUSBAR-BatteryController(691): onReceive() - plugged:2
09-10 14:50:55.957: D/STATUSBAR-BatteryController(691): onReceive() - BATTERY_STATUS_FULL:
09-10 14:50:55.967: E/MTPJNIInterface(5757): In MTPJNIINterface onReceive:android.intent.action.BATTERY_CHANGED
09-10 14:50:55.967: D/BatteryService(545): turn on LED for fully charged
09-10 14:50:58.760: E/SMD(220): DCD ON
09-10 14:50:59.992: D/KeyguardUpdateMonitor(545): received broadcast android.intent.action.TIME_TICK
09-10 14:50:59.992: D/KeyguardUpdateMonitor(545): handleTimeUpdate
09-10 14:50:59.992: V/AlarmManager(545): waitForAlarm result :8
09-10 14:50:59.992: V/AlarmManager(545): ClockReceiver onReceive() ACTION_TIME_TICK
09-10 14:50:59.992: W/AlarmManager(545): FACTORY_ON= 0
09-10 14:50:59.992: D/STATUSBAR-Clock(691): onReceive() - ACTION_TIME_TICK
09-10 14:51:00.002: D/STATUSBAR-Clock(691): updateClock :2:51 PM
09-10 14:51:00.002: D/STATUSBAR-DateView(691): updateClock :09/10/2012
09-10 14:51:00.082: D/ClockWidget(545): refreshTime()
09-10 14:51:00.082: D/ClockWidget(545): TTS Message = It is 2 : 51 PM, Monday, September 10
09-10 14:51:01.764: E/SMD(220): DCD ON
09-10 14:51:04.767: E/SMD(220): DCD ON
09-10 14:51:06.779: E/MP-Decision(1343): DOWN Ld:60 Ns:1.100000 Ts:190 rq:1.000000 seq:196.000000
09-10 14:51:07.760: E/SMD(220): DCD ON
09-10 14:51:07.980: E/MP-Decision(1343): UP Ld:92 Nw:1.990000 Tw:140 rq:1.000000 seq:147.000000
09-10 14:51:10.763: E/SMD(220): DCD ON
09-10 14:51:13.766: E/SMD(220): DCD ON
09-10 14:51:16.760: E/SMD(220): DCD ON
09-10 14:51:19.773: E/SMD(220): DCD ON
09-10 14:51:22.776: E/SMD(220): DCD ON
09-10 14:51:25.769: E/SMD(220): DCD ON
09-10 14:51:26.470: D/BatteryService(545): update start
09-10 14:51:26.470: D/BatteryService(545): level:100 scale:100 status:5 health:2 present:true voltage: 4338 temperature: 320 technology: Li-ion AC powered:false USB powered:true icon:17303128 invalid charger:0
09-10 14:51:26.480: D/KeyguardUpdateMonitor(545): received broadcast android.intent.action.BATTERY_CHANGED
09-10 14:51:26.480: D/KeyguardUpdateMonitor(545): handleBatteryUpdate
09-10 14:51:26.480: E/MTPJNIInterface(5757): In MTPJNIINterface onReceive:android.intent.action.BATTERY_CHANGED
09-10 14:51:26.480: D/BatteryService(545): turn on LED for fully charged
09-10 14:51:26.480: D/ThermistorObserver(545): mBatteryBRForAMOLED : onReceive() : newTemperature : 320
09-10 14:51:26.480: D/STATUSBAR-BatteryController(691): onReceive() - ACTION_BATTERY_CHANGED
09-10 14:51:26.480: D/STATUSBAR-BatteryController(691): onReceive() - level:100
09-10 14:51:26.480: D/STATUSBAR-BatteryController(691): onReceive() - plugged:2
09-10 14:51:26.480: D/STATUSBAR-BatteryController(691): onReceive() - BATTERY_STATUS_FULL:
09-10 14:51:28.772: E/SMD(220): DCD ON
09-10 14:51:31.776: E/SMD(220): DCD ON
09-10 14:51:34.769: E/SMD(220): DCD ON
09-10 14:51:37.772: E/SMD(220): DCD ON
09-10 14:51:40.775: E/SMD(220): DCD ON
09-10 14:51:43.768: E/SMD(220): DCD ON
09-10 14:51:46.772: E/SMD(220): DCD ON
09-10 14:51:49.785: E/SMD(220): DCD ON
09-10 14:51:52.778: E/SMD(220): DCD ON
09-10 14:51:55.781: E/SMD(220): DCD ON
09-10 14:51:57.003: D/BatteryService(545): update start
09-10 14:51:57.003: D/BatteryService(545): level:100 scale:100 status:5 health:2 present:true voltage: 4340 temperature: 319 technology: Li-ion AC powered:false USB powered:true icon:17303128 invalid charger:0
09-10 14:51:57.013: D/KeyguardUpdateMonitor(545): received broadcast android.intent.action.BATTERY_CHANGED
09-10 14:51:57.013: D/KeyguardUpdateMonitor(545): handleBatteryUpdate
09-10 14:51:57.013: E/MTPJNIInterface(5757): In MTPJNIINterface onReceive:android.intent.action.BATTERY_CHANGED
09-10 14:51:57.013: D/BatteryService(545): turn on LED for fully charged
09-10 14:51:57.013: D/ThermistorObserver(545): mBatteryBRForAMOLED : onReceive() : newTemperature : 319
09-10 14:51:57.013: D/STATUSBAR-BatteryController(691): onReceive() - ACTION_BATTERY_CHANGED
09-10 14:51:57.013: D/STATUSBAR-BatteryController(691): onReceive() - level:100
09-10 14:51:57.013: D/STATUSBAR-BatteryController(691): onReceive() - plugged:2
09-10 14:51:57.013: D/STATUSBAR-BatteryController(691): onReceive() - BATTERY_STATUS_FULL:
09-10 14:51:58.784: E/SMD(220): DCD ON
09-10 14:51:59.996: V/AlarmManager(545): waitForAlarm result :8
09-10 14:51:59.996: V/AlarmManager(545): ClockReceiver onReceive() ACTION_TIME_TICK
09-10 14:51:59.996: W/AlarmManager(545): FACTORY_ON= 0
09-10 14:52:00.006: D/KeyguardUpdateMonitor(545): received broadcast android.intent.action.TIME_TICK
09-10 14:52:00.006: D/KeyguardUpdateMonitor(545): handleTimeUpdate
09-10 14:52:00.006: D/STATUSBAR-Clock(691): onReceive() - ACTION_TIME_TICK
09-10 14:52:00.006: D/STATUSBAR-Clock(691): updateClock :2:52 PM
09-10 14:52:00.006: D/STATUSBAR-DateView(691): updateClock :09/10/2012
09-10 14:52:00.076: D/ClockWidget(545): refreshTime()
09-10 14:52:00.076: D/ClockWidget(545): TTS Message = It is 2 : 52 PM, Monday, September 10
09-10 14:52:01.778: E/SMD(220): DCD ON
09-10 14:52:04.781: E/SMD(220): DCD ON
09-10 14:52:07.784: E/SMD(220): DCD ON
09-10 14:52:10.787: E/SMD(220): DCD ON
09-10 14:52:13.780: E/SMD(220): DCD ON
09-10 14:52:16.794: E/SMD(220): DCD ON
09-10 14:52:19.797: E/SMD(220): DCD ON
09-10 14:52:21.088: V/AlarmManager(545): waitForAlarm result :8
09-10 14:52:21.098: W/AlarmManager(545): FACTORY_ON= 0
09-10 14:52:22.790: E/SMD(220): DCD ON
09-10 14:52:25.793: E/SMD(220): DCD ON
09-10 14:52:27.525: D/BatteryService(545): update start
09-10 14:52:27.525: D/BatteryService(545): level:100 scale:100 status:5 health:2 present:true voltage: 4338 temperature: 319 technology: Li-ion AC powered:false USB powered:true icon:17303128 invalid charger:0
09-10 14:52:27.535: D/KeyguardUpdateMonitor(545): received broadcast android.intent.action.BATTERY_CHANGED
09-10 14:52:27.535: D/KeyguardUpdateMonitor(545): handleBatteryUpdate
09-10 14:52:27.535: E/MTPJNIInterface(5757): In MTPJNIINterface onReceive:android.intent.action.BATTERY_CHANGED
09-10 14:52:27.535: D/ThermistorObserver(545): mBatteryBRForAMOLED : onReceive() : newTemperature : 319
09-10 14:52:27.535: D/BatteryService(545): turn on LED for fully charged
09-10 14:52:27.535: D/STATUSBAR-BatteryController(691): onReceive() - ACTION_BATTERY_CHANGED
09-10 14:52:27.535: D/STATUSBAR-BatteryController(691): onReceive() - level:100
09-10 14:52:27.535: D/STATUSBAR-BatteryController(691): onReceive() - plugged:2
09-10 14:52:27.535: D/STATUSBAR-BatteryController(691): onReceive() - BATTERY_STATUS_FULL:
09-10 14:52:28.797: E/SMD(220): DCD ON
09-10 14:52:31.790: E/SMD(220): DCD ON
09-10 14:52:34.793: E/SMD(220): DCD ON
09-10 14:52:37.796: E/SMD(220): DCD ON
09-10 14:52:40.789: E/SMD(220): DCD ON
09-10 14:52:43.793: E/SMD(220): DCD ON
09-10 14:52:46.806: E/SMD(220): DCD ON
09-10 14:52:49.799: E/SMD(220): DCD ON
09-10 14:52:52.802: E/SMD(220): DCD ON
09-10 14:52:55.805: E/SMD(220): DCD ON
09-10 14:52:58.799: E/SMD(220): DCD ON
09-10 14:52:59.990: V/AlarmManager(545): waitForAlarm result :8
09-10 14:52:59.990: V/AlarmManager(545): ClockReceiver onReceive() ACTION_TIME_TICK
09-10 14:52:59.990: W/AlarmManager(545): FACTORY_ON= 0
09-10 14:53:00.000: D/KeyguardUpdateMonitor(545): received broadcast android.intent.action.TIME_TICK
09-10 14:53:00.000: D/KeyguardUpdateMonitor(545): handleTimeUpdate
09-10 14:53:00.000: D/STATUSBAR-Clock(691): onReceive() - ACTION_TIME_TICK
09-10 14:53:00.000: D/STATUSBAR-Clock(691): updateClock :2:53 PM
09-10 14:53:00.010: D/STATUSBAR-DateView(691): updateClock :09/10/2012
09-10 14:53:00.070: D/ClockWidget(545): refreshTime()
09-10 14:53:00.090: D/ClockWidget(545): TTS Message = It is 2 : 53 PM, Monday, September 10
09-10 14:53:01.802: E/SMD(220): DCD ON
09-10 14:53:03.844: V/AlarmManager(545): waitForAlarm result :12
09-10 14:53:03.884: D/MobileDataStateTracker(545): default: setPolicyDataEnable(enabled=true)
09-10 14:53:04.064: D/dalvikvm(955): GC_EXPLICIT freed 5571K, 20% free 31853K/39651K, paused 7ms+42ms
09-10 14:53:04.064: D/AbsListView(955): [unregisterDoubleTapMotionListener]
09-10 14:53:04.074: I/MotionRecognitionManager(955): .unregisterListener : / listener count = 0->0, listener=android.widget.AbsListView$4@42b67db8
09-10 14:53:04.074: D/AbsListView(955): [unregisterDoubleTapMotionListener]
09-10 14:53:04.074: I/MotionRecognitionManager(955): .unregisterListener : / listener count = 0->0, listener=android.widget.AbsListView$4@42e180e0
09-10 14:53:04.074: D/AbsListView(955): [unregisterDoubleTapMotionListener]
09-10 14:53:04.074: I/MotionRecognitionManager(955): .unregisterListener : / listener count = 0->0, listener=android.widget.AbsListView$4@43074418
09-10 14:53:04.354: D/KeyguardUpdateMonitor(545): received broadcast android.intent.action.BATTERY_CHANGED
09-10 14:53:04.354: D/BatteryService(545): update start
09-10 14:53:04.354: D/BatteryService(545): level:100 scale:100 status:5 health:2 present:true voltage: 4341 temperature: 319 technology: Li-ion AC powered:false USB powered:true icon:17303128 invalid charger:0
09-10 14:53:04.354: D/STATUSBAR-BatteryController(691): onReceive() - ACTION_BATTERY_CHANGED
09-10 14:53:04.354: D/STATUSBAR-BatteryController(691): onReceive() - level:100
09-10 14:53:04.354: D/STATUSBAR-BatteryController(691): onReceive() - plugged:2
09-10 14:53:04.354: D/STATUSBAR-BatteryController(691): onReceive() - BATTERY_STATUS_FULL:
09-10 14:53:04.354: D/ThermistorObserver(545): mBatteryBRForAMOLED : onReceive() : newTemperature : 319
09-10 14:53:04.364: D/KeyguardUpdateMonitor(545): handleBatteryUpdate
09-10 14:53:04.364: E/MTPJNIInterface(5757): In MTPJNIINterface onReceive:android.intent.action.BATTERY_CHANGED
09-10 14:53:04.364: D/BatteryService(545): turn on LED for fully charged
09-10 14:53:04.805: E/SMD(220): DCD ON
09-10 14:53:06.687: E/MP-Decision(1343): DOWN Ld:60 Ns:1.100000 Ts:190 rq:1.000000 seq:196.000000
09-10 14:53:07.798: E/SMD(220): DCD ON
09-10 14:53:09.980: E/MP-Decision(1343): UP Ld:92 Nw:1.990000 Tw:140 rq:1.000000 seq:147.000000
09-10 14:53:10.801: E/SMD(220): DCD ON
09-10 14:53:13.805: E/SMD(220): DCD ON
09-10 14:53:16.798: E/SMD(220): DCD ON
09-10 14:53:19.811: E/SMD(220): DCD ON
09-10 14:53:22.814: E/SMD(220): DCD ON
09-10 14:53:25.817: E/SMD(220): DCD ON
09-10 14:53:28.811: E/SMD(220): DCD ON
09-10 14:53:31.814: E/SMD(220): DCD ON
09-10 14:53:34.817: E/SMD(220): DCD ON
09-10 14:53:34.867: D/KeyguardUpdateMonitor(545): received broadcast android.intent.action.BATTERY_CHANGED
09-10 14:53:34.867: D/BatteryService(545): update start
09-10 14:53:34.867: D/BatteryService(545): level:100 scale:100 status:5 health:2 present:true voltage: 4341 temperature: 318 technology: Li-ion AC powered:false USB powered:true icon:17303128 invalid charger:0
09-10 14:53:34.867: D/STATUSBAR-BatteryController(691): onReceive() - ACTION_BATTERY_CHANGED
09-10 14:53:34.867: D/STATUSBAR-BatteryController(691): onReceive() - level:100
09-10 14:53:34.867: D/ThermistorObserver(545): mBatteryBRForAMOLED : onReceive() : newTemperature : 318
09-10 14:53:34.867: D/STATUSBAR-BatteryController(691): onReceive() - plugged:2
09-10 14:53:34.867: D/STATUSBAR-BatteryController(691): onReceive() - BATTERY_STATUS_FULL:
09-10 14:53:34.877: D/KeyguardUpdateMonitor(545): handleBatteryUpdate
09-10 14:53:34.877: E/MTPJNIInterface(5757): In MTPJNIINterface onReceive:android.intent.action.BATTERY_CHANGED
09-10 14:53:34.877: D/BatteryService(545): turn on LED for fully charged
09-10 14:53:37.810: E/SMD(220): DCD ON
09-10 14:53:40.813: E/SMD(220): DCD ON
09-10 14:53:43.817: E/SMD(220): DCD ON
09-10 14:53:46.810: E/SMD(220): DCD ON
09-10 14:53:49.813: E/SMD(220): DCD ON
09-10 14:53:52.816: E/SMD(220): DCD ON
09-10 14:53:55.809: E/SMD(220): DCD ON
09-10 14:53:58.813: E/SMD(220): DCD ON
09-10 14:53:59.994: V/AlarmManager(545): waitForAlarm result :8
09-10 14:53:59.994: V/AlarmManager(545): ClockReceiver onReceive() ACTION_TIME_TICK
09-10 14:53:59.994: W/AlarmManager(545): FACTORY_ON= 0
09-10 14:54:00.004: D/KeyguardUpdateMonitor(545): received broadcast android.intent.action.TIME_TICK
09-10 14:54:00.004: D/KeyguardUpdateMonitor(545): handleTimeUpdate
09-10 14:54:00.004: D/STATUSBAR-Clock(691): onReceive() - ACTION_TIME_TICK
09-10 14:54:00.004: D/STATUSBAR-Clock(691): updateClock :2:54 PM
09-10 14:54:00.014: D/STATUSBAR-DateView(691): updateClock :09/10/2012
09-10 14:54:00.074: D/ClockWidget(545): refreshTime()
09-10 14:54:00.074: D/ClockWidget(545): TTS Message = It is 2 : 54 PM, Monday, September 10
09-10 14:54:01.816: E/SMD(220): DCD ON
09-10 14:54:04.819: E/SMD(220): DCD ON
09-10 14:54:06.080: V/AlarmManager(545): waitForAlarm result :4
09-10 14:54:06.100: W/AlarmManager(545): FACTORY_ON= 0
09-10 14:54:06.591: D/BatteryService(545): update start
09-10 14:54:06.591: D/BatteryService(545): level:100 scale:100 status:5 health:2 present:true voltage: 4340 temperature: 317 technology: Li-ion AC powered:false USB powered:true icon:17303128 invalid charger:0
09-10 14:54:06.601: D/KeyguardUpdateMonitor(545): received broadcast android.intent.action.BATTERY_CHANGED
09-10 14:54:06.601: D/KeyguardUpdateMonitor(545): handleBatteryUpdate
09-10 14:54:06.601: D/BatteryService(545): turn on LED for fully charged
09-10 14:54:06.601: D/ThermistorObserver(545): mBatteryBRForAMOLED : onReceive() : newTemperature : 317
09-10 14:54:06.601: D/STATUSBAR-BatteryController(691): onReceive() - ACTION_BATTERY_CHANGED
09-10 14:54:06.601: D/STATUSBAR-BatteryController(691): onReceive() - level:100
09-10 14:54:06.601: D/STATUSBAR-BatteryController(691): onReceive() - plugged:2
09-10 14:54:06.601: D/STATUSBAR-BatteryController(691): onReceive() - BATTERY_STATUS_FULL:
09-10 14:54:06.611: E/MTPJNIInterface(5757): In MTPJNIINterface onReceive:android.intent.action.BATTERY_CHANGED
09-10 14:54:07.822: E/SMD(220): DCD ON
09-10 14:54:10.825: E/SMD(220): DCD ON
09-10 14:54:13.819: E/SMD(220): DCD ON
09-10 14:54:16.822: E/SMD(220): DCD ON
09-10 14:54:19.825: E/SMD(220): DCD ON
09-10 14:54:22.818: E/SMD(220): DCD ON
09-10 14:54:25.821: E/SMD(220): DCD ON
09-10 14:54:28.825: E/SMD(220): DCD ON
09-10 14:54:31.818: E/SMD(220): DCD ON
09-10 14:54:34.831: E/SMD(220): DCD ON
09-10 14:54:37.113: D/BatteryService(545): update start
09-10 14:54:37.113: D/BatteryService(545): level:100 scale:100 status:5 health:2 present:true voltage: 4338 temperature: 317 technology: Li-ion AC powered:false USB powered:true icon:17303128 invalid charger:0
09-10 14:54:37.123: E/MTPJNIInterface(5757): In MTPJNIINterface onReceive:android.intent.action.BATTERY_CHANGED
09-10 14:54:37.123: D/KeyguardUpdateMonitor(545): received broadcast android.intent.action.BATTERY_CHANGED
09-10 14:54:37.123: D/KeyguardUpdateMonitor(545): handleBatteryUpdate
09-10 14:54:37.123: D/ThermistorObserver(545): mBatteryBRForAMOLED : onReceive() : newTemperature : 317
09-10 14:54:37.123: D/STATUSBAR-BatteryController(691): onReceive() - ACTION_BATTERY_CHANGED
09-10 14:54:37.133: D/STATUSBAR-BatteryController(691): onReceive() - level:100
09-10 14:54:37.133: D/STATUSBAR-BatteryController(691): onReceive() - plugged:2
09-10 14:54:37.133: D/STATUSBAR-BatteryController(691): onReceive() - BATTERY_STATUS_FULL:
09-10 14:54:37.153: W/AlarmManager(545): FACTORY_ON= 0
09-10 14:54:37.153: D/BatteryService(545): turn on LED for fully charged
09-10 14:54:37.534: D/dalvikvm(7076): GC_CONCURRENT freed 1788K, 18% free 13955K/16867K, paused 5ms+5ms
09-10 14:54:37.834: E/SMD(220): DCD ON
09-10 14:54:40.837: E/SMD(220): DCD ON
09-10 14:54:43.831: E/SMD(220): DCD ON
09-10 14:54:46.834: E/SMD(220): DCD ON
09-10 14:54:49.837: E/SMD(220): DCD ON
09-10 14:54:52.149: V/AlarmManager(545): waitForAlarm result :4
09-10 14:54:52.830: E/SMD(220): DCD ON
09-10 14:54:55.833: E/SMD(220): DCD ON
09-10 14:54:58.837: E/SMD(220): DCD ON
09-10 14:54:59.988: V/AlarmManager(545): waitForAlarm result :8
09-10 14:54:59.988: V/AlarmManager(545): ClockReceiver onReceive() ACTION_TIME_TICK
09-10 14:54:59.988: W/AlarmManager(545): FACTORY_ON= 0
09-10 14:54:59.998: D/KeyguardUpdateMonitor(545): received broadcast android.intent.action.TIME_TICK
09-10 14:54:59.998: D/KeyguardUpdateMonitor(545): handleTimeUpdate
09-10 14:54:59.998: D/STATUSBAR-Clock(691): onReceive() - ACTION_TIME_TICK
09-10 14:54:59.998: D/STATUSBAR-Clock(691): updateClock :2:55 PM
09-10 14:55:00.018: D/STATUSBAR-DateView(691): updateClock :09/10/2012
09-10 14:55:00.098: D/ClockWidget(545): refreshTime()
09-10 14:55:00.098: D/ClockWidget(545): TTS Message = It is 2 : 55 PM, Monday, September 10
09-10 14:55:01.840: E/SMD(220): DCD ON
09-10 14:55:04.843: E/SMD(220): DCD ON
09-10 14:55:06.685: E/MP-Decision(1343): DOWN Ld:60 Ns:1.100000 Ts:190 rq:1.000000 seq:196.000000
09-10 14:55:07.666: D/BatteryService(545): update start
09-10 14:55:07.846: E/SMD(220): DCD ON
09-10 14:55:09.979: E/MP-Decision(1343): UP Ld:92 Nw:1.990000 Tw:140 rq:1.000000 seq:147.000000
09-10 14:55:10.839: E/SMD(220): DCD ON
09-10 14:55:13.843: E/SMD(220): DCD ON
09-10 14:55:16.846: E/SMD(220): DCD ON
09-10 14:55:19.839: E/SMD(220): DCD ON
09-10 14:55:22.842: E/SMD(220): DCD ON
09-10 14:55:25.845: E/SMD(220): DCD ON
09-10 14:55:28.839: E/SMD(220): DCD ON
09-10 14:55:31.842: E/SMD(220): DCD ON
09-10 14:55:34.845: E/SMD(220): DCD ON
09-10 14:55:36.397: V/AlarmManager(545): waitForAlarm result :2
09-10 14:55:36.417: W/AlarmManager(545): FACTORY_ON= 0
09-10 14:55:37.838: E/SMD(220): DCD ON
09-10 14:55:38.169: D/KeyguardUpdateMonitor(545): received broadcast android.intent.action.BATTERY_CHANGED
09-10 14:55:38.169: D/BatteryService(545): update start
09-10 14:55:38.169: D/BatteryService(545): level:100 scale:100 status:5 health:2 present:true voltage: 4338 temperature: 316 technology: Li-ion AC powered:false USB powered:true icon:17303128 invalid charger:0
09-10 14:55:38.169: D/BatteryService(545): turn on LED for fully charged
09-10 14:55:38.169: D/ThermistorObserver(545): mBatteryBRForAMOLED : onReceive() : newTemperature : 316
09-10 14:55:38.169: D/STATUSBAR-BatteryController(691): onReceive() - ACTION_BATTERY_CHANGED
09-10 14:55:38.169: D/STATUSBAR-BatteryController(691): onReceive() - level:100
09-10 14:55:38.169: D/STATUSBAR-BatteryController(691): onReceive() - plugged:2
09-10 14:55:38.169: D/STATUSBAR-BatteryController(691): onReceive() - BATTERY_STATUS_FULL:
09-10 14:55:38.179: D/KeyguardUpdateMonitor(545): handleBatteryUpdate
09-10 14:55:38.179: E/MTPJNIInterface(5757): In MTPJNIINterface onReceive:android.intent.action.BATTERY_CHANGED
09-10 14:55:40.841: E/SMD(220): DCD ON
09-10 14:55:43.845: E/SMD(220): DCD ON
09-10 14:55:46.838: E/SMD(220): DCD ON
09-10 14:55:49.851: E/SMD(220): DCD ON
09-10 14:55:52.854: E/SMD(220): DCD ON
09-10 14:55:55.857: E/SMD(220): DCD ON
09-10 14:55:58.851: E/SMD(220): DCD ON
09-10 14:55:59.992: D/KeyguardUpdateMonitor(545): received broadcast android.intent.action.TIME_TICK
09-10 14:55:59.992: D/KeyguardUpdateMonitor(545): handleTimeUpdate
09-10 14:55:59.992: V/AlarmManager(545): waitForAlarm result :8
09-10 14:55:59.992: V/AlarmManager(545): ClockReceiver onReceive() ACTION_TIME_TICK
09-10 14:55:59.992: W/AlarmManager(545): FACTORY_ON= 0
09-10 14:56:00.002: D/STATUSBAR-Clock(691): onReceive() - ACTION_TIME_TICK
09-10 14:56:00.002: D/STATUSBAR-Clock(691): updateClock :2:56 PM
09-10 14:56:00.012: D/STATUSBAR-DateView(691): updateClock :09/10/2012
09-10 14:56:00.062: D/ClockWidget(545): refreshTime()
09-10 14:56:00.072: D/ClockWidget(545): TTS Message = It is 2 : 56 PM, Monday, September 10
09-10 14:56:01.854: E/SMD(220): DCD ON
09-10 14:56:04.857: E/SMD(220): DCD ON
09-10 14:56:07.850: E/SMD(220): DCD ON
09-10 14:56:08.691: D/KeyguardUpdateMonitor(545): received broadcast android.intent.action.BATTERY_CHANGED
09-10 14:56:08.691: D/KeyguardUpdateMonitor(545): handleBatteryUpdate
09-10 14:56:08.691: D/BatteryService(545): update start
09-10 14:56:08.691: D/BatteryService(545): level:100 scale:100 status:5 health:2 present:true voltage: 4338 temperature: 315 technology: Li-ion AC powered:false USB powered:true icon:17303128 invalid charger:0
09-10 14:56:08.691: D/BatteryService(545): turn on LED for fully charged
09-10 14:56:08.691: D/ThermistorObserver(545): mBatteryBRForAMOLED : onReceive() : newTemperature : 315
09-10 14:56:08.691: D/STATUSBAR-BatteryController(691): onReceive() - ACTION_BATTERY_CHANGED
09-10 14:56:08.691: D/STATUSBAR-BatteryController(691): onReceive() - level:100
09-10 14:56:08.691: D/STATUSBAR-BatteryController(691): onReceive() - plugged:2
09-10 14:56:08.691: D/STATUSBAR-BatteryController(691): onReceive() - BATTERY_STATUS_FULL:
09-10 14:56:08.701: E/MTPJNIInterface(5757): In MTPJNIINterface onReceive:android.intent.action.BATTERY_CHANGED
09-10 14:56:10.853: E/SMD(220): DCD ON
09-10 14:56:13.857: E/SMD(220): DCD ON
09-10 14:56:16.850: E/SMD(220): DCD ON
09-10 14:56:19.853: E/SMD(220): DCD ON
09-10 14:56:22.856: E/SMD(220): DCD ON
09-10 14:56:25.849: E/SMD(220): DCD ON
09-10 14:56:28.853: E/SMD(220): DCD ON
09-10 14:56:31.856: E/SMD(220): DCD ON
09-10 14:56:34.859: E/SMD(220): DCD ON
09-10 14:56:37.862: E/SMD(220): DCD ON
09-10 14:56:39.204: D/KeyguardUpdateMonitor(545): received broadcast android.intent.action.BATTERY_CHANGED
09-10 14:56:39.204: D/KeyguardUpdateMonitor(545): handleBatteryUpdate
09-10 14:56:39.204: D/BatteryService(545): update start
09-10 14:56:39.204: D/BatteryService(545): level:100 scale:100 status:5 health:2 present:true voltage: 4341 temperature: 315 technology: Li-ion AC powered:false USB powered:true icon:17303128 invalid charger:0
09-10 14:56:39.204: D/BatteryService(545): turn on LED for fully charged
09-10 14:56:39.204: D/ThermistorObserver(545): mBatteryBRForAMOLED : onReceive() : newTemperature : 315
09-10 14:56:39.204: D/STATUSBAR-BatteryController(691): onReceive() - ACTION_BATTERY_CHANGED
09-10 14:56:39.204: D/STATUSBAR-BatteryController(691): onReceive() - level:100
09-10 14:56:39.204: D/STATUSBAR-BatteryController(691): onReceive() - plugged:2
09-10 14:56:39.204: D/STATUSBAR-BatteryController(691): onReceive() - BATTERY_STATUS_FULL:
09-10 14:56:39.214: E/MTPJNIInterface(5757): In MTPJNIINterface onReceive:android.intent.action.BATTERY_CHANGED
09-10 14:56:40.865: E/SMD(220): DCD ON
09-10 14:56:43.859: E/SMD(220): DCD ON
09-10 14:56:46.862: E/SMD(220): DCD ON
09-10 14:56:49.865: E/SMD(220): DCD ON
09-10 14:56:52.858: E/SMD(220): DCD ON
09-10 14:56:55.861: E/SMD(220): DCD ON
09-10 14:56:58.865: E/SMD(220): DCD ON
09-10 14:56:59.996: D/KeyguardUpdateMonitor(545): received broadcast android.intent.action.TIME_TICK
09-10 14:56:59.996: D/KeyguardUpdateMonitor(545): handleTimeUpdate
09-10 14:56:59.996: V/AlarmManager(545): waitForAlarm result :8
09-10 14:56:59.996: V/AlarmManager(545): ClockReceiver onReceive() ACTION_TIME_TICK
09-10 14:56:59.996: W/AlarmManager(545): FACTORY_ON= 0
09-10 14:56:59.996: D/STATUSBAR-Clock(691): onReceive() - ACTION_TIME_TICK
09-10 14:57:00.006: D/STATUSBAR-Clock(691): updateClock :2:57 PM
09-10 14:57:00.006: D/STATUSBAR-DateView(691): updateClock :09/10/2012
09-10 14:57:00.076: D/ClockWidget(545): refreshTime()
09-10 14:57:00.086: D/ClockWidget(545): TTS Message = It is 2 : 57 PM, Monday, September 10
09-10 14:57:01.858: E/SMD(220): DCD ON
09-10 14:57:04.861: E/SMD(220): DCD ON
09-10 14:57:07.864: E/SMD(220): DCD ON
09-10 14:57:09.886: D/KeyguardUpdateMonitor(545): received broadcast android.intent.action.BATTERY_CHANGED
09-10 14:57:09.886: D/KeyguardUpdateMonitor(545): handleBatteryUpdate
09-10 14:57:09.886: D/BatteryService(545): update start
09-10 14:57:09.886: D/BatteryService(545): level:100 scale:100 status:5 health:2 present:true voltage: 4340 temperature: 315 technology: Li-ion AC powered:false USB powered:true icon:17303128 invalid charger:0
09-10 14:57:09.886: D/BatteryService(545): turn on LED for fully charged
09-10 14:57:09.886: D/ThermistorObserver(545): mBatteryBRForAMOLED : onReceive() : newTemperature : 315
09-10 14:57:09.896: E/MTPJNIInterface(5757): In MTPJNIINterface onReceive:android.intent.action.BATTERY_CHANGED
09-10 14:57:09.896: D/STATUSBAR-BatteryController(691): onReceive() - ACTION_BATTERY_CHANGED
09-10 14:57:09.896: D/STATUSBAR-BatteryController(691): onReceive() - level:100
09-10 14:57:09.896: D/STATUSBAR-BatteryController(691): onReceive() - plugged:2
09-10 14:57:09.896: D/STATUSBAR-BatteryController(691): onReceive() - BATTERY_STATUS_FULL:
09-10 14:57:10.868: E/SMD(220): DCD ON
09-10 14:57:13.861: E/SMD(220): DCD ON
09-10 14:57:16.864: E/SMD(220): DCD ON
09-10 14:57:19.877: E/SMD(220): DCD ON
09-10 14:57:22.870: E/SMD(220): DCD ON
09-10 14:57:25.874: E/SMD(220): DCD ON
09-10 14:57:28.877: E/SMD(220): DCD ON
09-10 14:57:31.870: E/SMD(220): DCD ON
09-10 14:57:34.873: E/SMD(220): DCD ON
09-10 14:57:37.876: E/SMD(220): DCD ON
09-10 14:57:40.399: D/BatteryService(545): update start
09-10 14:57:40.399: D/BatteryService(545): level:100 scale:100 status:5 health:2 present:true voltage: 4338 temperature: 314 technology: Li-ion AC powered:false USB powered:true icon:17303128 invalid charger:0
09-10 14:57:40.409: D/KeyguardUpdateMonitor(545): received broadcast android.intent.action.BATTERY_CHANGED
09-10 14:57:40.409: D/KeyguardUpdateMonitor(545): handleBatteryUpdate
09-10 14:57:40.409: E/MTPJNIInterface(5757): In MTPJNIINterface onReceive:android.intent.action.BATTERY_CHANGED
09-10 14:57:40.409: D/BatteryService(545): turn on LED for fully charged
09-10 14:57:40.409: D/ThermistorObserver(545): mBatteryBRForAMOLED : onReceive() : newTemperature : 314
09-10 14:57:40.409: D/STATUSBAR-BatteryController(691): onReceive() - ACTION_BATTERY_CHANGED
09-10 14:57:40.409: D/STATUSBAR-BatteryController(691): onReceive() - level:100
09-10 14:57:40.409: D/STATUSBAR-BatteryController(691): onReceive() - plugged:2
09-10 14:57:40.409: D/STATUSBAR-BatteryController(691): onReceive() - BATTERY_STATUS_FULL:
09-10 14:57:40.870: E/SMD(220): DCD ON
09-10 14:57:43.873: E/SMD(220): DCD ON
09-10 14:57:46.886: E/SMD(220): DCD ON
09-10 14:57:49.879: E/SMD(220): DCD ON
09-10 14:57:52.882: E/SMD(220): DCD ON
09-10 14:57:55.886: E/SMD(220): DCD ON
09-10 14:57:58.879: E/SMD(220): DCD ON
09-10 14:57:59.990: D/KeyguardUpdateMonitor(545): received broadcast android.intent.action.TIME_TICK
09-10 14:57:59.990: D/KeyguardUpdateMonitor(545): handleTimeUpdate
09-10 14:57:59.990: V/AlarmManager(545): waitForAlarm result :8
09-10 14:57:59.990: V/AlarmManager(545): ClockReceiver onReceive() ACTION_TIME_TICK
09-10 14:57:59.990: W/AlarmManager(545): FACTORY_ON= 0
09-10 14:57:59.990: D/STATUSBAR-Clock(691): onReceive() - ACTION_TIME_TICK
09-10 14:58:00.000: D/STATUSBAR-Clock(691): updateClock :2:58 PM
09-10 14:58:00.010: D/STATUSBAR-DateView(691): updateClock :09/10/2012
09-10 14:58:00.080: D/ClockWidget(545): refreshTime()
09-10 14:58:00.090: D/ClockWidget(545): TTS Message = It is 2 : 58 PM, Monday, September 10
09-10 14:58:01.882: E/SMD(220): DCD ON
09-10 14:58:04.885: E/SMD(220): DCD ON
09-10 14:58:07.878: E/SMD(220): DCD ON
09-10 14:58:10.882: E/SMD(220): DCD ON
09-10 14:58:10.932: D/BatteryService(545): update start
09-10 14:58:13.885: E/SMD(220): DCD ON
09-10 14:58:16.878: E/SMD(220): DCD ON
09-10 14:58:19.891: E/SMD(220): DCD ON
09-10 14:58:21.102: V/AlarmManager(545): waitForAlarm result :8
09-10 14:58:21.112: W/AlarmManager(545): FACTORY_ON= 0
09-10 14:58:22.894: E/SMD(220): DCD ON
09-10 14:58:25.898: E/SMD(220): DCD ON
09-10 14:58:28.891: E/SMD(220): DCD ON
09-10 14:58:31.894: E/SMD(220): DCD ON
09-10 14:58:34.897: E/SMD(220): DCD ON
09-10 14:58:37.890: E/SMD(220): DCD ON
09-10 14:58:40.894: E/SMD(220): DCD ON
09-10 14:58:41.454: D/KeyguardUpdateMonitor(545): received broadcast android.intent.action.BATTERY_CHANGED
09-10 14:58:41.454: D/KeyguardUpdateMonitor(545): handleBatteryUpdate
09-10 14:58:41.454: E/MTPJNIInterface(5757): In MTPJNIINterface onReceive:android.intent.action.BATTERY_CHANGED
09-10 14:58:41.454: D/BatteryService(545): update start
09-10 14:58:41.454: D/BatteryService(545): level:100 scale:100 status:5 health:2 present:true voltage: 4337 temperature: 314 technology: Li-ion AC powered:false USB powered:true icon:17303128 invalid charger:0
09-10 14:58:41.454: D/BatteryService(545): turn on LED for fully charged
09-10 14:58:41.454: D/ThermistorObserver(545): mBatteryBRForAMOLED : onReceive() : newTemperature : 314
09-10 14:58:41.454: D/STATUSBAR-BatteryController(691): onReceive() - ACTION_BATTERY_CHANGED
09-10 14:58:41.454: D/STATUSBAR-BatteryController(691): onReceive() - level:100
09-10 14:58:41.454: D/STATUSBAR-BatteryController(691): onReceive() - plugged:2
09-10 14:58:41.454: D/STATUSBAR-BatteryController(691): onReceive() - BATTERY_STATUS_FULL:
09-10 14:58:43.897: E/SMD(220): DCD ON
09-10 14:58:46.890: E/SMD(220): DCD ON
09-10 14:58:49.893: E/SMD(220): DCD ON
09-10 14:58:52.896: E/SMD(220): DCD ON
09-10 14:58:55.890: E/SMD(220): DCD ON
09-10 14:58:58.903: E/SMD(220): DCD ON
09-10 14:58:59.994: D/KeyguardUpdateMonitor(545): received broadcast android.intent.action.TIME_TICK
09-10 14:58:59.994: D/KeyguardUpdateMonitor(545): handleTimeUpdate
09-10 14:58:59.994: V/AlarmManager(545): waitForAlarm result :8
09-10 14:58:59.994: V/AlarmManager(545): ClockReceiver onReceive() ACTION_TIME_TICK
09-10 14:58:59.994: W/AlarmManager(545): FACTORY_ON= 0
09-10 14:59:00.004: D/STATUSBAR-Clock(691): onReceive() - ACTION_TIME_TICK
09-10 14:59:00.004: D/STATUSBAR-Clock(691): updateClock :2:59 PM
09-10 14:59:00.014: D/STATUSBAR-DateView(691): updateClock :09/10/2012
09-10 14:59:00.094: D/ClockWidget(545): refreshTime()
09-10 14:59:00.104: D/ClockWidget(545): TTS Message = It is 2 : 59 PM, Monday, September 10
09-10 14:59:01.906: E/SMD(220): DCD ON
09-10 14:59:04.899: E/SMD(220): DCD ON
09-10 14:59:07.902: E/SMD(220): DCD ON
09-10 14:59:10.906: E/SMD(220): DCD ON
09-10 14:59:11.977: D/KeyguardUpdateMonitor(545): received broadcast android.intent.action.BATTERY_CHANGED
09-10 14:59:11.977: D/BatteryService(545): update start
09-10 14:59:11.977: D/BatteryService(545): level:100 scale:100 status:5 health:2 present:true voltage: 4337 temperature: 313 technology: Li-ion AC powered:false USB powered:true icon:17303128 invalid charger:0
09-10 14:59:11.977: D/BatteryService(545): turn on LED for fully charged
09-10 14:59:11.977: D/ThermistorObserver(545): mBatteryBRForAMOLED : onReceive() : newTemperature : 313
09-10 14:59:11.977: D/STATUSBAR-BatteryController(691): onReceive() - ACTION_BATTERY_CHANGED
09-10 14:59:11.977: D/STATUSBAR-BatteryController(691): onReceive() - level:100
09-10 14:59:11.977: D/STATUSBAR-BatteryController(691): onReceive() - plugged:2
09-10 14:59:11.977: D/STATUSBAR-BatteryController(691): onReceive() - BATTERY_STATUS_FULL:
09-10 14:59:11.987: D/KeyguardUpdateMonitor(545): handleBatteryUpdate
09-10 14:59:11.987: E/MTPJNIInterface(5757): In MTPJNIINterface onReceive:android.intent.action.BATTERY_CHANGED
09-10 14:59:13.899: E/SMD(220): DCD ON
09-10 14:59:16.902: E/SMD(220): DCD ON
09-10 14:59:19.905: E/SMD(220): DCD ON
09-10 14:59:22.898: E/SMD(220): DCD ON
09-10 14:59:25.902: E/SMD(220): DCD ON
09-10 14:59:28.905: E/SMD(220): DCD ON
09-10 14:59:31.898: E/SMD(220): DCD ON
09-10 14:59:34.901: E/SMD(220): DCD ON
09-10 14:59:37.914: E/SMD(220): DCD ON
09-10 14:59:40.908: E/SMD(220): DCD ON
09-10 14:59:43.911: E/SMD(220): DCD ON
09-10 14:59:46.914: E/SMD(220): DCD ON
09-10 14:59:47.765: V/AlarmManager(545): waitForAlarm result :4
09-10 14:59:47.775: W/AlarmManager(545): FACTORY_ON= 0
09-10 14:59:48.055: W/AlarmManager(545): FACTORY_ON= 0
09-10 14:59:48.275: D/KeyguardUpdateMonitor(545): received broadcast android.intent.action.BATTERY_CHANGED
09-10 14:59:48.275: D/KeyguardUpdateMonitor(545): handleBatteryUpdate
09-10 14:59:48.275: E/MTPJNIInterface(5757): In MTPJNIINterface onReceive:android.intent.action.BATTERY_CHANGED
09-10 14:59:48.275: D/BatteryService(545): update start
09-10 14:59:48.275: D/BatteryService(545): level:100 scale:100 status:5 health:2 present:true voltage: 4331 temperature: 312 technology: Li-ion AC powered:false USB powered:true icon:17303128 invalid charger:0
09-10 14:59:48.275: D/BatteryService(545): turn on LED for fully charged
09-10 14:59:48.275: D/ThermistorObserver(545): mBatteryBRForAMOLED : onReceive() : newTemperature : 312
09-10 14:59:48.275: D/STATUSBAR-BatteryController(691): onReceive() - ACTION_BATTERY_CHANGED
09-10 14:59:48.275: D/STATUSBAR-BatteryController(691): onReceive() - level:100
09-10 14:59:48.275: D/STATUSBAR-BatteryController(691): onReceive() - plugged:2
09-10 14:59:48.275: D/STATUSBAR-BatteryController(691): onReceive() - BATTERY_STATUS_FULL:
09-10 14:59:49.917: E/SMD(220): DCD ON
09-10 14:59:51.399: V/AlarmManager(545): waitForAlarm result :8
09-10 14:59:51.409: W/ThrottleService(545): unable to find stats for iface rmnet0
09-10 14:59:51.409: W/AlarmManager(545): FACTORY_ON= 0
09-10 14:59:52.910: E/SMD(220): DCD ON
09-10 14:59:55.914: E/SMD(220): DCD ON
09-10 14:59:58.917: E/SMD(220): DCD ON
09-10 14:59:59.988: D/KeyguardUpdateMonitor(545): received broadcast android.intent.action.TIME_TICK
09-10 14:59:59.988: D/KeyguardUpdateMonitor(545): handleTimeUpdate
09-10 14:59:59.988: V/AlarmManager(545): waitForAlarm result :8
09-10 14:59:59.988: V/AlarmManager(545): ClockReceiver onReceive() ACTION_TIME_TICK
09-10 14:59:59.988: W/AlarmManager(545): FACTORY_ON= 0
09-10 14:59:59.988: D/STATUSBAR-Clock(691): onReceive() - ACTION_TIME_TICK
09-10 14:59:59.988: D/STATUSBAR-Clock(691): updateClock :3:00 PM
09-10 14:59:59.998: D/STATUSBAR-DateView(691): updateClock :09/10/2012
09-10 15:00:00.058: D/ClockWidget(545): refreshTime()
09-10 15:00:00.068: D/ClockWidget(545): TTS Message = It is 3 : 0 PM, Monday, September 10
09-10 15:00:01.910: E/SMD(220): DCD ON
09-10 15:00:04.913: E/SMD(220): DCD ON
09-10 15:00:07.916: E/SMD(220): DCD ON
09-10 15:00:10.910: E/SMD(220): DCD ON
09-10 15:00:13.913: E/SMD(220): DCD ON
09-10 15:00:16.916: E/SMD(220): DCD ON
09-10 15:00:19.339: D/KeyguardUpdateMonitor(545): received broadcast android.intent.action.BATTERY_CHANGED
09-10 15:00:19.339: D/KeyguardUpdateMonitor(545): handleBatteryUpdate
09-10 15:00:19.339: D/BatteryService(545): update start
09-10 15:00:19.339: D/BatteryService(545): level:100 scale:100 status:5 health:2 present:true voltage: 4340 temperature: 313 technology: Li-ion AC powered:false USB powered:true icon:17303128 invalid charger:0
09-10 15:00:19.339: D/BatteryService(545): turn on LED for fully charged
09-10 15:00:19.339: D/ThermistorObserver(545): mBatteryBRForAMOLED : onReceive() : newTemperature : 313
09-10 15:00:19.339: D/STATUSBAR-BatteryController(691): onReceive() - ACTION_BATTERY_CHANGED
09-10 15:00:19.339: D/STATUSBAR-BatteryController(691): onReceive() - level:100
09-10 15:00:19.339: D/STATUSBAR-BatteryController(691): onReceive() - plugged:2
09-10 15:00:19.339: D/STATUSBAR-BatteryController(691): onReceive() - BATTERY_STATUS_FULL:
09-10 15:00:19.349: E/MTPJNIInterface(5757): In MTPJNIINterface onReceive:android.intent.action.BATTERY_CHANGED
09-10 15:00:19.909: E/SMD(220): DCD ON
09-10 15:00:20.180: E/MP-Decision(1343): DOWN Ld:32 Ns:1.100000 Ts:190 rq:1.000000 seq:196.000000
09-10 15:00:22.922: E/SMD(220): DCD ON
09-10 15:00:23.483: E/MP-Decision(1343): UP Ld:92 Nw:1.990000 Tw:140 rq:1.000000 seq:147.000000
09-10 15:00:25.926: E/SMD(220): DCD ON
09-10 15:00:28.919: E/SMD(220): DCD ON
09-10 15:00:31.922: E/SMD(220): DCD ON
09-10 15:00:34.925: E/SMD(220): DCD ON
09-10 15:00:37.918: E/SMD(220): DCD ON
09-10 15:00:40.922: E/SMD(220): DCD ON
09-10 15:00:43.925: E/SMD(220): DCD ON
09-10 15:00:46.918: E/SMD(220): DCD ON
09-10 15:00:47.769: V/AlarmManager(545): waitForAlarm result :4
09-10 15:00:49.851: D/KeyguardUpdateMonitor(545): received broadcast android.intent.action.BATTERY_CHANGED
09-10 15:00:49.851: D/BatteryService(545): update start
09-10 15:00:49.851: D/BatteryService(545): level:100 scale:100 status:5 health:2 present:true voltage: 4338 temperature: 310 technology: Li-ion AC powered:false USB powered:true icon:17303128 invalid charger:0
09-10 15:00:49.851: D/ThermistorObserver(545): mBatteryBRForAMOLED : onReceive() : newTemperature : 310
09-10 15:00:49.861: E/MTPJNIInterface(5757): In MTPJNIINterface onReceive:android.intent.action.BATTERY_CHANGED
09-10 15:00:49.861: D/KeyguardUpdateMonitor(545): handleBatteryUpdate
09-10 15:00:49.861: D/STATUSBAR-BatteryController(691): onReceive() - ACTION_BATTERY_CHANGED
09-10 15:00:49.861: D/STATUSBAR-BatteryController(691): onReceive() - level:100
09-10 15:00:49.861: D/STATUSBAR-BatteryController(691): onReceive() - plugged:2
09-10 15:00:49.861: D/STATUSBAR-BatteryController(691): onReceive() - BATTERY_STATUS_FULL:
09-10 15:00:49.861: D/BatteryService(545): turn on LED for fully charged
09-10 15:00:49.921: E/SMD(220): DCD ON
09-10 15:00:52.924: E/SMD(220): DCD ON
09-10 15:00:55.918: E/SMD(220): DCD ON
09-10 15:00:58.921: E/SMD(220): DCD ON
09-10 15:00:59.992: V/AlarmManager(545): waitForAlarm result :8
09-10 15:00:59.992: V/AlarmManager(545): ClockReceiver onReceive() ACTION_TIME_TICK
09-10 15:00:59.992: W/AlarmManager(545): FACTORY_ON= 0
09-10 15:01:00.002: D/KeyguardUpdateMonitor(545): received broadcast android.intent.action.TIME_TICK
09-10 15:01:00.002: D/KeyguardUpdateMonitor(545): handleTimeUpdate
09-10 15:01:00.002: D/STATUSBAR-Clock(691): onReceive() - ACTION_TIME_TICK
09-10 15:01:00.002: D/STATUSBAR-Clock(691): updateClock :3:01 PM
09-10 15:01:00.012: D/STATUSBAR-DateView(691): updateClock :09/10/2012
09-10 15:01:00.092: D/ClockWidget(545): refreshTime()
09-10 15:01:00.092: D/ClockWidget(545): TTS Message = It is 3 : 1 PM, Monday, September 10
09-10 15:01:01.934: E/SMD(220): DCD ON
09-10 15:01:04.937: E/SMD(220): DCD ON
09-10 15:01:07.930: E/SMD(220): DCD ON
09-10 15:01:10.934: E/SMD(220): DCD ON
09-10 15:01:13.937: E/SMD(220): DCD ON
09-10 15:01:16.930: E/SMD(220): DCD ON
09-10 15:01:19.933: E/SMD(220): DCD ON
