09-10 15:04:47.815: E/WifiP2pStateTracker(545): getNetworkInfo : NetworkInfo: type: wifi_p2p[], state: UNKNOWN/IDLE, reason: (unspecified), extra: (none), roaming: false, failover: false, isAvailable: false
09-10 15:04:47.825: V/SecDownloader(850): stopself called
09-10 15:04:47.985: D/ConnectivityService(545): NetTransition Wakelock for WifiStateMachine released by timeout
09-10 15:04:49.126: W/AlarmManager(545): FACTORY_ON= 0
09-10 15:04:49.137: D/ConnectivityService(545): reportNetworkCondition(1, 100)
09-10 15:04:49.137: D/ConnectivityService(545): handleInetConditionChange: net=1, condition=100,mActiveDefaultNetwork=1
09-10 15:04:49.137: D/ConnectivityService(545): handleInetConditionChange: starting a change hold
09-10 15:04:49.257: W/AlarmManager(545): FACTORY_ON= 0
09-10 15:04:49.547: W/AlarmManager(545): FACTORY_ON= 0
09-10 15:04:49.557: W/AlarmManager(545): FACTORY_ON= 0
09-10 15:04:49.567: W/AlarmManager(545): FACTORY_ON= 0
09-10 15:04:49.577: W/AlarmManager(545): FACTORY_ON= 0
09-10 15:04:49.587: W/AlarmManager(545): FACTORY_ON= 0
09-10 15:04:49.597: W/AlarmManager(545): FACTORY_ON= 0
09-10 15:04:49.637: W/SignalStrength(691): getGsmLevel=2
09-10 15:04:49.637: W/SignalStrength(691): getLevel=2 (SignalStrength: 6 0 -120 -160 -120 -1 -1 99 2147483647 2147483647 2147483647 2147483647 gsm|lte 2)
09-10 15:04:49.637: D/ConnectivityService(545): handleInetConditionHoldEnd: net=1, condition=100, published condition=0
09-10 15:04:49.637: D/ConnectivityService(545): sendStickyBroadcast: action=android.net.conn.INET_CONDITION_ACTION
09-10 15:04:49.637: D/STATUSBAR-NetworkController(691): onReceive() - CONNECTIVITY_ACTION, INET_CONDITION_ACTION
09-10 15:04:49.637: D/STATUSBAR-NotificationService(545): cancelNotification - pkg:XXX.XXXXXXX.XXXXXXXX, id:273
09-10 15:04:50.007: E/SMD(220): DCD ON
09-10 15:04:50.498: D/memalloc(787): ion: Unmapping buffer base:0x5d5af000 size:327680
09-10 15:04:50.498: W/SurfaceFlinger(224): id=206 Removed idx=7 Map Size=6
09-10 15:04:50.498: D/KeyguardViewMediator(545): setHidden false
09-10 15:04:50.498: W/SurfaceFlinger(224): id=206 Removed idx=-2 Map Size=6
09-10 15:04:50.498: D/PowerManagerService(545): releaseWakeLockLocked flags=0x0 tag=KEEP_SCREEN_ON_FLAG myUID=1000 myPID=545 myTID=556
09-10 15:04:50.518: D/memalloc(224): ion: Freeing buffer base:0x422d2000 size:327680 fd:77
09-10 15:04:50.518: D/memalloc(224): ion: Unmapping buffer base:0x422d2000 size:327680
09-10 15:04:50.828: E/MP-Decision(1343): DOWN Ld:54 Ns:1.100000 Ts:190 rq:1.000000 seq:196.000000
09-10 15:04:53.001: E/SMD(220): DCD ON
09-10 15:04:53.481: E/MP-Decision(1343): UP Ld:92 Nw:1.990000 Tw:140 rq:1.000000 seq:147.000000
09-10 15:04:53.761: V/AlarmManager(545): waitForAlarm result :4
09-10 15:04:54.272: D/KeyguardUpdateMonitor(545): received broadcast android.intent.action.BATTERY_CHANGED
09-10 15:04:54.272: E/MTPJNIInterface(5757): In MTPJNIINterface onReceive:android.intent.action.BATTERY_CHANGED
09-10 15:04:54.272: D/KeyguardUpdateMonitor(545): handleBatteryUpdate
09-10 15:04:54.272: D/BatteryService(545): update start
09-10 15:04:54.272: D/BatteryService(545): level:100 scale:100 status:5 health:2 present:true voltage: 4337 temperature: 318 technology: Li-ion AC powered:false USB powered:true icon:17303128 invalid charger:0
09-10 15:04:54.272: D/ThermistorObserver(545): mBatteryBRForAMOLED : onReceive() : newTemperature : 318
09-10 15:04:54.272: D/STATUSBAR-BatteryController(691): onReceive() - ACTION_BATTERY_CHANGED
09-10 15:04:54.272: D/STATUSBAR-BatteryController(691): onReceive() - level:100
09-10 15:04:54.272: D/STATUSBAR-BatteryController(691): onReceive() - plugged:2
09-10 15:04:54.272: D/STATUSBAR-BatteryController(691): onReceive() - BATTERY_STATUS_FULL:
09-10 15:04:54.282: D/BatteryService(545): turn on LED for fully charged
09-10 15:04:56.004: E/SMD(220): DCD ON
09-10 15:04:59.007: E/SMD(220): DCD ON
09-10 15:04:59.988: V/AlarmManager(545): waitForAlarm result :8
09-10 15:04:59.988: V/AlarmManager(545): ClockReceiver onReceive() ACTION_TIME_TICK
09-10 15:04:59.988: W/AlarmManager(545): FACTORY_ON= 0
09-10 15:04:59.998: D/KeyguardUpdateMonitor(545): received broadcast android.intent.action.TIME_TICK
09-10 15:04:59.998: D/KeyguardUpdateMonitor(545): handleTimeUpdate
09-10 15:05:00.008: D/STATUSBAR-Clock(691): onReceive() - ACTION_TIME_TICK
09-10 15:05:00.008: D/STATUSBAR-Clock(691): updateClock :3:05 PM
09-10 15:05:00.018: D/STATUSBAR-DateView(691): updateClock :09/10/2012
09-10 15:05:00.088: D/ClockWidget(545): refreshTime()
09-10 15:05:00.088: D/ClockWidget(545): TTS Message = It is 3 : 5 PM, Monday, September 10
09-10 15:05:02.000: E/SMD(220): DCD ON
09-10 15:05:05.003: E/SMD(220): DCD ON
09-10 15:05:08.017: E/SMD(220): DCD ON
09-10 15:05:11.010: E/SMD(220): DCD ON
09-10 15:05:14.013: E/SMD(220): DCD ON
09-10 15:05:17.016: E/SMD(220): DCD ON
09-10 15:05:20.009: E/SMD(220): DCD ON
09-10 15:05:23.013: E/SMD(220): DCD ON
09-10 15:05:24.795: D/BatteryService(545): update start
09-10 15:05:24.795: D/BatteryService(545): level:100 scale:100 status:5 health:2 present:true voltage: 4330 temperature: 327 technology: Li-ion AC powered:false USB powered:true icon:17303128 invalid charger:0
09-10 15:05:24.805: D/KeyguardUpdateMonitor(545): received broadcast android.intent.action.BATTERY_CHANGED
09-10 15:05:24.805: D/KeyguardUpdateMonitor(545): handleBatteryUpdate
09-10 15:05:24.805: E/MTPJNIInterface(5757): In MTPJNIINterface onReceive:android.intent.action.BATTERY_CHANGED
09-10 15:05:24.805: D/ThermistorObserver(545): mBatteryBRForAMOLED : onReceive() : newTemperature : 327
09-10 15:05:24.805: D/STATUSBAR-BatteryController(691): onReceive() - ACTION_BATTERY_CHANGED
09-10 15:05:24.805: D/STATUSBAR-BatteryController(691): onReceive() - level:100
09-10 15:05:24.805: D/STATUSBAR-BatteryController(691): onReceive() - plugged:2
09-10 15:05:24.805: D/STATUSBAR-BatteryController(691): onReceive() - BATTERY_STATUS_FULL:
09-10 15:05:24.815: D/BatteryService(545): turn on LED for fully charged
09-10 15:05:26.016: E/SMD(220): DCD ON
09-10 15:05:29.009: E/SMD(220): DCD ON
09-10 15:05:32.012: E/SMD(220): DCD ON
09-10 15:05:35.015: E/SMD(220): DCD ON
09-10 15:05:35.987: I/wpa_supplicant(1405): WPA: Group rekeying completed with C0.1F.E2 [GTK=CCMP]
09-10 15:05:38.019: E/SMD(220): DCD ON
09-10 15:05:41.022: E/SMD(220): DCD ON
09-10 15:05:44.025: E/SMD(220): DCD ON
09-10 15:05:47.018: E/SMD(220): DCD ON
09-10 15:05:50.021: E/SMD(220): DCD ON
09-10 15:05:53.025: E/SMD(220): DCD ON
09-10 15:05:55.327: D/BatteryService(545): update start
09-10 15:05:55.327: D/BatteryService(545): level:100 scale:100 status:5 health:2 present:true voltage: 4337 temperature: 315 technology: Li-ion AC powered:false USB powered:true icon:17303128 invalid charger:0
09-10 15:05:55.337: E/MTPJNIInterface(5757): In MTPJNIINterface onReceive:android.intent.action.BATTERY_CHANGED
09-10 15:05:55.337: D/KeyguardUpdateMonitor(545): received broadcast android.intent.action.BATTERY_CHANGED
09-10 15:05:55.337: D/KeyguardUpdateMonitor(545): handleBatteryUpdate
09-10 15:05:55.337: D/ThermistorObserver(545): mBatteryBRForAMOLED : onReceive() : newTemperature : 315
09-10 15:05:55.337: D/STATUSBAR-BatteryController(691): onReceive() - ACTION_BATTERY_CHANGED
09-10 15:05:55.337: D/STATUSBAR-BatteryController(691): onReceive() - level:100
09-10 15:05:55.337: D/STATUSBAR-BatteryController(691): onReceive() - plugged:2
09-10 15:05:55.337: D/STATUSBAR-BatteryController(691): onReceive() - BATTERY_STATUS_FULL:
09-10 15:05:55.347: D/BatteryService(545): turn on LED for fully charged
09-10 15:05:56.018: E/SMD(220): DCD ON
09-10 15:05:59.021: E/SMD(220): DCD ON
09-10 15:05:59.992: V/AlarmManager(545): waitForAlarm result :8
09-10 15:05:59.992: V/AlarmManager(545): ClockReceiver onReceive() ACTION_TIME_TICK
09-10 15:05:59.992: W/AlarmManager(545): FACTORY_ON= 0
09-10 15:06:00.002: D/KeyguardUpdateMonitor(545): received broadcast android.intent.action.TIME_TICK
09-10 15:06:00.002: D/KeyguardUpdateMonitor(545): handleTimeUpdate
09-10 15:06:00.012: D/STATUSBAR-Clock(691): onReceive() - ACTION_TIME_TICK
09-10 15:06:00.012: D/STATUSBAR-Clock(691): updateClock :3:06 PM
09-10 15:06:00.022: D/STATUSBAR-DateView(691): updateClock :09/10/2012
09-10 15:06:00.082: D/ClockWidget(545): refreshTime()
09-10 15:06:00.082: D/ClockWidget(545): TTS Message = It is 3 : 6 PM, Monday, September 10
09-10 15:06:02.024: E/SMD(220): DCD ON
09-10 15:06:03.576: D/InputReader(545): Input event: value=1
09-10 15:06:03.576: D/KeyguardViewMediator(545): onWakeKeyWhenKeyguardShowing(3)
09-10 15:06:03.576: D/KeyguardViewMediator(545): isHelpOerlayMode is true
09-10 15:06:03.576: I/power(545): *** set_screen_state 1
09-10 15:06:03.576: D/SensorManager(545): registerListener :: handle = 7 name= GP2A Light Sensor delay= 200000 Listener= com.android.server.PowerManagerService$16@41a9a048
09-10 15:06:03.576: D/SensorManager(545): registerListener :: handle = 4 name= MPL accel delay= 200000 Listener= com.android.server.PowerManagerService$17@41caa078
09-10 15:06:03.576: E/(545): ../../accel.c|inv_get_accel_offset|211 returning 19
09-10 15:06:03.576: D/Sensors(545): enable accel bias check
09-10 15:06:03.576: V/Sensors(545): enable - sensor Accelerometer (handle 4) dis -> en
09-10 15:06:03.576: E/Sensors(545): mEnabled = 10
09-10 15:06:03.576: V/Sensors(545): setDelay - sensor Accelerometer (handle 4), rate 200 ms (5.00 Hz)
09-10 15:06:03.576: V/Sensors(545): setDelay - sensor Accelerometer (handle 4), rate 200 ms (5.00 Hz)
09-10 15:06:03.576: D/lights(545): write_int /sys/class/leds/button-backlight/brightness = 255
09-10 15:06:03.576: D/KeyguardViewManager(545): wakeWhenReady(3)
09-10 15:06:03.576: D/LockPatternKeyguardView(545): onWakeKey
09-10 15:06:03.576: D/LockPatternKeyguardView(545): poking wake lock immediately
09-10 15:06:03.576: D/KeyguardViewMediator(545): onScreenTurnedOn, seq = 10
09-10 15:06:03.576: D/KeyguardViewMediator(545): notifyScreenOnLocked
09-10 15:06:03.576: D/WindowManager(545): mSetIgnorePWR
09-10 15:06:03.576: D/SensorManager(545): registerListener :: handle = 4 name= MPL accel delay= 200000 Listener= android.view.WindowOrientationListener$SensorEventListenerImpl@41f614c0
09-10 15:06:03.576: V/Sensors(545): setDelay - sensor Accelerometer (handle 4), rate 200 ms (5.00 Hz)
09-10 15:06:03.576: V/Sensors(545): setDelay - sensor Accelerometer (handle 4), rate 200 ms (5.00 Hz)
09-10 15:06:03.576: D/Launcher(955): onRestart
09-10 15:06:03.576: D/Launcher(955): onStart
09-10 15:06:03.576: D/Launcher.HomeFragment(955): onStart
09-10 15:06:03.576: D/PowerManagerService(545): reactivateScreenLocksLocked mProxIgnoredBecauseScreenTurnedOff=false
09-10 15:06:03.576: D/PowerManagerService(545): Screen__On : acquireWakeLock flags=0x1000001a tag=keyguard uid=1000 pid=545 myUID=1000 myPID=545 myTID=600
09-10 15:06:03.576: D/PowerManagerService(545): enableLightSensorLocked enable=true mAutoBrightessEnabled=true
09-10 15:06:03.576: D/PowerManagerService(545): sendNotificationLocked on=true
09-10 15:06:03.576: I/PowerManagerService(545): Ulight 0x0->0x4|0x0
09-10 15:06:03.576: D/PowerManagerService(545): setLightBrightness : mButtonLight : 130
09-10 15:06:03.576: D/PowerManagerService(545): acquireWakeLock flags=0x1000001a tag=keyguard uid=1000 pid=545 myUID=1000 myPID=545 myTID=600
09-10 15:06:03.576: D/PowerManagerService(545): mNotificationTask : on
09-10 15:06:03.586: D/KeyguardViewMediator(545): handleNotifyScreenOn
09-10 15:06:03.586: D/KeyguardViewManager(545): onScreenTurnedOn()
09-10 15:06:03.586: D/LockPatternKeyguardView(545): screen on
09-10 15:06:03.586: D/CircleLockScreen(545): onResume()
09-10 15:06:03.586: D/CircleUnlockRippleRenderer(545): onResume isUnlocked = false
09-10 15:06:03.586: D/ClockWidget(545): isServiceEnable = false cityId = null
09-10 15:06:03.586: D/ClockWidget(545): Weather Demon is not running, Set visibility to GONE
09-10 15:06:03.586: D/CircleMissedEventWidget(545): onResume()
09-10 15:06:03.586: E/Sensors(545): activatePendingSensors : mEnabled = 10
09-10 15:06:03.586: V/Sensors(545): calling inv_set_mpu_sensors(000070)
09-10 15:06:03.586: I/MPL-fifo(545): Actual ODR: 5000 mHz
09-10 15:06:03.586: E/Sensors(545): set fifo rate - divider : 39, delay : 200 ms (5.00 Hz)
09-10 15:06:03.586: I/MPL-fifo(545): Actual ODR: 5000 mHz
09-10 15:06:03.586: V/Sensors(545): Starting DMP
09-10 15:06:03.586: W/MPL-9_sup(545): 9 axis sensor fusion not available - No compass detected.
09-10 15:06:03.586: I/Sensors(545): Enabled 9 axis sensor fusion
09-10 15:06:03.586: I/MPL-mldl_cfg_mpu:(545): inv_mpu_resume(,,,,0070) -> 0070
09-10 15:06:03.606: D/Launcher(955): onResume
09-10 15:06:03.626: D/comsamsunglog(955): [MSC_HERO_Accu]>>> ====================================================================================================================
09-10 15:06:03.626: D/comsamsunglog(955): [MSC_HERO_Accu]>>> widgetappapheroaccuweatherwidget [Version : 12052001] [ 1 ]
09-10 15:06:03.626: D/CircleMissedEventWidget(545): pkgName: com.android.email className: com.android.email.activity.Welcome
09-10 15:06:03.626: D/CircleMissedEventWidget(545): pkgName: com.android.mms className: com.android.mms.ui.ConversationComposer
09-10 15:06:03.636: D/comsamsunglog(955): [MSC_HERO_Accu]>>> Header set to : ===> "widget" <===
09-10 15:06:03.636: D/comsamsunglog(955): [MSC_HERO_Accu]>>> ====================================================================================================================
09-10 15:06:03.636: D/CircleMissedEventWidget(545): pkgName: com.android.contacts className: com.android.contacts.activities.DialtactsActivity
09-10 15:06:03.636: D/widget(955): [MSC_HERO_Accu]>>> WC:879 [0:0] onResume :: fU = true cEUi = true
09-10 15:06:03.636: D/widget(955): [MSC_HERO_Accu]>>> WC:915 [0:0] onResume :: mFAR = false, cC = false, cEUI = true
09-10 15:06:03.636: D/widget(955): [MSC_HERO_Accu]>>> WC:1154 [0:0] cUI : cnt = 0, mRC = true
09-10 15:06:03.636: D/widget(955): [MSC_HERO_Accu]>>> WC:1181 [0:0] composeEmptyCityUI : true
09-10 15:06:03.636: E/widget(955): [MSC_HERO_Accu]>>> SM:401 [0:0] IR : false, IPR : false
09-10 15:06:03.636: D/CircleMissedEventWidget(545): updateMissedEvent(missed Call Count = 0, bUpdatedCallCount = false)
09-10 15:06:03.636: D/CircleMissedEventWidget(545): updateMissedEvent(Unread Msg Count = 0, bUpdatedMsgCount = false)
09-10 15:06:03.646: D/lights(545): write pattern : g_led_info = 0
09-10 15:06:03.646: D/lights(545): write_int /sys/class/sec/led/led_pattern = 0
09-10 15:06:03.646: D/BatteryService(545): turn off LED
09-10 15:06:03.656: D/CircleShortcutWidget(545): onResume()
09-10 15:06:03.656: I/CpuGovernorService(545): intent action: android.intent.action.SCREEN_ON
09-10 15:06:03.656: I/SamplingRateChangeProcessor(545): Decreased sampling rate.
09-10 15:06:03.666: D/comsamsunglog(955): [MSC_HERO_Accu]>>> ====================================================================================================================
09-10 15:06:03.666: D/comsamsunglog(955): [MSC_HERO_Accu]>>> widgetappapheroaccuweatherwidget [Version : 12052001] [ 1 ]
09-10 15:06:03.676: D/comsamsunglog(955): [MSC_HERO_Accu]>>> Header set to : ===> "widget" <===
09-10 15:06:03.676: D/comsamsunglog(955): [MSC_HERO_Accu]>>> ====================================================================================================================
09-10 15:06:03.676: D/widget(955): [MSC_HERO_Accu]>>> WC:879 [0:0] onResume :: fU = true cEUi = false
09-10 15:06:03.676: D/widget(955): [MSC_HERO_Accu]>>> WC:915 [0:0] onResume :: mFAR = false, cC = true, cEUI = false
09-10 15:06:03.686: D/STATUSBAR-NotificationService(545): ACTION_SCREEN_ON
09-10 15:06:03.686: D/STATUSBAR-NotificationService(545): updateLightsLocked() : Turn off notification light
09-10 15:06:03.696: D/widget(955): [MSC_HERO_Accu]>>> WC:1710 [0:0] isNewYear check
09-10 15:06:03.696: D/widget(955): [MSC_HERO_Accu]>>> WCE:154 [0:0] FCE type = 1
09-10 15:06:03.706: D/Launcher.Model(955): startLoader. isLaunching: true
09-10 15:06:03.706: D/Launcher.Model(955): Begin LoaderTask: 1120223336
09-10 15:06:03.706: D/Launcher.Model(955): Setting thread priority to DEFAULT
09-10 15:06:03.706: D/Launcher.Model(955): step 1: loading workspace
09-10 15:06:03.706: D/Launcher.Model(955): loadAndBindWorkspace mWorkspaceLoaded=true
09-10 15:06:03.706: D/Launcher.Model(955): Setting thread priority to BACKGROUND
09-10 15:06:03.706: D/widget(955): [MSC_HERO_Accu]>>> WCE:154 [0:0] FCE type = 2
09-10 15:06:03.706: D/lights(545): write_int /sys/class/leds/lcd-backlight/brightness = 6
09-10 15:06:03.706: I/WindowManager(545): Lock screen displayed!
09-10 15:06:03.706: I/PowerManagerService(545): Ulight 0x7->0x7|0x1
09-10 15:06:03.726: E/Launcher(955): Error finding setting, default accessibility to not found: accessibility_enabled
09-10 15:06:03.726: D/Launcher.HomeFragment(955): onResume
09-10 15:06:03.726: D/lights(545): write_int /sys/class/leds/lcd-backlight/brightness = 13
09-10 15:06:03.726: D/AudioHardwareALSA(227): setParameters() screen_state=on
09-10 15:06:03.736: D/lights(545): write_int /sys/class/leds/lcd-backlight/brightness = 19
09-10 15:06:03.736: D/MenuAppsGridFragment(955): onResume
09-10 15:06:03.746: D/InputReader(545): Input event: value=0
09-10 15:06:03.746: D/RestrictionPolicy(545): isHomeKeyEnabled :true
09-10 15:06:03.746: I/InputDispatcher(545): Delivering key to current input target: action: 0x1
09-10 15:06:03.746: I/InputDispatcher(545): Delivering key to current input target: action: 0x1
09-10 15:06:03.746: I/InputDispatcher(545): Delivering key to current input target: action: 0x1
09-10 15:06:03.746: D/Launcher.MenuAppsGrid(955): StateObj::getAppsList() item count = 50
09-10 15:06:03.756: D/lights(545): write_int /sys/class/leds/lcd-backlight/brightness = 26
09-10 15:06:03.766: D/lights(545): write_int /sys/class/leds/lcd-backlight/brightness = 32
09-10 15:06:03.776: E/lights(545): write_int failed to open /sys/class/leds/keyboard-backlight/brightness
09-10 15:06:03.776: D/lights(545): write_int /sys/class/leds/lcd-backlight/brightness = 44
09-10 15:06:03.776: D/PowerManagerService(545): lightSensorChangedLocked 146
09-10 15:06:03.776: D/PowerManagerService(545): lcdValue 80
09-10 15:06:03.776: D/PowerManagerService(545): buttonValue 255
09-10 15:06:03.776: D/PowerManagerService(545): keyboardValue 0
09-10 15:06:03.776: D/PowerManagerService(545): lightSensorChangedLocked : mKeyboardLight : 0
09-10 15:06:03.796: D/lights(545): write_int /sys/class/leds/lcd-backlight/brightness = 56
09-10 15:06:03.806: D/lights(545): write_int /sys/class/leds/lcd-backlight/brightness = 68
09-10 15:06:03.826: D/lights(545): write_int /sys/class/leds/lcd-backlight/brightness = 80
09-10 15:06:03.826: V/AudioPolicyManagerBase(227): getNewDevice() selected device 0
09-10 15:06:03.826: V/AudioPolicyManagerBase(227): getDeviceForStrategy() from cache strategy 0, device 2
09-10 15:06:03.826: I/PowerManagerService(545): Light Animator Finished curIntValue=80
09-10 15:06:03.836: D/VolumePanel(545): change volume by MSG_VOLUME_CHANGED
09-10 15:06:03.836: D/VolumePanel(545): onVolumeChanged(streamType: 3, flags: 64)
09-10 15:06:03.836: D/VolumePanel(545): Call setChangeSeekbarColor(false)
09-10 15:06:03.836: V/AudioPolicyManagerBase(227): getNewDevice() selected device 0
09-10 15:06:03.836: V/AudioPolicyManagerBase(227): getDeviceForStrategy() from cache strategy 0, device 2
09-10 15:06:03.836: D/AudioService(545): getStreamVolume(3)
09-10 15:06:03.836: V/AudioPolicyManagerBase(227): getNewDevice() selected device 0
09-10 15:06:03.836: V/AudioPolicyManagerBase(227): getDeviceForStrategy() from cache strategy 0, device 2
09-10 15:06:03.836: D/VolumePanel(545): call resetTimeout
09-10 15:06:03.856: D/STATUSBAR-Clock(691): onReceive() - ACTION_SCREEN_ON
09-10 15:06:03.856: D/STATUSBAR-Clock(691): updateClock :3:06 PM
09-10 15:06:03.886: D/WindowManager(545): mUnSetIgnorePWR
09-10 15:06:03.886: W/AlarmManager(545): FACTORY_ON= 0
09-10 15:06:03.896: D/FastDormancy(861): [FD] INTENT ACTION android.intent.action.SCREEN_ON
09-10 15:06:03.896: D/FastDormancy(861): [FD] mIsScreenOn: true
09-10 15:06:03.936: D/com.samsung.app(1205): [MSC_HERO_Accu]>>> WCS:240 [0:0] BR act = androidintentactionSCREEN_ON
09-10 15:06:03.966: E/videowall-TranscodeReceiver(5349): broadcastMSG : android.intent.action.SCREEN_ON
09-10 15:06:03.966: D/Launcher.Model(955): MenuAppModel.onModelRefreshed called
09-10 15:06:03.976: D/Launcher.MenuAppsGrid(955): StateObj::getAppsList() item count = 50
09-10 15:06:03.976: D/SurfaceFlinger(224): Screen about to return, flinger = 0x1098e40
09-10 15:06:03.976: E/msm8960.gralloc(224): In fb_enableHDMIOutput: externaltype = 0
09-10 15:06:04.036: D/Mms/UIEventReceiver(1148): ui event
09-10 15:06:04.036: D/STATUSBAR-NetworkController(691): onReceive() - RSSI_CHANGED_ACTION, WIFI_STATE, NETWORK_STATE
09-10 15:06:04.046: D/videowall-Global(5349): core_num = 2
09-10 15:06:04.046: D/videowall-Global(5349): density : 2.0 width : 720 height : 1280 Raw width : 720 Raw height : 1280
09-10 15:06:04.046: D/videowall-Global(5349): dsp : 720 swkey : false Cores : 2
09-10 15:06:04.046: D/videowall-TranscodeService(5349): Music is = false
09-10 15:06:04.046: D/videowall-TranscodeService(5349): power : true / screen off : false
09-10 15:06:04.046: D/videowall-TranscodeService(5349): stop thread service_vid : 0
09-10 15:06:04.127: D/Launcher.Model(955): bindAppsLoaded called
09-10 15:06:04.127: D/widget(955): [MSC_HERO_Accu]>>> WC:2295 [0:0] eHdl msg = 0
09-10 15:06:04.147: D/widget(955): [MSC_HERO_Accu]>>> WC:2295 [0:0] eHdl msg = 0
09-10 15:06:04.167: D/Hotseat(955): resetLayout()
09-10 15:06:04.177: D/CellLayoutChildren(955): addView() adding all apps icon to Hotseat's CellLayoutChildren @ index = -1 child count = 0
09-10 15:06:04.207: D/CellLayoutChildren(955): addView() adding view to Hotseat's CellLayoutChildren @ index = -1 and title = Phone child count = 1
09-10 15:06:04.207: D/CellLayoutChildren(955): addView() adding view to Hotseat's CellLayoutChildren @ index = -1 and title = Contacts child count = 2
09-10 15:06:04.207: D/CellLayoutChildren(955): addView() adding view to Hotseat's CellLayoutChildren @ index = -1 and title = Messaging child count = 3
09-10 15:06:04.217: D/CellLayoutChildren(955): addView() adding view to Hotseat's CellLayoutChildren @ index = -1 and title = Internet child count = 4
09-10 15:06:04.217: D/Launcher.Model(955): Going to start binding widgets soon.
09-10 15:06:04.217: D/Launcher.HomeFragment(955): current item.hostView com.android.launcher2.LauncherAppWidgetHostView@42127c80
09-10 15:06:04.227: D/Launcher.HomeFragment(955): current item.hostView com.android.launcher2.LauncherAppWidgetHostView@42e57ef0
09-10 15:06:04.227: D/Launcher.HomeFragment(955): current item.hostView com.android.launcher2.LauncherAppWidgetHostView@42b66a38
09-10 15:06:04.227: D/Launcher.HomeFragment(955): current item.hostView com.android.launcher2.LauncherAppWidgetHostView@420be6d8
09-10 15:06:04.227: D/ViewFlipper(955): LockScreen set.
09-10 15:06:04.227: D/ViewFlipper(955): LockScreen set.
09-10 15:06:04.227: D/ViewFlipper(955): LockScreen set.
09-10 15:06:04.227: D/ViewFlipper(955): LockScreen set.
09-10 15:06:04.227: D/Launcher.HomeFragment(955): current item.hostView com.android.launcher2.LauncherAppWidgetHostView@42b65e88
09-10 15:06:04.227: D/Launcher.HomeFragment(955): current item.hostView com.android.launcher2.LauncherAppWidgetHostView@42f31f20
09-10 15:06:04.227: D/widget(955): [MSC_HERO_Accu]>>> WC:935 [0:0] onPause
09-10 15:06:04.227: D/widget(955): [MSC_HERO_Accu]>>> WC:937 [0:0] isFinishing
09-10 15:06:04.227: D/widget(955): [MSC_HERO_Accu]>>> DBH:137 [0:0] ud lsl
09-10 15:06:04.237: D/widget(955): [MSC_HERO_Accu]>>> WC:944 [0:0] onDestroy
09-10 15:06:04.247: D/widget(955): [MSC_HERO_Accu]>>> WC:209 [0:0] theme -> AccuWeather (Hero Weather)
09-10 15:06:04.277: D/widget(955): [MSC_HERO_Accu]>>> WC:1154 [0:0] cUI : cnt = 0, mRC = true
09-10 15:06:04.277: D/widget(955): [MSC_HERO_Accu]>>> WC:1181 [0:0] composeEmptyCityUI : true
09-10 15:06:04.277: E/widget(955): [MSC_HERO_Accu]>>> SM:401 [0:0] IR : false, IPR : false
09-10 15:06:04.287: D/comsamsunglog(955): [MSC_HERO_Accu]>>> ====================================================================================================================
09-10 15:06:04.287: D/comsamsunglog(955): [MSC_HERO_Accu]>>> widgetappapheroaccuweatherwidget [Version : 12052001] [ 1 ]
09-10 15:06:04.287: D/comsamsunglog(955): [MSC_HERO_Accu]>>> Header set to : ===> "widget" <===
09-10 15:06:04.287: D/comsamsunglog(955): [MSC_HERO_Accu]>>> ====================================================================================================================
09-10 15:06:04.287: D/widget(955): [MSC_HERO_Accu]>>> WC:879 [0:0] onResume :: fU = true cEUi = false
09-10 15:06:04.287: D/widget(955): [MSC_HERO_Accu]>>> WC:915 [0:0] onResume :: mFAR = false, cC = true, cEUI = false
09-10 15:06:04.287: D/widget(955): [MSC_HERO_Accu]>>> WC:1710 [0:0] isNewYear check
09-10 15:06:04.287: D/widget(955): [MSC_HERO_Accu]>>> WCE:154 [0:0] FCE type = 1
09-10 15:06:04.297: D/widget(955): [MSC_HERO_Accu]>>> WCE:154 [0:0] FCE type = 2
09-10 15:06:04.297: D/Launcher.Model(955): bound workspace in 594ms
09-10 15:06:04.297: D/Launcher.Model(955): done with first binding step
09-10 15:06:04.297: D/Launcher.Model(955): waited 594ms for previous step to finish binding
09-10 15:06:04.297: D/Launcher.Model(955): step 2: loading all apps
09-10 15:06:04.297: D/Launcher.Model(955): loadAndBindAllApps mAllAppsLoaded=true
09-10 15:06:04.297: D/Launcher.Model(955): Comparing loaded icons to database icons
09-10 15:06:04.297: D/Launcher.Model(955): Normal End LoaderTask: 1120223336
09-10 15:06:04.307: D/widget(955): [MSC_HERO_Accu]>>> WC:2295 [0:0] eHdl msg = 0
09-10 15:06:04.307: D/widget(955): [MSC_HERO_Accu]>>> WC:2295 [0:0] eHdl msg = 0
09-10 15:06:04.947: I/InputReader(545): Touch event's action is 0x0 (deviceType=0) [pCnt=1, pending(waiting finished signal)=0, s=0.263 ]
09-10 15:06:04.947: I/InputDispatcher(545): Delivering touch to current input target: action: 0x0
09-10 15:06:04.947: I/InputDispatcher(545): Delivering touch to current input target: action: 0x0
09-10 15:06:04.947: I/InputDispatcher(545): Delivering touch to current input target: action: 0x0
09-10 15:06:04.947: D/CircleUnlockRipple(545): handleTouchEvent event : 0
09-10 15:06:04.947: D/CircleUnlockRippleRenderer(545): handleTouchEvent event : 0, mTouchedView = null, view = null
09-10 15:06:04.947: W/AudioTrack(545): Minimum buffer size corrected from 2048 to 4096
09-10 15:06:04.947: D/PowerManagerService(545): acquireWakeLock flags=0x1000001a tag=keyguard uid=1000 pid=545 myUID=1000 myPID=545 myTID=600
09-10 15:06:04.957: V/AudioPolicyManagerBase(227): startOutput() output 1, stream 1, session 236
09-10 15:06:04.957: V/AudioPolicyManagerBase(227): getDeviceForStrategy() from cache strategy 0, device 2
09-10 15:06:04.957: V/AudioPolicyManagerBase(227): changeRefCount() stream 1, count 1
09-10 15:06:04.957: V/AudioPolicyManagerBase(227): getDeviceForStrategy() from cache strategy 0, device 2
09-10 15:06:04.957: V/AudioPolicyManagerBase(227): getNewDevice() selected device 2
09-10 15:06:04.957: V/AudioPolicyManagerALSA(227): setOutputDevice() output 1 device 2 delayMs 0 force 0
09-10 15:06:04.957: V/AudioPolicyManagerALSA(227): setOutputDevice output :0x1 mCurDevice:0x2
09-10 15:06:04.957: V/AudioPolicyManagerALSA(227): setOutputDevice() setting same device 2 or null device for output 1
09-10 15:06:04.967: D/ALSAModule(227): s_route: devices 0x2 in mode 0
09-10 15:06:04.967: D/ALSAModule(227): No valid input device: 0
09-10 15:06:04.967: D/alsa_ucm(227): snd_use_case_set(): uc_mgr 0xaed878 identifier _enadev value Speaker
09-10 15:06:04.967: D/alsa_ucm(227): Speaker is 0
09-10 15:06:04.967: D/alsa_ucm(227): set current output is none
09-10 15:06:04.967: D/alsa_ucm(227): snd_use_case_set(): uc_mgr 0xaed878 identifier _verb value HiFi
09-10 15:06:04.967: D/alsa_ucm(227): set_use_case_ident_for_all_devices(): HiFi
09-10 15:06:04.967: D/alsa_ucm(227): Set mixer controls for HiFi enable 1
09-10 15:06:04.967: D/alsa_ucm(227): Set mixer controls for Speaker enable 1
09-10 15:06:04.967: D/alsa_ucm(227): acdb_id 15 cap 1 enable 1
09-10 15:06:04.967: D/ACDB-LOADER(227): ACDB -> send_audio_cal, acdb_id = 15, path = 0
09-10 15:06:04.967: D/ACDB-LOADER(227): ACDB -> send_adm_topology
09-10 15:06:04.967: D/ACDB-LOADER(227): ACDB -> ACDB_CMD_GET_AUDPROC_COMMON_TOPOLOGY_ID
09-10 15:06:04.967: D/ACDB-LOADER(227): ACDB -> send_audtable
09-10 15:06:04.967: D/ACDB-LOADER(227): ACDB -> ACDB_CMD_GET_AUDPROC_COMMON_TABLE
09-10 15:06:04.967: D/ACDB-LOADER(227): ACDB -> AUDIO_SET_AUDPROC_CAL
09-10 15:06:04.967: D/ACDB-LOADER(227): ACDB -> send_audvoltable
09-10 15:06:04.967: D/ACDB-LOADER(227): ACDB -> ACDB_CMD_GET_AUDPROC_GAIN_DEP_VOLTBL_STEP_COPP
09-10 15:06:04.967: D/ACDB-LOADER(227): ACDB -> AUDIO_SET_AUDPROC_VOL_CAL
09-10 15:06:04.967: D/ACDB-LOADER(227): ACDB -> send_afe_cal
09-10 15:06:04.967: D/ACDB-LOADER(227): ACDB -> ACDB_CMD_GET_AFE_COMMON_TABLE
09-10 15:06:04.967: E/ACDB-LOADER(227): Error: ACDB AFE returned = -8
09-10 15:06:04.967: D/ACDB-LOADER(227): ACDB -> AUDIO_SET_AFE_CAL
09-10 15:06:04.977: D/CircleUnlockRipple(545): handleTouchEvent event : 2
09-10 15:06:04.977: D/CircleUnlockRippleRenderer(545): handleTouchEvent event : 2, mTouchedView = null, view = null
09-10 15:06:04.977: D/alsa_ucm(227): set current output is hw
09-10 15:06:04.977: D/alsa_ucm(227): Set mixer controls for HiFiSpeaker enable 1
09-10 15:06:04.977: D/ALSAModule(227): s_close: handle 0xb610a0 h 0x0
09-10 15:06:04.977: D/ALSAModule(227): s_open: handle 0xb610a0
09-10 15:06:04.977: D/ALSAModule(227): Device value returned is hw:0,0
09-10 15:06:04.977: D/PowerManagerService(545): acquireWakeLock flags=0x1000001a tag=keyguard uid=1000 pid=545 myUID=1000 myPID=545 myTID=600
09-10 15:06:04.987: D/CircleUnlockRipple(545): handleTouchEvent event : 2
09-10 15:06:04.987: D/CircleUnlockRippleRenderer(545): handleTouchEvent event : 2, mTouchedView = null, view = null
09-10 15:06:04.987: D/ALSAModule(227): setHardwareParams: reqBuffSize 2048 channels 2 sampleRate 44100
09-10 15:06:04.987: V/alsa_pcm(227): buffer_bytes = (16384,16384) omin=0 omax=0 int=1 empty=0
09-10 15:06:04.987: V/alsa_pcm(227): period_bytes = (2048,2048) omin=0 omax=0 int=1 empty=0
09-10 15:06:04.987: D/ALSAModule(227): setHardwareParams: buffer_size 16384, period_size 2048, period_cnt 8
09-10 15:06:04.987: D/PowerManagerService(545): acquireWakeLock flags=0x1000001a tag=keyguard uid=1000 pid=545 myUID=1000 myPID=545 myTID=600
09-10 15:06:04.997: D/CircleUnlockRipple(545): handleTouchEvent event : 2
09-10 15:06:04.997: D/CircleUnlockRippleRenderer(545): handleTouchEvent event : 2, mTouchedView = null, view = null
09-10 15:06:04.997: I/InputReader(545): Touch event's action is 0x1 (deviceType=0) [pCnt=1, pending(waiting finished signal)=0, s=]
09-10 15:06:04.997: I/InputDispatcher(545): Delivering touch to current input target: action: 0x1
09-10 15:06:04.997: I/InputDispatcher(545): Delivering touch to current input target: action: 0x1
09-10 15:06:04.997: I/InputDispatcher(545): Delivering touch to current input target: action: 0x1
09-10 15:06:04.997: D/CircleUnlockRipple(545): handleTouchEvent event : 1
09-10 15:06:04.997: D/CircleUnlockRippleRenderer(545): handleTouchEvent event : 1, mTouchedView = null, view = null
09-10 15:06:04.997: D/PowerManagerService(545): acquireWakeLock flags=0x1000001a tag=keyguard uid=1000 pid=545 myUID=1000 myPID=545 myTID=600
09-10 15:06:04.997: D/PowerManagerService(545): acquireWakeLock flags=0x1000001a tag=keyguard uid=1000 pid=545 myUID=1000 myPID=545 myTID=600
09-10 15:06:05.038: E/SMD(220): DCD ON
09-10 15:06:05.048: I/Adreno200-EGLSUB(224): : Android Image
09-10 15:06:05.048: I/Adreno200-EGLSUB(224): : RGBA_8888
09-10 15:06:05.658: V/AudioPolicyManagerBase(227): stopOutput() output 1, stream 1, session 236
09-10 15:06:05.658: V/AudioPolicyManagerBase(227): changeRefCount() stream 1, count 0
09-10 15:06:05.658: V/AudioPolicyManagerBase(227): getNewDevice() selected device 0
09-10 15:06:05.658: V/AudioPolicyManagerALSA(227): setOutputDevice() output 1 device 0 delayMs 184 force 0
09-10 15:06:05.658: V/AudioPolicyManagerALSA(227): setOutputDevice() setting same device 0 or null device for output 1
09-10 15:06:05.678: I/InputReader(545): Touch event's action is 0x0 (deviceType=0) [pCnt=1, pending(waiting finished signal)=0, s=0.264 ]
09-10 15:06:05.678: I/InputDispatcher(545): Delivering touch to current input target: action: 0x0
09-10 15:06:05.678: I/InputDispatcher(545): Delivering touch to current input target: action: 0x0
09-10 15:06:05.678: I/InputDispatcher(545): Delivering touch to current input target: action: 0x0
09-10 15:06:05.678: D/CircleUnlockRipple(545): handleTouchEvent event : 0
09-10 15:06:05.678: D/CircleUnlockRippleRenderer(545): handleTouchEvent event : 0, mTouchedView = null, view = null
09-10 15:06:05.678: W/AudioTrack(545): Minimum buffer size corrected from 2048 to 4096
09-10 15:06:05.678: V/AudioPolicyManagerBase(227): startOutput() output 1, stream 1, session 237
09-10 15:06:05.678: V/AudioPolicyManagerBase(227): getDeviceForStrategy() from cache strategy 0, device 2
09-10 15:06:05.678: V/AudioPolicyManagerBase(227): changeRefCount() stream 1, count 1
09-10 15:06:05.678: V/AudioPolicyManagerBase(227): getDeviceForStrategy() from cache strategy 0, device 2
09-10 15:06:05.678: V/AudioPolicyManagerBase(227): getNewDevice() selected device 2
09-10 15:06:05.678: V/AudioPolicyManagerALSA(227): setOutputDevice() output 1 device 2 delayMs 0 force 0
09-10 15:06:05.678: V/AudioPolicyManagerALSA(227): setOutputDevice output :0x1 mCurDevice:0x2
09-10 15:06:05.678: V/AudioPolicyManagerALSA(227): setOutputDevice() setting same device 2 or null device for output 1
09-10 15:06:05.678: D/PowerManagerService(545): acquireWakeLock flags=0x1000001a tag=keyguard uid=1000 pid=545 myUID=1000 myPID=545 myTID=600
09-10 15:06:05.688: V/AudioPolicyManagerBase(227): releaseOutput() 1
09-10 15:06:05.688: D/CircleUnlockRipple(545): handleTouchEvent event : 2
09-10 15:06:05.688: D/CircleUnlockRippleRenderer(545): handleTouchEvent event : 2, mTouchedView = null, view = null
09-10 15:06:05.688: D/PowerManagerService(545): acquireWakeLock flags=0x1000001a tag=keyguard uid=1000 pid=545 myUID=1000 myPID=545 myTID=600
09-10 15:06:05.708: D/CircleUnlockRipple(545): handleTouchEvent event : 2
09-10 15:06:05.708: D/CircleUnlockRippleRenderer(545): handleTouchEvent event : 2, mTouchedView = null, view = null
09-10 15:06:05.708: D/PowerManagerService(545): acquireWakeLock flags=0x1000001a tag=keyguard uid=1000 pid=545 myUID=1000 myPID=545 myTID=600
09-10 15:06:05.718: D/CircleUnlockRipple(545): handleTouchEvent event : 2
09-10 15:06:05.718: D/CircleUnlockRippleRenderer(545): handleTouchEvent event : 2, mTouchedView = null, view = null
09-10 15:06:05.718: D/PowerManagerService(545): acquireWakeLock flags=0x1000001a tag=keyguard uid=1000 pid=545 myUID=1000 myPID=545 myTID=600
09-10 15:06:05.728: D/CircleUnlockRipple(545): handleTouchEvent event : 2
09-10 15:06:05.728: D/CircleUnlockRippleRenderer(545): handleTouchEvent event : 2, mTouchedView = null, view = null
09-10 15:06:05.728: D/PowerManagerService(545): acquireWakeLock flags=0x1000001a tag=keyguard uid=1000 pid=545 myUID=1000 myPID=545 myTID=600
09-10 15:06:05.738: D/CircleUnlockRipple(545): handleTouchEvent event : 2
09-10 15:06:05.738: D/CircleUnlockRippleRenderer(545): handleTouchEvent event : 2, mTouchedView = null, view = null
09-10 15:06:05.738: D/PowerManagerService(545): acquireWakeLock flags=0x1000001a tag=keyguard uid=1000 pid=545 myUID=1000 myPID=545 myTID=600
09-10 15:06:05.748: D/CircleUnlockRipple(545): handleTouchEvent event : 2
09-10 15:06:05.748: D/CircleUnlockRippleRenderer(545): handleTouchEvent event : 2, mTouchedView = null, view = null
09-10 15:06:05.748: D/PowerManagerService(545): acquireWakeLock flags=0x1000001a tag=keyguard uid=1000 pid=545 myUID=1000 myPID=545 myTID=600
09-10 15:06:05.758: D/CircleUnlockRipple(545): handleTouchEvent event : 2
09-10 15:06:05.758: D/CircleUnlockRippleRenderer(545): handleTouchEvent event : 2, mTouchedView = null, view = null
09-10 15:06:05.758: D/PowerManagerService(545): acquireWakeLock flags=0x1000001a tag=keyguard uid=1000 pid=545 myUID=1000 myPID=545 myTID=600
09-10 15:06:05.768: D/CircleUnlockRipple(545): handleTouchEvent event : 2
09-10 15:06:05.768: D/CircleUnlockRippleRenderer(545): handleTouchEvent event : 2, mTouchedView = null, view = null
09-10 15:06:05.768: D/PowerManagerService(545): acquireWakeLock flags=0x1000001a tag=keyguard uid=1000 pid=545 myUID=1000 myPID=545 myTID=600
09-10 15:06:05.778: D/CircleUnlockRipple(545): handleTouchEvent event : 2
09-10 15:06:05.778: D/CircleUnlockRippleRenderer(545): handleTouchEvent event : 2, mTouchedView = null, view = null
09-10 15:06:05.778: D/PowerManagerService(545): acquireWakeLock flags=0x1000001a tag=keyguard uid=1000 pid=545 myUID=1000 myPID=545 myTID=600
09-10 15:06:05.798: D/CircleUnlockRipple(545): handleTouchEvent event : 2
09-10 15:06:05.798: D/CircleUnlockRippleRenderer(545): handleTouchEvent event : 2, mTouchedView = null, view = null
09-10 15:06:05.798: D/PowerManagerService(545): acquireWakeLock flags=0x1000001a tag=keyguard uid=1000 pid=545 myUID=1000 myPID=545 myTID=600
09-10 15:06:05.808: D/CircleUnlockRipple(545): handleTouchEvent event : 2
09-10 15:06:05.808: D/CircleUnlockRippleRenderer(545): handleTouchEvent event : 2, mTouchedView = null, view = null
09-10 15:06:05.808: D/PowerManagerService(545): acquireWakeLock flags=0x1000001a tag=keyguard uid=1000 pid=545 myUID=1000 myPID=545 myTID=600
09-10 15:06:05.818: D/CircleUnlockRipple(545): handleTouchEvent event : 2
09-10 15:06:05.818: D/CircleUnlockRippleRenderer(545): handleTouchEvent event : 2, mTouchedView = null, view = null
09-10 15:06:05.818: D/PowerManagerService(545): acquireWakeLock flags=0x1000001a tag=keyguard uid=1000 pid=545 myUID=1000 myPID=545 myTID=600
09-10 15:06:05.828: D/CircleUnlockRipple(545): handleTouchEvent event : 2
09-10 15:06:05.828: D/CircleUnlockRippleRenderer(545): handleTouchEvent event : 2, mTouchedView = null, view = null
09-10 15:06:05.828: W/AudioTrack(545): Minimum buffer size corrected from 2229 to 4458
09-10 15:06:05.828: V/AudioPolicyManagerBase(227): startOutput() output 1, stream 1, session 238
09-10 15:06:05.828: V/AudioPolicyManagerBase(227): getDeviceForStrategy() from cache strategy 0, device 2
09-10 15:06:05.828: V/AudioPolicyManagerBase(227): changeRefCount() stream 1, count 2
09-10 15:06:05.828: V/AudioPolicyManagerBase(227): getDeviceForStrategy() from cache strategy 0, device 2
09-10 15:06:05.828: V/AudioPolicyManagerBase(227): getNewDevice() selected device 2
09-10 15:06:05.828: V/AudioPolicyManagerALSA(227): setOutputDevice() output 1 device 2 delayMs 0 force 0
09-10 15:06:05.828: V/AudioPolicyManagerALSA(227): setOutputDevice output :0x1 mCurDevice:0x2
09-10 15:06:05.828: V/AudioPolicyManagerALSA(227): setOutputDevice() setting same device 2 or null device for output 1
09-10 15:06:05.828: I/AudioMixer(227): AudioMixer::setParameter mMixerChannelCount:2 channelCount:1
09-10 15:06:05.828: I/AudioResampler(227): Create linear Resampler inChannelCount:1 sampleRate:44100
09-10 15:06:05.828: I/AudioResampler(227): AudioResampler::AudioResampler() 1 bits, 1 channels
09-10 15:06:05.828: I/AudioResampler(227): new MM resampler(48000 -> 44100, 1)
09-10 15:06:05.828: D/PowerManagerService(545): acquireWakeLock flags=0x1000001a tag=keyguard uid=1000 pid=545 myUID=1000 myPID=545 myTID=600
09-10 15:06:05.878: D/CircleUnlockRipple(545): handleTouchEvent event : 2
09-10 15:06:05.878: D/CircleUnlockRippleRenderer(545): handleTouchEvent event : 2, mTouchedView = null, view = null
09-10 15:06:05.878: D/CircleUnlockRipple(545): handleTouchEvent event : 2
09-10 15:06:05.878: D/CircleUnlockRippleRenderer(545): handleTouchEvent event : 2, mTouchedView = null, view = null
09-10 15:06:05.878: D/PowerManagerService(545): acquireWakeLock flags=0x1000001a tag=keyguard uid=1000 pid=545 myUID=1000 myPID=545 myTID=600
09-10 15:06:05.878: D/PowerManagerService(545): acquireWakeLock flags=0x1000001a tag=keyguard uid=1000 pid=545 myUID=1000 myPID=545 myTID=600
09-10 15:06:05.898: D/CircleUnlockRipple(545): handleTouchEvent event : 2
09-10 15:06:05.898: D/CircleUnlockRippleRenderer(545): handleTouchEvent event : 2, mTouchedView = null, view = null
09-10 15:06:05.898: D/PowerManagerService(545): acquireWakeLock flags=0x1000001a tag=keyguard uid=1000 pid=545 myUID=1000 myPID=545 myTID=600
09-10 15:06:05.908: D/CircleUnlockRipple(545): handleTouchEvent event : 2
09-10 15:06:05.908: D/CircleUnlockRippleRenderer(545): handleTouchEvent event : 2, mTouchedView = null, view = null
09-10 15:06:05.908: D/PowerManagerService(545): acquireWakeLock flags=0x1000001a tag=keyguard uid=1000 pid=545 myUID=1000 myPID=545 myTID=600
09-10 15:06:05.918: D/CircleUnlockRipple(545): handleTouchEvent event : 2
09-10 15:06:05.918: D/CircleUnlockRippleRenderer(545): handleTouchEvent event : 2, mTouchedView = null, view = null
09-10 15:06:05.918: W/AudioTrack(545): Minimum buffer size corrected from 2229 to 4458
09-10 15:06:05.918: V/AudioPolicyManagerBase(227): startOutput() output 1, stream 1, session 239
09-10 15:06:05.918: V/AudioPolicyManagerBase(227): getDeviceForStrategy() from cache strategy 0, device 2
09-10 15:06:05.918: V/AudioPolicyManagerBase(227): changeRefCount() stream 1, count 3
09-10 15:06:05.918: V/AudioPolicyManagerBase(227): getDeviceForStrategy() from cache strategy 0, device 2
09-10 15:06:05.918: V/AudioPolicyManagerBase(227): getNewDevice() selected device 2
09-10 15:06:05.918: V/AudioPolicyManagerALSA(227): setOutputDevice() output 1 device 2 delayMs 0 force 0
09-10 15:06:05.918: V/AudioPolicyManagerALSA(227): setOutputDevice output :0x1 mCurDevice:0x2
09-10 15:06:05.918: V/AudioPolicyManagerALSA(227): setOutputDevice() setting same device 2 or null device for output 1
09-10 15:06:05.918: D/PowerManagerService(545): acquireWakeLock flags=0x1000001a tag=keyguard uid=1000 pid=545 myUID=1000 myPID=545 myTID=600
09-10 15:06:05.928: I/InputReader(545): Touch event's action is 0x1 (deviceType=0) [pCnt=1, pending(waiting finished signal)=1, s=]
09-10 15:06:05.928: I/AudioResampler(227): Create linear Resampler inChannelCount:1 sampleRate:44100
09-10 15:06:05.928: I/AudioResampler(227): AudioResampler::AudioResampler() 1 bits, 1 channels
09-10 15:06:05.928: I/AudioResampler(227): new MM resampler(48000 -> 44100, 1)
09-10 15:06:05.968: I/InputDispatcher(545): Delivering touch to current input target: action: 0x1
09-10 15:06:05.968: I/InputDispatcher(545): Delivering touch to current input target: action: 0x1
09-10 15:06:05.968: I/InputDispatcher(545): Delivering touch to current input target: action: 0x1
09-10 15:06:05.968: D/CircleUnlockRipple(545): handleTouchEvent event : 1
09-10 15:06:05.968: D/CircleUnlockRippleRenderer(545): handleTouchEvent event : 1, mTouchedView = null, view = null
09-10 15:06:05.968: D/KeyguardViewMediator(545): keyguardDone(true)
09-10 15:06:05.968: D/KeyguardViewMediator(545): handleKeyguardDone
09-10 15:06:05.968: D/KeyguardViewMediator(545): handleHide
09-10 15:06:05.968: D/KeyguardViewManager(545): hide()
09-10 15:06:05.968: D/KeyguardViewMediator(545): adjustUserActivityLocked mShowing: false mHidden: false
09-10 15:06:05.968: D/KeyguardViewMediator(545): adjustStatusBarLocked: mShowing=false mHidden=false isSecure=false --> flags=0x0
09-10 15:06:05.968: E/KeyguardViewMediator(545): 3. Lockscreen unlock
09-10 15:06:05.968: E/KeyguardViewMediator(545): Phone is boot completed. so can broadcast
09-10 15:06:05.968: D/PowerManagerService(545): acquireWakeLock flags=0x1000001a tag=keyguard uid=1000 pid=545 myUID=1000 myPID=545 myTID=600
09-10 15:06:05.968: D/PowerManagerService(545): enableUserActivity true
09-10 15:06:05.968: D/STATUSBAR-StatusBarManagerService(545): manageDisableList what=0x0 pkg=android
09-10 15:06:05.968: D/PowerManagerService(545): releaseWakeLockLocked flags=0x0 tag=keyguard myUID=1000 myPID=545 myTID=600
09-10 15:06:05.968: I/PowerManagerService(545): Ulight 0x7->0x3|0x0
09-10 15:06:05.968: D/PowerManagerService(545): setLightBrightness : mButtonLight : 0
09-10 15:06:05.968: D/PhoneStatusBar(691): disable: < expand icons alerts ticker system_info BACK HOME recent* CLOCK
> 09-10 15:06:05.979: D/lights(545): write_int /sys/class/leds/button-backlight/brightness = 0
09-10 15:06:05.979: D/KeyguardViewMediator(545): setHidden false
09-10 15:06:05.979: D/STATUSBAR-NotificationService(545): ACTION_USER_PRESENT
09-10 15:06:05.979: E/MotionRecognitionService(545): mReceiver.onReceive : ACTION_USER_PRESENT :: UNLOCK SCREEN
09-10 15:06:05.989: D/KeyguardViewMediator(545): setHidden false
09-10 15:06:05.989: D/STATUSBAR-StatusBarManagerService(545): setSystemUiVisibility(0x0)
09-10 15:06:05.989: D/STATUSBAR-StatusBarManagerService(545): manageDisableList what=0x0 pkg=WindowManager.LayoutParams
09-10 15:06:05.989: W/InputManagerService(545): Window already focused, ignoring focus gain of: com.android.internal.view.IInputMethodClient$Stub$Proxy@429b3280
09-10 15:06:05.999: D/KeyguardViewMediator(545): setHidden false
09-10 15:06:05.999: D/LockPatternKeyguardView(545): unfocused
09-10 15:06:05.999: D/CircleLockScreen(545): unfocused
09-10 15:06:05.999: D/PhoneStatusBar(691): disable: < expand icons alerts ticker system_info back* home* recent clock*
> 09-10 15:06:06.019: E/MTPRx(5757): In MtpReceiverandroid.intent.action.USER_PRESENT
09-10 15:06:06.019: E/MTPRx(5757): value of boot_completed is1
09-10 15:06:06.019: E/MTPRx(5757): booting is completed
09-10 15:06:06.019: E/MTPRx(5757): Sd-Card path/mnt/extSdCard
09-10 15:06:06.019: E/MTPRx(5757): Status for mount/Unmount :removed
09-10 15:06:06.019: E/MTPRx(5757): SDcard is not available
09-10 15:06:06.019: E/MTPRx(5757): The value of first_boot is 1
09-10 15:06:06.019: E/MTPRx(5757): [ 662] The value of first_boot is 1NORMAL SEQUENCE
09-10 15:06:06.019: D/KeyguardViewMediator(545): setHidden false
09-10 15:06:06.039: D/KeyguardViewMediator(545): setHidden false
09-10 15:06:06.049: D/KeyguardViewMediator(545): setHidden false
09-10 15:06:06.049: W/AlarmManager(545): FACTORY_ON= 0
09-10 15:06:06.069: D/KeyguardViewMediator(545): setHidden false
09-10 15:06:06.089: D/KeyguardViewMediator(545): setHidden false
09-10 15:06:06.099: D/KeyguardViewMediator(545): setHidden false
09-10 15:06:06.119: D/KeyguardViewMediator(545): setHidden false
09-10 15:06:06.139: D/KeyguardViewMediator(545): setHidden false
09-10 15:06:06.149: D/KeyguardViewMediator(545): setHidden false
09-10 15:06:06.169: D/KeyguardViewMediator(545): setHidden false
09-10 15:06:06.189: D/KeyguardViewMediator(545): setHidden false
09-10 15:06:06.199: D/KeyguardViewMediator(545): setHidden false
09-10 15:06:06.219: D/KeyguardViewMediator(545): setHidden false
09-10 15:06:06.229: D/KeyguardViewMediator(545): setHidden false
09-10 15:06:06.249: D/KeyguardViewMediator(545): setHidden false
09-10 15:06:06.269: D/KeyguardViewMediator(545): setHidden false
09-10 15:06:06.279: D/KeyguardViewMediator(545): setHidden false
09-10 15:06:06.299: D/KeyguardViewMediator(545): setHidden false
09-10 15:06:06.299: V/AudioPolicyManagerBase(227): stopOutput() output 1, stream 1, session 237
09-10 15:06:06.299: V/AudioPolicyManagerBase(227): changeRefCount() stream 1, count 2
09-10 15:06:06.299: V/AudioPolicyManagerBase(227): getDeviceForStrategy() from cache strategy 0, device 2
09-10 15:06:06.299: V/AudioPolicyManagerBase(227): getNewDevice() selected device 2
09-10 15:06:06.299: V/AudioPolicyManagerALSA(227): setOutputDevice() output 1 device 2 delayMs 184 force 0
09-10 15:06:06.299: V/AudioPolicyManagerALSA(227): setOutputDevice output :0x1 mCurDevice:0x2
09-10 15:06:06.299: V/AudioPolicyManagerALSA(227): setOutputDevice() setting same device 2 or null device for output 1
09-10 15:06:06.319: D/KeyguardViewMediator(545): setHidden false
09-10 15:06:06.329: D/KeyguardViewMediator(545): setHidden false
09-10 15:06:06.349: D/KeyguardViewMediator(545): setHidden false
09-10 15:06:06.359: D/KeyguardViewMediator(545): setHidden false
09-10 15:06:06.379: D/KeyguardViewMediator(545): setHidden false
09-10 15:06:06.389: D/KeyguardViewMediator(545): setHidden false
09-10 15:06:06.409: D/KeyguardViewMediator(545): setHidden false
09-10 15:06:06.429: D/KeyguardViewMediator(545): setHidden false
09-10 15:06:06.439: D/KeyguardViewMediator(545): setHidden false
09-10 15:06:06.459: D/KeyguardViewMediator(545): setHidden false
09-10 15:06:06.469: D/CircleLockScreen(545): onPause()
09-10 15:06:06.469: D/CircleShortcutWidget(545): onPause()
09-10 15:06:06.469: D/CircleMissedEventWidget(545): onPause()
09-10 15:06:06.469: D/CircleLockScreen(545): cleanUp()
09-10 15:06:06.469: D/KeyguardViewMediator(545): setHidden false
09-10 15:06:06.479: V/AudioPolicyManagerBase(227): stopOutput() output 1, stream 1, session 239
09-10 15:06:06.479: V/AudioPolicyManagerBase(227): changeRefCount() stream 1, count 1
09-10 15:06:06.479: V/AudioPolicyManagerBase(227): getDeviceForStrategy() from cache strategy 0, device 2
09-10 15:06:06.479: V/AudioPolicyManagerBase(227): getNewDevice() selected device 2
09-10 15:06:06.479: V/AudioPolicyManagerALSA(227): setOutputDevice() output 1 device 2 delayMs 184 force 0
09-10 15:06:06.479: V/AudioPolicyManagerALSA(227): setOutputDevice output :0x1 mCurDevice:0x2
09-10 15:06:06.479: V/AudioPolicyManagerALSA(227): setOutputDevice() setting same device 2 or null device for output 1
09-10 15:06:06.479: V/AudioPolicyManagerBase(227): releaseOutput() 1
09-10 15:06:06.479: V/AudioPolicyManagerBase(227): stopOutput() output 1, stream 1, session 238
09-10 15:06:06.479: V/AudioPolicyManagerBase(227): changeRefCount() stream 1, count 0
