09-10 15:06:06.479: V/AudioPolicyManagerBase(227): getNewDevice() selected device 0
09-10 15:06:06.479: V/AudioPolicyManagerALSA(227): setOutputDevice() output 1 device 0 delayMs 184 force 0
09-10 15:06:06.479: V/AudioPolicyManagerALSA(227): setOutputDevice() setting same device 0 or null device for output 1
09-10 15:06:06.479: V/AudioPolicyManagerBase(227): releaseOutput() 1
09-10 15:06:06.479: V/AudioPolicyManagerBase(227): releaseOutput() 1
09-10 15:06:06.479: D/CircleMissedEventWidget(545): cleanUp()
09-10 15:06:06.489: D/memalloc(545): ion: Unmapping buffer base:0x64736000 size:3674112
09-10 15:06:06.489: D/memalloc(545): ion: Unmapping buffer base:0x657c5000 size:3674112
09-10 15:06:06.489: D/memalloc(545): ion: Unmapping buffer base:0x66489000 size:3674112
09-10 15:06:06.489: D/KeyguardViewMediator(545): setHidden false
09-10 15:06:06.499: D/memalloc(224): ion: Freeing buffer base:0x43c32000 size:3674112 fd:35
09-10 15:06:06.499: D/memalloc(224): ion: Unmapping buffer base:0x43c32000 size:3674112
09-10 15:06:06.499: D/memalloc(224): ion: Freeing buffer base:0x45441000 size:3674112 fd:65
09-10 15:06:06.499: D/memalloc(224): ion: Unmapping buffer base:0x45441000 size:3674112
09-10 15:06:06.509: D/KeyguardViewMediator(545): setHidden false
09-10 15:06:06.509: D/KeyguardViewMediator(545): setHidden false
09-10 15:06:06.509: W/SurfaceView(545): CHECK surface infomation creating=false formatChanged=false sizeChanged=false visible=false visibleChanged=true surfaceChanged=true realSizeChanged=false redrawNeeded=false left=false top=false
09-10 15:06:06.509: W/SurfaceFlinger(224): id=205 Removed idx=3 Map Size=5
09-10 15:06:06.519: D/KeyguardViewMediator(545): setHidden false
09-10 15:06:06.519: W/SurfaceFlinger(224): id=205 Removed idx=-2 Map Size=5
09-10 15:06:06.519: D/WallpaperWidget(545): cleanUp()
09-10 15:06:06.519: D/KeyguardUpdateMonitor(545): handleClockVisibilityChanged()
09-10 15:06:06.519: D/KeyguardViewMediator(545): adjustStatusBarLocked: mShowing=false mHidden=false isSecure=false --> flags=0x0
09-10 15:06:06.519: D/KeyguardViewMediator(545): setHidden false
09-10 15:06:06.519: D/STATUSBAR-StatusBarManagerService(545): manageDisableList what=0x0 pkg=android
09-10 15:06:06.539: D/KeyguardViewMediator(545): setHidden false
09-10 15:06:06.549: D/KeyguardViewMediator(545): setHidden false
09-10 15:06:06.569: D/memalloc(224): ion: Freeing buffer base:0x44335000 size:3674112 fd:50
09-10 15:06:06.569: D/memalloc(224): ion: Unmapping buffer base:0x44335000 size:3674112
09-10 15:06:06.569: D/KeyguardViewMediator(545): setHidden false
09-10 15:06:06.589: D/KeyguardViewMediator(545): setHidden false
09-10 15:06:06.599: D/KeyguardViewMediator(545): setHidden false
09-10 15:06:06.619: D/KeyguardViewMediator(545): setHidden false
09-10 15:06:06.639: D/KeyguardViewMediator(545): setHidden false
09-10 15:06:06.649: D/KeyguardViewMediator(545): setHidden false
09-10 15:06:06.669: D/KeyguardViewMediator(545): setHidden false
09-10 15:06:06.689: D/KeyguardViewMediator(545): setHidden false
09-10 15:06:06.699: D/KeyguardViewMediator(545): setHidden false
09-10 15:06:06.699: W/SurfaceFlinger(224): id=204 Removed idx=3 Map Size=4
09-10 15:06:06.699: W/SurfaceFlinger(224): id=204 Removed idx=-2 Map Size=4
09-10 15:06:06.699: D/memalloc(545): ion: Unmapping buffer base:0x66108000 size:3674112
09-10 15:06:06.699: D/memalloc(545): ion: Unmapping buffer base:0x66b8b000 size:3674112
09-10 15:06:06.709: D/memalloc(224): ion: Freeing buffer base:0x4508e000 size:3674112 fd:58
09-10 15:06:06.709: D/memalloc(224): ion: Unmapping buffer base:0x4508e000 size:3674112
09-10 15:06:06.709: D/memalloc(224): ion: Freeing buffer base:0x45ec3000 size:3674112 fd:74
09-10 15:06:06.709: D/memalloc(224): ion: Unmapping buffer base:0x45ec3000 size:3674112
09-10 15:06:06.709: D/memalloc(545): ion: Unmapping buffer base:0x6680a000 size:3674112
09-10 15:06:06.709: D/KeyguardViewMediator(545): setHidden false
09-10 15:06:06.729: D/memalloc(224): ion: Freeing buffer base:0x4584e000 size:3674112 fd:71
09-10 15:06:06.729: D/memalloc(224): ion: Unmapping buffer base:0x4584e000 size:3674112
09-10 15:06:06.970: D/PowerManagerService(545): lightSensorChangedLocked 136
09-10 15:06:06.970: D/PowerManagerService(545): lcdValue 80
09-10 15:06:06.970: D/PowerManagerService(545): buttonValue 255
09-10 15:06:06.970: D/PowerManagerService(545): keyboardValue 0
09-10 15:06:06.970: D/PowerManagerService(545): lightSensorChangedLocked : mKeyboardLight : 0
09-10 15:06:07.720: D/Tethering(545): interfaceLinkStateChanged wlan0, true
09-10 15:06:07.720: D/Tethering(545): interfaceStatusChanged wlan0, true
09-10 15:06:07.790: W/AlarmManager(545): FACTORY_ON= 0
09-10 15:06:07.800: W/AlarmManager(545): FACTORY_ON= 0
09-10 15:06:08.031: E/SMD(220): DCD ON
09-10 15:06:08.892: W/SignalStrength(545): getGsmLevel=2
09-10 15:06:08.892: W/SignalStrength(545): getLevel=2 (SignalStrength: 5 0 -120 -160 -120 -1 -1 99 2147483647 2147483647 2147483647 2147483647 gsm|lte 2)
09-10 15:06:08.892: W/SignalStrength(691): getGsmLevel=2
09-10 15:06:08.902: W/SignalStrength(691): getLevel=2 (SignalStrength: 5 0 -120 -160 -120 -1 -1 99 2147483647 2147483647 2147483647 2147483647 gsm|lte 2)
09-10 15:06:08.902: W/SignalStrength(691): getGsmLevel=2
09-10 15:06:08.902: W/SignalStrength(691): getLevel=2 (SignalStrength: 5 0 -120 -160 -120 -1 -1 99 2147483647 2147483647 2147483647 2147483647 gsm|lte 2)
09-10 15:06:08.902: W/SignalStrength(545): getDbm 1
09-10 15:06:08.902: W/SignalStrength(545): getGsmDbm=-103
09-10 15:06:08.902: W/SignalStrength(545): getDbm=-103
09-10 15:06:08.902: W/SignalStrength(545): getAsuLevel 1
09-10 15:06:08.902: W/SignalStrength(545): getGsmAsuLevel=5
09-10 15:06:08.902: W/SignalStrength(545): getAsuLevel=5
09-10 15:06:08.902: D/STATUSBAR-NetworkController(691): onSignalStrengthsChanged signalStrength=SignalStrength: 5 0 -120 -160 -120 -1 -1 99 2147483647 2147483647 2147483647 2147483647 gsm|lte 2 level=2
09-10 15:06:09.482: D/AudioStreamOutALSA(227): standby
09-10 15:06:09.482: D/ALSAModule(227): s_standby: handle 0xb610a0 h 0x0
09-10 15:06:09.482: E/ALSAModule(227): s_standby handle h 0xc88d50
09-10 15:06:09.662: D/alsa_ucm(227): snd_use_case_set(): uc_mgr 0xaed878 identifier _verb value Inactive
09-10 15:06:09.662: D/alsa_ucm(227): set_use_case_ident_for_all_devices(): HiFi
09-10 15:06:09.662: D/alsa_ucm(227): Set mixer controls for HiFi enable 0
09-10 15:06:09.662: D/alsa_ucm(227): Set mixer controls for HiFiSpeaker enable 0
09-10 15:06:09.672: D/alsa_ucm(227): snd_use_case_set(): uc_mgr 0xaed878 identifier _disdev value Speaker
09-10 15:06:09.672: E/alsa_ucm(227): Empty list
09-10 15:06:09.672: D/alsa_ucm(227): set current output is none
09-10 15:06:09.672: D/alsa_ucm(227): Set mixer controls for Speaker enable 0
09-10 15:06:11.034: E/SMD(220): DCD ON
09-10 15:06:11.384: I/Sensors(545): **** No Motion ****
09-10 15:06:11.975: W/PowerManagerService(545): Timer 0x3->0x3|0x0
09-10 15:06:12.586: E/Sensors(545): accelHandler 0.219144 0.458646 9.631571
09-10 15:06:12.746: W/SignalStrength(545): getGsmLevel=2
09-10 15:06:12.746: W/SignalStrength(545): getLevel=2 (SignalStrength: 4 0 -120 -160 -120 -1 -1 99 2147483647 2147483647 2147483647 2147483647 gsm|lte 2)
09-10 15:06:12.746: W/SignalStrength(691): getGsmLevel=2
09-10 15:06:12.746: W/SignalStrength(691): getLevel=2 (SignalStrength: 4 0 -120 -160 -120 -1 -1 99 2147483647 2147483647 2147483647 2147483647 gsm|lte 2)
09-10 15:06:12.746: W/SignalStrength(691): getGsmLevel=2
09-10 15:06:12.746: W/SignalStrength(691): getLevel=2 (SignalStrength: 4 0 -120 -160 -120 -1 -1 99 2147483647 2147483647 2147483647 2147483647 gsm|lte 2)
09-10 15:06:12.746: W/SignalStrength(545): getDbm 1
09-10 15:06:12.746: W/SignalStrength(545): getGsmDbm=-105
09-10 15:06:12.746: W/SignalStrength(545): getDbm=-105
09-10 15:06:12.746: W/SignalStrength(545): getAsuLevel 1
09-10 15:06:12.746: W/SignalStrength(545): getGsmAsuLevel=4
09-10 15:06:12.746: W/SignalStrength(545): getAsuLevel=4
09-10 15:06:12.746: D/STATUSBAR-NetworkController(691): onSignalStrengthsChanged signalStrength=SignalStrength: 4 0 -120 -160 -120 -1 -1 99 2147483647 2147483647 2147483647 2147483647 gsm|lte 2 level=2
09-10 15:06:12.776: D/PowerManagerService(545): lightSensorChangedLocked 138
09-10 15:06:12.776: D/PowerManagerService(545): lcdValue 80
09-10 15:06:12.776: D/PowerManagerService(545): buttonValue 255
09-10 15:06:12.776: D/PowerManagerService(545): keyboardValue 0
09-10 15:06:12.776: D/PowerManagerService(545): lightSensorChangedLocked : mKeyboardLight : 0
09-10 15:06:13.717: D/AndroidRuntime(7349): >>>>>> AndroidRuntime START com.android.internal.os.RuntimeInit <<<<<<
09-10 15:06:13.717: D/AndroidRuntime(7349): CheckJNI is OFF
09-10 15:06:13.717: D/AndroidRuntime(7349): setted country_code = USA
09-10 15:06:13.717: D/AndroidRuntime(7349): setted countryiso_code = US
09-10 15:06:13.717: D/AndroidRuntime(7349): setted sales_code = ATT
09-10 15:06:13.717: D/AndroidRuntime(7349): readGMSProperty: start
09-10 15:06:13.717: D/AndroidRuntime(7349): readGMSProperty: already setted!!
09-10 15:06:13.717: D/AndroidRuntime(7349): readGMSProperty: end
09-10 15:06:13.857: D/LibQmg_native(7349): register_android_app_LibQmg
09-10 15:06:13.877: D/AndroidRuntime(7349): Calling main entry com.android.commands.pm.Pm
09-10 15:06:13.897: I/ApplicationPolicy(545): isApplicationInstallationEnabled
09-10 15:06:13.897: W/PackageManager(545): verifying app can be installed or not
09-10 15:06:14.037: E/SMD(220): DCD ON
09-10 15:06:14.618: I/PackageManager(545): Removing non-system package:XXX.XXXXXXXXXXXX.XXXXX
09-10 15:06:14.618: I/ActivityManager(545): Force stopping package com.appcelerator.debug uid=10132
09-10 15:06:14.768: I/PackageManager(545): Package XXX.XXXXXXXXXXXX.XXXXX codePath changed from |XXXX|XXX|XXXXXXXXXXXXXXXXXXXXXXXX.XXX to |XXXX|XXX|XXXXXXXXXXXXXXXXXXXXXXXX.XXX; Retaining data and using new
09-10 15:06:14.798: I/PackageManager(545): Running dexopt on: XXX.XXXXXXXXXXXX.XXXXX
09-10 15:06:14.918: D/dalvikvm(7360): DexOpt: 'Lorg/apache/commons/codec/binary/Base64;' has an earlier definition; blocking out
09-10 15:06:14.918: D/dalvikvm(7360): DexOpt: 'Lorg/apache/commons/codec/binary/Hex;' has an earlier definition; blocking out
09-10 15:06:14.938: D/dalvikvm(7360): DexOpt: 'Lorg/w3c/dom/UserDataHandler;' has an earlier definition; blocking out
09-10 15:06:15.068: D/dalvikvm(7360): DexOpt: not verifying/optimizing 'Lorg/apache/commons/codec/binary/Base64;': multiple definitions
09-10 15:06:15.068: D/dalvikvm(7360): DexOpt: not verifying/optimizing 'Lorg/apache/commons/codec/binary/Hex;': multiple definitions
09-10 15:06:15.068: I/dalvikvm(7360): DexOpt: not resolving ambiguous class 'Lorg/apache/commons/codec/binary/Hex;'
09-10 15:06:15.088: I/dalvikvm(7360): DexOpt: not resolving ambiguous class 'Lorg/apache/commons/codec/binary/Base64;'
09-10 15:06:15.098: I/dalvikvm(7360): DexOpt: not resolving ambiguous class 'Lorg/apache/commons/codec/binary/Base64;'
09-10 15:06:15.198: D/dalvikvm(7360): DexOpt: not verifying/optimizing 'Lorg/w3c/dom/UserDataHandler;': multiple definitions
09-10 15:06:15.228: I/dalvikvm(7360): DexOpt: not resolving ambiguous class 'Lorg/apache/commons/codec/binary/Hex;'
09-10 15:06:15.298: W/SignalStrength(545): getGsmLevel=1
09-10 15:06:15.298: W/SignalStrength(545): getLevel=1 (SignalStrength: 4 0 -120 -160 -120 -1 -1 99 2147483647 2147483647 2147483647 2147483647 gsm|lte 1)
09-10 15:06:15.298: W/SignalStrength(691): getGsmLevel=1
09-10 15:06:15.298: W/SignalStrength(691): getLevel=1 (SignalStrength: 4 0 -120 -160 -120 -1 -1 99 2147483647 2147483647 2147483647 2147483647 gsm|lte 1)
09-10 15:06:15.298: W/SignalStrength(691): getGsmLevel=1
09-10 15:06:15.298: W/SignalStrength(691): getLevel=1 (SignalStrength: 4 0 -120 -160 -120 -1 -1 99 2147483647 2147483647 2147483647 2147483647 gsm|lte 1)
09-10 15:06:15.298: D/STATUSBAR-NetworkController(691): onSignalStrengthsChanged signalStrength=SignalStrength: 4 0 -120 -160 -120 -1 -1 99 2147483647 2147483647 2147483647 2147483647 gsm|lte 1 level=1
09-10 15:06:15.308: W/SignalStrength(545): getDbm 1
09-10 15:06:15.308: W/SignalStrength(545): getGsmDbm=-105
09-10 15:06:15.308: W/SignalStrength(545): getDbm=-105
09-10 15:06:15.308: W/SignalStrength(545): getAsuLevel 1
09-10 15:06:15.308: W/SignalStrength(545): getGsmAsuLevel=4
09-10 15:06:15.308: W/SignalStrength(545): getAsuLevel=4
09-10 15:06:15.318: D/dalvikvm(7360): DexOpt: load 104ms, verify+opt 320ms
09-10 15:06:15.439: W/PackageManager(545): Code path for pkg : changing from to
09-10 15:06:15.439: I/ActivityManager(545): Force stopping package com.appcelerator.debug uid=10132
09-10 15:06:15.439: W/PackageManager(545): Resource path for pkg : changing from to
09-10 15:06:15.559: D/PackageManager(545): New package installed in |XXXX|XXX|XXXXXXXXXXXXXXXXXXXXXXXX.XXX
09-10 15:06:15.669: I/ActivityManager(545): Force stopping package com.appcelerator.debug uid=10132
09-10 15:06:15.699: I/RegisteredComponentCache(942): ComponentInfo: ResolveInfo{41a375a8 com.android.apps.tag.TagViewer p=0 o=0 m=0x108000}, techs: android.nfc.tech.Ndef,
09-10 15:06:15.719: D/PackageManager(545): generateServicesMap(XXXXXXX.XXXXXXXX.XXXXXXXXXXXXXXXXXXXX): 8 services unchanged
09-10 15:06:15.719: D/CapabilityManagerService(2775): Receiver Broadcast:android.intent.action.PACKAGE_REMOVED
09-10 15:06:15.719: D/CapabilityManagerService(2775): The package(com.appcelerator.debug) updated
09-10 15:06:15.729: I/RegisteredComponentCache(942): ComponentInfo: ResolveInfo{41a387d0 com.android.apps.tag.TagViewer p=0 o=0 m=0x108000}, techs: android.nfc.tech.Ndef,
09-10 15:06:15.759: D/Launcher.MenuAppsGrid(955): StateObj::getAppsList() item count = 50
09-10 15:06:15.799: D/PackageManager(545): generateServicesMap(XXXXXXX.XXXXXXX.XXXXXXXXXXX): 29 services unchanged
09-10 15:06:15.819: I/PCWCLIENTTRACE_SPPReceiver(2844): [onReceive] - android.intent.action.PACKAGE_REMOVED
09-10 15:06:15.899: I/SA(1908): [SUR] onReceive log=[SA = 1.2.086 V = 15 HWD = 1280X720 2.0 SIZE = 2 LOCALE = en_US CSC = ATT MCC = 310 MNC 410 T = user DEVICE = d2att P = d2uc I = IMM76D M = SAMSUNG-SGH-I747 OKLEFT false DIS IMM76D.I747UCALG1 ]
09-10 15:06:15.899: V/AudioPolicyManagerBase(227): getNewDevice() selected device 0
09-10 15:06:15.899: I/SA(1908): [SUR] onReceive Intent=[ action_PACKAGE_REPLACED ]
09-10 15:06:15.899: V/AudioPolicyManagerBase(227): getDeviceForStrategy() from cache strategy 0, device 2
09-10 15:06:15.909: D/PackageManager(545): generateServicesMap(XXXXXXX.XXXXXXXX.XXXXXXXXXXXXXXXXXXXX): 8 services unchanged
09-10 15:06:15.909: D/BackupManagerService(545): Received broadcast Intent { act=android.intent.action.PACKAGE_REMOVED dat=package:com.appcelerator.debug flg=0x10000010 (has extras) }
09-10 15:06:15.919: D/PackageManager(545): generateServicesMap(XXXXXXX.XXXXXXX.XXXXXXXXXXX): 29 services unchanged
09-10 15:06:15.969: D/BackupManagerService(545): Received broadcast Intent { act=android.intent.action.PACKAGE_ADDED dat=package:com.appcelerator.debug flg=0x10000010 (has extras) }
09-10 15:06:15.969: V/BackupManagerService(545): updatePackageParticipantsLocked: #1
09-10 15:06:15.979: D/KeyguardViewMediator(545): handleTimeout
09-10 15:06:16.189: W/AlarmManager(545): FACTORY_ON= 0
09-10 15:06:16.259: D/dalvikvm(545): JIT code cache reset in 2 ms (1048564 bytes 7/0)
09-10 15:06:16.310: D/dalvikvm(545): GC_EXPLICIT freed 7326K, 45% free 26505K/47523K, paused 3ms+16ms
09-10 15:06:16.360: D/AndroidRuntime(7349): Shutting down VM
09-10 15:06:16.380: D/dalvikvm(7349): GC_CONCURRENT freed 100K, 89% free 472K/4096K, paused 1ms+1ms
09-10 15:06:16.380: I/AndroidRuntime(7349): NOTE: attach of thread 'Binder Thread #3' failed
09-10 15:06:16.400: D/CapabilityManagerService(2775): Receiver Broadcast:android.intent.action.PACKAGE_ADDED
09-10 15:06:16.660: I/PCWCLIENTTRACE_SPPReceiver(2844): [onReceive] - android.intent.action.PACKAGE_ADDED
09-10 15:06:16.720: I/SA(1908): [SUR] onReceive log=[SA = 1.2.086 V = 15 HWD = 1280X720 2.0 SIZE = 2 LOCALE = en_US CSC = ATT MCC = 310 MNC 410 T = user DEVICE = d2att P = d2uc I = IMM76D M = SAMSUNG-SGH-I747 OKLEFT false DIS IMM76D.I747UCALG1 ]
09-10 15:06:16.720: I/SA(1908): [SUR] onReceive Intent=[ android.intent.action.PACKAGE_ADDED ]
09-10 15:06:16.750: I/ApplicationPolicy(545): getActualApplicationStateEnabled() : true
09-10 15:06:16.800: D/dalvikvm(2280): GC_CONCURRENT freed 1120K, 15% free 13993K/16291K, paused 2ms+31ms
09-10 15:06:16.850: I/ApplicationPolicy(545): getActualApplicationStateEnabled() : true
09-10 15:06:17.030: E/SMD(220): DCD ON
09-10 15:06:17.090: I/ApplicationPolicy(545): getActualApplicationStateEnabled() : true
09-10 15:06:17.130: I/ApplicationPolicy(545): getActualApplicationStateEnabled() : true
09-10 15:06:17.281: D/PicasaSyncManager(2280): reject MetadataSyncTask (********************) because downsync is disabled
09-10 15:06:17.281: W/AlarmManager(545): FACTORY_ON= 0
09-10 15:06:17.331: W/AlarmManager(545): FACTORY_ON= 0
09-10 15:06:17.381: D/BackupManagerService(545): Received broadcast Intent { act=android.intent.action.PACKAGE_REPLACED dat=package:com.appcelerator.debug flg=0x10000010 (has extras) }
09-10 15:06:17.381: V/BackupManagerService(545): updatePackageParticipantsLocked: #1
09-10 15:06:17.511: D/dalvikvm(545): GC_CONCURRENT freed 8595K, 56% free 21364K/47523K, paused 4ms+8ms
09-10 15:06:17.541: I/ApplicationPolicy(545): getActualApplicationStateEnabled() : true
09-10 15:06:17.681: I/ApplicationPolicy(545): getActualApplicationStateEnabled() : true
09-10 15:06:17.851: W/SignalStrength(545): getGsmLevel=2
09-10 15:06:17.851: W/SignalStrength(545): getLevel=2 (SignalStrength: 4 0 -120 -160 -120 -1 -1 99 2147483647 2147483647 2147483647 2147483647 gsm|lte 2)
09-10 15:06:17.851: W/SignalStrength(691): getGsmLevel=2
09-10 15:06:17.851: W/SignalStrength(691): getLevel=2 (SignalStrength: 4 0 -120 -160 -120 -1 -1 99 2147483647 2147483647 2147483647 2147483647 gsm|lte 2)
09-10 15:06:17.851: W/SignalStrength(691): getGsmLevel=2
09-10 15:06:17.851: W/SignalStrength(691): getLevel=2 (SignalStrength: 4 0 -120 -160 -120 -1 -1 99 2147483647 2147483647 2147483647 2147483647 gsm|lte 2)
09-10 15:06:17.851: D/STATUSBAR-NetworkController(691): onSignalStrengthsChanged signalStrength=SignalStrength: 4 0 -120 -160 -120 -1 -1 99 2147483647 2147483647 2147483647 2147483647 gsm|lte 2 level=2
09-10 15:06:18.021: D/VolumePanel(545): change volume by MSG_VOLUME_CHANGED
09-10 15:06:18.021: D/VolumePanel(545): onVolumeChanged(streamType: 3, flags: 64)
09-10 15:06:18.021: D/VolumePanel(545): Call setChangeSeekbarColor(false)
09-10 15:06:18.021: V/AudioPolicyManagerBase(227): getNewDevice() selected device 0
09-10 15:06:18.021: V/AudioPolicyManagerBase(227): getDeviceForStrategy() from cache strategy 0, device 2
09-10 15:06:18.021: D/AudioService(545): getStreamVolume(3)
09-10 15:06:18.021: V/AudioPolicyManagerBase(227): getNewDevice() selected device 0
09-10 15:06:18.021: V/AudioPolicyManagerBase(227): getDeviceForStrategy() from cache strategy 0, device 2
09-10 15:06:18.021: D/VolumePanel(545): call resetTimeout
09-10 15:06:18.061: W/SignalStrength(545): getDbm 1
09-10 15:06:18.061: W/SignalStrength(545): getGsmDbm=-105
09-10 15:06:18.061: W/SignalStrength(545): getDbm=-105
09-10 15:06:18.061: W/SignalStrength(545): getAsuLevel 1
09-10 15:06:18.061: W/SignalStrength(545): getGsmAsuLevel=4
09-10 15:06:18.061: W/SignalStrength(545): getAsuLevel=4
09-10 15:06:18.071: I/ApplicationPolicy(545): getActualApplicationStateEnabled() : true
09-10 15:06:18.192: D/dalvikvm(545): GC_CONCURRENT freed 2130K, 55% free 21401K/47523K, paused 4ms+8ms
09-10 15:06:18.222: I/ApplicationPolicy(545): getActualApplicationStateEnabled() : true
09-10 15:06:18.262: I/ApplicationPolicy(545): getActualApplicationStateEnabled() : true
09-10 15:06:18.282: I/SA(1908): [SUR] onReceive log=[SA = 1.2.086 V = 15 HWD = 1280X720 2.0 SIZE = 2 LOCALE = en_US CSC = ATT MCC = 310 MNC 410 T = user DEVICE = d2att P = d2uc I = IMM76D M = SAMSUNG-SGH-I747 OKLEFT false DIS IMM76D.I747UCALG1 ]
09-10 15:06:18.282: I/SA(1908): [SUR] onReceive Intent=[ action_PACKAGE_REPLACED ]
09-10 15:06:18.372: D/PicasaSyncManager(2280): reject MetadataSyncTask (********************) because downsync is disabled
09-10 15:06:18.492: I/ApplicationPolicy(545): getActualApplicationStateEnabled() : true
09-10 15:06:18.622: I/ApplicationPolicy(545): getActualApplicationStateEnabled() : true
09-10 15:06:20.044: E/SMD(220): DCD ON
09-10 15:06:22.586: E/Sensors(545): accelHandler 0.234712 0.446671 9.650731
09-10 15:06:23.047: E/SMD(220): DCD ON
09-10 15:06:24.308: I/InputReader(545): Touch event's action is 0x0 (deviceType=0) [pCnt=1, pending(waiting finished signal)=0, s=0.265 ]
09-10 15:06:24.308: I/InputDispatcher(545): Delivering touch to current input target: action: 0x0
09-10 15:06:24.308: I/InputDispatcher(545): Delivering touch to current input target: action: 0x0
09-10 15:06:24.308: I/InputDispatcher(545): Delivering touch to current input target: action: 0x0
09-10 15:06:24.308: I/InputDispatcher(545): Delivering touch to current input target: action: 0x0
09-10 15:06:24.308: D/lights(545): write_int /sys/class/leds/button-backlight/brightness = 255
09-10 15:06:24.308: I/TwDVFSBroadcastReceiver(886): onLauncherIntent
09-10 15:06:24.308: D/PowerManager(886): DVFSLock : acquire : timeout : 1000
09-10 15:06:24.308: I/power(545): *** acquire_dvfs_lock : lockType : 1 freq : 1512000
09-10 15:06:24.308: I/PowerManagerService(545): Ulight 0x3->0x7|0x0
09-10 15:06:24.308: D/PowerManagerService(545): setLightBrightness : mButtonLight : 80
09-10 15:06:24.308: D/PowerManagerService(545): acquireDVFSLockLocked : type : DVFS_MIN_LIMIT frequency : 1512000 uid : 1000 pid : 886 tag : TwDVFSBroadcastReceiver
09-10 15:06:24.428: I/InputReader(545): Touch event's action is 0x1 (deviceType=0) [pCnt=1, pending(waiting finished signal)=0, s=]
09-10 15:06:24.428: I/InputDispatcher(545): Delivering touch to current input target: action: 0x1
09-10 15:06:24.428: I/InputDispatcher(545): Delivering touch to current input target: action: 0x1
09-10 15:06:24.428: I/InputDispatcher(545): Delivering touch to current input target: action: 0x1
09-10 15:06:24.428: I/InputDispatcher(545): Delivering touch to current input target: action: 0x1
09-10 15:06:24.428: I/AudioPolicyManagerBase(227): getSituationVolume: isBTConnected:0 isHeadConnected:0
09-10 15:06:24.428: V/AudioPolicyManagerBase(227): getParamFromPolicy deviceInt = 0, situationInt = 1, situationVolume = 0.500000
09-10 15:06:24.428: D/AudioService(545): playSoundEffect()
09-10 15:06:24.428: W/AudioTrack(545): Minimum buffer size corrected from 2048 to 4096
09-10 15:06:24.428: V/AudioPolicyManagerBase(227): startOutput() output 1, stream 1, session 240
09-10 15:06:24.428: V/AudioPolicyManagerBase(227): getDeviceForStrategy() from cache strategy 0, device 2
09-10 15:06:24.428: V/AudioPolicyManagerBase(227): changeRefCount() stream 1, count 1
09-10 15:06:24.428: V/AudioPolicyManagerBase(227): getDeviceForStrategy() from cache strategy 0, device 2
09-10 15:06:24.428: V/AudioPolicyManagerBase(227): getNewDevice() selected device 2
09-10 15:06:24.428: V/AudioPolicyManagerALSA(227): setOutputDevice() output 1 device 2 delayMs 0 force 0
09-10 15:06:24.428: V/AudioPolicyManagerALSA(227): setOutputDevice output :0x1 mCurDevice:0x2
09-10 15:06:24.428: V/AudioPolicyManagerALSA(227): setOutputDevice() setting same device 2 or null device for output 1
09-10 15:06:24.428: I/ActivityManager(545): START {intent.toShortString} from pid 955
09-10 15:06:24.428: D/PowerManagerService(545): acquireDVFSLockLocked : type : DVFS_MIN_LIMIT frequency : 1026000 uid : 1000 pid : 545 tag : ActivityManager
09-10 15:06:24.428: W/ActivityManager(545): mDVFSLock.acquire()
09-10 15:06:24.438: V/AudioPolicyManagerBase(227): releaseOutput() 1
09-10 15:06:24.438: I/AudioMixer(227): AudioMixer::setParameter mMixerChannelCount:2 channelCount:2
09-10 15:06:24.438: D/ALSAModule(227): s_route: devices 0x2 in mode 0
09-10 15:06:24.438: D/ALSAModule(227): No valid input device: 0
09-10 15:06:24.438: D/alsa_ucm(227): snd_use_case_set(): uc_mgr 0xaed878 identifier _enadev value Speaker
09-10 15:06:24.438: D/alsa_ucm(227): Speaker is 0
09-10 15:06:24.438: D/alsa_ucm(227): set current output is none
09-10 15:06:24.438: D/alsa_ucm(227): snd_use_case_set(): uc_mgr 0xaed878 identifier _verb value HiFi
09-10 15:06:24.438: D/alsa_ucm(227): set_use_case_ident_for_all_devices(): HiFi
09-10 15:06:24.438: D/alsa_ucm(227): Set mixer controls for HiFi enable 1
09-10 15:06:24.438: D/alsa_ucm(227): Set mixer controls for Speaker enable 1
09-10 15:06:24.438: D/alsa_ucm(227): acdb_id 15 cap 1 enable 1
09-10 15:06:24.438: D/ACDB-LOADER(227): ACDB -> send_audio_cal, acdb_id = 15, path = 0
09-10 15:06:24.438: D/ACDB-LOADER(227): ACDB -> send_adm_topology
09-10 15:06:24.438: D/ACDB-LOADER(227): ACDB -> ACDB_CMD_GET_AUDPROC_COMMON_TOPOLOGY_ID
09-10 15:06:24.438: D/ACDB-LOADER(227): ACDB -> send_audtable
09-10 15:06:24.438: D/ACDB-LOADER(227): ACDB -> ACDB_CMD_GET_AUDPROC_COMMON_TABLE
09-10 15:06:24.438: D/ACDB-LOADER(227): ACDB -> AUDIO_SET_AUDPROC_CAL
09-10 15:06:24.438: D/ACDB-LOADER(227): ACDB -> send_audvoltable
09-10 15:06:24.438: D/ACDB-LOADER(227): ACDB -> ACDB_CMD_GET_AUDPROC_GAIN_DEP_VOLTBL_STEP_COPP
09-10 15:06:24.438: D/ACDB-LOADER(227): ACDB -> AUDIO_SET_AUDPROC_VOL_CAL
09-10 15:06:24.438: D/ACDB-LOADER(227): ACDB -> send_afe_cal
09-10 15:06:24.438: D/ACDB-LOADER(227): ACDB -> ACDB_CMD_GET_AFE_COMMON_TABLE
09-10 15:06:24.438: E/ACDB-LOADER(227): Error: ACDB AFE returned = -8
09-10 15:06:24.438: D/ACDB-LOADER(227): ACDB -> AUDIO_SET_AFE_CAL
09-10 15:06:24.468: D/alsa_ucm(227): set current output is hw
09-10 15:06:24.468: D/alsa_ucm(227): Set mixer controls for HiFiSpeaker enable 1
09-10 15:06:24.468: D/ALSAModule(227): s_close: handle 0xb610a0 h 0x0
09-10 15:06:24.468: D/ALSAModule(227): s_open: handle 0xb610a0
09-10 15:06:24.468: D/ALSAModule(227): Device value returned is hw:0,0
09-10 15:06:24.468: D/ALSAModule(227): setHardwareParams: reqBuffSize 2048 channels 2 sampleRate 44100
09-10 15:06:24.478: V/alsa_pcm(227): buffer_bytes = (16384,16384) omin=0 omax=0 int=1 empty=0
09-10 15:06:24.478: V/alsa_pcm(227): period_bytes = (2048,2048) omin=0 omax=0 int=1 empty=0
09-10 15:06:24.478: D/ALSAModule(227): setHardwareParams: buffer_size 16384, period_size 2048, period_cnt 8
09-10 15:06:24.558: D/dalvikvm(545): GC_FOR_ALLOC freed 1838K, 57% free 20888K/47523K, paused 123ms
09-10 15:06:24.568: D/Launcher.HomeFragment(955): onPause
09-10 15:06:24.568: D/Launcher(955): onPause
09-10 15:06:24.568: D/widget(955): [MSC_HERO_Accu]>>> WC:935 [0:0] onPause
09-10 15:06:24.578: D/widget(955): [MSC_HERO_Accu]>>> WC:935 [0:0] onPause
09-10 15:06:24.628: I/dalvikvm(7377): Turning on JNI app bug workarounds for target SDK version 8...
09-10 15:06:24.668: D/dalvikvm(545): GC_FOR_ALLOC freed 16K, 53% free 22606K/47523K, paused 71ms
09-10 15:06:24.668: I/dalvikvm-heap(545): Grow heap (frag case) to 25.777MB for 2731536-byte allocation
09-10 15:06:24.698: V/AudioPolicyManagerBase(227): stopOutput() output 1, stream 1, session 240
09-10 15:06:24.698: V/AudioPolicyManagerBase(227): changeRefCount() stream 1, count 0
09-10 15:06:24.698: V/AudioPolicyManagerBase(227): getNewDevice() selected device 0
09-10 15:06:24.698: V/AudioPolicyManagerALSA(227): setOutputDevice() output 1 device 0 delayMs 184 force 0
09-10 15:06:24.698: V/AudioPolicyManagerALSA(227): setOutputDevice() setting same device 0 or null device for output 1
09-10 15:06:24.749: D/dalvikvm(545): GC_FOR_ALLOC freed 2K, 47% free 25270K/47523K, paused 69ms
09-10 15:06:24.769: W/SurfaceFlinger(224): id=207(42) createSurface 0x10e9fe4 (1x1),1 flag=0
09-10 15:06:24.779: D/KeyguardViewMediator(545): setHidden false
09-10 15:06:24.779: I/ActivityManager(545): Start proc app.processName for activity hostingNameStr: pid=7377 uid=10132 gids={1015, 1023, 3003}
09-10 15:06:24.789: V/WindowManager(545): rotationForOrientationLw(orient=-1, last=0); user=0 mLidOpen=-1 mDockMode=0 mHdmiPlugged=false mAccelerometerDefault=1 sensorRotation=-1
09-10 15:06:24.799: D/memalloc(224): ion: Allocated buffer base:0x43c32000 size:3768320 fd:50
09-10 15:06:24.799: D/memalloc(545): ion: Mapped buffer base:0x63e4b000 size:3768320 offset:0 fd:345
09-10 15:06:24.809: D/KeyguardViewMediator(545): setHidden false
09-10 15:06:24.819: I/Adreno200-EGLSUB(224): : Android Image
09-10 15:06:24.819: I/Adreno200-EGLSUB(224): : RGBA_8888
09-10 15:06:24.819: D/KeyguardViewMediator(545): setHidden false
09-10 15:06:24.819: D/DEFERED_APP_VISIBILITY(545): tweaking closing app
09-10 15:06:24.829: D/OpenGLRenderer(955): Flushing caches (mode 2)
09-10 15:06:24.839: D/KeyguardViewMediator(545): setHidden false
09-10 15:06:24.839: D/KeyguardViewMediator(545): setHidden false
09-10 15:06:24.849: I/TiApplication(7377): (main) [0,0] checkpoint, app created.
09-10 15:06:24.849: D/OpenGLRenderer(955): Flushing caches (mode 0)
09-10 15:06:24.849: D/memalloc(955): ion: Unmapping buffer base:0x5f6c4000 size:3768320
09-10 15:06:24.849: D/memalloc(955): ion: Unmapping buffer base:0x5fe8c000 size:3768320
09-10 15:06:24.849: D/memalloc(955): ion: Unmapping buffer base:0x60bdc000 size:3768320
09-10 15:06:24.849: D/KeyguardViewMediator(545): setHidden false
09-10 15:06:24.849: D/memalloc(224): ion: Freeing buffer base:0x4389a000 size:3768320 fd:47
09-10 15:06:24.849: D/memalloc(224): ion: Unmapping buffer base:0x4389a000 size:3768320
09-10 15:06:24.849: D/memalloc(224): ion: Freeing buffer base:0x446cd000 size:3768320 fd:60
09-10 15:06:24.849: D/memalloc(224): ion: Unmapping buffer base:0x446cd000 size:3768320
09-10 15:06:24.859: D/KeyguardViewMediator(545): setHidden false
09-10 15:06:24.869: D/KeyguardViewMediator(545): setHidden false
09-10 15:06:24.879: D/KeyguardViewMediator(545): setHidden false
09-10 15:06:24.899: D/KeyguardViewMediator(545): setHidden false
09-10 15:06:24.909: I/TiApplication(7377): (main) [62,62] Titanium 2.2.0 (2012/09/10 08:49 5464b89)
09-10 15:06:24.919: D/KeyguardViewMediator(545): setHidden false
09-10 15:06:24.929: D/dalvikvm(545): GC_CONCURRENT freed 1744K, 51% free 23562K/47523K, paused 4ms+9ms
09-10 15:06:24.939: D/KeyguardViewMediator(545): setHidden false
09-10 15:06:24.949: D/KeyguardViewMediator(545): setHidden false
09-10 15:06:24.969: D/KeyguardViewMediator(545): setHidden false
09-10 15:06:24.989: D/KeyguardViewMediator(545): setHidden false
09-10 15:06:24.999: D/KeyguardViewMediator(545): setHidden false
09-10 15:06:25.019: D/KeyguardViewMediator(545): setHidden false
09-10 15:06:25.039: D/KeyguardViewMediator(545): setHidden false
09-10 15:06:25.049: I/TiDbHelper(7377): (main) [137,199] No value in database for platform key: 'unique_machine_id' returning supplied default ''
09-10 15:06:25.049: I/TiDbHelper(7377): (main) [3,202] No value in database for platform key: 'hardware_machine_id' returning supplied default ''
09-10 15:06:25.049: D/KeyguardViewMediator(545): setHidden false
09-10 15:06:25.069: D/KeyguardViewMediator(545): setHidden false
09-10 15:06:25.079: D/KeyguardViewMediator(545): setHidden false
09-10 15:06:25.099: D/KeyguardViewMediator(545): setHidden false
09-10 15:06:25.099: I/TiApplication(7377): (main) [55,257] Titanium Javascript runtime: v8
09-10 15:06:25.109: D/dalvikvm(7377): Trying to load lib /data/data/com.appcelerator.debug/lib/libstlport_shared.so 0x419cda58
09-10 15:06:25.109: D/dalvikvm(7377): Added shared lib /data/data/com.appcelerator.debug/lib/libstlport_shared.so 0x419cda58
09-10 15:06:25.109: D/dalvikvm(7377): No JNI_OnLoad found in /data/data/com.appcelerator.debug/lib/libstlport_shared.so 0x419cda58, skipping init
09-10 15:06:25.109: I/TiRootActivity(7377): (main) [0,0] checkpoint, on root activity create, savedInstanceState: null
09-10 15:06:25.109: D/dalvikvm(7377): Trying to load lib /data/data/com.appcelerator.debug/lib/libkroll-v8.so 0x419cda58
09-10 15:06:25.119: D/KeyguardViewMediator(545): setHidden false
09-10 15:06:25.119: D/dalvikvm(7377): Added shared lib /data/data/com.appcelerator.debug/lib/libkroll-v8.so 0x419cda58
09-10 15:06:25.129: D/KeyguardViewMediator(545): setHidden false
09-10 15:06:25.149: D/KeyguardViewMediator(545): setHidden false
09-10 15:06:25.159: I/TiAnalyticsDb(7377): (main) [44,44] Upgrading Database from 1 to 4
09-10 15:06:25.159: D/KeyguardViewMediator(545): setHidden false
09-10 15:06:25.179: D/KeyguardViewMediator(545): setHidden false
09-10 15:06:25.199: D/KeyguardViewMediator(545): setHidden false
09-10 15:06:25.209: D/KeyguardViewMediator(545): setHidden false
09-10 15:06:25.229: D/KeyguardViewMediator(545): setHidden false
09-10 15:06:25.249: D/KeyguardViewMediator(545): setHidden false
09-10 15:06:25.259: D/KeyguardViewMediator(545): setHidden false
09-10 15:06:25.279: D/KeyguardViewMediator(545): setHidden false
09-10 15:06:25.299: D/KeyguardViewMediator(545): setHidden false
09-10 15:06:25.309: D/KeyguardViewMediator(545): setHidden false
09-10 15:06:25.319: I/power(545): *** acquire_dvfs_lock : lockType : 1 freq : 1026000
09-10 15:06:25.319: D/PowerManagerService(545): releaseDVFSLockLocked : remain DVFS_MIN_LIMIT : next : 1026000
09-10 15:06:25.329: D/KeyguardViewMediator(545): setHidden false
09-10 15:06:25.339: D/KeyguardViewMediator(545): setHidden false
09-10 15:06:25.359: D/KeyguardViewMediator(545): setHidden false
09-10 15:06:25.369: E/TiApplication(7377): (KrollRuntimeThread) [213,257] APP PROXY: ti.modules.titanium.app.AppModule@41a73b80
09-10 15:06:25.369: D/KeyguardViewMediator(545): setHidden false
09-10 15:06:25.369: D/PowerManagerService(545): lightSensorChangedLocked 133
09-10 15:06:25.369: D/PowerManagerService(545): lcdValue 80
09-10 15:06:25.369: D/PowerManagerService(545): buttonValue 255
09-10 15:06:25.369: D/PowerManagerService(545): keyboardValue 0
09-10 15:06:25.369: D/PowerManagerService(545): lightSensorChangedLocked : mKeyboardLight : 0
09-10 15:06:25.389: D/KeyguardViewMediator(545): setHidden false
09-10 15:06:25.409: D/KeyguardViewMediator(545): setHidden false
09-10 15:06:25.419: I/v8(7377): Failed to open socket on port 9419, waiting 1000 ms before retrying
09-10 15:06:25.419: D/KeyguardViewMediator(545): setHidden false
09-10 15:06:25.429: I/power(545): *** release_dvfs_lock : lockType : 1
09-10 15:06:25.429: D/PowerManagerService(545): releaseDVFSLockLocked : all DVFS_MIN_LIMIT are released
09-10 15:06:25.429: W/ActivityManager(545): mDVFSLock.release()
09-10 15:06:25.439: D/KeyguardViewMediator(545): setHidden false
09-10 15:06:25.439: D/KeyguardViewMediator(545): setHidden false
09-10 15:06:25.439: W/SurfaceFlinger(224): id=202 Removed idx=1 Map Size=4
09-10 15:06:25.439: W/SurfaceFlinger(224): id=202 Removed idx=-2 Map Size=4
09-10 15:06:25.459: D/memalloc(224): ion: Freeing buffer base:0x42ea9000 size:3768320 fd:39
09-10 15:06:25.459: D/memalloc(224): ion: Unmapping buffer base:0x42ea9000 size:3768320
09-10 15:06:25.830: D/KeyguardUpdateMonitor(545): received broadcast android.intent.action.BATTERY_CHANGED
09-10 15:06:25.830: E/MTPJNIInterface(5757): In MTPJNIINterface onReceive:android.intent.action.BATTERY_CHANGED
09-10 15:06:25.830: D/KeyguardUpdateMonitor(545): handleBatteryUpdate
09-10 15:06:25.830: D/BatteryService(545): update start
09-10 15:06:25.830: D/BatteryService(545): level:100 scale:100 status:5 health:2 present:true voltage: 4328 temperature: 312 technology: Li-ion AC powered:false USB powered:true icon:17303128 invalid charger:0
09-10 15:06:25.830: D/ThermistorObserver(545): mBatteryBRForAMOLED : onReceive() : newTemperature : 312
09-10 15:06:25.840: D/STATUSBAR-BatteryController(691): onReceive() - ACTION_BATTERY_CHANGED
09-10 15:06:25.840: D/STATUSBAR-BatteryController(691): onReceive() - level:100
09-10 15:06:25.840: D/STATUSBAR-BatteryController(691): onReceive() - plugged:2
09-10 15:06:25.840: D/STATUSBAR-BatteryController(691): onReceive() - BATTERY_STATUS_FULL:
09-10 15:06:26.040: E/SMD(220): DCD ON
09-10 15:06:26.420: I/v8(7377): Failed to open socket on port 9419, waiting 1000 ms before retrying
09-10 15:06:27.421: I/v8(7377): Failed to open socket on port 9419, waiting 1000 ms before retrying
09-10 15:06:27.702: D/AudioStreamOutALSA(227): standby
09-10 15:06:27.702: D/ALSAModule(227): s_standby: handle 0xb610a0 h 0x0
09-10 15:06:27.702: E/ALSAModule(227): s_standby handle h 0xc88d50
09-10 15:06:27.902: D/alsa_ucm(227): snd_use_case_set(): uc_mgr 0xaed878 identifier _verb value Inactive
09-10 15:06:27.902: D/alsa_ucm(227): set_use_case_ident_for_all_devices(): HiFi
09-10 15:06:27.902: D/alsa_ucm(227): Set mixer controls for HiFi enable 0
09-10 15:06:27.902: D/alsa_ucm(227): Set mixer controls for HiFiSpeaker enable 0
09-10 15:06:27.902: D/alsa_ucm(227): snd_use_case_set(): uc_mgr 0xaed878 identifier _disdev value Speaker
09-10 15:06:27.902: E/alsa_ucm(227): Empty list
09-10 15:06:27.902: D/alsa_ucm(227): set current output is none
09-10 15:06:27.902: D/alsa_ucm(227): Set mixer controls for Speaker enable 0
09-10 15:06:28.422: I/v8(7377): Failed to open socket on port 9419, waiting 1000 ms before retrying
09-10 15:06:28.773: D/PowerManagerService(545): lightSensorChangedLocked 136
09-10 15:06:28.773: D/PowerManagerService(545): lcdValue 80
09-10 15:06:28.773: D/PowerManagerService(545): buttonValue 255
09-10 15:06:28.773: D/PowerManagerService(545): keyboardValue 0
09-10 15:06:28.773: D/PowerManagerService(545): lightSensorChangedLocked : mKeyboardLight : 0
09-10 15:06:29.043: E/SMD(220): DCD ON
09-10 15:06:29.424: I/v8(7377): Failed to open socket on port 9419, waiting 1000 ms before retrying
09-10 15:06:30.314: D/lights(545): write_int /sys/class/leds/button-backlight/brightness = 0
09-10 15:06:30.314: W/PowerManagerService(545): Timer 0x7->0x3|0x0
09-10 15:06:30.314: I/PowerManagerService(545): Ulight 0x7->0x3|0x0
09-10 15:06:30.314: D/PowerManagerService(545): setLightBrightness : mButtonLight : 0
09-10 15:06:30.425: I/v8(7377): Failed to open socket on port 9419, waiting 1000 ms before retrying
09-10 15:06:31.426: I/v8(7377): Failed to open socket on port 9419, waiting 1000 ms before retrying
09-10 15:06:32.046: E/SMD(220): DCD ON
09-10 15:06:32.277: V/AlarmManager(545): waitForAlarm result :1
09-10 15:06:32.427: I/v8(7377): Failed to open socket on port 9419, waiting 1000 ms before retrying
09-10 15:06:32.467: D/dalvikvm(2152): GC_CONCURRENT freed 1634K, 19% free 13853K/17059K, paused 2ms+3ms
09-10 15:06:32.597: E/Sensors(545): accelHandler 0.231119 0.434696 9.617201
09-10 15:06:32.687: D/Finsky(2152): [1] 5.onFinished: Installation state replication succeeded.
09-10 15:06:33.418: I/v8(7377): Failed to open socket on port 9419, waiting 1000 ms before retrying
09-10 15:06:34.419: I/v8(7377): Failed to open socket on port 9419, waiting 1000 ms before retrying
09-10 15:06:34.569: W/ActivityManager(545): Launch timeout has expired, giving up wake lock!
09-10 15:06:35.040: E/SMD(220): DCD ON
09-10 15:06:35.420: I/v8(7377): Failed to open socket on port 9419, waiting 1000 ms before retrying
09-10 15:06:35.790: W/SignalStrength(691): getGsmLevel=2
09-10 15:06:35.790: W/SignalStrength(691): getLevel=2 (SignalStrength: 5 0 -120 -160 -120 -1 -1 99 2147483647 2147483647 2147483647 2147483647 gsm|lte 2)
09-10 15:06:35.790: W/SignalStrength(691): getGsmLevel=2
09-10 15:06:35.790: W/SignalStrength(691): getLevel=2 (SignalStrength: 5 0 -120 -160 -120 -1 -1 99 2147483647 2147483647 2147483647 2147483647 gsm|lte 2)
09-10 15:06:35.790: W/SignalStrength(545): getGsmLevel=2
09-10 15:06:35.790: W/SignalStrength(545): getLevel=2 (SignalStrength: 5 0 -120 -160 -120 -1 -1 99 2147483647 2147483647 2147483647 2147483647 gsm|lte 2)
09-10 15:06:35.790: W/SignalStrength(545): getDbm 1
09-10 15:06:35.790: D/STATUSBAR-NetworkController(691): onSignalStrengthsChanged signalStrength=SignalStrength: 5 0 -120 -160 -120 -1 -1 99 2147483647 2147483647 2147483647 2147483647 gsm|lte 2 level=2
09-10 15:06:35.800: W/SignalStrength(545): getGsmDbm=-103
09-10 15:06:35.800: W/SignalStrength(545): getDbm=-103
09-10 15:06:35.800: W/SignalStrength(545): getAsuLevel 1
09-10 15:06:35.800: W/SignalStrength(545): getGsmAsuLevel=5
09-10 15:06:35.800: W/SignalStrength(545): getAsuLevel=5
09-10 15:06:36.421: I/v8(7377): Failed to open socket on port 9419, waiting 1000 ms before retrying
09-10 15:06:37.422: I/v8(7377): Failed to open socket on port 9419, waiting 1000 ms before retrying
09-10 15:06:38.043: E/SMD(220): DCD ON
09-10 15:06:38.423: I/v8(7377): Failed to open socket on port 9419, waiting 1000 ms before retrying
09-10 15:06:39.424: I/v8(7377): Failed to open socket on port 9419, waiting 1000 ms before retrying
09-10 15:06:40.425: I/v8(7377): Failed to open socket on port 9419, waiting 1000 ms before retrying
09-10 15:06:41.046: E/SMD(220): DCD ON
09-10 15:06:41.426: I/v8(7377): Failed to open socket on port 9419, waiting 1000 ms before retrying
09-10 15:06:42.427: I/v8(7377): Failed to open socket on port 9419, waiting 1000 ms before retrying
09-10 15:06:42.598: E/Sensors(545): accelHandler 0.199984 0.467029 9.587263
09-10 15:06:43.418: I/v8(7377): Failed to open socket on port 9419, waiting 1000 ms before retrying
09-10 15:06:44.039: E/SMD(220): DCD ON
09-10 15:06:44.420: I/v8(7377): Failed to open socket on port 9419, waiting 1000 ms before retrying
09-10 15:06:45.421: I/v8(7377): Failed to open socket on port 9419, waiting 1000 ms before retrying
09-10 15:06:46.422: I/v8(7377): Failed to open socket on port 9419, waiting 1000 ms before retrying
09-10 15:06:47.042: E/SMD(220): DCD ON
09-10 15:06:47.423: I/v8(7377): Failed to open socket on port 9419, waiting 1000 ms before retrying
09-10 15:06:48.424: I/v8(7377): Failed to open socket on port 9419, waiting 1000 ms before retrying
09-10 15:06:48.934: W/AlarmManager(545): FACTORY_ON= 0
09-10 15:06:48.934: W/AlarmManager(545): FACTORY_ON= 0
09-10 15:06:49.425: I/v8(7377): Failed to open socket on port 9419, waiting 1000 ms before retrying
09-10 15:06:50.056: E/SMD(220): DCD ON
09-10 15:06:50.426: I/v8(7377): Failed to open socket on port 9419, waiting 1000 ms before retrying
09-10 15:06:51.437: I/v8(7377): Failed to open socket on port 9419, waiting 1000 ms before retrying
09-10 15:06:52.328: D/STATUSBAR-NetworkController(691): onReceive() - RSSI_CHANGED_ACTION, WIFI_STATE, NETWORK_STATE
09-10 15:06:52.428: I/v8(7377): Failed to open socket on port 9419, waiting 1000 ms before retrying
09-10 15:06:52.598: E/Sensors(545): accelHandler 0.202379 0.459844 9.592053
09-10 15:06:53.049: E/SMD(220): DCD ON
09-10 15:06:53.429: I/v8(7377): Failed to open socket on port 9419, waiting 1000 ms before retrying
09-10 15:06:54.440: I/v8(7377): Failed to open socket on port 9419, waiting 1000 ms before retrying
09-10 15:06:55.351: D/STATUSBAR-NetworkController(691): onReceive() - RSSI_CHANGED_ACTION, WIFI_STATE, NETWORK_STATE
09-10 15:06:55.441: I/v8(7377): Failed to open socket on port 9419, waiting 1000 ms before retrying
09-10 15:06:56.052: E/SMD(220): DCD ON
09-10 15:06:56.262: W/SignalStrength(545): getGsmLevel=2
09-10 15:06:56.262: W/SignalStrength(545): getLevel=2 (SignalStrength: 7 0 -120 -160 -120 -1 -1 99 2147483647 2147483647 2147483647 2147483647 gsm|lte 2)
09-10 15:06:56.272: W/SignalStrength(545): getDbm 1
09-10 15:06:56.272: W/SignalStrength(545): getGsmDbm=-99
09-10 15:06:56.272: W/SignalStrength(545): getDbm=-99
09-10 15:06:56.272: W/SignalStrength(545): getAsuLevel 1
09-10 15:06:56.272: W/SignalStrength(545): getGsmAsuLevel=7
09-10 15:06:56.272: W/SignalStrength(545): getAsuLevel=7
09-10 15:06:56.272: W/SignalStrength(691): getGsmLevel=2
09-10 15:06:56.272: W/SignalStrength(691): getLevel=2 (SignalStrength: 7 0 -120 -160 -120 -1 -1 99 2147483647 2147483647 2147483647 2147483647 gsm|lte 2)
09-10 15:06:56.272: W/SignalStrength(691): getGsmLevel=2
09-10 15:06:56.272: W/SignalStrength(691): getLevel=2 (SignalStrength: 7 0 -120 -160 -120 -1 -1 99 2147483647 2147483647 2147483647 2147483647 gsm|lte 2)
09-10 15:06:56.272: D/STATUSBAR-NetworkController(691): onSignalStrengthsChanged signalStrength=SignalStrength: 7 0 -120 -160 -120 -1 -1 99 2147483647 2147483647 2147483647 2147483647 gsm|lte 2 level=2
09-10 15:06:56.342: D/BatteryService(545): update start
09-10 15:06:56.342: D/BatteryService(545): level:100 scale:100 status:5 health:2 present:true voltage: 4340 temperature: 311 technology: Li-ion AC powered:false USB powered:true icon:17303128 invalid charger:0
09-10 15:06:56.352: D/KeyguardUpdateMonitor(545): received broadcast android.intent.action.BATTERY_CHANGED
09-10 15:06:56.352: D/KeyguardUpdateMonitor(545): handleBatteryUpdate
09-10 15:06:56.352: E/MTPJNIInterface(5757): In MTPJNIINterface onReceive:android.intent.action.BATTERY_CHANGED
09-10 15:06:56.352: D/ThermistorObserver(545): mBatteryBRForAMOLED : onReceive() : newTemperature : 311
09-10 15:06:56.352: D/STATUSBAR-BatteryController(691): onReceive() - ACTION_BATTERY_CHANGED
09-10 15:06:56.352: D/STATUSBAR-BatteryController(691): onReceive() - level:100
09-10 15:06:56.352: D/STATUSBAR-BatteryController(691): onReceive() - plugged:2
09-10 15:06:56.352: D/STATUSBAR-BatteryController(691): onReceive() - BATTERY_STATUS_FULL:
09-10 15:06:56.442: I/v8(7377): Failed to open socket on port 9419, waiting 1000 ms before retrying
09-10 15:06:57.443: I/v8(7377): Failed to open socket on port 9419, waiting 1000 ms before retrying
09-10 15:06:57.544: W/SignalStrength(545): getGsmLevel=3
09-10 15:06:57.544: W/SignalStrength(545): getLevel=3 (SignalStrength: 7 0 -120 -160 -120 -1 -1 99 2147483647 2147483647 2147483647 2147483647 gsm|lte 3)
09-10 15:06:57.544: W/SignalStrength(545): getDbm 1
09-10 15:06:57.544: W/SignalStrength(545): getGsmDbm=-99
09-10 15:06:57.544: W/SignalStrength(545): getDbm=-99
09-10 15:06:57.544: W/SignalStrength(545): getAsuLevel 1
09-10 15:06:57.544: W/SignalStrength(545): getGsmAsuLevel=7
09-10 15:06:57.544: W/SignalStrength(545): getAsuLevel=7
09-10 15:06:57.544: W/SignalStrength(691): getGsmLevel=3
09-10 15:06:57.544: W/SignalStrength(691): getLevel=3 (SignalStrength: 7 0 -120 -160 -120 -1 -1 99 2147483647 2147483647 2147483647 2147483647 gsm|lte 3)
09-10 15:06:57.544: W/SignalStrength(691): getGsmLevel=3
09-10 15:06:57.544: W/SignalStrength(691): getLevel=3 (SignalStrength: 7 0 -120 -160 -120 -1 -1 99 2147483647 2147483647 2147483647 2147483647 gsm|lte 3)
09-10 15:06:57.544: D/STATUSBAR-NetworkController(691): onSignalStrengthsChanged signalStrength=SignalStrength: 7 0 -120 -160 -120 -1 -1 99 2147483647 2147483647 2147483647 2147483647 gsm|lte 3 level=3
09-10 15:06:58.374: D/STATUSBAR-NetworkController(691): onReceive() - RSSI_CHANGED_ACTION, WIFI_STATE, NETWORK_STATE
09-10 15:06:58.444: I/v8(7377): Failed to open socket on port 9419, waiting 1000 ms before retrying
09-10 15:06:58.815: W/SignalStrength(545): getGsmLevel=3
09-10 15:06:58.815: W/SignalStrength(545): getLevel=3 (SignalStrength: 8 0 -120 -160 -120 -1 -1 99 2147483647 2147483647 2147483647 2147483647 gsm|lte 3)
09-10 15:06:58.815: W/SignalStrength(691): getGsmLevel=3
09-10 15:06:58.815: W/SignalStrength(691): getLevel=3 (SignalStrength: 8 0 -120 -160 -120 -1 -1 99 2147483647 2147483647 2147483647 2147483647 gsm|lte 3)
09-10 15:06:58.815: W/SignalStrength(691): getGsmLevel=3
09-10 15:06:58.815: D/STATUSBAR-NetworkController(691): onSignalStrengthsChanged signalStrength=SignalStrength: 8 0 -120 -160 -120 -1 -1 99 2147483647 2147483647 2147483647 2147483647 gsm|lte 3 level=3
09-10 15:06:58.825: W/SignalStrength(545): getDbm 1
09-10 15:06:58.825: W/SignalStrength(545): getGsmDbm=-97
09-10 15:06:58.825: W/SignalStrength(545): getDbm=-97
09-10 15:06:58.825: W/SignalStrength(545): getAsuLevel 1
09-10 15:06:58.825: W/SignalStrength(545): getGsmAsuLevel=8
09-10 15:06:58.825: W/SignalStrength(545): getAsuLevel=8
09-10 15:06:58.825: W/SignalStrength(691): getLevel=3 (SignalStrength: 8 0 -120 -160 -120 -1 -1 99 2147483647 2147483647 2147483647 2147483647 gsm|lte 3)
09-10 15:06:59.055: E/SMD(220): DCD ON
09-10 15:06:59.446: I/v8(7377): Failed to open socket on port 9419, waiting 1000 ms before retrying
09-10 15:06:59.996: V/AlarmManager(545): waitForAlarm result :8
09-10 15:06:59.996: V/AlarmManager(545): ClockReceiver onReceive() ACTION_TIME_TICK
09-10 15:06:59.996: W/AlarmManager(545): FACTORY_ON= 0
09-10 15:07:00.006: D/KeyguardUpdateMonitor(545): received broadcast android.intent.action.TIME_TICK
09-10 15:07:00.006: D/KeyguardUpdateMonitor(545): handleTimeUpdate
09-10 15:07:00.006: D/STATUSBAR-Clock(691): onReceive() - ACTION_TIME_TICK
09-10 15:07:00.016: D/STATUSBAR-Clock(691): updateClock :3:07 PM
09-10 15:07:00.016: D/STATUSBAR-DateView(691): updateClock :09/10/2012
09-10 15:07:00.447: I/v8(7377): Failed to open socket on port 9419, waiting 1000 ms before retrying
09-10 15:07:00.777: D/PowerManagerService(545): lightSensorChangedLocked 138
09-10 15:07:00.777: D/PowerManagerService(545): lcdValue 80
09-10 15:07:00.777: D/PowerManagerService(545): buttonValue 255
09-10 15:07:00.777: D/PowerManagerService(545): keyboardValue 0
09-10 15:07:00.777: D/PowerManagerService(545): lightSensorChangedLocked : mKeyboardLight : 0
09-10 15:07:01.378: W/SignalStrength(545): getGsmLevel=3
09-10 15:07:01.378: W/SignalStrength(545): getLevel=3 (SignalStrength: 9 0 -120 -160 -120 -1 -1 99 2147483647 2147483647 2147483647 2147483647 gsm|lte 3)
09-10 15:07:01.378: W/SignalStrength(691): getGsmLevel=3
09-10 15:07:01.378: W/SignalStrength(691): getLevel=3 (SignalStrength: 9 0 -120 -160 -120 -1 -1 99 2147483647 2147483647 2147483647 2147483647 gsm|lte 3)
09-10 15:07:01.378: W/SignalStrength(691): getGsmLevel=3
09-10 15:07:01.378: W/SignalStrength(691): getLevel=3 (SignalStrength: 9 0 -120 -160 -120 -1 -1 99 2147483647 2147483647 2147483647 2147483647 gsm|lte 3)
09-10 15:07:01.378: W/SignalStrength(545): getDbm 1
09-10 15:07:01.378: W/SignalStrength(545): getGsmDbm=-95
09-10 15:07:01.378: W/SignalStrength(545): getDbm=-95
09-10 15:07:01.378: W/SignalStrength(545): getAsuLevel 1
