09-10 15:01:20.374: D/BatteryService(545): update start
09-10 15:01:20.374: D/BatteryService(545): level:100 scale:100 status:5 health:2 present:true voltage: 4340 temperature: 310 technology: Li-ion AC powered:false USB powered:true icon:17303128 invalid charger:0
09-10 15:01:20.384: E/MTPJNIInterface(5757): In MTPJNIINterface onReceive:android.intent.action.BATTERY_CHANGED
09-10 15:01:20.384: D/KeyguardUpdateMonitor(545): received broadcast android.intent.action.BATTERY_CHANGED
09-10 15:01:20.384: D/KeyguardUpdateMonitor(545): handleBatteryUpdate
09-10 15:01:20.384: D/ThermistorObserver(545): mBatteryBRForAMOLED : onReceive() : newTemperature : 310
09-10 15:01:20.394: D/STATUSBAR-BatteryController(691): onReceive() - ACTION_BATTERY_CHANGED
09-10 15:01:20.394: D/STATUSBAR-BatteryController(691): onReceive() - level:100
09-10 15:01:20.394: D/STATUSBAR-BatteryController(691): onReceive() - plugged:2
09-10 15:01:20.394: D/STATUSBAR-BatteryController(691): onReceive() - BATTERY_STATUS_FULL:
09-10 15:01:20.394: D/BatteryService(545): turn on LED for fully charged
09-10 15:01:22.936: E/SMD(220): DCD ON
09-10 15:01:25.930: E/SMD(220): DCD ON
09-10 15:01:28.943: E/SMD(220): DCD ON
09-10 15:01:31.946: E/SMD(220): DCD ON
09-10 15:01:34.939: E/SMD(220): DCD ON
09-10 15:01:37.942: E/SMD(220): DCD ON
09-10 15:01:40.946: E/SMD(220): DCD ON
09-10 15:01:43.939: E/SMD(220): DCD ON
09-10 15:01:46.942: E/SMD(220): DCD ON
09-10 15:01:49.945: E/SMD(220): DCD ON
09-10 15:01:50.906: D/BatteryService(545): update start
09-10 15:01:50.906: D/BatteryService(545): level:100 scale:100 status:5 health:2 present:true voltage: 4338 temperature: 310 technology: Li-ion AC powered:false USB powered:true icon:17303128 invalid charger:0
09-10 15:01:50.916: D/KeyguardUpdateMonitor(545): received broadcast android.intent.action.BATTERY_CHANGED
09-10 15:01:50.916: D/STATUSBAR-BatteryController(691): onReceive() - ACTION_BATTERY_CHANGED
09-10 15:01:50.916: D/STATUSBAR-BatteryController(691): onReceive() - level:100
09-10 15:01:50.916: D/STATUSBAR-BatteryController(691): onReceive() - plugged:2
09-10 15:01:50.916: D/STATUSBAR-BatteryController(691): onReceive() - BATTERY_STATUS_FULL:
09-10 15:01:50.926: D/KeyguardUpdateMonitor(545): handleBatteryUpdate
09-10 15:01:50.926: E/MTPJNIInterface(5757): In MTPJNIINterface onReceive:android.intent.action.BATTERY_CHANGED
09-10 15:01:50.926: D/ThermistorObserver(545): mBatteryBRForAMOLED : onReceive() : newTemperature : 310
09-10 15:01:50.936: D/BatteryService(545): turn on LED for fully charged
09-10 15:01:52.938: E/SMD(220): DCD ON
09-10 15:01:55.942: E/SMD(220): DCD ON
09-10 15:01:58.955: E/SMD(220): DCD ON
09-10 15:01:59.996: V/AlarmManager(545): waitForAlarm result :8
09-10 15:01:59.996: I/ActivityManager(545): No longer want com.wssnps (pid 5708): hidden #51
09-10 15:01:59.996: V/AlarmManager(545): ClockReceiver onReceive() ACTION_TIME_TICK
09-10 15:01:59.996: W/AlarmManager(545): FACTORY_ON= 0
09-10 15:02:00.016: D/KeyguardUpdateMonitor(545): received broadcast android.intent.action.TIME_TICK
09-10 15:02:00.016: D/KeyguardUpdateMonitor(545): handleTimeUpdate
09-10 15:02:00.026: D/STATUSBAR-Clock(691): onReceive() - ACTION_TIME_TICK
09-10 15:02:00.026: D/STATUSBAR-Clock(691): updateClock :3:02 PM
09-10 15:02:00.036: D/STATUSBAR-DateView(691): updateClock :09/10/2012
09-10 15:02:00.076: D/Launcher(955): onRestart
09-10 15:02:00.076: D/Launcher(955): onStart
09-10 15:02:00.076: D/Launcher.HomeFragment(955): onStart
09-10 15:02:00.076: D/Launcher(955): onResume
09-10 15:02:00.346: D/dalvikvm(545): GC_FOR_ALLOC freed 4491K, 38% free 29779K/47523K, paused 220ms
09-10 15:02:00.376: D/comsamsunglog(955): [MSC_HERO_Accu]>>> ====================================================================================================================
09-10 15:02:00.376: D/comsamsunglog(955): [MSC_HERO_Accu]>>> widgetappapheroaccuweatherwidget [Version : 12052001] [ 1 ]
09-10 15:02:00.376: D/comsamsunglog(955): [MSC_HERO_Accu]>>> Header set to : ===> "widget" <===
09-10 15:02:00.376: D/comsamsunglog(955): [MSC_HERO_Accu]>>> ====================================================================================================================
09-10 15:02:00.376: D/widget(955): [MSC_HERO_Accu]>>> WC:879 [0:0] onResume :: fU = true cEUi = true
09-10 15:02:00.386: D/widget(955): [MSC_HERO_Accu]>>> WC:915 [0:0] onResume :: mFAR = false, cC = false, cEUI = true
09-10 15:02:00.386: D/widget(955): [MSC_HERO_Accu]>>> WC:1154 [0:0] cUI : cnt = 0, mRC = true
09-10 15:02:00.386: D/widget(955): [MSC_HERO_Accu]>>> WC:1181 [0:0] composeEmptyCityUI : true
09-10 15:02:00.386: D/ClockWidget(545): refreshTime()
09-10 15:02:00.386: E/widget(955): [MSC_HERO_Accu]>>> SM:401 [0:0] IR : false, IPR : false
09-10 15:02:00.406: D/comsamsunglog(955): [MSC_HERO_Accu]>>> ====================================================================================================================
09-10 15:02:00.406: D/comsamsunglog(955): [MSC_HERO_Accu]>>> widgetappapheroaccuweatherwidget [Version : 12052001] [ 1 ]
09-10 15:02:00.406: D/comsamsunglog(955): [MSC_HERO_Accu]>>> Header set to : ===> "widget" <===
09-10 15:02:00.406: D/comsamsunglog(955): [MSC_HERO_Accu]>>> ====================================================================================================================
09-10 15:02:00.406: D/widget(955): [MSC_HERO_Accu]>>> WC:879 [0:0] onResume :: fU = true cEUi = true
09-10 15:02:00.406: D/widget(955): [MSC_HERO_Accu]>>> WC:915 [0:0] onResume :: mFAR = false, cC = false, cEUI = true
09-10 15:02:00.406: D/widget(955): [MSC_HERO_Accu]>>> WC:1154 [0:0] cUI : cnt = 0, mRC = true
09-10 15:02:00.406: D/widget(955): [MSC_HERO_Accu]>>> WC:1181 [0:0] composeEmptyCityUI : true
09-10 15:02:00.406: E/widget(955): [MSC_HERO_Accu]>>> SM:401 [0:0] IR : false, IPR : false
09-10 15:02:00.406: D/ClockWidget(545): TTS Message = It is 3 : 2 PM, Monday, September 10
09-10 15:02:00.416: D/Launcher.Model(955): startLoader. isLaunching: true
09-10 15:02:00.416: D/Launcher.Model(955): Begin LoaderTask: 1102364576
09-10 15:02:00.416: D/Launcher.Model(955): Setting thread priority to DEFAULT
09-10 15:02:00.416: D/Launcher.Model(955): step 1: loading workspace
09-10 15:02:00.416: D/Launcher.Model(955): loadAndBindWorkspace mWorkspaceLoaded=true
09-10 15:02:00.416: D/Launcher.Model(955): Setting thread priority to BACKGROUND
09-10 15:02:00.416: E/Launcher(955): Error finding setting, default accessibility to not found: accessibility_enabled
09-10 15:02:00.416: D/Launcher.HomeFragment(955): onResume
09-10 15:02:00.416: D/MenuAppsGridFragment(955): onResume
09-10 15:02:00.426: D/Launcher.MenuAppsGrid(955): StateObj::getAppsList() item count = 50
09-10 15:02:00.467: D/Mms/UIEventReceiver(1148): ui event
09-10 15:02:00.647: D/Launcher.HomeFragment(955): onPause
09-10 15:02:00.647: D/Launcher(955): onPause
09-10 15:02:00.647: D/widget(955): [MSC_HERO_Accu]>>> WC:935 [0:0] onPause
09-10 15:02:00.647: D/widget(955): [MSC_HERO_Accu]>>> WC:935 [0:0] onPause
09-10 15:02:00.667: D/Launcher.Model(955): MenuAppModel.onModelRefreshed called
09-10 15:02:00.667: D/Launcher.Model(955): bindAppsLoaded called
09-10 15:02:00.697: D/Launcher.HomeFragment(955): onStop
09-10 15:02:00.697: D/Launcher.Workspace(955): onStop
09-10 15:02:00.697: D/Launcher(955): onStop
09-10 15:02:00.707: D/Hotseat(955): resetLayout()
09-10 15:02:00.737: D/CellLayoutChildren(955): addView() adding all apps icon to Hotseat's CellLayoutChildren @ index = -1 child count = 0
09-10 15:02:00.807: D/CellLayoutChildren(955): addView() adding view to Hotseat's CellLayoutChildren @ index = -1 and title = Phone child count = 1
09-10 15:02:00.817: D/CellLayoutChildren(955): addView() adding view to Hotseat's CellLayoutChildren @ index = -1 and title = Contacts child count = 2
09-10 15:02:00.817: D/CellLayoutChildren(955): addView() adding view to Hotseat's CellLayoutChildren @ index = -1 and title = Messaging child count = 3
09-10 15:02:00.827: D/CellLayoutChildren(955): addView() adding view to Hotseat's CellLayoutChildren @ index = -1 and title = Internet child count = 4
09-10 15:02:00.837: D/Launcher.Model(955): Going to start binding widgets soon.
09-10 15:02:00.837: D/Launcher.HomeFragment(955): current item.hostView null
09-10 15:02:00.857: D/Launcher.HomeFragment(955): current item.hostView null
09-10 15:02:00.877: D/Launcher.HomeFragment(955): current item.hostView null
09-10 15:02:00.887: D/Launcher.HomeFragment(955): current item.hostView null
09-10 15:02:00.907: D/AbsListView(955): Get MotionRecognitionManager
09-10 15:02:00.917: D/AbsListView(955): Get MotionRecognitionManager
09-10 15:02:00.937: D/ViewFlipper(955): LockScreen set.
09-10 15:02:00.937: D/ViewFlipper(955): LockScreen set.
09-10 15:02:00.937: D/ViewFlipper(955): LockScreen set.
09-10 15:02:00.937: D/ViewFlipper(955): LockScreen set.
09-10 15:02:00.937: D/Launcher.HomeFragment(955): current item.hostView null
09-10 15:02:00.957: D/AbsListView(955): Get MotionRecognitionManager
09-10 15:02:00.957: D/Launcher.HomeFragment(955): current item.hostView null
09-10 15:02:00.977: D/widget(955): [MSC_HERO_Accu]>>> WC:944 [0:0] onDestroy
09-10 15:02:00.977: D/widget(955): [MSC_HERO_Accu]>>> WC:209 [0:0] theme -> AccuWeather (Hero Weather)
09-10 15:02:01.007: D/widget(955): [MSC_HERO_Accu]>>> WC:1154 [0:0] cUI : cnt = 0, mRC = true
09-10 15:02:01.007: D/widget(955): [MSC_HERO_Accu]>>> WC:1181 [0:0] composeEmptyCityUI : true
09-10 15:02:01.007: E/widget(955): [MSC_HERO_Accu]>>> SM:401 [0:0] IR : false, IPR : false
09-10 15:02:01.017: D/widget(955): [MSC_HERO_Accu]>>> WC:1123 [0:0] fireOR
09-10 15:02:01.017: D/Launcher.Model(955): bound workspace in 604ms
09-10 15:02:01.017: D/Launcher.Model(955): done with first binding step
09-10 15:02:01.017: D/Launcher.Model(955): waited 605ms for previous step to finish binding
09-10 15:02:01.017: D/Launcher.Model(955): step 2: loading all apps
09-10 15:02:01.017: D/Launcher.Model(955): loadAndBindAllApps mAllAppsLoaded=true
09-10 15:02:01.017: D/Launcher.Model(955): Comparing loaded icons to database icons
09-10 15:02:01.017: D/Launcher.Model(955): Normal End LoaderTask: 1102364576
09-10 15:02:01.948: E/SMD(220): DCD ON
09-10 15:02:04.951: E/SMD(220): DCD ON
09-10 15:02:07.955: E/SMD(220): DCD ON
09-10 15:02:10.948: E/SMD(220): DCD ON
09-10 15:02:13.951: E/SMD(220): DCD ON
09-10 15:02:16.954: E/SMD(220): DCD ON
09-10 15:02:19.957: E/SMD(220): DCD ON
09-10 15:02:21.449: D/BatteryService(545): update start
09-10 15:02:21.459: E/MTPJNIInterface(5757): In MTPJNIINterface onReceive:android.intent.action.BATTERY_CHANGED
09-10 15:02:21.459: D/KeyguardUpdateMonitor(545): received broadcast android.intent.action.BATTERY_CHANGED
09-10 15:02:21.459: D/KeyguardUpdateMonitor(545): handleBatteryUpdate
09-10 15:02:21.459: D/BatteryService(545): level:100 scale:100 status:5 health:2 present:true voltage: 4337 temperature: 309 technology: Li-ion AC powered:false USB powered:true icon:17303128 invalid charger:0
09-10 15:02:21.459: D/STATUSBAR-BatteryController(691): onReceive() - ACTION_BATTERY_CHANGED
09-10 15:02:21.459: D/STATUSBAR-BatteryController(691): onReceive() - level:100
09-10 15:02:21.459: D/STATUSBAR-BatteryController(691): onReceive() - plugged:2
09-10 15:02:21.459: D/STATUSBAR-BatteryController(691): onReceive() - BATTERY_STATUS_FULL:
09-10 15:02:21.459: D/ThermistorObserver(545): mBatteryBRForAMOLED : onReceive() : newTemperature : 309
09-10 15:02:21.469: D/BatteryService(545): turn on LED for fully charged
09-10 15:02:22.951: E/SMD(220): DCD ON
09-10 15:02:25.954: E/SMD(220): DCD ON
09-10 15:02:28.967: E/SMD(220): DCD ON
09-10 15:02:31.960: E/SMD(220): DCD ON
09-10 15:02:34.963: E/SMD(220): DCD ON
09-10 15:02:37.967: E/SMD(220): DCD ON
09-10 15:02:40.960: E/SMD(220): DCD ON
09-10 15:02:43.963: E/SMD(220): DCD ON
09-10 15:02:46.966: E/SMD(220): DCD ON
09-10 15:02:49.959: E/SMD(220): DCD ON
09-10 15:02:51.971: D/BatteryService(545): update start
09-10 15:02:51.981: E/MTPJNIInterface(5757): In MTPJNIINterface onReceive:android.intent.action.BATTERY_CHANGED
09-10 15:02:51.981: D/KeyguardUpdateMonitor(545): received broadcast android.intent.action.BATTERY_CHANGED
09-10 15:02:51.981: D/KeyguardUpdateMonitor(545): handleBatteryUpdate
09-10 15:02:51.981: D/BatteryService(545): level:100 scale:100 status:5 health:2 present:true voltage: 4340 temperature: 309 technology: Li-ion AC powered:false USB powered:true icon:17303128 invalid charger:0
09-10 15:02:51.981: D/STATUSBAR-BatteryController(691): onReceive() - ACTION_BATTERY_CHANGED
09-10 15:02:51.981: D/STATUSBAR-BatteryController(691): onReceive() - level:100
09-10 15:02:51.981: D/STATUSBAR-BatteryController(691): onReceive() - plugged:2
09-10 15:02:51.981: D/STATUSBAR-BatteryController(691): onReceive() - BATTERY_STATUS_FULL:
09-10 15:02:51.981: D/ThermistorObserver(545): mBatteryBRForAMOLED : onReceive() : newTemperature : 309
09-10 15:02:51.992: D/BatteryService(545): turn on LED for fully charged
09-10 15:02:52.963: E/SMD(220): DCD ON
09-10 15:02:55.966: E/SMD(220): DCD ON
09-10 15:02:58.969: E/SMD(220): DCD ON
09-10 15:02:59.990: V/AlarmManager(545): waitForAlarm result :8
09-10 15:02:59.990: I/ActivityManager(545): No longer want com.sec.android.Kies (pid 5334): hidden #51
09-10 15:03:00.000: I/ActivityManager(545): No longer want com.sec.factory (pid 5372): hidden #52
09-10 15:03:00.000: V/AlarmManager(545): ClockReceiver onReceive() ACTION_TIME_TICK
09-10 15:03:00.010: D/KeyguardUpdateMonitor(545): received broadcast android.intent.action.TIME_TICK
09-10 15:03:00.010: W/AlarmManager(545): FACTORY_ON= 0
09-10 15:03:00.020: D/KeyguardUpdateMonitor(545): handleTimeUpdate
09-10 15:03:00.020: D/STATUSBAR-Clock(691): onReceive() - ACTION_TIME_TICK
09-10 15:03:00.020: D/STATUSBAR-Clock(691): updateClock :3:03 PM
09-10 15:03:00.040: D/STATUSBAR-DateView(691): updateClock :09/10/2012
09-10 15:03:00.080: D/Launcher(955): onRestart
09-10 15:03:00.080: D/Launcher(955): onStart
09-10 15:03:00.080: D/Launcher.HomeFragment(955): onStart
09-10 15:03:00.080: D/Launcher(955): onResume
09-10 15:03:00.140: D/comsamsunglog(955): [MSC_HERO_Accu]>>> ====================================================================================================================
09-10 15:03:00.140: D/comsamsunglog(955): [MSC_HERO_Accu]>>> widgetappapheroaccuweatherwidget [Version : 12052001] [ 1 ]
09-10 15:03:00.140: D/comsamsunglog(955): [MSC_HERO_Accu]>>> Header set to : ===> "widget" <===
09-10 15:03:00.140: D/comsamsunglog(955): [MSC_HERO_Accu]>>> ====================================================================================================================
09-10 15:03:00.140: D/widget(955): [MSC_HERO_Accu]>>> WC:879 [0:0] onResume :: fU = true cEUi = true
09-10 15:03:00.140: D/widget(955): [MSC_HERO_Accu]>>> WC:915 [0:0] onResume :: mFAR = false, cC = false, cEUI = true
09-10 15:03:00.140: D/widget(955): [MSC_HERO_Accu]>>> WC:1154 [0:0] cUI : cnt = 0, mRC = true
09-10 15:03:00.140: D/widget(955): [MSC_HERO_Accu]>>> WC:1181 [0:0] composeEmptyCityUI : true
09-10 15:03:00.140: E/widget(955): [MSC_HERO_Accu]>>> SM:401 [0:0] IR : false, IPR : false
09-10 15:03:00.140: D/ClockWidget(545): refreshTime()
09-10 15:03:00.150: D/ClockWidget(545): TTS Message = It is 3 : 3 PM, Monday, September 10
09-10 15:03:00.150: D/comsamsunglog(955): [MSC_HERO_Accu]>>> ====================================================================================================================
09-10 15:03:00.150: D/comsamsunglog(955): [MSC_HERO_Accu]>>> widgetappapheroaccuweatherwidget [Version : 12052001] [ 1 ]
09-10 15:03:00.150: D/comsamsunglog(955): [MSC_HERO_Accu]>>> Header set to : ===> "widget" <===
09-10 15:03:00.150: D/comsamsunglog(955): [MSC_HERO_Accu]>>> ====================================================================================================================
09-10 15:03:00.150: D/widget(955): [MSC_HERO_Accu]>>> WC:879 [0:0] onResume :: fU = true cEUi = false
09-10 15:03:00.160: D/widget(955): [MSC_HERO_Accu]>>> WC:915 [0:0] onResume :: mFAR = false, cC = true, cEUI = false
09-10 15:03:00.160: D/widget(955): [MSC_HERO_Accu]>>> WC:1710 [0:0] isNewYear check
09-10 15:03:00.160: D/widget(955): [MSC_HERO_Accu]>>> WCE:154 [0:0] FCE type = 1
09-10 15:03:00.170: D/Launcher.Model(955): startLoader. isLaunching: true
09-10 15:03:00.170: D/Launcher.Model(955): Begin LoaderTask: 1123328224
09-10 15:03:00.170: D/Launcher.Model(955): Setting thread priority to DEFAULT
09-10 15:03:00.170: D/Launcher.Model(955): step 1: loading workspace
09-10 15:03:00.170: D/Launcher.Model(955): loadAndBindWorkspace mWorkspaceLoaded=true
09-10 15:03:00.170: D/Launcher.Model(955): Setting thread priority to BACKGROUND
09-10 15:03:00.170: D/widget(955): [MSC_HERO_Accu]>>> WCE:154 [0:0] FCE type = 2
09-10 15:03:00.170: E/Launcher(955): Error finding setting, default accessibility to not found: accessibility_enabled
09-10 15:03:00.170: D/Launcher.HomeFragment(955): onResume
09-10 15:03:00.190: D/MenuAppsGridFragment(955): onResume
09-10 15:03:00.190: D/Launcher.MenuAppsGrid(955): StateObj::getAppsList() item count = 50
09-10 15:03:00.230: D/Mms/UIEventReceiver(1148): ui event
09-10 15:03:00.320: D/Launcher.HomeFragment(955): onPause
09-10 15:03:00.320: D/Launcher(955): onPause
09-10 15:03:00.320: D/widget(955): [MSC_HERO_Accu]>>> WC:935 [0:0] onPause
09-10 15:03:00.320: D/widget(955): [MSC_HERO_Accu]>>> WC:935 [0:0] onPause
09-10 15:03:00.330: D/Launcher.Model(955): MenuAppModel.onModelRefreshed called
09-10 15:03:00.330: D/Launcher.Model(955): bindAppsLoaded called
09-10 15:03:00.330: D/widget(955): [MSC_HERO_Accu]>>> WC:2295 [0:0] eHdl msg = 0
09-10 15:03:00.340: D/widget(955): [MSC_HERO_Accu]>>> WC:2295 [0:0] eHdl msg = 0
09-10 15:03:00.340: D/Launcher.HomeFragment(955): onStop
09-10 15:03:00.340: D/Launcher.Workspace(955): onStop
09-10 15:03:00.340: D/Launcher(955): onStop
09-10 15:03:00.350: D/Hotseat(955): resetLayout()
09-10 15:03:00.360: D/CellLayoutChildren(955): addView() adding all apps icon to Hotseat's CellLayoutChildren @ index = -1 child count = 0
09-10 15:03:00.380: D/CellLayoutChildren(955): addView() adding view to Hotseat's CellLayoutChildren @ index = -1 and title = Phone child count = 1
09-10 15:03:00.380: D/CellLayoutChildren(955): addView() adding view to Hotseat's CellLayoutChildren @ index = -1 and title = Contacts child count = 2
09-10 15:03:00.390: D/CellLayoutChildren(955): addView() adding view to Hotseat's CellLayoutChildren @ index = -1 and title = Messaging child count = 3
09-10 15:03:00.390: D/CellLayoutChildren(955): addView() adding view to Hotseat's CellLayoutChildren @ index = -1 and title = Internet child count = 4
09-10 15:03:00.400: D/Launcher.Model(955): Going to start binding widgets soon.
09-10 15:03:00.400: D/Launcher.HomeFragment(955): current item.hostView null
09-10 15:03:00.410: D/Launcher.HomeFragment(955): current item.hostView null
09-10 15:03:00.421: D/Launcher.HomeFragment(955): current item.hostView null
09-10 15:03:00.431: D/Launcher.HomeFragment(955): current item.hostView null
09-10 15:03:00.441: D/AbsListView(955): Get MotionRecognitionManager
09-10 15:03:00.451: D/AbsListView(955): Get MotionRecognitionManager
09-10 15:03:00.461: D/ViewFlipper(955): LockScreen set.
09-10 15:03:00.461: D/ViewFlipper(955): LockScreen set.
09-10 15:03:00.461: D/ViewFlipper(955): LockScreen set.
09-10 15:03:00.461: D/ViewFlipper(955): LockScreen set.
09-10 15:03:00.471: D/Launcher.HomeFragment(955): current item.hostView null
09-10 15:03:00.471: D/AbsListView(955): Get MotionRecognitionManager
09-10 15:03:00.481: D/Launcher.HomeFragment(955): current item.hostView null
09-10 15:03:00.491: D/widget(955): [MSC_HERO_Accu]>>> WC:944 [0:0] onDestroy
09-10 15:03:00.491: D/widget(955): [MSC_HERO_Accu]>>> WC:209 [0:0] theme -> AccuWeather (Hero Weather)
09-10 15:03:00.531: D/widget(955): [MSC_HERO_Accu]>>> WC:1154 [0:0] cUI : cnt = 0, mRC = true
09-10 15:03:00.531: D/widget(955): [MSC_HERO_Accu]>>> WC:1181 [0:0] composeEmptyCityUI : true
09-10 15:03:00.531: E/widget(955): [MSC_HERO_Accu]>>> SM:401 [0:0] IR : false, IPR : false
09-10 15:03:00.531: D/Launcher.Model(955): bound workspace in 366ms
09-10 15:03:00.541: D/Launcher.Model(955): done with first binding step
09-10 15:03:00.541: D/Launcher.Model(955): waited 366ms for previous step to finish binding
09-10 15:03:00.541: D/Launcher.Model(955): step 2: loading all apps
09-10 15:03:00.541: D/Launcher.Model(955): loadAndBindAllApps mAllAppsLoaded=true
09-10 15:03:00.541: D/Launcher.Model(955): Comparing loaded icons to database icons
09-10 15:03:00.541: D/Launcher.Model(955): Normal End LoaderTask: 1123328224
09-10 15:03:01.972: E/SMD(220): DCD ON
09-10 15:03:04.975: E/SMD(220): DCD ON
09-10 15:03:07.969: E/SMD(220): DCD ON
09-10 15:03:10.972: E/SMD(220): DCD ON
09-10 15:03:13.975: E/SMD(220): DCD ON
09-10 15:03:16.968: E/SMD(220): DCD ON
09-10 15:03:19.971: E/SMD(220): DCD ON
09-10 15:03:22.484: D/KeyguardUpdateMonitor(545): received broadcast android.intent.action.BATTERY_CHANGED
09-10 15:03:22.484: D/BatteryService(545): update start
09-10 15:03:22.484: D/BatteryService(545): level:100 scale:100 status:5 health:2 present:true voltage: 4338 temperature: 309 technology: Li-ion AC powered:false USB powered:true icon:17303128 invalid charger:0
09-10 15:03:22.484: D/ThermistorObserver(545): mBatteryBRForAMOLED : onReceive() : newTemperature : 309
09-10 15:03:22.494: D/KeyguardUpdateMonitor(545): handleBatteryUpdate
09-10 15:03:22.494: E/MTPJNIInterface(5757): In MTPJNIINterface onReceive:android.intent.action.BATTERY_CHANGED
09-10 15:03:22.494: D/STATUSBAR-BatteryController(691): onReceive() - ACTION_BATTERY_CHANGED
09-10 15:03:22.494: D/STATUSBAR-BatteryController(691): onReceive() - level:100
09-10 15:03:22.494: D/STATUSBAR-BatteryController(691): onReceive() - plugged:2
09-10 15:03:22.494: D/STATUSBAR-BatteryController(691): onReceive() - BATTERY_STATUS_FULL:
09-10 15:03:22.494: D/BatteryService(545): turn on LED for fully charged
09-10 15:03:22.975: E/SMD(220): DCD ON
09-10 15:03:25.968: E/SMD(220): DCD ON
09-10 15:03:28.971: E/SMD(220): DCD ON
09-10 15:03:31.974: E/SMD(220): DCD ON
09-10 15:03:34.977: E/SMD(220): DCD ON
09-10 15:03:37.971: E/SMD(220): DCD ON
09-10 15:03:40.984: E/SMD(220): DCD ON
09-10 15:03:43.987: E/SMD(220): DCD ON
09-10 15:03:46.980: E/SMD(220): DCD ON
09-10 15:03:49.983: E/SMD(220): DCD ON
09-10 15:03:52.987: E/SMD(220): DCD ON
09-10 15:03:53.007: D/BatteryService(545): update start
09-10 15:03:55.980: E/SMD(220): DCD ON
09-10 15:03:58.983: E/SMD(220): DCD ON
09-10 15:03:59.994: V/AlarmManager(545): waitForAlarm result :8
09-10 15:03:59.994: V/AlarmManager(545): ClockReceiver onReceive() ACTION_TIME_TICK
09-10 15:03:59.994: W/AlarmManager(545): FACTORY_ON= 0
09-10 15:04:00.004: D/KeyguardUpdateMonitor(545): received broadcast android.intent.action.TIME_TICK
09-10 15:04:00.004: D/KeyguardUpdateMonitor(545): handleTimeUpdate
09-10 15:04:00.004: D/STATUSBAR-Clock(691): onReceive() - ACTION_TIME_TICK
09-10 15:04:00.004: D/STATUSBAR-Clock(691): updateClock :3:04 PM
09-10 15:04:00.014: D/STATUSBAR-DateView(691): updateClock :09/10/2012
09-10 15:04:00.074: D/ClockWidget(545): refreshTime()
09-10 15:04:00.074: D/ClockWidget(545): TTS Message = It is 3 : 4 PM, Monday, September 10
09-10 15:04:01.986: E/SMD(220): DCD ON
09-10 15:04:04.979: E/SMD(220): DCD ON
09-10 15:04:07.993: E/SMD(220): DCD ON
09-10 15:04:10.996: E/SMD(220): DCD ON
09-10 15:04:13.989: E/SMD(220): DCD ON
09-10 15:04:16.992: E/SMD(220): DCD ON
09-10 15:04:19.995: E/SMD(220): DCD ON
09-10 15:04:21.117: V/AlarmManager(545): waitForAlarm result :8
09-10 15:04:21.127: W/AlarmManager(545): FACTORY_ON= 0
09-10 15:04:22.989: E/SMD(220): DCD ON
09-10 15:04:23.519: D/BatteryService(545): update start
09-10 15:04:23.529: D/KeyguardUpdateMonitor(545): received broadcast android.intent.action.BATTERY_CHANGED
09-10 15:04:23.529: D/KeyguardUpdateMonitor(545): handleBatteryUpdate
09-10 15:04:23.529: D/BatteryService(545): level:100 scale:100 status:5 health:2 present:true voltage: 4340 temperature: 309 technology: Li-ion AC powered:false USB powered:true icon:17303128 invalid charger:0
09-10 15:04:23.529: D/ThermistorObserver(545): mBatteryBRForAMOLED : onReceive() : newTemperature : 309
09-10 15:04:23.529: D/STATUSBAR-BatteryController(691): onReceive() - ACTION_BATTERY_CHANGED
09-10 15:04:23.529: D/STATUSBAR-BatteryController(691): onReceive() - level:100
09-10 15:04:23.529: D/STATUSBAR-BatteryController(691): onReceive() - plugged:2
09-10 15:04:23.529: D/STATUSBAR-BatteryController(691): onReceive() - BATTERY_STATUS_FULL:
09-10 15:04:23.539: E/MTPJNIInterface(5757): In MTPJNIINterface onReceive:android.intent.action.BATTERY_CHANGED
09-10 15:04:23.539: D/BatteryService(545): turn on LED for fully charged
09-10 15:04:25.992: E/SMD(220): DCD ON
09-10 15:04:28.995: E/SMD(220): DCD ON
09-10 15:04:31.988: E/SMD(220): DCD ON
09-10 15:04:34.991: E/SMD(220): DCD ON
09-10 15:04:38.005: E/SMD(220): DCD ON
09-10 15:04:40.027: I/wpa_supplicant(1405): Disassociation notification
09-10 15:04:40.027: I/wpa_supplicant(1405): * reason 0
09-10 15:04:40.027: I/wpa_supplicant(1405): CTRL-EVENT-DISCONNECTED bssid=C0.1F.E2 reason=0
09-10 15:04:40.027: D/CommandListener(213): Clearing all IP addresses on wlan0
09-10 15:04:40.047: D/Tethering(545): interfaceLinkStateChanged wlan0, true
09-10 15:04:40.047: D/Tethering(545): interfaceStatusChanged wlan0, true
09-10 15:04:40.047: D/Tethering(545): interfaceLinkStateChanged wlan0, true
09-10 15:04:40.047: D/Tethering(545): interfaceStatusChanged wlan0, true
09-10 15:04:40.047: D/STATUSBAR-NetworkController(691): onReceive() - RSSI_CHANGED_ACTION, WIFI_STATE, NETWORK_STATE
09-10 15:04:40.057: D/WfdService(545): intent recieved android.net.wifi.STATE_CHANGE
09-10 15:04:40.057: D/WfdService(545): AP is disconnected!
09-10 15:04:40.057: D/ConnectivityService(545): ConnectivityChange for WIFI: DISCONNECTED/DISCONNECTED
09-10 15:04:40.057: D/ConnectivityService(545): Attempting to switch to mobile
09-10 15:04:40.057: D/ConnectivityService(545): Attempting to switch to BLUETOOTH_TETHER
09-10 15:04:40.057: E/WifiP2pStateTracker(545): getNetworkInfo : NetworkInfo: type: wifi_p2p[], state: UNKNOWN/IDLE, reason: (unspecified), extra: (none), roaming: false, failover: false, isAvailable: false
09-10 15:04:40.057: D/ConnectivityService(545): handleConnectivityChange: changed linkProperty[1]: doReset=true resetMask=3
09-10 15:04:40.057: D/ConnectivityService(545): curLp=InterfaceName: wlan0 LinkAddresses: [172.16.3.32/22,] Routes: [0.0.0.0/0 -> 172.16.0.6,] DnsAddresses: [66.28.0.45,66.28.0.61,] HttpProxy: [ProxyProperties.mHost == null]
09-10 15:04:40.057: D/ConnectivityService(545): newLp= null
09-10 15:04:40.057: D/ConnectivityService(545): Removing 172.16.0.6/32 -> 0.0.0.0 for interface wlan0
09-10 15:04:40.067: E/ConnectivityService(545): Exception trying to remove a route: java.lang.IllegalStateException: Unable to communicate with native dameon to add routes - com.android.server.NativeDaemonConnectorException: Cmd {interface route remove wlan0 default 172.16.0.6 32 0.0.0.0} failed with code 400 : {Failed to remove route from default table (No such process)}
09-10 15:04:40.067: D/ConnectivityService(545): Removing 0.0.0.0/0 -> 172.16.0.6 for interface wlan0
09-10 15:04:40.067: E/ConnectivityService(545): Exception trying to remove a route: java.lang.IllegalStateException: Unable to communicate with native dameon to add routes - com.android.server.NativeDaemonConnectorException: Cmd {interface route remove wlan0 default 0.0.0.0 0 172.16.0.6} failed with code 400 : {Failed to remove route from default table (No such process)}
09-10 15:04:40.077: I//system/bin/ip(213): RTNETLINK answers: No such process
09-10 15:04:40.087: I/logwrapper(213): /system/bin/ip terminated by exit(2)
09-10 15:04:40.087: D/KeyguardViewMediator(545): setHidden false
09-10 15:04:40.087: D/NetUtils(545): android_net_utils_resetConnections in env=0x531de8 clazz=0xe2a00001 iface=wlan0 mask=0x3
09-10 15:04:40.087: D/STATUSBAR-NotificationService(545): cancelNotification - pkg:XXX.XXXXXXX.XXXXXXXX, id:2130837828
09-10 15:04:40.087: D/STATUSBAR-NotificationService(545): updateLightsLocked() : Turn off notification light
09-10 15:04:40.087: E/NetworkManagementService(545): Failed to del src route com.android.server.NativeDaemonConnectorException: Cmd {route del src v4 3} failed with code 400 : {failed to delete source route for route id [3] (I/O error)}: for rid [3]
09-10 15:04:40.087: D/ConnectivityService(545): resetConnections(wlan0, 3)
09-10 15:04:40.127: D/KeyguardViewMediator(545): setHidden false
09-10 15:04:40.127: W/Smack/Packet(981): notify conn break (IOEx), close connection
09-10 15:04:40.207: D/ConnectivityService(545): resetting DNS cache for wlan0
09-10 15:04:40.207: D/ConnectivityService(545): sendStickyBroadcast: action=android.net.conn.CONNECTIVITY_CHANGE_IMMEDIATE
09-10 15:04:40.217: E/WifiP2pStateTracker(545): getNetworkInfo : NetworkInfo: type: wifi_p2p[], state: UNKNOWN/IDLE, reason: (unspecified), extra: (none), roaming: false, failover: false, isAvailable: false
09-10 15:04:40.227: D/ConnectivityService(545): sendStickyBroadcastDelayed: delayMs=500, action=android.net.conn.CONNECTIVITY_CHANGE
09-10 15:04:40.227: D/MobileDataStateTracker(545): default: setPolicyDataEnable(enabled=true)
09-10 15:04:40.257: E/WifiP2pStateTracker(545): getNetworkInfo : NetworkInfo: type: wifi_p2p[], state: UNKNOWN/IDLE, reason: (unspecified), extra: (none), roaming: false, failover: false, isAvailable: false
09-10 15:04:40.257: D/MobileDataStateTracker(545): default: setPolicyDataEnable(enabled=true)
09-10 15:04:40.277: I/qtaguid(981): Failed write_ctrl(u 91) res=-1 errno=22
09-10 15:04:40.277: I/qtaguid(981): Untagging socket 91 failed errno=-22
09-10 15:04:40.277: W/NetworkManagementSocketTagger(981): untagSocket(91) failed with errno -22
09-10 15:04:40.287: D/ConnectivityService(545): reportNetworkCondition(1, 0)
09-10 15:04:40.287: D/ConnectivityService(545): handleInetConditionChange: no active default network - ignore
09-10 15:04:40.287: W/AlarmManager(545): FACTORY_ON= 0
09-10 15:04:40.728: D/FirewallPolicy(545): Entering handleConnectivityAction...
09-10 15:04:40.728: D/FirewallPolicy(545): checkOnline()...
09-10 15:04:40.728: D/Tethering(545): Tethering got CONNECTIVITY_ACTION
09-10 15:04:40.728: D/ConnectivityService(545): sendStickyBroadcast: action=android.net.conn.CONNECTIVITY_CHANGE
09-10 15:04:40.728: D/STATUSBAR-NetworkController(691): onReceive() - CONNECTIVITY_ACTION, INET_CONDITION_ACTION
09-10 15:04:40.728: D/STATUSBAR-NotificationService(545): cancelNotification - pkg:XXX.XXXXXXX.XXXXXXXX, id:273
09-10 15:04:40.738: D/Tethering(545): MasterInitialState.processMessage what=3
09-10 15:04:40.738: I/ApplicationPolicy(545): updateDataUsageMap
09-10 15:04:40.738: D/GpsLocationProvider(545): Gps MessageHandler. msg.what 4 msg.arg1:1 msg.arg2: 0
09-10 15:04:40.738: D/GpsLocationProvider(545): updateNetworkState unavailable info: NetworkInfo: type: WIFI[], state: DISCONNECTED/DISCONNECTED, reason: (unspecified), extra: (none), roaming: false, failover: false, isAvailable: true
09-10 15:04:40.738: I/DBG_WSS_DM(7018): [V3_1205_2_2][ Line:2034][ProtoIsWIFIConnected] WiFi Network status is disabled
09-10 15:04:40.748: W/SignalStrength(691): getGsmLevel=2
09-10 15:04:40.748: I/TetheringProvision(2027): Received : android.net.conn.CONNECTIVITY_CHANGE
09-10 15:04:40.748: W/SignalStrength(691): getLevel=2 (SignalStrength: 6 0 -120 -160 -120 -1 -1 99 2147483647 2147483647 2147483647 2147483647 gsm|lte 2)
09-10 15:04:40.748: D/STATUSBAR-NotificationService(545): cancelAllNotifications()
09-10 15:04:40.758: E/LocSvc_afw(545): I/Entering void loc_agps_ril_update_network_availability(int, const char*) line 921
09-10 15:04:40.758: E/LocSvc_eng(545): I/===> void loc_eng_agps_ril_update_network_availability(loc_eng_data_s_type&, int, const char*) line 1233
09-10 15:04:40.758: E/LocSvc_eng(545): E/void loc_eng_agps_ril_update_network_availability(loc_eng_data_s_type&, int, const char*): log_eng state error: instance not initialized
09-10 15:04:40.758: E/LocSvc_eng(545): I/Exiting void loc_eng_agps_ril_update_network_availability(loc_eng_data_s_type&, int, const char*) line 1234 instance not initialized
09-10 15:04:40.758: E/LocSvc_afw(545): I/Exiting void loc_agps_ril_update_network_availability(int, const char*) line 923 None
09-10 15:04:40.758: D/GpsLocationProvider(545): getAGpsConnectionInfo connType - 3
09-10 15:04:40.768: I/TetheringProvision(2027): putSharedPreference - activenetworktype : -1
09-10 15:04:40.788: I/TetheringProvision(2027): putSharedPreference - activenetworkisconnected : false
09-10 15:04:40.788: I/TetheringProvision(2027): not exist active network currently..
09-10 15:04:40.898: I/MediaUploader(2304): No need to wake up
09-10 15:04:40.968: D/c(2380): isRegistrationTableEmpty = true
09-10 15:04:40.968: E/SystemStateMoniter(2380): RegistrationTableEmpty is true
09-10 15:04:40.968: E/SystemStateMoniter(2380): No Active Internet
09-10 15:04:40.968: D/PicasaSyncManager(2280): active network: null
09-10 15:04:40.968: D/PicasaSyncManager(2280): background data: true
09-10 15:04:40.968: I/SA(1908): [OR] onReceive log=[SA = 1.2.086 V = 15 HWD = 1280X720 2.0 SIZE = 2 LOCALE = en_US CSC = ATT MCC = 310 MNC 410 T = user DEVICE = d2att P = d2uc I = IMM76D M = SAMSUNG-SGH-I747 OKLEFT false DIS IMM76D.I747UCALG1 ]
09-10 15:04:40.978: I/SA(1908): [OR] onReceive Intent=[ android.net.conn.CONNECTIVITY_CHANGE ]
09-10 15:04:40.978: I/SA(1908): [OR] onReceive END
09-10 15:04:40.998: E/SMD(220): DCD ON
09-10 15:04:41.008: D/PicasaSyncManager(2280): reject MetadataSyncTask (********************) because downsync is disabled
09-10 15:04:41.018: E/WifiP2pStateTracker(545): getNetworkInfo : NetworkInfo: type: wifi_p2p[], state: UNKNOWN/IDLE, reason: (unspecified), extra: (none), roaming: false, failover: false, isAvailable: false
09-10 15:04:41.048: E/WifiP2pStateTracker(545): getNetworkInfo : NetworkInfo: type: wifi_p2p[], state: UNKNOWN/IDLE, reason: (unspecified), extra: (none), roaming: false, failover: false, isAvailable: false
09-10 15:04:41.068: E/WifiP2pStateTracker(545): getNetworkInfo : NetworkInfo: type: wifi_p2p[], state: UNKNOWN/IDLE, reason: (unspecified), extra: (none), roaming: false, failover: false, isAvailable: false
09-10 15:04:41.088: E/WifiP2pStateTracker(545): getNetworkInfo : NetworkInfo: type: wifi_p2p[], state: UNKNOWN/IDLE, reason: (unspecified), extra: (none), roaming: false, failover: false, isAvailable: false
09-10 15:04:41.098: E/WifiP2pStateTracker(545): getNetworkInfo : NetworkInfo: type: wifi_p2p[], state: UNKNOWN/IDLE, reason: (unspecified), extra: (none), roaming: false, failover: false, isAvailable: false
09-10 15:04:41.118: E/WifiP2pStateTracker(545): getNetworkInfo : NetworkInfo: type: wifi_p2p[], state: UNKNOWN/IDLE, reason: (unspecified), extra: (none), roaming: false, failover: false, isAvailable: false
09-10 15:04:41.138: E/WifiP2pStateTracker(545): getNetworkInfo : NetworkInfo: type: wifi_p2p[], state: UNKNOWN/IDLE, reason: (unspecified), extra: (none), roaming: false, failover: false, isAvailable: false
09-10 15:04:41.158: E/WifiP2pStateTracker(545): getNetworkInfo : NetworkInfo: type: wifi_p2p[], state: UNKNOWN/IDLE, reason: (unspecified), extra: (none), roaming: false, failover: false, isAvailable: false
09-10 15:04:41.168: E/WifiP2pStateTracker(545): getNetworkInfo : NetworkInfo: type: wifi_p2p[], state: UNKNOWN/IDLE, reason: (unspecified), extra: (none), roaming: false, failover: false, isAvailable: false
09-10 15:04:41.188: E/WifiP2pStateTracker(545): getNetworkInfo : NetworkInfo: type: wifi_p2p[], state: UNKNOWN/IDLE, reason: (unspecified), extra: (none), roaming: false, failover: false, isAvailable: false
09-10 15:04:41.228: I/SecDownloader(850): Broadcast: Network Down
09-10 15:04:41.228: E/WifiP2pStateTracker(545): getNetworkInfo : NetworkInfo: type: wifi_p2p[], state: UNKNOWN/IDLE, reason: (unspecified), extra: (none), roaming: false, failover: false, isAvailable: false
09-10 15:04:41.248: I/BootCompletedReceiver(861): onReceive
09-10 15:04:41.248: I/BootCompletedReceiver(861): pnl no feature
09-10 15:04:41.278: D/comdaemonstockapp(2080): [Daemon_Stock]>>> Stockclock_DaemonService.java:46 [0:0] onReceive: androidnetconnCONNECTIVITY_CHANGE
09-10 15:04:41.278: D/comdaemonstockapp(2080): [Daemon_Stock]>>> Stockclock_DaemonService.java:53 [0:0] appServiceStatus: 0
09-10 15:04:41.278: D/comdaemonstockapp(2080): [Daemon_Stock]>>> Stockclock_DaemonService.java:54 [0:0] [AR]: 0
09-10 15:04:41.278: D/comdaemonstockapp(2080): [Daemon_Stock]>>> Stockclock_DaemonService.java:125 [0:0] Daemon is not receive event: servic off
09-10 15:04:43.851: D/Tethering(545): interfaceLinkStateChanged wlan0, true
09-10 15:04:43.851: D/Tethering(545): interfaceStatusChanged wlan0, true
09-10 15:04:43.851: I/wpa_supplicant(1405): Trying to associate with C0.1F.E2 (SSID='Appcelerator Guests' freq=2437 MHz rssi=-70dBm)
09-10 15:04:43.851: I/wpa_supplicant(1405): ASSOC when wpa_state = 3, do_assoc = 0, reassociate = 0
09-10 15:04:43.891: I/wpa_supplicant(1405): Start Assoc status = [0] !!!!!
09-10 15:04:43.941: W/AlarmManager(545): FACTORY_ON= 0
09-10 15:04:43.991: W/AlarmManager(545): FACTORY_ON= 0
09-10 15:04:44.001: E/SMD(220): DCD ON
09-10 15:04:46.253: I/wpa_supplicant(1405): Associated with C0.1F.E2
09-10 15:04:46.253: D/Tethering(545): interfaceLinkStateChanged wlan0, true
09-10 15:04:46.253: D/Tethering(545): interfaceStatusChanged wlan0, true
09-10 15:04:46.253: D/Tethering(545): interfaceLinkStateChanged wlan0, true
09-10 15:04:46.253: D/Tethering(545): interfaceStatusChanged wlan0, true
09-10 15:04:46.253: D/Tethering(545): interfaceLinkStateChanged wlan0, true
09-10 15:04:46.253: D/Tethering(545): interfaceStatusChanged wlan0, true
09-10 15:04:46.273: I/wpa_supplicant(1405): WPA: Key negotiation completed with C0.1F.E2 [PTK=CCMP GTK=CCMP]
09-10 15:04:46.273: I/wpa_supplicant(1405): CTRL-EVENT-CONNECTED - Connection to C0.1F.E2 completed (reauth) [id=2 id_str=]
09-10 15:04:46.273: D/Tethering(545): interfaceLinkStateChanged wlan0, true
09-10 15:04:46.273: D/Tethering(545): interfaceStatusChanged wlan0, true
09-10 15:04:46.283: D/STATUSBAR-NetworkController(691): onReceive() - RSSI_CHANGED_ACTION, WIFI_STATE, NETWORK_STATE
09-10 15:04:46.283: D/WfdService(545): intent recieved android.net.wifi.STATE_CHANGE
09-10 15:04:46.283: D/WfdService(545): AP is disconnected!
09-10 15:04:46.283: D/ConnectivityService(545): ConnectivityChange for WIFI: CONNECTING/OBTAINING_IPADDR
09-10 15:04:46.303: D/STATUSBAR-NotificationService(545): cancelNotification - pkg:XXX.XXXXXXX.XXXXXXXX, id:2130837828
09-10 15:04:46.554: I/dhcpcd(7263): dhcp main start
09-10 15:04:46.574: I/dhcpcd(7263): if(wlan0) info get Success. (MAC : C0.1F.E2)
09-10 15:04:46.574: I/dhcpcd(7263): bssid match
09-10 15:04:46.954: W/AlarmManager(545): FACTORY_ON= 0
09-10 15:04:46.974: I/WifiService(545): Threshold[Defalut] : 1000000 Bytes
09-10 15:04:46.974: D/WfdService(545): intent recieved android.net.wifi.STATE_CHANGE
09-10 15:04:46.974: D/WfdService(545): AP is connected!
09-10 15:04:46.974: D/WfdService(545): WfdService is not running...
09-10 15:04:46.984: V/NetworkManagementService(545): add route response is 200 Route added to default table
09-10 15:04:46.984: V/NetworkManagementService(545): add route response is 200 Route added to default table
09-10 15:04:46.984: D/ConnectivityService(545): ConnectivityChange for WIFI: CONNECTED/CONNECTED
09-10 15:04:46.984: D/ConnectivityService(545): Setting TCP values: [4096,221184,3461120,4096,221184,3461120] which comes from [net.tcp.buffersize.wifi]
09-10 15:04:46.984: D/STATUSBAR-NetworkController(691): onReceive() - RSSI_CHANGED_ACTION, WIFI_STATE, NETWORK_STATE
09-10 15:04:46.984: D/ConnectivityService(545): handleConnectivityChange: changed linkProperty[1]: doReset=false resetMask=0
09-10 15:04:46.984: D/ConnectivityService(545): curLp=null
09-10 15:04:46.984: D/ConnectivityService(545): newLp=InterfaceName: wlan0 LinkAddresses: [172.16.3.32/22,] Routes: [0.0.0.0/0 -> 172.16.0.6,] DnsAddresses: [66.28.0.45,66.28.0.61,] HttpProxy: [ProxyProperties.mHost == null]
09-10 15:04:46.984: D/ConnectivityService(545): Adding 172.16.0.6/32 -> 0.0.0.0 for interface wlan0
09-10 15:04:46.984: D/ConnectivityService(545): Adding 0.0.0.0/0 -> 172.16.0.6 for interface wlan0
09-10 15:04:46.994: D/ApplicationPolicy(545): isStatusBarNotificationAllowed: packageName = com.android.settings
09-10 15:04:46.994: D/STATUSBAR-NotificationService(545): enqueueToast()
09-10 15:04:47.004: D/CircleMissedEventWidget(545): received MISSED_EVENT intent !!
09-10 15:04:47.004: E/SMD(220): DCD ON
09-10 15:04:47.004: D/ClockWidget(545): received MISSED_EVENT intent !!
09-10 15:04:47.004: W/SurfaceFlinger(224): id=206(49) createSurface 0x1126b74 (1x1),1 flag=0
09-10 15:04:47.004: D/KeyguardViewMediator(545): setHidden false
09-10 15:04:47.004: D/STATUSBAR-NotificationService(545): enqueueNotificationInternal - pkg:XXX.XXXXXXX.XXXXXXXX, id:2130837828
09-10 15:04:47.004: D/STATUSBAR-NotificationService(545): Noti Alert - mSystemReady:true, AlertEnabled:true
09-10 15:04:47.014: D/CircleMissedEventWidget(545): pkgName: com.android.email className: com.android.email.activity.Welcome
09-10 15:04:47.014: D/CircleMissedEventWidget(545): pkgName: com.android.mms className: com.android.mms.ui.ConversationComposer
09-10 15:04:47.014: D/CircleMissedEventWidget(545): pkgName: com.android.contacts className: com.android.contacts.activities.DialtactsActivity
09-10 15:04:47.014: D/CircleMissedEventWidget(545): updateMissedEvent(missed Call Count = 0, bUpdatedCallCount = false)
09-10 15:04:47.014: D/CircleMissedEventWidget(545): updateMissedEvent(Unread Msg Count = 0, bUpdatedMsgCount = false)
09-10 15:04:47.024: D/memalloc(224): ion: Allocated buffer base:0x422d2000 size:327680 fd:77
09-10 15:04:47.024: D/memalloc(787): ion: Mapped buffer base:0x5d5af000 size:327680 offset:0 fd:57
09-10 15:04:47.024: D/PowerManagerService(545): acquireWakeLock flags=0xa tag=KEEP_SCREEN_ON_FLAG uid=1000 pid=545 myUID=1000 myPID=545 myTID=937
09-10 15:04:47.034: D/KeyguardViewMediator(545): setHidden false
09-10 15:04:47.034: I/Adreno200-EGLSUB(224): : Android Image
09-10 15:04:47.034: I/Adreno200-EGLSUB(224): : RGBA_8888
09-10 15:04:47.054: I//system/bin/ip(213): RTNETLINK answers: No such process
09-10 15:04:47.054: I/logwrapper(213): /system/bin/ip terminated by exit(2)
09-10 15:04:47.064: D/NetworkManagementService(545): 200 source route replace succeeded for route id [3], and local destination routing succeeded
09-10 15:04:47.064: D/ConnectivityService(545): resetting DNS cache for wlan0
09-10 15:04:47.064: D/ConnectivityService(545): sendStickyBroadcast: action=android.net.conn.CONNECTIVITY_CHANGE_IMMEDIATE
09-10 15:04:47.064: D/ConnectivityService(545): sendStickyBroadcastDelayed: delayMs=500, action=android.net.conn.CONNECTIVITY_CHANGE
09-10 15:04:47.074: W/NetworkStats(545): dropping UID delta from unknown iface: iface=wlan0 uid=0 set=DEFAULT tag=0x0 rxBytes=0 rxPackets=0 txBytes=76 txPackets=1 operations=0
09-10 15:04:47.154: D/dalvikvm(545): GC_EXPLICIT freed 2090K, 38% free 29763K/47523K, paused 4ms+9ms
09-10 15:04:47.154: D/MobileDataStateTracker(545): default: setPolicyDataEnable(enabled=true)
09-10 15:04:47.154: E/WifiP2pStateTracker(545): getNetworkInfo : NetworkInfo: type: wifi_p2p[], state: UNKNOWN/IDLE, reason: (unspecified), extra: (none), roaming: false, failover: false, isAvailable: false
09-10 15:04:47.164: D/KeyguardViewMediator(545): setHidden false
09-10 15:04:47.164: E/WifiP2pStateTracker(545): getNetworkInfo : NetworkInfo: type: wifi_p2p[], state: UNKNOWN/IDLE, reason: (unspecified), extra: (none), roaming: false, failover: false, isAvailable: false
09-10 15:04:47.164: D/MobileDataStateTracker(545): default: setPolicyDataEnable(enabled=true)
09-10 15:04:47.174: D/KeyguardViewMediator(545): setHidden false
09-10 15:04:47.565: D/ConnectivityService(545): sendStickyBroadcast: action=android.net.conn.CONNECTIVITY_CHANGE
09-10 15:04:47.575: I/DBG_WSS_DM(7018): [V3_1205_2_2][ Line:2029][ProtoIsWIFIConnected] WiFi Network status is enabled
09-10 15:04:47.575: I/DBG_WSS_DM(7018): [V3_1205_2_2][ Line:2284][getIsConnected] connect status is false
09-10 15:04:47.575: I/DBG_WSS_DM(7018): [V3_1205_2_2][ Line:925][onReceive] wifi connected....
09-10 15:04:47.585: D/FirewallPolicy(545): Entering handleConnectivityAction...
09-10 15:04:47.585: D/FirewallPolicy(545): checkOnline()...
09-10 15:04:47.585: D/FirewallPolicy(545): execute pending commands
09-10 15:04:47.585: D/Tethering(545): Tethering got CONNECTIVITY_ACTION
09-10 15:04:47.585: D/Tethering(545): MasterInitialState.processMessage what=3
09-10 15:04:47.585: I/TetheringProvision(2027): Received : android.net.conn.CONNECTIVITY_CHANGE
09-10 15:04:47.585: I/TetheringProvision(2027): Active network info - Type : WIFI, SubType : , isConnected : true
09-10 15:04:47.585: I/TetheringProvision(2027): getIntFromSharedPreference - activenetworktype : -1
09-10 15:04:47.585: D/GpsLocationProvider(545): Gps MessageHandler. msg.what 4 msg.arg1:2 msg.arg2: 0
09-10 15:04:47.585: D/GpsLocationProvider(545): updateNetworkState available info: NetworkInfo: type: WIFI[], state: CONNECTED/CONNECTED, reason: (unspecified), extra: (none), roaming: false, failover: false, isAvailable: true
09-10 15:04:47.585: W/AlarmManager(545): FACTORY_ON= 0
09-10 15:04:47.595: I/GTalkService/c(981): [AndroidEndpoint@1101164720] connect: acct=1000000, state=CONNECTING
09-10 15:04:47.595: I/GTalkService/c(981): [GTalkConnection@1100809720] connect: acct=1, state=CONNECTING
09-10 15:04:47.595: W/SignalStrength(691): getGsmLevel=2
09-10 15:04:47.595: W/SignalStrength(691): getLevel=2 (SignalStrength: 6 0 -120 -160 -120 -1 -1 99 2147483647 2147483647 2147483647 2147483647 gsm|lte 2)
09-10 15:04:47.595: D/STATUSBAR-NetworkController(691): onReceive() - CONNECTIVITY_ACTION, INET_CONDITION_ACTION
09-10 15:04:47.595: D/STATUSBAR-NotificationService(545): cancelNotification - pkg:XXX.XXXXXXX.XXXXXXXX, id:273
09-10 15:04:47.605: I/TetheringProvision(2027): putSharedPreference - activenetworktype : 1
09-10 15:04:47.605: E/LocSvc_afw(545): I/Entering void loc_agps_ril_update_network_availability(int, const char*) line 921
09-10 15:04:47.605: E/LocSvc_eng(545): I/===> void loc_eng_agps_ril_update_network_availability(loc_eng_data_s_type&, int, const char*) line 1233
09-10 15:04:47.605: E/LocSvc_eng(545): E/void loc_eng_agps_ril_update_network_availability(loc_eng_data_s_type&, int, const char*): log_eng state error: instance not initialized
09-10 15:04:47.605: E/LocSvc_eng(545): I/Exiting void loc_eng_agps_ril_update_network_availability(loc_eng_data_s_type&, int, const char*) line 1234 instance not initialized
09-10 15:04:47.605: E/LocSvc_afw(545): I/Exiting void loc_agps_ril_update_network_availability(int, const char*) line 923 None
09-10 15:04:47.605: D/GpsLocationProvider(545): getAGpsConnectionInfo connType - 3
09-10 15:04:47.635: I/TetheringProvision(2027): putSharedPreference - activenetworkisconnected : true
09-10 15:04:47.635: I/TetheringProvision(2027): getBooleanFromSharedPreference - usbthruwifitethered : false
09-10 15:04:47.675: W/AlarmManager(545): FACTORY_ON= 0
09-10 15:04:47.685: I/MediaUploader(2304): No need to wake up
09-10 15:04:47.705: D/PicasaSyncManager(2280): active network: NetworkInfo: type: WIFI[], state: CONNECTED/CONNECTED, reason: (unspecified), extra: (none), roaming: false, failover: false, isAvailable: true
09-10 15:04:47.705: D/PicasaSyncManager(2280): background data: true
09-10 15:04:47.705: D/c(2380): isRegistrationTableEmpty = true
09-10 15:04:47.705: E/SystemStateMoniter(2380): RegistrationTableEmpty is true
09-10 15:04:47.715: D/SystemStateMoniter(2380): convert. code:1
09-10 15:04:47.715: D/SystemStateMoniter(2380): [Current] NoActive, [latestConnectedType] Mobile, [New] WIFI
09-10 15:04:47.715: E/SystemStateMoniter(2380): [Current] NoActive != [New]
09-10 15:04:47.715: D/SystemStateMoniter(2380): Connected to internet by wifi
09-10 15:04:47.715: D/c(2380): isRegistrationTableEmpty = true
09-10 15:04:47.715: D/SystemStateMoniter(2380): Registration table is empty. Do nothing
09-10 15:04:47.715: I/SA(1908): [OR] onReceive log=[SA = 1.2.086 V = 15 HWD = 1280X720 2.0 SIZE = 2 LOCALE = en_US CSC = ATT MCC = 310 MNC 410 T = user DEVICE = d2att P = d2uc I = IMM76D M = SAMSUNG-SGH-I747 OKLEFT false DIS IMM76D.I747UCALG1 ]
09-10 15:04:47.715: I/SA(1908): [OR] onReceive Intent=[ android.net.conn.CONNECTIVITY_CHANGE ]
09-10 15:04:47.715: I/SA(1908): [OR] onReceive END
09-10 15:04:47.735: D/STATUSBAR-NotificationService(545): cancelAllNotifications()
09-10 15:04:47.755: D/PicasaSyncManager(2280): reject MetadataSyncTask (********************) because downsync is disabled
09-10 15:04:47.775: E/WifiP2pStateTracker(545): getNetworkInfo : NetworkInfo: type: wifi_p2p[], state: UNKNOWN/IDLE, reason: (unspecified), extra: (none), roaming: false, failover: false, isAvailable: false
09-10 15:04:47.785: I/SecDownloader(850): Broadcast: Network Up
09-10 15:04:47.795: I/BootCompletedReceiver(861): onReceive
09-10 15:04:47.795: I/BootCompletedReceiver(861): pnl no feature
09-10 15:04:47.795: D/STATUSBAR-NotificationService(545): cancelAllNotifications()
09-10 15:04:47.815: D/comdaemonstockapp(2080): [Daemon_Stock]>>> Stockclock_DaemonService.java:46 [0:0] onReceive: androidnetconnCONNECTIVITY_CHANGE
09-10 15:04:47.815: D/comdaemonstockapp(2080): [Daemon_Stock]>>> Stockclock_DaemonService.java:53 [0:0] appServiceStatus: 0
09-10 15:04:47.815: D/comdaemonstockapp(2080): [Daemon_Stock]>>> Stockclock_DaemonService.java:54 [0:0] [AR]: 0
09-10 15:04:47.815: D/comdaemonstockapp(2080): [Daemon_Stock]>>> Stockclock_DaemonService.java:125 [0:0] Daemon is not receive event: servic off
