09-10 15:16:29.482: V/AwesomePlayer(227): cancelPlayerEvents (keepNotifications=0)
09-10 15:16:29.482: V/AwesomePlayer(227): mAudioTrackVector clear
09-10 15:16:29.482: V/AwesomePlayer(227): mAudioPlayer successfully deleted
09-10 15:16:29.482: V/AwesomePlayer(227): destructor
09-10 15:16:29.482: I/AwesomePlayer(227): reset
09-10 15:16:29.482: V/AwesomePlayer(227): reset_l() cancel player events
09-10 15:16:29.482: V/AwesomePlayer(227): cancelPlayerEvents (keepNotifications=0)
09-10 15:16:29.482: V/AwesomePlayer(227): mAudioTrackVector clear
09-10 15:16:29.482: V/AwesomePlayer(227): mAudioPlayer successfully deleted
09-10 15:16:29.482: V/AwesomePlayer(227): ~AwesomePlayer()
09-10 15:16:29.552: D/dalvikvm(545): GC_CONCURRENT freed 1735K, 49% free 24514K/47523K, paused 5ms+9ms
09-10 15:16:29.562: I/v8(7377): Failed to open socket on port 9419, waiting 1000 ms before retrying
09-10 15:16:29.572: D/CircleMissedEventWidget(545): pkgName: com.android.email className: com.android.email.activity.Welcome
09-10 15:16:29.572: D/CircleMissedEventWidget(545): pkgName: com.android.mms className: com.android.mms.ui.ConversationComposer
09-10 15:16:29.572: D/CircleMissedEventWidget(545): pkgName: com.android.contacts className: com.android.contacts.activities.DialtactsActivity
09-10 15:16:29.572: D/CircleMissedEventWidget(545): updateMissedEvent(missed Call Count = 0, bUpdatedCallCount = false)
09-10 15:16:29.572: D/CircleMissedEventWidget(545): updateMissedEvent(Unread Msg Count = 0, bUpdatedMsgCount = false)
09-10 15:16:29.572: E/CircleShortcutWidget(545): density = 320
09-10 15:16:29.572: E/CircleShortcutWidget(545): pkg name =com.android.contacts, activityName=com.android.contacts.activities.DialtactsActivity
09-10 15:16:29.572: D/CircleShortcutWidget(545): mIconWidth =0
09-10 15:16:29.582: D/CircleShortcutWidget(545): BitmapDrawable
09-10 15:16:29.582: E/CircleShortcutWidget(545): pkg name =com.android.mms, activityName=com.android.mms.ui.ConversationComposer
09-10 15:16:29.582: D/CircleShortcutWidget(545): mIconWidth =0
09-10 15:16:29.592: D/CircleShortcutWidget(545): BitmapDrawable
09-10 15:16:29.592: E/CircleShortcutWidget(545): pkg name =com.sec.android.widgetapp.diotek.smemo, activityName=com.sec.android.widgetapp.q1_penmemo.MemoListActivity
09-10 15:16:29.592: D/CircleShortcutWidget(545): mIconWidth =0
09-10 15:16:29.592: D/CircleShortcutWidget(545): BitmapDrawable
09-10 15:16:29.592: E/CircleShortcutWidget(545): pkg name =com.sec.android.app.camera, activityName=com.sec.android.app.camera.Camera
09-10 15:16:29.592: D/CircleShortcutWidget(545): mIconWidth =0
09-10 15:16:29.602: D/CircleShortcutWidget(545): BitmapDrawable
09-10 15:16:29.703: D/dalvikvm(545): GC_FOR_ALLOC freed 262K, 48% free 24846K/47523K, paused 93ms
09-10 15:16:29.713: I/dalvikvm-heap(545): Grow heap (frag case) to 28.739MB for 3542416-byte allocation
09-10 15:16:29.793: D/dalvikvm(545): GC_CONCURRENT freed 6K, 41% free 28299K/47523K, paused 4ms+7ms
09-10 15:16:29.803: D/CircleLockScreen(545): onRefreshBatteryInfo() showPatteryInfo: true pluggedIn: true batteryLevel: 100
09-10 15:16:29.803: D/ClockWidget(545): refreshTime()
09-10 15:16:29.813: D/ClockWidget(545): TTS Message = It is 3 : 16 PM, Monday, September 10
09-10 15:16:29.813: W/LockPatternKeyguardView(545): Couldn't find transport control widget
09-10 15:16:29.813: I/System.out(545): Not a DRM File, opening notmally
09-10 15:16:29.813: I/System.out(545): buffer returned
09-10 15:16:29.883: D/dalvikvm(545): GC_FOR_ALLOC freed 12K, 40% free 28603K/47523K, paused 68ms
09-10 15:16:29.933: V/LockPatternKeyguardView(545): Gone=null
09-10 15:16:29.933: V/LockPatternKeyguardView(545): Visible=com.android.internal.policy.impl.CircleLockScreen@42d80e68
09-10 15:16:29.943: D/LockPatternKeyguardView(545): max failed attempt for device disable :0
09-10 15:16:29.943: W/LockPatternKeyguardView(545): no unlock screen when trying to enable fallback
09-10 15:16:29.953: D/ClockWidget(545): refreshTime()
09-10 15:16:29.953: D/ClockWidget(545): TTS Message = It is 3 : 16 PM, Monday, September 10
09-10 15:16:29.953: D/ClockWidget(545): isServiceEnable = false cityId = null
09-10 15:16:29.953: D/ClockWidget(545): Weather Demon is not running, Set visibility to GONE
09-10 15:16:29.953: D/CircleLockScreen(545): onResume()
09-10 15:16:29.953: D/CircleUnlockRippleRenderer(545): onResume isUnlocked = false
09-10 15:16:29.953: D/ClockWidget(545): isServiceEnable = false cityId = null
09-10 15:16:29.953: D/ClockWidget(545): Weather Demon is not running, Set visibility to GONE
09-10 15:16:29.953: D/CircleMissedEventWidget(545): onResume()
09-10 15:16:29.963: D/CircleMissedEventWidget(545): pkgName: com.android.email className: com.android.email.activity.Welcome
09-10 15:16:29.963: D/CircleMissedEventWidget(545): pkgName: com.android.mms className: com.android.mms.ui.ConversationComposer
09-10 15:16:29.963: D/CircleMissedEventWidget(545): pkgName: com.android.contacts className: com.android.contacts.activities.DialtactsActivity
09-10 15:16:29.963: D/CircleMissedEventWidget(545): updateMissedEvent(missed Call Count = 0, bUpdatedCallCount = false)
09-10 15:16:29.963: D/CircleMissedEventWidget(545): updateMissedEvent(Unread Msg Count = 0, bUpdatedMsgCount = false)
09-10 15:16:29.963: D/CircleShortcutWidget(545): onResume()
09-10 15:16:29.963: D/KeyguardViewMediator(545): adjustUserActivityLocked mShowing: true mHidden: false
09-10 15:16:29.963: D/KeyguardViewMediator(545): adjustStatusBarLocked: mShowing=true mHidden=false isSecure=false --> flags=0x1200000
09-10 15:16:29.963: D/PowerManagerService(545): enableUserActivity false
09-10 15:16:29.963: D/STATUSBAR-StatusBarManagerService(545): manageDisableList what=0x1200000 pkg=android
09-10 15:16:29.973: E/KeyguardViewMediator(545): 2. Lockscreen lock
09-10 15:16:29.973: E/KeyguardViewMediator(545): Phone is boot completed. so can broadcast
09-10 15:16:29.973: D/KeyguardUpdateMonitor(545): handleClockVisibilityChanged()
09-10 15:16:29.973: D/KeyguardViewMediator(545): adjustStatusBarLocked: mShowing=true mHidden=false isSecure=false --> flags=0x1200000
09-10 15:16:29.973: I/ClipboardServiceEx(545): Send intent for dismiss clipboard dialog inside hideCurrentInputLocked() !
09-10 15:16:29.973: D/PhoneStatusBar(691): disable: < expand icons alerts ticker system_info back HOME* RECENT* clock
> 09-10 15:16:29.973: D/STATUSBAR-StatusBarManagerService(545): manageDisableList what=0x1200000 pkg=android
09-10 15:16:29.993: W/SurfaceFlinger(224): id=208(43) createSurface 0x1126984 (720x1230),1 flag=0
09-10 15:16:29.993: D/KeyguardViewMediator(545): setHidden false
09-10 15:16:29.993: V/WindowManager(545): rotationForOrientationLw(orient=5, last=0); user=0 mLidOpen=-1 mDockMode=0 mHdmiPlugged=false mAccelerometerDefault=1 sensorRotation=-1
09-10 15:16:30.003: W/SurfaceFlinger(224): id=209(44) createSurface 0x112a5b4 (720x1230),3 flag=400
09-10 15:16:30.013: D/KeyguardViewMediator(545): setHidden false
09-10 15:16:30.063: I/Adreno200-EGLSUB(545): : Format RGBA_8888.
09-10 15:16:30.063: D/memalloc(224): ion: Allocated buffer base:0x42ea9000 size:3674112 fd:35
09-10 15:16:30.063: D/memalloc(545): ion: Mapped buffer base:0x649fe000 size:3674112 offset:0 fd:429
09-10 15:16:30.073: E/(545): Can't open file for reading
09-10 15:16:30.073: E/(545): Can't open file for reading
09-10 15:16:30.143: D/dalvikvm(545): GC_FOR_ALLOC freed 76K, 33% free 32220K/47523K, paused 67ms
09-10 15:16:30.153: I/dalvikvm-heap(545): Grow heap (frag case) to 38.811MB for 6553616-byte allocation
09-10 15:16:30.243: D/dalvikvm(545): GC_CONCURRENT freed 5K, 29% free 38614K/53987K, paused 4ms+6ms
09-10 15:16:30.393: D/memalloc(224): ion: Allocated buffer base:0x4389a000 size:3674112 fd:41
09-10 15:16:30.393: D/memalloc(545): ion: Mapped buffer base:0x66108000 size:3674112 offset:0 fd:432
09-10 15:16:30.393: D/KeyguardViewMediator(545): setHidden false
09-10 15:16:30.393: I/Adreno200-EGLSUB(224): : Android Image
09-10 15:16:30.393: I/Adreno200-EGLSUB(224): : RGBA_8888
09-10 15:16:30.393: D/LockPatternKeyguardView(545): focused
09-10 15:16:30.393: D/CircleLockScreen(545): focused
09-10 15:16:30.393: D/KeyguardViewMediator(545): setHidden false
09-10 15:16:30.393: D/STATUSBAR-StatusBarManagerService(545): setSystemUiVisibility(0xe00004)
09-10 15:16:30.393: D/STATUSBAR-StatusBarManagerService(545): manageDisableList what=0xe00000 pkg=WindowManager.LayoutParams
09-10 15:16:30.393: D/PhoneStatusBar(691): disable: < expand icons alerts ticker system_info BACK* HOME RECENT CLOCK*
> 09-10 15:16:30.403: D/memalloc(224): ion: Allocated buffer base:0x44335000 size:3674112 fd:47
09-10 15:16:30.403: D/memalloc(545): ion: Mapped buffer base:0x66489000 size:3674112 offset:0 fd:435
09-10 15:16:30.413: D/memalloc(224): ion: Allocated buffer base:0x44780000 size:3674112 fd:58
09-10 15:16:30.413: D/memalloc(545): ion: Mapped buffer base:0x6680a000 size:3674112 offset:0 fd:439
09-10 15:16:30.423: I/Adreno200-EGLSUB(224): : Android Image
09-10 15:16:30.423: I/Adreno200-EGLSUB(224): : RGBA_8888
09-10 15:16:30.433: D/KeyguardViewMediator(545): setHidden false
09-10 15:16:30.433: D/memalloc(224): ion: Allocated buffer base:0x4508e000 size:3674112 fd:61
09-10 15:16:30.433: D/memalloc(545): ion: Mapped buffer base:0x66b8b000 size:3674112 offset:0 fd:442
09-10 15:16:30.443: I/Adreno200-EGLSUB(224): : Android Image
09-10 15:16:30.443: I/Adreno200-EGLSUB(224): : RGBA_8888
09-10 15:16:30.453: D/memalloc(224): ion: Allocated buffer base:0x45484000 size:3674112 fd:65
09-10 15:16:30.453: D/memalloc(545): ion: Mapped buffer base:0x66f0c000 size:3674112 offset:0 fd:445
09-10 15:16:30.463: I/Adreno200-EGLSUB(224): : Android Image
09-10 15:16:30.463: I/Adreno200-EGLSUB(224): : RGBA_8888
09-10 15:16:30.473: I/Adreno200-EGLSUB(224): : Android Image
09-10 15:16:30.473: I/Adreno200-EGLSUB(224): : RGBA_8888
09-10 15:16:30.564: I/v8(7377): Failed to open socket on port 9419, waiting 1000 ms before retrying
09-10 15:16:31.565: I/v8(7377): Failed to open socket on port 9419, waiting 1000 ms before retrying
09-10 15:16:32.225: E/SMD(220): DCD ON
09-10 15:16:32.566: I/v8(7377): Failed to open socket on port 9419, waiting 1000 ms before retrying
09-10 15:16:33.106: D/KeyguardUpdateMonitor(545): received broadcast android.intent.action.BATTERY_CHANGED
09-10 15:16:33.106: D/BatteryService(545): update start
09-10 15:16:33.106: D/BatteryService(545): level:100 scale:100 status:5 health:2 present:true voltage: 4337 temperature: 318 technology: Li-ion AC powered:false USB powered:true icon:17303128 invalid charger:0
09-10 15:16:33.106: D/ThermistorObserver(545): mBatteryBRForAMOLED : onReceive() : newTemperature : 318
09-10 15:16:33.116: D/KeyguardUpdateMonitor(545): handleBatteryUpdate
09-10 15:16:33.116: E/MTPJNIInterface(5757): In MTPJNIINterface onReceive:android.intent.action.BATTERY_CHANGED
09-10 15:16:33.116: D/STATUSBAR-BatteryController(691): onReceive() - ACTION_BATTERY_CHANGED
09-10 15:16:33.116: D/STATUSBAR-BatteryController(691): onReceive() - level:100
09-10 15:16:33.116: D/STATUSBAR-BatteryController(691): onReceive() - plugged:2
09-10 15:16:33.116: D/STATUSBAR-BatteryController(691): onReceive() - BATTERY_STATUS_FULL:
09-10 15:16:33.116: D/BatteryService(545): turn on LED for fully charged
09-10 15:16:33.567: I/v8(7377): Failed to open socket on port 9419, waiting 1000 ms before retrying
09-10 15:16:34.558: I/v8(7377): Failed to open socket on port 9419, waiting 1000 ms before retrying
09-10 15:16:35.218: E/SMD(220): DCD ON
09-10 15:16:35.559: I/v8(7377): Failed to open socket on port 9419, waiting 1000 ms before retrying
09-10 15:16:36.180: E/MP-Decision(1343): DOWN Ld:54 Ns:1.100000 Ts:190 rq:1.000000 seq:196.000000
09-10 15:16:36.560: I/v8(7377): Failed to open socket on port 9419, waiting 1000 ms before retrying
09-10 15:16:36.970: W/PowerManagerService(545): Timer 0x0->0x0|0x0
09-10 15:16:37.561: I/v8(7377): Failed to open socket on port 9419, waiting 1000 ms before retrying
09-10 15:16:38.222: E/SMD(220): DCD ON
09-10 15:16:38.562: I/v8(7377): Failed to open socket on port 9419, waiting 1000 ms before retrying
09-10 15:16:38.983: E/MP-Decision(1343): UP Ld:92 Nw:1.990000 Tw:140 rq:1.000000 seq:147.000000
09-10 15:16:39.563: I/v8(7377): Failed to open socket on port 9419, waiting 1000 ms before retrying
09-10 15:16:40.564: I/v8(7377): Failed to open socket on port 9419, waiting 1000 ms before retrying
09-10 15:16:41.225: E/SMD(220): DCD ON
09-10 15:16:41.565: I/v8(7377): Failed to open socket on port 9419, waiting 1000 ms before retrying
09-10 15:16:42.566: I/v8(7377): Failed to open socket on port 9419, waiting 1000 ms before retrying
09-10 15:16:43.557: I/v8(7377): Failed to open socket on port 9419, waiting 1000 ms before retrying
09-10 15:16:44.218: E/SMD(220): DCD ON
09-10 15:16:44.558: I/v8(7377): Failed to open socket on port 9419, waiting 1000 ms before retrying
09-10 15:16:45.560: I/v8(7377): Failed to open socket on port 9419, waiting 1000 ms before retrying
09-10 15:16:46.561: I/v8(7377): Failed to open socket on port 9419, waiting 1000 ms before retrying
09-10 15:16:47.221: E/SMD(220): DCD ON
09-10 15:16:47.562: I/v8(7377): Failed to open socket on port 9419, waiting 1000 ms before retrying
09-10 15:16:48.563: I/v8(7377): Failed to open socket on port 9419, waiting 1000 ms before retrying
09-10 15:16:49.564: I/v8(7377): Failed to open socket on port 9419, waiting 1000 ms before retrying
09-10 15:16:50.235: E/SMD(220): DCD ON
09-10 15:16:50.565: I/v8(7377): Failed to open socket on port 9419, waiting 1000 ms before retrying
09-10 15:16:51.566: I/v8(7377): Failed to open socket on port 9419, waiting 1000 ms before retrying
09-10 15:16:52.557: I/v8(7377): Failed to open socket on port 9419, waiting 1000 ms before retrying
09-10 15:16:53.228: E/SMD(220): DCD ON
09-10 15:16:53.558: I/v8(7377): Failed to open socket on port 9419, waiting 1000 ms before retrying
09-10 15:16:54.509: V/AlarmManager(545): waitForAlarm result :4
09-10 15:16:54.559: I/v8(7377): Failed to open socket on port 9419, waiting 1000 ms before retrying
09-10 15:16:55.560: I/v8(7377): Failed to open socket on port 9419, waiting 1000 ms before retrying
09-10 15:16:56.231: E/SMD(220): DCD ON
09-10 15:16:56.561: I/v8(7377): Failed to open socket on port 9419, waiting 1000 ms before retrying
09-10 15:16:57.562: I/v8(7377): Failed to open socket on port 9419, waiting 1000 ms before retrying
09-10 15:16:58.563: I/v8(7377): Failed to open socket on port 9419, waiting 1000 ms before retrying
09-10 15:16:59.234: E/SMD(220): DCD ON
09-10 15:16:59.564: I/v8(7377): Failed to open socket on port 9419, waiting 1000 ms before retrying
09-10 15:16:59.995: D/KeyguardUpdateMonitor(545): received broadcast android.intent.action.TIME_TICK
09-10 15:16:59.995: D/KeyguardUpdateMonitor(545): handleTimeUpdate
09-10 15:16:59.995: V/AlarmManager(545): waitForAlarm result :8
09-10 15:16:59.995: V/AlarmManager(545): ClockReceiver onReceive() ACTION_TIME_TICK
09-10 15:16:59.995: W/AlarmManager(545): FACTORY_ON= 0
09-10 15:17:00.005: D/STATUSBAR-Clock(691): onReceive() - ACTION_TIME_TICK
09-10 15:17:00.005: D/STATUSBAR-Clock(691): updateClock :3:17 PM
09-10 15:17:00.005: D/STATUSBAR-DateView(691): updateClock :09/10/2012
09-10 15:17:00.065: D/ClockWidget(545): refreshTime()
09-10 15:17:00.065: D/ClockWidget(545): TTS Message = It is 3 : 17 PM, Monday, September 10
09-10 15:17:00.566: I/v8(7377): Failed to open socket on port 9419, waiting 1000 ms before retrying
09-10 15:17:01.567: I/v8(7377): Failed to open socket on port 9419, waiting 1000 ms before retrying
09-10 15:17:02.227: E/SMD(220): DCD ON
09-10 15:17:02.558: I/v8(7377): Failed to open socket on port 9419, waiting 1000 ms before retrying
09-10 15:17:03.559: I/v8(7377): Failed to open socket on port 9419, waiting 1000 ms before retrying
09-10 15:17:03.609: D/BatteryService(545): update start
09-10 15:17:03.619: D/KeyguardUpdateMonitor(545): received broadcast android.intent.action.BATTERY_CHANGED
09-10 15:17:03.619: D/KeyguardUpdateMonitor(545): handleBatteryUpdate
09-10 15:17:03.619: E/MTPJNIInterface(5757): In MTPJNIINterface onReceive:android.intent.action.BATTERY_CHANGED
09-10 15:17:03.619: D/BatteryService(545): level:100 scale:100 status:5 health:2 present:true voltage: 4337 temperature: 317 technology: Li-ion AC powered:false USB powered:true icon:17303128 invalid charger:0
09-10 15:17:03.619: D/BatteryService(545): turn on LED for fully charged
09-10 15:17:03.619: D/ThermistorObserver(545): mBatteryBRForAMOLED : onReceive() : newTemperature : 317
09-10 15:17:03.619: D/STATUSBAR-BatteryController(691): onReceive() - ACTION_BATTERY_CHANGED
09-10 15:17:03.619: D/STATUSBAR-BatteryController(691): onReceive() - level:100
09-10 15:17:03.619: D/STATUSBAR-BatteryController(691): onReceive() - plugged:2
09-10 15:17:03.619: D/STATUSBAR-BatteryController(691): onReceive() - BATTERY_STATUS_FULL:
09-10 15:17:04.560: I/v8(7377): Failed to open socket on port 9419, waiting 1000 ms before retrying
09-10 15:17:05.231: E/SMD(220): DCD ON
09-10 15:17:05.561: I/v8(7377): Failed to open socket on port 9419, waiting 1000 ms before retrying
09-10 15:17:06.562: I/v8(7377): Failed to open socket on port 9419, waiting 1000 ms before retrying
09-10 15:17:07.573: I/v8(7377): Failed to open socket on port 9419, waiting 1000 ms before retrying
09-10 15:17:08.234: E/SMD(220): DCD ON
09-10 15:17:08.574: I/v8(7377): Failed to open socket on port 9419, waiting 1000 ms before retrying
09-10 15:17:09.575: I/v8(7377): Failed to open socket on port 9419, waiting 1000 ms before retrying
09-10 15:17:10.576: I/v8(7377): Failed to open socket on port 9419, waiting 1000 ms before retrying
09-10 15:17:11.227: E/SMD(220): DCD ON
09-10 15:17:11.567: I/v8(7377): Failed to open socket on port 9419, waiting 1000 ms before retrying
09-10 15:17:12.568: I/v8(7377): Failed to open socket on port 9419, waiting 1000 ms before retrying
09-10 15:17:13.569: I/v8(7377): Failed to open socket on port 9419, waiting 1000 ms before retrying
09-10 15:17:14.230: E/SMD(220): DCD ON
09-10 15:17:14.570: I/v8(7377): Failed to open socket on port 9419, waiting 1000 ms before retrying
09-10 15:17:15.572: I/v8(7377): Failed to open socket on port 9419, waiting 1000 ms before retrying
09-10 15:17:16.573: I/v8(7377): Failed to open socket on port 9419, waiting 1000 ms before retrying
09-10 15:17:17.233: E/SMD(220): DCD ON
09-10 15:17:17.574: I/v8(7377): Failed to open socket on port 9419, waiting 1000 ms before retrying
09-10 15:17:18.575: I/v8(7377): Failed to open socket on port 9419, waiting 1000 ms before retrying
09-10 15:17:19.576: I/v8(7377): Failed to open socket on port 9419, waiting 1000 ms before retrying
09-10 15:17:20.237: E/SMD(220): DCD ON
09-10 15:17:20.567: I/v8(7377): Failed to open socket on port 9419, waiting 1000 ms before retrying
09-10 15:17:21.568: I/v8(7377): Failed to open socket on port 9419, waiting 1000 ms before retrying
09-10 15:17:22.569: I/v8(7377): Failed to open socket on port 9419, waiting 1000 ms before retrying
09-10 15:17:23.230: E/SMD(220): DCD ON
09-10 15:17:23.570: I/v8(7377): Failed to open socket on port 9419, waiting 1000 ms before retrying
09-10 15:17:24.571: I/v8(7377): Failed to open socket on port 9419, waiting 1000 ms before retrying
09-10 15:17:25.572: I/v8(7377): Failed to open socket on port 9419, waiting 1000 ms before retrying
09-10 15:17:26.233: E/SMD(220): DCD ON
09-10 15:17:26.573: I/v8(7377): Failed to open socket on port 9419, waiting 1000 ms before retrying
09-10 15:17:27.574: I/v8(7377): Failed to open socket on port 9419, waiting 1000 ms before retrying
09-10 15:17:28.575: I/v8(7377): Failed to open socket on port 9419, waiting 1000 ms before retrying
09-10 15:17:29.246: E/SMD(220): DCD ON
09-10 15:17:29.576: I/v8(7377): Failed to open socket on port 9419, waiting 1000 ms before retrying
09-10 15:17:30.568: I/v8(7377): Failed to open socket on port 9419, waiting 1000 ms before retrying
09-10 15:17:31.569: I/v8(7377): Failed to open socket on port 9419, waiting 1000 ms before retrying
09-10 15:17:32.239: E/SMD(220): DCD ON
09-10 15:17:32.570: I/v8(7377): Failed to open socket on port 9419, waiting 1000 ms before retrying
09-10 15:17:33.571: I/v8(7377): Failed to open socket on port 9419, waiting 1000 ms before retrying
09-10 15:17:34.131: D/KeyguardUpdateMonitor(545): received broadcast android.intent.action.BATTERY_CHANGED
09-10 15:17:34.131: D/KeyguardUpdateMonitor(545): handleBatteryUpdate
09-10 15:17:34.131: E/MTPJNIInterface(5757): In MTPJNIINterface onReceive:android.intent.action.BATTERY_CHANGED
09-10 15:17:34.131: D/BatteryService(545): update start
09-10 15:17:34.131: D/BatteryService(545): level:100 scale:100 status:5 health:2 present:true voltage: 4336 temperature: 317 technology: Li-ion AC powered:false USB powered:true icon:17303128 invalid charger:0
09-10 15:17:34.131: D/BatteryService(545): turn on LED for fully charged
09-10 15:17:34.131: D/ThermistorObserver(545): mBatteryBRForAMOLED : onReceive() : newTemperature : 317
09-10 15:17:34.131: D/STATUSBAR-BatteryController(691): onReceive() - ACTION_BATTERY_CHANGED
09-10 15:17:34.131: D/STATUSBAR-BatteryController(691): onReceive() - level:100
09-10 15:17:34.131: D/STATUSBAR-BatteryController(691): onReceive() - plugged:2
09-10 15:17:34.131: D/STATUSBAR-BatteryController(691): onReceive() - BATTERY_STATUS_FULL:
09-10 15:17:34.572: I/v8(7377): Failed to open socket on port 9419, waiting 1000 ms before retrying
09-10 15:17:35.243: E/SMD(220): DCD ON
09-10 15:17:35.573: I/v8(7377): Failed to open socket on port 9419, waiting 1000 ms before retrying
09-10 15:17:36.574: I/v8(7377): Failed to open socket on port 9419, waiting 1000 ms before retrying
09-10 15:17:37.575: I/v8(7377): Failed to open socket on port 9419, waiting 1000 ms before retrying
09-10 15:17:38.246: E/SMD(220): DCD ON
09-10 15:17:38.576: I/v8(7377): Failed to open socket on port 9419, waiting 1000 ms before retrying
09-10 15:17:39.567: I/v8(7377): Failed to open socket on port 9419, waiting 1000 ms before retrying