09-10 15:09:15.390: D/AlarmWidget(1651): [AlarmWidgetProvider] onReceive()@@@ com.samsung.sec.android.clockpackage.alarm.NOTIFY_ALARM_CHANGE
09-10 15:09:15.390: D/AlarmWidget(1651): [AlarmWidgetProvider] widgetId = -1, selectId =-1
09-10 15:09:15.390: D/AlarmWidget(1651): [AlarmWidgetProvider] Alarm.NOTIFY_ALARM_CHANGE
09-10 15:09:15.390: E/AlarmWidget(1651): [AlarmWidgetIdManager] AlarmWidgetID_Length
09-10 15:09:15.390: E/AlarmWidget(1651): [AlarmWidgetIdManager] getPrefIDs() : length = 0
09-10 15:09:15.470: I/v8(7377): Failed to open socket on port 9419, waiting 1000 ms before retrying
09-10 15:09:16.470: I/v8(7377): Failed to open socket on port 9419, waiting 1000 ms before retrying
09-10 15:09:17.091: E/SMD(220): DCD ON
09-10 15:09:17.471: I/v8(7377): Failed to open socket on port 9419, waiting 1000 ms before retrying
09-10 15:09:18.132: D/AlarmReceiver(1651): mHandler.postDelayed(new Runnable() {
09-10 15:09:18.472: I/v8(7377): Failed to open socket on port 9419, waiting 1000 ms before retrying
09-10 15:09:19.474: I/v8(7377): Failed to open socket on port 9419, waiting 1000 ms before retrying
09-10 15:09:20.094: E/SMD(220): DCD ON
09-10 15:09:20.094: V/AlarmManager(545): waitForAlarm result :4
09-10 15:09:20.124: W/AlarmManager(545): FACTORY_ON= 0
09-10 15:09:20.475: I/v8(7377): Failed to open socket on port 9419, waiting 1000 ms before retrying
09-10 15:09:21.476: I/v8(7377): Failed to open socket on port 9419, waiting 1000 ms before retrying
09-10 15:09:22.477: I/v8(7377): Failed to open socket on port 9419, waiting 1000 ms before retrying
09-10 15:09:22.617: E/Sensors(545): accelHandler 0.223934 0.475411 9.624386
09-10 15:09:23.087: E/SMD(220): DCD ON
09-10 15:09:23.468: I/v8(7377): Failed to open socket on port 9419, waiting 1000 ms before retrying
09-10 15:09:24.469: I/v8(7377): Failed to open socket on port 9419, waiting 1000 ms before retrying
09-10 15:09:25.470: I/v8(7377): Failed to open socket on port 9419, waiting 1000 ms before retrying
09-10 15:09:26.101: E/SMD(220): DCD ON
09-10 15:09:26.471: I/v8(7377): Failed to open socket on port 9419, waiting 1000 ms before retrying
09-10 15:09:27.472: I/v8(7377): Failed to open socket on port 9419, waiting 1000 ms before retrying
09-10 15:09:28.473: I/v8(7377): Failed to open socket on port 9419, waiting 1000 ms before retrying
09-10 15:09:29.104: E/SMD(220): DCD ON
09-10 15:09:29.474: I/v8(7377): Failed to open socket on port 9419, waiting 1000 ms before retrying
09-10 15:09:30.475: I/v8(7377): Failed to open socket on port 9419, waiting 1000 ms before retrying
09-10 15:09:31.476: I/v8(7377): Failed to open socket on port 9419, waiting 1000 ms before retrying
09-10 15:09:32.097: E/SMD(220): DCD ON
09-10 15:09:32.467: I/v8(7377): Failed to open socket on port 9419, waiting 1000 ms before retrying
09-10 15:09:32.618: E/Sensors(545): accelHandler 0.213157 0.439486 9.627978
09-10 15:09:33.478: I/v8(7377): Failed to open socket on port 9419, waiting 1000 ms before retrying
09-10 15:09:34.480: I/v8(7377): Failed to open socket on port 9419, waiting 1000 ms before retrying
09-10 15:09:35.100: E/SMD(220): DCD ON
09-10 15:09:35.481: I/v8(7377): Failed to open socket on port 9419, waiting 1000 ms before retrying
09-10 15:09:36.061: E/MTPJNIInterface(5757): In MTPJNIINterface onReceive:android.intent.action.BATTERY_CHANGED
09-10 15:09:36.061: D/KeyguardUpdateMonitor(545): received broadcast android.intent.action.BATTERY_CHANGED
09-10 15:09:36.061: D/KeyguardUpdateMonitor(545): handleBatteryUpdate
09-10 15:09:36.061: D/BatteryService(545): update start
09-10 15:09:36.061: D/BatteryService(545): level:100 scale:100 status:5 health:2 present:true voltage: 4338 temperature: 314 technology: Li-ion AC powered:false USB powered:true icon:17303128 invalid charger:0
09-10 15:09:36.061: D/STATUSBAR-BatteryController(691): onReceive() - ACTION_BATTERY_CHANGED
09-10 15:09:36.061: D/STATUSBAR-BatteryController(691): onReceive() - level:100
09-10 15:09:36.061: D/STATUSBAR-BatteryController(691): onReceive() - plugged:2
09-10 15:09:36.061: D/STATUSBAR-BatteryController(691): onReceive() - BATTERY_STATUS_FULL:
09-10 15:09:36.061: D/ThermistorObserver(545): mBatteryBRForAMOLED : onReceive() : newTemperature : 314
09-10 15:09:36.482: I/v8(7377): Failed to open socket on port 9419, waiting 1000 ms before retrying
09-10 15:09:37.483: I/v8(7377): Failed to open socket on port 9419, waiting 1000 ms before retrying
09-10 15:09:38.103: E/SMD(220): DCD ON
09-10 15:09:38.244: D/STATUSBAR-NetworkController(691): onReceive() - RSSI_CHANGED_ACTION, WIFI_STATE, NETWORK_STATE
09-10 15:09:38.484: I/v8(7377): Failed to open socket on port 9419, waiting 1000 ms before retrying
09-10 15:09:39.485: I/v8(7377): Failed to open socket on port 9419, waiting 1000 ms before retrying
09-10 15:09:40.486: I/v8(7377): Failed to open socket on port 9419, waiting 1000 ms before retrying
09-10 15:09:41.107: E/SMD(220): DCD ON
09-10 15:09:41.477: I/v8(7377): Failed to open socket on port 9419, waiting 1000 ms before retrying
09-10 15:09:42.478: I/v8(7377): Failed to open socket on port 9419, waiting 1000 ms before retrying
09-10 15:09:42.618: E/Sensors(545): accelHandler 0.231119 0.449066 9.611214
09-10 15:09:43.479: I/v8(7377): Failed to open socket on port 9419, waiting 1000 ms before retrying
09-10 15:09:44.100: E/SMD(220): DCD ON
09-10 15:09:44.480: I/v8(7377): Failed to open socket on port 9419, waiting 1000 ms before retrying
09-10 15:09:45.221: W/SignalStrength(545): getGsmLevel=3
09-10 15:09:45.221: W/SignalStrength(545): getLevel=3 (SignalStrength: 9 0 -120 -160 -120 -1 -1 99 2147483647 2147483647 2147483647 2147483647 gsm|lte 3)
09-10 15:09:45.221: W/SignalStrength(691): getGsmLevel=3
09-10 15:09:45.221: W/SignalStrength(691): getLevel=3 (SignalStrength: 9 0 -120 -160 -120 -1 -1 99 2147483647 2147483647 2147483647 2147483647 gsm|lte 3)
09-10 15:09:45.221: W/SignalStrength(691): getGsmLevel=3
09-10 15:09:45.221: W/SignalStrength(545): getDbm 1
09-10 15:09:45.221: W/SignalStrength(545): getGsmDbm=-95
09-10 15:09:45.221: W/SignalStrength(545): getDbm=-95
09-10 15:09:45.221: W/SignalStrength(545): getAsuLevel 1
09-10 15:09:45.221: W/SignalStrength(691): getLevel=3 (SignalStrength: 9 0 -120 -160 -120 -1 -1 99 2147483647 2147483647 2147483647 2147483647 gsm|lte 3)
09-10 15:09:45.221: W/SignalStrength(545): getGsmAsuLevel=9
09-10 15:09:45.221: W/SignalStrength(545): getAsuLevel=9
09-10 15:09:45.221: D/STATUSBAR-NetworkController(691): onSignalStrengthsChanged signalStrength=SignalStrength: 9 0 -120 -160 -120 -1 -1 99 2147483647 2147483647 2147483647 2147483647 gsm|lte 3 level=3
09-10 15:09:45.481: I/v8(7377): Failed to open socket on port 9419, waiting 1000 ms before retrying
09-10 15:09:46.482: I/v8(7377): Failed to open socket on port 9419, waiting 1000 ms before retrying
09-10 15:09:47.103: E/SMD(220): DCD ON
09-10 15:09:47.483: I/v8(7377): Failed to open socket on port 9419, waiting 1000 ms before retrying
09-10 15:09:48.484: I/v8(7377): Failed to open socket on port 9419, waiting 1000 ms before retrying
09-10 15:09:49.486: I/v8(7377): Failed to open socket on port 9419, waiting 1000 ms before retrying
09-10 15:09:50.106: E/SMD(220): DCD ON
09-10 15:09:50.487: I/v8(7377): Failed to open socket on port 9419, waiting 1000 ms before retrying
09-10 15:09:51.408: V/AlarmManager(545): waitForAlarm result :8
09-10 15:09:51.408: W/ThrottleService(545): unable to find stats for iface rmnet0
09-10 15:09:51.418: W/AlarmManager(545): FACTORY_ON= 0
09-10 15:09:51.478: I/v8(7377): Failed to open socket on port 9419, waiting 1000 ms before retrying
09-10 15:09:52.479: I/v8(7377): Failed to open socket on port 9419, waiting 1000 ms before retrying
09-10 15:09:52.619: E/Sensors(545): accelHandler 0.216749 0.450264 9.586065
09-10 15:09:53.099: E/SMD(220): DCD ON
09-10 15:09:53.480: I/v8(7377): Failed to open socket on port 9419, waiting 1000 ms before retrying
09-10 15:09:54.481: I/v8(7377): Failed to open socket on port 9419, waiting 1000 ms before retrying
09-10 15:09:54.621: D/dalvikvm(545): GC_EXPLICIT freed 1979K, 51% free 23630K/47523K, paused 11ms+8ms
09-10 15:09:54.651: W/AlarmManager(545): FACTORY_ON= 0
09-10 15:09:54.651: W/AlarmManager(545): FACTORY_ON= 0
09-10 15:09:55.132: W/SignalStrength(545): getGsmLevel=2
09-10 15:09:55.132: W/SignalStrength(545): getLevel=2 (SignalStrength: 8 0 -120 -160 -120 -1 -1 99 2147483647 2147483647 2147483647 2147483647 gsm|lte 2)
09-10 15:09:55.132: W/SignalStrength(691): getGsmLevel=2
09-10 15:09:55.142: W/SignalStrength(691): getLevel=2 (SignalStrength: 8 0 -120 -160 -120 -1 -1 99 2147483647 2147483647 2147483647 2147483647 gsm|lte 2)
09-10 15:09:55.142: W/SignalStrength(691): getGsmLevel=2
09-10 15:09:55.142: W/SignalStrength(691): getLevel=2 (SignalStrength: 8 0 -120 -160 -120 -1 -1 99 2147483647 2147483647 2147483647 2147483647 gsm|lte 2)
09-10 15:09:55.142: W/SignalStrength(545): getDbm 1
09-10 15:09:55.142: W/SignalStrength(545): getGsmDbm=-97
09-10 15:09:55.142: W/SignalStrength(545): getDbm=-97
09-10 15:09:55.142: W/SignalStrength(545): getAsuLevel 1
09-10 15:09:55.142: W/SignalStrength(545): getGsmAsuLevel=8
09-10 15:09:55.142: W/SignalStrength(545): getAsuLevel=8
09-10 15:09:55.142: D/STATUSBAR-NetworkController(691): onSignalStrengthsChanged signalStrength=SignalStrength: 8 0 -120 -160 -120 -1 -1 99 2147483647 2147483647 2147483647 2147483647 gsm|lte 2 level=2
09-10 15:09:55.482: I/v8(7377): Failed to open socket on port 9419, waiting 1000 ms before retrying
09-10 15:09:56.103: E/SMD(220): DCD ON
09-10 15:09:56.333: D/STATUSBAR-NetworkController(691): onReceive() - RSSI_CHANGED_ACTION, WIFI_STATE, NETWORK_STATE
09-10 15:09:56.483: I/v8(7377): Failed to open socket on port 9419, waiting 1000 ms before retrying
09-10 15:09:57.494: I/v8(7377): Failed to open socket on port 9419, waiting 1000 ms before retrying
09-10 15:09:57.674: W/SignalStrength(545): getGsmLevel=2
09-10 15:09:57.674: W/SignalStrength(545): getLevel=2 (SignalStrength: 6 0 -120 -160 -120 -1 -1 99 2147483647 2147483647 2147483647 2147483647 gsm|lte 2)
09-10 15:09:57.674: W/SignalStrength(691): getGsmLevel=2
09-10 15:09:57.674: W/SignalStrength(691): getLevel=2 (SignalStrength: 6 0 -120 -160 -120 -1 -1 99 2147483647 2147483647 2147483647 2147483647 gsm|lte 2)
09-10 15:09:57.674: W/SignalStrength(691): getGsmLevel=2
09-10 15:09:57.674: W/SignalStrength(691): getLevel=2 (SignalStrength: 6 0 -120 -160 -120 -1 -1 99 2147483647 2147483647 2147483647 2147483647 gsm|lte 2)
09-10 15:09:57.674: D/STATUSBAR-NetworkController(691): onSignalStrengthsChanged signalStrength=SignalStrength: 6 0 -120 -160 -120 -1 -1 99 2147483647 2147483647 2147483647 2147483647 gsm|lte 2 level=2
09-10 15:09:57.684: W/SignalStrength(545): getDbm 1
09-10 15:09:57.684: W/SignalStrength(545): getGsmDbm=-101
09-10 15:09:57.684: W/SignalStrength(545): getDbm=-101
09-10 15:09:57.684: W/SignalStrength(545): getAsuLevel 1
09-10 15:09:57.684: W/SignalStrength(545): getGsmAsuLevel=6
09-10 15:09:57.684: W/SignalStrength(545): getAsuLevel=6
09-10 15:09:58.495: I/v8(7377): Failed to open socket on port 9419, waiting 1000 ms before retrying
09-10 15:09:59.116: E/SMD(220): DCD ON
09-10 15:09:59.496: I/v8(7377): Failed to open socket on port 9419, waiting 1000 ms before retrying
09-10 15:09:59.997: V/AlarmManager(545): waitForAlarm result :8
09-10 15:09:59.997: V/AlarmManager(545): ClockReceiver onReceive() ACTION_TIME_TICK
09-10 15:09:59.997: W/AlarmManager(545): FACTORY_ON= 0
09-10 15:09:59.997: D/KeyguardUpdateMonitor(545): received broadcast android.intent.action.TIME_TICK
09-10 15:09:59.997: D/KeyguardUpdateMonitor(545): handleTimeUpdate
09-10 15:09:59.997: D/STATUSBAR-Clock(691): onReceive() - ACTION_TIME_TICK
09-10 15:09:59.997: D/STATUSBAR-Clock(691): updateClock :3:10 PM
09-10 15:10:00.017: D/STATUSBAR-DateView(691): updateClock :09/10/2012
09-10 15:10:00.237: W/SignalStrength(545): getGsmLevel=1
09-10 15:10:00.237: W/SignalStrength(545): getLevel=1 (SignalStrength: 4 0 -120 -160 -120 -1 -1 99 2147483647 2147483647 2147483647 2147483647 gsm|lte 1)
09-10 15:10:00.237: W/SignalStrength(691): getGsmLevel=1
09-10 15:10:00.237: W/SignalStrength(691): getLevel=1 (SignalStrength: 4 0 -120 -160 -120 -1 -1 99 2147483647 2147483647 2147483647 2147483647 gsm|lte 1)
09-10 15:10:00.237: W/SignalStrength(691): getGsmLevel=1
09-10 15:10:00.237: W/SignalStrength(691): getLevel=1 (SignalStrength: 4 0 -120 -160 -120 -1 -1 99 2147483647 2147483647 2147483647 2147483647 gsm|lte 1)
09-10 15:10:00.237: D/STATUSBAR-NetworkController(691): onSignalStrengthsChanged signalStrength=SignalStrength: 4 0 -120 -160 -120 -1 -1 99 2147483647 2147483647 2147483647 2147483647 gsm|lte 1 level=1
09-10 15:10:00.247: W/SignalStrength(545): getDbm 1
09-10 15:10:00.247: W/SignalStrength(545): getGsmDbm=-105
09-10 15:10:00.247: W/SignalStrength(545): getDbm=-105
09-10 15:10:00.247: W/SignalStrength(545): getAsuLevel 1
09-10 15:10:00.247: W/SignalStrength(545): getGsmAsuLevel=4
09-10 15:10:00.247: W/SignalStrength(545): getAsuLevel=4
09-10 15:10:00.487: I/v8(7377): Failed to open socket on port 9419, waiting 1000 ms before retrying
09-10 15:10:01.488: I/v8(7377): Failed to open socket on port 9419, waiting 1000 ms before retrying
09-10 15:10:02.109: E/SMD(220): DCD ON
09-10 15:10:02.489: I/v8(7377): Failed to open socket on port 9419, waiting 1000 ms before retrying
09-10 15:10:02.620: E/Sensors(545): accelHandler 0.190404 0.417931 9.623188
09-10 15:10:03.490: I/v8(7377): Failed to open socket on port 9419, waiting 1000 ms before retrying
09-10 15:10:03.801: W/SignalStrength(545): getGsmLevel=2
09-10 15:10:03.801: W/SignalStrength(545): getLevel=2 (SignalStrength: 4 0 -120 -160 -120 -1 -1 99 2147483647 2147483647 2147483647 2147483647 gsm|lte 2)
09-10 15:10:03.801: W/SignalStrength(691): getGsmLevel=2
09-10 15:10:03.801: W/SignalStrength(691): getLevel=2 (SignalStrength: 4 0 -120 -160 -120 -1 -1 99 2147483647 2147483647 2147483647 2147483647 gsm|lte 2)
09-10 15:10:03.801: W/SignalStrength(691): getGsmLevel=2
09-10 15:10:03.801: W/SignalStrength(691): getLevel=2 (SignalStrength: 4 0 -120 -160 -120 -1 -1 99 2147483647 2147483647 2147483647 2147483647 gsm|lte 2)
09-10 15:10:03.801: D/STATUSBAR-NetworkController(691): onSignalStrengthsChanged signalStrength=SignalStrength: 4 0 -120 -160 -120 -1 -1 99 2147483647 2147483647 2147483647 2147483647 gsm|lte 2 level=2
09-10 15:10:03.811: W/SignalStrength(545): getDbm 1
09-10 15:10:03.811: W/SignalStrength(545): getGsmDbm=-105
09-10 15:10:03.811: W/SignalStrength(545): getDbm=-105
09-10 15:10:03.811: W/SignalStrength(545): getAsuLevel 1
09-10 15:10:03.811: W/SignalStrength(545): getGsmAsuLevel=4
09-10 15:10:03.811: W/SignalStrength(545): getAsuLevel=4
09-10 15:10:03.921: V/AlarmManager(545): waitForAlarm result :8
09-10 15:10:03.931: W/AlarmManager(545): FACTORY_ON= 0
09-10 15:10:04.492: I/v8(7377): Failed to open socket on port 9419, waiting 1000 ms before retrying
09-10 15:10:05.112: E/SMD(220): DCD ON
09-10 15:10:05.222: I/rmt_storage(253): wakelock acquired: 0, err no: 110
09-10 15:10:05.222: I/rmt_storage(253): unblock rmt_storage client thread 2269056
09-10 15:10:05.222: D/QMI_FW(253): QCSI: QMI_CSI_RX: cntl_flag - 00, txn_id - 0007, msg_id - 0003, msg_len - 002b
09-10 15:10:05.322: D/QMI_FW(253): QCSI: xport_handle_event[15]
09-10 15:10:05.443: I/rmt_storage(253): rmt_storage fop(1): bytes transferred = 3145216
09-10 15:10:05.443: I/rmt_storage(253): rmt_storage fop(1): bytes transferred = 512
09-10 15:10:05.443: I/rmt_storage(253): About to block rmt_storage client thread(2269056), wakelock : 0, err no: 0
09-10 15:10:05.443: D/QMI_FW(253): QCSI: QMI_CSI_TX: cntl_flag - 02, txn_id - 0007, msg_id - 0003, msg_len - 0007
09-10 15:10:05.443: D/QMI_FW(253): QCSI: Sent[15]: 14 bytes to port 1024
09-10 15:10:05.493: I/v8(7377): Failed to open socket on port 9419, waiting 1000 ms before retrying
09-10 15:10:06.494: I/v8(7377): Failed to open socket on port 9419, waiting 1000 ms before retrying
09-10 15:10:06.644: W/SignalStrength(545): getGsmLevel=2
09-10 15:10:06.644: W/SignalStrength(545): getLevel=2 (SignalStrength: 5 0 -120 -160 -120 -1 -1 99 2147483647 2147483647 2147483647 2147483647 gsm|lte 2)
09-10 15:10:06.644: W/SignalStrength(691): getGsmLevel=2
09-10 15:10:06.644: W/SignalStrength(545): getDbm 1
09-10 15:10:06.644: W/SignalStrength(691): getLevel=2 (SignalStrength: 5 0 -120 -160 -120 -1 -1 99 2147483647 2147483647 2147483647 2147483647 gsm|lte 2)
09-10 15:10:06.644: W/SignalStrength(545): getGsmDbm=-103
09-10 15:10:06.644: W/SignalStrength(545): getDbm=-103
09-10 15:10:06.644: W/SignalStrength(545): getAsuLevel 1
09-10 15:10:06.644: W/SignalStrength(545): getGsmAsuLevel=5
09-10 15:10:06.644: W/SignalStrength(545): getAsuLevel=5
09-10 15:10:06.644: W/SignalStrength(691): getGsmLevel=2
09-10 15:10:06.644: W/SignalStrength(691): getLevel=2 (SignalStrength: 5 0 -120 -160 -120 -1 -1 99 2147483647 2147483647 2147483647 2147483647 gsm|lte 2)
09-10 15:10:06.644: D/STATUSBAR-NetworkController(691): onSignalStrengthsChanged signalStrength=SignalStrength: 5 0 -120 -160 -120 -1 -1 99 2147483647 2147483647 2147483647 2147483647 gsm|lte 2 level=2
09-10 15:10:07.495: I/v8(7377): Failed to open socket on port 9419, waiting 1000 ms before retrying
09-10 15:10:08.115: E/SMD(220): DCD ON
09-10 15:10:08.496: I/v8(7377): Failed to open socket on port 9419, waiting 1000 ms before retrying
09-10 15:10:09.487: I/v8(7377): Failed to open socket on port 9419, waiting 1000 ms before retrying
09-10 15:10:10.468: W/SignalStrength(691): getGsmLevel=2
09-10 15:10:10.468: W/SignalStrength(691): getLevel=2 (SignalStrength: 7 0 -120 -160 -120 -1 -1 99 2147483647 2147483647 2147483647 2147483647 gsm|lte 2)
09-10 15:10:10.468: W/SignalStrength(691): getGsmLevel=2
09-10 15:10:10.468: W/SignalStrength(691): getLevel=2 (SignalStrength: 7 0 -120 -160 -120 -1 -1 99 2147483647 2147483647 2147483647 2147483647 gsm|lte 2)
09-10 15:10:10.468: W/SignalStrength(545): getGsmLevel=2
09-10 15:10:10.468: W/SignalStrength(545): getLevel=2 (SignalStrength: 7 0 -120 -160 -120 -1 -1 99 2147483647 2147483647 2147483647 2147483647 gsm|lte 2)
09-10 15:10:10.468: D/STATUSBAR-NetworkController(691): onSignalStrengthsChanged signalStrength=SignalStrength: 7 0 -120 -160 -120 -1 -1 99 2147483647 2147483647 2147483647 2147483647 gsm|lte 2 level=2
09-10 15:10:10.478: W/SignalStrength(545): getDbm 1
09-10 15:10:10.478: W/SignalStrength(545): getGsmDbm=-99
09-10 15:10:10.478: W/SignalStrength(545): getDbm=-99
09-10 15:10:10.478: W/SignalStrength(545): getAsuLevel 1
09-10 15:10:10.478: W/SignalStrength(545): getGsmAsuLevel=7
09-10 15:10:10.478: W/SignalStrength(545): getAsuLevel=7
09-10 15:10:10.488: I/v8(7377): Failed to open socket on port 9419, waiting 1000 ms before retrying
09-10 15:10:11.109: E/SMD(220): DCD ON
09-10 15:10:11.489: I/v8(7377): Failed to open socket on port 9419, waiting 1000 ms before retrying
09-10 15:10:11.759: W/SignalStrength(691): getGsmLevel=3
09-10 15:10:11.759: W/SignalStrength(691): getLevel=3 (SignalStrength: 7 0 -120 -160 -120 -1 -1 99 2147483647 2147483647 2147483647 2147483647 gsm|lte 3)
09-10 15:10:11.759: W/SignalStrength(691): getGsmLevel=3
09-10 15:10:11.759: W/SignalStrength(691): getLevel=3 (SignalStrength: 7 0 -120 -160 -120 -1 -1 99 2147483647 2147483647 2147483647 2147483647 gsm|lte 3)
09-10 15:10:11.759: W/SignalStrength(545): getGsmLevel=3
09-10 15:10:11.759: W/SignalStrength(545): getLevel=3 (SignalStrength: 7 0 -120 -160 -120 -1 -1 99 2147483647 2147483647 2147483647 2147483647 gsm|lte 3)
09-10 15:10:11.759: W/SignalStrength(545): getDbm 1
09-10 15:10:11.759: W/SignalStrength(545): getGsmDbm=-99
09-10 15:10:11.759: W/SignalStrength(545): getDbm=-99
09-10 15:10:11.759: W/SignalStrength(545): getAsuLevel 1
09-10 15:10:11.759: W/SignalStrength(545): getGsmAsuLevel=7
09-10 15:10:11.759: W/SignalStrength(545): getAsuLevel=7
09-10 15:10:11.759: D/STATUSBAR-NetworkController(691): onSignalStrengthsChanged signalStrength=SignalStrength: 7 0 -120 -160 -120 -1 -1 99 2147483647 2147483647 2147483647 2147483647 gsm|lte 3 level=3
09-10 15:10:12.490: I/v8(7377): Failed to open socket on port 9419, waiting 1000 ms before retrying
09-10 15:10:12.620: E/Sensors(545): accelHandler 0.208367 0.458646 9.596844
09-10 15:10:13.491: I/v8(7377): Failed to open socket on port 9419, waiting 1000 ms before retrying
09-10 15:10:14.112: E/SMD(220): DCD ON
09-10 15:10:14.492: I/v8(7377): Failed to open socket on port 9419, waiting 1000 ms before retrying
09-10 15:10:15.493: I/v8(7377): Failed to open socket on port 9419, waiting 1000 ms before retrying
09-10 15:10:16.494: I/v8(7377): Failed to open socket on port 9419, waiting 1000 ms before retrying
09-10 15:10:17.115: E/SMD(220): DCD ON
09-10 15:10:17.445: D/STATUSBAR-NetworkController(691): onReceive() - RSSI_CHANGED_ACTION, WIFI_STATE, NETWORK_STATE
09-10 15:10:17.495: I/v8(7377): Failed to open socket on port 9419, waiting 1000 ms before retrying
09-10 15:10:18.166: W/SignalStrength(545): getGsmLevel=3
09-10 15:10:18.166: W/SignalStrength(545): getLevel=3 (SignalStrength: 8 0 -120 -160 -120 -1 -1 99 2147483647 2147483647 2147483647 2147483647 gsm|lte 3)
09-10 15:10:18.166: W/SignalStrength(545): getDbm 1
09-10 15:10:18.166: W/SignalStrength(545): getGsmDbm=-97
09-10 15:10:18.166: W/SignalStrength(545): getDbm=-97
09-10 15:10:18.166: W/SignalStrength(545): getAsuLevel 1
09-10 15:10:18.166: W/SignalStrength(545): getGsmAsuLevel=8
09-10 15:10:18.166: W/SignalStrength(545): getAsuLevel=8
09-10 15:10:18.166: W/SignalStrength(691): getGsmLevel=3
09-10 15:10:18.166: W/SignalStrength(691): getLevel=3 (SignalStrength: 8 0 -120 -160 -120 -1 -1 99 2147483647 2147483647 2147483647 2147483647 gsm|lte 3)
09-10 15:10:18.166: W/SignalStrength(691): getGsmLevel=3
09-10 15:10:18.166: W/SignalStrength(691): getLevel=3 (SignalStrength: 8 0 -120 -160 -120 -1 -1 99 2147483647 2147483647 2147483647 2147483647 gsm|lte 3)
09-10 15:10:18.166: D/STATUSBAR-NetworkController(691): onSignalStrengthsChanged signalStrength=SignalStrength: 8 0 -120 -160 -120 -1 -1 99 2147483647 2147483647 2147483647 2147483647 gsm|lte 3 level=3
09-10 15:10:18.186: W/AlarmManager(545): FACTORY_ON= 0
09-10 15:10:18.496: I/v8(7377): Failed to open socket on port 9419, waiting 1000 ms before retrying
09-10 15:10:19.488: I/v8(7377): Failed to open socket on port 9419, waiting 1000 ms before retrying
09-10 15:10:20.108: E/SMD(220): DCD ON
09-10 15:10:20.459: D/STATUSBAR-NetworkController(691): onReceive() - RSSI_CHANGED_ACTION, WIFI_STATE, NETWORK_STATE
09-10 15:10:20.489: I/v8(7377): Failed to open socket on port 9419, waiting 1000 ms before retrying
09-10 15:10:21.490: I/v8(7377): Failed to open socket on port 9419, waiting 1000 ms before retrying
09-10 15:10:22.491: I/v8(7377): Failed to open socket on port 9419, waiting 1000 ms before retrying
09-10 15:10:22.621: E/Sensors(545): accelHandler 0.245490 0.423918 9.607621
09-10 15:10:23.111: E/SMD(220): DCD ON
09-10 15:10:23.492: I/v8(7377): Failed to open socket on port 9419, waiting 1000 ms before retrying
09-10 15:10:23.742: V/AlarmManager(545): waitForAlarm result :4
09-10 15:10:24.253: D/KeyguardUpdateMonitor(545): received broadcast android.intent.action.BATTERY_CHANGED
09-10 15:10:24.253: D/KeyguardUpdateMonitor(545): handleBatteryUpdate
09-10 15:10:24.253: E/MTPJNIInterface(5757): In MTPJNIINterface onReceive:android.intent.action.BATTERY_CHANGED
09-10 15:10:24.253: D/BatteryService(545): update start
09-10 15:10:24.253: D/BatteryService(545): level:100 scale:100 status:5 health:2 present:true voltage: 4337 temperature: 313 technology: Li-ion AC powered:false USB powered:true icon:17303128 invalid charger:0
09-10 15:10:24.253: D/STATUSBAR-BatteryController(691): onReceive() - ACTION_BATTERY_CHANGED
09-10 15:10:24.253: D/STATUSBAR-BatteryController(691): onReceive() - level:100
09-10 15:10:24.253: D/STATUSBAR-BatteryController(691): onReceive() - plugged:2
09-10 15:10:24.253: D/STATUSBAR-BatteryController(691): onReceive() - BATTERY_STATUS_FULL:
09-10 15:10:24.253: D/ThermistorObserver(545): mBatteryBRForAMOLED : onReceive() : newTemperature : 313
09-10 15:10:24.493: I/v8(7377): Failed to open socket on port 9419, waiting 1000 ms before retrying
09-10 15:10:25.494: I/v8(7377): Failed to open socket on port 9419, waiting 1000 ms before retrying
09-10 15:10:26.115: E/SMD(220): DCD ON
09-10 15:10:26.495: I/v8(7377): Failed to open socket on port 9419, waiting 1000 ms before retrying
09-10 15:10:26.495: D/STATUSBAR-NetworkController(691): onReceive() - RSSI_CHANGED_ACTION, WIFI_STATE, NETWORK_STATE
09-10 15:10:27.496: I/v8(7377): Failed to open socket on port 9419, waiting 1000 ms before retrying
09-10 15:10:28.487: I/v8(7377): Failed to open socket on port 9419, waiting 1000 ms before retrying
09-10 15:10:29.118: E/SMD(220): DCD ON
09-10 15:10:29.488: I/v8(7377): Failed to open socket on port 9419, waiting 1000 ms before retrying
09-10 15:10:29.508: D/STATUSBAR-NetworkController(691): onReceive() - RSSI_CHANGED_ACTION, WIFI_STATE, NETWORK_STATE
09-10 15:10:30.489: I/v8(7377): Failed to open socket on port 9419, waiting 1000 ms before retrying
09-10 15:10:31.490: I/v8(7377): Failed to open socket on port 9419, waiting 1000 ms before retrying
09-10 15:10:32.121: E/SMD(220): DCD ON
09-10 15:10:32.491: I/v8(7377): Failed to open socket on port 9419, waiting 1000 ms before retrying
09-10 15:10:32.622: E/Sensors(545): accelHandler 0.222737 0.487386 9.608818
09-10 15:10:33.493: I/v8(7377): Failed to open socket on port 9419, waiting 1000 ms before retrying
09-10 15:10:34.494: I/v8(7377): Failed to open socket on port 9419, waiting 1000 ms before retrying
09-10 15:10:35.124: E/SMD(220): DCD ON
09-10 15:10:35.495: I/v8(7377): Failed to open socket on port 9419, waiting 1000 ms before retrying
09-10 15:10:35.545: D/STATUSBAR-NetworkController(691): onReceive() - RSSI_CHANGED_ACTION, WIFI_STATE, NETWORK_STATE
09-10 15:10:36.416: V/AlarmManager(545): waitForAlarm result :2
09-10 15:10:36.456: W/AlarmManager(545): FACTORY_ON= 0
09-10 15:10:36.496: I/v8(7377): Failed to open socket on port 9419, waiting 1000 ms before retrying
09-10 15:10:37.487: I/v8(7377): Failed to open socket on port 9419, waiting 1000 ms before retrying
09-10 15:10:38.117: E/SMD(220): DCD ON
09-10 15:10:38.488: I/v8(7377): Failed to open socket on port 9419, waiting 1000 ms before retrying
09-10 15:10:39.489: I/v8(7377): Failed to open socket on port 9419, waiting 1000 ms before retrying
09-10 15:10:40.490: I/v8(7377): Failed to open socket on port 9419, waiting 1000 ms before retrying
09-10 15:10:41.121: E/SMD(220): DCD ON
09-10 15:10:41.491: I/v8(7377): Failed to open socket on port 9419, waiting 1000 ms before retrying
09-10 15:10:41.571: D/STATUSBAR-NetworkController(691): onReceive() - RSSI_CHANGED_ACTION, WIFI_STATE, NETWORK_STATE
09-10 15:10:42.482: W/SignalStrength(545): getGsmLevel=3
09-10 15:10:42.482: W/SignalStrength(691): getGsmLevel=3
09-10 15:10:42.482: W/SignalStrength(691): getLevel=3 (SignalStrength: 7 0 -120 -160 -120 -1 -1 99 2147483647 2147483647 2147483647 2147483647 gsm|lte 3)
09-10 15:10:42.482: W/SignalStrength(691): getGsmLevel=3
09-10 15:10:42.482: W/SignalStrength(691): getLevel=3 (SignalStrength: 7 0 -120 -160 -120 -1 -1 99 2147483647 2147483647 2147483647 2147483647 gsm|lte 3)
09-10 15:10:42.482: W/SignalStrength(545): getLevel=3 (SignalStrength: 7 0 -120 -160 -120 -1 -1 99 2147483647 2147483647 2147483647 2147483647 gsm|lte 3)
09-10 15:10:42.482: W/SignalStrength(545): getDbm 1
09-10 15:10:42.482: W/SignalStrength(545): getGsmDbm=-99
09-10 15:10:42.482: W/SignalStrength(545): getDbm=-99
09-10 15:10:42.482: W/SignalStrength(545): getAsuLevel 1
09-10 15:10:42.482: W/SignalStrength(545): getGsmAsuLevel=7
09-10 15:10:42.482: W/SignalStrength(545): getAsuLevel=7
09-10 15:10:42.482: D/STATUSBAR-NetworkController(691): onSignalStrengthsChanged signalStrength=SignalStrength: 7 0 -120 -160 -120 -1 -1 99 2147483647 2147483647 2147483647 2147483647 gsm|lte 3 level=3
09-10 15:10:42.492: I/v8(7377): Failed to open socket on port 9419, waiting 1000 ms before retrying
09-10 15:10:42.622: E/Sensors(545): accelHandler 0.226329 0.471819 9.553733
09-10 15:10:43.493: I/v8(7377): Failed to open socket on port 9419, waiting 1000 ms before retrying
09-10 15:10:44.124: E/SMD(220): DCD ON
09-10 15:10:44.494: I/v8(7377): Failed to open socket on port 9419, waiting 1000 ms before retrying
09-10 15:10:45.505: I/v8(7377): Failed to open socket on port 9419, waiting 1000 ms before retrying
09-10 15:10:46.506: I/v8(7377): Failed to open socket on port 9419, waiting 1000 ms before retrying
09-10 15:10:47.117: E/SMD(220): DCD ON
09-10 15:10:47.497: I/v8(7377): Failed to open socket on port 9419, waiting 1000 ms before retrying
09-10 15:10:47.608: D/STATUSBAR-NetworkController(691): onReceive() - RSSI_CHANGED_ACTION, WIFI_STATE, NETWORK_STATE
09-10 15:10:48.499: I/v8(7377): Failed to open socket on port 9419, waiting 1000 ms before retrying
09-10 15:10:48.869: W/SignalStrength(545): getGsmLevel=3
09-10 15:10:48.869: W/SignalStrength(545): getLevel=3 (SignalStrength: 8 0 -120 -160 -120 -1 -1 99 2147483647 2147483647 2147483647 2147483647 gsm|lte 3)
09-10 15:10:48.879: W/SignalStrength(691): getGsmLevel=3
09-10 15:10:48.879: W/SignalStrength(691): getLevel=3 (SignalStrength: 8 0 -120 -160 -120 -1 -1 99 2147483647 2147483647 2147483647 2147483647 gsm|lte 3)
09-10 15:10:48.879: W/SignalStrength(691): getGsmLevel=3
09-10 15:10:48.879: W/SignalStrength(691): getLevel=3 (SignalStrength: 8 0 -120 -160 -120 -1 -1 99 2147483647 2147483647 2147483647 2147483647 gsm|lte 3)
09-10 15:10:48.879: W/SignalStrength(545): getDbm 1
09-10 15:10:48.879: W/SignalStrength(545): getGsmDbm=-97
09-10 15:10:48.879: W/SignalStrength(545): getDbm=-97
09-10 15:10:48.879: W/SignalStrength(545): getAsuLevel 1
09-10 15:10:48.879: W/SignalStrength(545): getGsmAsuLevel=8
09-10 15:10:48.879: W/SignalStrength(545): getAsuLevel=8
09-10 15:10:48.879: D/STATUSBAR-NetworkController(691): onSignalStrengthsChanged signalStrength=SignalStrength: 8 0 -120 -160 -120 -1 -1 99 2147483647 2147483647 2147483647 2147483647 gsm|lte 3 level=3
09-10 15:10:49.500: I/v8(7377): Failed to open socket on port 9419, waiting 1000 ms before retrying
09-10 15:10:50.120: E/SMD(220): DCD ON
09-10 15:10:50.501: I/v8(7377): Failed to open socket on port 9419, waiting 1000 ms before retrying
09-10 15:10:51.502: I/v8(7377): Failed to open socket on port 9419, waiting 1000 ms before retrying
09-10 15:10:52.503: I/v8(7377): Failed to open socket on port 9419, waiting 1000 ms before retrying
09-10 15:10:52.633: E/Sensors(545): accelHandler 0.221539 0.458646 9.571695
09-10 15:10:53.123: E/SMD(220): DCD ON
09-10 15:10:53.504: I/v8(7377): Failed to open socket on port 9419, waiting 1000 ms before retrying
09-10 15:10:53.994: W/SignalStrength(545): getGsmLevel=3
09-10 15:10:53.994: W/SignalStrength(545): getLevel=3 (SignalStrength: 7 0 -120 -160 -120 -1 -1 99 2147483647 2147483647 2147483647 2147483647 gsm|lte 3)
09-10 15:10:53.994: W/SignalStrength(691): getGsmLevel=3
09-10 15:10:54.004: W/SignalStrength(691): getLevel=3 (SignalStrength: 7 0 -120 -160 -120 -1 -1 99 2147483647 2147483647 2147483647 2147483647 gsm|lte 3)
09-10 15:10:54.004: W/SignalStrength(691): getGsmLevel=3
09-10 15:10:54.004: W/SignalStrength(545): getDbm 1
09-10 15:10:54.004: W/SignalStrength(545): getGsmDbm=-99
09-10 15:10:54.004: W/SignalStrength(545): getDbm=-99
09-10 15:10:54.004: W/SignalStrength(545): getAsuLevel 1
09-10 15:10:54.004: W/SignalStrength(545): getGsmAsuLevel=7
09-10 15:10:54.004: W/SignalStrength(545): getAsuLevel=7
09-10 15:10:54.004: D/STATUSBAR-NetworkController(691): onSignalStrengthsChanged signalStrength=SignalStrength: 7 0 -120 -160 -120 -1 -1 99 2147483647 2147483647 2147483647 2147483647 gsm|lte 3 level=3
09-10 15:10:54.014: W/SignalStrength(691): getLevel=3 (SignalStrength: 7 0 -120 -160 -120 -1 -1 99 2147483647 2147483647 2147483647 2147483647 gsm|lte 3)
09-10 15:10:54.084: D/dalvikvm(691): GC_CONCURRENT freed 3484K, 19% free 23098K/28515K, paused 5ms+11ms
09-10 15:10:54.505: I/v8(7377): Failed to open socket on port 9419, waiting 1000 ms before retrying
09-10 15:10:54.765: D/KeyguardUpdateMonitor(545): received broadcast android.intent.action.BATTERY_CHANGED
09-10 15:10:54.765: E/MTPJNIInterface(5757): In MTPJNIINterface onReceive:android.intent.action.BATTERY_CHANGED
09-10 15:10:54.765: D/KeyguardUpdateMonitor(545): handleBatteryUpdate
09-10 15:10:54.765: D/BatteryService(545): update start
09-10 15:10:54.765: D/BatteryService(545): level:100 scale:100 status:5 health:2 present:true voltage: 4336 temperature: 314 technology: Li-ion AC powered:false USB powered:true icon:17303128 invalid charger:0
09-10 15:10:54.765: D/ThermistorObserver(545): mBatteryBRForAMOLED : onReceive() : newTemperature : 314
09-10 15:10:54.765: D/STATUSBAR-BatteryController(691): onReceive() - ACTION_BATTERY_CHANGED
09-10 15:10:54.765: D/STATUSBAR-BatteryController(691): onReceive() - level:100
09-10 15:10:54.775: D/STATUSBAR-BatteryController(691): onReceive() - plugged:2
09-10 15:10:54.775: D/STATUSBAR-BatteryController(691): onReceive() - BATTERY_STATUS_FULL:
09-10 15:10:55.506: I/v8(7377): Failed to open socket on port 9419, waiting 1000 ms before retrying
09-10 15:10:56.127: E/SMD(220): DCD ON
09-10 15:10:56.497: I/v8(7377): Failed to open socket on port 9419, waiting 1000 ms before retrying
09-10 15:10:57.498: I/v8(7377): Failed to open socket on port 9419, waiting 1000 ms before retrying
09-10 15:10:58.499: I/v8(7377): Failed to open socket on port 9419, waiting 1000 ms before retrying
09-10 15:10:59.120: W/SignalStrength(545): getGsmLevel=2
09-10 15:10:59.120: W/SignalStrength(545): getLevel=2 (SignalStrength: 7 0 -120 -160 -120 -1 -1 99 2147483647 2147483647 2147483647 2147483647 gsm|lte 2)
09-10 15:10:59.120: W/SignalStrength(691): getGsmLevel=2
09-10 15:10:59.120: W/SignalStrength(691): getLevel=2 (SignalStrength: 7 0 -120 -160 -120 -1 -1 99 2147483647 2147483647 2147483647 2147483647 gsm|lte 2)
09-10 15:10:59.120: W/SignalStrength(691): getGsmLevel=2
09-10 15:10:59.120: W/SignalStrength(691): getLevel=2 (SignalStrength: 7 0 -120 -160 -120 -1 -1 99 2147483647 2147483647 2147483647 2147483647 gsm|lte 2)
09-10 15:10:59.120: W/SignalStrength(545): getDbm 1
09-10 15:10:59.120: W/SignalStrength(545): getGsmDbm=-99
09-10 15:10:59.120: W/SignalStrength(545): getDbm=-99
09-10 15:10:59.120: W/SignalStrength(545): getAsuLevel 1
09-10 15:10:59.120: W/SignalStrength(545): getGsmAsuLevel=7
09-10 15:10:59.120: W/SignalStrength(545): getAsuLevel=7
09-10 15:10:59.120: E/SMD(220): DCD ON
09-10 15:10:59.120: D/STATUSBAR-NetworkController(691): onSignalStrengthsChanged signalStrength=SignalStrength: 7 0 -120 -160 -120 -1 -1 99 2147483647 2147483647 2147483647 2147483647 gsm|lte 2 level=2
09-10 15:10:59.500: I/v8(7377): Failed to open socket on port 9419, waiting 1000 ms before retrying
09-10 15:10:59.991: D/KeyguardUpdateMonitor(545): received broadcast android.intent.action.TIME_TICK
09-10 15:10:59.991: D/KeyguardUpdateMonitor(545): handleTimeUpdate
09-10 15:10:59.991: V/AlarmManager(545): waitForAlarm result :8
09-10 15:10:59.991: V/AlarmManager(545): ClockReceiver onReceive() ACTION_TIME_TICK
09-10 15:10:59.991: W/AlarmManager(545): FACTORY_ON= 0
09-10 15:10:59.991: D/STATUSBAR-Clock(691): onReceive() - ACTION_TIME_TICK
09-10 15:11:00.001: D/STATUSBAR-Clock(691): updateClock :3:11 PM
09-10 15:11:00.001: D/STATUSBAR-DateView(691): updateClock :09/10/2012
09-10 15:11:00.501: I/v8(7377): Failed to open socket on port 9419, waiting 1000 ms before retrying
09-10 15:11:01.502: I/v8(7377): Failed to open socket on port 9419, waiting 1000 ms before retrying
09-10 15:11:02.123: E/SMD(220): DCD ON
09-10 15:11:02.503: I/v8(7377): Failed to open socket on port 9419, waiting 1000 ms before retrying
09-10 15:11:02.634: E/Sensors(545): accelHandler 0.221539 0.445474 9.610016
09-10 15:11:03.505: I/v8(7377): Failed to open socket on port 9419, waiting 1000 ms before retrying
09-10 15:11:03.935: V/AlarmManager(545): waitForAlarm result :8
09-10 15:11:03.945: W/AlarmManager(545): FACTORY_ON= 0
09-10 15:11:04.235: W/SignalStrength(545): getGsmLevel=3
09-10 15:11:04.235: W/SignalStrength(545): getLevel=3 (SignalStrength: 7 0 -120 -160 -120 -1 -1 99 2147483647 2147483647 2147483647 2147483647 gsm|lte 3)
09-10 15:11:04.235: W/SignalStrength(691): getGsmLevel=3
09-10 15:11:04.235: W/SignalStrength(691): getLevel=3 (SignalStrength: 7 0 -120 -160 -120 -1 -1 99 2147483647 2147483647 2147483647 2147483647 gsm|lte 3)
09-10 15:11:04.235: W/SignalStrength(691): getGsmLevel=3
09-10 15:11:04.235: W/SignalStrength(545): getDbm 1
09-10 15:11:04.235: W/SignalStrength(545): getGsmDbm=-99
09-10 15:11:04.235: W/SignalStrength(545): getDbm=-99
09-10 15:11:04.235: W/SignalStrength(545): getAsuLevel 1
09-10 15:11:04.235: W/SignalStrength(545): getGsmAsuLevel=7
09-10 15:11:04.235: W/SignalStrength(545): getAsuLevel=7
09-10 15:11:04.235: W/SignalStrength(691): getLevel=3 (SignalStrength: 7 0 -120 -160 -120 -1 -1 99 2147483647 2147483647 2147483647 2147483647 gsm|lte 3)
09-10 15:11:04.235: D/STATUSBAR-NetworkController(691): onSignalStrengthsChanged signalStrength=SignalStrength: 7 0 -120 -160 -120 -1 -1 99 2147483647 2147483647 2147483647 2147483647 gsm|lte 3 level=3
09-10 15:11:04.506: I/v8(7377): Failed to open socket on port 9419, waiting 1000 ms before retrying
09-10 15:11:05.136: E/SMD(220): DCD ON
09-10 15:11:05.507: I/v8(7377): Failed to open socket on port 9419, waiting 1000 ms before retrying
09-10 15:11:06.498: I/v8(7377): Failed to open socket on port 9419, waiting 1000 ms before retrying
09-10 15:11:07.499: I/v8(7377): Failed to open socket on port 9419, waiting 1000 ms before retrying
09-10 15:11:08.129: E/SMD(220): DCD ON
09-10 15:11:08.500: I/v8(7377): Failed to open socket on port 9419, waiting 1000 ms before retrying
09-10 15:11:09.501: I/v8(7377): Failed to open socket on port 9419, waiting 1000 ms before retrying
09-10 15:11:10.502: I/v8(7377): Failed to open socket on port 9419, waiting 1000 ms before retrying
09-10 15:11:11.133: E/SMD(220): DCD ON
09-10 15:11:11.503: I/v8(7377): Failed to open socket on port 9419, waiting 1000 ms before retrying
09-10 15:11:11.733: D/STATUSBAR-NetworkController(691): onReceive() - RSSI_CHANGED_ACTION, WIFI_STATE, NETWORK_STATE
09-10 15:11:12.504: I/v8(7377): Failed to open socket on port 9419, waiting 1000 ms before retrying
09-10 15:11:12.634: E/Sensors(545): accelHandler 0.234712 0.437091 9.578880
09-10 15:11:13.195: W/SignalStrength(545): getGsmLevel=2
09-10 15:11:13.195: W/SignalStrength(545): getLevel=2 (SignalStrength: 7 0 -120 -160 -120 -1 -1 99 2147483647 2147483647 2147483647 2147483647 gsm|lte 2)
09-10 15:11:13.205: W/SignalStrength(545): getDbm 1
09-10 15:11:13.205: W/SignalStrength(545): getGsmDbm=-99
09-10 15:11:13.205: W/SignalStrength(545): getDbm=-99
09-10 15:11:13.205: W/SignalStrength(545): getAsuLevel 1
09-10 15:11:13.205: W/SignalStrength(545): getGsmAsuLevel=7
09-10 15:11:13.205: W/SignalStrength(545): getAsuLevel=7
09-10 15:11:13.205: W/SignalStrength(691): getGsmLevel=2
09-10 15:11:13.205: W/SignalStrength(691): getLevel=2 (SignalStrength: 7 0 -120 -160 -120 -1 -1 99 2147483647 2147483647 2147483647 2147483647 gsm|lte 2)
09-10 15:11:13.205: W/SignalStrength(691): getGsmLevel=2
09-10 15:11:13.205: W/SignalStrength(691): getLevel=2 (SignalStrength: 7 0 -120 -160 -120 -1 -1 99 2147483647 2147483647 2147483647 2147483647 gsm|lte 2)
09-10 15:11:13.205: D/STATUSBAR-NetworkController(691): onSignalStrengthsChanged signalStrength=SignalStrength: 7 0 -120 -160 -120 -1 -1 99 2147483647 2147483647 2147483647 2147483647 gsm|lte 2 level=2
09-10 15:11:13.505: I/v8(7377): Failed to open socket on port 9419, waiting 1000 ms before retrying
09-10 15:11:14.136: E/SMD(220): DCD ON
09-10 15:11:14.506: I/v8(7377): Failed to open socket on port 9419, waiting 1000 ms before retrying
09-10 15:11:14.757: D/STATUSBAR-NetworkController(691): onReceive() - RSSI_CHANGED_ACTION, WIFI_STATE, NETWORK_STATE
09-10 15:11:15.497: I/v8(7377): Failed to open socket on port 9419, waiting 1000 ms before retrying
09-10 15:11:16.498: I/v8(7377): Failed to open socket on port 9419, waiting 1000 ms before retrying
09-10 15:11:17.129: E/SMD(220): DCD ON
09-10 15:11:17.499: I/v8(7377): Failed to open socket on port 9419, waiting 1000 ms before retrying
09-10 15:11:18.310: W/SignalStrength(545): getGsmLevel=2
09-10 15:11:18.310: W/SignalStrength(545): getLevel=2 (SignalStrength: 6 0 -120 -160 -120 -1 -1 99 2147483647 2147483647 2147483647 2147483647 gsm|lte 2)
09-10 15:11:18.310: W/SignalStrength(691): getGsmLevel=2
09-10 15:11:18.310: W/SignalStrength(691): getLevel=2 (SignalStrength: 6 0 -120 -160 -120 -1 -1 99 2147483647 2147483647 2147483647 2147483647 gsm|lte 2)
09-10 15:11:18.310: W/SignalStrength(691): getGsmLevel=2
09-10 15:11:18.310: W/SignalStrength(691): getLevel=2 (SignalStrength: 6 0 -120 -160 -120 -1 -1 99 2147483647 2147483647 2147483647 2147483647 gsm|lte 2)
09-10 15:11:18.310: D/STATUSBAR-NetworkController(691): onSignalStrengthsChanged signalStrength=SignalStrength: 6 0 -120 -160 -120 -1 -1 99 2147483647 2147483647 2147483647 2147483647 gsm|lte 2 level=2
09-10 15:11:18.320: W/SignalStrength(545): getDbm 1
09-10 15:11:18.320: W/SignalStrength(545): getGsmDbm=-101
09-10 15:11:18.320: W/SignalStrength(545): getDbm=-101
09-10 15:11:18.320: W/SignalStrength(545): getAsuLevel 1
09-10 15:11:18.320: W/SignalStrength(545): getGsmAsuLevel=6
09-10 15:11:18.320: W/SignalStrength(545): getAsuLevel=6
09-10 15:11:18.501: I/v8(7377): Failed to open socket on port 9419, waiting 1000 ms before retrying
09-10 15:11:19.502: I/v8(7377): Failed to open socket on port 9419, waiting 1000 ms before retrying
09-10 15:11:19.592: W/SignalStrength(691): getGsmLevel=2
09-10 15:11:19.592: W/SignalStrength(691): getLevel=2 (SignalStrength: 7 0 -120 -160 -120 -1 -1 99 2147483647 2147483647 2147483647 2147483647 gsm|lte 2)
09-10 15:11:19.592: W/SignalStrength(691): getGsmLevel=2
09-10 15:11:19.592: W/SignalStrength(691): getLevel=2 (SignalStrength: 7 0 -120 -160 -120 -1 -1 99 2147483647 2147483647 2147483647 2147483647 gsm|lte 2)
09-10 15:11:19.592: W/SignalStrength(545): getGsmLevel=2
09-10 15:11:19.592: D/STATUSBAR-NetworkController(691): onSignalStrengthsChanged signalStrength=SignalStrength: 7 0 -120 -160 -120 -1 -1 99 2147483647 2147483647 2147483647 2147483647 gsm|lte 2 level=2
09-10 15:11:19.602: W/SignalStrength(545): getLevel=2 (SignalStrength: 7 0 -120 -160 -120 -1 -1 99 2147483647 2147483647 2147483647 2147483647 gsm|lte 2)
09-10 15:11:19.602: W/SignalStrength(545): getDbm 1
09-10 15:11:19.602: W/SignalStrength(545): getGsmDbm=-99
09-10 15:11:19.602: W/SignalStrength(545): getDbm=-99
09-10 15:11:19.602: W/SignalStrength(545): getAsuLevel 1
09-10 15:11:19.602: W/SignalStrength(545): getGsmAsuLevel=7
09-10 15:11:19.602: W/SignalStrength(545): getAsuLevel=7
09-10 15:11:20.132: E/SMD(220): DCD ON
09-10 15:11:20.503: I/v8(7377): Failed to open socket on port 9419, waiting 1000 ms before retrying
09-10 15:11:21.504: I/v8(7377): Failed to open socket on port 9419, waiting 1000 ms before retrying
09-10 15:11:22.505: I/v8(7377): Failed to open socket on port 9419, waiting 1000 ms before retrying
09-10 15:11:22.635: E/Sensors(545): accelHandler 0.225132 0.443079 9.620793
09-10 15:11:23.135: E/SMD(220): DCD ON
09-10 15:11:23.506: I/v8(7377): Failed to open socket on port 9419, waiting 1000 ms before retrying
09-10 15:11:24.497: I/v8(7377): Failed to open socket on port 9419, waiting 1000 ms before retrying
09-10 15:11:24.717: W/SignalStrength(545): getGsmLevel=3
09-10 15:11:24.717: W/SignalStrength(545): getLevel=3 (SignalStrength: 7 0 -120 -160 -120 -1 -1 99 2147483647 2147483647 2147483647 2147483647 gsm|lte 3)
09-10 15:11:24.717: W/SignalStrength(691): getGsmLevel=3
09-10 15:11:24.717: W/SignalStrength(691): getLevel=3 (SignalStrength: 7 0 -120 -160 -120 -1 -1 99 2147483647 2147483647 2147483647 2147483647 gsm|lte 3)
09-10 15:11:24.717: W/SignalStrength(691): getGsmLevel=3
09-10 15:11:24.717: W/SignalStrength(691): getLevel=3 (SignalStrength: 7 0 -120 -160 -120 -1 -1 99 2147483647 2147483647 2147483647 2147483647 gsm|lte 3)
09-10 15:11:24.717: W/SignalStrength(545): getDbm 1
09-10 15:11:24.717: W/SignalStrength(545): getGsmDbm=-99
09-10 15:11:24.717: W/SignalStrength(545): getDbm=-99
09-10 15:11:24.717: W/SignalStrength(545): getAsuLevel 1
09-10 15:11:24.717: W/SignalStrength(545): getGsmAsuLevel=7
09-10 15:11:24.717: W/SignalStrength(545): getAsuLevel=7
09-10 15:11:24.717: D/STATUSBAR-NetworkController(691): onSignalStrengthsChanged signalStrength=SignalStrength: 7 0 -120 -160 -120 -1 -1 99 2147483647 2147483647 2147483647 2147483647 gsm|lte 3 level=3
09-10 15:11:25.268: D/KeyguardUpdateMonitor(545): received broadcast android.intent.action.BATTERY_CHANGED
09-10 15:11:25.268: D/BatteryService(545): update start
09-10 15:11:25.268: D/BatteryService(545): level:100 scale:100 status:5 health:2 present:true voltage: 4338 temperature: 315 technology: Li-ion AC powered:false USB powered:true icon:17303128 invalid charger:0
09-10 15:11:25.268: D/ThermistorObserver(545): mBatteryBRForAMOLED : onReceive() : newTemperature : 315
09-10 15:11:25.278: D/KeyguardUpdateMonitor(545): handleBatteryUpdate
09-10 15:11:25.278: E/MTPJNIInterface(5757): In MTPJNIINterface onReceive:android.intent.action.BATTERY_CHANGED
09-10 15:11:25.278: D/STATUSBAR-BatteryController(691): onReceive() - ACTION_BATTERY_CHANGED
09-10 15:11:25.278: D/STATUSBAR-BatteryController(691): onReceive() - level:100
09-10 15:11:25.278: D/STATUSBAR-BatteryController(691): onReceive() - plugged:2
09-10 15:11:25.278: D/STATUSBAR-BatteryController(691): onReceive() - BATTERY_STATUS_FULL:
09-10 15:11:25.498: I/v8(7377): Failed to open socket on port 9419, waiting 1000 ms before retrying
09-10 15:11:26.129: E/SMD(220): DCD ON
09-10 15:11:26.499: I/v8(7377): Failed to open socket on port 9419, waiting 1000 ms before retrying
09-10 15:11:27.500: I/v8(7377): Failed to open socket on port 9419, waiting 1000 ms before retrying
09-10 15:11:28.501: I/v8(7377): Failed to open socket on port 9419, waiting 1000 ms before retrying
09-10 15:11:29.132: E/SMD(220): DCD ON
09-10 15:11:29.502: I/v8(7377): Failed to open socket on port 9419, waiting 1000 ms before retrying
09-10 15:11:30.503: I/v8(7377): Failed to open socket on port 9419, waiting 1000 ms before retrying
09-10 15:11:31.504: I/v8(7377): Failed to open socket on port 9419, waiting 1000 ms before retrying
09-10 15:11:32.135: E/SMD(220): DCD ON
09-10 15:11:32.505: I/v8(7377): Failed to open socket on port 9419, waiting 1000 ms before retrying
09-10 15:11:32.636: E/Sensors(545): accelHandler 0.246687 0.474214 9.558523
09-10 15:11:32.856: D/STATUSBAR-NetworkController(691): onReceive() - RSSI_CHANGED_ACTION, WIFI_STATE, NETWORK_STATE
09-10 15:11:33.507: I/v8(7377): Failed to open socket on port 9419, waiting 1000 ms before retrying
09-10 15:11:34.498: I/v8(7377): Failed to open socket on port 9419, waiting 1000 ms before retrying
09-10 15:11:35.138: E/SMD(220): DCD ON
09-10 15:11:35.499: I/v8(7377): Failed to open socket on port 9419, waiting 1000 ms before retrying
09-10 15:11:35.859: D/STATUSBAR-NetworkController(691): onReceive() - RSSI_CHANGED_ACTION, WIFI_STATE, NETWORK_STATE
09-10 15:11:36.500: I/v8(7377): Failed to open socket on port 9419, waiting 1000 ms before retrying
09-10 15:11:37.501: I/v8(7377): Failed to open socket on port 9419, waiting 1000 ms before retrying
09-10 15:11:38.141: E/SMD(220): DCD ON
09-10 15:11:38.502: I/v8(7377): Failed to open socket on port 9419, waiting 1000 ms before retrying
09-10 15:11:38.872: D/STATUSBAR-NetworkController(691): onReceive() - RSSI_CHANGED_ACTION, WIFI_STATE, NETWORK_STATE
09-10 15:11:39.513: I/v8(7377): Failed to open socket on port 9419, waiting 1000 ms before retrying
09-10 15:11:40.514: I/v8(7377): Failed to open socket on port 9419, waiting 1000 ms before retrying
09-10 15:11:41.145: E/SMD(220): DCD ON
09-10 15:11:41.515: I/v8(7377): Failed to open socket on port 9419, waiting 1000 ms before retrying
09-10 15:11:42.516: I/v8(7377): Failed to open socket on port 9419, waiting 1000 ms before retrying
09-10 15:11:42.646: E/Sensors(545): accelHandler 0.235909 0.461041 9.643546
09-10 15:11:43.507: I/v8(7377): Failed to open socket on port 9419, waiting 1000 ms before retrying
09-10 15:11:44.138: E/SMD(220): DCD ON
09-10 15:11:44.508: I/v8(7377): Failed to open socket on port 9419, waiting 1000 ms before retrying
09-10 15:11:45.509: I/v8(7377): Failed to open socket on port 9419, waiting 1000 ms before retrying
09-10 15:11:46.510: I/v8(7377): Failed to open socket on port 9419, waiting 1000 ms before retrying
09-10 15:11:47.141: E/SMD(220): DCD ON
09-10 15:11:47.511: I/v8(7377): Failed to open socket on port 9419, waiting 1000 ms before retrying
09-10 15:11:48.513: I/v8(7377): Failed to open socket on port 9419, waiting 1000 ms before retrying
09-10 15:11:49.514: I/v8(7377): Failed to open socket on port 9419, waiting 1000 ms before retrying
09-10 15:11:50.144: E/SMD(220): DCD ON
09-10 15:11:50.515: I/v8(7377): Failed to open socket on port 9419, waiting 1000 ms before retrying
09-10 15:11:51.516: I/v8(7377): Failed to open socket on port 9419, waiting 1000 ms before retrying
09-10 15:11:52.507: I/v8(7377): Failed to open socket on port 9419, waiting 1000 ms before retrying
09-10 15:11:52.637: E/Sensors(545): accelHandler 0.203577 0.461041 9.576486
09-10 15:11:53.137: E/SMD(220): DCD ON
09-10 15:11:53.508: I/v8(7377): Failed to open socket on port 9419, waiting 1000 ms before retrying
09-10 15:11:54.509: I/v8(7377): Failed to open socket on port 9419, waiting 1000 ms before retrying
09-10 15:11:55.510: I/v8(7377): Failed to open socket on port 9419, waiting 1000 ms before retrying
09-10 15:11:55.780: D/KeyguardUpdateMonitor(545): received broadcast android.intent.action.BATTERY_CHANGED
09-10 15:11:55.780: D/KeyguardUpdateMonitor(545): handleBatteryUpdate
