09-10 15:07:01.378: W/SignalStrength(545): getGsmAsuLevel=9
09-10 15:07:01.378: W/SignalStrength(545): getAsuLevel=9
09-10 15:07:01.378: D/STATUSBAR-NetworkController(691): onSignalStrengthsChanged signalStrength=SignalStrength: 9 0 -120 -160 -120 -1 -1 99 2147483647 2147483647 2147483647 2147483647 gsm|lte 3 level=3
09-10 15:07:01.438: I/v8(7377): Failed to open socket on port 9419, waiting 1000 ms before retrying
09-10 15:07:02.048: E/SMD(220): DCD ON
09-10 15:07:02.439: I/v8(7377): Failed to open socket on port 9419, waiting 1000 ms before retrying
09-10 15:07:02.599: E/Sensors(545): accelHandler 0.249082 0.410746 9.636361
09-10 15:07:03.440: I/v8(7377): Failed to open socket on port 9419, waiting 1000 ms before retrying
09-10 15:07:03.880: V/AlarmManager(545): waitForAlarm result :8
09-10 15:07:03.900: W/AlarmManager(545): FACTORY_ON= 0
09-10 15:07:03.930: W/SignalStrength(545): getGsmLevel=3
09-10 15:07:03.930: W/SignalStrength(545): getLevel=3 (SignalStrength: 10 0 -120 -160 -120 -1 -1 99 2147483647 2147483647 2147483647 2147483647 gsm|lte 3)
09-10 15:07:03.940: W/SignalStrength(691): getGsmLevel=3
09-10 15:07:03.940: W/SignalStrength(691): getLevel=3 (SignalStrength: 10 0 -120 -160 -120 -1 -1 99 2147483647 2147483647 2147483647 2147483647 gsm|lte 3)
09-10 15:07:03.940: W/SignalStrength(691): getGsmLevel=3
09-10 15:07:03.940: W/SignalStrength(691): getLevel=3 (SignalStrength: 10 0 -120 -160 -120 -1 -1 99 2147483647 2147483647 2147483647 2147483647 gsm|lte 3)
09-10 15:07:03.940: W/SignalStrength(545): getDbm 1
09-10 15:07:03.940: W/SignalStrength(545): getGsmDbm=-93
09-10 15:07:03.940: W/SignalStrength(545): getDbm=-93
09-10 15:07:03.940: W/SignalStrength(545): getAsuLevel 1
09-10 15:07:03.940: W/SignalStrength(545): getGsmAsuLevel=10
09-10 15:07:03.940: W/SignalStrength(545): getAsuLevel=10
09-10 15:07:03.940: D/STATUSBAR-NetworkController(691): onSignalStrengthsChanged signalStrength=SignalStrength: 10 0 -120 -160 -120 -1 -1 99 2147483647 2147483647 2147483647 2147483647 gsm|lte 3 level=3
09-10 15:07:04.441: I/v8(7377): Failed to open socket on port 9419, waiting 1000 ms before retrying
09-10 15:07:05.052: E/SMD(220): DCD ON
09-10 15:07:05.442: I/v8(7377): Failed to open socket on port 9419, waiting 1000 ms before retrying
09-10 15:07:06.443: I/v8(7377): Failed to open socket on port 9419, waiting 1000 ms before retrying
09-10 15:07:07.444: I/v8(7377): Failed to open socket on port 9419, waiting 1000 ms before retrying
09-10 15:07:08.055: E/SMD(220): DCD ON
09-10 15:07:08.445: I/v8(7377): Failed to open socket on port 9419, waiting 1000 ms before retrying
09-10 15:07:09.446: I/v8(7377): Failed to open socket on port 9419, waiting 1000 ms before retrying
09-10 15:07:10.447: I/v8(7377): Failed to open socket on port 9419, waiting 1000 ms before retrying
09-10 15:07:11.048: E/SMD(220): DCD ON
09-10 15:07:11.438: I/v8(7377): Failed to open socket on port 9419, waiting 1000 ms before retrying
09-10 15:07:11.619: W/SignalStrength(545): getGsmLevel=3
09-10 15:07:11.619: W/SignalStrength(545): getLevel=3 (SignalStrength: 11 0 -120 -160 -120 -1 -1 99 2147483647 2147483647 2147483647 2147483647 gsm|lte 3)
09-10 15:07:11.629: W/SignalStrength(691): getGsmLevel=3
09-10 15:07:11.629: W/SignalStrength(691): getLevel=3 (SignalStrength: 11 0 -120 -160 -120 -1 -1 99 2147483647 2147483647 2147483647 2147483647 gsm|lte 3)
09-10 15:07:11.629: W/SignalStrength(691): getGsmLevel=3
09-10 15:07:11.629: W/SignalStrength(691): getLevel=3 (SignalStrength: 11 0 -120 -160 -120 -1 -1 99 2147483647 2147483647 2147483647 2147483647 gsm|lte 3)
09-10 15:07:11.629: W/SignalStrength(545): getDbm 1
09-10 15:07:11.629: W/SignalStrength(545): getGsmDbm=-91
09-10 15:07:11.629: W/SignalStrength(545): getDbm=-91
09-10 15:07:11.629: W/SignalStrength(545): getAsuLevel 1
09-10 15:07:11.629: W/SignalStrength(545): getGsmAsuLevel=11
09-10 15:07:11.629: W/SignalStrength(545): getAsuLevel=11
09-10 15:07:11.629: D/STATUSBAR-NetworkController(691): onSignalStrengthsChanged signalStrength=SignalStrength: 11 0 -120 -160 -120 -1 -1 99 2147483647 2147483647 2147483647 2147483647 gsm|lte 3 level=3
09-10 15:07:12.439: I/v8(7377): Failed to open socket on port 9419, waiting 1000 ms before retrying
09-10 15:07:12.600: E/Sensors(545): accelHandler 0.227527 0.449066 9.631571
09-10 15:07:13.440: I/v8(7377): Failed to open socket on port 9419, waiting 1000 ms before retrying
09-10 15:07:14.051: E/SMD(220): DCD ON
09-10 15:07:14.442: I/v8(7377): Failed to open socket on port 9419, waiting 1000 ms before retrying
09-10 15:07:15.443: I/v8(7377): Failed to open socket on port 9419, waiting 1000 ms before retrying
09-10 15:07:16.444: I/v8(7377): Failed to open socket on port 9419, waiting 1000 ms before retrying
09-10 15:07:17.054: E/SMD(220): DCD ON
09-10 15:07:17.445: I/v8(7377): Failed to open socket on port 9419, waiting 1000 ms before retrying
09-10 15:07:18.446: I/v8(7377): Failed to open socket on port 9419, waiting 1000 ms before retrying
09-10 15:07:19.447: I/v8(7377): Failed to open socket on port 9419, waiting 1000 ms before retrying
09-10 15:07:20.058: E/SMD(220): DCD ON
09-10 15:07:20.438: I/v8(7377): Failed to open socket on port 9419, waiting 1000 ms before retrying
09-10 15:07:21.439: I/v8(7377): Failed to open socket on port 9419, waiting 1000 ms before retrying
09-10 15:07:22.440: I/v8(7377): Failed to open socket on port 9419, waiting 1000 ms before retrying
09-10 15:07:22.500: D/STATUSBAR-NetworkController(691): onReceive() - RSSI_CHANGED_ACTION, WIFI_STATE, NETWORK_STATE
09-10 15:07:22.610: E/Sensors(545): accelHandler 0.228724 0.447869 9.630374
09-10 15:07:23.061: E/SMD(220): DCD ON
09-10 15:07:23.371: D/PowerManagerService(545): lightSensorChangedLocked 133
09-10 15:07:23.371: D/PowerManagerService(545): lcdValue 80
09-10 15:07:23.371: D/PowerManagerService(545): buttonValue 255
09-10 15:07:23.371: D/PowerManagerService(545): keyboardValue 0
09-10 15:07:23.371: D/PowerManagerService(545): lightSensorChangedLocked : mKeyboardLight : 0
09-10 15:07:23.441: I/v8(7377): Failed to open socket on port 9419, waiting 1000 ms before retrying
09-10 15:07:24.442: I/v8(7377): Failed to open socket on port 9419, waiting 1000 ms before retrying
09-10 15:07:25.443: I/v8(7377): Failed to open socket on port 9419, waiting 1000 ms before retrying
09-10 15:07:25.513: D/STATUSBAR-NetworkController(691): onReceive() - RSSI_CHANGED_ACTION, WIFI_STATE, NETWORK_STATE
09-10 15:07:26.064: E/SMD(220): DCD ON
09-10 15:07:26.444: I/v8(7377): Failed to open socket on port 9419, waiting 1000 ms before retrying
09-10 15:07:26.855: D/KeyguardUpdateMonitor(545): received broadcast android.intent.action.BATTERY_CHANGED
09-10 15:07:26.855: D/KeyguardUpdateMonitor(545): handleBatteryUpdate
09-10 15:07:26.855: D/BatteryService(545): update start
09-10 15:07:26.855: D/BatteryService(545): level:100 scale:100 status:5 health:2 present:true voltage: 4337 temperature: 311 technology: Li-ion AC powered:false USB powered:true icon:17303128 invalid charger:0
09-10 15:07:26.855: D/ThermistorObserver(545): mBatteryBRForAMOLED : onReceive() : newTemperature : 311
09-10 15:07:26.865: E/MTPJNIInterface(5757): In MTPJNIINterface onReceive:android.intent.action.BATTERY_CHANGED
09-10 15:07:26.865: D/STATUSBAR-BatteryController(691): onReceive() - ACTION_BATTERY_CHANGED
09-10 15:07:26.865: D/STATUSBAR-BatteryController(691): onReceive() - level:100
09-10 15:07:26.865: D/STATUSBAR-BatteryController(691): onReceive() - plugged:2
09-10 15:07:26.865: D/STATUSBAR-BatteryController(691): onReceive() - BATTERY_STATUS_FULL:
09-10 15:07:27.445: I/v8(7377): Failed to open socket on port 9419, waiting 1000 ms before retrying
09-10 15:07:28.176: D/PowerManagerService(545): lightSensorChangedLocked 138
09-10 15:07:28.176: D/PowerManagerService(545): lcdValue 80
09-10 15:07:28.176: D/PowerManagerService(545): buttonValue 255
09-10 15:07:28.176: D/PowerManagerService(545): keyboardValue 0
09-10 15:07:28.176: D/PowerManagerService(545): lightSensorChangedLocked : mKeyboardLight : 0
09-10 15:07:28.447: I/v8(7377): Failed to open socket on port 9419, waiting 1000 ms before retrying
09-10 15:07:29.067: E/SMD(220): DCD ON
09-10 15:07:29.448: I/v8(7377): Failed to open socket on port 9419, waiting 1000 ms before retrying
09-10 15:07:30.439: I/v8(7377): Failed to open socket on port 9419, waiting 1000 ms before retrying
09-10 15:07:30.819: W/SignalStrength(545): getGsmLevel=3
09-10 15:07:30.819: W/SignalStrength(545): getLevel=3 (SignalStrength: 10 0 -120 -160 -120 -1 -1 99 2147483647 2147483647 2147483647 2147483647 gsm|lte 3)
09-10 15:07:30.819: W/SignalStrength(691): getGsmLevel=3
09-10 15:07:30.819: W/SignalStrength(691): getLevel=3 (SignalStrength: 10 0 -120 -160 -120 -1 -1 99 2147483647 2147483647 2147483647 2147483647 gsm|lte 3)
09-10 15:07:30.819: W/SignalStrength(691): getGsmLevel=3
09-10 15:07:30.819: W/SignalStrength(691): getLevel=3 (SignalStrength: 10 0 -120 -160 -120 -1 -1 99 2147483647 2147483647 2147483647 2147483647 gsm|lte 3)
09-10 15:07:30.819: W/SignalStrength(545): getDbm 1
09-10 15:07:30.819: W/SignalStrength(545): getGsmDbm=-93
09-10 15:07:30.819: W/SignalStrength(545): getDbm=-93
09-10 15:07:30.819: W/SignalStrength(545): getAsuLevel 1
09-10 15:07:30.819: W/SignalStrength(545): getGsmAsuLevel=10
09-10 15:07:30.819: W/SignalStrength(545): getAsuLevel=10
09-10 15:07:30.819: D/STATUSBAR-NetworkController(691): onSignalStrengthsChanged signalStrength=SignalStrength: 10 0 -120 -160 -120 -1 -1 99 2147483647 2147483647 2147483647 2147483647 gsm|lte 3 level=3
09-10 15:07:31.440: I/v8(7377): Failed to open socket on port 9419, waiting 1000 ms before retrying
09-10 15:07:32.060: E/SMD(220): DCD ON
09-10 15:07:32.441: I/v8(7377): Failed to open socket on port 9419, waiting 1000 ms before retrying
09-10 15:07:32.611: E/Sensors(545): accelHandler 0.226329 0.480201 9.641151
09-10 15:07:32.971: D/PowerManagerService(545): lightSensorChangedLocked 136
09-10 15:07:32.971: D/PowerManagerService(545): lcdValue 80
09-10 15:07:32.971: D/PowerManagerService(545): buttonValue 255
09-10 15:07:32.971: D/PowerManagerService(545): keyboardValue 0
09-10 15:07:32.971: D/PowerManagerService(545): lightSensorChangedLocked : mKeyboardLight : 0
09-10 15:07:33.442: I/v8(7377): Failed to open socket on port 9419, waiting 1000 ms before retrying
09-10 15:07:34.443: I/v8(7377): Failed to open socket on port 9419, waiting 1000 ms before retrying
09-10 15:07:35.064: E/SMD(220): DCD ON
09-10 15:07:35.444: I/v8(7377): Failed to open socket on port 9419, waiting 1000 ms before retrying
09-10 15:07:36.445: I/v8(7377): Failed to open socket on port 9419, waiting 1000 ms before retrying
09-10 15:07:37.446: I/v8(7377): Failed to open socket on port 9419, waiting 1000 ms before retrying
09-10 15:07:38.067: E/SMD(220): DCD ON
09-10 15:07:38.447: I/v8(7377): Failed to open socket on port 9419, waiting 1000 ms before retrying
09-10 15:07:39.438: I/v8(7377): Failed to open socket on port 9419, waiting 1000 ms before retrying
09-10 15:07:40.439: I/v8(7377): Failed to open socket on port 9419, waiting 1000 ms before retrying
09-10 15:07:40.599: D/STATUSBAR-NetworkController(691): onReceive() - RSSI_CHANGED_ACTION, WIFI_STATE, NETWORK_STATE
09-10 15:07:41.060: E/SMD(220): DCD ON
09-10 15:07:41.440: I/v8(7377): Failed to open socket on port 9419, waiting 1000 ms before retrying
09-10 15:07:42.441: I/v8(7377): Failed to open socket on port 9419, waiting 1000 ms before retrying
09-10 15:07:42.612: E/Sensors(545): accelHandler 0.225132 0.471819 9.553733
09-10 15:07:43.453: I/v8(7377): Failed to open socket on port 9419, waiting 1000 ms before retrying
09-10 15:07:44.063: E/SMD(220): DCD ON
09-10 15:07:44.454: I/v8(7377): Failed to open socket on port 9419, waiting 1000 ms before retrying
09-10 15:07:45.455: I/v8(7377): Failed to open socket on port 9419, waiting 1000 ms before retrying
09-10 15:07:46.456: I/v8(7377): Failed to open socket on port 9419, waiting 1000 ms before retrying
09-10 15:07:47.066: E/SMD(220): DCD ON
09-10 15:07:47.457: I/v8(7377): Failed to open socket on port 9419, waiting 1000 ms before retrying
09-10 15:07:48.448: I/v8(7377): Failed to open socket on port 9419, waiting 1000 ms before retrying
09-10 15:07:49.449: I/v8(7377): Failed to open socket on port 9419, waiting 1000 ms before retrying
09-10 15:07:50.060: E/SMD(220): DCD ON
09-10 15:07:50.450: I/v8(7377): Failed to open socket on port 9419, waiting 1000 ms before retrying
09-10 15:07:51.451: I/v8(7377): Failed to open socket on port 9419, waiting 1000 ms before retrying
09-10 15:07:52.452: I/v8(7377): Failed to open socket on port 9419, waiting 1000 ms before retrying
09-10 15:07:52.612: E/Sensors(545): accelHandler 0.231119 0.457449 9.635163
09-10 15:07:53.073: E/SMD(220): DCD ON
09-10 15:07:53.453: I/v8(7377): Failed to open socket on port 9419, waiting 1000 ms before retrying
09-10 15:07:54.454: I/v8(7377): Failed to open socket on port 9419, waiting 1000 ms before retrying
09-10 15:07:55.455: I/v8(7377): Failed to open socket on port 9419, waiting 1000 ms before retrying
09-10 15:07:56.076: E/SMD(220): DCD ON
09-10 15:07:56.456: I/v8(7377): Failed to open socket on port 9419, waiting 1000 ms before retrying
09-10 15:07:57.457: I/v8(7377): Failed to open socket on port 9419, waiting 1000 ms before retrying
09-10 15:07:58.449: I/v8(7377): Failed to open socket on port 9419, waiting 1000 ms before retrying
09-10 15:07:58.699: D/STATUSBAR-NetworkController(691): onReceive() - RSSI_CHANGED_ACTION, WIFI_STATE, NETWORK_STATE
09-10 15:07:59.069: E/SMD(220): DCD ON
09-10 15:07:59.450: I/v8(7377): Failed to open socket on port 9419, waiting 1000 ms before retrying
09-10 15:07:59.990: D/KeyguardUpdateMonitor(545): received broadcast android.intent.action.TIME_TICK
09-10 15:07:59.990: V/AlarmManager(545): waitForAlarm result :8
09-10 15:07:59.990: V/AlarmManager(545): ClockReceiver onReceive() ACTION_TIME_TICK
09-10 15:07:59.990: W/AlarmManager(545): FACTORY_ON= 0
09-10 15:07:59.990: D/STATUSBAR-Clock(691): onReceive() - ACTION_TIME_TICK
09-10 15:08:00.000: D/KeyguardUpdateMonitor(545): handleTimeUpdate
09-10 15:08:00.000: D/STATUSBAR-Clock(691): updateClock :3:08 PM
09-10 15:08:00.010: D/STATUSBAR-DateView(691): updateClock :09/10/2012
09-10 15:08:00.260: W/SignalStrength(545): getGsmLevel=3
09-10 15:08:00.260: W/SignalStrength(545): getLevel=3 (SignalStrength: 9 0 -120 -160 -120 -1 -1 99 2147483647 2147483647 2147483647 2147483647 gsm|lte 3)
09-10 15:08:00.260: W/SignalStrength(545): getDbm 1
09-10 15:08:00.260: W/SignalStrength(545): getGsmDbm=-95
09-10 15:08:00.260: W/SignalStrength(545): getDbm=-95
09-10 15:08:00.260: W/SignalStrength(545): getAsuLevel 1
09-10 15:08:00.260: W/SignalStrength(545): getGsmAsuLevel=9
09-10 15:08:00.260: W/SignalStrength(545): getAsuLevel=9
09-10 15:08:00.270: W/SignalStrength(691): getGsmLevel=3
09-10 15:08:00.270: W/SignalStrength(691): getLevel=3 (SignalStrength: 9 0 -120 -160 -120 -1 -1 99 2147483647 2147483647 2147483647 2147483647 gsm|lte 3)
09-10 15:08:00.270: W/SignalStrength(691): getGsmLevel=3
09-10 15:08:00.270: W/SignalStrength(691): getLevel=3 (SignalStrength: 9 0 -120 -160 -120 -1 -1 99 2147483647 2147483647 2147483647 2147483647 gsm|lte 3)
09-10 15:08:00.270: D/STATUSBAR-NetworkController(691): onSignalStrengthsChanged signalStrength=SignalStrength: 9 0 -120 -160 -120 -1 -1 99 2147483647 2147483647 2147483647 2147483647 gsm|lte 3 level=3
09-10 15:08:00.451: I/v8(7377): Failed to open socket on port 9419, waiting 1000 ms before retrying
09-10 15:08:01.452: I/v8(7377): Failed to open socket on port 9419, waiting 1000 ms before retrying
09-10 15:08:02.072: E/SMD(220): DCD ON
09-10 15:08:02.453: I/v8(7377): Failed to open socket on port 9419, waiting 1000 ms before retrying
09-10 15:08:02.613: E/Sensors(545): accelHandler 0.211959 0.468226 9.643546
09-10 15:08:03.454: I/v8(7377): Failed to open socket on port 9419, waiting 1000 ms before retrying
09-10 15:08:03.844: V/AlarmManager(545): waitForAlarm result :4
09-10 15:08:03.904: V/AlarmManager(545): waitForAlarm result :8
09-10 15:08:03.914: W/AlarmManager(545): FACTORY_ON= 0
09-10 15:08:04.355: D/KeyguardUpdateMonitor(545): received broadcast android.intent.action.BATTERY_CHANGED
09-10 15:08:04.355: D/KeyguardUpdateMonitor(545): handleBatteryUpdate
09-10 15:08:04.355: D/BatteryService(545): update start
09-10 15:08:04.355: D/BatteryService(545): level:100 scale:100 status:5 health:2 present:true voltage: 4330 temperature: 315 technology: Li-ion AC powered:false USB powered:true icon:17303128 invalid charger:0
09-10 15:08:04.355: D/ThermistorObserver(545): mBatteryBRForAMOLED : onReceive() : newTemperature : 315
09-10 15:08:04.365: E/MTPJNIInterface(5757): In MTPJNIINterface onReceive:android.intent.action.BATTERY_CHANGED
09-10 15:08:04.365: D/STATUSBAR-BatteryController(691): onReceive() - ACTION_BATTERY_CHANGED
09-10 15:08:04.365: D/STATUSBAR-BatteryController(691): onReceive() - level:100
09-10 15:08:04.365: D/STATUSBAR-BatteryController(691): onReceive() - plugged:2
09-10 15:08:04.365: D/STATUSBAR-BatteryController(691): onReceive() - BATTERY_STATUS_FULL:
09-10 15:08:04.455: I/v8(7377): Failed to open socket on port 9419, waiting 1000 ms before retrying
09-10 15:08:05.076: E/SMD(220): DCD ON
09-10 15:08:05.456: I/v8(7377): Failed to open socket on port 9419, waiting 1000 ms before retrying
09-10 15:08:06.457: I/v8(7377): Failed to open socket on port 9419, waiting 1000 ms before retrying
09-10 15:08:07.448: I/v8(7377): Failed to open socket on port 9419, waiting 1000 ms before retrying
09-10 15:08:07.748: D/STATUSBAR-NetworkController(691): onReceive() - RSSI_CHANGED_ACTION, WIFI_STATE, NETWORK_STATE
09-10 15:08:08.069: E/SMD(220): DCD ON
09-10 15:08:08.449: I/v8(7377): Failed to open socket on port 9419, waiting 1000 ms before retrying
09-10 15:08:09.450: I/v8(7377): Failed to open socket on port 9419, waiting 1000 ms before retrying
09-10 15:08:10.451: I/v8(7377): Failed to open socket on port 9419, waiting 1000 ms before retrying
09-10 15:08:11.072: E/SMD(220): DCD ON
09-10 15:08:11.452: I/v8(7377): Failed to open socket on port 9419, waiting 1000 ms before retrying
09-10 15:08:12.463: I/v8(7377): Failed to open socket on port 9419, waiting 1000 ms before retrying
09-10 15:08:12.614: E/Sensors(545): accelHandler 0.239502 0.489781 9.673484
09-10 15:08:13.064: W/SignalStrength(545): getGsmLevel=3
09-10 15:08:13.064: W/SignalStrength(545): getLevel=3 (SignalStrength: 8 0 -120 -160 -120 -1 -1 99 2147483647 2147483647 2147483647 2147483647 gsm|lte 3)
09-10 15:08:13.064: W/SignalStrength(691): getGsmLevel=3
09-10 15:08:13.064: W/SignalStrength(691): getLevel=3 (SignalStrength: 8 0 -120 -160 -120 -1 -1 99 2147483647 2147483647 2147483647 2147483647 gsm|lte 3)
09-10 15:08:13.064: W/SignalStrength(691): getGsmLevel=3
09-10 15:08:13.064: W/SignalStrength(691): getLevel=3 (SignalStrength: 8 0 -120 -160 -120 -1 -1 99 2147483647 2147483647 2147483647 2147483647 gsm|lte 3)
09-10 15:08:13.064: W/SignalStrength(545): getDbm 1
09-10 15:08:13.064: W/SignalStrength(545): getGsmDbm=-97
09-10 15:08:13.064: W/SignalStrength(545): getDbm=-97
09-10 15:08:13.064: W/SignalStrength(545): getAsuLevel 1
09-10 15:08:13.064: W/SignalStrength(545): getGsmAsuLevel=8
09-10 15:08:13.064: W/SignalStrength(545): getAsuLevel=8
09-10 15:08:13.064: D/STATUSBAR-NetworkController(691): onSignalStrengthsChanged signalStrength=SignalStrength: 8 0 -120 -160 -120 -1 -1 99 2147483647 2147483647 2147483647 2147483647 gsm|lte 3 level=3
09-10 15:08:13.465: I/v8(7377): Failed to open socket on port 9419, waiting 1000 ms before retrying
09-10 15:08:13.795: D/STATUSBAR-NetworkController(691): onReceive() - RSSI_CHANGED_ACTION, WIFI_STATE, NETWORK_STATE
09-10 15:08:14.075: E/SMD(220): DCD ON
09-10 15:08:14.466: I/v8(7377): Failed to open socket on port 9419, waiting 1000 ms before retrying
09-10 15:08:15.467: I/v8(7377): Failed to open socket on port 9419, waiting 1000 ms before retrying
09-10 15:08:16.458: I/v8(7377): Failed to open socket on port 9419, waiting 1000 ms before retrying
09-10 15:08:17.068: E/SMD(220): DCD ON
09-10 15:08:17.459: I/v8(7377): Failed to open socket on port 9419, waiting 1000 ms before retrying
09-10 15:08:18.460: I/v8(7377): Failed to open socket on port 9419, waiting 1000 ms before retrying
09-10 15:08:19.461: I/v8(7377): Failed to open socket on port 9419, waiting 1000 ms before retrying
09-10 15:08:20.072: E/SMD(220): DCD ON
09-10 15:08:20.462: I/v8(7377): Failed to open socket on port 9419, waiting 1000 ms before retrying
09-10 15:08:21.463: I/v8(7377): Failed to open socket on port 9419, waiting 1000 ms before retrying
09-10 15:08:22.464: I/v8(7377): Failed to open socket on port 9419, waiting 1000 ms before retrying
09-10 15:08:22.624: E/Sensors(545): accelHandler 0.213157 0.470621 9.637559
09-10 15:08:23.075: E/SMD(220): DCD ON
09-10 15:08:23.465: I/v8(7377): Failed to open socket on port 9419, waiting 1000 ms before retrying
09-10 15:08:24.466: I/v8(7377): Failed to open socket on port 9419, waiting 1000 ms before retrying
09-10 15:08:25.467: I/v8(7377): Failed to open socket on port 9419, waiting 1000 ms before retrying
09-10 15:08:26.078: E/SMD(220): DCD ON
09-10 15:08:26.458: I/v8(7377): Failed to open socket on port 9419, waiting 1000 ms before retrying
09-10 15:08:27.459: I/v8(7377): Failed to open socket on port 9419, waiting 1000 ms before retrying
09-10 15:08:28.461: I/v8(7377): Failed to open socket on port 9419, waiting 1000 ms before retrying
09-10 15:08:28.861: D/STATUSBAR-NetworkController(691): onReceive() - RSSI_CHANGED_ACTION, WIFI_STATE, NETWORK_STATE
09-10 15:08:29.081: E/SMD(220): DCD ON
09-10 15:08:29.462: I/v8(7377): Failed to open socket on port 9419, waiting 1000 ms before retrying
09-10 15:08:30.463: I/v8(7377): Failed to open socket on port 9419, waiting 1000 ms before retrying
09-10 15:08:31.464: I/v8(7377): Failed to open socket on port 9419, waiting 1000 ms before retrying
09-10 15:08:31.504: E/SML(5743): V1_1205_1_2 [Line:70] [onServiceStateChanged] onServiceStateChanged nNetwork =3
09-10 15:08:31.504: E/SML(5743): V1_1205_1_2 [Line:71] [onServiceStateChanged] onServiceStateChanged bRoming =false
09-10 15:08:31.504: W/SignalStrength(691): getGsmLevel=3
09-10 15:08:31.504: W/SignalStrength(691): getLevel=3 (SignalStrength: 8 0 -120 -160 -120 -1 -1 99 2147483647 2147483647 2147483647 2147483647 gsm|lte 3)
09-10 15:08:31.504: D/STATUSBAR-NetworkController(691): onServiceStateChanged state=0
09-10 15:08:31.504: D/StatusBar.NetworkController(691): getDataServiceState : dataServiceState = 0
09-10 15:08:31.504: D/STATUSBAR-NotificationService(545): cancelNotification - pkg:XXX.XXXXXXX.XXXXXXXX, id:273
09-10 15:08:31.504: D/systemui/quicksetting/QuickSettingButton(691): getAirplaneMode()
09-10 15:08:31.504: D/systemui/quicksetting/QuickSettingButton(691): setActivateStatus(2) - 1:on, 2:off, 3:dim
09-10 15:08:31.514: V/Mms/DownloadManager(1148): Service state changed: Bundle[mParcelledData.dataSize=636]
09-10 15:08:31.514: V/Mms/DownloadManager(1148): roaming ------> false
09-10 15:08:31.514: V/Mms/DownloadManager(1148): auto download without roaming -> true
09-10 15:08:31.514: V/Mms/DownloadManager(1148): mAutoDownload ------> true
09-10 15:08:31.524: D/MobileDataStateTracker(545): default: Received state=DISCONNECTED, old=DISCONNECTED, reason=nwTypeChanged
09-10 15:08:31.534: D/STATUSBAR-NetworkController(691): onDataConnectionStateChanged: state=-1 type=3
09-10 15:08:31.534: D/STATUSBAR-NotificationService(545): cancelNotification - pkg:XXX.XXXXXXX.XXXXXXXX, id:273
09-10 15:08:31.544: W/AlarmManager(545): FACTORY_ON= 0
09-10 15:08:31.544: W/AlarmManager(545): FACTORY_ON= 0
09-10 15:08:31.884: D/STATUSBAR-NetworkController(691): onReceive() - RSSI_CHANGED_ACTION, WIFI_STATE, NETWORK_STATE
09-10 15:08:31.974: W/SignalStrength(545): getGsmLevel=3
09-10 15:08:31.974: W/SignalStrength(545): getLevel=3 (SignalStrength: 9 0 -120 -160 -120 -1 -1 99 2147483647 2147483647 2147483647 2147483647 gsm|lte 3)
09-10 15:08:31.984: W/SignalStrength(691): getGsmLevel=3
09-10 15:08:31.984: W/SignalStrength(691): getLevel=3 (SignalStrength: 9 0 -120 -160 -120 -1 -1 99 2147483647 2147483647 2147483647 2147483647 gsm|lte 3)
09-10 15:08:31.984: W/SignalStrength(691): getGsmLevel=3
09-10 15:08:31.984: W/SignalStrength(691): getLevel=3 (SignalStrength: 9 0 -120 -160 -120 -1 -1 99 2147483647 2147483647 2147483647 2147483647 gsm|lte 3)
09-10 15:08:31.984: W/SignalStrength(545): getDbm 1
09-10 15:08:31.984: W/SignalStrength(545): getGsmDbm=-95
09-10 15:08:31.984: W/SignalStrength(545): getDbm=-95
09-10 15:08:31.984: W/SignalStrength(545): getAsuLevel 1
09-10 15:08:31.984: W/SignalStrength(545): getGsmAsuLevel=9
09-10 15:08:31.984: W/SignalStrength(545): getAsuLevel=9
09-10 15:08:31.984: D/STATUSBAR-NetworkController(691): onSignalStrengthsChanged signalStrength=SignalStrength: 9 0 -120 -160 -120 -1 -1 99 2147483647 2147483647 2147483647 2147483647 gsm|lte 3 level=3
09-10 15:08:32.084: E/SMD(220): DCD ON
09-10 15:08:32.335: D/dalvikvm(861): GC_CONCURRENT freed 1751K, 19% free 13914K/17059K, paused 7ms+8ms
09-10 15:08:32.465: I/v8(7377): Failed to open socket on port 9419, waiting 1000 ms before retrying
09-10 15:08:32.585: D/MobileDataStateTracker(545): default: setPolicyDataEnable(enabled=true)
09-10 15:08:32.595: E/WifiP2pStateTracker(545): getNetworkInfo : NetworkInfo: type: wifi_p2p[], state: UNKNOWN/IDLE, reason: (unspecified), extra: (none), roaming: false, failover: false, isAvailable: false
09-10 15:08:32.625: E/Sensors(545): accelHandler 0.250280 0.449066 9.624386
09-10 15:08:32.675: W/SignalStrength(691): getGsmLevel=3
09-10 15:08:32.675: W/SignalStrength(691): getLevel=3 (SignalStrength: 9 0 -120 -160 -120 -1 -1 99 2147483647 2147483647 2147483647 2147483647 gsm|lte 3)
09-10 15:08:32.675: D/STATUSBAR-NetworkController(691): onServiceStateChanged state=0
09-10 15:08:32.675: D/StatusBar.NetworkController(691): getDataServiceState : dataServiceState = 0
09-10 15:08:32.685: V/Mms/DownloadManager(1148): Service state changed: Bundle[mParcelledData.dataSize=636]
09-10 15:08:32.685: E/SML(5743): V1_1205_1_2 [Line:70] [onServiceStateChanged] onServiceStateChanged nNetwork =10
09-10 15:08:32.685: E/SML(5743): V1_1205_1_2 [Line:71] [onServiceStateChanged] onServiceStateChanged bRoming =false
09-10 15:08:32.685: V/Mms/DownloadManager(1148): roaming ------> false
09-10 15:08:32.685: V/Mms/DownloadManager(1148): auto download without roaming -> true
09-10 15:08:32.685: V/Mms/DownloadManager(1148): mAutoDownload ------> true
09-10 15:08:32.685: D/STATUSBAR-NotificationService(545): cancelNotification - pkg:XXX.XXXXXXX.XXXXXXXX, id:273
09-10 15:08:32.685: D/systemui/quicksetting/QuickSettingButton(691): getAirplaneMode()
09-10 15:08:32.685: D/systemui/quicksetting/QuickSettingButton(691): setActivateStatus(2) - 1:on, 2:off, 3:dim
09-10 15:08:32.695: D/MobileDataStateTracker(545): default: Received state=DISCONNECTED, old=DISCONNECTED, reason=nwTypeChanged
09-10 15:08:32.705: D/STATUSBAR-NetworkController(691): onDataConnectionStateChanged: state=-1 type=10
09-10 15:08:32.705: D/STATUSBAR-NotificationService(545): cancelNotification - pkg:XXX.XXXXXXX.XXXXXXXX, id:273
09-10 15:08:32.715: W/AlarmManager(545): FACTORY_ON= 0
09-10 15:08:32.715: W/AlarmManager(545): FACTORY_ON= 0
09-10 15:08:33.466: I/v8(7377): Failed to open socket on port 9419, waiting 1000 ms before retrying
09-10 15:08:33.536: W/SignalStrength(545): getGsmLevel=3
09-10 15:08:33.536: W/SignalStrength(545): getLevel=3 (SignalStrength: 10 0 -120 -160 -120 -1 -1 99 2147483647 2147483647 2147483647 2147483647 gsm|lte 3)
09-10 15:08:33.546: W/SignalStrength(545): getDbm 1
09-10 15:08:33.546: W/SignalStrength(545): getGsmDbm=-93
09-10 15:08:33.546: W/SignalStrength(545): getDbm=-93
09-10 15:08:33.546: W/SignalStrength(545): getAsuLevel 1
09-10 15:08:33.546: W/SignalStrength(545): getGsmAsuLevel=10
09-10 15:08:33.546: W/SignalStrength(545): getAsuLevel=10
09-10 15:08:33.546: W/SignalStrength(691): getGsmLevel=3
09-10 15:08:33.556: W/SignalStrength(691): getLevel=3 (SignalStrength: 10 0 -120 -160 -120 -1 -1 99 2147483647 2147483647 2147483647 2147483647 gsm|lte 3)
09-10 15:08:33.556: W/SignalStrength(691): getGsmLevel=3
09-10 15:08:33.556: W/SignalStrength(691): getLevel=3 (SignalStrength: 10 0 -120 -160 -120 -1 -1 99 2147483647 2147483647 2147483647 2147483647 gsm|lte 3)
09-10 15:08:33.556: D/STATUSBAR-NetworkController(691): onSignalStrengthsChanged signalStrength=SignalStrength: 10 0 -120 -160 -120 -1 -1 99 2147483647 2147483647 2147483647 2147483647 gsm|lte 3 level=3
09-10 15:08:33.716: D/MobileDataStateTracker(545): default: setPolicyDataEnable(enabled=true)
09-10 15:08:33.716: E/WifiP2pStateTracker(545): getNetworkInfo : NetworkInfo: type: wifi_p2p[], state: UNKNOWN/IDLE, reason: (unspecified), extra: (none), roaming: false, failover: false, isAvailable: false
09-10 15:08:34.467: I/v8(7377): Failed to open socket on port 9419, waiting 1000 ms before retrying
09-10 15:08:34.867: D/KeyguardUpdateMonitor(545): received broadcast android.intent.action.BATTERY_CHANGED
09-10 15:08:34.867: D/KeyguardUpdateMonitor(545): handleBatteryUpdate
09-10 15:08:34.867: E/MTPJNIInterface(5757): In MTPJNIINterface onReceive:android.intent.action.BATTERY_CHANGED
09-10 15:08:34.867: D/BatteryService(545): update start
09-10 15:08:34.867: D/BatteryService(545): level:100 scale:100 status:5 health:2 present:true voltage: 4337 temperature: 331 technology: Li-ion AC powered:false USB powered:true icon:17303128 invalid charger:0
09-10 15:08:34.867: D/STATUSBAR-BatteryController(691): onReceive() - ACTION_BATTERY_CHANGED
09-10 15:08:34.867: D/STATUSBAR-BatteryController(691): onReceive() - level:100
09-10 15:08:34.867: D/STATUSBAR-BatteryController(691): onReceive() - plugged:2
09-10 15:08:34.867: D/STATUSBAR-BatteryController(691): onReceive() - BATTERY_STATUS_FULL:
09-10 15:08:34.877: D/ThermistorObserver(545): mBatteryBRForAMOLED : onReceive() : newTemperature : 331
09-10 15:08:35.078: E/SMD(220): DCD ON
09-10 15:08:35.458: I/v8(7377): Failed to open socket on port 9419, waiting 1000 ms before retrying
09-10 15:08:35.508: V/AlarmManager(545): waitForAlarm result :1
09-10 15:08:35.548: I/EventLogService(981): Aggregate from 1347313115407 (log), 1347313115407 (data)
09-10 15:08:35.668: W/AlarmManager(545): FACTORY_ON= 0
09-10 15:08:36.459: I/v8(7377): Failed to open socket on port 9419, waiting 1000 ms before retrying
09-10 15:08:37.460: I/v8(7377): Failed to open socket on port 9419, waiting 1000 ms before retrying
09-10 15:08:37.881: W/SignalStrength(691): getGsmLevel=3
09-10 15:08:37.881: V/Mms/DownloadManager(1148): Service state changed: Bundle[mParcelledData.dataSize=636]
09-10 15:08:37.881: W/SignalStrength(691): getLevel=3 (SignalStrength: 10 0 -120 -160 -120 -1 -1 99 2147483647 2147483647 2147483647 2147483647 gsm|lte 3)
09-10 15:08:37.881: V/Mms/DownloadManager(1148): roaming ------> false
09-10 15:08:37.881: V/Mms/DownloadManager(1148): auto download without roaming -> true
09-10 15:08:37.881: V/Mms/DownloadManager(1148): mAutoDownload ------> true
09-10 15:08:37.881: D/STATUSBAR-NetworkController(691): onServiceStateChanged state=0
09-10 15:08:37.881: D/StatusBar.NetworkController(691): getDataServiceState : dataServiceState = 0
09-10 15:08:37.881: D/STATUSBAR-NotificationService(545): cancelNotification - pkg:XXX.XXXXXXX.XXXXXXXX, id:273
09-10 15:08:37.891: E/SML(5743): V1_1205_1_2 [Line:70] [onServiceStateChanged] onServiceStateChanged nNetwork =3
09-10 15:08:37.891: E/SML(5743): V1_1205_1_2 [Line:71] [onServiceStateChanged] onServiceStateChanged bRoming =false
09-10 15:08:37.891: D/MobileDataStateTracker(545): default: Received state=DISCONNECTED, old=DISCONNECTED, reason=nwTypeChanged
09-10 15:08:37.901: D/systemui/quicksetting/QuickSettingButton(691): getAirplaneMode()
09-10 15:08:37.901: D/systemui/quicksetting/QuickSettingButton(691): setActivateStatus(2) - 1:on, 2:off, 3:dim
09-10 15:08:37.901: D/STATUSBAR-NetworkController(691): onDataConnectionStateChanged: state=-1 type=3
09-10 15:08:37.901: D/STATUSBAR-NotificationService(545): cancelNotification - pkg:XXX.XXXXXXX.XXXXXXXX, id:273
09-10 15:08:37.921: W/AlarmManager(545): FACTORY_ON= 0
09-10 15:08:37.921: W/AlarmManager(545): FACTORY_ON= 0
09-10 15:08:38.081: E/SMD(220): DCD ON
09-10 15:08:38.381: W/SignalStrength(545): getGsmLevel=3
09-10 15:08:38.381: W/SignalStrength(545): getLevel=3 (SignalStrength: 11 0 -120 -160 -120 -1 -1 99 2147483647 2147483647 2147483647 2147483647 gsm|lte 3)
09-10 15:08:38.381: W/SignalStrength(545): getDbm 1
09-10 15:08:38.381: W/SignalStrength(545): getGsmDbm=-91
09-10 15:08:38.381: W/SignalStrength(545): getDbm=-91
09-10 15:08:38.381: W/SignalStrength(545): getAsuLevel 1
09-10 15:08:38.381: W/SignalStrength(545): getGsmAsuLevel=11
09-10 15:08:38.381: W/SignalStrength(545): getAsuLevel=11
09-10 15:08:38.381: W/SignalStrength(691): getGsmLevel=3
09-10 15:08:38.381: W/SignalStrength(691): getLevel=3 (SignalStrength: 11 0 -120 -160 -120 -1 -1 99 2147483647 2147483647 2147483647 2147483647 gsm|lte 3)
09-10 15:08:38.381: W/SignalStrength(691): getGsmLevel=3
09-10 15:08:38.381: W/SignalStrength(691): getLevel=3 (SignalStrength: 11 0 -120 -160 -120 -1 -1 99 2147483647 2147483647 2147483647 2147483647 gsm|lte 3)
09-10 15:08:38.381: D/STATUSBAR-NetworkController(691): onSignalStrengthsChanged signalStrength=SignalStrength: 11 0 -120 -160 -120 -1 -1 99 2147483647 2147483647 2147483647 2147483647 gsm|lte 3 level=3
09-10 15:08:38.461: I/v8(7377): Failed to open socket on port 9419, waiting 1000 ms before retrying
09-10 15:08:38.902: D/MobileDataStateTracker(545): default: setPolicyDataEnable(enabled=true)
09-10 15:08:38.912: E/WifiP2pStateTracker(545): getNetworkInfo : NetworkInfo: type: wifi_p2p[], state: UNKNOWN/IDLE, reason: (unspecified), extra: (none), roaming: false, failover: false, isAvailable: false
09-10 15:08:39.062: E/SML(5743): V1_1205_1_2 [Line:70] [onServiceStateChanged] onServiceStateChanged nNetwork =10
09-10 15:08:39.062: E/SML(5743): V1_1205_1_2 [Line:71] [onServiceStateChanged] onServiceStateChanged bRoming =false
09-10 15:08:39.062: V/Mms/DownloadManager(1148): Service state changed: Bundle[mParcelledData.dataSize=636]
09-10 15:08:39.072: V/Mms/DownloadManager(1148): roaming ------> false
09-10 15:08:39.072: V/Mms/DownloadManager(1148): auto download without roaming -> true
09-10 15:08:39.072: V/Mms/DownloadManager(1148): mAutoDownload ------> true
09-10 15:08:39.072: W/SignalStrength(691): getGsmLevel=3
09-10 15:08:39.072: W/SignalStrength(691): getLevel=3 (SignalStrength: 11 0 -120 -160 -120 -1 -1 99 2147483647 2147483647 2147483647 2147483647 gsm|lte 3)
09-10 15:08:39.072: D/STATUSBAR-NetworkController(691): onServiceStateChanged state=0
09-10 15:08:39.072: D/StatusBar.NetworkController(691): getDataServiceState : dataServiceState = 0
09-10 15:08:39.072: D/STATUSBAR-NotificationService(545): cancelNotification - pkg:XXX.XXXXXXX.XXXXXXXX, id:273
09-10 15:08:39.072: D/systemui/quicksetting/QuickSettingButton(691): getAirplaneMode()
09-10 15:08:39.072: D/systemui/quicksetting/QuickSettingButton(691): setActivateStatus(2) - 1:on, 2:off, 3:dim
09-10 15:08:39.082: D/MobileDataStateTracker(545): default: Received state=DISCONNECTED, old=DISCONNECTED, reason=nwTypeChanged
09-10 15:08:39.092: D/STATUSBAR-NetworkController(691): onDataConnectionStateChanged: state=-1 type=10
09-10 15:08:39.092: D/STATUSBAR-NotificationService(545): cancelNotification - pkg:XXX.XXXXXXX.XXXXXXXX, id:273
09-10 15:08:39.092: W/AlarmManager(545): FACTORY_ON= 0
09-10 15:08:39.102: W/AlarmManager(545): FACTORY_ON= 0
09-10 15:08:39.462: I/v8(7377): Failed to open socket on port 9419, waiting 1000 ms before retrying
09-10 15:08:40.113: D/MobileDataStateTracker(545): default: setPolicyDataEnable(enabled=true)
09-10 15:08:40.113: E/WifiP2pStateTracker(545): getNetworkInfo : NetworkInfo: type: wifi_p2p[], state: UNKNOWN/IDLE, reason: (unspecified), extra: (none), roaming: false, failover: false, isAvailable: false
09-10 15:08:40.463: I/v8(7377): Failed to open socket on port 9419, waiting 1000 ms before retrying
09-10 15:08:41.084: E/SMD(220): DCD ON
09-10 15:08:41.224: W/SignalStrength(545): getGsmLevel=3
09-10 15:08:41.224: W/SignalStrength(545): getLevel=3 (SignalStrength: 9 0 -120 -160 -120 -1 -1 99 2147483647 2147483647 2147483647 2147483647 gsm|lte 3)
09-10 15:08:41.234: W/SignalStrength(691): getGsmLevel=3
09-10 15:08:41.234: W/SignalStrength(691): getLevel=3 (SignalStrength: 9 0 -120 -160 -120 -1 -1 99 2147483647 2147483647 2147483647 2147483647 gsm|lte 3)
09-10 15:08:41.234: W/SignalStrength(691): getGsmLevel=3
09-10 15:08:41.234: W/SignalStrength(691): getLevel=3 (SignalStrength: 9 0 -120 -160 -120 -1 -1 99 2147483647 2147483647 2147483647 2147483647 gsm|lte 3)
09-10 15:08:41.234: W/SignalStrength(545): getDbm 1
09-10 15:08:41.234: W/SignalStrength(545): getGsmDbm=-95
09-10 15:08:41.234: W/SignalStrength(545): getDbm=-95
09-10 15:08:41.234: W/SignalStrength(545): getAsuLevel 1
09-10 15:08:41.234: W/SignalStrength(545): getGsmAsuLevel=9
09-10 15:08:41.234: W/SignalStrength(545): getAsuLevel=9
09-10 15:08:41.234: D/STATUSBAR-NetworkController(691): onSignalStrengthsChanged signalStrength=SignalStrength: 9 0 -120 -160 -120 -1 -1 99 2147483647 2147483647 2147483647 2147483647 gsm|lte 3 level=3
09-10 15:08:41.464: I/v8(7377): Failed to open socket on port 9419, waiting 1000 ms before retrying
09-10 15:08:42.465: I/v8(7377): Failed to open socket on port 9419, waiting 1000 ms before retrying
09-10 15:08:42.626: E/Sensors(545): accelHandler 0.251477 0.465831 9.650731
09-10 15:08:43.467: I/v8(7377): Failed to open socket on port 9419, waiting 1000 ms before retrying
09-10 15:08:44.087: E/SMD(220): DCD ON
09-10 15:08:44.458: I/v8(7377): Failed to open socket on port 9419, waiting 1000 ms before retrying
09-10 15:08:45.459: I/v8(7377): Failed to open socket on port 9419, waiting 1000 ms before retrying
09-10 15:08:46.460: I/v8(7377): Failed to open socket on port 9419, waiting 1000 ms before retrying
09-10 15:08:47.080: E/SMD(220): DCD ON
09-10 15:08:47.461: I/v8(7377): Failed to open socket on port 9419, waiting 1000 ms before retrying
09-10 15:08:48.462: I/v8(7377): Failed to open socket on port 9419, waiting 1000 ms before retrying
09-10 15:08:49.463: I/v8(7377): Failed to open socket on port 9419, waiting 1000 ms before retrying
09-10 15:08:50.084: E/SMD(220): DCD ON
09-10 15:08:50.474: I/v8(7377): Failed to open socket on port 9419, waiting 1000 ms before retrying
09-10 15:08:51.475: I/v8(7377): Failed to open socket on port 9419, waiting 1000 ms before retrying
09-10 15:08:52.476: I/v8(7377): Failed to open socket on port 9419, waiting 1000 ms before retrying
09-10 15:08:52.626: E/Sensors(545): accelHandler 0.222737 0.451461 9.621991
09-10 15:08:53.097: E/SMD(220): DCD ON
09-10 15:08:53.477: I/v8(7377): Failed to open socket on port 9419, waiting 1000 ms before retrying
09-10 15:08:54.468: I/v8(7377): Failed to open socket on port 9419, waiting 1000 ms before retrying
09-10 15:08:55.469: I/v8(7377): Failed to open socket on port 9419, waiting 1000 ms before retrying
09-10 15:08:56.020: D/STATUSBAR-NetworkController(691): onReceive() - RSSI_CHANGED_ACTION, WIFI_STATE, NETWORK_STATE
09-10 15:08:56.090: E/SMD(220): DCD ON
09-10 15:08:56.470: I/v8(7377): Failed to open socket on port 9419, waiting 1000 ms before retrying
09-10 15:08:57.472: I/v8(7377): Failed to open socket on port 9419, waiting 1000 ms before retrying
09-10 15:08:58.473: I/v8(7377): Failed to open socket on port 9419, waiting 1000 ms before retrying
09-10 15:08:59.093: E/SMD(220): DCD ON
09-10 15:08:59.474: I/v8(7377): Failed to open socket on port 9419, waiting 1000 ms before retrying
09-10 15:08:59.994: D/KeyguardUpdateMonitor(545): received broadcast android.intent.action.TIME_TICK
09-10 15:08:59.994: D/KeyguardUpdateMonitor(545): handleTimeUpdate
09-10 15:08:59.994: V/AlarmManager(545): waitForAlarm result :8
09-10 15:08:59.994: V/AlarmManager(545): ClockReceiver onReceive() ACTION_TIME_TICK
09-10 15:08:59.994: W/AlarmManager(545): FACTORY_ON= 0
09-10 15:08:59.994: D/STATUSBAR-Clock(691): onReceive() - ACTION_TIME_TICK
09-10 15:09:00.004: D/STATUSBAR-Clock(691): updateClock :3:09 PM
09-10 15:09:00.004: D/STATUSBAR-DateView(691): updateClock :09/10/2012
09-10 15:09:00.475: I/v8(7377): Failed to open socket on port 9419, waiting 1000 ms before retrying
09-10 15:09:01.476: I/v8(7377): Failed to open socket on port 9419, waiting 1000 ms before retrying
09-10 15:09:02.096: E/SMD(220): DCD ON
09-10 15:09:02.477: I/v8(7377): Failed to open socket on port 9419, waiting 1000 ms before retrying
09-10 15:09:02.627: E/Sensors(545): accelHandler 0.201182 0.455054 9.620793
09-10 15:09:02.977: W/SignalStrength(691): getGsmLevel=3
09-10 15:09:02.977: W/SignalStrength(691): getLevel=3 (SignalStrength: 8 0 -120 -160 -120 -1 -1 99 2147483647 2147483647 2147483647 2147483647 gsm|lte 3)
09-10 15:09:02.977: W/SignalStrength(691): getGsmLevel=3
09-10 15:09:02.977: W/SignalStrength(691): getLevel=3 (SignalStrength: 8 0 -120 -160 -120 -1 -1 99 2147483647 2147483647 2147483647 2147483647 gsm|lte 3)
09-10 15:09:02.977: W/SignalStrength(545): getGsmLevel=3
09-10 15:09:02.977: W/SignalStrength(545): getLevel=3 (SignalStrength: 8 0 -120 -160 -120 -1 -1 99 2147483647 2147483647 2147483647 2147483647 gsm|lte 3)
09-10 15:09:02.977: D/STATUSBAR-NetworkController(691): onSignalStrengthsChanged signalStrength=SignalStrength: 8 0 -120 -160 -120 -1 -1 99 2147483647 2147483647 2147483647 2147483647 gsm|lte 3 level=3
09-10 15:09:02.987: W/SignalStrength(545): getDbm 1
09-10 15:09:02.987: W/SignalStrength(545): getGsmDbm=-97
09-10 15:09:02.987: W/SignalStrength(545): getDbm=-97
09-10 15:09:02.987: W/SignalStrength(545): getAsuLevel 1
09-10 15:09:02.987: W/SignalStrength(545): getGsmAsuLevel=8
09-10 15:09:02.987: W/SignalStrength(545): getAsuLevel=8
09-10 15:09:03.468: I/v8(7377): Failed to open socket on port 9419, waiting 1000 ms before retrying
09-10 15:09:03.908: V/AlarmManager(545): waitForAlarm result :8
09-10 15:09:03.918: W/AlarmManager(545): FACTORY_ON= 0
09-10 15:09:04.469: I/v8(7377): Failed to open socket on port 9419, waiting 1000 ms before retrying
09-10 15:09:05.040: V/AlarmManager(545): waitForAlarm result :4
09-10 15:09:05.050: W/AlarmManager(545): FACTORY_ON= 0
09-10 15:09:05.090: E/SMD(220): DCD ON
09-10 15:09:05.470: I/v8(7377): Failed to open socket on port 9419, waiting 1000 ms before retrying
09-10 15:09:05.550: D/KeyguardUpdateMonitor(545): received broadcast android.intent.action.BATTERY_CHANGED
09-10 15:09:05.550: D/KeyguardUpdateMonitor(545): handleBatteryUpdate
09-10 15:09:05.550: E/MTPJNIInterface(5757): In MTPJNIINterface onReceive:android.intent.action.BATTERY_CHANGED
09-10 15:09:05.550: D/BatteryService(545): update start
09-10 15:09:05.550: D/BatteryService(545): level:100 scale:100 status:5 health:2 present:true voltage: 4330 temperature: 315 technology: Li-ion AC powered:false USB powered:true icon:17303128 invalid charger:0
09-10 15:09:05.550: D/ThermistorObserver(545): mBatteryBRForAMOLED : onReceive() : newTemperature : 315
09-10 15:09:05.550: D/STATUSBAR-BatteryController(691): onReceive() - ACTION_BATTERY_CHANGED
09-10 15:09:05.550: D/STATUSBAR-BatteryController(691): onReceive() - level:100
09-10 15:09:05.550: D/STATUSBAR-BatteryController(691): onReceive() - plugged:2
09-10 15:09:05.550: D/STATUSBAR-BatteryController(691): onReceive() - BATTERY_STATUS_FULL:
09-10 15:09:06.471: I/v8(7377): Failed to open socket on port 9419, waiting 1000 ms before retrying
09-10 15:09:07.472: I/v8(7377): Failed to open socket on port 9419, waiting 1000 ms before retrying
09-10 15:09:08.093: E/SMD(220): DCD ON
09-10 15:09:08.473: I/v8(7377): Failed to open socket on port 9419, waiting 1000 ms before retrying
09-10 15:09:09.474: I/v8(7377): Failed to open socket on port 9419, waiting 1000 ms before retrying
09-10 15:09:10.475: I/v8(7377): Failed to open socket on port 9419, waiting 1000 ms before retrying
09-10 15:09:11.096: E/SMD(220): DCD ON
09-10 15:09:11.476: I/v8(7377): Failed to open socket on port 9419, waiting 1000 ms before retrying
09-10 15:09:12.478: I/v8(7377): Failed to open socket on port 9419, waiting 1000 ms before retrying
09-10 15:09:12.618: E/Sensors(545): accelHandler 0.231119 0.444276 9.606423
09-10 15:09:13.469: I/v8(7377): Failed to open socket on port 9419, waiting 1000 ms before retrying
09-10 15:09:14.089: E/SMD(220): DCD ON
09-10 15:09:14.470: I/v8(7377): Failed to open socket on port 9419, waiting 1000 ms before retrying
09-10 15:09:15.070: D/QC-time-services(257): Daemon:genoff_opr: Base = 1, val = 1347311355080, operation = 1
09-10 15:09:15.070: D/QC-time-services(257): Daemon: genoff get for 1
09-10 15:09:15.070: D/QC-time-services(257): Daemon:rtc_get: Time read from RTC -- MM/DD/YY HH:MM:SS1/10/70 22:44:49
09-10 15:09:15.070: D/QC-time-services(257): Daemon:Value read from RTC seconds = 3537889000
09-10 15:09:15.070: D/QC-time-services(257): Daemon:Value read from RTC seconds = 3537889000
09-10 15:09:15.070: D/QC-time-services(257): Daemon:Value read from generif offset = 1343777066080
09-10 15:09:15.070: D/QC-time-services(257): Daemon:Final Time = 1347314955080
09-10 15:09:15.070: D/QC-time-services(257): Daemon:update_xtime: Setting system time to sec =1347314955, nsec =80000000
09-10 15:09:15.080: D/KeyguardUpdateMonitor(545): received broadcast android.intent.action.TIME_SET
09-10 15:09:15.080: V/AlarmManager(545): waitForAlarm result :65536
09-10 15:09:15.080: W/AlarmManager(545): FACTORY_ON= 0
09-10 15:09:15.080: D/STATUSBAR-Clock(691): onReceive() - ACTION_TIME_CHANGED
09-10 15:09:15.080: D/STATUSBAR-Clock(691): updateClock :3:09 PM
09-10 15:09:15.080: I/DrmEventService(545): userUpdatedTimeReceiver intent is recievedandroid.intent.action.TIME_SET
09-10 15:09:15.080: I/DrmEventService(545): autoEnable = 1
09-10 15:09:15.080: I/DrmEventService(545): timeFormat before setting = 12
09-10 15:09:15.080: I/DrmEventService(545): nowTimeFormat before setting = 12
09-10 15:09:15.080: I/DrmEventService(545): timeFormat after setting = 12
09-10 15:09:15.080: I/DrmEventService(545): nowTimeFormat after setting = 12
09-10 15:09:15.080: I/DrmEventService(545): userUpdatedTimeReceiver time format is not changed check if it is NITZ Update
09-10 15:09:15.080: I/DrmEventService(545): This is a NITZ update.So no need to update delta
09-10 15:09:15.080: D/KeyguardUpdateMonitor(545): handleTimeUpdate
09-10 15:09:15.080: D/com.samsung.app(1205): [MSC_HERO_Accu]>>> WCS:240 [0:0] BR act = androidintentactionTIME_SET
09-10 15:09:15.080: D/widget(955): [MSC_HERO_Accu]>>> WC:471 [0:0] mSHandler EU : T&D
09-10 15:09:15.080: D/accuweather(2195): [MSC_Accu_Daemon]>>> AWDS:52 [0:0] Act
09-10 15:09:15.080: D/accuweather(2195): [MSC_Accu_Daemon]>>> AWDS:57 [0:0] Act : androidintentactionTIME_SET
09-10 15:09:15.080: D/comsamsunglog(2195): [MSC_Accu_Daemon]>>> ====================================================================================================================
09-10 15:09:15.080: D/comsamsunglog(2195): [MSC_Accu_Daemon]>>> daemonappapaccuweather [Version : 12042601 ] [ 1 ]
09-10 15:09:15.090: D/comsamsunglog(2195): [MSC_Accu_Daemon]>>> Header set to : ===> "accuweather" <===
09-10 15:09:15.090: D/comsamsunglog(2195): [MSC_Accu_Daemon]>>> ====================================================================================================================
09-10 15:09:15.090: D/accuweather(2195): [MSC_Accu_Daemon]>>> AWDS:72 [0:0] SerStus:0,ASerStus:0,TmpS:1,AtRfr:0
09-10 15:09:15.090: D/accuweather(2195): [MSC_Accu_Daemon]>>> AWDS:456 [0:0] CnclAtRftAl
09-10 15:09:15.090: D/widget(955): [MSC_HERO_Accu]>>> WC:471 [0:0] mSHandler EU : T&D
09-10 15:09:15.090: W/AlarmManager(545): FACTORY_ON= 0
09-10 15:09:15.100: D/STATUSBAR-DateView(691): updateClock :09/10/2012
09-10 15:09:15.110: D/AlarmReceiver(1651): updateAlarmAsNewTime queried 0 items
09-10 15:09:15.110: D/AlarmReceiver(1651): ACTION_TIME_CHANGED:: updateAlarmAsNewTime returns 0
09-10 15:09:15.120: D/AlarmProvider(1651): enableNextAlert next alarm : null
09-10 15:09:15.120: D/TAG(1651): mPendingIntent == null am.cancel
09-10 15:09:15.160: W/AlarmManager(545): FACTORY_ON= 0
09-10 15:09:15.170: W/AlarmManager(545): FACTORY_ON= 0
09-10 15:09:15.190: I/ActivityManager(545): Start proc app.processName for broadcast hostingNameStr: pid=7461 uid=10001 gids={}
09-10 15:09:15.220: I/Process(7461): Sending signal. PID: 7461 SIG: 9
09-10 15:09:15.220: I/ActivityManager(545): Process com.sec.android.widgetapp.SPlannerAppWidget (pid 7461) has died.
09-10 15:09:15.240: I/ActivityManager(545): Start proc app.processName for broadcast hostingNameStr: pid=7473 uid=10001 gids={}
09-10 15:09:15.270: I/Process(7473): Sending signal. PID: 7473 SIG: 9
09-10 15:09:15.270: I/SA(1908): StdBroadcastReceiver received Intent of android.intent.action.TIME_SET
09-10 15:09:15.270: I/ActivityManager(545): Process com.sec.android.widgetapp.SPlannerAppWidget (pid 7473) has died.
09-10 15:09:15.360: E/AutoPower(787): Matched day is : 0, mCount : 6
09-10 15:09:15.360: D/AutoPower(787): Can't find isAutoPowerUpEnable :
09-10 15:09:15.360: D/AutoPowerOnOffSettings(787): time: 1347372000000, mData: 1201209111400
09-10 15:09:15.360: E/AlarmManagerService(545): Unable to set auto power up alarm to 1201209111400 : Invalid argument
09-10 15:09:15.360: W/AlarmManager(545): FACTORY_ON= 0
09-10 15:09:15.370: D/comdaemonstockapp(2080): [Daemon_Stock]>>> Stockclock_DaemonService.java:46 [0:0] onReceive: androidintentactionTIME_SET
09-10 15:09:15.370: D/comdaemonstockapp(2080): [Daemon_Stock]>>> Stockclock_DaemonService.java:53 [0:0] appServiceStatus: 0
09-10 15:09:15.370: D/comdaemonstockapp(2080): [Daemon_Stock]>>> Stockclock_DaemonService.java:54 [0:0] [AR]: 0
09-10 15:09:15.380: D/comdaemonstockapp(2080): [Daemon_Stock]>>> Stockclock_DaemonService.java:125 [0:0] Daemon is not receive event: servic off
