04-13 01:24:25.294: D/STATUSBAR-PhoneStatusBar(2113): ACTION_BATTERY_CHANGED
04-13 01:24:25.294: D/STATUSBAR-PhoneStatusBar(2113): NORMAL_BATTERY
04-13 01:24:25.294: D/BatteryService(2010): turn on LED for charging
04-13 01:24:25.304: E/MtpService(5628): In MTPAPP onReceive:android.intent.action.BATTERY_CHANGED
04-13 01:24:25.304: E/MtpService(5628): battPlugged Type : 2
04-13 01:24:35.003: V/AlarmManager(2010): waitForAlarm result :4
04-13 01:24:35.013: V/AlarmManager(2010): trigger ELAPSED_REALTIME_WAKEUP or RTC_WAKEUP
04-13 01:24:35.313: D/BatteryService(2010): update start
04-13 01:24:35.323: D/BatteryService(2010): level:89 scale:100 status:2 health:2 present:true voltage: 4312 temperature: 324 technology: Li-ion AC powered:false USB powered:true icon:17303233 invalid charger:0
04-13 01:24:35.323: D/BatteryService(2010): turn on LED for charging
04-13 01:24:35.333: D/STATUSBAR-BatteryController(2113): onReceive() - ACTION_BATTERY_CHANGED
04-13 01:24:35.333: D/STATUSBAR-BatteryController(2113): onReceive() - level:89
04-13 01:24:35.333: D/STATUSBAR-BatteryController(2113): onReceive() - plugged:2
04-13 01:24:35.333: D/STATUSBAR-BatteryController(2113): onReceive() - BATTERY_STATUS_CHARGING:
04-13 01:24:35.333: D/STATUSBAR-PhoneStatusBar(2113): ACTION_BATTERY_CHANGED
04-13 01:24:35.333: D/STATUSBAR-PhoneStatusBar(2113): NORMAL_BATTERY
04-13 01:24:35.343: E/MtpService(5628): In MTPAPP onReceive:android.intent.action.BATTERY_CHANGED
04-13 01:24:35.343: E/MtpService(5628): battPlugged Type : 2
04-13 01:24:37.205: W/SignalStrength(2010): getGsmLevel=3
04-13 01:24:37.205: W/SignalStrength(2113): getGsmLevel=3
04-13 01:24:37.205: W/SignalStrength(2113): getLevel=3 (SignalStrength: 99 -1 -1 -1 -1 -1 -1 -1 -1 -1 -1 -1 gsm|lte 3)
04-13 01:24:37.205: D/STATUSBAR-NetworkController(2113): onSignalStrengthsChanged signalStrength=SignalStrength: 99 -1 -1 -1 -1 -1 -1 -1 -1 -1 -1 -1 gsm|lte 3 level=3
04-13 01:24:37.205: W/SignalStrength(2113): getGsmLevel=3
04-13 01:24:37.205: W/SignalStrength(2113): getLevel=3 (SignalStrength: 99 -1 -1 -1 -1 -1 -1 -1 -1 -1 -1 -1 gsm|lte 3)
04-13 01:24:37.205: W/SignalStrength(2010): getLevel=3 (SignalStrength: 99 -1 -1 -1 -1 -1 -1 -1 -1 -1 -1 -1 gsm|lte 3)
04-13 01:24:37.205: D/STATUSBAR-NetworkController(2113): refreshSignalCluster: data=-1 bt=false
04-13 01:24:37.205: D/STATUSBAR-SignalClusterView(2113): mSeparateMobileGroup=8
04-13 01:24:37.205: D/STATUSBAR-SignalClusterView(2113): mSeparateMobileGroup=8
04-13 01:24:37.205: D/STATUSBAR-SignalClusterView(2113): mSeparateMobileGroup=8
04-13 01:24:37.215: W/SignalStrength(2010): getGsmDbm=-1
04-13 01:24:37.215: W/SignalStrength(2010): getDbm=-1
04-13 01:24:37.215: W/SignalStrength(2010): getGsmAsuLevel=99
04-13 01:24:37.215: W/SignalStrength(2010): getAsuLevel=99
04-13 01:24:45.513: D/BatteryService(2010): update start
04-13 01:24:45.513: D/BatteryService(2010): level:89 scale:100 status:2 health:2 present:true voltage: 4314 temperature: 323 technology: Li-ion AC powered:false USB powered:true icon:17303233 invalid charger:0
04-13 01:24:45.513: D/BatteryService(2010): turn on LED for charging
04-13 01:24:45.523: E/MtpService(5628): In MTPAPP onReceive:android.intent.action.BATTERY_CHANGED
04-13 01:24:45.523: E/MtpService(5628): battPlugged Type : 2
04-13 01:24:45.523: D/STATUSBAR-BatteryController(2113): onReceive() - ACTION_BATTERY_CHANGED
04-13 01:24:45.523: D/STATUSBAR-BatteryController(2113): onReceive() - level:89
04-13 01:24:45.523: D/STATUSBAR-BatteryController(2113): onReceive() - plugged:2
04-13 01:24:45.523: D/STATUSBAR-BatteryController(2113): onReceive() - BATTERY_STATUS_CHARGING:
04-13 01:24:45.523: D/STATUSBAR-PhoneStatusBar(2113): ACTION_BATTERY_CHANGED
04-13 01:24:45.523: D/STATUSBAR-PhoneStatusBar(2113): NORMAL_BATTERY
04-13 01:24:51.519: E/Watchdog(2010): !@Sync 341
04-13 01:24:55.603: D/BatteryService(2010): update start
04-13 01:24:55.603: D/BatteryService(2010): level:89 scale:100 status:2 health:2 present:true voltage: 4312 temperature: 324 technology: Li-ion AC powered:false USB powered:true icon:17303233 invalid charger:0
04-13 01:24:55.613: D/BatteryService(2010): turn on LED for charging
04-13 01:24:55.613: D/STATUSBAR-BatteryController(2113): onReceive() - ACTION_BATTERY_CHANGED
04-13 01:24:55.613: D/STATUSBAR-BatteryController(2113): onReceive() - level:89
04-13 01:24:55.613: D/STATUSBAR-BatteryController(2113): onReceive() - plugged:2
04-13 01:24:55.613: D/STATUSBAR-BatteryController(2113): onReceive() - BATTERY_STATUS_CHARGING:
04-13 01:24:55.613: D/STATUSBAR-PhoneStatusBar(2113): ACTION_BATTERY_CHANGED
04-13 01:24:55.613: D/STATUSBAR-PhoneStatusBar(2113): NORMAL_BATTERY
04-13 01:24:55.623: E/MtpService(5628): In MTPAPP onReceive:android.intent.action.BATTERY_CHANGED
04-13 01:24:55.623: E/MtpService(5628): battPlugged Type : 2
04-13 01:24:59.997: V/AlarmManager(2010): waitForAlarm result :8
04-13 01:24:59.997: V/AlarmManager(2010): ClockReceiver onReceive() ACTION_TIME_TICK
04-13 01:24:59.997: W/AlarmManager(2010): FACTORY_ON= 0
04-13 01:25:00.017: D/STATUSBAR-Clock(2113): onReceive() - ACTION_TIME_TICK
04-13 01:25:00.037: D/STATUSBAR-Clock(2113): onReceive() - ACTION_TIME_TICK
04-13 01:25:00.080: D/ClockAlarmWidgetService(8173): [ClockAlarmWidgetService] onReceive: action = android.intent.action.TIME_TICK
04-13 01:25:00.080: E/ClockAlarmWidget(8173): [AlarmWidgetIdManager] getListItem() : itemIndex=0, widgetID:1
04-13 01:25:00.080: E/ClockAlarmWidget(8173): [AlarmWidgetIdManager] getListItem() : ItemIndex exceed ListItemCount. itemIndex=1
04-13 01:25:00.080: E/ClockAlarmWidget(8173): [AlarmWidgetIdManager] getListItem() : itemIndex=1, widgetID:1
04-13 01:25:00.090: D/ClockAlarmDataProvider(8173): getAlarm() - too many same ID alarm data. nCount: 0
04-13 01:25:00.100: D/ClockWidget(2010): refreshTime()
04-13 01:25:00.120: D/ClockWidget(2010): TTS Message = It is 1 : 25 AM, Saturday, April 13
04-13 01:25:05.724: D/BatteryService(2010): update start
04-13 01:25:05.724: D/BatteryService(2010): level:89 scale:100 status:2 health:2 present:true voltage: 4317 temperature: 323 technology: Li-ion AC powered:false USB powered:true icon:17303233 invalid charger:0
04-13 01:25:05.724: D/BatteryService(2010): turn on LED for charging
04-13 01:25:05.734: D/STATUSBAR-BatteryController(2113): onReceive() - ACTION_BATTERY_CHANGED
04-13 01:25:05.734: D/STATUSBAR-BatteryController(2113): onReceive() - level:89
04-13 01:25:05.734: D/STATUSBAR-BatteryController(2113): onReceive() - plugged:2
04-13 01:25:05.734: D/STATUSBAR-BatteryController(2113): onReceive() - BATTERY_STATUS_CHARGING:
04-13 01:25:05.734: D/STATUSBAR-PhoneStatusBar(2113): ACTION_BATTERY_CHANGED
04-13 01:25:05.734: D/STATUSBAR-PhoneStatusBar(2113): NORMAL_BATTERY
04-13 01:25:05.754: E/MtpService(5628): In MTPAPP onReceive:android.intent.action.BATTERY_CHANGED
04-13 01:25:05.754: E/MtpService(5628): battPlugged Type : 2
04-13 01:25:11.570: W/SignalStrength(2113): getGsmLevel=2
04-13 01:25:11.570: W/SignalStrength(2113): getLevel=2 (SignalStrength: 99 -1 -1 -1 -1 -1 -1 -1 -1 -1 -1 -1 gsm|lte 2)
04-13 01:25:11.570: W/SignalStrength(2010): getGsmLevel=2
04-13 01:25:11.570: W/SignalStrength(2113): getGsmLevel=2
04-13 01:25:11.570: W/SignalStrength(2010): getLevel=2 (SignalStrength: 99 -1 -1 -1 -1 -1 -1 -1 -1 -1 -1 -1 gsm|lte 2)
04-13 01:25:11.570: W/SignalStrength(2113): getLevel=2 (SignalStrength: 99 -1 -1 -1 -1 -1 -1 -1 -1 -1 -1 -1 gsm|lte 2)
04-13 01:25:11.570: W/SignalStrength(2010): getGsmDbm=-1
04-13 01:25:11.570: W/SignalStrength(2010): getDbm=-1
04-13 01:25:11.570: W/SignalStrength(2010): getGsmAsuLevel=99
04-13 01:25:11.570: W/SignalStrength(2010): getAsuLevel=99
04-13 01:25:11.570: D/STATUSBAR-NetworkController(2113): onSignalStrengthsChanged signalStrength=SignalStrength: 99 -1 -1 -1 -1 -1 -1 -1 -1 -1 -1 -1 gsm|lte 2 level=2
04-13 01:25:11.570: D/STATUSBAR-NetworkController(2113): refreshSignalCluster: data=-1 bt=false
04-13 01:25:11.570: D/STATUSBAR-SignalClusterView(2113): mSeparateMobileGroup=8
04-13 01:25:11.570: D/STATUSBAR-SignalClusterView(2113): mSeparateMobileGroup=8
04-13 01:25:11.570: D/STATUSBAR-SignalClusterView(2113): mSeparateMobileGroup=8
04-13 01:25:15.924: D/BatteryService(2010): update start
04-13 01:25:15.924: D/BatteryService(2010): level:89 scale:100 status:2 health:2 present:true voltage: 4319 temperature: 323 technology: Li-ion AC powered:false USB powered:true icon:17303233 invalid charger:0
04-13 01:25:15.934: D/STATUSBAR-BatteryController(2113): onReceive() - ACTION_BATTERY_CHANGED
04-13 01:25:15.934: D/STATUSBAR-BatteryController(2113): onReceive() - level:89
04-13 01:25:15.934: D/STATUSBAR-BatteryController(2113): onReceive() - plugged:2
04-13 01:25:15.934: D/STATUSBAR-BatteryController(2113): onReceive() - BATTERY_STATUS_CHARGING:
04-13 01:25:15.934: D/STATUSBAR-PhoneStatusBar(2113): ACTION_BATTERY_CHANGED
04-13 01:25:15.934: D/STATUSBAR-PhoneStatusBar(2113): NORMAL_BATTERY
04-13 01:25:15.944: E/MtpService(5628): In MTPAPP onReceive:android.intent.action.BATTERY_CHANGED
04-13 01:25:15.944: E/MtpService(5628): battPlugged Type : 2
04-13 01:25:15.944: D/BatteryService(2010): turn on LED for charging
04-13 01:25:21.520: E/Watchdog(2010): !@Sync 342
04-13 01:25:25.984: D/BatteryService(2010): update start
04-13 01:25:36.134: D/BatteryService(2010): update start
04-13 01:25:36.134: D/BatteryService(2010): level:89 scale:100 status:2 health:2 present:true voltage: 4319 temperature: 321 technology: Li-ion AC powered:false USB powered:true icon:17303233 invalid charger:0
04-13 01:25:36.144: D/STATUSBAR-BatteryController(2113): onReceive() - ACTION_BATTERY_CHANGED
04-13 01:25:36.144: D/STATUSBAR-BatteryController(2113): onReceive() - level:89
04-13 01:25:36.144: D/STATUSBAR-BatteryController(2113): onReceive() - plugged:2
04-13 01:25:36.144: D/STATUSBAR-BatteryController(2113): onReceive() - BATTERY_STATUS_CHARGING:
04-13 01:25:36.144: D/STATUSBAR-PhoneStatusBar(2113): ACTION_BATTERY_CHANGED
04-13 01:25:36.154: E/MtpService(5628): In MTPAPP onReceive:android.intent.action.BATTERY_CHANGED
04-13 01:25:36.154: E/MtpService(5628): battPlugged Type : 2
04-13 01:25:36.154: D/BatteryService(2010): turn on LED for charging
04-13 01:25:36.154: D/STATUSBAR-PhoneStatusBar(2113): NORMAL_BATTERY
04-13 01:25:41.890: W/SignalStrength(2010): getGsmLevel=3
04-13 01:25:41.890: W/SignalStrength(2113): getGsmLevel=3
04-13 01:25:41.890: W/SignalStrength(2113): getLevel=3 (SignalStrength: 99 -1 -1 -1 -1 -1 -1 -1 -1 -1 -1 -1 gsm|lte 3)
04-13 01:25:41.890: W/SignalStrength(2113): getGsmLevel=3
04-13 01:25:41.890: W/SignalStrength(2113): getLevel=3 (SignalStrength: 99 -1 -1 -1 -1 -1 -1 -1 -1 -1 -1 -1 gsm|lte 3)
04-13 01:25:41.890: W/SignalStrength(2010): getLevel=3 (SignalStrength: 99 -1 -1 -1 -1 -1 -1 -1 -1 -1 -1 -1 gsm|lte 3)
04-13 01:25:41.890: D/STATUSBAR-NetworkController(2113): onSignalStrengthsChanged signalStrength=SignalStrength: 99 -1 -1 -1 -1 -1 -1 -1 -1 -1 -1 -1 gsm|lte 3 level=3
04-13 01:25:41.890: D/STATUSBAR-NetworkController(2113): refreshSignalCluster: data=-1 bt=false
04-13 01:25:41.890: D/STATUSBAR-SignalClusterView(2113): mSeparateMobileGroup=8
04-13 01:25:41.890: D/STATUSBAR-SignalClusterView(2113): mSeparateMobileGroup=8
04-13 01:25:41.890: D/STATUSBAR-SignalClusterView(2113): mSeparateMobileGroup=8
04-13 01:25:41.900: W/SignalStrength(2010): getGsmDbm=-1
04-13 01:25:41.900: W/SignalStrength(2010): getDbm=-1
04-13 01:25:41.900: W/SignalStrength(2010): getGsmAsuLevel=99
04-13 01:25:41.900: W/SignalStrength(2010): getAsuLevel=99
04-13 01:25:46.334: D/BatteryService(2010): update start
04-13 01:25:46.334: D/BatteryService(2010): level:89 scale:100 status:2 health:2 present:true voltage: 4322 temperature: 321 technology: Li-ion AC powered:false USB powered:true icon:17303233 invalid charger:0
04-13 01:25:46.344: D/BatteryService(2010): turn on LED for charging
04-13 01:25:46.344: D/STATUSBAR-BatteryController(2113): onReceive() - ACTION_BATTERY_CHANGED
04-13 01:25:46.344: D/STATUSBAR-BatteryController(2113): onReceive() - level:89
04-13 01:25:46.344: D/STATUSBAR-BatteryController(2113): onReceive() - plugged:2
04-13 01:25:46.344: D/STATUSBAR-BatteryController(2113): onReceive() - BATTERY_STATUS_CHARGING:
04-13 01:25:46.344: D/STATUSBAR-PhoneStatusBar(2113): ACTION_BATTERY_CHANGED
04-13 01:25:46.354: E/MtpService(5628): In MTPAPP onReceive:android.intent.action.BATTERY_CHANGED
04-13 01:25:46.354: D/STATUSBAR-PhoneStatusBar(2113): NORMAL_BATTERY
04-13 01:25:46.364: E/MtpService(5628): battPlugged Type : 2
04-13 01:25:49.477: V/AlarmManager(2010): waitForAlarm result :4
04-13 01:25:49.477: V/AlarmManager(2010): trigger ELAPSED_REALTIME_WAKEUP or RTC_WAKEUP
04-13 01:25:49.487: W/AlarmManager(2010): FACTORY_ON= 0
04-13 01:25:49.587: W/AlarmManager(2010): FACTORY_ON= 0
04-13 01:25:51.519: E/Watchdog(2010): !@Sync 343
04-13 01:25:56.524: D/BatteryService(2010): update start
04-13 01:25:56.534: D/BatteryService(2010): level:89 scale:100 status:2 health:2 present:true voltage: 4319 temperature: 321 technology: Li-ion AC powered:false USB powered:true icon:17303233 invalid charger:0
04-13 01:25:56.544: D/STATUSBAR-BatteryController(2113): onReceive() - ACTION_BATTERY_CHANGED
04-13 01:25:56.544: D/STATUSBAR-BatteryController(2113): onReceive() - level:89
04-13 01:25:56.544: D/STATUSBAR-BatteryController(2113): onReceive() - plugged:2
04-13 01:25:56.544: D/STATUSBAR-BatteryController(2113): onReceive() - BATTERY_STATUS_CHARGING:
04-13 01:25:56.544: D/STATUSBAR-PhoneStatusBar(2113): ACTION_BATTERY_CHANGED
04-13 01:25:56.544: D/STATUSBAR-PhoneStatusBar(2113): NORMAL_BATTERY
04-13 01:25:56.544: D/BatteryService(2010): turn on LED for charging
04-13 01:25:56.554: E/MtpService(5628): In MTPAPP onReceive:android.intent.action.BATTERY_CHANGED
04-13 01:25:56.564: E/MtpService(5628): battPlugged Type : 2
04-13 01:25:59.997: V/AlarmManager(2010): waitForAlarm result :8
04-13 01:25:59.997: V/AlarmManager(2010): ClockReceiver onReceive() ACTION_TIME_TICK
04-13 01:25:59.997: W/AlarmManager(2010): FACTORY_ON= 0
04-13 01:26:00.017: D/STATUSBAR-Clock(2113): onReceive() - ACTION_TIME_TICK
04-13 01:26:00.017: D/STATUSBAR-Clock(2113): onReceive() - ACTION_TIME_TICK
04-13 01:26:00.060: D/ClockAlarmWidgetService(8173): [ClockAlarmWidgetService] onReceive: action = android.intent.action.TIME_TICK
04-13 01:26:00.070: E/ClockAlarmWidget(8173): [AlarmWidgetIdManager] getListItem() : itemIndex=0, widgetID:1
04-13 01:26:00.070: E/ClockAlarmWidget(8173): [AlarmWidgetIdManager] getListItem() : ItemIndex exceed ListItemCount. itemIndex=1
04-13 01:26:00.070: E/ClockAlarmWidget(8173): [AlarmWidgetIdManager] getListItem() : itemIndex=1, widgetID:1
04-13 01:26:00.080: D/ClockAlarmDataProvider(8173): getAlarm() - too many same ID alarm data. nCount: 0
04-13 01:26:00.090: D/ClockWidget(2010): refreshTime()
04-13 01:26:00.110: D/ClockWidget(2010): TTS Message = It is 1 : 26 AM, Saturday, April 13
04-13 01:26:00.250: D/dalvikvm(2010): GC_CONCURRENT freed 7460K, 39% free 21943K/35911K, paused 10ms+13ms, total 157ms
04-13 01:26:06.605: D/BatteryService(2010): update start
04-13 01:26:06.615: D/BatteryService(2010): level:89 scale:100 status:2 health:2 present:true voltage: 4324 temperature: 321 technology: Li-ion AC powered:false USB powered:true icon:17303233 invalid charger:0
04-13 01:26:06.615: D/BatteryService(2010): turn on LED for charging
04-13 01:26:06.625: D/STATUSBAR-BatteryController(2113): onReceive() - ACTION_BATTERY_CHANGED
04-13 01:26:06.625: D/STATUSBAR-BatteryController(2113): onReceive() - level:89
04-13 01:26:06.625: D/STATUSBAR-BatteryController(2113): onReceive() - plugged:2
04-13 01:26:06.625: D/STATUSBAR-BatteryController(2113): onReceive() - BATTERY_STATUS_CHARGING:
04-13 01:26:06.625: D/STATUSBAR-PhoneStatusBar(2113): ACTION_BATTERY_CHANGED
04-13 01:26:06.625: D/STATUSBAR-PhoneStatusBar(2113): NORMAL_BATTERY
04-13 01:26:06.635: E/MtpService(5628): In MTPAPP onReceive:android.intent.action.BATTERY_CHANGED
04-13 01:26:06.635: E/MtpService(5628): battPlugged Type : 2
04-13 01:26:16.735: D/BatteryService(2010): update start
04-13 01:26:16.735: D/BatteryService(2010): level:90 scale:100 status:2 health:2 present:true voltage: 4322 temperature: 319 technology: Li-ion AC powered:false USB powered:true icon:17303233 invalid charger:0
04-13 01:26:16.745: D/CircleLockScreen(2010): onRefreshBatteryInfo() showPatteryInfo: true pluggedIn: true batteryLevel: 90
04-13 01:26:16.745: D/STATUSBAR-BatteryController(2113): onReceive() - ACTION_BATTERY_CHANGED
04-13 01:26:16.745: D/BatteryService(2010): turn on LED for charging
04-13 01:26:16.745: D/STATUSBAR-BatteryController(2113): onReceive() - level:90
04-13 01:26:16.745: D/STATUSBAR-BatteryController(2113): onReceive() - plugged:2
04-13 01:26:16.745: D/STATUSBAR-BatteryController(2113): onReceive() - BATTERY_STATUS_CHARGING:
04-13 01:26:16.745: D/STATUSBAR-PhoneStatusBar(2113): ACTION_BATTERY_CHANGED
04-13 01:26:16.745: D/STATUSBAR-PhoneStatusBar(2113): NORMAL_BATTERY
04-13 01:26:16.755: E/MtpService(5628): In MTPAPP onReceive:android.intent.action.BATTERY_CHANGED
04-13 01:26:16.755: E/MtpService(5628): battPlugged Type : 2
04-13 01:26:21.530: E/Watchdog(2010): !@Sync 344
04-13 01:26:26.775: D/BatteryService(2010): update start
04-13 01:26:26.775: D/BatteryService(2010): level:90 scale:100 status:2 health:2 present:true voltage: 4327 temperature: 319 technology: Li-ion AC powered:false USB powered:true icon:17303233 invalid charger:0
04-13 01:26:26.785: D/BatteryService(2010): turn on LED for charging
04-13 01:26:26.785: D/STATUSBAR-BatteryController(2113): onReceive() - ACTION_BATTERY_CHANGED
04-13 01:26:26.785: D/STATUSBAR-BatteryController(2113): onReceive() - level:90
04-13 01:26:26.785: D/STATUSBAR-BatteryController(2113): onReceive() - plugged:2
04-13 01:26:26.785: D/STATUSBAR-BatteryController(2113): onReceive() - BATTERY_STATUS_CHARGING:
04-13 01:26:26.785: D/STATUSBAR-PhoneStatusBar(2113): ACTION_BATTERY_CHANGED
04-13 01:26:26.795: E/MtpService(5628): In MTPAPP onReceive:android.intent.action.BATTERY_CHANGED
04-13 01:26:26.795: E/MtpService(5628): battPlugged Type : 2
04-13 01:26:26.795: D/STATUSBAR-PhoneStatusBar(2113): NORMAL_BATTERY
04-13 01:26:33.421: W/SignalStrength(2010): getGsmLevel=2
04-13 01:26:33.421: W/SignalStrength(2010): getLevel=2 (SignalStrength: 99 -1 -1 -1 -1 -1 -1 -1 -1 -1 -1 -1 gsm|lte 2)
04-13 01:26:33.421: W/SignalStrength(2113): getGsmLevel=2
04-13 01:26:33.421: W/SignalStrength(2113): getLevel=2 (SignalStrength: 99 -1 -1 -1 -1 -1 -1 -1 -1 -1 -1 -1 gsm|lte 2)
04-13 01:26:33.421: W/SignalStrength(2113): getGsmLevel=2
04-13 01:26:33.421: W/SignalStrength(2113): getLevel=2 (SignalStrength: 99 -1 -1 -1 -1 -1 -1 -1 -1 -1 -1 -1 gsm|lte 2)
04-13 01:26:33.421: W/SignalStrength(2010): getGsmDbm=-1
04-13 01:26:33.421: D/STATUSBAR-NetworkController(2113): onSignalStrengthsChanged signalStrength=SignalStrength: 99 -1 -1 -1 -1 -1 -1 -1 -1 -1 -1 -1 gsm|lte 2 level=2
04-13 01:26:33.431: W/SignalStrength(2010): getDbm=-1
04-13 01:26:33.431: W/SignalStrength(2010): getGsmAsuLevel=99
04-13 01:26:33.431: W/SignalStrength(2010): getAsuLevel=99
04-13 01:26:33.431: D/STATUSBAR-NetworkController(2113): refreshSignalCluster: data=-1 bt=false
04-13 01:26:33.431: D/STATUSBAR-SignalClusterView(2113): mSeparateMobileGroup=8
04-13 01:26:33.431: D/STATUSBAR-SignalClusterView(2113): mSeparateMobileGroup=8
04-13 01:26:33.431: D/STATUSBAR-SignalClusterView(2113): mSeparateMobileGroup=8
04-13 01:26:36.795: D/BatteryService(2010): update start
04-13 01:26:36.805: D/BatteryService(2010): level:90 scale:100 status:2 health:2 present:true voltage: 4329 temperature: 319 technology: Li-ion AC powered:false USB powered:true icon:17303233 invalid charger:0
04-13 01:26:36.805: D/BatteryService(2010): turn on LED for charging
04-13 01:26:36.815: D/STATUSBAR-BatteryController(2113): onReceive() - ACTION_BATTERY_CHANGED
04-13 01:26:36.815: D/STATUSBAR-BatteryController(2113): onReceive() - level:90
04-13 01:26:36.815: D/STATUSBAR-BatteryController(2113): onReceive() - plugged:2
04-13 01:26:36.815: D/STATUSBAR-BatteryController(2113): onReceive() - BATTERY_STATUS_CHARGING:
04-13 01:26:36.815: D/STATUSBAR-PhoneStatusBar(2113): ACTION_BATTERY_CHANGED
04-13 01:26:36.815: D/STATUSBAR-PhoneStatusBar(2113): NORMAL_BATTERY
04-13 01:26:36.825: E/MtpService(5628): In MTPAPP onReceive:android.intent.action.BATTERY_CHANGED
04-13 01:26:36.825: E/MtpService(5628): battPlugged Type : 2
04-13 01:26:46.885: D/BatteryService(2010): update start
04-13 01:26:47.565: W/SignalStrength(2010): getGsmLevel=3
04-13 01:26:47.565: W/SignalStrength(2010): getLevel=3 (SignalStrength: 99 -1 -1 -1 -1 -1 -1 -1 -1 -1 -1 -1 gsm|lte 3)
04-13 01:26:47.575: W/SignalStrength(2113): getGsmLevel=3
04-13 01:26:47.575: W/SignalStrength(2113): getLevel=3 (SignalStrength: 99 -1 -1 -1 -1 -1 -1 -1 -1 -1 -1 -1 gsm|lte 3)
04-13 01:26:47.575: W/SignalStrength(2113): getGsmLevel=3
04-13 01:26:47.575: W/SignalStrength(2010): getGsmDbm=-1
04-13 01:26:47.575: W/SignalStrength(2010): getDbm=-1
04-13 01:26:47.575: W/SignalStrength(2010): getGsmAsuLevel=99
04-13 01:26:47.575: W/SignalStrength(2010): getAsuLevel=99
04-13 01:26:47.575: W/SignalStrength(2113): getLevel=3 (SignalStrength: 99 -1 -1 -1 -1 -1 -1 -1 -1 -1 -1 -1 gsm|lte 3)
04-13 01:26:47.575: D/STATUSBAR-NetworkController(2113): onSignalStrengthsChanged signalStrength=SignalStrength: 99 -1 -1 -1 -1 -1 -1 -1 -1 -1 -1 -1 gsm|lte 3 level=3
04-13 01:26:47.575: D/STATUSBAR-NetworkController(2113): refreshSignalCluster: data=-1 bt=false
04-13 01:26:47.575: D/STATUSBAR-SignalClusterView(2113): mSeparateMobileGroup=8
04-13 01:26:47.575: D/STATUSBAR-SignalClusterView(2113): mSeparateMobileGroup=8
04-13 01:26:47.575: D/STATUSBAR-SignalClusterView(2113): mSeparateMobileGroup=8
04-13 01:26:49.497: V/AlarmManager(2010): waitForAlarm result :4
04-13 01:26:51.529: E/Watchdog(2010): !@Sync 345
04-13 01:26:56.924: D/BatteryService(2010): update start
04-13 01:26:59.997: V/AlarmManager(2010): waitForAlarm result :8
04-13 01:26:59.997: V/AlarmManager(2010): ClockReceiver onReceive() ACTION_TIME_TICK
04-13 01:26:59.997: W/AlarmManager(2010): FACTORY_ON= 0
04-13 01:27:00.017: D/STATUSBAR-Clock(2113): onReceive() - ACTION_TIME_TICK
04-13 01:27:00.017: D/STATUSBAR-Clock(2113): onReceive() - ACTION_TIME_TICK
04-13 01:27:00.060: D/ClockAlarmWidgetService(8173): [ClockAlarmWidgetService] onReceive: action = android.intent.action.TIME_TICK
04-13 01:27:00.060: E/ClockAlarmWidget(8173): [AlarmWidgetIdManager] getListItem() : itemIndex=0, widgetID:1
04-13 01:27:00.060: E/ClockAlarmWidget(8173): [AlarmWidgetIdManager] getListItem() : ItemIndex exceed ListItemCount. itemIndex=1
04-13 01:27:00.060: E/ClockAlarmWidget(8173): [AlarmWidgetIdManager] getListItem() : itemIndex=1, widgetID:1
04-13 01:27:00.080: D/ClockAlarmDataProvider(8173): getAlarm() - too many same ID alarm data. nCount: 0
04-13 01:27:00.090: D/ClockWidget(2010): refreshTime()
04-13 01:27:00.100: D/ClockWidget(2010): TTS Message = It is 1 : 27 AM, Saturday, April 13
04-13 01:27:07.116: D/BatteryService(2010): update start
04-13 01:27:07.116: D/BatteryService(2010): level:90 scale:100 status:2 health:2 present:true voltage: 4332 temperature: 317 technology: Li-ion AC powered:false USB powered:true icon:17303233 invalid charger:0
04-13 01:27:07.126: D/STATUSBAR-BatteryController(2113): onReceive() - ACTION_BATTERY_CHANGED
04-13 01:27:07.126: D/BatteryService(2010): turn on LED for charging
04-13 01:27:07.126: D/STATUSBAR-BatteryController(2113): onReceive() - level:90
04-13 01:27:07.126: D/STATUSBAR-BatteryController(2113): onReceive() - plugged:2
04-13 01:27:07.126: D/STATUSBAR-BatteryController(2113): onReceive() - BATTERY_STATUS_CHARGING:
04-13 01:27:07.126: D/STATUSBAR-PhoneStatusBar(2113): ACTION_BATTERY_CHANGED
04-13 01:27:07.126: D/STATUSBAR-PhoneStatusBar(2113): NORMAL_BATTERY
04-13 01:27:07.136: E/MtpService(5628): In MTPAPP onReceive:android.intent.action.BATTERY_CHANGED
04-13 01:27:07.146: E/MtpService(5628): battPlugged Type : 2
04-13 01:27:17.346: D/BatteryService(2010): update start
04-13 01:27:21.530: E/Watchdog(2010): !@Sync 346
04-13 01:27:27.516: D/BatteryService(2010): update start
04-13 01:27:27.516: D/BatteryService(2010): level:90 scale:100 status:2 health:2 present:true voltage: 4334 temperature: 317 technology: Li-ion AC powered:false USB powered:true icon:17303233 invalid charger:0
04-13 01:27:27.516: D/BatteryService(2010): turn on LED for charging
04-13 01:27:27.526: D/STATUSBAR-BatteryController(2113): onReceive() - ACTION_BATTERY_CHANGED
04-13 01:27:27.526: D/STATUSBAR-BatteryController(2113): onReceive() - level:90
04-13 01:27:27.526: D/STATUSBAR-BatteryController(2113): onReceive() - plugged:2
04-13 01:27:27.526: D/STATUSBAR-BatteryController(2113): onReceive() - BATTERY_STATUS_CHARGING:
04-13 01:27:27.526: D/STATUSBAR-PhoneStatusBar(2113): ACTION_BATTERY_CHANGED
04-13 01:27:27.536: E/MtpService(5628): In MTPAPP onReceive:android.intent.action.BATTERY_CHANGED
04-13 01:27:27.536: E/MtpService(5628): battPlugged Type : 2
04-13 01:27:27.536: D/STATUSBAR-PhoneStatusBar(2113): NORMAL_BATTERY
04-13 01:27:33.872: V/AlarmManager(2010): waitForAlarm result :1
04-13 01:27:33.882: V/AlarmManager(2010): trigger ELAPSED_REALTIME_WAKEUP or RTC_WAKEUP
04-13 01:27:33.932: I/EventLogService(2352): Aggregate from 1365785853807 (log), 1365785853807 (data)
04-13 01:27:33.992: W/AlarmManager(2010): FACTORY_ON= 0
04-13 01:27:34.042: D/dalvikvm(2352): GC_CONCURRENT freed 521K, 11% free 10429K/11591K, paused 5ms+3ms, total 58ms
04-13 01:27:37.986: D/BatteryService(2010): update start
04-13 01:27:48.026: D/BatteryService(2010): update start
04-13 01:27:48.026: D/BatteryService(2010): level:90 scale:100 status:2 health:2 present:true voltage: 4334 temperature: 316 technology: Li-ion AC powered:false USB powered:true icon:17303233 invalid charger:0
04-13 01:27:48.026: D/BatteryService(2010): turn on LED for charging
04-13 01:27:48.036: D/STATUSBAR-BatteryController(2113): onReceive() - ACTION_BATTERY_CHANGED
04-13 01:27:48.036: D/STATUSBAR-BatteryController(2113): onReceive() - level:90
04-13 01:27:48.036: D/STATUSBAR-BatteryController(2113): onReceive() - plugged:2
04-13 01:27:48.036: D/STATUSBAR-BatteryController(2113): onReceive() - BATTERY_STATUS_CHARGING:
04-13 01:27:48.036: D/STATUSBAR-PhoneStatusBar(2113): ACTION_BATTERY_CHANGED
04-13 01:27:48.036: D/STATUSBAR-PhoneStatusBar(2113): NORMAL_BATTERY
04-13 01:27:48.046: E/MtpService(5628): In MTPAPP onReceive:android.intent.action.BATTERY_CHANGED
04-13 01:27:48.046: E/MtpService(5628): battPlugged Type : 2
04-13 01:27:51.539: E/Watchdog(2010): !@Sync 347
04-13 01:27:58.065: D/BatteryService(2010): update start
04-13 01:27:58.065: D/BatteryService(2010): level:90 scale:100 status:2 health:2 present:true voltage: 4329 temperature: 316 technology: Li-ion AC powered:false USB powered:true icon:17303233 invalid charger:0
04-13 01:27:58.065: D/BatteryService(2010): turn on LED for charging
04-13 01:27:58.075: D/STATUSBAR-BatteryController(2113): onReceive() - ACTION_BATTERY_CHANGED
04-13 01:27:58.075: D/STATUSBAR-BatteryController(2113): onReceive() - level:90
04-13 01:27:58.075: D/STATUSBAR-BatteryController(2113): onReceive() - plugged:2
04-13 01:27:58.075: D/STATUSBAR-BatteryController(2113): onReceive() - BATTERY_STATUS_CHARGING:
04-13 01:27:58.075: D/STATUSBAR-PhoneStatusBar(2113): ACTION_BATTERY_CHANGED
04-13 01:27:58.075: D/STATUSBAR-PhoneStatusBar(2113): NORMAL_BATTERY
04-13 01:27:58.085: E/MtpService(5628): In MTPAPP onReceive:android.intent.action.BATTERY_CHANGED
04-13 01:27:58.085: E/MtpService(5628): battPlugged Type : 2
04-13 01:27:59.997: V/AlarmManager(2010): waitForAlarm result :8
04-13 01:27:59.997: V/AlarmManager(2010): ClockReceiver onReceive() ACTION_TIME_TICK
04-13 01:27:59.997: W/AlarmManager(2010): FACTORY_ON= 0
04-13 01:28:00.017: D/STATUSBAR-Clock(2113): onReceive() - ACTION_TIME_TICK
04-13 01:28:00.017: D/STATUSBAR-Clock(2113): onReceive() - ACTION_TIME_TICK
04-13 01:28:00.060: D/ClockAlarmWidgetService(8173): [ClockAlarmWidgetService] onReceive: action = android.intent.action.TIME_TICK
04-13 01:28:00.070: E/ClockAlarmWidget(8173): [AlarmWidgetIdManager] getListItem() : itemIndex=0, widgetID:1
04-13 01:28:00.070: E/ClockAlarmWidget(8173): [AlarmWidgetIdManager] getListItem() : ItemIndex exceed ListItemCount. itemIndex=1
04-13 01:28:00.070: E/ClockAlarmWidget(8173): [AlarmWidgetIdManager] getListItem() : itemIndex=1, widgetID:1
04-13 01:28:00.080: D/ClockAlarmDataProvider(8173): getAlarm() - too many same ID alarm data. nCount: 0
04-13 01:28:00.090: D/ClockWidget(2010): refreshTime()
04-13 01:28:00.100: D/ClockWidget(2010): TTS Message = It is 1 : 28 AM, Saturday, April 13
04-13 01:28:08.157: D/BatteryService(2010): update start
04-13 01:28:08.157: D/BatteryService(2010): level:90 scale:100 status:2 health:2 present:true voltage: 4332 temperature: 316 technology: Li-ion AC powered:false USB powered:true icon:17303233 invalid charger:0
04-13 01:28:08.167: D/BatteryService(2010): turn on LED for charging
04-13 01:28:08.167: D/STATUSBAR-BatteryController(2113): onReceive() - ACTION_BATTERY_CHANGED
04-13 01:28:08.167: D/STATUSBAR-BatteryController(2113): onReceive() - level:90
04-13 01:28:08.167: D/STATUSBAR-BatteryController(2113): onReceive() - plugged:2
04-13 01:28:08.167: D/STATUSBAR-BatteryController(2113): onReceive() - BATTERY_STATUS_CHARGING:
04-13 01:28:08.167: D/STATUSBAR-PhoneStatusBar(2113): ACTION_BATTERY_CHANGED
04-13 01:28:08.167: D/STATUSBAR-PhoneStatusBar(2113): NORMAL_BATTERY
04-13 01:28:08.177: E/MtpService(5628): In MTPAPP onReceive:android.intent.action.BATTERY_CHANGED
04-13 01:28:08.177: E/MtpService(5628): battPlugged Type : 2
04-13 01:28:18.357: D/BatteryService(2010): update start
04-13 01:28:18.357: D/BatteryService(2010): level:90 scale:100 status:2 health:2 present:true voltage: 4334 temperature: 316 technology: Li-ion AC powered:false USB powered:true icon:17303233 invalid charger:0
04-13 01:28:18.367: D/STATUSBAR-BatteryController(2113): onReceive() - ACTION_BATTERY_CHANGED
04-13 01:28:18.367: D/STATUSBAR-BatteryController(2113): onReceive() - level:90
04-13 01:28:18.367: D/STATUSBAR-BatteryController(2113): onReceive() - plugged:2
04-13 01:28:18.367: D/STATUSBAR-BatteryController(2113): onReceive() - BATTERY_STATUS_CHARGING:
04-13 01:28:18.367: D/STATUSBAR-PhoneStatusBar(2113): ACTION_BATTERY_CHANGED
04-13 01:28:18.367: D/STATUSBAR-PhoneStatusBar(2113): NORMAL_BATTERY
04-13 01:28:18.377: E/MtpService(5628): In MTPAPP onReceive:android.intent.action.BATTERY_CHANGED
04-13 01:28:18.377: E/MtpService(5628): battPlugged Type : 2
04-13 01:28:18.377: D/BatteryService(2010): turn on LED for charging
04-13 01:28:21.530: E/Watchdog(2010): !@Sync 348
04-13 01:28:28.517: D/BatteryService(2010): update start
04-13 01:28:28.517: D/BatteryService(2010): level:90 scale:100 status:2 health:2 present:true voltage: 4334 temperature: 314 technology: Li-ion AC powered:false USB powered:true icon:17303233 invalid charger:0
04-13 01:28:28.527: D/BatteryService(2010): turn on LED for charging
04-13 01:28:28.527: D/STATUSBAR-BatteryController(2113): onReceive() - ACTION_BATTERY_CHANGED
04-13 01:28:28.527: D/STATUSBAR-BatteryController(2113): onReceive() - level:90
04-13 01:28:28.527: D/STATUSBAR-BatteryController(2113): onReceive() - plugged:2
04-13 01:28:28.527: D/STATUSBAR-BatteryController(2113): onReceive() - BATTERY_STATUS_CHARGING:
04-13 01:28:28.527: D/STATUSBAR-PhoneStatusBar(2113): ACTION_BATTERY_CHANGED
04-13 01:28:28.537: E/MtpService(5628): In MTPAPP onReceive:android.intent.action.BATTERY_CHANGED
04-13 01:28:28.537: E/MtpService(5628): battPlugged Type : 2
04-13 01:28:28.537: D/STATUSBAR-PhoneStatusBar(2113): NORMAL_BATTERY
04-13 01:28:38.617: D/BatteryService(2010): update start
04-13 01:28:38.617: D/BatteryService(2010): level:91 scale:100 status:2 health:2 present:true voltage: 4334 temperature: 314 technology: Li-ion AC powered:false USB powered:true icon:17303233 invalid charger:0
04-13 01:28:38.627: D/CircleLockScreen(2010): onRefreshBatteryInfo() showPatteryInfo: true pluggedIn: true batteryLevel: 91
04-13 01:28:38.627: D/BatteryService(2010): turn on LED for charging
04-13 01:28:38.627: D/STATUSBAR-BatteryController(2113): onReceive() - ACTION_BATTERY_CHANGED
04-13 01:28:38.627: D/STATUSBAR-BatteryController(2113): onReceive() - level:91
04-13 01:28:38.627: D/STATUSBAR-BatteryController(2113): onReceive() - plugged:2
04-13 01:28:38.627: D/STATUSBAR-BatteryController(2113): onReceive() - BATTERY_STATUS_CHARGING:
04-13 01:28:38.627: D/STATUSBAR-PhoneStatusBar(2113): ACTION_BATTERY_CHANGED
04-13 01:28:38.637: E/MtpService(5628): In MTPAPP onReceive:android.intent.action.BATTERY_CHANGED
04-13 01:28:38.637: E/MtpService(5628): battPlugged Type : 2
04-13 01:28:38.637: D/STATUSBAR-PhoneStatusBar(2113): NORMAL_BATTERY
04-13 01:28:48.756: D/BatteryService(2010): update start
04-13 01:28:51.529: E/Watchdog(2010): !@Sync 349
04-13 01:28:58.956: D/BatteryService(2010): update start
04-13 01:28:59.997: V/AlarmManager(2010): waitForAlarm result :8
04-13 01:29:00.007: V/AlarmManager(2010): ClockReceiver onReceive() ACTION_TIME_TICK
04-13 01:29:00.007: W/AlarmManager(2010): FACTORY_ON= 0
04-13 01:29:00.027: D/STATUSBAR-Clock(2113): onReceive() - ACTION_TIME_TICK
04-13 01:29:00.027: D/STATUSBAR-Clock(2113): onReceive() - ACTION_TIME_TICK
04-13 01:29:00.060: D/ClockAlarmWidgetService(8173): [ClockAlarmWidgetService] onReceive: action = android.intent.action.TIME_TICK
04-13 01:29:00.060: E/ClockAlarmWidget(8173): [AlarmWidgetIdManager] getListItem() : itemIndex=0, widgetID:1
04-13 01:29:00.060: E/ClockAlarmWidget(8173): [AlarmWidgetIdManager] getListItem() : ItemIndex exceed ListItemCount. itemIndex=1
04-13 01:29:00.060: E/ClockAlarmWidget(8173): [AlarmWidgetIdManager] getListItem() : itemIndex=1, widgetID:1
04-13 01:29:00.080: D/ClockAlarmDataProvider(8173): getAlarm() - too many same ID alarm data. nCount: 0
04-13 01:29:00.090: D/ClockWidget(2010): refreshTime()
04-13 01:29:00.100: D/ClockWidget(2010): TTS Message = It is 1 : 29 AM, Saturday, April 13
04-13 01:29:09.008: D/BatteryService(2010): update start
04-13 01:29:19.168: D/BatteryService(2010): update start
04-13 01:29:21.540: E/Watchdog(2010): !@Sync 350
04-13 01:29:29.287: D/BatteryService(2010): update start
04-13 01:29:29.287: D/BatteryService(2010): level:91 scale:100 status:2 health:2 present:true voltage: 4332 temperature: 314 technology: Li-ion AC powered:false USB powered:true icon:17303233 invalid charger:0
04-13 01:29:29.297: D/STATUSBAR-BatteryController(2113): onReceive() - ACTION_BATTERY_CHANGED
04-13 01:29:29.297: D/STATUSBAR-BatteryController(2113): onReceive() - level:91
04-13 01:29:29.297: D/STATUSBAR-BatteryController(2113): onReceive() - plugged:2
04-13 01:29:29.297: D/STATUSBAR-BatteryController(2113): onReceive() - BATTERY_STATUS_CHARGING:
04-13 01:29:29.307: E/MtpService(5628): In MTPAPP onReceive:android.intent.action.BATTERY_CHANGED
04-13 01:29:29.307: E/MtpService(5628): battPlugged Type : 2
04-13 01:29:29.307: E/WifiHW(2010): ##################### set firmware type 0 #####################
04-13 01:29:29.307: D/WifiStateMachine(2010): setWifiEnabled : WifiNative.setFwType(0)
04-13 01:29:29.307: D/STATUSBAR-PhoneStatusBar(2113): ACTION_BATTERY_CHANGED
04-13 01:29:29.307: D/STATUSBAR-PhoneStatusBar(2113): NORMAL_BATTERY
04-13 01:29:29.307: D/BatteryService(2010): turn on LED for charging
04-13 01:29:29.317: W/AlarmManager(2010): FACTORY_ON= 0
04-13 01:29:29.508: E/WifiHW(2010): ##################### set firmware type 0 #####################
04-13 01:29:29.508: D/WifiStateMachine(2010): setWifiEnabled : WifiNative.setFwType(0)
04-13 01:29:39.357: D/BatteryService(2010): update start
04-13 01:29:39.367: D/BatteryService(2010): level:91 scale:100 status:2 health:2 present:true voltage: 4332 temperature: 312 technology: Li-ion AC powered:false USB powered:true icon:17303233 invalid charger:0
04-13 01:29:39.377: D/STATUSBAR-BatteryController(2113): onReceive() - ACTION_BATTERY_CHANGED
04-13 01:29:39.377: D/STATUSBAR-BatteryController(2113): onReceive() - level:91
04-13 01:29:39.377: D/STATUSBAR-BatteryController(2113): onReceive() - plugged:2
04-13 01:29:39.377: D/STATUSBAR-BatteryController(2113): onReceive() - BATTERY_STATUS_CHARGING:
04-13 01:29:39.387: E/MtpService(5628): In MTPAPP onReceive:android.intent.action.BATTERY_CHANGED
04-13 01:29:39.387: E/MtpService(5628): battPlugged Type : 2
04-13 01:29:39.387: D/BatteryService(2010): turn on LED for charging
04-13 01:29:39.387: D/STATUSBAR-PhoneStatusBar(2113): ACTION_BATTERY_CHANGED
04-13 01:29:39.387: D/STATUSBAR-PhoneStatusBar(2113): NORMAL_BATTERY
04-13 01:29:39.427: D/dalvikvm(11234): GC_CONCURRENT freed 379K, 12% free 10414K/11783K, paused 3ms+4ms, total 42ms
04-13 01:29:39.447: D/dalvikvm(2113): GC_CONCURRENT freed 1351K, 16% free 13736K/16327K, paused 15ms+5ms, total 62ms
04-13 01:29:44.312: V/AlarmManager(2010): waitForAlarm result :4
04-13 01:29:49.457: D/BatteryService(2010): update start
04-13 01:29:49.457: D/BatteryService(2010): level:91 scale:100 status:2 health:2 present:true voltage: 4334 temperature: 312 technology: Li-ion AC powered:false USB powered:true icon:17303233 invalid charger:0
04-13 01:29:49.467: D/BatteryService(2010): turn on LED for charging
04-13 01:29:49.467: D/STATUSBAR-BatteryController(2113): onReceive() - ACTION_BATTERY_CHANGED
04-13 01:29:49.467: D/STATUSBAR-BatteryController(2113): onReceive() - level:91
04-13 01:29:49.467: D/STATUSBAR-BatteryController(2113): onReceive() - plugged:2
04-13 01:29:49.467: D/STATUSBAR-BatteryController(2113): onReceive() - BATTERY_STATUS_CHARGING:
04-13 01:29:49.467: D/STATUSBAR-PhoneStatusBar(2113): ACTION_BATTERY_CHANGED
04-13 01:29:49.477: E/MtpService(5628): In MTPAPP onReceive:android.intent.action.BATTERY_CHANGED
04-13 01:29:49.477: E/MtpService(5628): battPlugged Type : 2
04-13 01:29:49.477: D/STATUSBAR-PhoneStatusBar(2113): NORMAL_BATTERY
04-13 01:29:51.539: E/Watchdog(2010): !@Sync 351
04-13 01:29:59.567: D/BatteryService(2010): update start
04-13 01:29:59.567: D/BatteryService(2010): level:91 scale:100 status:2 health:2 present:true voltage: 4334 temperature: 311 technology: Li-ion AC powered:false USB powered:true icon:17303233 invalid charger:0
04-13 01:29:59.567: D/BatteryService(2010): turn on LED for charging
04-13 01:29:59.577: D/STATUSBAR-BatteryController(2113): onReceive() - ACTION_BATTERY_CHANGED
04-13 01:29:59.577: D/STATUSBAR-BatteryController(2113): onReceive() - level:91
04-13 01:29:59.577: D/STATUSBAR-BatteryController(2113): onReceive() - plugged:2
04-13 01:29:59.577: D/STATUSBAR-BatteryController(2113): onReceive() - BATTERY_STATUS_CHARGING:
04-13 01:29:59.577: D/STATUSBAR-PhoneStatusBar(2113): ACTION_BATTERY_CHANGED
04-13 01:29:59.577: D/STATUSBAR-PhoneStatusBar(2113): NORMAL_BATTERY
04-13 01:29:59.587: E/MtpService(5628): In MTPAPP onReceive:android.intent.action.BATTERY_CHANGED
04-13 01:29:59.587: E/MtpService(5628): battPlugged Type : 2
04-13 01:29:59.997: V/AlarmManager(2010): waitForAlarm result :8
04-13 01:30:00.007: V/AlarmManager(2010): ClockReceiver onReceive() ACTION_TIME_TICK
04-13 01:30:00.007: W/AlarmManager(2010): FACTORY_ON= 0
04-13 01:30:00.027: D/STATUSBAR-Clock(2113): onReceive() - ACTION_TIME_TICK
04-13 01:30:00.027: D/STATUSBAR-Clock(2113): onReceive() - ACTION_TIME_TICK
04-13 01:30:00.060: D/ClockAlarmWidgetService(8173): [ClockAlarmWidgetService] onReceive: action = android.intent.action.TIME_TICK
04-13 01:30:00.060: E/ClockAlarmWidget(8173): [AlarmWidgetIdManager] getListItem() : itemIndex=0, widgetID:1
04-13 01:30:00.060: E/ClockAlarmWidget(8173): [AlarmWidgetIdManager] getListItem() : ItemIndex exceed ListItemCount. itemIndex=1
04-13 01:30:00.060: E/ClockAlarmWidget(8173): [AlarmWidgetIdManager] getListItem() : itemIndex=1, widgetID:1
04-13 01:30:00.070: D/dalvikvm(8173): WAIT_FOR_CONCURRENT_GC blocked 0ms
04-13 01:30:00.110: D/dalvikvm(8173): GC_EXPLICIT freed 389K, 11% free 9383K/10439K, paused 3ms+4ms, total 41ms
04-13 01:30:00.130: D/ClockAlarmDataProvider(8173): getAlarm() - too many same ID alarm data. nCount: 0
04-13 01:30:00.140: D/ClockWidget(2010): refreshTime()
04-13 01:30:00.150: D/ClockWidget(2010): TTS Message = It is 1 : 30 AM, Saturday, April 13
04-13 01:30:09.188: V/AlarmManager(2010): waitForAlarm result :8
04-13 01:30:09.198: W/ThrottleService(2010): unable to find stats for iface rmnet0
04-13 01:30:09.208: W/AlarmManager(2010): FACTORY_ON= 0
04-13 01:30:09.608: D/BatteryService(2010): update start
04-13 01:30:19.758: D/BatteryService(2010): update start
04-13 01:30:21.530: E/Watchdog(2010): !@Sync 352
04-13 01:30:29.958: D/BatteryService(2010): update start
04-13 01:30:40.158: D/CircleLockScreen(2010): onRefreshBatteryInfo() showPatteryInfo: true pluggedIn: true batteryLevel: 92
04-13 01:30:40.158: D/BatteryService(2010): update start
04-13 01:30:40.158: D/BatteryService(2010): level:92 scale:100 status:2 health:2 present:true voltage: 4334 temperature: 311 technology: Li-ion AC powered:false USB powered:true icon:17303233 invalid charger:0
04-13 01:30:40.168: D/STATUSBAR-BatteryController(2113): onReceive() - ACTION_BATTERY_CHANGED
04-13 01:30:40.168: D/STATUSBAR-BatteryController(2113): onReceive() - level:92
04-13 01:30:40.168: D/STATUSBAR-BatteryController(2113): onReceive() - plugged:2
04-13 01:30:40.168: D/STATUSBAR-BatteryController(2113): onReceive() - BATTERY_STATUS_CHARGING:
04-13 01:30:40.168: D/STATUSBAR-PhoneStatusBar(2113): ACTION_BATTERY_CHANGED
04-13 01:30:40.168: D/STATUSBAR-PhoneStatusBar(2113): NORMAL_BATTERY
04-13 01:30:40.178: E/MtpService(5628): In MTPAPP onReceive:android.intent.action.BATTERY_CHANGED
04-13 01:30:40.178: E/MtpService(5628): battPlugged Type : 2
04-13 01:30:40.178: D/BatteryService(2010): turn on LED for charging
04-13 01:30:50.358: D/BatteryService(2010): update start
04-13 01:30:50.358: D/BatteryService(2010): level:92 scale:100 status:2 health:2 present:true voltage: 4334 temperature: 309 technology: Li-ion AC powered:false USB powered:true icon:17303233 invalid charger:0
04-13 01:30:50.358: D/BatteryService(2010): turn on LED for charging
04-13 01:30:50.368: D/STATUSBAR-BatteryController(2113): onReceive() - ACTION_BATTERY_CHANGED
04-13 01:30:50.368: D/STATUSBAR-BatteryController(2113): onReceive() - level:92
04-13 01:30:50.368: D/STATUSBAR-BatteryController(2113): onReceive() - plugged:2
04-13 01:30:50.368: D/STATUSBAR-BatteryController(2113): onReceive() - BATTERY_STATUS_CHARGING:
04-13 01:30:50.368: D/STATUSBAR-PhoneStatusBar(2113): ACTION_BATTERY_CHANGED
04-13 01:30:50.368: D/STATUSBAR-PhoneStatusBar(2113): NORMAL_BATTERY
04-13 01:30:50.378: E/MtpService(5628): In MTPAPP onReceive:android.intent.action.BATTERY_CHANGED
04-13 01:30:50.378: E/MtpService(5628): battPlugged Type : 2
04-13 01:30:51.539: E/Watchdog(2010): !@Sync 353
04-13 01:30:59.997: V/AlarmManager(2010): waitForAlarm result :8
04-13 01:31:00.007: V/AlarmManager(2010): ClockReceiver onReceive() ACTION_TIME_TICK
04-13 01:31:00.007: W/AlarmManager(2010): FACTORY_ON= 0
04-13 01:31:00.027: D/STATUSBAR-Clock(2113): onReceive() - ACTION_TIME_TICK
04-13 01:31:00.037: D/STATUSBAR-Clock(2113): onReceive() - ACTION_TIME_TICK
04-13 01:31:00.070: D/ClockAlarmWidgetService(8173): [ClockAlarmWidgetService] onReceive: action = android.intent.action.TIME_TICK
04-13 01:31:00.070: E/ClockAlarmWidget(8173): [AlarmWidgetIdManager] getListItem() : itemIndex=0, widgetID:1
04-13 01:31:00.070: E/ClockAlarmWidget(8173): [AlarmWidgetIdManager] getListItem() : ItemIndex exceed ListItemCount. itemIndex=1
04-13 01:31:00.070: E/ClockAlarmWidget(8173): [AlarmWidgetIdManager] getListItem() : itemIndex=1, widgetID:1
04-13 01:31:00.090: D/ClockAlarmDataProvider(8173): getAlarm() - too many same ID alarm data. nCount: 0
04-13 01:31:00.100: D/ClockWidget(2010): refreshTime()
04-13 01:31:00.100: D/ClockWidget(2010): TTS Message = It is 1 : 31 AM, Saturday, April 13
04-13 01:31:00.560: D/BatteryService(2010): update start
04-13 01:31:10.739: D/BatteryService(2010): update start
04-13 01:31:20.789: D/BatteryService(2010): update start
04-13 01:31:21.540: E/Watchdog(2010): !@Sync 354
04-13 01:31:30.829: D/BatteryService(2010): update start
04-13 01:31:40.969: D/BatteryService(2010): update start
04-13 01:31:40.969: D/BatteryService(2010): level:92 scale:100 status:2 health:2 present:true voltage: 4334 temperature: 307 technology: Li-ion AC powered:false USB powered:true icon:17303233 invalid charger:0
04-13 01:31:40.969: D/BatteryService(2010): turn on LED for charging
04-13 01:31:40.979: D/STATUSBAR-BatteryController(2113): onReceive() - ACTION_BATTERY_CHANGED
04-13 01:31:40.979: D/STATUSBAR-BatteryController(2113): onReceive() - level:92
04-13 01:31:40.979: D/STATUSBAR-BatteryController(2113): onReceive() - plugged:2
04-13 01:31:40.979: D/STATUSBAR-BatteryController(2113): onReceive() - BATTERY_STATUS_CHARGING:
04-13 01:31:40.979: D/STATUSBAR-PhoneStatusBar(2113): ACTION_BATTERY_CHANGED
04-13 01:31:40.979: D/STATUSBAR-PhoneStatusBar(2113): NORMAL_BATTERY
04-13 01:31:40.989: E/MtpService(5628): In MTPAPP onReceive:android.intent.action.BATTERY_CHANGED
04-13 01:31:40.989: E/MtpService(5628): battPlugged Type : 2
04-13 01:31:41.629: W/SignalStrength(2010): getGsmLevel=2
04-13 01:31:41.629: W/SignalStrength(2010): getLevel=2 (SignalStrength: 99 -1 -1 -1 -1 -1 -1 -1 -1 -1 -1 -1 gsm|lte 2)
04-13 01:31:41.629: W/SignalStrength(2113): getGsmLevel=2
04-13 01:31:41.629: W/SignalStrength(2113): getLevel=2 (SignalStrength: 99 -1 -1 -1 -1 -1 -1 -1 -1 -1 -1 -1 gsm|lte 2)
04-13 01:31:41.629: W/SignalStrength(2113): getGsmLevel=2
04-13 01:31:41.629: W/SignalStrength(2113): getLevel=2 (SignalStrength: 99 -1 -1 -1 -1 -1 -1 -1 -1 -1 -1 -1 gsm|lte 2)
04-13 01:31:41.629: D/STATUSBAR-NetworkController(2113): onSignalStrengthsChanged signalStrength=SignalStrength: 99 -1 -1 -1 -1 -1 -1 -1 -1 -1 -1 -1 gsm|lte 2 level=2
04-13 01:31:41.629: W/SignalStrength(2010): getGsmDbm=-1
04-13 01:31:41.629: W/SignalStrength(2010): getDbm=-1
04-13 01:31:41.629: D/STATUSBAR-NetworkController(2113): refreshSignalCluster: data=-1 bt=false
04-13 01:31:41.629: D/STATUSBAR-SignalClusterView(2113): mSeparateMobileGroup=8
04-13 01:31:41.629: D/STATUSBAR-SignalClusterView(2113): mSeparateMobileGroup=8
04-13 01:31:41.629: D/STATUSBAR-SignalClusterView(2113): mSeparateMobileGroup=8
04-13 01:31:41.639: W/SignalStrength(2010): getGsmAsuLevel=99
04-13 01:31:41.639: W/SignalStrength(2010): getAsuLevel=99
04-13 01:31:51.289: D/BatteryService(2010): update start
04-13 01:31:51.539: E/Watchdog(2010): !@Sync 355
04-13 01:31:59.997: V/AlarmManager(2010): waitForAlarm result :8
04-13 01:32:00.007: V/AlarmManager(2010): ClockReceiver onReceive() ACTION_TIME_TICK
04-13 01:32:00.007: W/AlarmManager(2010): FACTORY_ON= 0
04-13 01:32:00.017: D/STATUSBAR-Clock(2113): onReceive() - ACTION_TIME_TICK
04-13 01:32:00.027: D/STATUSBAR-Clock(2113): onReceive() - ACTION_TIME_TICK
04-13 01:32:00.060: D/ClockAlarmWidgetService(8173): [ClockAlarmWidgetService] onReceive: action = android.intent.action.TIME_TICK
04-13 01:32:00.060: E/ClockAlarmWidget(8173): [AlarmWidgetIdManager] getListItem() : itemIndex=0, widgetID:1
04-13 01:32:00.060: E/ClockAlarmWidget(8173): [AlarmWidgetIdManager] getListItem() : ItemIndex exceed ListItemCount. itemIndex=1
04-13 01:32:00.060: E/ClockAlarmWidget(8173): [AlarmWidgetIdManager] getListItem() : itemIndex=1, widgetID:1
04-13 01:32:00.070: D/dalvikvm(3673): WAIT_FOR_CONCURRENT_GC blocked 0ms
04-13 01:32:00.120: D/dalvikvm(3673): GC_EXPLICIT freed 249K, 9% free 9849K/10759K, paused 3ms+5ms, total 44ms
04-13 01:32:00.120: D/ClockAlarmDataProvider(8173): getAlarm() - too many same ID alarm data. nCount: 0
04-13 01:32:00.130: D/ClockWidget(2010): refreshTime()
04-13 01:32:00.140: D/ClockWidget(2010): TTS Message = It is 1 : 32 AM, Saturday, April 13
04-13 01:32:01.931: D/BatteryService(2010): update start
04-13 01:32:10.819: V/AlarmManager(2010): waitForAlarm result :12
04-13 01:32:10.859: V/AlarmManager(2010): trigger ELAPSED_REALTIME_WAKEUP or RTC_WAKEUP
04-13 01:32:10.869: V/AlarmManager(2010): trigger ELAPSED_REALTIME_WAKEUP or RTC_WAKEUP
04-13 01:32:10.869: W/AlarmManager(2010): FACTORY_ON= 0
04-13 01:32:10.909: W/CallerInfoCache(2235): Previous cache task is remaining.
04-13 01:32:10.960: D/dalvikvm(2493): GC_CONCURRENT freed 454K, 12% free 9665K/10887K, paused 3ms+2ms, total 37ms
04-13 01:32:11.971: D/BatteryService(2010): update start
04-13 01:32:21.550: E/Watchdog(2010): !@Sync 356
04-13 01:32:22.010: D/BatteryService(2010): update start
04-13 01:32:22.010: D/BatteryService(2010): level:92 scale:100 status:2 health:2 present:true voltage: 4332 temperature: 306 technology: Li-ion AC powered:false USB powered:true icon:17303233 invalid charger:0
04-13 01:32:22.020: D/STATUSBAR-BatteryController(2113): onReceive() - ACTION_BATTERY_CHANGED
04-13 01:32:22.020: D/STATUSBAR-BatteryController(2113): onReceive() - level:92
04-13 01:32:22.020: D/STATUSBAR-BatteryController(2113): onReceive() - plugged:2
04-13 01:32:22.020: D/STATUSBAR-BatteryController(2113): onReceive() - BATTERY_STATUS_CHARGING:
04-13 01:32:22.020: D/STATUSBAR-PhoneStatusBar(2113): ACTION_BATTERY_CHANGED
04-13 01:32:22.020: D/STATUSBAR-PhoneStatusBar(2113): NORMAL_BATTERY
04-13 01:32:22.030: E/MtpService(5628): In MTPAPP onReceive:android.intent.action.BATTERY_CHANGED
04-13 01:32:22.030: E/MtpService(5628): battPlugged Type : 2
04-13 01:32:22.040: D/BatteryService(2010): turn on LED for charging
04-13 01:32:31.289: I/wpa_supplicant(2796): State: COMPLETED -> GROUP_HANDSHAKE
04-13 01:32:31.289: I/wpa_supplicant(2796): CTRL-EVENT-STATE-CHANGE id=0 state=8 BSSID=00.00.00
04-13 01:32:31.289: I/wpa_supplicant(2796): 646C696E6B
04-13 01:32:31.289: I/wpa_supplicant(2796): WPA: Group rekeying completed with 00.3B.5B [GTK=TKIP]
04-13 01:32:31.289: I/wpa_supplicant(2796): State: GROUP_HANDSHAKE -> COMPLETED
04-13 01:32:31.289: I/wpa_supplicant(2796): CTRL-EVENT-STATE-CHANGE id=0 state=9 BSSID=00.00.00
