04-13 01:40:13.732: I/ADM(1694): 8: 11175784270: [OMXIL] omx_log:887 43DD1F60 [ocessing.spl]: SetParameter idx=AudioPcm
04-13 01:40:13.732: I/ADM(1694): 4: 11175784666: [OMXIL] omx_log:293 port=1 channels=1 eNumData=0 endian=1 interleave=1 bits=16 samplerate=48000
04-13 01:40:13.732: I/ADM(1694): 8: 11175784849: [OMXIL] omx_log:293 pcmMode=0 map[0]=3 map[1]=0 map[2]=0, map[3]=0, map[4]=0, map[5]=0
04-13 01:40:13.732: I/ADM(1694): 9: 11175785521: [OMXIL] omx_log:887 43DD1F60 [ocessing.spl]: SetParameter idx=AFM_IndexParamSpl
04-13 01:40:13.732: I/ADM(1694): 0: 11175786162: [OMXIL] omx_log:913 43DD1F60 [ocessing.spl]: SetConfig idx=OMX_IndexConfigSpllimit
04-13 01:40:13.732: I/ADM(1694): 1: 11175786802: [OMXIL] omx_log:913 43DD1F60 [ocessing.spl]: SetConfig idx=Volume
04-13 01:40:13.732: I/ADM(1694): 8: 11175787230: [OMXIL] omx_log:293 port=0 linear=0 volume=200 mB
04-13 01:40:13.732: I/ADM(1694): 8: 11175787810: [OMXIL] omx_log:913 43DD1F60 [ocessing.spl]: SetConfig idx=AFM_IndexConfigPcmProbe
04-13 01:40:13.742: I/ADM(1694): 1: 11175795683: [OMXIL] omx_log:256 4296AF58: GetHandle 'OMX.ST.AFM.IHF' pAD=410C4890 pCB=4013BD60 OK
04-13 01:40:13.742: I/ADM(1694): 6: 11175795927: [OMXIL] omx_log:957 4296AF58 [X.ST.AFM.IHF]: SendCommand PortDisable 1
04-13 01:40:13.742: I/ADM(1694): 7: 11175796599: [OMXIL] omx_log:256 4296AF58 [X.ST.AFM.IHF]: CB CmdComplete PortDisable 1
04-13 01:40:13.742: I/ADM(1694): 6: 11175797148: [OMXIL] omx_log:887 4296AF58 [X.ST.AFM.IHF]: SetParameter idx=AudioPcm
04-13 01:40:13.742: I/ADM(1694): 0: 11175797514: [OMXIL] omx_log:293 port=0 channels=1 eNumData=0 endian=1 interleave=1 bits=16 samplerate=48000
04-13 01:40:13.742: I/ADM(1694): 6: 11175797697: [OMXIL] omx_log:293 pcmMode=0 map[0]=3 map[1]=0 map[2]=0, map[3]=0, map[4]=0, map[5]=0
04-13 01:40:13.742: I/ADM(1694): 7: 11175798460: [OMXIL] omx_log:913 4296AF58 [X.ST.AFM.IHF]: SetConfig idx=AFM_IndexConfigPcmProbe
04-13 01:40:13.742: I/ADM(1694): 8: 11175799010: [INFO] dev_omx:2119 2 ports on IO handle
04-13 01:40:13.742: I/ADM(1694): 5: 11175799437: [OMXIL] omx_log:913 4296AF58 [X.ST.AFM.IHF]: SetConfig idx=AFM_IndexConfigPcmProbe
04-13 01:40:13.752: I/ADM(1694): 4: 11175799986: [OMXIL] omx_log:887 41269F60 [ST.AFM.mixer]: SetParameter idx=AFM_IndexParamBindingMemoryType
04-13 01:40:13.752: I/ADM(1694): 0: 11175800322: [OMXIL] omx_log:293 nPortIndex=1 memoryType=TCMX
04-13 01:40:13.752: I/ADM(1694): 9: 11175800841: [OMXIL] omx_log:887 41269F60 [ST.AFM.mixer]: SetParameter idx=AFM_IndexParamBindingMemoryType
04-13 01:40:13.752: I/ADM(1694): 3: 11175801085: [OMXIL] omx_log:293 nPortIndex=0 memoryType=TCMX
04-13 01:40:13.752: I/ADM(1694): 3: 11175801695: [OMXIL] omx_log:887 41269F60 [ST.AFM.mixer]: SetParameter idx=AudioPcm
04-13 01:40:13.752: I/ADM(1694): 0: 11175802122: [OMXIL] omx_log:293 port=0 channels=1 eNumData=0 endian=1 interleave=1 bits=16 samplerate=48000
04-13 01:40:13.752: I/ADM(1694): 4: 11175802336: [OMXIL] omx_log:293 pcmMode=0 map[0]=3 map[1]=0 map[2]=0, map[3]=0, map[4]=0, map[5]=0
04-13 01:40:13.752: I/ADM(1694): 4: 11175802916: [OMXIL] omx_log:913 41269F60 [ST.AFM.mixer]: SetConfig idx=AFM_IndexConfigPcmProbe
04-13 01:40:13.752: I/ADM(1694): 5: 11175803526: [OMXIL] omx_log:887 41269F60 [ST.AFM.mixer]: SetParameter idx=AudioPcm
04-13 01:40:13.752: I/ADM(1694): 2: 11175803953: [OMXIL] omx_log:293 port=1 channels=1 eNumData=0 endian=1 interleave=1 bits=16 samplerate=48000
04-13 01:40:13.752: I/ADM(1694): 6: 11175804167: [OMXIL] omx_log:293 pcmMode=0 map[0]=3 map[1]=0 map[2]=0, map[3]=0, map[4]=0, map[5]=0
04-13 01:40:13.752: I/ADM(1694): 6: 11175804808: [OMXIL] omx_log:913 41269F60 [ST.AFM.mixer]: SetConfig idx=AFM_IndexConfigPcmProbe
04-13 01:40:13.752: I/ADM(1694): 7: 11175805449: [OMXIL] omx_log:887 41269F60 [ST.AFM.mixer]: SetParameter idx=AudioPcm
04-13 01:40:13.752: I/ADM(1694): 4: 11175805876: [OMXIL] omx_log:293 port=2 channels=2 eNumData=0 endian=1 interleave=1 bits=16 samplerate=44100
04-13 01:40:13.752: I/ADM(1694): 7: 11175806059: [OMXIL] omx_log:293 pcmMode=0 map[0]=1 map[1]=2 map[2]=0, map[3]=0, map[4]=0, map[5]=0
04-13 01:40:13.752: I/ADM(1694): 8: 11175806669: [OMXIL] omx_log:913 41269F60 [ST.AFM.mixer]: SetConfig idx=AFM_IndexConfigPcmProbe
04-13 01:40:13.752: I/ADM(1694): 8: 11175807280: [OMXIL] omx_log:957 41269F60 [ST.AFM.mixer]: SendCommand PortDisable 1
04-13 01:40:13.752: I/ADM(1694): 7: 11175807829: [OMXIL] omx_log:256 41269F60 [ST.AFM.mixer]: CB CmdComplete PortDisable 1
04-13 01:40:13.752: I/ADM(1694): 4: 11175808226: [OMXIL] omx_log:957 41269F60 [ST.AFM.mixer]: SendCommand PortDisable 2
04-13 01:40:13.752: I/ADM(1694): 0: 11175808592: [OMXIL] omx_log:256 41269F60 [ST.AFM.mixer]: CB CmdComplete PortDisable 2
04-13 01:40:13.752: I/ADM(1694): 7: 11175808989: [OMXIL] omx_log:957 41269F60 [ST.AFM.mixer]: SendCommand PortDisable 3
04-13 01:40:13.752: I/ADM(1694): 4: 11175809416: [OMXIL] omx_log:256 41269F60 [ST.AFM.mixer]: CB CmdComplete PortDisable 3
04-13 01:40:13.752: I/ADM(1694): 1: 11175809813: [OMXIL] omx_log:957 41269F60 [ST.AFM.mixer]: SendCommand PortDisable 4
04-13 01:40:13.762: I/ADM(1694): 9: 11175810240: [OMXIL] omx_log:256 41269F60 [ST.AFM.mixer]: CB CmdComplete PortDisable 4
04-13 01:40:13.762: I/ADM(1694): 6: 11175810698: [OMXIL] omx_log:957 41269F60 [ST.AFM.mixer]: SendCommand PortDisable 5
04-13 01:40:13.762: I/ADM(1694): 2: 11175811064: [OMXIL] omx_log:256 41269F60 [ST.AFM.mixer]: CB CmdComplete PortDisable 5
04-13 01:40:13.762: I/ADM(1694): 9: 11175811461: [OMXIL] omx_log:957 41269F60 [ST.AFM.mixer]: SendCommand PortDisable 6
04-13 01:40:13.762: I/ADM(1694): 8: 11175812010: [OMXIL] omx_log:256 41269F60 [ST.AFM.mixer]: CB CmdComplete PortDisable 6
04-13 01:40:13.762: I/ADM(1694): 4: 11175812376: [OMXIL] omx_log:957 41269F60 [ST.AFM.mixer]: SendCommand PortDisable 7
04-13 01:40:13.762: I/ADM(1694): 1: 11175812742: [OMXIL] omx_log:256 41269F60 [ST.AFM.mixer]: CB CmdComplete PortDisable 7
04-13 01:40:13.762: I/ADM(1694): 7: 11175813139: [OMXIL] omx_log:957 41269F60 [ST.AFM.mixer]: SendCommand PortDisable 8
04-13 01:40:13.762: I/ADM(1694): 4: 11175813536: [OMXIL] omx_log:256 41269F60 [ST.AFM.mixer]: CB CmdComplete PortDisable 8
04-13 01:40:13.762: I/ADM(1694): 3: 11175814055: [OMXIL] omx_log:887 414B0008 [ADM.mixer ]: SetParameter idx=AudioPcm
04-13 01:40:13.762: I/ADM(1694): 6: 11175814268: [OMXIL] omx_log:293 port=0 channels=1 eNumData=0 endian=1 interleave=1 bits=16 samplerate=48000
04-13 01:40:13.762: I/ADM(1694): 2: 11175814604: [OMXIL] omx_log:293 pcmMode=0 map[0]=3 map[1]=0 map[2]=0, map[3]=0, map[4]=0, map[5]=0
04-13 01:40:13.762: I/ADM(1694): 6: 11175814818: [OMXIL] omx_log:913 414B0008 [ADM.mixer ]: SetConfig idx=AFM_IndexConfigPcmProbe
04-13 01:40:13.762: I/ADM(1694): 1: 11175815123: [OMXIL] omx_log:887 414B0008 [ADM.mixer ]: SetParameter idx=AFM_IndexParamSrcMode
04-13 01:40:13.762: I/ADM(1694): 5: 11175815336: [OMXIL] omx_log:293 nPortIndex=0 nSrcMode=Custom1
04-13 01:40:13.762: I/ADM(1694): 1: 11175815733: [OMXIL] omx_log:887 414B0008 [ADM.mixer ]: SetParameter idx=AudioPcm
04-13 01:40:13.762: I/ADM(1694): 5: 11175815916: [OMXIL] omx_log:293 port=1 channels=2 eNumData=0 endian=1 interleave=1 bits=16 samplerate=44100
04-13 01:40:13.762: I/ADM(1694): 1: 11175816282: [OMXIL] omx_log:293 pcmMode=0 map[0]=1 map[1]=2 map[2]=0, map[3]=0, map[4]=0, map[5]=0
04-13 01:40:13.762: I/ADM(1694): 4: 11175816466: [OMXIL] omx_log:913 414B0008 [ADM.mixer ]: SetConfig idx=AFM_IndexConfigPcmProbe
04-13 01:40:13.762: I/ADM(1694): 0: 11175816832: [OMXIL] omx_log:887 414B0008 [ADM.mixer ]: SetParameter idx=AFM_IndexParamSrcMode
04-13 01:40:13.762: I/ADM(1694): 3: 11175817015: [OMXIL] omx_log:293 nPortIndex=1 nSrcMode=Custom1
04-13 01:40:13.762: I/ADM(1694): 9: 11175817320: [OMXIL] omx_log:887 414B0008 [ADM.mixer ]: SetParameter idx=OMX_IndexParamAudioSynchronized
04-13 01:40:13.762: I/ADM(1694): 2: 11175817534: [OMXIL] omx_log:293 port=1 bIsSynchronized=1
04-13 01:40:13.762: I/ADM(1694): 9: 11175817900: [OMXIL] omx_log:887 414B0008 [ADM.mixer ]: SetParameter idx=AudioPcm
04-13 01:40:13.762: I/ADM(1694): 2: 11175818114: [OMXIL] omx_log:293 port=2 channels=2 eNumData=0 endian=1 interleave=1 bits=16 samplerate=44100
04-13 01:40:13.762: I/ADM(1694): 8: 11175818449: [OMXIL] omx_log:293 pcmMode=0 map[0]=1 map[1]=2 map[2]=0, map[3]=0, map[4]=0, map[5]=0
04-13 01:40:13.762: I/ADM(1694): 1: 11175818663: [OMXIL] omx_log:913 414B0008 [ADM.mixer ]: SetConfig idx=AFM_IndexConfigPcmProbe
04-13 01:40:13.762: I/ADM(1694): 8: 11175819060: [OMXIL] omx_log:887 414B0008 [ADM.mixer ]: SetParameter idx=AFM_IndexParamSrcMode
04-13 01:40:13.762: I/ADM(1694): 1: 11175819243: [OMXIL] omx_log:293 nPortIndex=2 nSrcMode=Custom1
04-13 01:40:13.762: I/ADM(1694): 7: 11175819548: [OMXIL] omx_log:887 414B0008 [ADM.mixer ]: SetParameter idx=OMX_IndexParamAudioSynchronized
04-13 01:40:13.762: I/ADM(1694): 0: 11175819761: [OMXIL] omx_log:293 port=2 bIsSynchronized=1
04-13 01:40:13.772: I/ADM(1694): 8: 11175820250: [OMXIL] omx_log:887 414B0008 [ADM.mixer ]: SetParameter idx=AudioPcm
04-13 01:40:13.772: I/ADM(1694): 2: 11175820463: [OMXIL] omx_log:293 port=3 channels=2 eNumData=0 endian=1 interleave=1 bits=16 samplerate=44100
04-13 01:40:13.772: I/ADM(1694): 8: 11175820860: [OMXIL] omx_log:293 pcmMode=0 map[0]=1 map[1]=2 map[2]=0, map[3]=0, map[4]=0, map[5]=0
04-13 01:40:13.772: I/ADM(1694): 2: 11175821043: [OMXIL] omx_log:913 414B0008 [ADM.mixer ]: SetConfig idx=AFM_IndexConfigPcmProbe
04-13 01:40:13.772: I/ADM(1694): 8: 11175821409: [OMXIL] omx_log:887 414B0008 [ADM.mixer ]: SetParameter idx=AFM_IndexParamSrcMode
04-13 01:40:13.772: I/ADM(1694): 1: 11175821593: [OMXIL] omx_log:293 nPortIndex=3 nSrcMode=Custom1
04-13 01:40:13.772: I/ADM(1694): 4: 11175821776: [OMXIL] omx_log:887 414B0008 [ADM.mixer ]: SetParameter idx=OMX_IndexParamAudioSynchronized
04-13 01:40:13.772: I/ADM(1694): 0: 11175822142: [OMXIL] omx_log:293 port=3 bIsSynchronized=1
04-13 01:40:13.772: I/ADM(1694): 5: 11175822417: [OMXIL] omx_log:887 414B0008 [ADM.mixer ]: SetParameter idx=AudioPcm
04-13 01:40:13.772: I/ADM(1694): 8: 11175822600: [OMXIL] omx_log:293 port=4 channels=2 eNumData=0 endian=1 interleave=1 bits=16 samplerate=44100
04-13 01:40:13.772: I/ADM(1694): 4: 11175822935: [OMXIL] omx_log:293 pcmMode=0 map[0]=1 map[1]=2 map[2]=0, map[3]=0, map[4]=0, map[5]=0
04-13 01:40:13.772: I/ADM(1694): 7: 11175823118: [OMXIL] omx_log:913 414B0008 [ADM.mixer ]: SetConfig idx=AFM_IndexConfigPcmProbe
04-13 01:40:13.772: I/ADM(1694): 3: 11175823485: [OMXIL] omx_log:887 414B0008 [ADM.mixer ]: SetParameter idx=AFM_IndexParamSrcMode
04-13 01:40:13.772: I/ADM(1694): 8: 11175823790: [OMXIL] omx_log:293 nPortIndex=4 nSrcMode=Custom1
04-13 01:40:13.772: I/ADM(1694): 2: 11175824003: [OMXIL] omx_log:887 414B0008 [ADM.mixer ]: SetParameter idx=OMX_IndexParamAudioSynchronized
04-13 01:40:13.772: I/ADM(1694): 7: 11175824309: [OMXIL] omx_log:293 port=4 bIsSynchronized=1
04-13 01:40:13.772: I/ADM(1694): 1: 11175824553: [OMXIL] omx_log:887 414B0008 [ADM.mixer ]: SetParameter idx=AudioPcm
04-13 01:40:13.772: I/ADM(1694): 7: 11175824919: [OMXIL] omx_log:293 port=5 channels=2 eNumData=0 endian=1 interleave=1 bits=16 samplerate=44100
04-13 01:40:13.772: I/ADM(1694): 0: 11175825102: [OMXIL] omx_log:293 pcmMode=0 map[0]=1 map[1]=2 map[2]=0, map[3]=0, map[4]=0, map[5]=0
04-13 01:40:13.772: I/ADM(1694): 5: 11175825407: [OMXIL] omx_log:913 414B0008 [ADM.mixer ]: SetConfig idx=AFM_IndexConfigPcmProbe
04-13 01:40:13.772: I/ADM(1694): 9: 11175825621: [OMXIL] omx_log:887 414B0008 [ADM.mixer ]: SetParameter idx=AFM_IndexParamSrcMode
04-13 01:40:13.772: I/ADM(1694): 7: 11175826079: [OMXIL] omx_log:293 nPortIndex=5 nSrcMode=Custom1
04-13 01:40:13.772: I/ADM(1694): 0: 11175826262: [OMXIL] omx_log:887 414B0008 [ADM.mixer ]: SetParameter idx=OMX_IndexParamAudioSynchronized
04-13 01:40:13.772: I/ADM(1694): 6: 11175826628: [OMXIL] omx_log:293 port=5 bIsSynchronized=1
04-13 01:40:13.772: I/ADM(1694): 1: 11175826872: [OMXIL] omx_log:887 414B0008 [ADM.mixer ]: SetParameter idx=AudioPcm
04-13 01:40:13.772: I/ADM(1694): 7: 11175827238: [OMXIL] omx_log:293 port=6 channels=2 eNumData=0 endian=1 interleave=1 bits=16 samplerate=44100
04-13 01:40:13.772: I/ADM(1694): 0: 11175827452: [OMXIL] omx_log:293 pcmMode=0 map[0]=1 map[1]=2 map[2]=0, map[3]=0, map[4]=0, map[5]=0
04-13 01:40:13.772: I/ADM(1694): 3: 11175827757: [OMXIL] omx_log:913 414B0008 [ADM.mixer ]: SetConfig idx=AFM_IndexConfigPcmProbe
04-13 01:40:13.772: I/ADM(1694): 9: 11175827971: [OMXIL] omx_log:887 414B0008 [ADM.mixer ]: SetParameter idx=AFM_IndexParamSrcMode
04-13 01:40:13.772: I/ADM(1694): 4: 11175828276: [OMXIL] omx_log:293 nPortIndex=6 nSrcMode=Custom1
04-13 01:40:13.772: I/ADM(1694): 7: 11175828459: [OMXIL] omx_log:887 414B0008 [ADM.mixer ]: SetParameter idx=OMX_IndexParamAudioSynchronized
04-13 01:40:13.772: I/ADM(1694): 2: 11175828734: [OMXIL] omx_log:293 port=6 bIsSynchronized=1
04-13 01:40:13.772: I/ADM(1694): 6: 11175828978: [OMXIL] omx_log:887 414B0008 [ADM.mixer ]: SetParameter idx=AudioPcm
04-13 01:40:13.772: I/ADM(1694): 2: 11175829344: [OMXIL] omx_log:293 port=7 channels=2 eNumData=0 endian=1 interleave=1 bits=16 samplerate=44100
04-13 01:40:13.772: I/ADM(1694): 5: 11175829527: [OMXIL] omx_log:293 pcmMode=0 map[0]=1 map[1]=2 map[2]=0, map[3]=0, map[4]=0, map[5]=0
04-13 01:40:13.772: I/ADM(1694): 0: 11175829832: [OMXIL] omx_log:913 414B0008 [ADM.mixer ]: SetConfig idx=AFM_IndexConfigPcmProbe
04-13 01:40:13.782: I/ADM(1694): 4: 11175830260: [OMXIL] omx_log:887 414B0008 [ADM.mixer ]: SetParameter idx=AFM_IndexParamSrcMode
04-13 01:40:13.782: I/ADM(1694): 1: 11175830473: [OMXIL] omx_log:293 nPortIndex=7 nSrcMode=Custom1
04-13 01:40:13.782: I/ADM(1694): 6: 11175830778: [OMXIL] omx_log:887 414B0008 [ADM.mixer ]: SetParameter idx=OMX_IndexParamAudioSynchronized
04-13 01:40:13.782: I/ADM(1694): 0: 11175830931: [OMXIL] omx_log:293 port=7 bIsSynchronized=1
04-13 01:40:13.782: I/ADM(1694): 6: 11175831328: [OMXIL] omx_log:887 414B0008 [ADM.mixer ]: SetParameter idx=AudioPcm
04-13 01:40:13.782: I/ADM(1694): 9: 11175831511: [OMXIL] omx_log:293 port=8 channels=2 eNumData=0 endian=1 interleave=1 bits=16 samplerate=44100
04-13 01:40:13.782: I/ADM(1694): 5: 11175831846: [OMXIL] omx_log:293 pcmMode=0 map[0]=1 map[1]=2 map[2]=0, map[3]=0, map[4]=0, map[5]=0
04-13 01:40:13.782: I/ADM(1694): 8: 11175832060: [OMXIL] omx_log:913 414B0008 [ADM.mixer ]: SetConfig idx=AFM_IndexConfigPcmProbe
04-13 01:40:13.782: I/ADM(1694): 4: 11175832365: [OMXIL] omx_log:887 414B0008 [ADM.mixer ]: SetParameter idx=AFM_IndexParamSrcMode
04-13 01:40:13.782: I/ADM(1694): 7: 11175832548: [OMXIL] omx_log:293 nPortIndex=8 nSrcMode=Custom1
04-13 01:40:13.782: I/ADM(1694): 2: 11175832854: [OMXIL] omx_log:887 414B0008 [ADM.mixer ]: SetParameter idx=OMX_IndexParamAudioSynchronized
04-13 01:40:13.782: I/ADM(1694): 5: 11175833037: [OMXIL] omx_log:293 port=8 bIsSynchronized=1
04-13 01:40:13.782: I/ADM(1694): 0: 11175833342: [OMXIL] omx_log:957 414B0008 [ADM.mixer ]: SendCommand PortDisable 1
04-13 01:40:13.782: I/ADM(1694): 4: 11175833555: [OMXIL] omx_log:256 414B0008 [ADM.mixer ]: CB CmdComplete PortDisable 1
04-13 01:40:13.782: I/ADM(1694): 0: 11175833891: [OMXIL] omx_log:957 414B0008 [ADM.mixer ]: SendCommand PortDisable 2
04-13 01:40:13.782: I/ADM(1694): 7: 11175834349: [OMXIL] omx_log:256 414B0008 [ADM.mixer ]: CB CmdComplete PortDisable 2
04-13 01:40:13.782: I/ADM(1694): 1: 11175834563: [OMXIL] omx_log:957 414B0008 [ADM.mixer ]: SendCommand PortDisable 3
04-13 01:40:13.782: I/ADM(1694): 7: 11175834929: [OMXIL] omx_log:256 414B0008 [ADM.mixer ]: CB CmdComplete PortDisable 3
04-13 01:40:13.782: I/ADM(1694): 0: 11175835142: [OMXIL] omx_log:957 414B0008 [ADM.mixer ]: SendCommand PortDisable 4
04-13 01:40:13.782: I/ADM(1694): 7: 11175835509: [OMXIL] omx_log:256 414B0008 [ADM.mixer ]: CB CmdComplete PortDisable 4
04-13 01:40:13.782: I/ADM(1694): 0: 11175835692: [OMXIL] omx_log:957 414B0008 [ADM.mixer ]: SendCommand PortDisable 5
04-13 01:40:13.782: I/ADM(1694): 5: 11175835997: [OMXIL] omx_log:256 414B0008 [ADM.mixer ]: CB CmdComplete PortDisable 5
04-13 01:40:13.782: I/ADM(1694): 9: 11175836210: [OMXIL] omx_log:957 414B0008 [ADM.mixer ]: SendCommand PortDisable 6
04-13 01:40:13.782: I/ADM(1694): 5: 11175836577: [OMXIL] omx_log:256 414B0008 [ADM.mixer ]: CB CmdComplete PortDisable 6
04-13 01:40:13.782: I/ADM(1694): 8: 11175836760: [OMXIL] omx_log:957 414B0008 [ADM.mixer ]: SendCommand PortDisable 7
04-13 01:40:13.782: I/ADM(1694): 4: 11175837095: [OMXIL] omx_log:256 414B0008 [ADM.mixer ]: CB CmdComplete PortDisable 7
04-13 01:40:13.782: I/ADM(1694): 7: 11175837279: [OMXIL] omx_log:957 414B0008 [ADM.mixer ]: SendCommand PortDisable 8
04-13 01:40:13.782: I/ADM(1694): 2: 11175837614: [OMXIL] omx_log:256 414B0008 [ADM.mixer ]: CB CmdComplete PortDisable 8
04-13 01:40:13.782: I/ADM(1694): 8: 11175837919: [OMXIL] omx_log:887 414B0008 [ADM.mixer ]: SetParameter idx=PortDefinition
04-13 01:40:13.782: I/ADM(1694): 1: 11175838103: [OMXIL] omx_log:293 port=0 dir=1 act=3 min=3 sz=3072 enabled=1 pop=0 domain=0 bcont=0 align=0
04-13 01:40:13.782: I/ADM(1694): 6: 11175838438: [OMXIL] omx_log:293 mime=(null) natread=0 conceal=0 encoding=2
04-13 01:40:13.782: I/ADM(1694): 4: 11175838865: [OMXIL] omx_log:887 432A8F80 [ocessing.spl]: SetParameter idx=PortDefinition
04-13 01:40:13.782: I/ADM(1694): 7: 11175839049: [OMXIL] omx_log:293 port=0 dir=0 act=2 min=2 sz=3072 enabled=1 pop=0 domain=0 bcont=0 align=0
04-13 01:40:13.782: I/ADM(1694): 3: 11175839384: [OMXIL] omx_log:293 mime=(null) natread=0 conceal=0 encoding=2
04-13 01:40:13.792: I/ADM(1694): 7: 11175840300: [OMXIL] omx_log:887 432A8F80 [ocessing.spl]: SetParameter idx=PortDefinition
04-13 01:40:13.792: I/ADM(1694): 4: 11175840666: [OMXIL] omx_log:293 port=1 dir=1 act=2 min=2 sz=3072 enabled=1 pop=0 domain=0 bcont=0 align=1129807576
04-13 01:40:13.792: I/ADM(1694): 7: 11175840849: [OMXIL] omx_log:293 mime=(null) natread=0 conceal=0 encoding=2
04-13 01:40:13.792: I/ADM(1694): 1: 11175841643: [OMXIL] omx_log:887 41269F60 [ST.AFM.mixer]: SetParameter idx=PortDefinition
04-13 01:40:13.792: I/ADM(1694): 7: 11175842009: [OMXIL] omx_log:293 port=1 dir=0 act=3 min=2 sz=3072 enabled=0 pop=0 domain=0 bcont=0 align=112
04-13 01:40:13.792: I/ADM(1694): 0: 11175842192: [OMXIL] omx_log:293 mime=(null) natread=0 conceal=0 encoding=2
04-13 01:40:13.792: E/ENSWrapper(1694): return OMX_ErrorNotImplemented - GetExtensionIndex OMX.ST.AFM.pcmprocessing.spl h=0x432a8f80 cParameterName=STE.ADM IndexType=unknown OMX_INDEXTYPE [ 0x7212df47 ]
04-13 01:40:13.792: I/ADM(1694): 9: 11175843870: [OMXIL] omx_log:256 SetupTunnel 414B0008[ADM.mixer].0 -> 432A8F80[ocessing.spl].0 --> OK
04-13 01:40:13.792: I/ADM(1694): 7: 11175844328: [OMXIL] omx_log:957 432A8F80 [ocessing.spl]: SendCommand PortDisable 1
04-13 01:40:13.792: I/ADM(1694): 4: 11175844725: [OMXIL] omx_log:256 432A8F80 [ocessing.spl]: CB CmdComplete PortDisable 1
04-13 01:40:13.792: I/ADM(1694): 1: 11175846403: [OMXIL] omx_log:256 SetupTunnel 43DD1F60[ocessing.spl].1 -> 4296AF58[X.ST.AFM.IHF].0 --> OK
04-13 01:40:13.792: I/ADM(1694): 9: 11175848021: [OMXIL] omx_log:256 SetupTunnel 41269F60[ST.AFM.mixer].0 -> 43DD1F60[ocessing.spl].0 --> OK
04-13 01:40:13.792: I/ADM(1694): 6: 11175848448: [OMXIL] omx_log:954 4296AF58 [X.ST.AFM.IHF]: SendCommand StateSet StateIdle
04-13 01:40:13.792: I/ADM(1694): 4: 11175849516: [OMXIL] omx_log:954 43DD1F60 [ocessing.spl]: SendCommand StateSet StateIdle
04-13 01:40:13.802: I/ADM(1694): 3: 11175850615: [OMXIL] omx_log:954 41269F60 [ST.AFM.mixer]: SendCommand StateSet StateIdle
04-13 01:40:13.802: I/ADM(1694): 4: 11175851866: [OMXIL] omx_log:954 432A8F80 [ocessing.spl]: SendCommand StateSet StateIdle
04-13 01:40:13.802: I/ADM(1694): 4: 11175852446: [OMXIL] omx_log:954 414B0008 [ADM.mixer ]: SendCommand StateSet StateIdle
04-13 01:40:13.802: I/ADM(1694): 7: 11175853789: [OMXIL] omx_log:256 414B0008 [ADM.mixer ]: CB CmdComplete StateSet StateIdle
04-13 01:40:13.832: I/ADM(1694): 5: 11175888457: [OMXIL] omx_log:256 4296AF58 [X.ST.AFM.IHF]: CB CmdComplete StateSet StateIdle
04-13 01:40:13.842: I/ADM(1694): 0: 11175897001: [OMXIL] omx_log:256 43DD1F60 [ocessing.spl]: CB CmdComplete StateSet StateIdle
04-13 01:40:13.852: D/dalvikvm(2010): GC_FOR_ALLOC freed 678K, 55% free 16373K/35911K, paused 181ms, total 187ms
04-13 01:40:13.852: I/ADM(1694): 5: 11175907347: [OMXIL] omx_log:256 41269F60 [ST.AFM.mixer]: CB CmdComplete StateSet StateIdle
04-13 01:40:13.892: I/ADM(1694): 6: 11175942198: [OMXIL] omx_log:256 432A8F80 [ocessing.spl]: CB CmdComplete StateSet StateIdle
04-13 01:40:13.892: I/ADM(1694): 3: 11175942595: [OMXIL] omx_log:954 4296AF58 [X.ST.AFM.IHF]: SendCommand StateSet StateExecuting
04-13 01:40:13.892: D/Launcher.HomeFragment(2290): onPause
04-13 01:40:13.892: D/widget(2290): [MSC_HERO_Accu_JB]>>> WC:1218 [0:0] fireOP
04-13 01:40:13.892: I/ADM(1694): 6: 11175945097: [OMXIL] omx_log:256 4296AF58 [X.ST.AFM.IHF]: CB CmdComplete StateSet StateExecuting
04-13 01:40:13.892: I/ADM(1694): 2: 11175945494: [OMXIL] omx_log:954 43DD1F60 [ocessing.spl]: SendCommand StateSet StateExecuting
04-13 01:40:13.892: I/ADM(1694): 2: 11175946074: [OMXIL] omx_log:256 43DD1F60 [ocessing.spl]: CB CmdComplete StateSet StateExecuting
04-13 01:40:13.892: I/ADM(1694): 0: 11175946531: [OMXIL] omx_log:954 41269F60 [ST.AFM.mixer]: SendCommand StateSet StateExecuting
04-13 01:40:13.892: I/ADM(1694): 9: 11175947081: [OMXIL] omx_log:256 41269F60 [ST.AFM.mixer]: CB CmdComplete StateSet StateExecuting
04-13 01:40:13.892: I/ADM(1694): 8: 11175947294: [OMXIL] omx_log:954 432A8F80 [ocessing.spl]: SendCommand StateSet StateExecuting
04-13 01:40:13.892: I/ADM(1694): 2: 11175947813: [OMXIL] omx_log:256 432A8F80 [ocessing.spl]: CB CmdComplete StateSet StateExecuting
04-13 01:40:13.892: I/ADM(1694): 0: 11175948118: [OMXIL] omx_log:954 414B0008 [ADM.mixer ]: SendCommand StateSet StateExecuting
04-13 01:40:13.892: I/ADM(1694): 8: 11175948179: [OMXIL] omx_log:256 414B0008 [ADM.mixer ]: CB CmdComplete StateSet StateExecuting
04-13 01:40:13.892: I/ADM(1694): 5: 11175948576: [OMXIL] omx_log:887 41269F60 [ST.AFM.mixer]: SetParameter idx=OMX_IndexParamAudioSynchronized
04-13 01:40:13.892: I/ADM(1694): 5: 11175948637: [OMXIL] omx_log:293 port=1 bIsSynchronized=1
04-13 01:40:13.892: I/ADM(1694): 1: 11175948973: [OMXIL] omx_log:887 432A8F80 [ocessing.spl]: SetParameter idx=AudioPcm
04-13 01:40:13.892: I/ADM(1694): 2: 11175949003: [OMXIL] omx_log:293 port=1 channels=1 eNumData=0 endian=1 interleave=1 bits=16 samplerate=48000
04-13 01:40:13.892: I/ADM(1694): 3: 11175949064: [OMXIL] omx_log:293 pcmMode=0 map[0]=3 map[1]=0 map[2]=0, map[3]=0, map[4]=0, map[5]=0
04-13 01:40:13.892: I/ADM(1694): 7: 11175949339: [OMXIL] omx_log:887 41269F60 [ST.AFM.mixer]: SetParameter idx=AudioPcm
04-13 01:40:13.892: I/ADM(1694): 8: 11175949370: [OMXIL] omx_log:293 port=1 channels=1 eNumData=0 endian=1 interleave=1 bits=16 samplerate=48000
04-13 01:40:13.892: I/ADM(1694): 9: 11175949400: [OMXIL] omx_log:293 pcmMode=0 map[0]=3 map[1]=0 map[2]=0, map[3]=0, map[4]=0, map[5]=0
04-13 01:40:13.902: D/Launcher(2290): onPause, Launcher: 1109032568
04-13 01:40:13.902: D/widget(2290): [MSC_HERO_Accu_JB]>>> WC:1028 [0:0] onPause
04-13 01:40:13.902: I/ADM(1694): 6: 11175956297: [OMXIL] omx_log:256 SetupTunnel 432A8F80[ocessing.spl].1 -> 41269F60[ST.AFM.mixer].1 --> OK
04-13 01:40:13.902: I/ADM(1694): 8: 11175956450: [OMXIL] omx_log:957 41269F60 [ST.AFM.mixer]: SendCommand PortEnable 1
04-13 01:40:13.912: I/ApplicationUsage(2010): handleMessage : MSG_UPDATE_USAGE_DB
04-13 01:40:13.912: I/ApplicationUsage(2010): Updating Usage Statistics in DB @ 1365788413919
04-13 01:40:13.912: I/ADM(1694): 3: 11175968535: [OMXIL] omx_log:256 41269F60 [ST.AFM.mixer]: CB CmdComplete PortEnable 1
04-13 01:40:13.912: I/ADM(1694): 0: 11175968962: [OMXIL] omx_log:957 432A8F80 [ocessing.spl]: SendCommand PortEnable 1
04-13 01:40:13.922: V/TaskCloserActivity(4660): TaskCloserActivity onReceive() - com.sec.android.intent.action.HOME_PAUSE
04-13 01:40:13.952: I/ADM(1694): 6: 11176001768: [OMXIL] omx_log:256 432A8F80 [ocessing.spl]: CB CmdComplete PortEnable 1
04-13 01:40:13.952: I/ADM(1694): 2: 11176002043: [OMXIL] omx_log:573 Unknown index (not all mapped): 0x7F00600B
04-13 01:40:13.952: I/ADM(1694): 3: 11176002104: [INFO] dev:501 open dev OK, device handle: 101
04-13 01:40:13.952: I/ADM(1694): 3: 11176002165: [INFO] dev:512 >>> LEAVE dev_open(Speaker, 0) --> 101 0
04-13 01:40:13.952: I/ADM(1694): 5: 11176002226: [INFO] dev:306 setting /data/local/tmp/rme_act_adm to 0
04-13 01:40:13.952: I/ADM(1694): 9: 11176002531: [OMXIL] omx_log:256 45A75F80: GetHandle 'ADM.splitter' pAD=40FEA008 pCB=4013BD60 OK
04-13 01:40:13.952: I/ADM(1694): 1: 11176002592: [OMXIL] omx_log:887 45A75F80 [ADM.splitter]: SetParameter idx=AudioPcm
04-13 01:40:13.952: I/ADM(1694): 1: 11176002653: [OMXIL] omx_log:293 port=0 channels=2 eNumData=0 endian=1 interleave=1 bits=16 samplerate=44100
04-13 01:40:13.952: I/ADM(1694): 2: 11176002684: [OMXIL] omx_log:293 pcmMode=0 map[0]=1 map[1]=2 map[2]=0, map[3]=0, map[4]=0, map[5]=0
04-13 01:40:13.952: I/ADM(1694): 3: 11176002745: [OMXIL] omx_log:887 45A75F80 [ADM.splitter]: SetParameter idx=AudioPcm
04-13 01:40:13.952: I/ADM(1694): 4: 11176002775: [OMXIL] omx_log:293 port=1 channels=2 eNumData=0 endian=1 interleave=1 bits=16 samplerate=44100
04-13 01:40:13.952: I/ADM(1694): 5: 11176002806: [OMXIL] omx_log:293 pcmMode=0 map[0]=1 map[1]=2 map[2]=0, map[3]=0, map[4]=0, map[5]=0
04-13 01:40:13.952: I/ADM(1694): 5: 11176002867: [OMXIL] omx_log:957 45A75F80 [ADM.splitter]: SendCommand PortDisable 0
04-13 01:40:13.952: I/ADM(1694): 6: 11176002897: [OMXIL] omx_log:256 45A75F80 [ADM.splitter]: CB CmdComplete PortDisable 0
04-13 01:40:13.952: I/ADM(1694): 7: 11176002958: [OMXIL] omx_log:957 45A75F80 [ADM.splitter]: SendCommand PortDisable 1
04-13 01:40:13.952: I/ADM(1694): 8: 11176002989: [OMXIL] omx_log:256 45A75F80 [ADM.splitter]: CB CmdComplete PortDisable 1
04-13 01:40:13.952: I/ADM(1694): 8: 11176003050: [OMXIL] omx_log:957 45A75F80 [ADM.splitter]: SendCommand PortDisable 2
04-13 01:40:13.952: I/ADM(1694): 9: 11176003081: [OMXIL] omx_log:256 45A75F80 [ADM.splitter]: CB CmdComplete PortDisable 2
04-13 01:40:13.952: I/ADM(1694): 0: 11176003142: [OMXIL] omx_log:887 45A75F80 [ADM.splitter]: SetParameter idx=OMX_IndexParamAudioSynchronized
04-13 01:40:13.952: I/ADM(1694): 1: 11176003172: [OMXIL] omx_log:293 port=1 bIsSynchronized=1
04-13 01:40:13.952: I/ADM(1694): 1: 11176003203: [OMXIL] omx_log:887 45A75F80 [ADM.splitter]: SetParameter idx=OMX_IndexParamAudioSynchronized
04-13 01:40:13.952: I/ADM(1694): 2: 11176003233: [OMXIL] omx_log:293 port=2 bIsSynchronized=1
04-13 01:40:13.952: I/ADM(1694): 2: 11176003294: [OMXIL] omx_log:954 45A75F80 [ADM.splitter]: SendCommand StateSet StateIdle
04-13 01:40:13.952: I/ADM(1694): 3: 11176003325: [OMXIL] omx_log:256 45A75F80 [ADM.splitter]: CB CmdComplete StateSet StateIdle
04-13 01:40:13.952: I/ADM(1694): 4: 11176003386: [OMXIL] omx_log:954 45A75F80 [ADM.splitter]: SendCommand StateSet StateExecuting
04-13 01:40:13.952: I/ADM(1694): 4: 11176003416: [OMXIL] omx_log:256 45A75F80 [ADM.splitter]: CB CmdComplete StateSet StateExecuting
04-13 01:40:13.952: I/ADM(1694): 5: 11176003447: [OMXIL] omx_log:887 45A75F80 [ADM.splitter]: SetParameter idx=PortDefinition
04-13 01:40:13.952: I/ADM(1694): 6: 11176003508: [OMXIL] omx_log:293 port=0 dir=0 act=3 min=3 sz=3904 enabled=0 pop=0 domain=0 bcont=0 align=0
04-13 01:40:13.952: I/ADM(1694): 6: 11176003538: [OMXIL] omx_log:293 mime=(null) natread=0 conceal=0 encoding=2
04-13 01:40:13.952: I/ADM(1694): 7: 11176003569: [OMXIL] omx_log:887 45A75F80 [ADM.splitter]: SetParameter idx=OMX_IndexParamAudioSynchronized
04-13 01:40:13.952: I/ADM(1694): 8: 11176003599: [OMXIL] omx_log:293 port=0 bIsSynchronized=0
04-13 01:40:13.952: I/ADM(1694): 9: 11176003660: [OMXIL] omx_log:957 45A75F80 [ADM.splitter]: SendCommand PortEnable 0
04-13 01:40:13.952: I/ADM(1694): 2: 11176003874: [OMXIL] omx_log:1160 45A75F80 [ADM.splitter]: UseBuffer hdr=0 port=0 priv=0 bytes=3904 buf=40FF2000
04-13 01:40:13.952: I/ADM(1694): 3: 11176003935: [OMXIL] omx_log:1160 45A75F80 [ADM.splitter]: UseBuffer hdr=0 port=0 priv=0 bytes=3904 buf=40FF2F40
04-13 01:40:13.952: I/ADM(1694): 4: 11176003966: [OMXIL] omx_log:1160 45A75F80 [ADM.splitter]: UseBuffer hdr=0 port=0 priv=0 bytes=3904 buf=40FF3E80
04-13 01:40:13.952: I/ADM(1694): 5: 11176003996: [OMXIL] omx_log:256 45A75F80 [ADM.splitter]: CB CmdComplete PortEnable 0
04-13 01:40:13.952: I/ADM(1694): 6: 11176004088: [OMXIL] omx_log:887 414B0008 [ADM.mixer ]: SetParameter idx=AudioPcm
04-13 01:40:13.952: I/ADM(1694): 7: 11176004118: [OMXIL] omx_log:293 port=1 channels=2 eNumData=0 endian=1 interleave=1 bits=16 samplerate=44100
04-13 01:40:13.952: I/ADM(1694): 7: 11176004149: [OMXIL] omx_log:293 pcmMode=0 map[0]=1 map[1]=2 map[2]=0, map[3]=0, map[4]=0, map[5]=0
04-13 01:40:13.952: I/ADM(1694): 8: 11176004210: [OMXIL] omx_log:256 SetupTunnel 45A75F80[ADM.splitter].1 -> 414B0008[ADM.mixer].1 --> OK
04-13 01:40:13.952: I/ADM(1694): 9: 11176004240: [OMXIL] omx_log:957 414B0008 [ADM.mixer ]: SendCommand PortEnable 1
04-13 01:40:13.952: I/ADM(1694): 9: 11176004301: [OMXIL] omx_log:256 414B0008 [ADM.mixer ]: CB CmdComplete PortEnable 1
04-13 01:40:13.952: I/ADM(1694): 0: 11176004332: [OMXIL] omx_log:957 45A75F80 [ADM.splitter]: SendCommand PortEnable 1
04-13 01:40:13.952: I/ADM(1694): 1: 11176004393: [OMXIL] omx_log:256 45A75F80 [ADM.splitter]: CB CmdComplete PortEnable 1
04-13 01:40:13.952: I/ADM(1694): 2: 11176004454: [OMXIL] omx_log:913 45A75F80 [ADM.splitter]: SetConfig idx=OMX_IndexParamAudioSynchronized
04-13 01:40:13.952: I/ADM(1694): 3: 11176004484: [OMXIL] omx_log:293 port=0 bIsSynchronized=1
04-13 01:40:13.952: I/ADM(1694): 4: 11176004515: [STATUS] api_devset:615 API LEAVE: Opened new device 'Speaker', handle = 101
04-13 01:40:13.952: I/sec_anm_ahi_output(1672): adm_api: opened device. bufsz=3904 num_bufs=3 bufp=42C43000
04-13 01:40:13.992: I/dalvikvm(13093): Turning on JNI app bug workarounds for target SDK version 8...
04-13 01:40:14.012: I/libblt_hw(1665): Library opened (handle = 0, fd = 43)
04-13 01:40:14.012: D/KeyguardViewMediator(2010): setHidden false
04-13 01:40:14.023: V/WindowManager(2010): rotationForOrientationLw(orient=-1, last=0); user=0 mLidState=-1 mDockMode=0 mHdmiPlugged=false mAccelerometerDefault=false sensorRotation=-1
04-13 01:40:14.033: D/Launcher(2290): onTrimMemory. Level: 20
04-13 01:40:14.033: D/WindowManager(2010): PhoneWindowManager: focusChangedLw
04-13 01:40:14.033: D/KeyguardViewMediator(2010): setHidden false
04-13 01:40:14.053: E/Trace(13093): error opening trace file: No such file or directory (2)
04-13 01:40:14.063: D/KeyguardViewMediator(2010): setHidden false
04-13 01:40:14.093: D/KeyguardViewMediator(2010): setHidden false
04-13 01:40:14.093: V/AudioPolicyManagerBase(1672): stopOutput() output 2, stream 1, session 93
04-13 01:40:14.093: V/AudioPolicyManagerBase(1672): changeRefCount() stream 1, count 0
04-13 01:40:14.093: V/AudioPolicyManagerBase(1672): getNewDevice() selected device 0
04-13 01:40:14.093: V/AudioPolicyManagerBase(1672): setOutputDevice() output 2 device 0000 force 0 delayMs 88
04-13 01:40:14.093: V/AudioPolicyManagerBase(1672): setOutputDevice() prevDevice 0002
04-13 01:40:14.103: V/AudioPolicyManagerBase(1672): setOutputDevice() setting same device 0000 or null device for output 2
04-13 01:40:14.103: D/KeyguardViewMediator(2010): setHidden false
04-13 01:40:14.103: D/KeyguardViewMediator(2010): setHidden false
04-13 01:40:14.113: D/KeyguardViewMediator(2010): setHidden false
04-13 01:40:14.123: D/dalvikvm(2010): GC_CONCURRENT freed 155K, 50% free 17992K/35911K, paused 10ms+16ms, total 258ms
04-13 01:40:14.133: I/TiApplication(13093): (main) [0,0] checkpoint, app created.
04-13 01:40:14.173: I/TiApplication(13093): (main) [50,50] Titanium 3.1.0 (2013/04/11 19:01 b694b43)
04-13 01:40:14.273: D/dalvikvm(13093): GC_CONCURRENT freed 326K, 10% free 9421K/10375K, paused 4ms+4ms, total 50ms
04-13 01:40:14.403: I/TiDbHelper(13093): (main) [221,271] No value in database for platform key: 'unique_machine_id' returning supplied default ''
04-13 01:40:14.403: I/TiDbHelper(13093): (main) [7,278] No value in database for platform key: 'hardware_machine_id' returning supplied default ''
04-13 01:40:14.423: D/KeyguardViewMediator(2010): setHidden false
04-13 01:40:14.423: D/KeyguardViewMediator(2010): setHidden false
04-13 01:40:14.443: I/libblt_hw(1665): Library closed (handle = 1, fd = 35)
04-13 01:40:14.463: I/TiApplication(13093): (main) [62,340] Titanium Javascript runtime: v8
04-13 01:40:14.473: D/dalvikvm(13093): Trying to load lib /data/data/com.tiproject/lib/libstlport_shared.so 0x421afd00
04-13 01:40:14.483: D/dalvikvm(13093): Added shared lib /data/data/com.tiproject/lib/libstlport_shared.so 0x421afd00
04-13 01:40:14.483: D/dalvikvm(13093): No JNI_OnLoad found in /data/data/com.tiproject/lib/libstlport_shared.so 0x421afd00, skipping init
04-13 01:40:14.493: D/dalvikvm(13093): Trying to load lib /data/data/com.tiproject/lib/libkroll-v8.so 0x421afd00
04-13 01:40:14.493: I/TiRootActivity(13093): (main) [0,0] checkpoint, on root activity create, savedInstanceState: null
04-13 01:40:14.503: D/dalvikvm(13093): Added shared lib /data/data/com.tiproject/lib/libkroll-v8.so 0x421afd00
04-13 01:40:14.533: I/TiAnalyticsDb(13093): (main) [37,37] Upgrading Database from 1 to 4
04-13 01:40:14.563: I/power(2010): *** acquire_dvfs_lock : lockType : 1 freq : 1000000
04-13 01:40:14.563: D/PowerManagerService(2010): releaseDVFSLockLocked : remain DVFS_MIN_LIMIT : next : 1000000
04-13 01:40:14.653: I/power(2010): *** release_dvfs_lock : lockType : 1
04-13 01:40:14.653: D/PowerManagerService(2010): releaseDVFSLockLocked : all DVFS_MIN_LIMIT are released
04-13 01:40:14.653: W/ActivityManager(2010): mDVFSLock.release()
04-13 01:40:14.823: E/TiApplication(13093): (KrollRuntimeThread) [295,332] APP PROXY: ti.modules.titanium.app.AppModule@42218140
04-13 01:40:14.893: E/dalvikvm(13093): Could not find class 'ti.modules.titanium.network.NonValidatingSSLSocketFactory', referenced from method org.appcelerator.titanium.TiVerify.run
04-13 01:40:14.893: W/dalvikvm(13093): VFY: unable to resolve new-instance 1356 (Lti/modules/titanium/network/NonValidatingSSLSocketFactory;) in Lorg/appcelerator/titanium/TiVerify;
04-13 01:40:14.893: D/dalvikvm(13093): VFY: replacing opcode 0x22 at 0x0044
04-13 01:40:14.893: D/dalvikvm(13093): DexOpt: unable to opt direct call 0x240f at 0x46 in Lorg/appcelerator/titanium/TiVerify;.run
04-13 01:40:14.893: D/dalvikvm(13093): Trying to load lib /data/data/com.tiproject/lib/libtiverify.so 0x421afd00
04-13 01:40:14.893: D/dalvikvm(13093): Added shared lib /data/data/com.tiproject/lib/libtiverify.so 0x421afd00
04-13 01:40:15.003: I/ApplicationUsage(2010): Done Updating Usage Statistics in DB @ 1365788415008
04-13 01:40:15.054: W/PowerManagerService(2010): Timer 0x3->0x3|0x0
04-13 01:40:15.494: D/STATUSBAR-NetworkController(2113): onReceive() - RSSI_CHANGED_ACTION, WIFI_STATE, NETWORK_STATE
04-13 01:40:15.494: D/STATUSBAR-NetworkController(2113): refreshSignalCluster: data=-1 bt=false
04-13 01:40:15.494: D/STATUSBAR-SignalClusterView(2113): mSeparateMobileGroup=8
04-13 01:40:15.494: D/STATUSBAR-SignalClusterView(2113): mSeparateMobileGroup=8
04-13 01:40:15.494: D/STATUSBAR-SignalClusterView(2113): mSeparateMobileGroup=8
04-13 01:40:17.085: I/sec_anm_ahi_output(1672): standby() called
04-13 01:40:17.085: I/sec_anm_ahi_output(1672): Trying to drain devices
04-13 01:40:17.085: I/ADM(1694): 2: 11179149534: [INFO] api_devset:824 devapi_drain, draining 45A75F80.0
04-13 01:40:17.126: I/ADM(1694): 8: 11179181212: [INFO] omx_io:651 il_tool_io_empty_buffer_done: Idle callback requested, issuing..
04-13 01:40:17.126: I/ADM(1694): 3: 11179181456: [INFO] api_devset:835 Drain complete, sending reply msg
04-13 01:40:17.126: I/sec_anm_ahi_output(1672): Drain devices done
04-13 01:40:17.126: I/sec_anm_ahi_output(1672): adm_api: ste_adm_close_device(Speaker)
04-13 01:40:17.126: I/ADM(1694): 8: 11179182921: [STATUS] api_devset:316 Close device 'Speaker'
04-13 01:40:17.126: I/ADM(1694): 3: 11179183836: [OMXIL] omx_log:957 45A75F80 [ADM.splitter]: SendCommand PortDisable 0
04-13 01:40:17.126: I/ADM(1694): 1: 11179184782: [INFO] omx_io:410 il_tool_io_wait_until_idle: 40FEA008.0 idle, returning
04-13 01:40:17.126: I/ADM(1694): 3: 11179185911: [OMXIL] omx_log:1113 45A75F80 [ADM.splitter]: FreeBuf port=0 pBuf=43F2CF88
04-13 01:40:17.126: I/ADM(1694): 3: 11179186125: [OMXIL] omx_log:1113 45A75F80 [ADM.splitter]: FreeBuf port=0 pBuf=42044E70
04-13 01:40:17.126: I/ADM(1694): 6: 11179186339: [OMXIL] omx_log:1113 45A75F80 [ADM.splitter]: FreeBuf port=0 pBuf=42044EC8
04-13 01:40:17.126: I/ADM(1694): 7: 11179186979: [OMXIL] omx_log:256 45A75F80 [ADM.splitter]: CB CmdComplete PortDisable 0
04-13 01:40:17.126: I/ADM(1694): 4: 11179187407: [OMXIL] omx_log:957 45A75F80 [ADM.splitter]: SendCommand PortDisable 1
04-13 01:40:17.126: I/ADM(1694): 7: 11179187620: [OMXIL] omx_log:256 45A75F80 [ADM.splitter]: CB CmdComplete PortDisable 1
04-13 01:40:17.126: I/ADM(1694): 1: 11179187803: [OMXIL] omx_log:957 414B0008 [ADM.mixer ]: SendCommand PortDisable 1
04-13 01:40:17.126: I/ADM(1694): 5: 11179188048: [OMXIL] omx_log:256 414B0008 [ADM.mixer ]: CB CmdComplete PortDisable 1
04-13 01:40:17.126: I/ADM(1694): 0: 11179188322: [INFO] dev:519 >>> ENTER dev_close(101)
04-13 01:40:17.126: I/ADM(1694): 5: 11179188627: [INFO] dev:306 setting /data/local/tmp/rme_act_adm to 1
04-13 01:40:17.126: I/ADM(1694): 4: 11179189207: [INFO] dev:347 rme alp tracker /data/local/tmp/rme_act_alp set to 0: proceeding
04-13 01:40:17.126: I/ADM(1694): 9: 11179189421: [INFO] dev_omx:1517 Enter dev_omx_close_graph - logical_handle=1 dealloc_buffers=0
04-13 01:40:17.126: I/ADM(1694): 2: 11179189604: [INFO] dev_omx:1534 Closing last device. Request audiocodec to ramp down audio
04-13 01:40:17.126: I/ADM(1694): 5: 11179189787: [OMXIL] omx_log:913 4296AF58 [X.ST.AFM.IHF]: SetConfig idx=Mute
04-13 01:40:17.136: I/ADM(1694): 7: 11179190489: [OMXIL] omx_log:293 port=0 mute=1
04-13 01:40:17.166: I/ADM(1694): 5: 11179224608: [OMXIL] omx_log:256 4296AF58 [X.ST.AFM.IHF]: CB EventIndexSettingChanged port=67108901 index=OMX_ALL
04-13 01:40:17.166: I/ADM(1694): 9: 11179224882: [OMXIL] omx_log:256 4296AF58 [X.ST.AFM.IHF]: CB EventIndexSettingChanged port=-1 index=Mute
04-13 01:40:17.166: I/ADM(1694): 3: 11179226896: [INFO] dev_omx_graph:1181 Enter graph_disconnect_app_effects_from_common_mix_split
04-13 01:40:17.166: I/ADM(1694): 9: 11179228972: [OMXIL] omx_log:957 432A8F80 [ocessing.spl]: SendCommand PortDisable 1
04-13 01:40:17.176: I/ADM(1694): 0: 11179232298: [OMXIL] omx_log:957 41269F60 [ST.AFM.mixer]: SendCommand PortDisable 1
04-13 01:40:17.176: I/ADM(1694): 0: 11179236723: [OMXIL] omx_log:256 41269F60 [ST.AFM.mixer]: CB CmdComplete PortDisable 1
04-13 01:40:17.186: I/ADM(1694): 4: 11179243468: [OMXIL] omx_log:256 432A8F80 [ocessing.spl]: CB CmdComplete PortDisable 1
04-13 01:40:17.186: I/ADM(1694): 8: 11179244261: [OMXIL] omx_log:954 414B0008 [ADM.mixer ]: SendCommand StateSet StateIdle
04-13 01:40:17.186: I/ADM(1694): 2: 11179244475: [OMXIL] omx_log:954 432A8F80 [ocessing.spl]: SendCommand StateSet StateIdle
04-13 01:40:17.186: I/ADM(1694): 7: 11179245360: [OMXIL] omx_log:256 414B0008 [ADM.mixer ]: CB CmdComplete StateSet StateIdle
04-13 01:40:17.186: I/ADM(1694): 5: 11179246458: [OMXIL] omx_log:256 432A8F80 [ocessing.spl]: CB CmdComplete StateSet StateIdle
04-13 01:40:17.186: I/ADM(1694): 0: 11179247343: [OMXIL] omx_log:954 41269F60 [ST.AFM.mixer]: SendCommand StateSet StateIdle
04-13 01:40:17.186: I/ADM(1694): 3: 11179249296: [OMXIL] omx_log:256 41269F60 [ST.AFM.mixer]: CB CmdComplete StateSet StateIdle
04-13 01:40:17.196: I/ADM(1694): 5: 11179250303: [OMXIL] omx_log:954 43DD1F60 [ocessing.spl]: SendCommand StateSet StateIdle
04-13 01:40:17.196: I/ADM(1694): 9: 11179251951: [OMXIL] omx_log:256 43DD1F60 [ocessing.spl]: CB CmdComplete StateSet StateIdle
04-13 01:40:17.196: I/ADM(1694): 2: 11179252745: [OMXIL] omx_log:954 4296AF58 [X.ST.AFM.IHF]: SendCommand StateSet StateIdle
04-13 01:40:17.196: I/ADM(1694): 9: 11179259672: [OMXIL] omx_log:256 4296AF58 [X.ST.AFM.IHF]: CB CmdComplete StateSet StateIdle
04-13 01:40:17.206: I/ADM(1694): 5: 11179261137: [OMXIL] omx_log:954 4296AF58 [X.ST.AFM.IHF]: SendCommand StateSet StateLoaded
04-13 01:40:17.216: I/ADM(1694): 6: 11179274718: [OMXIL] omx_log:256 4296AF58 [X.ST.AFM.IHF]: CB CmdComplete StateSet StateLoaded
04-13 01:40:17.216: I/ADM(1694): 9: 11179274901: [OMXIL] omx_log:954 43DD1F60 [ocessing.spl]: SendCommand StateSet StateLoaded
04-13 01:40:17.226: I/ADM(1694): 4: 11179282286: [OMXIL] omx_log:256 43DD1F60 [ocessing.spl]: CB CmdComplete StateSet StateLoaded
04-13 01:40:17.226: I/ADM(1694): 7: 11179282438: [OMXIL] omx_log:954 41269F60 [ST.AFM.mixer]: SendCommand StateSet StateLoaded
04-13 01:40:17.226: I/ADM(1694): 1: 11179289732: [OMXIL] omx_log:256 41269F60 [ST.AFM.mixer]: CB CmdComplete StateSet StateLoaded
04-13 01:40:17.226: I/ADM(1694): 3: 11179289915: [OMXIL] omx_log:954 432A8F80 [ocessing.spl]: SendCommand StateSet StateLoaded
04-13 01:40:17.236: I/ADM(1694): 9: 11179298491: [OMXIL] omx_log:954 414B0008 [ADM.mixer ]: SendCommand StateSet StateLoaded
04-13 01:40:17.236: I/ADM(1694): 2: 11179298674: [OMXIL] omx_log:256 414B0008 [ADM.mixer ]: CB CmdComplete StateSet StateLoaded
04-13 01:40:17.236: I/ADM(1694): 8: 11179299620: [OMXIL] omx_log:256 432A8F80 [ocessing.spl]: CB CmdComplete StateSet StateLoaded
04-13 01:40:17.246: I/ADM(1694): 2: 11179300444: [OMXIL] omx_log:256 432A8F80 [ocessing.spl]: FreeHandle
04-13 01:40:17.246: I/ADM(1694): 1: 11179301054: [OMXIL] omx_log:256 414B0008 [ADM.mixer ]: FreeHandle
04-13 01:40:17.246: I/ADM(1694): 9: 11179301390: [OMXIL] omx_log:256 43DD1F60 [ocessing.spl]: FreeHandle
04-13 01:40:17.246: I/ADM(1694): 4: 11179302275: [OMXIL] omx_log:256 4296AF58 [X.ST.AFM.IHF]: FreeHandle
04-13 01:40:17.246: I/ADM(1694): 6: 11179303038: [OMXIL] omx_log:256 41269F60 [ST.AFM.mixer]: FreeHandle
04-13 01:40:17.246: I/ADM(1694): 5: 11179303557: [INFO] dev_omx:1646 All OMX handles freed successfully
04-13 01:40:17.246: I/ADM(1694): 9: 11179303831: [INFO] dev_omx:1722 Graph closed successfully! ref_cnt = 0
04-13 01:40:17.246: I/ADM(1694): 3: 11179304045: [INFO] dev:1684 rescan_hw_handler
04-13 01:40:17.246: I/ADM(1694): 6: 11179304198: [INFO] hw_handler_u8500:423 AddD2DConnections ENTER
04-13 01:40:17.246: I/ADM(1694): 5: 11179305357: [INFO] dev:1675 hw_handler_dev_next_d2d: DONE
04-13 01:40:17.246: I/ADM(1694): 0: 11179305723: [INFO] dev:1654 hw_handler_dev_next: DONE
04-13 01:40:17.246: I/ADM(1694): 6: 11179306578: [INFO] hw_handler_u8500:810 Query: SELECT * FROM HW_Settings WHERE (Platform = 'AB8500') AND (Dev1 ='')ORDER BY rowid LIMIT 1
04-13 01:40:17.246: I/ADM(1694): 4: 11179308256: [INFO] hw_handler_u8500:922 ste_adm_hw_handler_u8500: Found matching HW-settings: devices = ('', '', '', '', '', ''), d2dlogical-connections = ('', '', '', '').
04-13 01:40:17.266: I/ADM(1694): 8: 11179324400: [INFO] dev:834 Updating event subscriptions for device Speaker
04-13 01:40:17.266: I/ADM(1694): 1: 11179324583: [INFO] dev:579 >>> LEAVE dev_close(101)
04-13 01:40:17.266: I/ADM(1694): 7: 11179324919: [INFO] dev:306 setting /data/local/tmp/rme_act_adm to 0
04-13 01:40:17.266: I/ADM(1694): 9: 11179326201: [INFO] api_devset:392 Releasing splitter; no longer used
04-13 01:40:17.266: I/ADM(1694): 3: 11179326445: [OMXIL] omx_log:954 45A75F80 [ADM.splitter]: SendCommand StateSet StateIdle
04-13 01:40:17.266: I/ADM(1694): 8: 11179326719: [OMXIL] omx_log:256 45A75F80 [ADM.splitter]: CB CmdComplete StateSet StateIdle
04-13 01:40:17.266: I/ADM(1694): 2: 11179326933: [OMXIL] omx_log:954 45A75F80 [ADM.splitter]: SendCommand StateSet StateLoaded
04-13 01:40:17.266: I/ADM(1694): 5: 11179327147: [OMXIL] omx_log:256 45A75F80 [ADM.splitter]: CB CmdComplete StateSet StateLoaded
04-13 01:40:17.266: I/ADM(1694): 9: 11179327391: [OMXIL] omx_log:256 45A75F80 [ADM.splitter]: FreeHandle
04-13 01:40:17.266: I/ADM(1694): 3: 11179327635: [INFO] api_devset:408 CloseDevice(Speaker) OK
04-13 01:40:18.517: D/BatteryService(2010): update start
04-13 01:40:18.517: E/MtpService(5628): In MTPAPP onReceive:android.intent.action.BATTERY_CHANGED
04-13 01:40:18.517: E/MtpService(5628): battPlugged Type : 2
04-13 01:40:18.517: D/BatteryService(2010): level:95 scale:100 status:2 health:2 present:true voltage: 4337 temperature: 307 technology: Li-ion AC powered:false USB powered:true icon:17303233 invalid charger:0
04-13 01:40:18.517: D/STATUSBAR-BatteryController(2113): onReceive() - ACTION_BATTERY_CHANGED
04-13 01:40:18.517: D/STATUSBAR-BatteryController(2113): onReceive() - level:95
04-13 01:40:18.517: D/STATUSBAR-BatteryController(2113): onReceive() - plugged:2
04-13 01:40:18.517: D/STATUSBAR-BatteryController(2113): onReceive() - BATTERY_STATUS_CHARGING:
04-13 01:40:18.517: D/STATUSBAR-PhoneStatusBar(2113): ACTION_BATTERY_CHANGED
04-13 01:40:18.517: D/STATUSBAR-PhoneStatusBar(2113): NORMAL_BATTERY
04-13 01:40:21.560: E/Watchdog(2010): !@Sync 372
04-13 01:40:23.682: D/STATUSBAR-NetworkController(2113): refreshSignalCluster: data=-1 bt=false
04-13 01:40:23.692: D/STATUSBAR-SignalClusterView(2113): mSeparateMobileGroup=8
04-13 01:40:23.692: D/STATUSBAR-SignalClusterView(2113): mSeparateMobileGroup=8
04-13 01:40:23.692: D/STATUSBAR-SignalClusterView(2113): mSeparateMobileGroup=8
04-13 01:40:23.892: W/ActivityManager(2010): Launch timeout has expired, giving up wake lock!
04-13 01:40:24.693: D/STATUSBAR-NetworkController(2113): refreshSignalCluster: data=-1 bt=false
04-13 01:40:24.693: D/STATUSBAR-SignalClusterView(2113): mSeparateMobileGroup=8
04-13 01:40:24.693: D/STATUSBAR-SignalClusterView(2113): mSeparateMobileGroup=8
04-13 01:40:24.693: D/STATUSBAR-SignalClusterView(2113): mSeparateMobileGroup=8
04-13 01:40:26.695: D/STATUSBAR-NetworkController(2113): refreshSignalCluster: data=-1 bt=false
04-13 01:40:26.695: D/STATUSBAR-SignalClusterView(2113): mSeparateMobileGroup=8
04-13 01:40:26.695: D/STATUSBAR-SignalClusterView(2113): mSeparateMobileGroup=8
04-13 01:40:26.695: D/STATUSBAR-SignalClusterView(2113): mSeparateMobileGroup=8
04-13 01:40:27.696: D/STATUSBAR-NetworkController(2113): refreshSignalCluster: data=-1 bt=false
04-13 01:40:27.696: D/STATUSBAR-SignalClusterView(2113): mSeparateMobileGroup=8
04-13 01:40:27.696: D/STATUSBAR-SignalClusterView(2113): mSeparateMobileGroup=8
04-13 01:40:27.696: D/STATUSBAR-SignalClusterView(2113): mSeparateMobileGroup=8
04-13 01:40:28.637: D/BatteryService(2010): update start
04-13 01:40:28.637: D/BatteryService(2010): level:95 scale:100 status:2 health:2 present:true voltage: 4334 temperature: 307 technology: Li-ion AC powered:false USB powered:true icon:17303233 invalid charger:0
04-13 01:40:28.647: D/STATUSBAR-BatteryController(2113): onReceive() - ACTION_BATTERY_CHANGED
04-13 01:40:28.647: D/STATUSBAR-BatteryController(2113): onReceive() - level:95
04-13 01:40:28.647: D/STATUSBAR-BatteryController(2113): onReceive() - plugged:2
04-13 01:40:28.647: D/STATUSBAR-BatteryController(2113): onReceive() - BATTERY_STATUS_CHARGING:
04-13 01:40:28.647: D/STATUSBAR-PhoneStatusBar(2113): ACTION_BATTERY_CHANGED
04-13 01:40:28.657: E/MtpService(5628): In MTPAPP onReceive:android.intent.action.BATTERY_CHANGED
04-13 01:40:28.657: E/MtpService(5628): battPlugged Type : 2
04-13 01:40:28.667: D/STATUSBAR-PhoneStatusBar(2113): NORMAL_BATTERY
04-13 01:40:29.698: D/STATUSBAR-NetworkController(2113): refreshSignalCluster: data=-1 bt=false
04-13 01:40:29.708: D/STATUSBAR-SignalClusterView(2113): mSeparateMobileGroup=8
04-13 01:40:29.708: D/STATUSBAR-SignalClusterView(2113): mSeparateMobileGroup=8
04-13 01:40:29.708: D/STATUSBAR-SignalClusterView(2113): mSeparateMobileGroup=8
04-13 01:40:30.709: D/STATUSBAR-NetworkController(2113): refreshSignalCluster: data=-1 bt=false
04-13 01:40:30.709: D/STATUSBAR-SignalClusterView(2113): mSeparateMobileGroup=8
04-13 01:40:30.709: D/STATUSBAR-SignalClusterView(2113): mSeparateMobileGroup=8
04-13 01:40:30.709: D/STATUSBAR-SignalClusterView(2113): mSeparateMobileGroup=8
04-13 01:40:31.710: D/STATUSBAR-NetworkController(2113): refreshSignalCluster: data=-1 bt=false
04-13 01:40:31.710: D/STATUSBAR-SignalClusterView(2113): mSeparateMobileGroup=8
04-13 01:40:31.710: D/STATUSBAR-SignalClusterView(2113): mSeparateMobileGroup=8
04-13 01:40:31.720: D/STATUSBAR-SignalClusterView(2113): mSeparateMobileGroup=8
04-13 01:40:33.622: D/STATUSBAR-NetworkController(2113): onReceive() - RSSI_CHANGED_ACTION, WIFI_STATE, NETWORK_STATE
04-13 01:40:33.622: D/STATUSBAR-NetworkController(2113): refreshSignalCluster: data=-1 bt=false
04-13 01:40:33.622: D/STATUSBAR-SignalClusterView(2113): mSeparateMobileGroup=8
04-13 01:40:33.622: D/STATUSBAR-SignalClusterView(2113): mSeparateMobileGroup=8
04-13 01:40:33.622: D/STATUSBAR-SignalClusterView(2113): mSeparateMobileGroup=8
04-13 01:40:37.726: D/STATUSBAR-NetworkController(2113): refreshSignalCluster: data=-1 bt=false
04-13 01:40:37.726: D/STATUSBAR-SignalClusterView(2113): mSeparateMobileGroup=8
04-13 01:40:37.736: D/STATUSBAR-SignalClusterView(2113): mSeparateMobileGroup=8
04-13 01:40:37.736: D/STATUSBAR-SignalClusterView(2113): mSeparateMobileGroup=8
04-13 01:40:38.737: D/STATUSBAR-NetworkController(2113): refreshSignalCluster: data=-1 bt=false
04-13 01:40:38.737: D/STATUSBAR-SignalClusterView(2113): mSeparateMobileGroup=8
04-13 01:40:38.737: D/STATUSBAR-SignalClusterView(2113): mSeparateMobileGroup=8
04-13 01:40:38.737: D/STATUSBAR-SignalClusterView(2113): mSeparateMobileGroup=8
04-13 01:40:38.777: D/BatteryService(2010): update start
04-13 01:40:38.777: D/BatteryService(2010): level:95 scale:100 status:2 health:2 present:true voltage: 4334 temperature: 306 technology: Li-ion AC powered:false USB powered:true icon:17303233 invalid charger:0
