04-13 01:38:29.347: D/STATUSBAR-NetworkController(2113): refreshSignalCluster: data=-1 bt=false
04-13 01:38:29.357: D/STATUSBAR-SignalClusterView(2113): mSeparateMobileGroup=8
04-13 01:38:29.357: D/STATUSBAR-SignalClusterView(2113): mSeparateMobileGroup=8
04-13 01:38:29.357: D/STATUSBAR-SignalClusterView(2113): mSeparateMobileGroup=8
04-13 01:38:30.889: W/SignalStrength(2010): getGsmLevel=3
04-13 01:38:30.889: W/SignalStrength(2010): getLevel=3 (SignalStrength: 99 -1 -1 -1 -1 -1 -1 -1 -1 -1 -1 -1 gsm|lte 3)
04-13 01:38:30.889: W/SignalStrength(2113): getGsmLevel=3
04-13 01:38:30.889: W/SignalStrength(2113): getLevel=3 (SignalStrength: 99 -1 -1 -1 -1 -1 -1 -1 -1 -1 -1 -1 gsm|lte 3)
04-13 01:38:30.889: W/SignalStrength(2113): getGsmLevel=3
04-13 01:38:30.889: W/SignalStrength(2113): getLevel=3 (SignalStrength: 99 -1 -1 -1 -1 -1 -1 -1 -1 -1 -1 -1 gsm|lte 3)
04-13 01:38:30.889: D/STATUSBAR-NetworkController(2113): onSignalStrengthsChanged signalStrength=SignalStrength: 99 -1 -1 -1 -1 -1 -1 -1 -1 -1 -1 -1 gsm|lte 3 level=3
04-13 01:38:30.899: W/SignalStrength(2010): getGsmDbm=-1
04-13 01:38:30.899: W/SignalStrength(2010): getDbm=-1
04-13 01:38:30.899: W/SignalStrength(2010): getGsmAsuLevel=99
04-13 01:38:30.899: W/SignalStrength(2010): getAsuLevel=99
04-13 01:38:30.899: D/STATUSBAR-NetworkController(2113): refreshSignalCluster: data=-1 bt=false
04-13 01:38:30.899: D/STATUSBAR-SignalClusterView(2113): mSeparateMobileGroup=8
04-13 01:38:30.909: D/STATUSBAR-SignalClusterView(2113): mSeparateMobileGroup=8
04-13 01:38:30.909: D/STATUSBAR-SignalClusterView(2113): mSeparateMobileGroup=8
04-13 01:38:31.189: I/sec_anm_ahi_output(1672): standby() called
04-13 01:38:31.189: I/sec_anm_ahi_output(1672): Trying to drain devices
04-13 01:38:31.189: I/ADM(1694): 2: 11073237740: [INFO] api_devset:824 devapi_drain, draining 45A75F80.0
04-13 01:38:31.189: I/ADM(1694): 0: 11073238198: [INFO] omx_io:651 il_tool_io_empty_buffer_done: Idle callback requested, issuing..
04-13 01:38:31.189: I/ADM(1694): 3: 11073238381: [INFO] api_devset:835 Drain complete, sending reply msg
04-13 01:38:31.189: I/sec_anm_ahi_output(1672): Drain devices done
04-13 01:38:31.189: I/sec_anm_ahi_output(1672): adm_api: ste_adm_close_device(Speaker)
04-13 01:38:31.189: I/ADM(1694): 5: 11073239113: [STATUS] api_devset:316 Close device 'Speaker'
04-13 01:38:31.189: I/ADM(1694): 2: 11073239479: [OMXIL] omx_log:957 45A75F80 [ADM.splitter]: SendCommand PortDisable 0
04-13 01:38:31.189: I/ADM(1694): 6: 11073239693: [INFO] omx_io:410 il_tool_io_wait_until_idle: 40FEA008.0 idle, returning
04-13 01:38:31.189: I/ADM(1694): 9: 11073239876: [OMXIL] omx_log:1113 45A75F80 [ADM.splitter]: FreeBuf port=0 pBuf=44207E70
04-13 01:38:31.189: I/ADM(1694): 2: 11073240364: [OMXIL] omx_log:1113 45A75F80 [ADM.splitter]: FreeBuf port=0 pBuf=44207EC8
04-13 01:38:31.189: I/ADM(1694): 0: 11073240548: [OMXIL] omx_log:1113 45A75F80 [ADM.splitter]: FreeBuf port=0 pBuf=44207F20
04-13 01:38:31.189: I/ADM(1694): 3: 11073240761: [OMXIL] omx_log:256 45A75F80 [ADM.splitter]: CB CmdComplete PortDisable 0
04-13 01:38:31.189: I/ADM(1694): 0: 11073241158: [OMXIL] omx_log:957 45A75F80 [ADM.splitter]: SendCommand PortDisable 1
04-13 01:38:31.189: I/ADM(1694): 4: 11073241372: [OMXIL] omx_log:256 45A75F80 [ADM.splitter]: CB CmdComplete PortDisable 1
04-13 01:38:31.189: I/ADM(1694): 7: 11073241555: [OMXIL] omx_log:957 414B0008 [ADM.mixer ]: SendCommand PortDisable 1
04-13 01:38:31.189: I/ADM(1694): 0: 11073241768: [OMXIL] omx_log:256 414B0008 [ADM.mixer ]: CB CmdComplete PortDisable 1
04-13 01:38:31.189: I/ADM(1694): 5: 11073242653: [INFO] dev:519 >>> ENTER dev_close(101)
04-13 01:38:31.189: I/ADM(1694): 0: 11073242928: [INFO] dev:306 setting /data/local/tmp/rme_act_adm to 1
04-13 01:38:31.189: I/ADM(1694): 0: 11073243508: [INFO] dev:347 rme alp tracker /data/local/tmp/rme_act_alp set to 0: proceeding
04-13 01:38:31.189: I/ADM(1694): 4: 11073243782: [INFO] dev_omx:1517 Enter dev_omx_close_graph - logical_handle=1 dealloc_buffers=0
04-13 01:38:31.189: I/ADM(1694): 8: 11073243966: [INFO] dev_omx:1534 Closing last device. Request audiocodec to ramp down audio
04-13 01:38:31.189: I/ADM(1694): 1: 11073244179: [OMXIL] omx_log:913 457D5F58 [X.ST.AFM.IHF]: SetConfig idx=Mute
04-13 01:38:31.189: I/ADM(1694): 4: 11073244332: [OMXIL] omx_log:293 port=0 mute=1
04-13 01:38:31.219: I/ADM(1694): 4: 11073278572: [OMXIL] omx_log:256 457D5F58 [X.ST.AFM.IHF]: CB EventIndexSettingChanged port=67108901 index=OMX_ALL
04-13 01:38:31.219: I/ADM(1694): 9: 11073278817: [OMXIL] omx_log:256 457D5F58 [X.ST.AFM.IHF]: CB EventIndexSettingChanged port=-1 index=Mute
04-13 01:38:31.219: I/ADM(1694): 5: 11073279183: [INFO] dev_omx_graph:1181 Enter graph_disconnect_app_effects_from_common_mix_split
04-13 01:38:31.229: I/ADM(1694): 1: 11073281258: [OMXIL] omx_log:957 43DD1F60 [ocessing.spl]: SendCommand PortDisable 1
04-13 01:38:31.229: I/ADM(1694): 4: 11073282662: [OMXIL] omx_log:957 41269F60 [ST.AFM.mixer]: SendCommand PortDisable 1
04-13 01:38:31.229: I/ADM(1694): 8: 11073285988: [OMXIL] omx_log:256 41269F60 [ST.AFM.mixer]: CB CmdComplete PortDisable 1
04-13 01:38:31.239: I/ADM(1694): 7: 11073289925: [OMXIL] omx_log:256 43DD1F60 [ocessing.spl]: CB CmdComplete PortDisable 1
04-13 01:38:31.239: I/ADM(1694): 8: 11073290596: [OMXIL] omx_log:954 414B0008 [ADM.mixer ]: SendCommand StateSet StateIdle
04-13 01:38:31.239: I/ADM(1694): 3: 11073290841: [OMXIL] omx_log:954 43DD1F60 [ocessing.spl]: SendCommand StateSet StateIdle
04-13 01:38:31.239: I/ADM(1694): 7: 11073291695: [OMXIL] omx_log:256 414B0008 [ADM.mixer ]: CB CmdComplete StateSet StateIdle
04-13 01:38:31.239: I/ADM(1694): 5: 11073292733: [OMXIL] omx_log:256 43DD1F60 [ocessing.spl]: CB CmdComplete StateSet StateIdle
04-13 01:38:31.239: I/ADM(1694): 2: 11073292946: [OMXIL] omx_log:954 41269F60 [ST.AFM.mixer]: SendCommand StateSet StateIdle
04-13 01:38:31.239: I/ADM(1694): 6: 11073294564: [OMXIL] omx_log:256 41269F60 [ST.AFM.mixer]: CB CmdComplete StateSet StateIdle
04-13 01:38:31.239: I/ADM(1694): 3: 11073294777: [OMXIL] omx_log:954 42AC62D0 [ocessing.spl]: SendCommand StateSet StateIdle
04-13 01:38:31.239: I/ADM(1694): 5: 11073296242: [OMXIL] omx_log:256 42AC62D0 [ocessing.spl]: CB CmdComplete StateSet StateIdle
04-13 01:38:31.239: I/ADM(1694): 2: 11073296456: [OMXIL] omx_log:954 457D5F58 [X.ST.AFM.IHF]: SendCommand StateSet StateIdle
04-13 01:38:31.249: I/ADM(1694): 6: 11073302834: [OMXIL] omx_log:256 457D5F58 [X.ST.AFM.IHF]: CB CmdComplete StateSet StateIdle
04-13 01:38:31.249: I/ADM(1694): 4: 11073303841: [OMXIL] omx_log:954 457D5F58 [X.ST.AFM.IHF]: SendCommand StateSet StateLoaded
04-13 01:38:31.279: I/ADM(1694): 2: 11073335610: [OMXIL] omx_log:256 457D5F58 [X.ST.AFM.IHF]: CB CmdComplete StateSet StateLoaded
04-13 01:38:31.279: I/ADM(1694): 4: 11073336312: [OMXIL] omx_log:954 42AC62D0 [ocessing.spl]: SendCommand StateSet StateLoaded
04-13 01:38:31.289: I/ADM(1694): 7: 11073344124: [OMXIL] omx_log:256 42AC62D0 [ocessing.spl]: CB CmdComplete StateSet StateLoaded
04-13 01:38:31.289: I/ADM(1694): 1: 11073344338: [OMXIL] omx_log:954 41269F60 [ST.AFM.mixer]: SendCommand StateSet StateLoaded
04-13 01:38:31.289: I/ADM(1694): 0: 11073348946: [OMXIL] omx_log:256 41269F60 [ST.AFM.mixer]: CB CmdComplete StateSet StateLoaded
04-13 01:38:31.289: I/ADM(1694): 3: 11073349160: [OMXIL] omx_log:954 43DD1F60 [ocessing.spl]: SendCommand StateSet StateLoaded
04-13 01:38:31.299: I/ADM(1694): 9: 11073356606: [OMXIL] omx_log:954 414B0008 [ADM.mixer ]: SendCommand StateSet StateLoaded
04-13 01:38:31.299: I/ADM(1694): 1: 11073356697: [OMXIL] omx_log:256 414B0008 [ADM.mixer ]: CB CmdComplete StateSet StateLoaded
04-13 01:38:31.299: I/ADM(1694): 7: 11073357094: [OMXIL] omx_log:256 43DD1F60 [ocessing.spl]: CB CmdComplete StateSet StateLoaded
04-13 01:38:31.299: I/ADM(1694): 3: 11073357399: [OMXIL] omx_log:256 43DD1F60 [ocessing.spl]: FreeHandle
04-13 01:38:31.299: I/ADM(1694): 7: 11073357643: [OMXIL] omx_log:256 414B0008 [ADM.mixer ]: FreeHandle
04-13 01:38:31.299: I/ADM(1694): 9: 11073357735: [OMXIL] omx_log:256 42AC62D0 [ocessing.spl]: FreeHandle
04-13 01:38:31.299: I/ADM(1694): 4: 11073358071: [OMXIL] omx_log:256 457D5F58 [X.ST.AFM.IHF]: FreeHandle
04-13 01:38:31.299: I/ADM(1694): 0: 11073358406: [OMXIL] omx_log:256 41269F60 [ST.AFM.mixer]: FreeHandle
04-13 01:38:31.299: I/ADM(1694): 4: 11073358620: [INFO] dev_omx:1646 All OMX handles freed successfully
04-13 01:38:31.299: I/ADM(1694): 4: 11073358681: [INFO] dev_omx:1722 Graph closed successfully! ref_cnt = 0
04-13 01:38:31.299: I/ADM(1694): 5: 11073358712: [INFO] dev:1684 rescan_hw_handler
04-13 01:38:31.299: I/ADM(1694): 6: 11073358742: [INFO] hw_handler_u8500:423 AddD2DConnections ENTER
04-13 01:38:31.299: I/ADM(1694): 6: 11073359383: [INFO] dev:1675 hw_handler_dev_next_d2d: DONE
04-13 01:38:31.299: I/ADM(1694): 8: 11073359475: [INFO] dev:1654 hw_handler_dev_next: DONE
04-13 01:38:31.299: I/ADM(1694): 4: 11073359841: [INFO] hw_handler_u8500:810 Query: SELECT * FROM HW_Settings WHERE (Platform = 'AB8500') AND (Dev1 ='')ORDER BY rowid LIMIT 1
04-13 01:38:31.309: I/ADM(1694): 9: 11073361336: [INFO] hw_handler_u8500:922 ste_adm_hw_handler_u8500: Found matching HW-settings: devices = ('', '', '', '', '', ''), d2dlogical-connections = ('', '', '', '').
04-13 01:38:31.319: I/ADM(1694): 2: 11073375649: [INFO] dev:834 Updating event subscriptions for device Speaker
04-13 01:38:31.319: I/ADM(1694): 3: 11073375710: [INFO] dev:579 >>> LEAVE dev_close(101)
04-13 01:38:31.319: I/ADM(1694): 5: 11073375801: [INFO] dev:306 setting /data/local/tmp/rme_act_adm to 0
04-13 01:38:31.319: I/ADM(1694): 9: 11073376656: [INFO] api_devset:392 Releasing splitter; no longer used
04-13 01:38:31.319: I/ADM(1694): 0: 11073376717: [OMXIL] omx_log:954 45A75F80 [ADM.splitter]: SendCommand StateSet StateIdle
04-13 01:38:31.319: I/ADM(1694): 1: 11073376778: [OMXIL] omx_log:256 45A75F80 [ADM.splitter]: CB CmdComplete StateSet StateIdle
04-13 01:38:31.319: I/ADM(1694): 2: 11073376809: [OMXIL] omx_log:954 45A75F80 [ADM.splitter]: SendCommand StateSet StateLoaded
04-13 01:38:31.319: I/ADM(1694): 3: 11073376870: [OMXIL] omx_log:256 45A75F80 [ADM.splitter]: CB CmdComplete StateSet StateLoaded
04-13 01:38:31.319: I/ADM(1694): 4: 11073376931: [OMXIL] omx_log:256 45A75F80 [ADM.splitter]: FreeHandle
04-13 01:38:31.319: I/ADM(1694): 5: 11073376992: [INFO] api_devset:408 CloseDevice(Speaker) OK
04-13 01:38:31.359: D/STATUSBAR-NetworkController(2113): refreshSignalCluster: data=-1 bt=false
04-13 01:38:31.359: D/STATUSBAR-SignalClusterView(2113): mSeparateMobileGroup=8
04-13 01:38:31.359: D/STATUSBAR-SignalClusterView(2113): mSeparateMobileGroup=8
04-13 01:38:31.359: D/STATUSBAR-SignalClusterView(2113): mSeparateMobileGroup=8
04-13 01:38:31.640: E/Trace(12918): error opening trace file: No such file or directory (2)
04-13 01:38:31.650: I/ActivityThread(12918): Pub downloads: com.android.providers.downloads.DownloadProvider
04-13 01:38:31.680: I/ActivityThread(12918): Pub drm: com.android.providers.drm.DrmProvider
04-13 01:38:31.680: I/ActivityThread(12918): Pub sisodownloads: com.sec.android.providers.downloads.SecDownloadProvider
04-13 01:38:31.700: I/ActivityThread(12918): Pub media: com.android.providers.media.MediaProvider
04-13 01:38:31.710: D/ContentApp(12918): ContentApp()
04-13 01:38:31.710: D/ContentApp(12918): create cache if media mounted.. media : mounted
04-13 01:38:31.720: D/facerecognition(12918): FR_FileOpen /storage/sdcard0/.face/facedata=51
04-13 01:38:31.720: D/facerecognition(12918): FR_FileOpen /data/data/com.android.providers.media/face/facedata=52
04-13 01:38:31.720: D/MediaProvider(12918): new PersonDataBaseHelper()
04-13 01:38:31.720: D/MediaScanner(12918): Scanner initMutex res = 0
04-13 01:38:31.780: D/MtpService(12918): addStorageLocked 65537 /storage/sdcard0
04-13 01:38:31.800: D/MtpService(12918): starting MTP server in MTP mode
04-13 01:38:31.810: D/MediaScanner(12918): Constructor set externalStorageSdPath : /storage/extSdCard
04-13 01:38:31.810: E/MtpServerJNI(12918): could not open MTP driver, errno: 2
04-13 01:38:31.810: D/MtpService(12918): addStorageLocked 65537 /storage/sdcard0
04-13 01:38:31.810: E/MtpServerJNI(12918): server is null in add_storage
04-13 01:38:31.810: E/MtpServerJNI(12918): server is null in run
04-13 01:38:31.810: E/MtpServerJNI(12918): server is null in cleanup
04-13 01:38:31.830: D/STATUSBAR-NotificationService(2010): cancelAllNotifications()
04-13 01:38:34.392: D/AndroidRuntime(12939): >>>>>> AndroidRuntime START com.android.internal.os.RuntimeInit <<<<<<
04-13 01:38:34.392: D/AndroidRuntime(12939): CheckJNI is OFF
04-13 01:38:34.392: D/AndroidRuntime(12939): setted country_code = PANAMA
04-13 01:38:34.392: D/AndroidRuntime(12939): setted countryiso_code = PA
04-13 01:38:34.392: D/AndroidRuntime(12939): setted sales_code = TPA
04-13 01:38:34.392: D/AndroidRuntime(12939): readGMSProperty: start
04-13 01:38:34.392: D/AndroidRuntime(12939): readGMSProperty: already setted!!
04-13 01:38:34.392: D/AndroidRuntime(12939): readGMSProperty: end
04-13 01:38:34.402: D/dalvikvm(12939): Trying to load lib libjavacore.so 0x0
04-13 01:38:34.402: D/dalvikvm(12939): Added shared lib libjavacore.so 0x0
04-13 01:38:34.412: D/dalvikvm(12939): Trying to load lib libnativehelper.so 0x0
04-13 01:38:34.412: D/dalvikvm(12939): Added shared lib libnativehelper.so 0x0
04-13 01:38:34.673: D/AndroidRuntime(12939): Calling main entry com.android.commands.pm.Pm
04-13 01:38:34.713: W/PackageManager(2010): verifying app can be installed or not
04-13 01:38:35.774: D/dalvikvm(12950): DexOpt: 'Lorg/apache/commons/codec/binary/Base64;' has an earlier definition; blocking out
04-13 01:38:35.774: D/dalvikvm(12950): DexOpt: 'Lorg/apache/commons/codec/binary/Hex;' has an earlier definition; blocking out
04-13 01:38:35.794: D/dalvikvm(12950): DexOpt: 'Lorg/w3c/dom/UserDataHandler;' has an earlier definition; blocking out
04-13 01:38:36.014: D/dalvikvm(12950): DexOpt: not verifying/optimizing 'Lorg/apache/commons/codec/binary/Base64;': multiple definitions
04-13 01:38:36.014: D/dalvikvm(12950): DexOpt: not verifying/optimizing 'Lorg/apache/commons/codec/binary/Hex;': multiple definitions
04-13 01:38:36.014: I/dalvikvm(12950): DexOpt: not resolving ambiguous class 'Lorg/apache/commons/codec/binary/Hex;'
04-13 01:38:36.034: I/dalvikvm(12950): DexOpt: not resolving ambiguous class 'Lorg/apache/commons/codec/binary/Base64;'
04-13 01:38:36.184: D/dalvikvm(12950): DexOpt: not verifying/optimizing 'Lorg/w3c/dom/UserDataHandler;': multiple definitions
04-13 01:38:36.324: D/dalvikvm(12950): DexOpt: load 130ms, verify+opt 461ms, 1834812 bytes
04-13 01:38:37.365: I/ActivityManager(2010): Force stopping package com.tiproject uid=10121
04-13 01:38:37.505: D/dalvikvm(2010): GC_CONCURRENT freed 4765K, 47% free 19328K/35911K, paused 15ms+14ms, total 141ms
04-13 01:38:37.505: D/dalvikvm(2010): WAIT_FOR_CONCURRENT_GC blocked 42ms
04-13 01:38:37.505: D/BatteryService(2010): update start
04-13 01:38:37.515: D/dalvikvm(2010): WAIT_FOR_CONCURRENT_GC blocked 98ms
04-13 01:38:37.515: D/BatteryService(2010): level:95 scale:100 status:2 health:2 present:true voltage: 4327 temperature: 304 technology: Li-ion AC powered:false USB powered:true icon:17303233 invalid charger:0
04-13 01:38:37.515: D/STATUSBAR-BatteryController(2113): onReceive() - ACTION_BATTERY_CHANGED
04-13 01:38:37.515: D/STATUSBAR-BatteryController(2113): onReceive() - level:95
04-13 01:38:37.515: D/STATUSBAR-BatteryController(2113): onReceive() - plugged:2
04-13 01:38:37.515: D/STATUSBAR-BatteryController(2113): onReceive() - BATTERY_STATUS_CHARGING:
04-13 01:38:37.515: D/STATUSBAR-PhoneStatusBar(2113): ACTION_BATTERY_CHANGED
04-13 01:38:37.525: E/MtpService(5628): In MTPAPP onReceive:android.intent.action.BATTERY_CHANGED
04-13 01:38:37.525: E/MtpService(5628): battPlugged Type : 2
04-13 01:38:37.525: D/STATUSBAR-PhoneStatusBar(2113): NORMAL_BATTERY
04-13 01:38:37.565: D/dalvikvm(2235): GC_CONCURRENT freed 386K, 13% free 10348K/11783K, paused 2ms+2ms, total 38ms
04-13 01:38:37.656: D/KeyguardViewMediator(2010): handleTimeout
04-13 01:38:37.716: I/BackGroundService(2919): BackGroundService:패키지 설치 BR 수신 처리 시작
04-13 01:38:37.716: D/CapabilityManagerService(7412): Receiver Broadcast:android.intent.action.PACKAGE_ADDED
04-13 01:38:37.726: I/InputReader(2010): Reconfiguring input devices. changes=0x00000010
04-13 01:38:37.736: W/ResourceType(2943): Failure getting entry for 0x7f020426 (t=1 e=1062) in package 0 (error -75)
04-13 01:38:37.736: D/dalvikvm(2010): WAIT_FOR_CONCURRENT_GC blocked 0ms
04-13 01:38:37.806: D/Launcher.MenuAppsGrid(2290): StateObj::getAppsList() item count = 39
04-13 01:38:37.806: D/CellLayoutChildren(2290): setCellDimensions. width: 117, height: 126, gapX: 0, gapY: 0
04-13 01:38:37.806: D/CellLayout(2290): setGridSize(4, 5)
04-13 01:38:37.806: D/CellLayoutChildren(2290): setCellDimensions. width: 117, height: 126, gapX: 0, gapY: 0
04-13 01:38:37.806: D/CellLayout(2290): setGridSize(4, 5)
04-13 01:38:37.856: I/PCWCLIENTTRACE_SPPReceiver(7476): [onReceive] - android.intent.action.PACKAGE_ADDED
04-13 01:38:37.886: W/AlarmManager(2010): FACTORY_ON= 0
04-13 01:38:38.046: D/dalvikvm(3563): GC_CONCURRENT freed 1209K, 14% free 12404K/14279K, paused 2ms+14ms, total 110ms
04-13 01:38:38.106: V/BackupManagerService(2010): addPackageParticipantsLocked: #1
04-13 01:38:38.146: I/SA(4537): [SUR] onReceive log=[SA = 1.3.050 V = 16 HWD = 800X480 1.5 SIZE = 2 LOCALE = en_US CSC = TPA MCC = 0 MNC 0 T = user DEVICE = golden P = goldenub I = JRO03H M = GT-I8190L OKLEFT false DIS JRO03H.I8190LUBALK4 ]
04-13 01:38:38.156: I/SA(4537): [SUR] onReceive Intent=[ android.intent.action.PACKAGE_ADDED package ]
04-13 01:38:38.156: W/System.err(3563): java.lang.NullPointerException
04-13 01:38:38.156: W/System.err(3563): at com.google.android.apps.plus.content.EsDatabaseHelper.getDatabaseHelper(EsDatabaseHelper.java:85)
04-13 01:38:38.156: W/System.err(3563): at com.google.android.apps.plus.content.EsDeepLinkInstallsData.getByPackageName(EsDeepLinkInstallsData.java:126)
04-13 01:38:38.156: W/System.err(3563): at com.google.android.apps.plus.service.EsService.processIntent2$751513a6(EsService.java:4580)
04-13 01:38:38.156: W/System.err(3563): at com.google.android.apps.plus.service.EsService.processIntent(EsService.java:3149)
04-13 01:38:38.156: W/System.err(3563): at com.google.android.apps.plus.service.ServiceThread$1.run(ServiceThread.java:50)
04-13 01:38:38.156: W/System.err(3563): at android.os.Handler.handleCallback(Handler.java:615)
04-13 01:38:38.156: W/System.err(3563): at android.os.Handler.dispatchMessage(Handler.java:92)
04-13 01:38:38.156: W/System.err(3563): at android.os.Looper.loop(Looper.java:137)
04-13 01:38:38.156: W/System.err(3563): at com.google.android.apps.plus.service.ServiceThread.run(ServiceThread.java:122)
04-13 01:38:38.256: D/dalvikvm(7529): GC_CONCURRENT freed 449K, 12% free 9564K/10759K, paused 3ms+3ms, total 32ms
04-13 01:38:38.256: D/dalvikvm(2010): GC_EXPLICIT freed 4445K, 55% free 16482K/35911K, paused 16ms+15ms, total 528ms
04-13 01:38:38.256: D/AndroidRuntime(12939): Shutting down VM
04-13 01:38:38.266: D/dalvikvm(12939): GC_CONCURRENT freed 101K, 87% free 546K/4096K, paused 0ms+1ms, total 5ms
04-13 01:38:38.266: I/AndroidRuntime(12939): NOTE: attach of thread 'Binder_3' failed
04-13 01:38:39.988: W/SignalStrength(2010): getGsmLevel=2
04-13 01:38:39.988: W/SignalStrength(2010): getLevel=2 (SignalStrength: 99 -1 -1 -1 -1 -1 -1 -1 -1 -1 -1 -1 gsm|lte 2)
04-13 01:38:39.988: W/SignalStrength(2113): getGsmLevel=2
04-13 01:38:39.988: W/SignalStrength(2113): getLevel=2 (SignalStrength: 99 -1 -1 -1 -1 -1 -1 -1 -1 -1 -1 -1 gsm|lte 2)
04-13 01:38:39.988: W/SignalStrength(2113): getGsmLevel=2
04-13 01:38:39.988: W/SignalStrength(2113): getLevel=2 (SignalStrength: 99 -1 -1 -1 -1 -1 -1 -1 -1 -1 -1 -1 gsm|lte 2)
04-13 01:38:39.988: D/STATUSBAR-NetworkController(2113): onSignalStrengthsChanged signalStrength=SignalStrength: 99 -1 -1 -1 -1 -1 -1 -1 -1 -1 -1 -1 gsm|lte 2 level=2
04-13 01:38:39.988: D/STATUSBAR-NetworkController(2113): refreshSignalCluster: data=-1 bt=false
04-13 01:38:39.988: D/STATUSBAR-SignalClusterView(2113): mSeparateMobileGroup=8
04-13 01:38:39.988: W/SignalStrength(2010): getGsmDbm=-1
04-13 01:38:39.988: W/SignalStrength(2010): getDbm=-1
04-13 01:38:39.988: W/SignalStrength(2010): getGsmAsuLevel=99
04-13 01:38:39.988: W/SignalStrength(2010): getAsuLevel=99
04-13 01:38:39.988: D/STATUSBAR-SignalClusterView(2113): mSeparateMobileGroup=8
04-13 01:38:39.988: D/STATUSBAR-SignalClusterView(2113): mSeparateMobileGroup=8
04-13 01:38:44.823: D/dalvikvm(7398): GC_CONCURRENT freed 376K, 10% free 9308K/10311K, paused 2ms+2ms, total 20ms
04-13 01:38:47.515: D/BatteryService(2010): update start
04-13 01:38:47.515: D/BatteryService(2010): level:95 scale:100 status:2 health:2 present:true voltage: 4334 temperature: 304 technology: Li-ion AC powered:false USB powered:true icon:17303233 invalid charger:0
04-13 01:38:47.525: D/STATUSBAR-BatteryController(2113): onReceive() - ACTION_BATTERY_CHANGED
04-13 01:38:47.525: D/STATUSBAR-BatteryController(2113): onReceive() - level:95
04-13 01:38:47.525: D/STATUSBAR-BatteryController(2113): onReceive() - plugged:2
04-13 01:38:47.525: D/STATUSBAR-BatteryController(2113): onReceive() - BATTERY_STATUS_CHARGING:
04-13 01:38:47.525: D/STATUSBAR-PhoneStatusBar(2113): ACTION_BATTERY_CHANGED
04-13 01:38:47.535: E/MtpService(5628): In MTPAPP onReceive:android.intent.action.BATTERY_CHANGED
04-13 01:38:47.535: E/MtpService(5628): battPlugged Type : 2
04-13 01:38:47.535: D/STATUSBAR-PhoneStatusBar(2113): NORMAL_BATTERY
04-13 01:38:51.559: E/Watchdog(2010): !@Sync 369
04-13 01:38:52.890: V/AlarmManager(2010): waitForAlarm result :1
04-13 01:38:52.930: V/AlarmManager(2010): trigger ELAPSED_REALTIME_WAKEUP or RTC_WAKEUP
04-13 01:38:52.991: D/dalvikvm(7488): GC_CONCURRENT freed 631K, 12% free 10082K/11399K, paused 2ms+2ms, total 28ms
04-13 01:38:52.991: D/dalvikvm(7488): WAIT_FOR_CONCURRENT_GC blocked 10ms
04-13 01:38:53.121: D/Finsky(7488): [1] 5.onFinished: Installation state replication succeeded.
04-13 01:38:53.131: D/dalvikvm(7488): GC_CONCURRENT freed 265K, 11% free 10223K/11399K, paused 3ms+3ms, total 30ms
04-13 01:38:57.635: D/BatteryService(2010): update start
04-13 01:38:57.635: D/BatteryService(2010): level:95 scale:100 status:2 health:2 present:true voltage: 4334 temperature: 302 technology: Li-ion AC powered:false USB powered:true icon:17303233 invalid charger:0
04-13 01:38:57.655: E/MtpService(5628): In MTPAPP onReceive:android.intent.action.BATTERY_CHANGED
04-13 01:38:57.655: E/MtpService(5628): battPlugged Type : 2
04-13 01:38:57.655: D/STATUSBAR-BatteryController(2113): onReceive() - ACTION_BATTERY_CHANGED
04-13 01:38:57.655: D/STATUSBAR-BatteryController(2113): onReceive() - level:95
04-13 01:38:57.655: D/STATUSBAR-BatteryController(2113): onReceive() - plugged:2
04-13 01:38:57.655: D/STATUSBAR-BatteryController(2113): onReceive() - BATTERY_STATUS_CHARGING:
04-13 01:38:57.655: D/STATUSBAR-PhoneStatusBar(2113): ACTION_BATTERY_CHANGED
04-13 01:38:57.655: D/STATUSBAR-PhoneStatusBar(2113): NORMAL_BATTERY
04-13 01:38:59.987: V/AlarmManager(2010): waitForAlarm result :8
04-13 01:38:59.997: V/AlarmManager(2010): ClockReceiver onReceive() ACTION_TIME_TICK
04-13 01:38:59.997: W/AlarmManager(2010): FACTORY_ON= 0
04-13 01:39:00.017: D/STATUSBAR-Clock(2113): onReceive() - ACTION_TIME_TICK
04-13 01:39:00.047: D/STATUSBAR-Clock(2113): onReceive() - ACTION_TIME_TICK
04-13 01:39:00.070: D/widget(2290): [MSC_HERO_Accu_JB]>>> SM:1288 [0:0] bTCC WCV = 100
04-13 01:39:00.070: D/widget(2290): [MSC_HERO_Accu_JB]>>> WC:1664 [0:0] drw 1nd Tm dt = 0139
04-13 01:39:00.080: D/ClockAlarmWidgetService(8173): [ClockAlarmWidgetService] onReceive: action = android.intent.action.TIME_TICK
04-13 01:39:00.080: E/ClockAlarmWidget(8173): [AlarmWidgetIdManager] getListItem() : itemIndex=0, widgetID:1
04-13 01:39:00.080: E/ClockAlarmWidget(8173): [AlarmWidgetIdManager] getListItem() : ItemIndex exceed ListItemCount. itemIndex=1
04-13 01:39:00.080: E/ClockAlarmWidget(8173): [AlarmWidgetIdManager] getListItem() : itemIndex=1, widgetID:1
04-13 01:39:00.090: D/ClockAlarmDataProvider(8173): getAlarm() - too many same ID alarm data. nCount: 0
04-13 01:39:00.440: D/STATUSBAR-SignalClusterView(2113): mSeparateMobileGroup=8
04-13 01:39:00.440: D/STATUSBAR-SignalClusterView(2113): mSeparateMobileGroup=8
04-13 01:39:00.440: D/STATUSBAR-SignalClusterView(2113): mSeparateMobileGroup=8
04-13 01:39:00.440: D/STATUSBAR-NetworkController(2113): refreshSignalCluster: data=-1 bt=false
04-13 01:39:01.440: D/STATUSBAR-NetworkController(2113): refreshSignalCluster: data=-1 bt=false
04-13 01:39:01.440: D/STATUSBAR-SignalClusterView(2113): mSeparateMobileGroup=8
04-13 01:39:01.440: D/STATUSBAR-SignalClusterView(2113): mSeparateMobileGroup=8
04-13 01:39:01.440: D/STATUSBAR-SignalClusterView(2113): mSeparateMobileGroup=8
04-13 01:39:07.726: D/BatteryService(2010): update start
04-13 01:39:09.008: D/STATUSBAR-NetworkController(2113): onReceive() - RSSI_CHANGED_ACTION, WIFI_STATE, NETWORK_STATE
04-13 01:39:09.008: D/STATUSBAR-NetworkController(2113): refreshSignalCluster: data=-1 bt=false
04-13 01:39:09.008: D/STATUSBAR-SignalClusterView(2113): mSeparateMobileGroup=8
04-13 01:39:09.008: D/STATUSBAR-SignalClusterView(2113): mSeparateMobileGroup=8
04-13 01:39:09.008: D/STATUSBAR-SignalClusterView(2113): mSeparateMobileGroup=8
04-13 01:39:09.458: D/STATUSBAR-NetworkController(2113): refreshSignalCluster: data=-1 bt=false
04-13 01:39:09.458: D/STATUSBAR-SignalClusterView(2113): mSeparateMobileGroup=8
04-13 01:39:09.458: D/STATUSBAR-SignalClusterView(2113): mSeparateMobileGroup=8
04-13 01:39:09.458: D/STATUSBAR-SignalClusterView(2113): mSeparateMobileGroup=8
04-13 01:39:10.459: D/STATUSBAR-NetworkController(2113): refreshSignalCluster: data=-1 bt=false
04-13 01:39:10.469: D/STATUSBAR-SignalClusterView(2113): mSeparateMobileGroup=8
04-13 01:39:10.469: D/STATUSBAR-SignalClusterView(2113): mSeparateMobileGroup=8
04-13 01:39:10.469: D/STATUSBAR-SignalClusterView(2113): mSeparateMobileGroup=8
04-13 01:39:11.300: W/SignalStrength(2010): getGsmLevel=3
04-13 01:39:11.300: W/SignalStrength(2010): getLevel=3 (SignalStrength: 99 -1 -1 -1 -1 -1 -1 -1 -1 -1 -1 -1 gsm|lte 3)
04-13 01:39:11.300: W/SignalStrength(2113): getGsmLevel=3
04-13 01:39:11.300: W/SignalStrength(2113): getLevel=3 (SignalStrength: 99 -1 -1 -1 -1 -1 -1 -1 -1 -1 -1 -1 gsm|lte 3)
04-13 01:39:11.300: W/SignalStrength(2113): getGsmLevel=3
04-13 01:39:11.300: W/SignalStrength(2113): getLevel=3 (SignalStrength: 99 -1 -1 -1 -1 -1 -1 -1 -1 -1 -1 -1 gsm|lte 3)
04-13 01:39:11.300: D/STATUSBAR-NetworkController(2113): onSignalStrengthsChanged signalStrength=SignalStrength: 99 -1 -1 -1 -1 -1 -1 -1 -1 -1 -1 -1 gsm|lte 3 level=3
04-13 01:39:11.310: W/SignalStrength(2010): getGsmDbm=-1
04-13 01:39:11.310: W/SignalStrength(2010): getDbm=-1
04-13 01:39:11.310: W/SignalStrength(2010): getGsmAsuLevel=99
04-13 01:39:11.310: W/SignalStrength(2010): getAsuLevel=99
04-13 01:39:11.310: D/STATUSBAR-NetworkController(2113): refreshSignalCluster: data=-1 bt=false
04-13 01:39:11.310: D/STATUSBAR-SignalClusterView(2113): mSeparateMobileGroup=8
04-13 01:39:11.310: D/STATUSBAR-SignalClusterView(2113): mSeparateMobileGroup=8
04-13 01:39:11.310: D/STATUSBAR-SignalClusterView(2113): mSeparateMobileGroup=8
04-13 01:39:12.041: D/STATUSBAR-NetworkController(2113): onReceive() - RSSI_CHANGED_ACTION, WIFI_STATE, NETWORK_STATE
04-13 01:39:12.041: D/STATUSBAR-NetworkController(2113): refreshSignalCluster: data=-1 bt=false
04-13 01:39:12.041: D/STATUSBAR-SignalClusterView(2113): mSeparateMobileGroup=8
04-13 01:39:12.041: D/STATUSBAR-SignalClusterView(2113): mSeparateMobileGroup=8
04-13 01:39:12.041: D/STATUSBAR-SignalClusterView(2113): mSeparateMobileGroup=8
04-13 01:39:16.355: W/SignalStrength(2010): getGsmLevel=2
04-13 01:39:16.355: W/SignalStrength(2113): getGsmLevel=2
04-13 01:39:16.355: W/SignalStrength(2010): getLevel=2 (SignalStrength: 99 -1 -1 -1 -1 -1 -1 -1 -1 -1 -1 -1 gsm|lte 2)
04-13 01:39:16.355: W/SignalStrength(2113): getLevel=2 (SignalStrength: 99 -1 -1 -1 -1 -1 -1 -1 -1 -1 -1 -1 gsm|lte 2)
04-13 01:39:16.355: W/SignalStrength(2113): getGsmLevel=2
04-13 01:39:16.355: W/SignalStrength(2113): getLevel=2 (SignalStrength: 99 -1 -1 -1 -1 -1 -1 -1 -1 -1 -1 -1 gsm|lte 2)
04-13 01:39:16.355: W/SignalStrength(2010): getGsmDbm=-1
04-13 01:39:16.355: W/SignalStrength(2010): getDbm=-1
04-13 01:39:16.355: W/SignalStrength(2010): getGsmAsuLevel=99
04-13 01:39:16.355: W/SignalStrength(2010): getAsuLevel=99
04-13 01:39:16.355: D/STATUSBAR-NetworkController(2113): onSignalStrengthsChanged signalStrength=SignalStrength: 99 -1 -1 -1 -1 -1 -1 -1 -1 -1 -1 -1 gsm|lte 2 level=2
04-13 01:39:16.355: D/STATUSBAR-NetworkController(2113): refreshSignalCluster: data=-1 bt=false
04-13 01:39:16.355: D/STATUSBAR-SignalClusterView(2113): mSeparateMobileGroup=8
04-13 01:39:16.355: D/STATUSBAR-SignalClusterView(2113): mSeparateMobileGroup=8
04-13 01:39:16.355: D/STATUSBAR-SignalClusterView(2113): mSeparateMobileGroup=8
04-13 01:39:17.876: D/BatteryService(2010): update start
04-13 01:39:17.876: D/BatteryService(2010): level:95 scale:100 status:2 health:2 present:true voltage: 4332 temperature: 302 technology: Li-ion AC powered:false USB powered:true icon:17303233 invalid charger:0
04-13 01:39:17.886: D/STATUSBAR-BatteryController(2113): onReceive() - ACTION_BATTERY_CHANGED
04-13 01:39:17.886: D/STATUSBAR-BatteryController(2113): onReceive() - level:95
04-13 01:39:17.886: D/STATUSBAR-BatteryController(2113): onReceive() - plugged:2
04-13 01:39:17.886: D/STATUSBAR-BatteryController(2113): onReceive() - BATTERY_STATUS_CHARGING:
04-13 01:39:17.886: D/STATUSBAR-PhoneStatusBar(2113): ACTION_BATTERY_CHANGED
04-13 01:39:17.886: D/STATUSBAR-PhoneStatusBar(2113): NORMAL_BATTERY
04-13 01:39:17.896: E/MtpService(5628): In MTPAPP onReceive:android.intent.action.BATTERY_CHANGED
04-13 01:39:17.896: E/MtpService(5628): battPlugged Type : 2
04-13 01:39:21.560: E/Watchdog(2010): !@Sync 370
04-13 01:39:24.513: D/STATUSBAR-NetworkController(2113): refreshSignalCluster: data=-1 bt=false
04-13 01:39:24.513: D/STATUSBAR-SignalClusterView(2113): mSeparateMobileGroup=8
04-13 01:39:24.513: D/STATUSBAR-SignalClusterView(2113): mSeparateMobileGroup=8
04-13 01:39:24.513: D/STATUSBAR-SignalClusterView(2113): mSeparateMobileGroup=8
04-13 01:39:25.514: D/STATUSBAR-NetworkController(2113): refreshSignalCluster: data=-1 bt=false
04-13 01:39:25.514: D/STATUSBAR-SignalClusterView(2113): mSeparateMobileGroup=8
04-13 01:39:25.514: D/STATUSBAR-SignalClusterView(2113): mSeparateMobileGroup=8
04-13 01:39:25.514: D/STATUSBAR-SignalClusterView(2113): mSeparateMobileGroup=8
04-13 01:39:27.516: D/STATUSBAR-NetworkController(2113): refreshSignalCluster: data=-1 bt=false
04-13 01:39:27.516: D/STATUSBAR-SignalClusterView(2113): mSeparateMobileGroup=8
04-13 01:39:27.516: D/STATUSBAR-SignalClusterView(2113): mSeparateMobileGroup=8
04-13 01:39:27.516: D/STATUSBAR-SignalClusterView(2113): mSeparateMobileGroup=8
04-13 01:39:27.986: E/MtpService(5628): In MTPAPP onReceive:android.intent.action.BATTERY_CHANGED
04-13 01:39:27.986: E/MtpService(5628): battPlugged Type : 2
04-13 01:39:27.986: D/BatteryService(2010): update start
04-13 01:39:27.986: D/BatteryService(2010): level:95 scale:100 status:2 health:2 present:true voltage: 4334 temperature: 302 technology: Li-ion AC powered:false USB powered:true icon:17303233 invalid charger:0
04-13 01:39:27.986: D/STATUSBAR-BatteryController(2113): onReceive() - ACTION_BATTERY_CHANGED
04-13 01:39:27.986: D/STATUSBAR-BatteryController(2113): onReceive() - level:95
04-13 01:39:27.986: D/STATUSBAR-BatteryController(2113): onReceive() - plugged:2
04-13 01:39:27.986: D/STATUSBAR-BatteryController(2113): onReceive() - BATTERY_STATUS_CHARGING:
04-13 01:39:27.986: D/STATUSBAR-PhoneStatusBar(2113): ACTION_BATTERY_CHANGED
04-13 01:39:27.986: D/STATUSBAR-PhoneStatusBar(2113): NORMAL_BATTERY
04-13 01:39:28.527: D/STATUSBAR-NetworkController(2113): refreshSignalCluster: data=-1 bt=false
04-13 01:39:28.527: D/STATUSBAR-SignalClusterView(2113): mSeparateMobileGroup=8
04-13 01:39:28.527: D/STATUSBAR-SignalClusterView(2113): mSeparateMobileGroup=8
04-13 01:39:28.527: D/STATUSBAR-SignalClusterView(2113): mSeparateMobileGroup=8
04-13 01:39:30.529: D/STATUSBAR-NetworkController(2113): refreshSignalCluster: data=-1 bt=false
04-13 01:39:30.529: D/STATUSBAR-SignalClusterView(2113): mSeparateMobileGroup=8
04-13 01:39:30.529: D/STATUSBAR-SignalClusterView(2113): mSeparateMobileGroup=8
04-13 01:39:30.529: D/STATUSBAR-SignalClusterView(2113): mSeparateMobileGroup=8
04-13 01:39:32.531: D/STATUSBAR-NetworkController(2113): refreshSignalCluster: data=-1 bt=false
04-13 01:39:32.541: D/STATUSBAR-SignalClusterView(2113): mSeparateMobileGroup=8
04-13 01:39:32.541: D/STATUSBAR-SignalClusterView(2113): mSeparateMobileGroup=8
04-13 01:39:32.541: D/STATUSBAR-SignalClusterView(2113): mSeparateMobileGroup=8
04-13 01:39:33.542: D/STATUSBAR-NetworkController(2113): refreshSignalCluster: data=-1 bt=false
04-13 01:39:33.542: D/STATUSBAR-SignalClusterView(2113): mSeparateMobileGroup=8
04-13 01:39:33.542: D/STATUSBAR-SignalClusterView(2113): mSeparateMobileGroup=8
04-13 01:39:33.542: D/STATUSBAR-SignalClusterView(2113): mSeparateMobileGroup=8
04-13 01:39:34.543: D/STATUSBAR-NetworkController(2113): refreshSignalCluster: data=-1 bt=false
04-13 01:39:34.553: D/STATUSBAR-SignalClusterView(2113): mSeparateMobileGroup=8
04-13 01:39:34.553: D/STATUSBAR-SignalClusterView(2113): mSeparateMobileGroup=8
04-13 01:39:34.553: D/STATUSBAR-SignalClusterView(2113): mSeparateMobileGroup=8
04-13 01:39:36.544: D/STATUSBAR-NetworkController(2113): refreshSignalCluster: data=-1 bt=false
04-13 01:39:36.544: D/STATUSBAR-SignalClusterView(2113): mSeparateMobileGroup=8
04-13 01:39:36.544: D/STATUSBAR-SignalClusterView(2113): mSeparateMobileGroup=8
04-13 01:39:36.544: D/STATUSBAR-SignalClusterView(2113): mSeparateMobileGroup=8
04-13 01:39:36.565: W/SignalStrength(2010): getGsmLevel=3
04-13 01:39:36.565: W/SignalStrength(2010): getLevel=3 (SignalStrength: 99 -1 -1 -1 -1 -1 -1 -1 -1 -1 -1 -1 gsm|lte 3)
04-13 01:39:36.565: W/SignalStrength(2010): getGsmDbm=-1
04-13 01:39:36.575: W/SignalStrength(2010): getDbm=-1
04-13 01:39:36.575: W/SignalStrength(2010): getGsmAsuLevel=99
04-13 01:39:36.575: W/SignalStrength(2010): getAsuLevel=99
04-13 01:39:36.585: W/SignalStrength(2113): getGsmLevel=3
04-13 01:39:36.585: W/SignalStrength(2113): getLevel=3 (SignalStrength: 99 -1 -1 -1 -1 -1 -1 -1 -1 -1 -1 -1 gsm|lte 3)
04-13 01:39:36.585: W/SignalStrength(2113): getGsmLevel=3
04-13 01:39:36.585: W/SignalStrength(2113): getLevel=3 (SignalStrength: 99 -1 -1 -1 -1 -1 -1 -1 -1 -1 -1 -1 gsm|lte 3)
04-13 01:39:36.585: D/STATUSBAR-NetworkController(2113): onSignalStrengthsChanged signalStrength=SignalStrength: 99 -1 -1 -1 -1 -1 -1 -1 -1 -1 -1 -1 gsm|lte 3 level=3
04-13 01:39:36.585: D/STATUSBAR-NetworkController(2113): refreshSignalCluster: data=-1 bt=false
04-13 01:39:36.585: D/STATUSBAR-SignalClusterView(2113): mSeparateMobileGroup=8
04-13 01:39:36.595: D/STATUSBAR-SignalClusterView(2113): mSeparateMobileGroup=8
04-13 01:39:36.595: D/STATUSBAR-SignalClusterView(2113): mSeparateMobileGroup=8
04-13 01:39:37.555: D/STATUSBAR-NetworkController(2113): refreshSignalCluster: data=-1 bt=false
04-13 01:39:37.555: D/STATUSBAR-SignalClusterView(2113): mSeparateMobileGroup=8
04-13 01:39:37.555: D/STATUSBAR-SignalClusterView(2113): mSeparateMobileGroup=8
04-13 01:39:37.555: D/STATUSBAR-SignalClusterView(2113): mSeparateMobileGroup=8
04-13 01:39:38.076: D/BatteryService(2010): update start
04-13 01:39:39.567: D/STATUSBAR-NetworkController(2113): refreshSignalCluster: data=-1 bt=false
04-13 01:39:39.567: D/STATUSBAR-SignalClusterView(2113): mSeparateMobileGroup=8
04-13 01:39:39.567: D/STATUSBAR-SignalClusterView(2113): mSeparateMobileGroup=8
04-13 01:39:39.567: D/STATUSBAR-SignalClusterView(2113): mSeparateMobileGroup=8
04-13 01:39:40.568: D/STATUSBAR-NetworkController(2113): refreshSignalCluster: data=-1 bt=false
04-13 01:39:40.568: D/STATUSBAR-SignalClusterView(2113): mSeparateMobileGroup=8
04-13 01:39:40.568: D/STATUSBAR-SignalClusterView(2113): mSeparateMobileGroup=8
04-13 01:39:40.568: D/STATUSBAR-SignalClusterView(2113): mSeparateMobileGroup=8
04-13 01:39:48.276: D/BatteryService(2010): update start
04-13 01:39:51.559: E/Watchdog(2010): !@Sync 371
04-13 01:39:58.306: D/BatteryService(2010): update start
04-13 01:39:58.306: D/BatteryService(2010): level:95 scale:100 status:2 health:2 present:true voltage: 4322 temperature: 304 technology: Li-ion AC powered:false USB powered:true icon:17303233 invalid charger:0
04-13 01:39:58.316: E/MtpService(5628): In MTPAPP onReceive:android.intent.action.BATTERY_CHANGED
04-13 01:39:58.316: E/MtpService(5628): battPlugged Type : 2
04-13 01:39:58.316: D/STATUSBAR-BatteryController(2113): onReceive() - ACTION_BATTERY_CHANGED
04-13 01:39:58.316: D/STATUSBAR-BatteryController(2113): onReceive() - level:95
04-13 01:39:58.316: D/STATUSBAR-BatteryController(2113): onReceive() - plugged:2
04-13 01:39:58.316: D/STATUSBAR-BatteryController(2113): onReceive() - BATTERY_STATUS_CHARGING:
04-13 01:39:58.316: D/STATUSBAR-PhoneStatusBar(2113): ACTION_BATTERY_CHANGED
04-13 01:39:58.316: D/STATUSBAR-PhoneStatusBar(2113): NORMAL_BATTERY
04-13 01:39:59.987: V/AlarmManager(2010): waitForAlarm result :8
04-13 01:39:59.987: V/AlarmManager(2010): ClockReceiver onReceive() ACTION_TIME_TICK
04-13 01:39:59.987: W/AlarmManager(2010): FACTORY_ON= 0
04-13 01:39:59.997: D/STATUSBAR-Clock(2113): onReceive() - ACTION_TIME_TICK
04-13 01:40:00.017: D/STATUSBAR-Clock(2113): onReceive() - ACTION_TIME_TICK
04-13 01:40:00.037: D/widget(2290): [MSC_HERO_Accu_JB]>>> SM:1288 [0:0] bTCC WCV = 100
04-13 01:40:00.047: D/widget(2290): [MSC_HERO_Accu_JB]>>> WC:1664 [0:0] drw 1nd Tm dt = 0140
04-13 01:40:00.060: D/ClockAlarmWidgetService(8173): [ClockAlarmWidgetService] onReceive: action = android.intent.action.TIME_TICK
04-13 01:40:00.060: E/ClockAlarmWidget(8173): [AlarmWidgetIdManager] getListItem() : itemIndex=0, widgetID:1
04-13 01:40:00.060: E/ClockAlarmWidget(8173): [AlarmWidgetIdManager] getListItem() : ItemIndex exceed ListItemCount. itemIndex=1
04-13 01:40:00.060: E/ClockAlarmWidget(8173): [AlarmWidgetIdManager] getListItem() : itemIndex=1, widgetID:1
04-13 01:40:00.060: D/ClockAlarmDataProvider(8173): getAlarm() - too many same ID alarm data. nCount: 0
04-13 01:40:01.620: D/STATUSBAR-NetworkController(2113): refreshSignalCluster: data=-1 bt=false
04-13 01:40:01.620: D/STATUSBAR-SignalClusterView(2113): mSeparateMobileGroup=8
04-13 01:40:01.620: D/STATUSBAR-SignalClusterView(2113): mSeparateMobileGroup=8
04-13 01:40:01.620: D/STATUSBAR-SignalClusterView(2113): mSeparateMobileGroup=8
04-13 01:40:02.621: D/STATUSBAR-NetworkController(2113): refreshSignalCluster: data=-1 bt=false
04-13 01:40:02.621: D/STATUSBAR-SignalClusterView(2113): mSeparateMobileGroup=8
04-13 01:40:02.621: D/STATUSBAR-SignalClusterView(2113): mSeparateMobileGroup=8
04-13 01:40:02.621: D/STATUSBAR-SignalClusterView(2113): mSeparateMobileGroup=8
04-13 01:40:08.477: D/BatteryService(2010): update start
04-13 01:40:08.477: D/BatteryService(2010): level:95 scale:100 status:2 health:2 present:true voltage: 4334 temperature: 307 technology: Li-ion AC powered:false USB powered:true icon:17303233 invalid charger:0
04-13 01:40:08.487: D/STATUSBAR-BatteryController(2113): onReceive() - ACTION_BATTERY_CHANGED
04-13 01:40:08.487: D/STATUSBAR-BatteryController(2113): onReceive() - level:95
04-13 01:40:08.487: D/STATUSBAR-BatteryController(2113): onReceive() - plugged:2
04-13 01:40:08.487: D/STATUSBAR-BatteryController(2113): onReceive() - BATTERY_STATUS_CHARGING:
04-13 01:40:08.487: D/STATUSBAR-PhoneStatusBar(2113): ACTION_BATTERY_CHANGED
04-13 01:40:08.497: D/STATUSBAR-PhoneStatusBar(2113): NORMAL_BATTERY
04-13 01:40:08.507: E/MtpService(5628): In MTPAPP onReceive:android.intent.action.BATTERY_CHANGED
04-13 01:40:08.507: E/MtpService(5628): battPlugged Type : 2
04-13 01:40:09.198: V/AlarmManager(2010): waitForAlarm result :8
04-13 01:40:09.208: W/ThrottleService(2010): unable to find stats for iface rmnet0
04-13 01:40:09.228: W/AlarmManager(2010): FACTORY_ON= 0
04-13 01:40:09.638: D/STATUSBAR-NetworkController(2113): refreshSignalCluster: data=-1 bt=false
04-13 01:40:09.638: D/STATUSBAR-SignalClusterView(2113): mSeparateMobileGroup=8
04-13 01:40:09.638: D/STATUSBAR-SignalClusterView(2113): mSeparateMobileGroup=8
04-13 01:40:09.638: D/STATUSBAR-SignalClusterView(2113): mSeparateMobileGroup=8
04-13 01:40:10.639: D/STATUSBAR-NetworkController(2113): refreshSignalCluster: data=-1 bt=false
04-13 01:40:10.649: D/STATUSBAR-SignalClusterView(2113): mSeparateMobileGroup=8
04-13 01:40:10.649: D/STATUSBAR-SignalClusterView(2113): mSeparateMobileGroup=8
04-13 01:40:10.649: D/STATUSBAR-SignalClusterView(2113): mSeparateMobileGroup=8
04-13 01:40:13.552: I/InputReader(2010): Touch event's action is 0x0 (deviceType=0) [pCnt=1, s=0.83 ]
04-13 01:40:13.552: I/InputDispatcher(2010): Delivering touch to current input target: action: 0x0
04-13 01:40:13.552: I/InputDispatcher(2010): Delivering touch to current input target: action: 0x0
04-13 01:40:13.552: I/InputDispatcher(2010): Delivering touch to current input target: action: 0x0
04-13 01:40:13.552: I/InputDispatcher(2010): Delivering touch to current input target: action: 0x0
04-13 01:40:13.552: I/TwDVFSBroadcastReceiver(2265): onLauncherIntent
04-13 01:40:13.562: D/PowerManager(2265): DVFSLock : acquire : timeout : 1000
04-13 01:40:13.562: I/power(2010): *** acquire_dvfs_lock : lockType : 1 freq : 1000000
04-13 01:40:13.562: D/PowerManagerService(2010): acquireDVFSLockLocked : type : DVFS_MIN_LIMIT frequency : 1000000 uid : 1000 pid : 2265 tag : TwDVFSBroadcastReceiver
04-13 01:40:13.642: I/InputReader(2010): Touch event's action is 0x1 (deviceType=0) [pCnt=1, s=]
04-13 01:40:13.642: I/InputDispatcher(2010): Delivering touch to current input target: action: 0x1
04-13 01:40:13.642: I/InputDispatcher(2010): Delivering touch to current input target: action: 0x1
04-13 01:40:13.642: I/InputDispatcher(2010): Delivering touch to current input target: action: 0x1
04-13 01:40:13.642: I/InputDispatcher(2010): Delivering touch to current input target: action: 0x1
04-13 01:40:13.642: I/AudioPolicyManagerBase(1672): getSituationVolume: isBTConnected:0 isHeadConnected:0
04-13 01:40:13.642: V/AudioPolicyManagerBase(1672): getParamFromPolicy deviceInt = 0, situationInt = 1, situationVolume = 1.000000
04-13 01:40:13.642: V/audio_policy_anm(1672): audio_io_handle_t android::ap_get_output(audio_policy*, audio_stream_type_t, uint32_t, audio_format_t, uint32_t, audio_output_flags_t): tid 1672
04-13 01:40:13.642: V/AudioPolicyManagerBase(1672): getOutput() stream 1, samplingRate 0, format 0, channelMask 3, flags 0
04-13 01:40:13.642: V/AudioPolicyManagerBase(1672): getOutput() returns output 2
04-13 01:40:13.642: V/audio_policy_anm(1672): audio_io_handle_t android::ap_get_output(audio_policy*, audio_stream_type_t, uint32_t, audio_format_t, uint32_t, audio_output_flags_t): tid 2004
04-13 01:40:13.642: V/AudioPolicyManagerBase(1672): getOutput() stream 1, samplingRate 0, format 0, channelMask 3, flags 0
04-13 01:40:13.642: V/AudioPolicyManagerBase(1672): getOutput() returns output 2
04-13 01:40:13.642: V/audio_policy_anm(1672): audio_io_handle_t android::ap_get_output(audio_policy*, audio_stream_type_t, uint32_t, audio_format_t, uint32_t, audio_output_flags_t): tid 1985
04-13 01:40:13.642: V/AudioPolicyManagerBase(1672): getOutput() stream 1, samplingRate 44100, format 1, channelMask 3, flags 4
04-13 01:40:13.642: V/AudioPolicyManagerBase(1672): getOutput() returns output 2
04-13 01:40:13.642: D/PowerManagerService(2010): acquireDVFSLockLocked : type : DVFS_MIN_LIMIT frequency : 1000000 uid : 1000 pid : 2010 tag : ActivityManager
04-13 01:40:13.652: V/AudioPolicyManagerBase(1672): startOutput() output 2, stream 1, session 93
04-13 01:40:13.652: V/AudioPolicyManagerBase(1672): changeRefCount() stream 1, count 1
04-13 01:40:13.652: V/AudioPolicyManagerBase(1672): getNewDevice() selected device 2
04-13 01:40:13.652: V/AudioPolicyManagerBase(1672): setOutputDevice() output 2 device 0002 force 0 delayMs 0
04-13 01:40:13.652: V/AudioPolicyManagerBase(1672): setOutputDevice() prevDevice 0002
04-13 01:40:13.652: V/AudioPolicyManagerBase(1672): setOutputDevice() setting same device 0002 or null device for output 2
04-13 01:40:13.652: V/AudioPolicyManagerBase(1672): releaseOutput() 2
04-13 01:40:13.652: W/ActivityManager(2010): mDVFSLock.acquire()
04-13 01:40:13.662: I/sec_anm_ahi_output(1672): openDevices()
04-13 01:40:13.662: V/sec_anm_organ_switcher(1672): already: Speaker -> REF_Speaker_Playback_Music
04-13 01:40:13.662: I/sec_anm_ahi_output(1672): adm_api: ste_adm_client_open_device(Speaker)
04-13 01:40:13.662: I/ADM(1694): 2: 11175713774: [STATUS] api_devset:457 Open device 'Speaker', 44100 Hz, format=2, 3 x 3904 bytes bufs
04-13 01:40:13.662: I/ADM(1694): 7: 11175714079: [INFO] dev:378 >>> ENTER dev_open(Speaker, vc=0, alloc_buffers=0, format=2)
04-13 01:40:13.662: I/ADM(1694): 0: 11175714232: [INFO] dev:306 setting /data/local/tmp/rme_act_adm to 1
04-13 01:40:13.662: I/ADM(1694): 7: 11175714628: [INFO] dev:347 rme alp tracker /data/local/tmp/rme_act_alp set to 0: proceeding
04-13 01:40:13.662: I/ADM(1694): 8: 11175714689: [INFO] dev:1684 rescan_hw_handler
04-13 01:40:13.662: I/ADM(1694): 9: 11175714750: [INFO] hw_handler_u8500:423 AddD2DConnections ENTER
04-13 01:40:13.662: I/ADM(1694): 6: 11175715758: [INFO] dev:1675 hw_handler_dev_next_d2d: DONE
04-13 01:40:13.662: I/ADM(1694): 2: 11175716154: [INFO] dev:1654 hw_handler_dev_next: DONE
04-13 01:40:13.662: I/ADM(1694): 7: 11175717039: [INFO] hw_handler_u8500:810 Query: SELECT * FROM HW_Settings WHERE (Platform = 'AB8500') AND ('REF_Speaker_Playback_Music' IN (Dev1, Dev2, Dev3, Dev4, Dev5, Dev6))ORDER BY rowid LIMIT 1
04-13 01:40:13.702: I/ADM(1694): 2: 11175750944: [INFO] hw_handler_u8500:922 ste_adm_hw_handler_u8500: Found matching HW-settings: devices = ('REF_Speaker_Playback_Music', '', '', '', '', ''), d2dlogical-connections = ('', '', '', '').
04-13 01:40:13.712: I/ADM(1694): 8: 11175767210: [INFO] dev:429 Device Speaker is OUTPUT
04-13 01:40:13.712: I/ADM(1694): 1: 11175767393: [INFO] dev_omx:1276 Enter dev_omx_setup_graph - device=Speaker, samplerate=44100, format=2, alloc_buffers=0, is_vc=0, bufsz=0
04-13 01:40:13.712: I/ADM(1694): 9: 11175768400: [OMXIL] omx_log:256 41269F60: GetHandle 'OMX.ST.AFM.mixer' pAD=458644B0 pCB=4013BD60 OK
04-13 01:40:13.712: I/ADM(1694): 7: 11175768889: [INFO] dev_omx_graph:123 il_tool_create_component returned 0x41269F60 for OMX.ST.AFM.mixer (Common Mixer)
04-13 01:40:13.712: I/ADM(1694): 6: 11175769407: [OMXIL] omx_log:256 414B0008: GetHandle 'ADM.mixer' pAD=416C64B0 pCB=4013BD60 OK
04-13 01:40:13.712: I/ADM(1694): 0: 11175769652: [INFO] dev_omx_graph:144 il_tool_create_component returned 0x414B0008 for ADM.mixer (App Mixer)
04-13 01:40:13.722: I/ADM(1694): 6: 11175770109: [INFO] dev_omx:900 Extracting components for chain 0, dev ='Speaker'
04-13 01:40:13.722: I/ADM(1694): 4: 11175773405: [OMXIL] omx_log:256 432A8F80: GetHandle 'OMX.ST.AFM.pcmprocessing.spl' pAD=41076008 pCB=4013BD60 OK
04-13 01:40:13.722: I/ADM(1694): 3: 11175773985: [INFO] dev_omx:940 adm_create_component returned 0x432A8F80 for OMX.ST.AFM.pcmprocessing.spl
04-13 01:40:13.722: I/ADM(1694): 9: 11175774534: [OMXIL] omx_log:887 432A8F80 [ocessing.spl]: SetParameter idx=AudioPcm
04-13 01:40:13.722: I/ADM(1694): 6: 11175774748: [OMXIL] omx_log:293 port=0 channels=1 eNumData=0 endian=1 interleave=1 bits=16 samplerate=48000
04-13 01:40:13.722: I/ADM(1694): 3: 11175775145: [OMXIL] omx_log:293 pcmMode=0 map[0]=3 map[1]=0 map[2]=0, map[3]=0, map[4]=0, map[5]=0
04-13 01:40:13.722: I/ADM(1694): 5: 11175775877: [OMXIL] omx_log:887 432A8F80 [ocessing.spl]: SetParameter idx=AudioPcm
04-13 01:40:13.722: I/ADM(1694): 3: 11175776304: [OMXIL] omx_log:293 port=1 channels=1 eNumData=0 endian=1 interleave=1 bits=16 samplerate=48000
04-13 01:40:13.722: I/ADM(1694): 6: 11175776518: [OMXIL] omx_log:293 pcmMode=0 map[0]=3 map[1]=0 map[2]=0, map[3]=0, map[4]=0, map[5]=0
04-13 01:40:13.722: I/ADM(1694): 9: 11175777250: [OMXIL] omx_log:887 432A8F80 [ocessing.spl]: SetParameter idx=AFM_IndexParamSpl
04-13 01:40:13.722: I/ADM(1694): 8: 11175777830: [OMXIL] omx_log:913 432A8F80 [ocessing.spl]: SetConfig idx=OMX_IndexConfigSpllimit
04-13 01:40:13.722: I/ADM(1694): 9: 11175778441: [OMXIL] omx_log:913 432A8F80 [ocessing.spl]: SetConfig idx=Volume
04-13 01:40:13.722: I/ADM(1694): 5: 11175778807: [OMXIL] omx_log:293 port=0 linear=0 volume=600 mB
04-13 01:40:13.722: I/ADM(1694): 5: 11175779387: [OMXIL] omx_log:913 432A8F80 [ocessing.spl]: SetConfig idx=AFM_IndexConfigPcmProbe
04-13 01:40:13.722: I/ADM(1694): 5: 11175779967: [OMXIL] omx_log:887 432A8F80 [ocessing.spl]: SetParameter idx=AFM_IndexParamHostMpcSync
04-13 01:40:13.732: I/ADM(1694): 2: 11175780394: [OMXIL] omx_log:293 nPortIndex=0 enabled=1
04-13 01:40:13.732: I/ADM(1694): 2: 11175780974: [INFO] dev_omx:900 Extracting components for chain 2, dev ='Speaker'
04-13 01:40:13.732: I/ADM(1694): 1: 11175782072: [OMXIL] omx_log:256 43DD1F60: GetHandle 'OMX.ST.AFM.pcmprocessing.spl' pAD=453BA958 pCB=4013BD60 OK
04-13 01:40:13.732: I/ADM(1694): 8: 11175782530: [INFO] dev_omx:940 adm_create_component returned 0x43DD1F60 for OMX.ST.AFM.pcmprocessing.spl
04-13 01:40:13.732: I/ADM(1694): 4: 11175782866: [OMXIL] omx_log:887 43DD1F60 [ocessing.spl]: SetParameter idx=AudioPcm
04-13 01:40:13.732: I/ADM(1694): 0: 11175783232: [OMXIL] omx_log:293 port=0 channels=1 eNumData=0 endian=1 interleave=1 bits=16 samplerate=48000
04-13 01:40:13.732: I/ADM(1694): 4: 11175783446: [OMXIL] omx_log:293 pcmMode=0 map[0]=3 map[1]=0 map[2]=0, map[3]=0, map[4]=0, map[5]=0
