04-13 01:38:27.526: I/ADM(1694): 1: 11069582497: [INFO] dev_omx_graph:144 il_tool_create_component returned 0x414B0008 for ADM.mixer (App Mixer)
04-13 01:38:27.526: I/ADM(1694): 1: 11069582558: [INFO] dev_omx:900 Extracting components for chain 0, dev ='Speaker'
04-13 01:38:27.526: I/ADM(1694): 6: 11069585793: [OMXIL] omx_log:256 43DD1F60: GetHandle 'OMX.ST.AFM.pcmprocessing.spl' pAD=41076008 pCB=4013BD60 OK
04-13 01:38:27.526: I/ADM(1694): 8: 11069585854: [INFO] dev_omx:940 adm_create_component returned 0x43DD1F60 for OMX.ST.AFM.pcmprocessing.spl
04-13 01:38:27.526: I/ADM(1694): 0: 11069586007: [OMXIL] omx_log:887 43DD1F60 [ocessing.spl]: SetParameter idx=AudioPcm
04-13 01:38:27.526: I/ADM(1694): 1: 11069586037: [OMXIL] omx_log:293 port=0 channels=1 eNumData=0 endian=1 interleave=1 bits=16 samplerate=48000
04-13 01:38:27.526: I/ADM(1694): 1: 11069586068: [OMXIL] omx_log:293 pcmMode=0 map[0]=3 map[1]=0 map[2]=0, map[3]=0, map[4]=0, map[5]=0
04-13 01:38:27.526: I/ADM(1694): 6: 11069586373: [OMXIL] omx_log:887 43DD1F60 [ocessing.spl]: SetParameter idx=AudioPcm
04-13 01:38:27.526: I/ADM(1694): 7: 11069586403: [OMXIL] omx_log:293 port=1 channels=1 eNumData=0 endian=1 interleave=1 bits=16 samplerate=48000
04-13 01:38:27.526: I/ADM(1694): 7: 11069586464: [OMXIL] omx_log:293 pcmMode=0 map[0]=3 map[1]=0 map[2]=0, map[3]=0, map[4]=0, map[5]=0
04-13 01:38:27.526: I/ADM(1694): 2: 11069586708: [OMXIL] omx_log:887 43DD1F60 [ocessing.spl]: SetParameter idx=AFM_IndexParamSpl
04-13 01:38:27.526: I/ADM(1694): 5: 11069586892: [OMXIL] omx_log:913 43DD1F60 [ocessing.spl]: SetConfig idx=OMX_IndexConfigSpllimit
04-13 01:38:27.526: I/ADM(1694): 8: 11069587044: [OMXIL] omx_log:913 43DD1F60 [ocessing.spl]: SetConfig idx=Volume
04-13 01:38:27.526: I/ADM(1694): 9: 11069587105: [OMXIL] omx_log:293 port=0 linear=0 volume=600 mB
04-13 01:38:27.526: I/ADM(1694): 1: 11069587288: [OMXIL] omx_log:913 43DD1F60 [ocessing.spl]: SetConfig idx=AFM_IndexConfigPcmProbe
04-13 01:38:27.526: I/ADM(1694): 4: 11069587471: [OMXIL] omx_log:887 43DD1F60 [ocessing.spl]: SetParameter idx=AFM_IndexParamHostMpcSync
04-13 01:38:27.526: I/ADM(1694): 5: 11069587502: [OMXIL] omx_log:293 nPortIndex=0 enabled=1
04-13 01:38:27.526: I/ADM(1694): 8: 11069587624: [INFO] dev_omx:900 Extracting components for chain 2, dev ='Speaker'
04-13 01:38:27.526: I/ADM(1694): 6: 11069588112: [OMXIL] omx_log:256 42AC62D0: GetHandle 'OMX.ST.AFM.pcmprocessing.spl' pAD=453BA958 pCB=4013BD60 OK
04-13 01:38:27.526: I/ADM(1694): 6: 11069588173: [INFO] dev_omx:940 adm_create_component returned 0x42AC62D0 for OMX.ST.AFM.pcmprocessing.spl
04-13 01:38:27.526: I/ADM(1694): 8: 11069588265: [OMXIL] omx_log:887 42AC62D0 [ocessing.spl]: SetParameter idx=AudioPcm
04-13 01:38:27.526: I/ADM(1694): 9: 11069588295: [OMXIL] omx_log:293 port=0 channels=1 eNumData=0 endian=1 interleave=1 bits=16 samplerate=48000
04-13 01:38:27.526: I/ADM(1694): 9: 11069588356: [OMXIL] omx_log:293 pcmMode=0 map[0]=3 map[1]=0 map[2]=0, map[3]=0, map[4]=0, map[5]=0
04-13 01:38:27.526: I/ADM(1694): 4: 11069588601: [OMXIL] omx_log:887 42AC62D0 [ocessing.spl]: SetParameter idx=AudioPcm
04-13 01:38:27.526: I/ADM(1694): 5: 11069588662: [OMXIL] omx_log:293 port=1 channels=1 eNumData=0 endian=1 interleave=1 bits=16 samplerate=48000
04-13 01:38:27.526: I/ADM(1694): 6: 11069588692: [OMXIL] omx_log:293 pcmMode=0 map[0]=3 map[1]=0 map[2]=0, map[3]=0, map[4]=0, map[5]=0
04-13 01:38:27.526: I/ADM(1694): 0: 11069588967: [OMXIL] omx_log:887 42AC62D0 [ocessing.spl]: SetParameter idx=AFM_IndexParamSpl
04-13 01:38:27.526: I/ADM(1694): 3: 11069589150: [OMXIL] omx_log:913 42AC62D0 [ocessing.spl]: SetConfig idx=OMX_IndexConfigSpllimit
04-13 01:38:27.526: I/ADM(1694): 7: 11069589333: [OMXIL] omx_log:913 42AC62D0 [ocessing.spl]: SetConfig idx=Volume
04-13 01:38:27.526: I/ADM(1694): 7: 11069589363: [OMXIL] omx_log:293 port=0 linear=0 volume=200 mB
04-13 01:38:27.526: I/ADM(1694): 0: 11069589547: [OMXIL] omx_log:913 42AC62D0 [ocessing.spl]: SetConfig idx=AFM_IndexConfigPcmProbe
04-13 01:38:27.536: D/CircleUnlockRipple(2010): handleTouchEvent event : 2
04-13 01:38:27.536: D/CircleUnlockRipple(2010): pokeWakelockWithTimeCheck time diffence = 1062
04-13 01:38:27.536: D/KeyguardViewMediator(2010): pokeWakelock(10000)
04-13 01:38:27.536: D/CircleUnlockRipple(2010): pokeWakelockWithTimeCheck mCallback.pokeWakelock(AWAKE_INTERVAL_DEFAULT_MS)
04-13 01:38:27.536: D/CircleUnlockRippleRenderer(2010): handleTouchEvent event : 2, view = null
04-13 01:38:27.536: V/audio_policy_anm(1672): audio_io_handle_t android::ap_get_output(audio_policy*, audio_stream_type_t, uint32_t, audio_format_t, uint32_t, audio_output_flags_t): tid 2004
04-13 01:38:27.536: V/AudioPolicyManagerBase(1672): getOutput() stream 1, samplingRate 0, format 0, channelMask 3, flags 0
04-13 01:38:27.536: V/AudioPolicyManagerBase(1672): getOutput() returns output 2
04-13 01:38:27.536: D/PowerManagerService(2010): acquireWakeLock flags=0x1000001a tag=keyguard uid=1000 pid=2010
04-13 01:38:27.546: V/audio_policy_anm(1672): audio_io_handle_t android::ap_get_output(audio_policy*, audio_stream_type_t, uint32_t, audio_format_t, uint32_t, audio_output_flags_t): tid 1985
04-13 01:38:27.546: V/AudioPolicyManagerBase(1672): getOutput() stream 1, samplingRate 0, format 0, channelMask 3, flags 0
04-13 01:38:27.546: V/AudioPolicyManagerBase(1672): getOutput() returns output 2
04-13 01:38:27.546: V/audio_policy_anm(1672): audio_io_handle_t android::ap_get_output(audio_policy*, audio_stream_type_t, uint32_t, audio_format_t, uint32_t, audio_output_flags_t): tid 1672
04-13 01:38:27.546: V/AudioPolicyManagerBase(1672): getOutput() stream 1, samplingRate 48000, format 1, channelMask 1, flags 4
04-13 01:38:27.546: V/AudioPolicyManagerBase(1672): getOutput() returns output 2
04-13 01:38:27.546: V/AudioPolicyManagerBase(1672): startOutput() output 2, stream 1, session 90
04-13 01:38:27.546: V/AudioPolicyManagerBase(1672): changeRefCount() stream 1, count 2
04-13 01:38:27.546: I/ADM(1694): 5: 11069607552: [OMXIL] omx_log:256 457D5F58: GetHandle 'OMX.ST.AFM.IHF' pAD=410C4890 pCB=4013BD60 OK
04-13 01:38:27.546: I/ADM(1694): 8: 11069607674: [OMXIL] omx_log:957 457D5F58 [X.ST.AFM.IHF]: SendCommand PortDisable 1
04-13 01:38:27.546: I/ADM(1694): 8: 11069608345: [OMXIL] omx_log:256 457D5F58 [X.ST.AFM.IHF]: CB CmdComplete PortDisable 1
04-13 01:38:27.546: I/ADM(1694): 3: 11069608590: [OMXIL] omx_log:887 457D5F58 [X.ST.AFM.IHF]: SetParameter idx=AudioPcm
04-13 01:38:27.546: I/ADM(1694): 4: 11069608651: [OMXIL] omx_log:293 port=0 channels=1 eNumData=0 endian=1 interleave=1 bits=16 samplerate=48000
04-13 01:38:27.546: I/ADM(1694): 5: 11069608681: [OMXIL] omx_log:293 pcmMode=0 map[0]=3 map[1]=0 map[2]=0, map[3]=0, map[4]=0, map[5]=0
04-13 01:38:27.546: I/ADM(1694): 1: 11069609078: [OMXIL] omx_log:913 457D5F58 [X.ST.AFM.IHF]: SetConfig idx=AFM_IndexConfigPcmProbe
04-13 01:38:27.546: I/ADM(1694): 6: 11069609352: [INFO] dev_omx:2119 2 ports on IO handle
04-13 01:38:27.546: I/ADM(1694): 7: 11069609413: [OMXIL] omx_log:913 457D5F58 [X.ST.AFM.IHF]: SetConfig idx=AFM_IndexConfigPcmProbe
04-13 01:38:27.546: I/ADM(1694): 0: 11069609627: [OMXIL] omx_log:887 41269F60 [ST.AFM.mixer]: SetParameter idx=AFM_IndexParamBindingMemoryType
04-13 01:38:27.546: I/ADM(1694): 1: 11069609658: [OMXIL] omx_log:293 nPortIndex=1 memoryType=TCMX
04-13 01:38:27.546: I/ADM(1694): 4: 11069609810: [OMXIL] omx_log:887 41269F60 [ST.AFM.mixer]: SetParameter idx=AFM_IndexParamBindingMemoryType
04-13 01:38:27.546: I/ADM(1694): 4: 11069609871: [OMXIL] omx_log:293 nPortIndex=0 memoryType=TCMX
04-13 01:38:27.556: I/ADM(1694): 0: 11069610146: [OMXIL] omx_log:887 41269F60 [ST.AFM.mixer]: SetParameter idx=AudioPcm
04-13 01:38:27.556: I/ADM(1694): 1: 11069610207: [OMXIL] omx_log:293 port=0 channels=1 eNumData=0 endian=1 interleave=1 bits=16 samplerate=48000
04-13 01:38:27.556: I/ADM(1694): 1: 11069610237: [OMXIL] omx_log:293 pcmMode=0 map[0]=3 map[1]=0 map[2]=0, map[3]=0, map[4]=0, map[5]=0
04-13 01:38:27.556: I/ADM(1694): 6: 11069610512: [OMXIL] omx_log:913 41269F60 [ST.AFM.mixer]: SetConfig idx=AFM_IndexConfigPcmProbe
04-13 01:38:27.556: I/ADM(1694): 9: 11069610726: [OMXIL] omx_log:887 41269F60 [ST.AFM.mixer]: SetParameter idx=AudioPcm
04-13 01:38:27.556: I/ADM(1694): 0: 11069610756: [OMXIL] omx_log:293 port=1 channels=1 eNumData=0 endian=1 interleave=1 bits=16 samplerate=48000
04-13 01:38:27.556: I/ADM(1694): 1: 11069610817: [OMXIL] omx_log:293 pcmMode=0 map[0]=3 map[1]=0 map[2]=0, map[3]=0, map[4]=0, map[5]=0
04-13 01:38:27.556: I/ADM(1694): 5: 11069611092: [OMXIL] omx_log:913 41269F60 [ST.AFM.mixer]: SetConfig idx=AFM_IndexConfigPcmProbe
04-13 01:38:27.556: I/ADM(1694): 9: 11069611489: [OMXIL] omx_log:887 41269F60 [ST.AFM.mixer]: SetParameter idx=AudioPcm
04-13 01:38:27.556: I/ADM(1694): 5: 11069611672: [OMXIL] omx_log:293 port=2 channels=2 eNumData=0 endian=1 interleave=1 bits=16 samplerate=44100
04-13 01:38:27.556: I/ADM(1694): 6: 11069611702: [OMXIL] omx_log:293 pcmMode=0 map[0]=1 map[1]=2 map[2]=0, map[3]=0, map[4]=0, map[5]=0
04-13 01:38:27.556: I/ADM(1694): 1: 11069612007: [OMXIL] omx_log:913 41269F60 [ST.AFM.mixer]: SetConfig idx=AFM_IndexConfigPcmProbe
04-13 01:38:27.556: I/ADM(1694): 4: 11069612221: [OMXIL] omx_log:957 41269F60 [ST.AFM.mixer]: SendCommand PortDisable 1
04-13 01:38:27.556: I/ADM(1694): 8: 11069612435: [OMXIL] omx_log:256 41269F60 [ST.AFM.mixer]: CB CmdComplete PortDisable 1
04-13 01:38:27.556: I/ADM(1694): 1: 11069612618: [OMXIL] omx_log:957 41269F60 [ST.AFM.mixer]: SendCommand PortDisable 2
04-13 01:38:27.556: I/ADM(1694): 6: 11069612862: [OMXIL] omx_log:256 41269F60 [ST.AFM.mixer]: CB CmdComplete PortDisable 2
04-13 01:38:27.556: I/ADM(1694): 7: 11069612954: [OMXIL] omx_log:957 41269F60 [ST.AFM.mixer]: SendCommand PortDisable 3
04-13 01:38:27.556: I/ADM(1694): 1: 11069613198: [OMXIL] omx_log:256 41269F60 [ST.AFM.mixer]: CB CmdComplete PortDisable 3
04-13 01:38:27.556: I/ADM(1694): 2: 11069613259: [OMXIL] omx_log:957 41269F60 [ST.AFM.mixer]: SendCommand PortDisable 4
04-13 01:38:27.556: I/ADM(1694): 6: 11069613503: [OMXIL] omx_log:256 41269F60 [ST.AFM.mixer]: CB CmdComplete PortDisable 4
04-13 01:38:27.556: I/ADM(1694): 7: 11069613594: [OMXIL] omx_log:957 41269F60 [ST.AFM.mixer]: SendCommand PortDisable 5
04-13 01:38:27.556: I/ADM(1694): 2: 11069613839: [OMXIL] omx_log:256 41269F60 [ST.AFM.mixer]: CB CmdComplete PortDisable 5
04-13 01:38:27.556: I/ADM(1694): 4: 11069613961: [OMXIL] omx_log:957 41269F60 [ST.AFM.mixer]: SendCommand PortDisable 6
04-13 01:38:27.556: I/ADM(1694): 8: 11069614174: [OMXIL] omx_log:256 41269F60 [ST.AFM.mixer]: CB CmdComplete PortDisable 6
04-13 01:38:27.556: I/ADM(1694): 9: 11069614266: [OMXIL] omx_log:957 41269F60 [ST.AFM.mixer]: SendCommand PortDisable 7
04-13 01:38:27.556: I/ADM(1694): 5: 11069614601: [OMXIL] omx_log:256 41269F60 [ST.AFM.mixer]: CB CmdComplete PortDisable 7
04-13 01:38:27.556: I/ADM(1694): 6: 11069614693: [OMXIL] omx_log:957 41269F60 [ST.AFM.mixer]: SendCommand PortDisable 8
04-13 01:38:27.556: I/ADM(1694): 0: 11069614937: [OMXIL] omx_log:256 41269F60 [ST.AFM.mixer]: CB CmdComplete PortDisable 8
04-13 01:38:27.556: I/ADM(1694): 3: 11069615090: [OMXIL] omx_log:887 414B0008 [ADM.mixer ]: SetParameter idx=AudioPcm
04-13 01:38:27.556: I/ADM(1694): 4: 11069615151: [OMXIL] omx_log:293 port=0 channels=1 eNumData=0 endian=1 interleave=1 bits=16 samplerate=48000
04-13 01:38:27.556: I/ADM(1694): 5: 11069615181: [OMXIL] omx_log:293 pcmMode=0 map[0]=3 map[1]=0 map[2]=0, map[3]=0, map[4]=0, map[5]=0
04-13 01:38:27.556: I/ADM(1694): 6: 11069615242: [OMXIL] omx_log:913 414B0008 [ADM.mixer ]: SetConfig idx=AFM_IndexConfigPcmProbe
04-13 01:38:27.556: I/ADM(1694): 6: 11069615303: [OMXIL] omx_log:887 414B0008 [ADM.mixer ]: SetParameter idx=AFM_IndexParamSrcMode
04-13 01:38:27.556: I/ADM(1694): 8: 11069615334: [OMXIL] omx_log:293 nPortIndex=0 nSrcMode=Custom1
04-13 01:38:27.556: I/ADM(1694): 9: 11069615425: [OMXIL] omx_log:887 414B0008 [ADM.mixer ]: SetParameter idx=AudioPcm
04-13 01:38:27.556: I/ADM(1694): 0: 11069615456: [OMXIL] omx_log:293 port=1 channels=2 eNumData=0 endian=1 interleave=1 bits=16 samplerate=44100
04-13 01:38:27.556: I/ADM(1694): 0: 11069615517: [OMXIL] omx_log:293 pcmMode=0 map[0]=1 map[1]=2 map[2]=0, map[3]=0, map[4]=0, map[5]=0
04-13 01:38:27.556: I/ADM(1694): 1: 11069615548: [OMXIL] omx_log:913 414B0008 [ADM.mixer ]: SetConfig idx=AFM_IndexConfigPcmProbe
04-13 01:38:27.556: I/ADM(1694): 2: 11069615578: [OMXIL] omx_log:887 414B0008 [ADM.mixer ]: SetParameter idx=AFM_IndexParamSrcMode
04-13 01:38:27.556: I/ADM(1694): 2: 11069615609: [OMXIL] omx_log:293 nPortIndex=1 nSrcMode=Custom1
04-13 01:38:27.556: I/ADM(1694): 3: 11069615639: [OMXIL] omx_log:887 414B0008 [ADM.mixer ]: SetParameter idx=OMX_IndexParamAudioSynchronized
04-13 01:38:27.556: I/ADM(1694): 3: 11069615700: [OMXIL] omx_log:293 port=1 bIsSynchronized=1
04-13 01:38:27.556: I/ADM(1694): 5: 11069615761: [OMXIL] omx_log:887 414B0008 [ADM.mixer ]: SetParameter idx=AudioPcm
04-13 01:38:27.556: I/ADM(1694): 5: 11069615792: [OMXIL] omx_log:293 port=2 channels=2 eNumData=0 endian=1 interleave=1 bits=16 samplerate=44100
04-13 01:38:27.556: I/ADM(1694): 6: 11069615853: [OMXIL] omx_log:293 pcmMode=0 map[0]=1 map[1]=2 map[2]=0, map[3]=0, map[4]=0, map[5]=0
04-13 01:38:27.556: I/ADM(1694): 6: 11069615883: [OMXIL] omx_log:913 414B0008 [ADM.mixer ]: SetConfig idx=AFM_IndexConfigPcmProbe
04-13 01:38:27.556: I/ADM(1694): 7: 11069615914: [OMXIL] omx_log:887 414B0008 [ADM.mixer ]: SetParameter idx=AFM_IndexParamSrcMode
04-13 01:38:27.556: I/ADM(1694): 8: 11069615944: [OMXIL] omx_log:293 nPortIndex=2 nSrcMode=Custom1
04-13 01:38:27.556: I/ADM(1694): 8: 11069615975: [OMXIL] omx_log:887 414B0008 [ADM.mixer ]: SetParameter idx=OMX_IndexParamAudioSynchronized
04-13 01:38:27.556: I/ADM(1694): 9: 11069616036: [OMXIL] omx_log:293 port=2 bIsSynchronized=1
04-13 01:38:27.556: I/ADM(1694): 0: 11069616097: [OMXIL] omx_log:887 414B0008 [ADM.mixer ]: SetParameter idx=AudioPcm
04-13 01:38:27.556: I/ADM(1694): 1: 11069616127: [OMXIL] omx_log:293 port=3 channels=2 eNumData=0 endian=1 interleave=1 bits=16 samplerate=44100
04-13 01:38:27.556: I/ADM(1694): 1: 11069616158: [OMXIL] omx_log:293 pcmMode=0 map[0]=1 map[1]=2 map[2]=0, map[3]=0, map[4]=0, map[5]=0
04-13 01:38:27.556: I/ADM(1694): 2: 11069616219: [OMXIL] omx_log:913 414B0008 [ADM.mixer ]: SetConfig idx=AFM_IndexConfigPcmProbe
04-13 01:38:27.556: I/ADM(1694): 3: 11069616249: [OMXIL] omx_log:887 414B0008 [ADM.mixer ]: SetParameter idx=AFM_IndexParamSrcMode
04-13 01:38:27.556: I/ADM(1694): 4: 11069616280: [OMXIL] omx_log:293 nPortIndex=3 nSrcMode=Custom1
04-13 01:38:27.556: I/ADM(1694): 4: 11069616310: [OMXIL] omx_log:887 414B0008 [ADM.mixer ]: SetParameter idx=OMX_IndexParamAudioSynchronized
04-13 01:38:27.556: I/ADM(1694): 5: 11069616341: [OMXIL] omx_log:293 port=3 bIsSynchronized=1
04-13 01:38:27.556: I/ADM(1694): 6: 11069616433: [OMXIL] omx_log:887 414B0008 [ADM.mixer ]: SetParameter idx=AudioPcm
04-13 01:38:27.556: I/ADM(1694): 7: 11069616463: [OMXIL] omx_log:293 port=4 channels=2 eNumData=0 endian=1 interleave=1 bits=16 samplerate=44100
04-13 01:38:27.556: I/ADM(1694): 7: 11069616494: [OMXIL] omx_log:293 pcmMode=0 map[0]=1 map[1]=2 map[2]=0, map[3]=0, map[4]=0, map[5]=0
04-13 01:38:27.556: I/ADM(1694): 8: 11069616555: [OMXIL] omx_log:913 414B0008 [ADM.mixer ]: SetConfig idx=AFM_IndexConfigPcmProbe
04-13 01:38:27.556: I/ADM(1694): 9: 11069616585: [OMXIL] omx_log:887 414B0008 [ADM.mixer ]: SetParameter idx=AFM_IndexParamSrcMode
04-13 01:38:27.556: I/ADM(1694): 9: 11069616616: [OMXIL] omx_log:293 nPortIndex=4 nSrcMode=Custom1
04-13 01:38:27.556: I/ADM(1694): 0: 11069616677: [OMXIL] omx_log:887 414B0008 [ADM.mixer ]: SetParameter idx=OMX_IndexParamAudioSynchronized
04-13 01:38:27.556: I/ADM(1694): 0: 11069616707: [OMXIL] omx_log:293 port=4 bIsSynchronized=1
04-13 01:38:27.556: I/ADM(1694): 2: 11069616768: [OMXIL] omx_log:887 414B0008 [ADM.mixer ]: SetParameter idx=AudioPcm
04-13 01:38:27.556: I/ADM(1694): 2: 11069616829: [OMXIL] omx_log:293 port=5 channels=2 eNumData=0 endian=1 interleave=1 bits=16 samplerate=44100
04-13 01:38:27.556: I/ADM(1694): 3: 11069616860: [OMXIL] omx_log:293 pcmMode=0 map[0]=1 map[1]=2 map[2]=0, map[3]=0, map[4]=0, map[5]=0
04-13 01:38:27.556: I/ADM(1694): 3: 11069616890: [OMXIL] omx_log:913 414B0008 [ADM.mixer ]: SetConfig idx=AFM_IndexConfigPcmProbe
04-13 01:38:27.556: I/ADM(1694): 4: 11069616921: [OMXIL] omx_log:887 414B0008 [ADM.mixer ]: SetParameter idx=AFM_IndexParamSrcMode
04-13 01:38:27.556: I/ADM(1694): 5: 11069616951: [OMXIL] omx_log:293 nPortIndex=5 nSrcMode=Custom1
04-13 01:38:27.556: I/ADM(1694): 5: 11069617012: [OMXIL] omx_log:887 414B0008 [ADM.mixer ]: SetParameter idx=OMX_IndexParamAudioSynchronized
04-13 01:38:27.556: I/ADM(1694): 6: 11069617043: [OMXIL] omx_log:293 port=5 bIsSynchronized=1
04-13 01:38:27.556: I/ADM(1694): 8: 11069617104: [OMXIL] omx_log:887 414B0008 [ADM.mixer ]: SetParameter idx=AudioPcm
04-13 01:38:27.556: I/ADM(1694): 8: 11069617134: [OMXIL] omx_log:293 port=6 channels=2 eNumData=0 endian=1 interleave=1 bits=16 samplerate=44100
04-13 01:38:27.556: I/ADM(1694): 9: 11069617195: [OMXIL] omx_log:293 pcmMode=0 map[0]=1 map[1]=2 map[2]=0, map[3]=0, map[4]=0, map[5]=0
04-13 01:38:27.556: I/ADM(1694): 9: 11069617226: [OMXIL] omx_log:913 414B0008 [ADM.mixer ]: SetConfig idx=AFM_IndexConfigPcmProbe
04-13 01:38:27.556: I/ADM(1694): 0: 11069617257: [OMXIL] omx_log:887 414B0008 [ADM.mixer ]: SetParameter idx=AFM_IndexParamSrcMode
04-13 01:38:27.556: I/ADM(1694): 1: 11069617287: [OMXIL] omx_log:293 nPortIndex=6 nSrcMode=Custom1
04-13 01:38:27.556: I/ADM(1694): 1: 11069617318: [OMXIL] omx_log:887 414B0008 [ADM.mixer ]: SetParameter idx=OMX_IndexParamAudioSynchronized
04-13 01:38:27.556: I/ADM(1694): 2: 11069617379: [OMXIL] omx_log:293 port=6 bIsSynchronized=1
04-13 01:38:27.556: I/ADM(1694): 3: 11069617440: [OMXIL] omx_log:887 414B0008 [ADM.mixer ]: SetParameter idx=AudioPcm
04-13 01:38:27.556: I/ADM(1694): 4: 11069617470: [OMXIL] omx_log:293 port=7 channels=2 eNumData=0 endian=1 interleave=1 bits=16 samplerate=44100
04-13 01:38:27.556: I/ADM(1694): 4: 11069617501: [OMXIL] omx_log:293 pcmMode=0 map[0]=1 map[1]=2 map[2]=0, map[3]=0, map[4]=0, map[5]=0
04-13 01:38:27.556: I/ADM(1694): 5: 11069617562: [OMXIL] omx_log:913 414B0008 [ADM.mixer ]: SetConfig idx=AFM_IndexConfigPcmProbe
04-13 01:38:27.556: I/ADM(1694): 5: 11069617592: [OMXIL] omx_log:887 414B0008 [ADM.mixer ]: SetParameter idx=AFM_IndexParamSrcMode
04-13 01:38:27.556: I/ADM(1694): 6: 11069617623: [OMXIL] omx_log:293 nPortIndex=7 nSrcMode=Custom1
04-13 01:38:27.556: I/ADM(1694): 7: 11069617653: [OMXIL] omx_log:887 414B0008 [ADM.mixer ]: SetParameter idx=OMX_IndexParamAudioSynchronized
04-13 01:38:27.556: I/ADM(1694): 7: 11069617684: [OMXIL] omx_log:293 port=7 bIsSynchronized=1
04-13 01:38:27.556: I/ADM(1694): 8: 11069617775: [OMXIL] omx_log:887 414B0008 [ADM.mixer ]: SetParameter idx=AudioPcm
04-13 01:38:27.556: I/ADM(1694): 9: 11069617806: [OMXIL] omx_log:293 port=8 channels=2 eNumData=0 endian=1 interleave=1 bits=16 samplerate=44100
04-13 01:38:27.556: I/ADM(1694): 0: 11069617836: [OMXIL] omx_log:293 pcmMode=0 map[0]=1 map[1]=2 map[2]=0, map[3]=0, map[4]=0, map[5]=0
04-13 01:38:27.556: I/ADM(1694): 0: 11069617897: [OMXIL] omx_log:913 414B0008 [ADM.mixer ]: SetConfig idx=AFM_IndexConfigPcmProbe
04-13 01:38:27.556: I/ADM(1694): 2: 11069617928: [OMXIL] omx_log:887 414B0008 [ADM.mixer ]: SetParameter idx=AFM_IndexParamSrcMode
04-13 01:38:27.556: I/ADM(1694): 2: 11069617958: [OMXIL] omx_log:293 nPortIndex=8 nSrcMode=Custom1
04-13 01:38:27.556: I/ADM(1694): 3: 11069618019: [OMXIL] omx_log:887 414B0008 [ADM.mixer ]: SetParameter idx=OMX_IndexParamAudioSynchronized
04-13 01:38:27.556: I/ADM(1694): 3: 11069618050: [OMXIL] omx_log:293 port=8 bIsSynchronized=1
04-13 01:38:27.556: I/ADM(1694): 4: 11069618080: [OMXIL] omx_log:957 414B0008 [ADM.mixer ]: SendCommand PortDisable 1
04-13 01:38:27.556: I/ADM(1694): 5: 11069618111: [OMXIL] omx_log:256 414B0008 [ADM.mixer ]: CB CmdComplete PortDisable 1
04-13 01:38:27.556: I/ADM(1694): 6: 11069618172: [OMXIL] omx_log:957 414B0008 [ADM.mixer ]: SendCommand PortDisable 2
04-13 01:38:27.556: I/ADM(1694): 6: 11069618203: [OMXIL] omx_log:256 414B0008 [ADM.mixer ]: CB CmdComplete PortDisable 2
04-13 01:38:27.556: I/ADM(1694): 7: 11069618264: [OMXIL] omx_log:957 414B0008 [ADM.mixer ]: SendCommand PortDisable 3
04-13 01:38:27.556: I/ADM(1694): 8: 11069618294: [OMXIL] omx_log:256 414B0008 [ADM.mixer ]: CB CmdComplete PortDisable 3
04-13 01:38:27.556: I/ADM(1694): 8: 11069618355: [OMXIL] omx_log:957 414B0008 [ADM.mixer ]: SendCommand PortDisable 4
04-13 01:38:27.556: I/ADM(1694): 9: 11069618386: [OMXIL] omx_log:256 414B0008 [ADM.mixer ]: CB CmdComplete PortDisable 4
04-13 01:38:27.556: I/ADM(1694): 0: 11069618416: [OMXIL] omx_log:957 414B0008 [ADM.mixer ]: SendCommand PortDisable 5
04-13 01:38:27.556: I/ADM(1694): 0: 11069618477: [OMXIL] omx_log:256 414B0008 [ADM.mixer ]: CB CmdComplete PortDisable 5
04-13 01:38:27.556: I/ADM(1694): 1: 11069618508: [OMXIL] omx_log:957 414B0008 [ADM.mixer ]: SendCommand PortDisable 6
04-13 01:38:27.556: I/ADM(1694): 2: 11069618569: [OMXIL] omx_log:256 414B0008 [ADM.mixer ]: CB CmdComplete PortDisable 6
04-13 01:38:27.556: I/ADM(1694): 3: 11069618599: [OMXIL] omx_log:957 414B0008 [ADM.mixer ]: SendCommand PortDisable 7
04-13 01:38:27.556: I/ADM(1694): 3: 11069618660: [OMXIL] omx_log:256 414B0008 [ADM.mixer ]: CB CmdComplete PortDisable 7
04-13 01:38:27.556: I/ADM(1694): 4: 11069618691: [OMXIL] omx_log:957 414B0008 [ADM.mixer ]: SendCommand PortDisable 8
04-13 01:38:27.556: I/ADM(1694): 5: 11069618721: [OMXIL] omx_log:256 414B0008 [ADM.mixer ]: CB CmdComplete PortDisable 8
04-13 01:38:27.556: I/ADM(1694): 6: 11069618782: [OMXIL] omx_log:887 414B0008 [ADM.mixer ]: SetParameter idx=PortDefinition
04-13 01:38:27.556: I/ADM(1694): 7: 11069618813: [OMXIL] omx_log:293 port=0 dir=1 act=3 min=3 sz=3072 enabled=1 pop=0 domain=0 bcont=0 align=0
04-13 01:38:27.556: I/ADM(1694): 7: 11069618874: [OMXIL] omx_log:293 mime=(null) natread=0 conceal=0 encoding=2
04-13 01:38:27.556: I/ADM(1694): 9: 11069618966: [OMXIL] omx_log:887 43DD1F60 [ocessing.spl]: SetParameter idx=PortDefinition
04-13 01:38:27.556: I/ADM(1694): 0: 11069619027: [OMXIL] omx_log:293 port=0 dir=0 act=2 min=2 sz=3072 enabled=1 pop=0 domain=0 bcont=0 align=0
04-13 01:38:27.556: I/ADM(1694): 0: 11069619057: [OMXIL] omx_log:293 mime=(null) natread=0 conceal=0 encoding=2
04-13 01:38:27.556: I/ADM(1694): 7: 11069619423: [OMXIL] omx_log:887 43DD1F60 [ocessing.spl]: SetParameter idx=PortDefinition
04-13 01:38:27.556: I/ADM(1694): 8: 11069619484: [OMXIL] omx_log:293 port=1 dir=1 act=2 min=2 sz=3072 enabled=1 pop=0 domain=0 bcont=0 align=64
04-13 01:38:27.556: I/ADM(1694): 8: 11069619515: [OMXIL] omx_log:293 mime=(null) natread=0 conceal=0 encoding=2
04-13 01:38:27.556: I/ADM(1694): 6: 11069619973: [OMXIL] omx_log:887 41269F60 [ST.AFM.mixer]: SetParameter idx=PortDefinition
04-13 01:38:27.566: I/ADM(1694): 1: 11069620308: [OMXIL] omx_log:293 port=1 dir=0 act=3 min=2 sz=3072 enabled=0 pop=0 domain=0 bcont=1126862460 align=0
04-13 01:38:27.566: I/ADM(1694): 2: 11069620339: [OMXIL] omx_log:293 mime=(null) natread=0 conceal=0 encoding=2
04-13 01:38:27.566: E/ENSWrapper(1694): return OMX_ErrorNotImplemented - GetExtensionIndex OMX.ST.AFM.pcmprocessing.spl h=0x43dd1f60 cParameterName=STE.ADM IndexType=unknown OMX_INDEXTYPE [ 0x7212df47 ]
04-13 01:38:27.566: I/ADM(1694): 6: 11069621193: [OMXIL] omx_log:256 SetupTunnel 414B0008[ADM.mixer].0 -> 43DD1F60[ocessing.spl].0 --> OK
04-13 01:38:27.566: I/ADM(1694): 8: 11069621285: [OMXIL] omx_log:957 43DD1F60 [ocessing.spl]: SendCommand PortDisable 1
04-13 01:38:27.566: I/ADM(1694): 2: 11069621529: [OMXIL] omx_log:256 43DD1F60 [ocessing.spl]: CB CmdComplete PortDisable 1
04-13 01:38:27.566: I/ADM(1694): 0: 11069622567: [OMXIL] omx_log:256 SetupTunnel 42AC62D0[ocessing.spl].1 -> 457D5F58[X.ST.AFM.IHF].0 --> OK
04-13 01:38:27.566: I/ADM(1694): 5: 11069623482: [OMXIL] omx_log:256 SetupTunnel 41269F60[ST.AFM.mixer].0 -> 42AC62D0[ocessing.spl].0 --> OK
04-13 01:38:27.566: I/ADM(1694): 6: 11069623543: [OMXIL] omx_log:954 457D5F58 [X.ST.AFM.IHF]: SendCommand StateSet StateIdle
04-13 01:38:27.566: I/ADM(1694): 6: 11069624092: [OMXIL] omx_log:954 42AC62D0 [ocessing.spl]: SendCommand StateSet StateIdle
04-13 01:38:27.566: I/ADM(1694): 6: 11069624703: [OMXIL] omx_log:954 41269F60 [ST.AFM.mixer]: SendCommand StateSet StateIdle
04-13 01:38:27.566: I/ADM(1694): 7: 11069625344: [OMXIL] omx_log:954 43DD1F60 [ocessing.spl]: SendCommand StateSet StateIdle
04-13 01:38:27.566: I/ADM(1694): 1: 11069625557: [OMXIL] omx_log:954 414B0008 [ADM.mixer ]: SendCommand StateSet StateIdle
04-13 01:38:27.566: I/ADM(1694): 6: 11069626503: [OMXIL] omx_log:256 414B0008 [ADM.mixer ]: CB CmdComplete StateSet StateIdle
04-13 01:38:27.576: I/InputReader(2010): Touch event's action is 0x1 (deviceType=0) [pCnt=1, s=]
04-13 01:38:27.576: I/InputDispatcher(2010): Delivering touch to current input target: action: 0x1
04-13 01:38:27.576: I/InputDispatcher(2010): Delivering touch to current input target: action: 0x1
04-13 01:38:27.576: I/InputDispatcher(2010): Delivering touch to current input target: action: 0x1
04-13 01:38:27.596: D/CircleUnlockRipple(2010): handleTouchEvent event : 2
04-13 01:38:27.596: D/CircleUnlockRipple(2010): pokeWakelockWithTimeCheck time diffence = 1119
04-13 01:38:27.596: D/KeyguardViewMediator(2010): pokeWakelock(10000)
04-13 01:38:27.596: D/CircleUnlockRipple(2010): pokeWakelockWithTimeCheck mCallback.pokeWakelock(AWAKE_INTERVAL_DEFAULT_MS)
04-13 01:38:27.596: D/CircleUnlockRippleRenderer(2010): handleTouchEvent event : 2, view = null
04-13 01:38:27.596: V/audio_policy_anm(1672): audio_io_handle_t android::ap_get_output(audio_policy*, audio_stream_type_t, uint32_t, audio_format_t, uint32_t, audio_output_flags_t): tid 2004
04-13 01:38:27.596: V/AudioPolicyManagerBase(1672): getOutput() stream 1, samplingRate 0, format 0, channelMask 3, flags 0
04-13 01:38:27.596: V/AudioPolicyManagerBase(1672): getOutput() returns output 2
04-13 01:38:27.596: V/audio_policy_anm(1672): audio_io_handle_t android::ap_get_output(audio_policy*, audio_stream_type_t, uint32_t, audio_format_t, uint32_t, audio_output_flags_t): tid 1985
04-13 01:38:27.596: V/AudioPolicyManagerBase(1672): getOutput() stream 1, samplingRate 0, format 0, channelMask 3, flags 0
04-13 01:38:27.596: V/AudioPolicyManagerBase(1672): getOutput() returns output 2
04-13 01:38:27.596: V/audio_policy_anm(1672): audio_io_handle_t android::ap_get_output(audio_policy*, audio_stream_type_t, uint32_t, audio_format_t, uint32_t, audio_output_flags_t): tid 1672
04-13 01:38:27.596: V/AudioPolicyManagerBase(1672): getOutput() stream 1, samplingRate 48000, format 1, channelMask 1, flags 4
04-13 01:38:27.596: V/AudioPolicyManagerBase(1672): getOutput() returns output 2
04-13 01:38:27.596: D/PowerManagerService(2010): acquireWakeLock flags=0x1000001a tag=keyguard uid=1000 pid=2010
04-13 01:38:27.606: V/AudioPolicyManagerBase(1672): startOutput() output 2, stream 1, session 91
04-13 01:38:27.606: V/AudioPolicyManagerBase(1672): changeRefCount() stream 1, count 3
04-13 01:38:27.606: I/ADM(1694): 7: 11069665444: [OMXIL] omx_log:256 457D5F58 [X.ST.AFM.IHF]: CB CmdComplete StateSet StateIdle
04-13 01:38:27.616: I/ADM(1694): 0: 11069673836: [OMXIL] omx_log:256 42AC62D0 [ocessing.spl]: CB CmdComplete StateSet StateIdle
04-13 01:38:27.626: I/ADM(1694): 8: 11069685555: [OMXIL] omx_log:256 41269F60 [ST.AFM.mixer]: CB CmdComplete StateSet StateIdle
04-13 01:38:27.636: I/ADM(1694): 5: 11069695412: [OMXIL] omx_log:256 43DD1F60 [ocessing.spl]: CB CmdComplete StateSet StateIdle
04-13 01:38:27.636: I/ADM(1694): 0: 11069695717: [OMXIL] omx_log:954 457D5F58 [X.ST.AFM.IHF]: SendCommand StateSet StateExecuting
04-13 01:38:27.636: I/ADM(1694): 8: 11069697945: [OMXIL] omx_log:256 457D5F58 [X.ST.AFM.IHF]: CB CmdComplete StateSet StateExecuting
04-13 01:38:27.636: I/ADM(1694): 7: 11069698006: [OMXIL] omx_log:954 42AC62D0 [ocessing.spl]: SendCommand StateSet StateExecuting
04-13 01:38:27.636: I/ADM(1694): 8: 11069698525: [OMXIL] omx_log:256 42AC62D0 [ocessing.spl]: CB CmdComplete StateSet StateExecuting
04-13 01:38:27.636: I/ADM(1694): 7: 11069698464: [OMXIL] omx_log:954 41269F60 [ST.AFM.mixer]: SendCommand StateSet StateExecuting
04-13 01:38:27.636: I/ADM(1694): 7: 11069699044: [OMXIL] omx_log:256 41269F60 [ST.AFM.mixer]: CB CmdComplete StateSet StateExecuting
04-13 01:38:27.636: I/ADM(1694): 6: 11069698983: [OMXIL] omx_log:954 43DD1F60 [ocessing.spl]: SendCommand StateSet StateExecuting
04-13 01:38:27.636: I/ADM(1694): 4: 11069699501: [OMXIL] omx_log:256 43DD1F60 [ocessing.spl]: CB CmdComplete StateSet StateExecuting
04-13 01:38:27.636: I/ADM(1694): 4: 11069699562: [OMXIL] omx_log:954 414B0008 [ADM.mixer ]: SendCommand StateSet StateExecuting
04-13 01:38:27.636: I/ADM(1694): 7: 11069699593: [OMXIL] omx_log:256 414B0008 [ADM.mixer ]: CB CmdComplete StateSet StateExecuting
04-13 01:38:27.636: I/ADM(1694): 2: 11069699898: [OMXIL] omx_log:887 41269F60 [ST.AFM.mixer]: SetParameter idx=OMX_IndexParamAudioSynchronized
04-13 01:38:27.636: I/ADM(1694): 2: 11069699959: [OMXIL] omx_log:293 port=1 bIsSynchronized=1
04-13 01:38:27.646: I/ADM(1694): 8: 11069700325: [OMXIL] omx_log:887 43DD1F60 [ocessing.spl]: SetParameter idx=AudioPcm
04-13 01:38:27.646: I/ADM(1694): 9: 11069700356: [OMXIL] omx_log:293 port=1 channels=1 eNumData=0 endian=1 interleave=1 bits=16 samplerate=48000
04-13 01:38:27.646: I/ADM(1694): 0: 11069700417: [OMXIL] omx_log:293 pcmMode=0 map[0]=3 map[1]=0 map[2]=0, map[3]=0, map[4]=0, map[5]=0
04-13 01:38:27.646: I/ADM(1694): 4: 11069700631: [OMXIL] omx_log:887 41269F60 [ST.AFM.mixer]: SetParameter idx=AudioPcm
04-13 01:38:27.646: I/ADM(1694): 5: 11069700692: [OMXIL] omx_log:293 port=1 channels=1 eNumData=0 endian=1 interleave=1 bits=16 samplerate=48000
04-13 01:38:27.646: I/ADM(1694): 5: 11069700722: [OMXIL] omx_log:293 pcmMode=0 map[0]=3 map[1]=0 map[2]=0, map[3]=0, map[4]=0, map[5]=0
04-13 01:38:27.646: I/ADM(1694): 2: 11069701668: [OMXIL] omx_log:256 SetupTunnel 43DD1F60[ocessing.spl].1 -> 41269F60[ST.AFM.mixer].1 --> OK
04-13 01:38:27.646: I/ADM(1694): 3: 11069701760: [OMXIL] omx_log:957 41269F60 [ST.AFM.mixer]: SendCommand PortEnable 1
04-13 01:38:27.646: I/ADM(1694): 6: 11069703102: [OMXIL] omx_log:256 41269F60 [ST.AFM.mixer]: CB CmdComplete PortEnable 1
04-13 01:38:27.646: I/ADM(1694): 7: 11069703194: [OMXIL] omx_log:957 43DD1F60 [ocessing.spl]: SendCommand PortEnable 1
04-13 01:38:27.656: I/ADM(1694): 0: 11069712807: [OMXIL] omx_log:256 43DD1F60 [ocessing.spl]: CB CmdComplete PortEnable 1
04-13 01:38:27.656: I/ADM(1694): 4: 11069713021: [OMXIL] omx_log:573 Unknown index (not all mapped): 0x7F00600B
04-13 01:38:27.656: I/ADM(1694): 5: 11069713082: [INFO] dev:501 open dev OK, device handle: 101
04-13 01:38:27.656: I/ADM(1694): 6: 11069713112: [INFO] dev:512 >>> LEAVE dev_open(Speaker, 0) --> 101 0
04-13 01:38:27.656: I/ADM(1694): 8: 11069713265: [INFO] dev:306 setting /data/local/tmp/rme_act_adm to 0
04-13 01:38:27.656: D/CircleUnlockRipple(2010): handleTouchEvent event : 1
04-13 01:38:27.656: D/CircleUnlockRipple(2010): pokeWakelockWithTimeCheck time diffence = 1177
04-13 01:38:27.656: D/KeyguardViewMediator(2010): pokeWakelock(10000)
04-13 01:38:27.656: D/CircleUnlockRipple(2010): pokeWakelockWithTimeCheck mCallback.pokeWakelock(AWAKE_INTERVAL_DEFAULT_MS)
04-13 01:38:27.656: D/CircleUnlockRippleRenderer(2010): handleTouchEvent event : 1, view = null
04-13 01:38:27.656: D/LockPatternUtils(2010): isPcwEnable = null
04-13 01:38:27.656: D/KeyguardViewMediator(2010): keyguardDone(true)
04-13 01:38:27.656: D/PowerManagerService(2010): acquireWakeLock flags=0x1000001a tag=keyguard uid=1000 pid=2010
04-13 01:38:27.666: I/ADM(1694): 9: 11069721016: [OMXIL] omx_log:256 45A75F80: GetHandle 'ADM.splitter' pAD=40FEA008 pCB=4013BD60 OK
04-13 01:38:27.666: I/ADM(1694): 1: 11069721108: [OMXIL] omx_log:887 45A75F80 [ADM.splitter]: SetParameter idx=AudioPcm
04-13 01:38:27.666: I/ADM(1694): 2: 11069721169: [OMXIL] omx_log:293 port=0 channels=2 eNumData=0 endian=1 interleave=1 bits=16 samplerate=44100
04-13 01:38:27.666: I/ADM(1694): 2: 11069721199: [OMXIL] omx_log:293 pcmMode=0 map[0]=1 map[1]=2 map[2]=0, map[3]=0, map[4]=0, map[5]=0
04-13 01:38:27.666: I/ADM(1694): 4: 11069721230: [OMXIL] omx_log:887 45A75F80 [ADM.splitter]: SetParameter idx=AudioPcm
04-13 01:38:27.666: I/ADM(1694): 4: 11069721291: [OMXIL] omx_log:293 port=1 channels=2 eNumData=0 endian=1 interleave=1 bits=16 samplerate=44100
04-13 01:38:27.666: I/ADM(1694): 5: 11069721321: [OMXIL] omx_log:293 pcmMode=0 map[0]=1 map[1]=2 map[2]=0, map[3]=0, map[4]=0, map[5]=0
04-13 01:38:27.666: I/ADM(1694): 6: 11069721352: [OMXIL] omx_log:957 45A75F80 [ADM.splitter]: SendCommand PortDisable 0
04-13 01:38:27.666: I/ADM(1694): 6: 11069721413: [OMXIL] omx_log:256 45A75F80 [ADM.splitter]: CB CmdComplete PortDisable 0
04-13 01:38:27.666: I/ADM(1694): 7: 11069721474: [OMXIL] omx_log:957 45A75F80 [ADM.splitter]: SendCommand PortDisable 1
04-13 01:38:27.666: I/ADM(1694): 8: 11069721505: [OMXIL] omx_log:256 45A75F80 [ADM.splitter]: CB CmdComplete PortDisable 1
04-13 01:38:27.666: I/ADM(1694): 9: 11069721566: [OMXIL] omx_log:957 45A75F80 [ADM.splitter]: SendCommand PortDisable 2
04-13 01:38:27.666: I/ADM(1694): 0: 11069721596: [OMXIL] omx_log:256 45A75F80 [ADM.splitter]: CB CmdComplete PortDisable 2
04-13 01:38:27.666: I/ADM(1694): 0: 11069721657: [OMXIL] omx_log:887 45A75F80 [ADM.splitter]: SetParameter idx=OMX_IndexParamAudioSynchronized
04-13 01:38:27.666: I/ADM(1694): 1: 11069721688: [OMXIL] omx_log:293 port=1 bIsSynchronized=1
04-13 01:38:27.666: I/ADM(1694): 2: 11069721718: [OMXIL] omx_log:887 45A75F80 [ADM.splitter]: SetParameter idx=OMX_IndexParamAudioSynchronized
04-13 01:38:27.666: I/ADM(1694): 2: 11069721749: [OMXIL] omx_log:293 port=2 bIsSynchronized=1
04-13 01:38:27.666: I/ADM(1694): 3: 11069721810: [OMXIL] omx_log:954 45A75F80 [ADM.splitter]: SendCommand StateSet StateIdle
04-13 01:38:27.666: I/ADM(1694): 3: 11069721840: [OMXIL] omx_log:256 45A75F80 [ADM.splitter]: CB CmdComplete StateSet StateIdle
04-13 01:38:27.666: I/ADM(1694): 4: 11069721871: [OMXIL] omx_log:954 45A75F80 [ADM.splitter]: SendCommand StateSet StateExecuting
04-13 01:38:27.666: I/ADM(1694): 5: 11069721932: [OMXIL] omx_log:256 45A75F80 [ADM.splitter]: CB CmdComplete StateSet StateExecuting
04-13 01:38:27.666: I/ADM(1694): 6: 11069721962: [OMXIL] omx_log:887 45A75F80 [ADM.splitter]: SetParameter idx=PortDefinition
04-13 01:38:27.666: I/ADM(1694): 7: 11069722023: [OMXIL] omx_log:293 port=0 dir=0 act=3 min=3 sz=3904 enabled=0 pop=0 domain=0 bcont=0 align=0
04-13 01:38:27.666: I/ADM(1694): 7: 11069722084: [OMXIL] omx_log:293 mime=(null) natread=0 conceal=0 encoding=2
04-13 01:38:27.666: I/ADM(1694): 8: 11069722115: [OMXIL] omx_log:887 45A75F80 [ADM.splitter]: SetParameter idx=OMX_IndexParamAudioSynchronized
04-13 01:38:27.666: I/ADM(1694): 9: 11069722145: [OMXIL] omx_log:293 port=0 bIsSynchronized=0
04-13 01:38:27.666: I/ADM(1694): 0: 11069722176: [OMXIL] omx_log:957 45A75F80 [ADM.splitter]: SendCommand PortEnable 0
04-13 01:38:27.666: I/ADM(1694): 3: 11069722390: [OMXIL] omx_log:1160 45A75F80 [ADM.splitter]: UseBuffer hdr=0 port=0 priv=0 bytes=3904 buf=40011000
04-13 01:38:27.666: I/ADM(1694): 4: 11069722451: [OMXIL] omx_log:1160 45A75F80 [ADM.splitter]: UseBuffer hdr=0 port=0 priv=0 bytes=3904 buf=40011F40
04-13 01:38:27.666: I/ADM(1694): 5: 11069722481: [OMXIL] omx_log:1160 45A75F80 [ADM.splitter]: UseBuffer hdr=0 port=0 priv=0 bytes=3904 buf=40012E80
04-13 01:38:27.666: I/ADM(1694): 5: 11069722512: [OMXIL] omx_log:256 45A75F80 [ADM.splitter]: CB CmdComplete PortEnable 0
04-13 01:38:27.666: I/ADM(1694): 6: 11069722573: [OMXIL] omx_log:887 414B0008 [ADM.mixer ]: SetParameter idx=AudioPcm
04-13 01:38:27.666: I/ADM(1694): 7: 11069722634: [OMXIL] omx_log:293 port=1 channels=2 eNumData=0 endian=1 interleave=1 bits=16 samplerate=44100
04-13 01:38:27.666: I/ADM(1694): 8: 11069722664: [OMXIL] omx_log:293 pcmMode=0 map[0]=1 map[1]=2 map[2]=0, map[3]=0, map[4]=0, map[5]=0
04-13 01:38:27.666: I/ADM(1694): 8: 11069722725: [OMXIL] omx_log:256 SetupTunnel 45A75F80[ADM.splitter].1 -> 414B0008[ADM.mixer].1 --> OK
04-13 01:38:27.666: I/ADM(1694): 9: 11069722756: [OMXIL] omx_log:957 414B0008 [ADM.mixer ]: SendCommand PortEnable 1
04-13 01:38:27.666: I/ADM(1694): 0: 11069722786: [OMXIL] omx_log:256 414B0008 [ADM.mixer ]: CB CmdComplete PortEnable 1
04-13 01:38:27.666: I/ADM(1694): 0: 11069722847: [OMXIL] omx_log:957 45A75F80 [ADM.splitter]: SendCommand PortEnable 1
04-13 01:38:27.666: I/ADM(1694): 1: 11069722878: [OMXIL] omx_log:256 45A75F80 [ADM.splitter]: CB CmdComplete PortEnable 1
04-13 01:38:27.666: I/ADM(1694): 2: 11069722939: [OMXIL] omx_log:913 45A75F80 [ADM.splitter]: SetConfig idx=OMX_IndexParamAudioSynchronized
04-13 01:38:27.666: I/ADM(1694): 3: 11069722969: [OMXIL] omx_log:293 port=0 bIsSynchronized=1
04-13 01:38:27.666: I/ADM(1694): 4: 11069723030: [STATUS] api_devset:615 API LEAVE: Opened new device 'Speaker', handle = 101
04-13 01:38:27.666: I/sec_anm_ahi_output(1672): adm_api: opened device. bufsz=3904 num_bufs=3 bufp=42C43000
04-13 01:38:27.666: D/KeyguardViewMediator(2010): handleKeyguardDone
04-13 01:38:27.666: D/KeyguardViewMediator(2010): handleHide
04-13 01:38:27.666: V/audio_policy_anm(1672): audio_io_handle_t android::ap_get_output(audio_policy*, audio_stream_type_t, uint32_t, audio_format_t, uint32_t, audio_output_flags_t): tid 2004
04-13 01:38:27.666: V/AudioPolicyManagerBase(1672): getOutput() stream 1, samplingRate 0, format 0, channelMask 3, flags 0
04-13 01:38:27.666: V/AudioPolicyManagerBase(1672): getOutput() returns output 2
04-13 01:38:27.666: V/audio_policy_anm(1672): audio_io_handle_t android::ap_get_output(audio_policy*, audio_stream_type_t, uint32_t, audio_format_t, uint32_t, audio_output_flags_t): tid 1985
04-13 01:38:27.666: V/AudioPolicyManagerBase(1672): getOutput() stream 1, samplingRate 0, format 0, channelMask 3, flags 0
04-13 01:38:27.666: V/AudioPolicyManagerBase(1672): getOutput() returns output 2
04-13 01:38:27.666: I/AudioMixer(1672): AudioMixer::track_t::setResampler channelCount 1
04-13 01:38:27.666: I/AudioResampler(1672): AudioResampler::AudioResampler() 16 bits, 1 channels
04-13 01:38:27.666: I/AudioMixer(1672): AudioMixer::track_t::setResampler channelCount 1
04-13 01:38:27.666: I/AudioResampler(1672): AudioResampler::AudioResampler() 16 bits, 1 channels
04-13 01:38:27.666: I/AudioResampler(1672): new MM resampler(48000 -> 44100, 1)
04-13 01:38:27.666: V/audio_policy_anm(1672): audio_io_handle_t android::ap_get_output(audio_policy*, audio_stream_type_t, uint32_t, audio_format_t, uint32_t, audio_output_flags_t): tid 1672
04-13 01:38:27.666: V/AudioPolicyManagerBase(1672): getOutput() stream 1, samplingRate 44100, format 1, channelMask 1, flags 4
04-13 01:38:27.666: V/AudioPolicyManagerBase(1672): getOutput() returns output 2
04-13 01:38:27.666: I/AudioResampler(1672): new MM resampler(48000 -> 44100, 1)
04-13 01:38:27.666: V/AudioPolicyManagerBase(1672): startOutput() output 2, stream 1, session 92
04-13 01:38:27.666: V/AudioPolicyManagerBase(1672): changeRefCount() stream 1, count 4
04-13 01:38:27.666: V/AudioPolicyManagerBase(1672): releaseOutput() 2
04-13 01:38:27.676: D/Launcher(2290): onRestart, Launcher: 1109032568
04-13 01:38:27.676: D/Launcher(2290): onStart, Launcher: 1109032568
04-13 01:38:27.676: D/Launcher.HomeFragment(2290): onStart
04-13 01:38:27.696: D/Launcher(2290): onResume, Launcher: 1109032568
04-13 01:38:27.696: D/KeyguardViewMediator(2010): adjustUserActivityLocked mShowing: false mHidden: false
04-13 01:38:27.696: D/PowerManagerService(2010): enableUserActivity true
04-13 01:38:27.716: D/LockPatternUtils(2010): isPcwEnable = null
04-13 01:38:27.716: D/KeyguardViewMediator(2010): adjustStatusBarLocked: mShowing=false mHidden=false isSecure=false --> flags=0x0
04-13 01:38:27.716: D/comsamsunglog(2290): [MSC_HERO_Accu_JB]>>> ====================================================================================================================
04-13 01:38:27.716: D/comsamsunglog(2290): [MSC_HERO_Accu_JB]>>> widgetappapheroaccuweatherwidget [Version : 12101501] [ 1 ]
04-13 01:38:27.716: D/comsamsunglog(2290): [MSC_HERO_Accu_JB]>>> Header set to : ===> "widget" <===
04-13 01:38:27.716: D/comsamsunglog(2290): [MSC_HERO_Accu_JB]>>> ====================================================================================================================
04-13 01:38:27.716: D/widget(2290): [MSC_HERO_Accu_JB]>>> WC:917 [0:0] onResume :: fU = true cEUi = true
04-13 01:38:27.716: D/widget(2290): [MSC_HERO_Accu_JB]>>> WC:953 [0:0] onResume :: mFAR = false, cC = false, cEUI = true
04-13 01:38:27.716: D/widget(2290): [MSC_HERO_Accu_JB]>>> WC:1265 [0:0] cUI : cnt = 0, mRC = true
04-13 01:38:27.716: D/widget(2290): [MSC_HERO_Accu_JB]>>> WC:1293 [0:0] composeEmptyCityUI : true
04-13 01:38:27.716: D/widget(2290): [MSC_HERO_Accu_JB]>>> SM:446 [0:0] IR : false, IPR : false
04-13 01:38:27.716: D/widget(2290): [MSC_HERO_Accu_JB]>>> SM:1288 [0:0] bTCC WCV = 100
04-13 01:38:27.716: D/STATUSBAR-StatusBarManagerService(2010): manageDisableList what=0x0 pkg=android
04-13 01:38:27.726: E/KeyguardViewMediator(2010): 3. Lockscreen unlock
04-13 01:38:27.726: E/KeyguardViewMediator(2010): Phone is boot completed. so can broadcast
04-13 01:38:27.726: D/(2010): set_light_touchkey is called!!!
04-13 01:38:27.726: D/(2010): light_touchkey on/off = 0
04-13 01:38:27.726: E/KeyguardViewMediator(2010): Phone is boot completed. so can broadcast
04-13 01:38:27.726: D/PhoneStatusBar(2113): disable: < expand icons alerts ticker system_info BACK HOME recent* CLOCK
> 04-13 01:38:27.726: D/PowerManagerService(2010): userActivity : mUserState 0x3
04-13 01:38:27.726: D/PowerManagerService(2010): releaseWakeLockLocked flags=0x0 tag=keyguard
04-13 01:38:27.726: I/PowerManagerService(2010): Ulight 0x7->0x3|0x0
04-13 01:38:27.726: D/STATUSBAR-NotificationService(2010): ACTION_USER_PRESENT
04-13 01:38:27.726: E/MotionRecognitionService(2010): mReceiver.onReceive : ACTION_USER_PRESENT :: UNLOCK SCREEN
04-13 01:38:27.736: D/widget(2290): [MSC_HERO_Accu_JB]>>> WC:1664 [0:0] drw 1nd Tm dt = 0138
04-13 01:38:27.746: E/Launcher(2290): Error finding setting, default accessibility to not found: accessibility_enabled
04-13 01:38:27.746: D/Launcher.HomeFragment(2290): onResume
04-13 01:38:27.746: E/MTPRx(5628): In MtpReceiverandroid.intent.action.USER_PRESENT
04-13 01:38:27.746: E/MTPRx(5628): check value of boot_completed is1
04-13 01:38:27.746: E/MTPRx(5628): check booting is completed_sys.boot_completed
04-13 01:38:27.746: E/MTPRx(5628): Sd-Card path/storage/extSdCard
04-13 01:38:27.756: D/widget(2290): [MSC_HERO_Accu_JB]>>> WC:1226 [0:0] fireOR
04-13 01:38:27.756: D/widget(2290): [MSC_HERO_Accu_JB]>>> SM:1288 [0:0] bTCC WCV = 100
04-13 01:38:27.756: D/widget(2290): [MSC_HERO_Accu_JB]>>> WC:1664 [0:0] drw 1nd Tm dt = 0138
04-13 01:38:27.756: E/MTPRx(5628): Status for mount/Unmount :removed
04-13 01:38:27.756: E/MTPRx(5628): SDcard is not available
04-13 01:38:27.756: E/MTPRx(5628): The value of first_boot is 1
04-13 01:38:27.756: E/MTPRx(5628): [ 662] The value of first_boot is 1NORMAL SEQUENCE
04-13 01:38:27.756: D/WindowManager(2010): PhoneWindowManager: focusChangedLw
04-13 01:38:27.756: D/KeyguardViewMediator(2010): setHidden false
04-13 01:38:27.756: D/widget(2290): [MSC_HERO_Accu_JB]>>> WC:1244 [0:0] fireOR, mCityList == NULL
04-13 01:38:27.766: D/LockPatternKeyguardView(2010): unfocused
04-13 01:38:27.766: D/CircleLockScreen(2010): unfocused
04-13 01:38:27.776: D/MenuAppsGridFragment(2290): onResume
04-13 01:38:27.786: D/WindowManager(2010): PhoneWindowManager: focusChangedLw
04-13 01:38:27.786: D/KeyguardViewMediator(2010): setHidden false
04-13 01:38:27.786: D/STATUSBAR-StatusBarManagerService(2010): setSystemUiVisibility(0x0)
04-13 01:38:27.786: D/STATUSBAR-StatusBarManagerService(2010): manageDisableList what=0x0 pkg=WindowManager.LayoutParams
04-13 01:38:27.786: D/PhoneStatusBar(2113): disable: < expand icons alerts ticker system_info back* home* recent clock*
> 04-13 01:38:27.796: D/AlarmWidget(3673): [AlarmWidgetProvider] onReceive()@@@ com.sec.android.intent.action.HOME_RESUME
04-13 01:38:27.796: D/AlarmWidget(3673): [AlarmWidgetProvider] widgetId = -1, selectId =-1
04-13 01:38:27.796: D/AlarmWidget(3673): [AlarmWidgetProvider] ACTION_ALARM_APPWIDGET_UPDATE
04-13 01:38:27.806: D/KeyguardViewMediator(2010): setHidden false
04-13 01:38:27.816: D/KeyguardViewMediator(2010): setHidden false
04-13 01:38:27.816: V/TaskCloserActivity(4660): TaskCloserActivity onReceive() - com.sec.android.intent.action.HOME_RESUME
04-13 01:38:27.816: W/InputMethodManagerService(2010): Window already focused, ignoring focus gain of: com.android.internal.view.IInputMethodClient$Stub$Proxy@424e3468 attribute=android.view.inputmethod.EditorInfo@42ada2a8
04-13 01:38:27.826: E/SpannableStringBuilder(2290): SPAN_EXCLUSIVE_EXCLUSIVE spans cannot have a zero length
04-13 01:38:27.826: E/SpannableStringBuilder(2290): SPAN_EXCLUSIVE_EXCLUSIVE spans cannot have a zero length
04-13 01:38:27.836: D/KeyguardViewMediator(2010): setHidden false
04-13 01:38:27.846: D/KeyguardViewMediator(2010): setHidden false
04-13 01:38:27.866: D/KeyguardViewMediator(2010): setHidden false
04-13 01:38:27.886: D/KeyguardViewMediator(2010): setHidden false
04-13 01:38:27.896: D/KeyguardViewMediator(2010): setHidden false
04-13 01:38:27.916: D/KeyguardViewMediator(2010): setHidden false
04-13 01:38:27.936: D/KeyguardViewMediator(2010): setHidden false
04-13 01:38:27.946: D/KeyguardViewMediator(2010): setHidden false
04-13 01:38:27.966: D/KeyguardViewMediator(2010): setHidden false
04-13 01:38:27.986: D/KeyguardViewMediator(2010): setHidden false
04-13 01:38:27.996: D/KeyguardViewMediator(2010): setHidden false
04-13 01:38:28.016: D/KeyguardViewMediator(2010): setHidden false
04-13 01:38:28.036: D/KeyguardViewMediator(2010): setHidden false
04-13 01:38:28.046: D/KeyguardViewMediator(2010): setHidden false
04-13 01:38:28.066: D/KeyguardViewMediator(2010): setHidden false
04-13 01:38:28.086: D/KeyguardViewMediator(2010): setHidden false
04-13 01:38:28.096: D/KeyguardViewMediator(2010): setHidden false
04-13 01:38:28.116: D/KeyguardViewMediator(2010): setHidden false
04-13 01:38:28.136: D/KeyguardViewMediator(2010): setHidden false
04-13 01:38:28.146: V/AudioPolicyManagerBase(1672): stopOutput() output 2, stream 1, session 92
04-13 01:38:28.146: V/AudioPolicyManagerBase(1672): changeRefCount() stream 1, count 3
04-13 01:38:28.146: D/KeyguardViewMediator(2010): setHidden false
04-13 01:38:28.166: D/KeyguardViewMediator(2010): setHidden false
04-13 01:38:28.176: D/CircleLockScreen(2010): onPause()
04-13 01:38:28.176: D/CircleShortcutWidget(2010): onPause()
04-13 01:38:28.176: D/CircleLockScreen(2010): cleanUp()
04-13 01:38:28.176: V/SoundPoolThread(2010): Got message m=1, mData=0
04-13 01:38:28.176: V/SoundPoolThread(2010): goodbye
04-13 01:38:28.176: V/SoundPoolThread(2010): return from quit
04-13 01:38:28.176: V/AudioPolicyManagerBase(1672): stopOutput() output 2, stream 1, session 91
04-13 01:38:28.176: V/AudioPolicyManagerBase(1672): changeRefCount() stream 1, count 2
04-13 01:38:28.176: V/AudioPolicyManagerBase(1672): releaseOutput() 2
04-13 01:38:28.176: V/AudioPolicyManagerBase(1672): stopOutput() output 2, stream 1, session 90
04-13 01:38:28.176: V/AudioPolicyManagerBase(1672): changeRefCount() stream 1, count 1
04-13 01:38:28.176: V/AudioPolicyManagerBase(1672): releaseOutput() 2
04-13 01:38:28.176: V/AudioPolicyManagerBase(1672): stopOutput() output 2, stream 1, session 89
04-13 01:38:28.176: V/AudioPolicyManagerBase(1672): changeRefCount() stream 1, count 0
04-13 01:38:28.176: V/AudioPolicyManagerBase(1672): getNewDevice() selected device 0
04-13 01:38:28.176: V/AudioPolicyManagerBase(1672): setOutputDevice() output 2 device 0000 force 0 delayMs 88
04-13 01:38:28.176: V/AudioPolicyManagerBase(1672): setOutputDevice() prevDevice 0002
04-13 01:38:28.176: V/AudioPolicyManagerBase(1672): setOutputDevice() setting same device 0000 or null device for output 2
04-13 01:38:28.186: D/KeyguardViewMediator(2010): setHidden false
04-13 01:38:28.186: V/AudioPolicyManagerBase(1672): releaseOutput() 2
04-13 01:38:28.186: V/SoundPoolThread(2010): return from quit
04-13 01:38:28.186: D/CircleShortcutWidget(2010): cleanUp()
04-13 01:38:28.196: D/KeyguardViewMediator(2010): setHidden false
04-13 01:38:28.216: D/KeyguardViewMediator(2010): setHidden false
04-13 01:38:28.226: D/KeyguardViewMediator(2010): setHidden false
04-13 01:38:28.226: W/SurfaceView(2010): CHECK surface infomation creating=false formatChanged=false sizeChanged=false visible=false visibleChanged=true surfaceChanged=true realSizeChanged=false redrawNeeded=false left=false top=false
04-13 01:38:28.236: D/KeyguardViewMediator(2010): setHidden false
04-13 01:38:28.236: D/KeyguardViewMediator(2010): setHidden false
04-13 01:38:28.236: D/KeyguardViewMediator(2010): setHidden false
04-13 01:38:28.246: I/libblt_hw(1665): Library closed (handle = 2, fd = 43)
04-13 01:38:28.256: D/WallpaperWidget(2010): cleanUp()
04-13 01:38:28.256: D/KeyguardViewMediator(2010): setHidden false
04-13 01:38:28.266: D/LockPatternUtils(2010): isPcwEnable = null
04-13 01:38:28.266: D/KeyguardViewMediator(2010): adjustStatusBarLocked: mShowing=false mHidden=false isSecure=false --> flags=0x0
04-13 01:38:28.266: D/STATUSBAR-StatusBarManagerService(2010): manageDisableList what=0x0 pkg=android
04-13 01:38:28.507: D/KeyguardViewMediator(2010): setHidden false
04-13 01:38:28.507: D/KeyguardViewMediator(2010): setHidden false
04-13 01:38:28.517: I/libblt_hw(1665): Library closed (handle = 0, fd = 29)
04-13 01:38:29.227: W/PowerManagerService(2010): Timer 0x3->0x3|0x0
