04-13 01:14:08.107: I/ADM(1694): 5: 9610175661: [OMXIL] omx_log:256 45A75F80 [ADM.splitter]: CB CmdComplete StateSet StateIdle
04-13 01:14:08.107: I/ADM(1694): 5: 9610175722: [OMXIL] omx_log:954 45A75F80 [ADM.splitter]: SendCommand StateSet StateLoaded
04-13 01:14:08.107: I/ADM(1694): 6: 9610175753: [OMXIL] omx_log:256 45A75F80 [ADM.splitter]: CB CmdComplete StateSet StateLoaded
04-13 01:14:08.107: I/ADM(1694): 7: 9610175814: [OMXIL] omx_log:256 45A75F80 [ADM.splitter]: FreeHandle
04-13 01:14:08.107: I/ADM(1694): 8: 9610175875: [INFO] api_devset:408 CloseDevice(Speaker) OK
04-13 01:14:08.667: W/SignalStrength(2113): getGsmLevel=2
04-13 01:14:08.667: W/SignalStrength(2010): getGsmLevel=2
04-13 01:14:08.667: W/SignalStrength(2113): getLevel=2 (SignalStrength: 99 -1 -1 -1 -1 -1 -1 -1 -1 -1 -1 -1 gsm|lte 2)
04-13 01:14:08.667: W/SignalStrength(2113): getGsmLevel=2
04-13 01:14:08.667: W/SignalStrength(2010): getLevel=2 (SignalStrength: 99 -1 -1 -1 -1 -1 -1 -1 -1 -1 -1 -1 gsm|lte 2)
04-13 01:14:08.667: D/STATUSBAR-NetworkController(2113): onSignalStrengthsChanged signalStrength=SignalStrength: 99 -1 -1 -1 -1 -1 -1 -1 -1 -1 -1 -1 gsm|lte 2 level=2
04-13 01:14:08.677: W/SignalStrength(2113): getLevel=2 (SignalStrength: 99 -1 -1 -1 -1 -1 -1 -1 -1 -1 -1 -1 gsm|lte 2)
04-13 01:14:08.677: W/SignalStrength(2010): getGsmDbm=-1
04-13 01:14:08.677: W/SignalStrength(2010): getDbm=-1
04-13 01:14:08.677: W/SignalStrength(2010): getGsmAsuLevel=99
04-13 01:14:08.677: W/SignalStrength(2010): getAsuLevel=99
04-13 01:14:08.677: D/STATUSBAR-NetworkController(2113): refreshSignalCluster: data=-1 bt=false
04-13 01:14:08.677: D/STATUSBAR-SignalClusterView(2113): mSeparateMobileGroup=8
04-13 01:14:08.677: D/STATUSBAR-SignalClusterView(2113): mSeparateMobileGroup=8
04-13 01:14:08.677: D/STATUSBAR-SignalClusterView(2113): mSeparateMobileGroup=8
04-13 01:14:09.098: D/STATUSBAR-NetworkController(2113): refreshSignalCluster: data=-1 bt=false
04-13 01:14:09.098: D/STATUSBAR-SignalClusterView(2113): mSeparateMobileGroup=8
04-13 01:14:09.098: D/STATUSBAR-SignalClusterView(2113): mSeparateMobileGroup=8
04-13 01:14:09.098: D/STATUSBAR-SignalClusterView(2113): mSeparateMobileGroup=8
04-13 01:14:10.099: D/STATUSBAR-NetworkController(2113): refreshSignalCluster: data=-1 bt=false
04-13 01:14:10.099: D/STATUSBAR-SignalClusterView(2113): mSeparateMobileGroup=8
04-13 01:14:10.099: D/STATUSBAR-SignalClusterView(2113): mSeparateMobileGroup=8
04-13 01:14:10.099: D/STATUSBAR-SignalClusterView(2113): mSeparateMobileGroup=8
04-13 01:14:10.619: E/Trace(11234): error opening trace file: No such file or directory (2)
04-13 01:14:10.719: D/dalvikvm(11234): GC_CONCURRENT freed 155K, 8% free 9597K/10375K, paused 13ms+2ms, total 39ms
04-13 01:14:10.719: D/dalvikvm(11234): WAIT_FOR_CONCURRENT_GC blocked 10ms
04-13 01:14:11.100: D/STATUSBAR-NetworkController(2113): refreshSignalCluster: data=-1 bt=false
04-13 01:14:11.100: D/STATUSBAR-SignalClusterView(2113): mSeparateMobileGroup=8
04-13 01:14:11.100: D/STATUSBAR-SignalClusterView(2113): mSeparateMobileGroup=8
04-13 01:14:11.100: D/STATUSBAR-SignalClusterView(2113): mSeparateMobileGroup=8
04-13 01:14:11.150: D/dalvikvm(11234): GC_CONCURRENT freed 159K, 8% free 9888K/10695K, paused 2ms+2ms, total 27ms
04-13 01:14:11.270: D/dalvikvm(11234): GC_FOR_ALLOC freed 166K, 8% free 10154K/11015K, paused 19ms, total 19ms
04-13 01:14:11.320: D/dalvikvm(11234): GC_CONCURRENT freed 502K, 10% free 10206K/11335K, paused 2ms+3ms, total 25ms
04-13 01:14:11.320: D/dalvikvm(11234): WAIT_FOR_CONCURRENT_GC blocked 6ms
04-13 01:14:11.410: D/dalvikvm(11234): GC_CONCURRENT freed 163K, 7% free 10609K/11399K, paused 2ms+2ms, total 28ms
04-13 01:14:11.410: D/dalvikvm(11234): WAIT_FOR_CONCURRENT_GC blocked 10ms
04-13 01:14:11.500: I/LocationManagerService(2010): request passive (pid 11234) 0 0
04-13 01:14:11.520: W/AlarmManager(2010): FACTORY_ON= 0
04-13 01:14:11.530: W/AlarmManager(2010): FACTORY_ON= 0
04-13 01:14:11.550: E/WifiHW(2010): ##################### set firmware type 0 #####################
04-13 01:14:11.550: D/WifiStateMachine(2010): setWifiEnabled : WifiNative.setFwType(0)
04-13 01:14:11.550: D/WifiService(2010): startScan: false pid=11234, uid=10035
04-13 01:14:11.550: W/AlarmManager(2010): FACTORY_ON= 0
04-13 01:14:11.570: I/wpa_supplicant(2796): Scan requested (ret=0) - scan timeout 30 seconds
04-13 01:14:11.570: W/AlarmManager(2010): FACTORY_ON= 0
04-13 01:14:11.580: W/AlarmManager(2010): FACTORY_ON= 0
04-13 01:14:11.580: D/WifiService(2010): startScan: false pid=11234, uid=10035
04-13 01:14:11.580: W/AlarmManager(2010): FACTORY_ON= 0
04-13 01:14:11.590: W/AlarmManager(2010): FACTORY_ON= 0
04-13 01:14:11.590: W/AlarmManager(2010): FACTORY_ON= 0
04-13 01:14:11.590: W/AlarmManager(2010): FACTORY_ON= 0
04-13 01:14:11.600: W/AlarmManager(2010): FACTORY_ON= 0
04-13 01:14:11.790: V/AlarmManager(2010): waitForAlarm result :4
04-13 01:14:11.800: V/AlarmManager(2010): trigger ELAPSED_REALTIME_WAKEUP or RTC_WAKEUP
04-13 01:14:11.810: W/AlarmManager(2010): FACTORY_ON= 0
04-13 01:14:11.820: W/AlarmManager(2010): FACTORY_ON= 0
04-13 01:14:11.820: W/AlarmManager(2010): FACTORY_ON= 0
04-13 01:14:11.820: W/AlarmManager(2010): FACTORY_ON= 0
04-13 01:14:12.111: D/STATUSBAR-NetworkController(2113): refreshSignalCluster: data=-1 bt=false
04-13 01:14:12.111: D/STATUSBAR-SignalClusterView(2113): mSeparateMobileGroup=8
04-13 01:14:12.111: D/STATUSBAR-SignalClusterView(2113): mSeparateMobileGroup=8
04-13 01:14:12.111: D/STATUSBAR-SignalClusterView(2113): mSeparateMobileGroup=8
04-13 01:14:15.564: I/wpa_supplicant(2796): nl80211: Received scan results (4 BSSes)
04-13 01:14:15.564: W/AlarmManager(2010): FACTORY_ON= 0
04-13 01:14:15.574: D/Tethering(2010): interfaceLinkStateChanged wlan0, true
04-13 01:14:15.574: D/Tethering(2010): interfaceStatusChanged wlan0, true
04-13 01:14:15.644: D/dalvikvm(11234): GC_CONCURRENT freed 915K, 14% free 10243K/11783K, paused 12ms+2ms, total 43ms
04-13 01:14:15.644: D/dalvikvm(11234): WAIT_FOR_CONCURRENT_GC blocked 22ms
04-13 01:14:15.664: W/AlarmManager(2010): FACTORY_ON= 0
04-13 01:14:15.904: D/dalvikvm(11234): GC_CONCURRENT freed 283K, 12% free 10388K/11783K, paused 14ms+2ms, total 47ms
04-13 01:14:16.085: E/WifiHW(2010): ##################### set firmware type 0 #####################
04-13 01:14:16.085: D/WifiStateMachine(2010): setWifiEnabled : WifiNative.setFwType(0)
04-13 01:14:16.085: W/AlarmManager(2010): FACTORY_ON= 0
04-13 01:14:16.125: D/STATUSBAR-NetworkController(2113): refreshSignalCluster: data=-1 bt=false
04-13 01:14:16.125: D/STATUSBAR-SignalClusterView(2113): mSeparateMobileGroup=8
04-13 01:14:16.125: D/STATUSBAR-SignalClusterView(2113): mSeparateMobileGroup=8
04-13 01:14:16.135: D/STATUSBAR-SignalClusterView(2113): mSeparateMobileGroup=8
04-13 01:14:16.585: V/AlarmManager(2010): waitForAlarm result :4
04-13 01:14:17.136: D/STATUSBAR-NetworkController(2113): refreshSignalCluster: data=-1 bt=false
04-13 01:14:17.136: D/STATUSBAR-SignalClusterView(2113): mSeparateMobileGroup=8
04-13 01:14:17.136: D/STATUSBAR-SignalClusterView(2113): mSeparateMobileGroup=8
04-13 01:14:17.136: D/STATUSBAR-SignalClusterView(2113): mSeparateMobileGroup=8
04-13 01:14:17.586: D/BatteryService(2010): update start
04-13 01:14:17.586: D/BatteryService(2010): level:85 scale:100 status:2 health:2 present:true voltage: 4250 temperature: 326 technology: Li-ion AC powered:false USB powered:true icon:17303233 invalid charger:0
04-13 01:14:17.596: D/STATUSBAR-BatteryController(2113): onReceive() - ACTION_BATTERY_CHANGED
04-13 01:14:17.596: D/STATUSBAR-BatteryController(2113): onReceive() - level:85
04-13 01:14:17.596: D/STATUSBAR-BatteryController(2113): onReceive() - plugged:2
04-13 01:14:17.596: D/STATUSBAR-BatteryController(2113): onReceive() - BATTERY_STATUS_CHARGING:
04-13 01:14:17.596: D/STATUSBAR-PhoneStatusBar(2113): ACTION_BATTERY_CHANGED
04-13 01:14:17.596: D/STATUSBAR-PhoneStatusBar(2113): NORMAL_BATTERY
04-13 01:14:17.606: E/MtpService(5628): In MTPAPP onReceive:android.intent.action.BATTERY_CHANGED
04-13 01:14:17.606: E/MtpService(5628): battPlugged Type : 2
04-13 01:14:18.137: D/STATUSBAR-NetworkController(2113): refreshSignalCluster: data=-1 bt=false
04-13 01:14:18.137: D/STATUSBAR-SignalClusterView(2113): mSeparateMobileGroup=8
04-13 01:14:18.137: D/STATUSBAR-SignalClusterView(2113): mSeparateMobileGroup=8
04-13 01:14:18.137: D/STATUSBAR-SignalClusterView(2113): mSeparateMobileGroup=8
04-13 01:14:19.137: D/STATUSBAR-NetworkController(2113): refreshSignalCluster: data=-1 bt=false
04-13 01:14:19.137: D/STATUSBAR-SignalClusterView(2113): mSeparateMobileGroup=8
04-13 01:14:19.137: D/STATUSBAR-SignalClusterView(2113): mSeparateMobileGroup=8
04-13 01:14:19.137: D/STATUSBAR-SignalClusterView(2113): mSeparateMobileGroup=8
04-13 01:14:20.138: D/STATUSBAR-NetworkController(2113): refreshSignalCluster: data=-1 bt=false
04-13 01:14:20.138: D/STATUSBAR-SignalClusterView(2113): mSeparateMobileGroup=8
04-13 01:14:20.138: D/STATUSBAR-SignalClusterView(2113): mSeparateMobileGroup=8
04-13 01:14:20.138: D/STATUSBAR-SignalClusterView(2113): mSeparateMobileGroup=8
04-13 01:14:20.779: W/SignalStrength(2010): getGsmLevel=3
04-13 01:14:20.779: W/SignalStrength(2010): getLevel=3 (SignalStrength: 99 -1 -1 -1 -1 -1 -1 -1 -1 -1 -1 -1 gsm|lte 3)
04-13 01:14:20.789: W/SignalStrength(2113): getGsmLevel=3
04-13 01:14:20.789: W/SignalStrength(2113): getLevel=3 (SignalStrength: 99 -1 -1 -1 -1 -1 -1 -1 -1 -1 -1 -1 gsm|lte 3)
04-13 01:14:20.789: W/SignalStrength(2113): getGsmLevel=3
04-13 01:14:20.789: W/SignalStrength(2113): getLevel=3 (SignalStrength: 99 -1 -1 -1 -1 -1 -1 -1 -1 -1 -1 -1 gsm|lte 3)
04-13 01:14:20.789: W/SignalStrength(2010): getGsmDbm=-1
04-13 01:14:20.789: W/SignalStrength(2010): getDbm=-1
04-13 01:14:20.789: W/SignalStrength(2010): getGsmAsuLevel=99
04-13 01:14:20.789: W/SignalStrength(2010): getAsuLevel=99
04-13 01:14:20.789: D/STATUSBAR-NetworkController(2113): onSignalStrengthsChanged signalStrength=SignalStrength: 99 -1 -1 -1 -1 -1 -1 -1 -1 -1 -1 -1 gsm|lte 3 level=3
04-13 01:14:20.789: D/STATUSBAR-NetworkController(2113): refreshSignalCluster: data=-1 bt=false
04-13 01:14:20.789: D/STATUSBAR-SignalClusterView(2113): mSeparateMobileGroup=8
04-13 01:14:20.789: D/STATUSBAR-SignalClusterView(2113): mSeparateMobileGroup=8
04-13 01:14:20.789: D/STATUSBAR-SignalClusterView(2113): mSeparateMobileGroup=8
04-13 01:14:21.139: D/STATUSBAR-NetworkController(2113): refreshSignalCluster: data=-1 bt=false
04-13 01:14:21.139: D/STATUSBAR-SignalClusterView(2113): mSeparateMobileGroup=8
04-13 01:14:21.149: D/STATUSBAR-SignalClusterView(2113): mSeparateMobileGroup=8
04-13 01:14:21.149: D/STATUSBAR-SignalClusterView(2113): mSeparateMobileGroup=8
04-13 01:14:21.500: E/Watchdog(2010): !@Sync 320
04-13 01:14:21.660: D/STATUSBAR-NetworkController(2113): onReceive() - RSSI_CHANGED_ACTION, WIFI_STATE, NETWORK_STATE
04-13 01:14:21.660: D/STATUSBAR-NetworkController(2113): refreshSignalCluster: data=-1 bt=false
04-13 01:14:21.670: D/STATUSBAR-SignalClusterView(2113): mSeparateMobileGroup=8
04-13 01:14:21.670: D/STATUSBAR-SignalClusterView(2113): mSeparateMobileGroup=8
04-13 01:14:21.670: D/STATUSBAR-SignalClusterView(2113): mSeparateMobileGroup=8
04-13 01:14:27.716: D/BatteryService(2010): update start
04-13 01:14:29.177: D/STATUSBAR-NetworkController(2113): refreshSignalCluster: data=-1 bt=false
04-13 01:14:29.177: D/STATUSBAR-SignalClusterView(2113): mSeparateMobileGroup=8
04-13 01:14:29.177: D/STATUSBAR-SignalClusterView(2113): mSeparateMobileGroup=8
04-13 01:14:29.177: D/STATUSBAR-SignalClusterView(2113): mSeparateMobileGroup=8
04-13 01:14:30.178: D/STATUSBAR-NetworkController(2113): refreshSignalCluster: data=-1 bt=false
04-13 01:14:30.178: D/STATUSBAR-SignalClusterView(2113): mSeparateMobileGroup=8
04-13 01:14:30.178: D/STATUSBAR-SignalClusterView(2113): mSeparateMobileGroup=8
04-13 01:14:30.178: D/STATUSBAR-SignalClusterView(2113): mSeparateMobileGroup=8
04-13 01:14:30.889: W/SignalStrength(2010): getGsmLevel=2
04-13 01:14:30.889: W/SignalStrength(2010): getLevel=2 (SignalStrength: 99 -1 -1 -1 -1 -1 -1 -1 -1 -1 -1 -1 gsm|lte 2)
04-13 01:14:30.899: W/SignalStrength(2113): getGsmLevel=2
04-13 01:14:30.899: W/SignalStrength(2113): getLevel=2 (SignalStrength: 99 -1 -1 -1 -1 -1 -1 -1 -1 -1 -1 -1 gsm|lte 2)
04-13 01:14:30.899: W/SignalStrength(2113): getGsmLevel=2
04-13 01:14:30.899: W/SignalStrength(2113): getLevel=2 (SignalStrength: 99 -1 -1 -1 -1 -1 -1 -1 -1 -1 -1 -1 gsm|lte 2)
04-13 01:14:30.899: W/SignalStrength(2010): getGsmDbm=-1
04-13 01:14:30.899: W/SignalStrength(2010): getDbm=-1
04-13 01:14:30.899: W/SignalStrength(2010): getGsmAsuLevel=99
04-13 01:14:30.899: W/SignalStrength(2010): getAsuLevel=99
04-13 01:14:30.899: D/STATUSBAR-NetworkController(2113): onSignalStrengthsChanged signalStrength=SignalStrength: 99 -1 -1 -1 -1 -1 -1 -1 -1 -1 -1 -1 gsm|lte 2 level=2
04-13 01:14:30.899: D/STATUSBAR-NetworkController(2113): refreshSignalCluster: data=-1 bt=false
04-13 01:14:30.899: D/STATUSBAR-SignalClusterView(2113): mSeparateMobileGroup=8
04-13 01:14:30.899: D/STATUSBAR-SignalClusterView(2113): mSeparateMobileGroup=8
04-13 01:14:30.899: D/STATUSBAR-SignalClusterView(2113): mSeparateMobileGroup=8
04-13 01:14:33.762: D/STATUSBAR-NetworkController(2113): onReceive() - RSSI_CHANGED_ACTION, WIFI_STATE, NETWORK_STATE
04-13 01:14:33.762: D/STATUSBAR-NetworkController(2113): refreshSignalCluster: data=-1 bt=false
04-13 01:14:33.762: D/STATUSBAR-SignalClusterView(2113): mSeparateMobileGroup=8
04-13 01:14:33.762: D/STATUSBAR-SignalClusterView(2113): mSeparateMobileGroup=8
04-13 01:14:33.762: D/STATUSBAR-SignalClusterView(2113): mSeparateMobileGroup=8
04-13 01:14:35.063: I/TiAnalyticsSvc(11185): (Thread-579) [43665,43665] Analytics Service Started
04-13 01:14:35.193: D/STATUSBAR-NetworkController(2113): refreshSignalCluster: data=-1 bt=false
04-13 01:14:35.193: D/STATUSBAR-SignalClusterView(2113): mSeparateMobileGroup=8
04-13 01:14:35.193: D/STATUSBAR-SignalClusterView(2113): mSeparateMobileGroup=8
04-13 01:14:35.193: D/STATUSBAR-SignalClusterView(2113): mSeparateMobileGroup=8
04-13 01:14:35.604: D/dalvikvm(11185): GC_CONCURRENT freed 1837K, 21% free 9980K/12487K, paused 17ms+3ms, total 45ms
04-13 01:14:35.944: I/TiAnalyticsSvc(11185): (Thread-579) [882,44547] Stopping Analytics Service
04-13 01:14:36.795: D/STATUSBAR-NetworkController(2113): onReceive() - RSSI_CHANGED_ACTION, WIFI_STATE, NETWORK_STATE
04-13 01:14:36.795: D/STATUSBAR-NetworkController(2113): refreshSignalCluster: data=-1 bt=false
04-13 01:14:36.795: D/STATUSBAR-SignalClusterView(2113): mSeparateMobileGroup=8
04-13 01:14:36.795: D/STATUSBAR-SignalClusterView(2113): mSeparateMobileGroup=8
04-13 01:14:36.795: D/STATUSBAR-SignalClusterView(2113): mSeparateMobileGroup=8
04-13 01:14:37.205: D/STATUSBAR-NetworkController(2113): refreshSignalCluster: data=-1 bt=false
04-13 01:14:37.205: D/STATUSBAR-SignalClusterView(2113): mSeparateMobileGroup=8
04-13 01:14:37.205: D/STATUSBAR-SignalClusterView(2113): mSeparateMobileGroup=8
04-13 01:14:37.205: D/STATUSBAR-SignalClusterView(2113): mSeparateMobileGroup=8
04-13 01:14:37.766: D/BatteryService(2010): update start
04-13 01:14:37.766: D/BatteryService(2010): level:85 scale:100 status:2 health:2 present:true voltage: 4250 temperature: 324 technology: Li-ion AC powered:false USB powered:true icon:17303233 invalid charger:0
04-13 01:14:37.766: D/STATUSBAR-BatteryController(2113): onReceive() - ACTION_BATTERY_CHANGED
04-13 01:14:37.766: D/STATUSBAR-BatteryController(2113): onReceive() - level:85
04-13 01:14:37.766: D/STATUSBAR-BatteryController(2113): onReceive() - plugged:2
04-13 01:14:37.766: D/STATUSBAR-BatteryController(2113): onReceive() - BATTERY_STATUS_CHARGING:
04-13 01:14:37.766: D/STATUSBAR-PhoneStatusBar(2113): ACTION_BATTERY_CHANGED
04-13 01:14:37.766: D/STATUSBAR-PhoneStatusBar(2113): NORMAL_BATTERY
04-13 01:14:37.776: E/MtpService(5628): In MTPAPP onReceive:android.intent.action.BATTERY_CHANGED
04-13 01:14:37.776: E/MtpService(5628): battPlugged Type : 2
04-13 01:14:39.207: D/STATUSBAR-NetworkController(2113): refreshSignalCluster: data=-1 bt=false
04-13 01:14:39.217: D/STATUSBAR-SignalClusterView(2113): mSeparateMobileGroup=8
04-13 01:14:39.217: D/STATUSBAR-SignalClusterView(2113): mSeparateMobileGroup=8
04-13 01:14:39.217: D/STATUSBAR-SignalClusterView(2113): mSeparateMobileGroup=8
04-13 01:14:40.218: D/STATUSBAR-NetworkController(2113): refreshSignalCluster: data=-1 bt=false
04-13 01:14:40.218: D/STATUSBAR-SignalClusterView(2113): mSeparateMobileGroup=8
04-13 01:14:40.218: D/STATUSBAR-SignalClusterView(2113): mSeparateMobileGroup=8
04-13 01:14:40.218: D/STATUSBAR-SignalClusterView(2113): mSeparateMobileGroup=8
04-13 01:14:47.835: D/BatteryService(2010): update start
04-13 01:14:47.835: D/BatteryService(2010): level:85 scale:100 status:2 health:2 present:true voltage: 4253 temperature: 324 technology: Li-ion AC powered:false USB powered:true icon:17303233 invalid charger:0
04-13 01:14:47.835: D/STATUSBAR-BatteryController(2113): onReceive() - ACTION_BATTERY_CHANGED
04-13 01:14:47.835: D/STATUSBAR-BatteryController(2113): onReceive() - level:85
04-13 01:14:47.835: D/STATUSBAR-BatteryController(2113): onReceive() - plugged:2
04-13 01:14:47.835: D/STATUSBAR-BatteryController(2113): onReceive() - BATTERY_STATUS_CHARGING:
04-13 01:14:47.835: D/STATUSBAR-PhoneStatusBar(2113): ACTION_BATTERY_CHANGED
04-13 01:14:47.846: E/MtpService(5628): In MTPAPP onReceive:android.intent.action.BATTERY_CHANGED
04-13 01:14:47.846: E/MtpService(5628): battPlugged Type : 2
04-13 01:14:47.846: D/STATUSBAR-PhoneStatusBar(2113): NORMAL_BATTERY
04-13 01:14:50.248: D/STATUSBAR-NetworkController(2113): refreshSignalCluster: data=-1 bt=false
04-13 01:14:50.248: D/STATUSBAR-SignalClusterView(2113): mSeparateMobileGroup=8
04-13 01:14:50.248: D/STATUSBAR-SignalClusterView(2113): mSeparateMobileGroup=8
04-13 01:14:50.248: D/STATUSBAR-SignalClusterView(2113): mSeparateMobileGroup=8
04-13 01:14:51.249: D/STATUSBAR-NetworkController(2113): refreshSignalCluster: data=-1 bt=false
04-13 01:14:51.249: D/STATUSBAR-SignalClusterView(2113): mSeparateMobileGroup=8
04-13 01:14:51.249: D/STATUSBAR-SignalClusterView(2113): mSeparateMobileGroup=8
04-13 01:14:51.249: D/STATUSBAR-SignalClusterView(2113): mSeparateMobileGroup=8
04-13 01:14:51.509: E/Watchdog(2010): !@Sync 321
04-13 01:14:51.909: D/STATUSBAR-NetworkController(2113): onReceive() - RSSI_CHANGED_ACTION, WIFI_STATE, NETWORK_STATE
04-13 01:14:51.909: D/STATUSBAR-NetworkController(2113): refreshSignalCluster: data=-1 bt=false
04-13 01:14:51.909: D/STATUSBAR-SignalClusterView(2113): mSeparateMobileGroup=8
04-13 01:14:51.909: D/STATUSBAR-SignalClusterView(2113): mSeparateMobileGroup=8
04-13 01:14:51.909: D/STATUSBAR-SignalClusterView(2113): mSeparateMobileGroup=8
04-13 01:14:57.925: E/MtpService(5628): In MTPAPP onReceive:android.intent.action.BATTERY_CHANGED
04-13 01:14:57.925: E/MtpService(5628): battPlugged Type : 2
04-13 01:14:57.925: D/BatteryService(2010): update start
04-13 01:14:57.925: D/BatteryService(2010): level:86 scale:100 status:2 health:2 present:true voltage: 4253 temperature: 324 technology: Li-ion AC powered:false USB powered:true icon:17303233 invalid charger:0
04-13 01:14:57.925: D/STATUSBAR-BatteryController(2113): onReceive() - ACTION_BATTERY_CHANGED
04-13 01:14:57.925: D/STATUSBAR-BatteryController(2113): onReceive() - level:86
04-13 01:14:57.925: D/STATUSBAR-BatteryController(2113): onReceive() - plugged:2
04-13 01:14:57.925: D/STATUSBAR-BatteryController(2113): onReceive() - BATTERY_STATUS_CHARGING:
04-13 01:14:57.925: D/STATUSBAR-PhoneStatusBar(2113): ACTION_BATTERY_CHANGED
04-13 01:14:57.925: D/STATUSBAR-PhoneStatusBar(2113): NORMAL_BATTERY
04-13 01:14:57.955: D/STATUSBAR-NetworkController(2113): onReceive() - RSSI_CHANGED_ACTION, WIFI_STATE, NETWORK_STATE
04-13 01:14:57.965: D/STATUSBAR-NetworkController(2113): refreshSignalCluster: data=-1 bt=false
04-13 01:14:57.965: D/STATUSBAR-SignalClusterView(2113): mSeparateMobileGroup=8
04-13 01:14:57.965: D/STATUSBAR-SignalClusterView(2113): mSeparateMobileGroup=8
04-13 01:14:57.965: D/STATUSBAR-SignalClusterView(2113): mSeparateMobileGroup=8
04-13 01:14:59.997: V/AlarmManager(2010): waitForAlarm result :8
04-13 01:15:00.007: V/AlarmManager(2010): ClockReceiver onReceive() ACTION_TIME_TICK
04-13 01:15:00.007: W/AlarmManager(2010): FACTORY_ON= 0
04-13 01:15:00.017: D/STATUSBAR-Clock(2113): onReceive() - ACTION_TIME_TICK
04-13 01:15:00.047: D/STATUSBAR-Clock(2113): onReceive() - ACTION_TIME_TICK
04-13 01:15:00.070: D/widget(2290): [MSC_HERO_Accu_JB]>>> SM:1288 [0:0] bTCC WCV = 100
04-13 01:15:00.070: D/widget(2290): [MSC_HERO_Accu_JB]>>> WC:1664 [0:0] drw 1nd Tm dt = 0115
04-13 01:15:00.070: D/ClockAlarmWidgetService(8173): [ClockAlarmWidgetService] onReceive: action = android.intent.action.TIME_TICK
04-13 01:15:00.070: E/ClockAlarmWidget(8173): [AlarmWidgetIdManager] getListItem() : itemIndex=0, widgetID:1
04-13 01:15:00.070: E/ClockAlarmWidget(8173): [AlarmWidgetIdManager] getListItem() : ItemIndex exceed ListItemCount. itemIndex=1
04-13 01:15:00.070: E/ClockAlarmWidget(8173): [AlarmWidgetIdManager] getListItem() : itemIndex=1, widgetID:1
04-13 01:15:00.080: D/ClockAlarmDataProvider(8173): getAlarm() - too many same ID alarm data. nCount: 0
04-13 01:15:04.013: D/STATUSBAR-NetworkController(2113): onReceive() - RSSI_CHANGED_ACTION, WIFI_STATE, NETWORK_STATE
04-13 01:15:04.013: D/STATUSBAR-NetworkController(2113): refreshSignalCluster: data=-1 bt=false
04-13 01:15:04.013: D/STATUSBAR-SignalClusterView(2113): mSeparateMobileGroup=8
04-13 01:15:04.013: D/STATUSBAR-SignalClusterView(2113): mSeparateMobileGroup=8
04-13 01:15:04.013: D/STATUSBAR-SignalClusterView(2113): mSeparateMobileGroup=8
04-13 01:15:07.046: D/STATUSBAR-NetworkController(2113): onReceive() - RSSI_CHANGED_ACTION, WIFI_STATE, NETWORK_STATE
04-13 01:15:07.046: D/STATUSBAR-NetworkController(2113): refreshSignalCluster: data=-1 bt=false
04-13 01:15:07.046: D/STATUSBAR-SignalClusterView(2113): mSeparateMobileGroup=8
04-13 01:15:07.046: D/STATUSBAR-SignalClusterView(2113): mSeparateMobileGroup=8
04-13 01:15:07.046: D/STATUSBAR-SignalClusterView(2113): mSeparateMobileGroup=8
04-13 01:15:07.967: D/BatteryService(2010): update start
04-13 01:15:09.308: D/STATUSBAR-NetworkController(2113): refreshSignalCluster: data=-1 bt=false
04-13 01:15:09.308: D/STATUSBAR-SignalClusterView(2113): mSeparateMobileGroup=8
04-13 01:15:09.308: D/STATUSBAR-SignalClusterView(2113): mSeparateMobileGroup=8
04-13 01:15:09.308: D/STATUSBAR-SignalClusterView(2113): mSeparateMobileGroup=8
04-13 01:15:10.319: D/STATUSBAR-NetworkController(2113): refreshSignalCluster: data=-1 bt=false
04-13 01:15:10.319: D/STATUSBAR-SignalClusterView(2113): mSeparateMobileGroup=8
04-13 01:15:10.319: D/STATUSBAR-SignalClusterView(2113): mSeparateMobileGroup=8
04-13 01:15:10.319: D/STATUSBAR-SignalClusterView(2113): mSeparateMobileGroup=8
04-13 01:15:11.500: V/AlarmManager(2010): waitForAlarm result :4
04-13 01:15:11.500: V/AlarmManager(2010): trigger ELAPSED_REALTIME_WAKEUP or RTC_WAKEUP
04-13 01:15:11.510: W/AlarmManager(2010): FACTORY_ON= 0
04-13 01:15:16.115: D/STATUSBAR-NetworkController(2113): onReceive() - RSSI_CHANGED_ACTION, WIFI_STATE, NETWORK_STATE
04-13 01:15:16.115: D/STATUSBAR-NetworkController(2113): refreshSignalCluster: data=-1 bt=false
04-13 01:15:16.115: D/STATUSBAR-SignalClusterView(2113): mSeparateMobileGroup=8
04-13 01:15:16.115: D/STATUSBAR-SignalClusterView(2113): mSeparateMobileGroup=8
04-13 01:15:16.115: D/STATUSBAR-SignalClusterView(2113): mSeparateMobileGroup=8
04-13 01:15:18.076: D/BatteryService(2010): update start
04-13 01:15:18.086: D/BatteryService(2010): level:86 scale:100 status:2 health:2 present:true voltage: 4255 temperature: 324 technology: Li-ion AC powered:false USB powered:true icon:17303233 invalid charger:0
04-13 01:15:18.096: D/STATUSBAR-BatteryController(2113): onReceive() - ACTION_BATTERY_CHANGED
04-13 01:15:18.096: D/STATUSBAR-BatteryController(2113): onReceive() - level:86
04-13 01:15:18.096: D/STATUSBAR-BatteryController(2113): onReceive() - plugged:2
04-13 01:15:18.096: D/STATUSBAR-BatteryController(2113): onReceive() - BATTERY_STATUS_CHARGING:
04-13 01:15:18.096: D/STATUSBAR-PhoneStatusBar(2113): ACTION_BATTERY_CHANGED
04-13 01:15:18.096: D/STATUSBAR-PhoneStatusBar(2113): NORMAL_BATTERY
04-13 01:15:18.106: E/MtpService(5628): In MTPAPP onReceive:android.intent.action.BATTERY_CHANGED
04-13 01:15:18.106: E/MtpService(5628): battPlugged Type : 2
04-13 01:15:20.349: D/STATUSBAR-NetworkController(2113): refreshSignalCluster: data=-1 bt=false
04-13 01:15:20.349: D/STATUSBAR-SignalClusterView(2113): mSeparateMobileGroup=8
04-13 01:15:20.349: D/STATUSBAR-SignalClusterView(2113): mSeparateMobileGroup=8
04-13 01:15:20.349: D/STATUSBAR-SignalClusterView(2113): mSeparateMobileGroup=8
04-13 01:15:21.350: D/STATUSBAR-NetworkController(2113): refreshSignalCluster: data=-1 bt=false
04-13 01:15:21.350: D/STATUSBAR-SignalClusterView(2113): mSeparateMobileGroup=8
04-13 01:15:21.350: D/STATUSBAR-SignalClusterView(2113): mSeparateMobileGroup=8
04-13 01:15:21.350: D/STATUSBAR-SignalClusterView(2113): mSeparateMobileGroup=8
04-13 01:15:21.510: E/Watchdog(2010): !@Sync 322
04-13 01:15:22.150: D/STATUSBAR-NetworkController(2113): onReceive() - RSSI_CHANGED_ACTION, WIFI_STATE, NETWORK_STATE
04-13 01:15:22.160: D/STATUSBAR-NetworkController(2113): refreshSignalCluster: data=-1 bt=false
04-13 01:15:22.160: D/STATUSBAR-SignalClusterView(2113): mSeparateMobileGroup=8
04-13 01:15:22.160: D/STATUSBAR-SignalClusterView(2113): mSeparateMobileGroup=8
04-13 01:15:22.160: D/STATUSBAR-SignalClusterView(2113): mSeparateMobileGroup=8
04-13 01:15:28.156: D/BatteryService(2010): update start
04-13 01:15:28.156: D/BatteryService(2010): level:86 scale:100 status:2 health:2 present:true voltage: 4258 temperature: 324 technology: Li-ion AC powered:false USB powered:true icon:17303233 invalid charger:0
04-13 01:15:28.166: E/MtpService(5628): In MTPAPP onReceive:android.intent.action.BATTERY_CHANGED
04-13 01:15:28.166: E/MtpService(5628): battPlugged Type : 2
04-13 01:15:28.166: D/STATUSBAR-BatteryController(2113): onReceive() - ACTION_BATTERY_CHANGED
04-13 01:15:28.166: D/STATUSBAR-BatteryController(2113): onReceive() - level:86
04-13 01:15:28.166: D/STATUSBAR-BatteryController(2113): onReceive() - plugged:2
04-13 01:15:28.166: D/STATUSBAR-BatteryController(2113): onReceive() - BATTERY_STATUS_CHARGING:
04-13 01:15:28.166: D/STATUSBAR-PhoneStatusBar(2113): ACTION_BATTERY_CHANGED
04-13 01:15:28.166: D/STATUSBAR-PhoneStatusBar(2113): NORMAL_BATTERY
04-13 01:15:28.196: D/STATUSBAR-NetworkController(2113): onReceive() - RSSI_CHANGED_ACTION, WIFI_STATE, NETWORK_STATE
04-13 01:15:28.206: D/STATUSBAR-NetworkController(2113): refreshSignalCluster: data=-1 bt=false
04-13 01:15:28.206: D/STATUSBAR-SignalClusterView(2113): mSeparateMobileGroup=8
04-13 01:15:28.206: D/STATUSBAR-SignalClusterView(2113): mSeparateMobileGroup=8
04-13 01:15:28.206: D/STATUSBAR-SignalClusterView(2113): mSeparateMobileGroup=8
04-13 01:15:37.395: D/STATUSBAR-NetworkController(2113): refreshSignalCluster: data=-1 bt=false
04-13 01:15:37.395: D/STATUSBAR-SignalClusterView(2113): mSeparateMobileGroup=8
04-13 01:15:37.395: D/STATUSBAR-SignalClusterView(2113): mSeparateMobileGroup=8
04-13 01:15:37.395: D/STATUSBAR-SignalClusterView(2113): mSeparateMobileGroup=8
04-13 01:15:38.396: D/STATUSBAR-NetworkController(2113): refreshSignalCluster: data=-1 bt=false
04-13 01:15:38.396: D/STATUSBAR-SignalClusterView(2113): mSeparateMobileGroup=8
04-13 01:15:38.396: D/STATUSBAR-SignalClusterView(2113): mSeparateMobileGroup=8
04-13 01:15:38.396: D/STATUSBAR-SignalClusterView(2113): mSeparateMobileGroup=8
04-13 01:15:38.426: D/BatteryService(2010): update start
04-13 01:15:38.436: D/BatteryService(2010): level:86 scale:100 status:2 health:2 present:true voltage: 4260 temperature: 324 technology: Li-ion AC powered:false USB powered:true icon:17303233 invalid charger:0
04-13 01:15:38.446: D/STATUSBAR-BatteryController(2113): onReceive() - ACTION_BATTERY_CHANGED
04-13 01:15:38.446: D/STATUSBAR-BatteryController(2113): onReceive() - level:86
04-13 01:15:38.446: D/STATUSBAR-BatteryController(2113): onReceive() - plugged:2
04-13 01:15:38.446: D/STATUSBAR-BatteryController(2113): onReceive() - BATTERY_STATUS_CHARGING:
04-13 01:15:38.456: E/MtpService(5628): In MTPAPP onReceive:android.intent.action.BATTERY_CHANGED
04-13 01:15:38.456: E/MtpService(5628): battPlugged Type : 2
04-13 01:15:38.456: D/STATUSBAR-PhoneStatusBar(2113): ACTION_BATTERY_CHANGED
04-13 01:15:38.456: D/STATUSBAR-PhoneStatusBar(2113): NORMAL_BATTERY
04-13 01:15:38.596: W/SignalStrength(2010): getGsmLevel=3
04-13 01:15:38.596: W/SignalStrength(2010): getLevel=3 (SignalStrength: 99 -1 -1 -1 -1 -1 -1 -1 -1 -1 -1 -1 gsm|lte 3)
04-13 01:15:38.606: W/SignalStrength(2113): getGsmLevel=3
04-13 01:15:38.606: W/SignalStrength(2113): getLevel=3 (SignalStrength: 99 -1 -1 -1 -1 -1 -1 -1 -1 -1 -1 -1 gsm|lte 3)
04-13 01:15:38.606: W/SignalStrength(2113): getGsmLevel=3
04-13 01:15:38.606: W/SignalStrength(2113): getLevel=3 (SignalStrength: 99 -1 -1 -1 -1 -1 -1 -1 -1 -1 -1 -1 gsm|lte 3)
04-13 01:15:38.606: W/SignalStrength(2010): getGsmDbm=-1
04-13 01:15:38.606: W/SignalStrength(2010): getDbm=-1
04-13 01:15:38.606: W/SignalStrength(2010): getGsmAsuLevel=99
04-13 01:15:38.606: W/SignalStrength(2010): getAsuLevel=99
04-13 01:15:38.606: D/STATUSBAR-NetworkController(2113): onSignalStrengthsChanged signalStrength=SignalStrength: 99 -1 -1 -1 -1 -1 -1 -1 -1 -1 -1 -1 gsm|lte 3 level=3
04-13 01:15:38.606: D/STATUSBAR-NetworkController(2113): refreshSignalCluster: data=-1 bt=false
04-13 01:15:38.606: D/STATUSBAR-SignalClusterView(2113): mSeparateMobileGroup=8
04-13 01:15:38.606: D/STATUSBAR-SignalClusterView(2113): mSeparateMobileGroup=8
04-13 01:15:38.606: D/STATUSBAR-SignalClusterView(2113): mSeparateMobileGroup=8
04-13 01:15:40.298: D/STATUSBAR-NetworkController(2113): onReceive() - RSSI_CHANGED_ACTION, WIFI_STATE, NETWORK_STATE
04-13 01:15:40.308: D/STATUSBAR-NetworkController(2113): refreshSignalCluster: data=-1 bt=false
04-13 01:15:40.308: D/STATUSBAR-SignalClusterView(2113): mSeparateMobileGroup=8
04-13 01:15:40.308: D/STATUSBAR-SignalClusterView(2113): mSeparateMobileGroup=8
04-13 01:15:40.308: D/STATUSBAR-SignalClusterView(2113): mSeparateMobileGroup=8
04-13 01:15:41.409: D/STATUSBAR-NetworkController(2113): refreshSignalCluster: data=-1 bt=false
04-13 01:15:41.409: D/STATUSBAR-SignalClusterView(2113): mSeparateMobileGroup=8
04-13 01:15:41.409: D/STATUSBAR-SignalClusterView(2113): mSeparateMobileGroup=8
04-13 01:15:41.409: D/STATUSBAR-SignalClusterView(2113): mSeparateMobileGroup=8
04-13 01:15:43.331: D/STATUSBAR-NetworkController(2113): onReceive() - RSSI_CHANGED_ACTION, WIFI_STATE, NETWORK_STATE
04-13 01:15:43.331: D/STATUSBAR-NetworkController(2113): refreshSignalCluster: data=-1 bt=false
04-13 01:15:43.331: D/STATUSBAR-SignalClusterView(2113): mSeparateMobileGroup=8
04-13 01:15:43.331: D/STATUSBAR-SignalClusterView(2113): mSeparateMobileGroup=8
04-13 01:15:43.331: D/STATUSBAR-SignalClusterView(2113): mSeparateMobileGroup=8
04-13 01:15:43.411: D/STATUSBAR-NetworkController(2113): refreshSignalCluster: data=-1 bt=false
04-13 01:15:43.411: D/STATUSBAR-SignalClusterView(2113): mSeparateMobileGroup=8
04-13 01:15:43.411: D/STATUSBAR-SignalClusterView(2113): mSeparateMobileGroup=8
04-13 01:15:43.411: D/STATUSBAR-SignalClusterView(2113): mSeparateMobileGroup=8
04-13 01:15:48.426: D/STATUSBAR-NetworkController(2113): refreshSignalCluster: data=-1 bt=false
04-13 01:15:48.426: D/STATUSBAR-SignalClusterView(2113): mSeparateMobileGroup=8
04-13 01:15:48.426: D/STATUSBAR-SignalClusterView(2113): mSeparateMobileGroup=8
04-13 01:15:48.426: D/STATUSBAR-SignalClusterView(2113): mSeparateMobileGroup=8
04-13 01:15:48.476: D/BatteryService(2010): update start
04-13 01:15:48.486: D/BatteryService(2010): level:86 scale:100 status:2 health:2 present:true voltage: 4253 temperature: 324 technology: Li-ion AC powered:false USB powered:true icon:17303233 invalid charger:0
04-13 01:15:48.486: D/STATUSBAR-BatteryController(2113): onReceive() - ACTION_BATTERY_CHANGED
04-13 01:15:48.486: D/STATUSBAR-BatteryController(2113): onReceive() - level:86
04-13 01:15:48.496: D/STATUSBAR-BatteryController(2113): onReceive() - plugged:2
04-13 01:15:48.496: D/STATUSBAR-BatteryController(2113): onReceive() - BATTERY_STATUS_CHARGING:
04-13 01:15:48.496: D/STATUSBAR-PhoneStatusBar(2113): ACTION_BATTERY_CHANGED
04-13 01:15:48.496: D/STATUSBAR-PhoneStatusBar(2113): NORMAL_BATTERY
04-13 01:15:48.506: E/MtpService(5628): In MTPAPP onReceive:android.intent.action.BATTERY_CHANGED
04-13 01:15:48.506: E/MtpService(5628): battPlugged Type : 2
04-13 01:15:49.377: D/STATUSBAR-NetworkController(2113): onReceive() - RSSI_CHANGED_ACTION, WIFI_STATE, NETWORK_STATE
04-13 01:15:49.387: D/STATUSBAR-NetworkController(2113): refreshSignalCluster: data=-1 bt=false
04-13 01:15:49.387: D/STATUSBAR-SignalClusterView(2113): mSeparateMobileGroup=8
04-13 01:15:49.387: D/STATUSBAR-SignalClusterView(2113): mSeparateMobileGroup=8
04-13 01:15:49.387: D/STATUSBAR-SignalClusterView(2113): mSeparateMobileGroup=8
04-13 01:15:49.437: D/STATUSBAR-NetworkController(2113): refreshSignalCluster: data=-1 bt=false
04-13 01:15:49.437: D/STATUSBAR-SignalClusterView(2113): mSeparateMobileGroup=8
04-13 01:15:49.437: D/STATUSBAR-SignalClusterView(2113): mSeparateMobileGroup=8
04-13 01:15:49.437: D/STATUSBAR-SignalClusterView(2113): mSeparateMobileGroup=8
04-13 01:15:50.438: D/STATUSBAR-NetworkController(2113): refreshSignalCluster: data=-1 bt=false
04-13 01:15:50.448: D/STATUSBAR-SignalClusterView(2113): mSeparateMobileGroup=8
04-13 01:15:50.448: D/STATUSBAR-SignalClusterView(2113): mSeparateMobileGroup=8
04-13 01:15:50.448: D/STATUSBAR-SignalClusterView(2113): mSeparateMobileGroup=8
04-13 01:15:51.439: D/STATUSBAR-NetworkController(2113): refreshSignalCluster: data=-1 bt=false
04-13 01:15:51.439: D/STATUSBAR-SignalClusterView(2113): mSeparateMobileGroup=8
04-13 01:15:51.449: D/STATUSBAR-SignalClusterView(2113): mSeparateMobileGroup=8
04-13 01:15:51.449: D/STATUSBAR-SignalClusterView(2113): mSeparateMobileGroup=8
04-13 01:15:51.509: E/Watchdog(2010): !@Sync 323
04-13 01:15:55.433: D/STATUSBAR-NetworkController(2113): onReceive() - RSSI_CHANGED_ACTION, WIFI_STATE, NETWORK_STATE
04-13 01:15:55.433: D/STATUSBAR-NetworkController(2113): refreshSignalCluster: data=-1 bt=false
04-13 01:15:55.433: D/STATUSBAR-SignalClusterView(2113): mSeparateMobileGroup=8
04-13 01:15:55.433: D/STATUSBAR-SignalClusterView(2113): mSeparateMobileGroup=8
04-13 01:15:55.433: D/STATUSBAR-SignalClusterView(2113): mSeparateMobileGroup=8
04-13 01:15:58.466: D/STATUSBAR-NetworkController(2113): refreshSignalCluster: data=-1 bt=false
04-13 01:15:58.466: D/STATUSBAR-SignalClusterView(2113): mSeparateMobileGroup=8
04-13 01:15:58.466: D/STATUSBAR-SignalClusterView(2113): mSeparateMobileGroup=8
04-13 01:15:58.466: D/STATUSBAR-SignalClusterView(2113): mSeparateMobileGroup=8
04-13 01:15:58.506: D/BatteryService(2010): update start
04-13 01:15:59.467: D/STATUSBAR-NetworkController(2113): refreshSignalCluster: data=-1 bt=false
04-13 01:15:59.467: D/STATUSBAR-SignalClusterView(2113): mSeparateMobileGroup=8
04-13 01:15:59.467: D/STATUSBAR-SignalClusterView(2113): mSeparateMobileGroup=8
04-13 01:15:59.467: D/STATUSBAR-SignalClusterView(2113): mSeparateMobileGroup=8
04-13 01:15:59.997: V/AlarmManager(2010): waitForAlarm result :8
04-13 01:15:59.997: V/AlarmManager(2010): ClockReceiver onReceive() ACTION_TIME_TICK
04-13 01:15:59.997: W/AlarmManager(2010): FACTORY_ON= 0
04-13 01:16:00.007: D/STATUSBAR-Clock(2113): onReceive() - ACTION_TIME_TICK
04-13 01:16:00.037: D/STATUSBAR-Clock(2113): onReceive() - ACTION_TIME_TICK
04-13 01:16:00.060: D/widget(2290): [MSC_HERO_Accu_JB]>>> SM:1288 [0:0] bTCC WCV = 100
04-13 01:16:00.060: D/widget(2290): [MSC_HERO_Accu_JB]>>> WC:1664 [0:0] drw 1nd Tm dt = 0116
04-13 01:16:00.060: D/ClockAlarmWidgetService(8173): [ClockAlarmWidgetService] onReceive: action = android.intent.action.TIME_TICK
04-13 01:16:00.060: E/ClockAlarmWidget(8173): [AlarmWidgetIdManager] getListItem() : itemIndex=0, widgetID:1
04-13 01:16:00.060: E/ClockAlarmWidget(8173): [AlarmWidgetIdManager] getListItem() : ItemIndex exceed ListItemCount. itemIndex=1
04-13 01:16:00.060: E/ClockAlarmWidget(8173): [AlarmWidgetIdManager] getListItem() : itemIndex=1, widgetID:1
04-13 01:16:00.060: D/ClockAlarmDataProvider(8173): getAlarm() - too many same ID alarm data. nCount: 0
04-13 01:16:00.470: D/STATUSBAR-NetworkController(2113): refreshSignalCluster: data=-1 bt=false
04-13 01:16:00.470: D/STATUSBAR-SignalClusterView(2113): mSeparateMobileGroup=8
04-13 01:16:00.470: D/STATUSBAR-SignalClusterView(2113): mSeparateMobileGroup=8
04-13 01:16:00.470: D/STATUSBAR-SignalClusterView(2113): mSeparateMobileGroup=8
04-13 01:16:01.480: D/STATUSBAR-NetworkController(2113): refreshSignalCluster: data=-1 bt=false
04-13 01:16:01.480: D/STATUSBAR-SignalClusterView(2113): mSeparateMobileGroup=8
04-13 01:16:01.480: D/STATUSBAR-SignalClusterView(2113): mSeparateMobileGroup=8
04-13 01:16:01.480: D/STATUSBAR-SignalClusterView(2113): mSeparateMobileGroup=8
04-13 01:16:04.503: D/STATUSBAR-NetworkController(2113): onReceive() - RSSI_CHANGED_ACTION, WIFI_STATE, NETWORK_STATE
04-13 01:16:04.503: D/STATUSBAR-NetworkController(2113): refreshSignalCluster: data=-1 bt=false
04-13 01:16:04.503: D/STATUSBAR-SignalClusterView(2113): mSeparateMobileGroup=8
04-13 01:16:04.503: D/STATUSBAR-SignalClusterView(2113): mSeparateMobileGroup=8
04-13 01:16:04.503: D/STATUSBAR-SignalClusterView(2113): mSeparateMobileGroup=8
04-13 01:16:07.546: D/STATUSBAR-NetworkController(2113): onReceive() - RSSI_CHANGED_ACTION, WIFI_STATE, NETWORK_STATE
04-13 01:16:07.546: D/STATUSBAR-NetworkController(2113): refreshSignalCluster: data=-1 bt=false
04-13 01:16:07.546: D/STATUSBAR-SignalClusterView(2113): mSeparateMobileGroup=8
04-13 01:16:07.546: D/STATUSBAR-SignalClusterView(2113): mSeparateMobileGroup=8
04-13 01:16:07.546: D/STATUSBAR-SignalClusterView(2113): mSeparateMobileGroup=8
04-13 01:16:08.587: D/BatteryService(2010): update start
04-13 01:16:08.597: D/BatteryService(2010): level:86 scale:100 status:2 health:2 present:true voltage: 4258 temperature: 324 technology: Li-ion AC powered:false USB powered:true icon:17303233 invalid charger:0
04-13 01:16:08.607: E/MtpService(5628): In MTPAPP onReceive:android.intent.action.BATTERY_CHANGED
04-13 01:16:08.607: E/MtpService(5628): battPlugged Type : 2
04-13 01:16:08.607: D/STATUSBAR-BatteryController(2113): onReceive() - ACTION_BATTERY_CHANGED
04-13 01:16:08.607: D/STATUSBAR-BatteryController(2113): onReceive() - level:86
04-13 01:16:08.607: D/STATUSBAR-BatteryController(2113): onReceive() - plugged:2
04-13 01:16:08.607: D/STATUSBAR-BatteryController(2113): onReceive() - BATTERY_STATUS_CHARGING:
04-13 01:16:08.607: D/STATUSBAR-PhoneStatusBar(2113): ACTION_BATTERY_CHANGED
04-13 01:16:08.607: D/STATUSBAR-PhoneStatusBar(2113): NORMAL_BATTERY
04-13 01:16:08.637: D/dalvikvm(11234): GC_CONCURRENT freed 370K, 12% free 10405K/11783K, paused 3ms+3ms, total 28ms
04-13 01:16:09.508: D/STATUSBAR-NetworkController(2113): refreshSignalCluster: data=-1 bt=false
04-13 01:16:09.508: D/STATUSBAR-SignalClusterView(2113): mSeparateMobileGroup=8
04-13 01:16:09.508: D/STATUSBAR-SignalClusterView(2113): mSeparateMobileGroup=8
04-13 01:16:09.508: D/STATUSBAR-SignalClusterView(2113): mSeparateMobileGroup=8
04-13 01:16:10.509: D/STATUSBAR-NetworkController(2113): refreshSignalCluster: data=-1 bt=false
04-13 01:16:10.509: D/STATUSBAR-SignalClusterView(2113): mSeparateMobileGroup=8
04-13 01:16:10.509: D/STATUSBAR-SignalClusterView(2113): mSeparateMobileGroup=8
04-13 01:16:10.509: D/STATUSBAR-SignalClusterView(2113): mSeparateMobileGroup=8
04-13 01:16:10.579: D/STATUSBAR-NetworkController(2113): onReceive() - RSSI_CHANGED_ACTION, WIFI_STATE, NETWORK_STATE
04-13 01:16:10.579: D/STATUSBAR-NetworkController(2113): refreshSignalCluster: data=-1 bt=false
04-13 01:16:10.579: D/STATUSBAR-SignalClusterView(2113): mSeparateMobileGroup=8
04-13 01:16:10.579: D/STATUSBAR-SignalClusterView(2113): mSeparateMobileGroup=8
04-13 01:16:10.579: D/STATUSBAR-SignalClusterView(2113): mSeparateMobileGroup=8
04-13 01:16:18.897: D/BatteryService(2010): update start
04-13 01:16:18.907: D/BatteryService(2010): level:86 scale:100 status:2 health:2 present:true voltage: 4260 temperature: 324 technology: Li-ion AC powered:false USB powered:true icon:17303233 invalid charger:0
04-13 01:16:18.917: D/STATUSBAR-BatteryController(2113): onReceive() - ACTION_BATTERY_CHANGED
04-13 01:16:18.917: D/STATUSBAR-BatteryController(2113): onReceive() - level:86
04-13 01:16:18.917: D/STATUSBAR-BatteryController(2113): onReceive() - plugged:2
04-13 01:16:18.917: D/STATUSBAR-BatteryController(2113): onReceive() - BATTERY_STATUS_CHARGING:
04-13 01:16:18.917: D/STATUSBAR-PhoneStatusBar(2113): ACTION_BATTERY_CHANGED
04-13 01:16:18.917: D/STATUSBAR-PhoneStatusBar(2113): NORMAL_BATTERY
04-13 01:16:18.927: E/MtpService(5628): In MTPAPP onReceive:android.intent.action.BATTERY_CHANGED
04-13 01:16:18.927: E/MtpService(5628): battPlugged Type : 2
04-13 01:16:20.028: W/SignalStrength(2010): getGsmLevel=2
04-13 01:16:20.028: W/SignalStrength(2010): getLevel=2 (SignalStrength: 99 -1 -1 -1 -1 -1 -1 -1 -1 -1 -1 -1 gsm|lte 2)
04-13 01:16:20.038: W/SignalStrength(2113): getGsmLevel=2
04-13 01:16:20.038: W/SignalStrength(2113): getLevel=2 (SignalStrength: 99 -1 -1 -1 -1 -1 -1 -1 -1 -1 -1 -1 gsm|lte 2)
04-13 01:16:20.038: W/SignalStrength(2113): getGsmLevel=2
04-13 01:16:20.038: W/SignalStrength(2113): getLevel=2 (SignalStrength: 99 -1 -1 -1 -1 -1 -1 -1 -1 -1 -1 -1 gsm|lte 2)
04-13 01:16:20.038: D/STATUSBAR-NetworkController(2113): onSignalStrengthsChanged signalStrength=SignalStrength: 99 -1 -1 -1 -1 -1 -1 -1 -1 -1 -1 -1 gsm|lte 2 level=2
04-13 01:16:20.038: D/STATUSBAR-NetworkController(2113): refreshSignalCluster: data=-1 bt=false
04-13 01:16:20.038: D/STATUSBAR-SignalClusterView(2113): mSeparateMobileGroup=8
04-13 01:16:20.038: D/STATUSBAR-SignalClusterView(2113): mSeparateMobileGroup=8
04-13 01:16:20.038: D/STATUSBAR-SignalClusterView(2113): mSeparateMobileGroup=8
04-13 01:16:20.048: W/SignalStrength(2010): getGsmDbm=-1
04-13 01:16:20.048: W/SignalStrength(2010): getDbm=-1
04-13 01:16:20.048: W/SignalStrength(2010): getGsmAsuLevel=99
04-13 01:16:20.048: W/SignalStrength(2010): getAsuLevel=99
04-13 01:16:21.500: E/Watchdog(2010): !@Sync 324
04-13 01:16:21.540: D/STATUSBAR-NetworkController(2113): refreshSignalCluster: data=-1 bt=false
04-13 01:16:21.540: D/STATUSBAR-SignalClusterView(2113): mSeparateMobileGroup=8
04-13 01:16:21.540: D/STATUSBAR-SignalClusterView(2113): mSeparateMobileGroup=8
04-13 01:16:21.540: D/STATUSBAR-SignalClusterView(2113): mSeparateMobileGroup=8
04-13 01:16:22.541: D/STATUSBAR-NetworkController(2113): refreshSignalCluster: data=-1 bt=false
04-13 01:16:22.541: D/STATUSBAR-SignalClusterView(2113): mSeparateMobileGroup=8
04-13 01:16:22.541: D/STATUSBAR-SignalClusterView(2113): mSeparateMobileGroup=8
04-13 01:16:22.541: D/STATUSBAR-SignalClusterView(2113): mSeparateMobileGroup=8
04-13 01:16:24.553: D/STATUSBAR-NetworkController(2113): refreshSignalCluster: data=-1 bt=false
04-13 01:16:24.553: D/STATUSBAR-SignalClusterView(2113): mSeparateMobileGroup=8
04-13 01:16:24.553: D/STATUSBAR-SignalClusterView(2113): mSeparateMobileGroup=8
04-13 01:16:24.553: D/STATUSBAR-SignalClusterView(2113): mSeparateMobileGroup=8
04-13 01:16:25.554: D/STATUSBAR-NetworkController(2113): refreshSignalCluster: data=-1 bt=false
04-13 01:16:25.564: D/STATUSBAR-SignalClusterView(2113): mSeparateMobileGroup=8
04-13 01:16:25.564: D/STATUSBAR-SignalClusterView(2113): mSeparateMobileGroup=8
04-13 01:16:25.564: D/STATUSBAR-SignalClusterView(2113): mSeparateMobileGroup=8
04-13 01:16:29.047: D/BatteryService(2010): update start
04-13 01:16:29.047: D/BatteryService(2010): level:86 scale:100 status:2 health:2 present:true voltage: 4263 temperature: 326 technology: Li-ion AC powered:false USB powered:true icon:17303233 invalid charger:0
04-13 01:16:29.047: D/STATUSBAR-BatteryController(2113): onReceive() - ACTION_BATTERY_CHANGED
04-13 01:16:29.047: D/STATUSBAR-BatteryController(2113): onReceive() - level:86
04-13 01:16:29.047: D/STATUSBAR-BatteryController(2113): onReceive() - plugged:2
04-13 01:16:29.047: D/STATUSBAR-BatteryController(2113): onReceive() - BATTERY_STATUS_CHARGING:
04-13 01:16:29.047: D/STATUSBAR-PhoneStatusBar(2113): ACTION_BATTERY_CHANGED
04-13 01:16:29.047: D/STATUSBAR-PhoneStatusBar(2113): NORMAL_BATTERY
04-13 01:16:29.057: E/MtpService(5628): In MTPAPP onReceive:android.intent.action.BATTERY_CHANGED
04-13 01:16:29.057: E/MtpService(5628): battPlugged Type : 2
04-13 01:16:39.627: D/BatteryService(2010): update start
04-13 01:16:39.637: D/BatteryService(2010): level:86 scale:100 status:2 health:2 present:true voltage: 4260 temperature: 326 technology: Li-ion AC powered:false USB powered:true icon:17303233 invalid charger:0
04-13 01:16:39.637: D/STATUSBAR-BatteryController(2113): onReceive() - ACTION_BATTERY_CHANGED
04-13 01:16:39.648: E/MtpService(5628): In MTPAPP onReceive:android.intent.action.BATTERY_CHANGED
04-13 01:16:39.648: E/MtpService(5628): battPlugged Type : 2
04-13 01:16:39.648: D/STATUSBAR-BatteryController(2113): onReceive() - level:86
04-13 01:16:39.648: D/STATUSBAR-BatteryController(2113): onReceive() - plugged:2
04-13 01:16:39.648: D/STATUSBAR-BatteryController(2113): onReceive() - BATTERY_STATUS_CHARGING:
04-13 01:16:39.648: D/STATUSBAR-PhoneStatusBar(2113): ACTION_BATTERY_CHANGED
04-13 01:16:39.648: D/STATUSBAR-PhoneStatusBar(2113): NORMAL_BATTERY
04-13 01:16:48.636: D/STATUSBAR-NetworkController(2113): refreshSignalCluster: data=-1 bt=false
04-13 01:16:48.636: D/STATUSBAR-SignalClusterView(2113): mSeparateMobileGroup=8
04-13 01:16:48.636: D/STATUSBAR-SignalClusterView(2113): mSeparateMobileGroup=8
04-13 01:16:48.636: D/STATUSBAR-SignalClusterView(2113): mSeparateMobileGroup=8
04-13 01:16:49.677: D/BatteryService(2010): update start
04-13 01:16:49.687: D/BatteryService(2010): level:86 scale:100 status:2 health:2 present:true voltage: 4260 temperature: 324 technology: Li-ion AC powered:false USB powered:true icon:17303233 invalid charger:0
04-13 01:16:49.697: D/STATUSBAR-BatteryController(2113): onReceive() - ACTION_BATTERY_CHANGED
04-13 01:16:49.697: D/STATUSBAR-BatteryController(2113): onReceive() - level:86
04-13 01:16:49.697: D/STATUSBAR-BatteryController(2113): onReceive() - plugged:2
04-13 01:16:49.697: D/STATUSBAR-BatteryController(2113): onReceive() - BATTERY_STATUS_CHARGING:
04-13 01:16:49.697: D/STATUSBAR-PhoneStatusBar(2113): ACTION_BATTERY_CHANGED
04-13 01:16:49.697: D/STATUSBAR-PhoneStatusBar(2113): NORMAL_BATTERY
04-13 01:16:49.707: E/MtpService(5628): In MTPAPP onReceive:android.intent.action.BATTERY_CHANGED
04-13 01:16:49.707: E/MtpService(5628): battPlugged Type : 2
04-13 01:16:51.509: E/Watchdog(2010): !@Sync 325
04-13 01:16:52.650: D/STATUSBAR-NetworkController(2113): refreshSignalCluster: data=-1 bt=false
04-13 01:16:52.650: D/STATUSBAR-SignalClusterView(2113): mSeparateMobileGroup=8
04-13 01:16:52.650: D/STATUSBAR-SignalClusterView(2113): mSeparateMobileGroup=8
04-13 01:16:52.650: D/STATUSBAR-SignalClusterView(2113): mSeparateMobileGroup=8
04-13 01:16:54.382: W/SignalStrength(2010): getGsmLevel=3
04-13 01:16:54.382: W/SignalStrength(2010): getLevel=3 (SignalStrength: 99 -1 -1 -1 -1 -1 -1 -1 -1 -1 -1 -1 gsm|lte 3)
04-13 01:16:54.392: W/SignalStrength(2113): getGsmLevel=3
04-13 01:16:54.392: W/SignalStrength(2113): getLevel=3 (SignalStrength: 99 -1 -1 -1 -1 -1 -1 -1 -1 -1 -1 -1 gsm|lte 3)
04-13 01:16:54.392: W/SignalStrength(2113): getGsmLevel=3
04-13 01:16:54.392: W/SignalStrength(2113): getLevel=3 (SignalStrength: 99 -1 -1 -1 -1 -1 -1 -1 -1 -1 -1 -1 gsm|lte 3)
04-13 01:16:54.392: W/SignalStrength(2010): getGsmDbm=-1
04-13 01:16:54.392: W/SignalStrength(2010): getDbm=-1
04-13 01:16:54.392: W/SignalStrength(2010): getGsmAsuLevel=99
04-13 01:16:54.392: W/SignalStrength(2010): getAsuLevel=99
04-13 01:16:54.392: D/STATUSBAR-NetworkController(2113): onSignalStrengthsChanged signalStrength=SignalStrength: 99 -1 -1 -1 -1 -1 -1 -1 -1 -1 -1 -1 gsm|lte 3 level=3
04-13 01:16:54.392: D/STATUSBAR-NetworkController(2113): refreshSignalCluster: data=-1 bt=false
04-13 01:16:54.392: D/STATUSBAR-SignalClusterView(2113): mSeparateMobileGroup=8
04-13 01:16:54.402: D/STATUSBAR-SignalClusterView(2113): mSeparateMobileGroup=8
04-13 01:16:54.402: D/STATUSBAR-SignalClusterView(2113): mSeparateMobileGroup=8
04-13 01:16:59.677: D/STATUSBAR-NetworkController(2113): refreshSignalCluster: data=-1 bt=false
04-13 01:16:59.677: D/STATUSBAR-SignalClusterView(2113): mSeparateMobileGroup=8
04-13 01:16:59.677: D/STATUSBAR-SignalClusterView(2113): mSeparateMobileGroup=8
04-13 01:16:59.677: D/STATUSBAR-SignalClusterView(2113): mSeparateMobileGroup=8
04-13 01:16:59.707: D/BatteryService(2010): update start
04-13 01:16:59.717: E/MtpService(5628): In MTPAPP onReceive:android.intent.action.BATTERY_CHANGED
04-13 01:16:59.717: D/BatteryService(2010): level:86 scale:100 status:2 health:2 present:true voltage: 4258 temperature: 326 technology: Li-ion AC powered:false USB powered:true icon:17303233 invalid charger:0
04-13 01:16:59.717: D/STATUSBAR-BatteryController(2113): onReceive() - ACTION_BATTERY_CHANGED
04-13 01:16:59.717: D/STATUSBAR-BatteryController(2113): onReceive() - level:86
04-13 01:16:59.717: D/STATUSBAR-BatteryController(2113): onReceive() - plugged:2
04-13 01:16:59.717: D/STATUSBAR-BatteryController(2113): onReceive() - BATTERY_STATUS_CHARGING:
04-13 01:16:59.717: D/STATUSBAR-PhoneStatusBar(2113): ACTION_BATTERY_CHANGED
04-13 01:16:59.717: D/STATUSBAR-PhoneStatusBar(2113): NORMAL_BATTERY
04-13 01:16:59.727: E/MtpService(5628): battPlugged Type : 2
04-13 01:16:59.997: V/AlarmManager(2010): waitForAlarm result :8
