04-13 01:40:38.787: E/MtpService(5628): In MTPAPP onReceive:android.intent.action.BATTERY_CHANGED
04-13 01:40:38.787: E/MtpService(5628): battPlugged Type : 2
04-13 01:40:38.787: D/STATUSBAR-BatteryController(2113): onReceive() - ACTION_BATTERY_CHANGED
04-13 01:40:38.797: D/STATUSBAR-BatteryController(2113): onReceive() - level:95
04-13 01:40:38.797: D/STATUSBAR-BatteryController(2113): onReceive() - plugged:2
04-13 01:40:38.797: D/STATUSBAR-BatteryController(2113): onReceive() - BATTERY_STATUS_CHARGING:
04-13 01:40:38.797: D/STATUSBAR-PhoneStatusBar(2113): ACTION_BATTERY_CHANGED
04-13 01:40:38.797: D/STATUSBAR-PhoneStatusBar(2113): NORMAL_BATTERY
04-13 01:40:39.668: D/STATUSBAR-NetworkController(2113): onReceive() - RSSI_CHANGED_ACTION, WIFI_STATE, NETWORK_STATE
04-13 01:40:39.668: D/STATUSBAR-NetworkController(2113): refreshSignalCluster: data=-1 bt=false
04-13 01:40:39.668: D/STATUSBAR-SignalClusterView(2113): mSeparateMobileGroup=8
04-13 01:40:39.668: D/STATUSBAR-SignalClusterView(2113): mSeparateMobileGroup=8
04-13 01:40:39.668: D/STATUSBAR-SignalClusterView(2113): mSeparateMobileGroup=8
04-13 01:40:39.738: D/STATUSBAR-NetworkController(2113): refreshSignalCluster: data=-1 bt=false
04-13 01:40:39.738: D/STATUSBAR-SignalClusterView(2113): mSeparateMobileGroup=8
04-13 01:40:39.738: D/STATUSBAR-SignalClusterView(2113): mSeparateMobileGroup=8
04-13 01:40:39.738: D/STATUSBAR-SignalClusterView(2113): mSeparateMobileGroup=8
04-13 01:40:40.739: D/STATUSBAR-NetworkController(2113): refreshSignalCluster: data=-1 bt=false
04-13 01:40:40.749: D/STATUSBAR-SignalClusterView(2113): mSeparateMobileGroup=8
04-13 01:40:40.749: D/STATUSBAR-SignalClusterView(2113): mSeparateMobileGroup=8
04-13 01:40:40.749: D/STATUSBAR-SignalClusterView(2113): mSeparateMobileGroup=8
04-13 01:40:41.750: D/STATUSBAR-NetworkController(2113): refreshSignalCluster: data=-1 bt=false
04-13 01:40:41.750: D/STATUSBAR-SignalClusterView(2113): mSeparateMobileGroup=8
04-13 01:40:41.750: D/STATUSBAR-SignalClusterView(2113): mSeparateMobileGroup=8
04-13 01:40:41.750: D/STATUSBAR-SignalClusterView(2113): mSeparateMobileGroup=8
04-13 01:40:43.271: W/SignalStrength(2010): getGsmLevel=2
04-13 01:40:43.271: W/SignalStrength(2010): getLevel=2 (SignalStrength: 99 -1 -1 -1 -1 -1 -1 -1 -1 -1 -1 -1 gsm|lte 2)
04-13 01:40:43.271: W/SignalStrength(2113): getGsmLevel=2
04-13 01:40:43.271: W/SignalStrength(2113): getLevel=2 (SignalStrength: 99 -1 -1 -1 -1 -1 -1 -1 -1 -1 -1 -1 gsm|lte 2)
04-13 01:40:43.271: W/SignalStrength(2113): getGsmLevel=2
04-13 01:40:43.271: W/SignalStrength(2113): getLevel=2 (SignalStrength: 99 -1 -1 -1 -1 -1 -1 -1 -1 -1 -1 -1 gsm|lte 2)
04-13 01:40:43.271: D/STATUSBAR-NetworkController(2113): onSignalStrengthsChanged signalStrength=SignalStrength: 99 -1 -1 -1 -1 -1 -1 -1 -1 -1 -1 -1 gsm|lte 2 level=2
04-13 01:40:43.271: D/STATUSBAR-NetworkController(2113): refreshSignalCluster: data=-1 bt=false
04-13 01:40:43.271: D/STATUSBAR-SignalClusterView(2113): mSeparateMobileGroup=8
04-13 01:40:43.281: W/SignalStrength(2010): getGsmDbm=-1
04-13 01:40:43.281: W/SignalStrength(2010): getDbm=-1
04-13 01:40:43.281: W/SignalStrength(2010): getGsmAsuLevel=99
04-13 01:40:43.281: W/SignalStrength(2010): getAsuLevel=99
04-13 01:40:43.281: D/STATUSBAR-SignalClusterView(2113): mSeparateMobileGroup=8
04-13 01:40:43.281: D/STATUSBAR-SignalClusterView(2113): mSeparateMobileGroup=8
04-13 01:40:47.295: W/SignalStrength(2010): getGsmLevel=3
04-13 01:40:47.295: W/SignalStrength(2113): getGsmLevel=3
04-13 01:40:47.295: W/SignalStrength(2010): getLevel=3 (SignalStrength: 99 -1 -1 -1 -1 -1 -1 -1 -1 -1 -1 -1 gsm|lte 3)
04-13 01:40:47.295: W/SignalStrength(2113): getLevel=3 (SignalStrength: 99 -1 -1 -1 -1 -1 -1 -1 -1 -1 -1 -1 gsm|lte 3)
04-13 01:40:47.295: W/SignalStrength(2113): getGsmLevel=3
04-13 01:40:47.295: W/SignalStrength(2113): getLevel=3 (SignalStrength: 99 -1 -1 -1 -1 -1 -1 -1 -1 -1 -1 -1 gsm|lte 3)
04-13 01:40:47.295: D/STATUSBAR-NetworkController(2113): onSignalStrengthsChanged signalStrength=SignalStrength: 99 -1 -1 -1 -1 -1 -1 -1 -1 -1 -1 -1 gsm|lte 3 level=3
04-13 01:40:47.305: W/SignalStrength(2010): getGsmDbm=-1
04-13 01:40:47.305: W/SignalStrength(2010): getDbm=-1
04-13 01:40:47.305: W/SignalStrength(2010): getGsmAsuLevel=99
04-13 01:40:47.305: W/SignalStrength(2010): getAsuLevel=99
04-13 01:40:47.305: D/STATUSBAR-NetworkController(2113): refreshSignalCluster: data=-1 bt=false
04-13 01:40:47.305: D/STATUSBAR-SignalClusterView(2113): mSeparateMobileGroup=8
04-13 01:40:47.305: D/STATUSBAR-SignalClusterView(2113): mSeparateMobileGroup=8
04-13 01:40:47.315: D/STATUSBAR-SignalClusterView(2113): mSeparateMobileGroup=8
04-13 01:40:48.296: D/dalvikvm(13093): GC_CONCURRENT freed 262K, 10% free 9554K/10503K, paused 8ms+2ms, total 36ms
04-13 01:40:48.716: D/STATUSBAR-NetworkController(2113): onReceive() - RSSI_CHANGED_ACTION, WIFI_STATE, NETWORK_STATE
04-13 01:40:48.716: D/STATUSBAR-NetworkController(2113): refreshSignalCluster: data=-1 bt=false
04-13 01:40:48.726: D/STATUSBAR-SignalClusterView(2113): mSeparateMobileGroup=8
04-13 01:40:48.726: D/STATUSBAR-SignalClusterView(2113): mSeparateMobileGroup=8
04-13 01:40:48.726: D/STATUSBAR-SignalClusterView(2113): mSeparateMobileGroup=8
04-13 01:40:48.766: D/STATUSBAR-NetworkController(2113): refreshSignalCluster: data=-1 bt=false
04-13 01:40:48.766: D/STATUSBAR-SignalClusterView(2113): mSeparateMobileGroup=8
04-13 01:40:48.766: D/STATUSBAR-SignalClusterView(2113): mSeparateMobileGroup=8
04-13 01:40:48.776: D/STATUSBAR-SignalClusterView(2113): mSeparateMobileGroup=8
04-13 01:40:48.796: D/BatteryService(2010): update start
04-13 01:40:49.587: V/AlarmManager(2010): waitForAlarm result :4
04-13 01:40:49.597: V/AlarmManager(2010): trigger ELAPSED_REALTIME_WAKEUP or RTC_WAKEUP
04-13 01:40:49.607: D/dalvikvm(2010): WAIT_FOR_CONCURRENT_GC blocked 0ms
04-13 01:40:49.757: D/dalvikvm(2010): GC_EXPLICIT freed 316K, 50% free 18176K/35911K, paused 20ms+17ms, total 150ms
04-13 01:40:49.757: W/AlarmManager(2010): FACTORY_ON= 0
04-13 01:40:49.767: D/STATUSBAR-NetworkController(2113): refreshSignalCluster: data=-1 bt=false
04-13 01:40:49.777: D/STATUSBAR-SignalClusterView(2113): mSeparateMobileGroup=8
04-13 01:40:49.777: D/STATUSBAR-SignalClusterView(2113): mSeparateMobileGroup=8
04-13 01:40:49.777: D/STATUSBAR-SignalClusterView(2113): mSeparateMobileGroup=8
04-13 01:40:50.778: D/STATUSBAR-NetworkController(2113): refreshSignalCluster: data=-1 bt=false
04-13 01:40:50.778: D/STATUSBAR-SignalClusterView(2113): mSeparateMobileGroup=8
04-13 01:40:50.778: D/STATUSBAR-SignalClusterView(2113): mSeparateMobileGroup=8
04-13 01:40:50.778: D/STATUSBAR-SignalClusterView(2113): mSeparateMobileGroup=8
04-13 01:40:51.559: E/Watchdog(2010): !@Sync 373
04-13 01:40:51.749: D/STATUSBAR-NetworkController(2113): onReceive() - RSSI_CHANGED_ACTION, WIFI_STATE, NETWORK_STATE
04-13 01:40:51.759: D/STATUSBAR-NetworkController(2113): refreshSignalCluster: data=-1 bt=false
04-13 01:40:51.759: D/STATUSBAR-SignalClusterView(2113): mSeparateMobileGroup=8
04-13 01:40:51.759: D/STATUSBAR-SignalClusterView(2113): mSeparateMobileGroup=8
04-13 01:40:51.759: D/STATUSBAR-SignalClusterView(2113): mSeparateMobileGroup=8