04-13 01:20:18.337: D/STATUSBAR-SignalClusterView(2113): mSeparateMobileGroup=8
04-13 01:20:18.337: D/STATUSBAR-SignalClusterView(2113): mSeparateMobileGroup=8
04-13 01:20:18.547: D/STATUSBAR-NetworkController(2113): onReceive() - RSSI_CHANGED_ACTION, WIFI_STATE, NETWORK_STATE
04-13 01:20:18.547: D/STATUSBAR-NetworkController(2113): refreshSignalCluster: data=-1 bt=false
04-13 01:20:18.547: D/STATUSBAR-SignalClusterView(2113): mSeparateMobileGroup=8
04-13 01:20:18.547: D/STATUSBAR-SignalClusterView(2113): mSeparateMobileGroup=8
04-13 01:20:18.547: D/STATUSBAR-SignalClusterView(2113): mSeparateMobileGroup=8
04-13 01:20:21.350: D/STATUSBAR-NetworkController(2113): refreshSignalCluster: data=-1 bt=false
04-13 01:20:21.350: D/STATUSBAR-SignalClusterView(2113): mSeparateMobileGroup=8
04-13 01:20:21.350: D/STATUSBAR-SignalClusterView(2113): mSeparateMobileGroup=8
04-13 01:20:21.350: D/STATUSBAR-SignalClusterView(2113): mSeparateMobileGroup=8
04-13 01:20:21.520: E/Watchdog(2010): !@Sync 332
04-13 01:20:22.351: D/STATUSBAR-NetworkController(2113): refreshSignalCluster: data=-1 bt=false
04-13 01:20:22.351: D/STATUSBAR-SignalClusterView(2113): mSeparateMobileGroup=8
04-13 01:20:22.351: D/STATUSBAR-SignalClusterView(2113): mSeparateMobileGroup=8
04-13 01:20:22.351: D/STATUSBAR-SignalClusterView(2113): mSeparateMobileGroup=8
04-13 01:20:22.361: E/MtpService(5628): In MTPAPP onReceive:android.intent.action.BATTERY_CHANGED
04-13 01:20:22.361: E/MtpService(5628): battPlugged Type : 2
04-13 01:20:22.361: D/BatteryService(2010): update start
04-13 01:20:22.361: D/BatteryService(2010): level:87 scale:100 status:2 health:2 present:true voltage: 4273 temperature: 328 technology: Li-ion AC powered:false USB powered:true icon:17303233 invalid charger:0
04-13 01:20:22.381: D/STATUSBAR-BatteryController(2113): onReceive() - ACTION_BATTERY_CHANGED
04-13 01:20:22.381: D/STATUSBAR-BatteryController(2113): onReceive() - level:87
04-13 01:20:22.381: D/STATUSBAR-BatteryController(2113): onReceive() - plugged:2
04-13 01:20:22.381: D/STATUSBAR-BatteryController(2113): onReceive() - BATTERY_STATUS_CHARGING:
04-13 01:20:22.381: D/STATUSBAR-PhoneStatusBar(2113): ACTION_BATTERY_CHANGED
04-13 01:20:22.381: D/STATUSBAR-PhoneStatusBar(2113): NORMAL_BATTERY
04-13 01:20:23.352: D/STATUSBAR-NetworkController(2113): refreshSignalCluster: data=-1 bt=false
04-13 01:20:23.352: D/STATUSBAR-SignalClusterView(2113): mSeparateMobileGroup=8
04-13 01:20:23.352: D/STATUSBAR-SignalClusterView(2113): mSeparateMobileGroup=8
04-13 01:20:23.352: D/STATUSBAR-SignalClusterView(2113): mSeparateMobileGroup=8
04-13 01:20:24.363: D/STATUSBAR-NetworkController(2113): refreshSignalCluster: data=-1 bt=false
04-13 01:20:24.363: D/STATUSBAR-SignalClusterView(2113): mSeparateMobileGroup=8
04-13 01:20:24.363: D/STATUSBAR-SignalClusterView(2113): mSeparateMobileGroup=8
04-13 01:20:24.363: D/STATUSBAR-SignalClusterView(2113): mSeparateMobileGroup=8
04-13 01:20:25.364: D/STATUSBAR-NetworkController(2113): refreshSignalCluster: data=-1 bt=false
04-13 01:20:25.364: D/STATUSBAR-SignalClusterView(2113): mSeparateMobileGroup=8
04-13 01:20:25.364: D/STATUSBAR-SignalClusterView(2113): mSeparateMobileGroup=8
04-13 01:20:25.364: D/STATUSBAR-SignalClusterView(2113): mSeparateMobileGroup=8
04-13 01:20:29.377: D/STATUSBAR-NetworkController(2113): refreshSignalCluster: data=-1 bt=false
04-13 01:20:29.377: D/STATUSBAR-SignalClusterView(2113): mSeparateMobileGroup=8
04-13 01:20:29.377: D/STATUSBAR-SignalClusterView(2113): mSeparateMobileGroup=8
04-13 01:20:29.377: D/STATUSBAR-SignalClusterView(2113): mSeparateMobileGroup=8
04-13 01:20:32.390: D/STATUSBAR-NetworkController(2113): refreshSignalCluster: data=-1 bt=false
04-13 01:20:32.390: D/STATUSBAR-SignalClusterView(2113): mSeparateMobileGroup=8
04-13 01:20:32.400: D/STATUSBAR-SignalClusterView(2113): mSeparateMobileGroup=8
04-13 01:20:32.400: D/STATUSBAR-SignalClusterView(2113): mSeparateMobileGroup=8
04-13 01:20:32.400: D/BatteryService(2010): update start
04-13 01:20:32.400: D/BatteryService(2010): level:87 scale:100 status:2 health:2 present:true voltage: 4275 temperature: 328 technology: Li-ion AC powered:false USB powered:true icon:17303233 invalid charger:0
04-13 01:20:32.410: E/MtpService(5628): In MTPAPP onReceive:android.intent.action.BATTERY_CHANGED
04-13 01:20:32.410: E/MtpService(5628): battPlugged Type : 2
04-13 01:20:32.420: D/STATUSBAR-BatteryController(2113): onReceive() - ACTION_BATTERY_CHANGED
04-13 01:20:32.420: D/STATUSBAR-BatteryController(2113): onReceive() - level:87
04-13 01:20:32.420: D/STATUSBAR-BatteryController(2113): onReceive() - plugged:2
04-13 01:20:32.420: D/STATUSBAR-BatteryController(2113): onReceive() - BATTERY_STATUS_CHARGING:
04-13 01:20:32.420: D/STATUSBAR-PhoneStatusBar(2113): ACTION_BATTERY_CHANGED
04-13 01:20:32.420: D/STATUSBAR-PhoneStatusBar(2113): NORMAL_BATTERY
04-13 01:20:39.407: D/STATUSBAR-NetworkController(2113): refreshSignalCluster: data=-1 bt=false
04-13 01:20:39.407: D/STATUSBAR-SignalClusterView(2113): mSeparateMobileGroup=8
04-13 01:20:39.407: D/STATUSBAR-SignalClusterView(2113): mSeparateMobileGroup=8
04-13 01:20:39.407: D/STATUSBAR-SignalClusterView(2113): mSeparateMobileGroup=8
04-13 01:20:40.408: D/STATUSBAR-NetworkController(2113): refreshSignalCluster: data=-1 bt=false
04-13 01:20:40.408: D/STATUSBAR-SignalClusterView(2113): mSeparateMobileGroup=8
04-13 01:20:40.408: D/STATUSBAR-SignalClusterView(2113): mSeparateMobileGroup=8
04-13 01:20:40.408: D/STATUSBAR-SignalClusterView(2113): mSeparateMobileGroup=8
04-13 01:20:41.409: D/STATUSBAR-NetworkController(2113): refreshSignalCluster: data=-1 bt=false
04-13 01:20:41.409: D/STATUSBAR-SignalClusterView(2113): mSeparateMobileGroup=8
04-13 01:20:41.409: D/STATUSBAR-SignalClusterView(2113): mSeparateMobileGroup=8
04-13 01:20:41.409: D/STATUSBAR-SignalClusterView(2113): mSeparateMobileGroup=8
04-13 01:20:42.420: D/STATUSBAR-NetworkController(2113): refreshSignalCluster: data=-1 bt=false
04-13 01:20:42.420: D/STATUSBAR-SignalClusterView(2113): mSeparateMobileGroup=8
04-13 01:20:42.420: D/STATUSBAR-SignalClusterView(2113): mSeparateMobileGroup=8
04-13 01:20:42.420: D/STATUSBAR-SignalClusterView(2113): mSeparateMobileGroup=8
04-13 01:20:42.460: D/BatteryService(2010): update start
04-13 01:20:42.460: D/BatteryService(2010): level:87 scale:100 status:2 health:2 present:true voltage: 4270 temperature: 328 technology: Li-ion AC powered:false USB powered:true icon:17303233 invalid charger:0
04-13 01:20:42.470: E/MtpService(5628): In MTPAPP onReceive:android.intent.action.BATTERY_CHANGED
04-13 01:20:42.470: E/MtpService(5628): battPlugged Type : 2
04-13 01:20:42.470: D/STATUSBAR-BatteryController(2113): onReceive() - ACTION_BATTERY_CHANGED
04-13 01:20:42.470: D/STATUSBAR-BatteryController(2113): onReceive() - level:87
04-13 01:20:42.470: D/STATUSBAR-BatteryController(2113): onReceive() - plugged:2
04-13 01:20:42.470: D/STATUSBAR-BatteryController(2113): onReceive() - BATTERY_STATUS_CHARGING:
04-13 01:20:42.470: D/STATUSBAR-PhoneStatusBar(2113): ACTION_BATTERY_CHANGED
04-13 01:20:42.470: D/STATUSBAR-PhoneStatusBar(2113): NORMAL_BATTERY
04-13 01:20:43.241: D/MDnsDS(1677): MDnsSdListener::Monitor poll timed out
04-13 01:20:43.241: D/MDnsDS(1677): Going to poll with pollCount 1
04-13 01:20:48.436: D/STATUSBAR-NetworkController(2113): refreshSignalCluster: data=-1 bt=false
04-13 01:20:48.436: D/STATUSBAR-SignalClusterView(2113): mSeparateMobileGroup=8
04-13 01:20:48.436: D/STATUSBAR-SignalClusterView(2113): mSeparateMobileGroup=8
04-13 01:20:48.436: D/STATUSBAR-SignalClusterView(2113): mSeparateMobileGroup=8
04-13 01:20:50.448: D/STATUSBAR-NetworkController(2113): refreshSignalCluster: data=-1 bt=false
04-13 01:20:50.448: D/STATUSBAR-SignalClusterView(2113): mSeparateMobileGroup=8
04-13 01:20:50.448: D/STATUSBAR-SignalClusterView(2113): mSeparateMobileGroup=8
04-13 01:20:50.448: D/STATUSBAR-SignalClusterView(2113): mSeparateMobileGroup=8
04-13 01:20:51.519: E/Watchdog(2010): !@Sync 333
04-13 01:20:52.490: D/BatteryService(2010): update start
04-13 01:20:52.500: D/BatteryService(2010): level:87 scale:100 status:2 health:2 present:true voltage: 4273 temperature: 328 technology: Li-ion AC powered:false USB powered:true icon:17303233 invalid charger:0
04-13 01:20:52.510: D/STATUSBAR-BatteryController(2113): onReceive() - ACTION_BATTERY_CHANGED
04-13 01:20:52.510: D/STATUSBAR-BatteryController(2113): onReceive() - level:87
04-13 01:20:52.510: D/STATUSBAR-BatteryController(2113): onReceive() - plugged:2
04-13 01:20:52.510: D/STATUSBAR-BatteryController(2113): onReceive() - BATTERY_STATUS_CHARGING:
04-13 01:20:52.510: D/STATUSBAR-PhoneStatusBar(2113): ACTION_BATTERY_CHANGED
04-13 01:20:52.510: D/STATUSBAR-PhoneStatusBar(2113): NORMAL_BATTERY
04-13 01:20:52.520: E/MtpService(5628): In MTPAPP onReceive:android.intent.action.BATTERY_CHANGED
04-13 01:20:52.520: E/MtpService(5628): battPlugged Type : 2
04-13 01:20:53.461: D/STATUSBAR-NetworkController(2113): refreshSignalCluster: data=-1 bt=false
04-13 01:20:53.461: D/STATUSBAR-SignalClusterView(2113): mSeparateMobileGroup=8
04-13 01:20:53.461: D/STATUSBAR-SignalClusterView(2113): mSeparateMobileGroup=8
04-13 01:20:53.461: D/STATUSBAR-SignalClusterView(2113): mSeparateMobileGroup=8
04-13 01:20:54.462: D/STATUSBAR-NetworkController(2113): refreshSignalCluster: data=-1 bt=false
04-13 01:20:54.462: D/STATUSBAR-SignalClusterView(2113): mSeparateMobileGroup=8
04-13 01:20:54.462: D/STATUSBAR-SignalClusterView(2113): mSeparateMobileGroup=8
04-13 01:20:54.462: D/STATUSBAR-SignalClusterView(2113): mSeparateMobileGroup=8
04-13 01:20:58.476: D/STATUSBAR-NetworkController(2113): refreshSignalCluster: data=-1 bt=false
04-13 01:20:58.476: D/STATUSBAR-SignalClusterView(2113): mSeparateMobileGroup=8
04-13 01:20:58.476: D/STATUSBAR-SignalClusterView(2113): mSeparateMobileGroup=8
04-13 01:20:58.476: D/STATUSBAR-SignalClusterView(2113): mSeparateMobileGroup=8
04-13 01:20:59.987: V/AlarmManager(2010): waitForAlarm result :8
04-13 01:20:59.997: V/AlarmManager(2010): ClockReceiver onReceive() ACTION_TIME_TICK
04-13 01:20:59.997: W/AlarmManager(2010): FACTORY_ON= 0
04-13 01:21:00.017: D/STATUSBAR-Clock(2113): onReceive() - ACTION_TIME_TICK
04-13 01:21:00.037: D/STATUSBAR-Clock(2113): onReceive() - ACTION_TIME_TICK
04-13 01:21:00.070: D/ClockAlarmWidgetService(8173): [ClockAlarmWidgetService] onReceive: action = android.intent.action.TIME_TICK
04-13 01:21:00.070: E/ClockAlarmWidget(8173): [AlarmWidgetIdManager] getListItem() : itemIndex=0, widgetID:1
04-13 01:21:00.070: D/widget(2290): [MSC_HERO_Accu_JB]>>> SM:1288 [0:0] bTCC WCV = 100
04-13 01:21:00.070: E/ClockAlarmWidget(8173): [AlarmWidgetIdManager] getListItem() : ItemIndex exceed ListItemCount. itemIndex=1
04-13 01:21:00.070: E/ClockAlarmWidget(8173): [AlarmWidgetIdManager] getListItem() : itemIndex=1, widgetID:1
04-13 01:21:00.070: D/widget(2290): [MSC_HERO_Accu_JB]>>> WC:1664 [0:0] drw 1nd Tm dt = 0121
04-13 01:21:00.080: D/ClockAlarmDataProvider(8173): getAlarm() - too many same ID alarm data. nCount: 0
04-13 01:21:01.490: D/STATUSBAR-NetworkController(2113): refreshSignalCluster: data=-1 bt=false
04-13 01:21:01.490: D/STATUSBAR-SignalClusterView(2113): mSeparateMobileGroup=8
04-13 01:21:01.490: D/STATUSBAR-SignalClusterView(2113): mSeparateMobileGroup=8
04-13 01:21:01.490: D/STATUSBAR-SignalClusterView(2113): mSeparateMobileGroup=8
04-13 01:21:02.511: D/BatteryService(2010): update start
04-13 01:21:06.005: W/SignalStrength(2010): getGsmLevel=3
04-13 01:21:06.005: W/SignalStrength(2113): getGsmLevel=3
04-13 01:21:06.005: W/SignalStrength(2010): getLevel=3 (SignalStrength: 99 -1 -1 -1 -1 -1 -1 -1 -1 -1 -1 -1 gsm|lte 3)
04-13 01:21:06.005: W/SignalStrength(2113): getLevel=3 (SignalStrength: 99 -1 -1 -1 -1 -1 -1 -1 -1 -1 -1 -1 gsm|lte 3)
04-13 01:21:06.005: W/SignalStrength(2113): getGsmLevel=3
04-13 01:21:06.005: W/SignalStrength(2113): getLevel=3 (SignalStrength: 99 -1 -1 -1 -1 -1 -1 -1 -1 -1 -1 -1 gsm|lte 3)
04-13 01:21:06.005: D/STATUSBAR-NetworkController(2113): onSignalStrengthsChanged signalStrength=SignalStrength: 99 -1 -1 -1 -1 -1 -1 -1 -1 -1 -1 -1 gsm|lte 3 level=3
04-13 01:21:06.005: D/STATUSBAR-NetworkController(2113): refreshSignalCluster: data=-1 bt=false
04-13 01:21:06.005: D/STATUSBAR-SignalClusterView(2113): mSeparateMobileGroup=8
04-13 01:21:06.015: W/SignalStrength(2010): getGsmDbm=-1
04-13 01:21:06.015: W/SignalStrength(2010): getDbm=-1
04-13 01:21:06.015: W/SignalStrength(2010): getGsmAsuLevel=99
04-13 01:21:06.015: W/SignalStrength(2010): getAsuLevel=99
04-13 01:21:06.015: D/STATUSBAR-SignalClusterView(2113): mSeparateMobileGroup=8
04-13 01:21:06.015: D/STATUSBAR-SignalClusterView(2113): mSeparateMobileGroup=8
04-13 01:21:09.508: D/STATUSBAR-NetworkController(2113): refreshSignalCluster: data=-1 bt=false
04-13 01:21:09.508: D/STATUSBAR-SignalClusterView(2113): mSeparateMobileGroup=8
04-13 01:21:09.508: D/STATUSBAR-SignalClusterView(2113): mSeparateMobileGroup=8
04-13 01:21:09.518: D/STATUSBAR-SignalClusterView(2113): mSeparateMobileGroup=8
04-13 01:21:11.520: D/STATUSBAR-NetworkController(2113): refreshSignalCluster: data=-1 bt=false
04-13 01:21:11.520: D/STATUSBAR-SignalClusterView(2113): mSeparateMobileGroup=8
04-13 01:21:11.520: D/STATUSBAR-SignalClusterView(2113): mSeparateMobileGroup=8
04-13 01:21:11.520: D/STATUSBAR-SignalClusterView(2113): mSeparateMobileGroup=8
04-13 01:21:12.551: D/BatteryService(2010): update start
04-13 01:21:12.561: D/BatteryService(2010): level:87 scale:100 status:2 health:2 present:true voltage: 4277 temperature: 329 technology: Li-ion AC powered:false USB powered:true icon:17303233 invalid charger:0
04-13 01:21:12.571: D/STATUSBAR-BatteryController(2113): onReceive() - ACTION_BATTERY_CHANGED
04-13 01:21:12.571: D/STATUSBAR-BatteryController(2113): onReceive() - level:87
04-13 01:21:12.571: D/STATUSBAR-BatteryController(2113): onReceive() - plugged:2
04-13 01:21:12.571: D/STATUSBAR-BatteryController(2113): onReceive() - BATTERY_STATUS_CHARGING:
04-13 01:21:12.571: D/STATUSBAR-PhoneStatusBar(2113): ACTION_BATTERY_CHANGED
04-13 01:21:12.571: D/STATUSBAR-PhoneStatusBar(2113): NORMAL_BATTERY
04-13 01:21:12.581: E/MtpService(5628): In MTPAPP onReceive:android.intent.action.BATTERY_CHANGED
04-13 01:21:12.581: E/MtpService(5628): battPlugged Type : 2
04-13 01:21:16.105: W/SignalStrength(2010): getGsmLevel=2
04-13 01:21:16.105: W/SignalStrength(2010): getLevel=2 (SignalStrength: 99 -1 -1 -1 -1 -1 -1 -1 -1 -1 -1 -1 gsm|lte 2)
04-13 01:21:16.115: W/SignalStrength(2113): getGsmLevel=2
04-13 01:21:16.115: W/SignalStrength(2113): getLevel=2 (SignalStrength: 99 -1 -1 -1 -1 -1 -1 -1 -1 -1 -1 -1 gsm|lte 2)
04-13 01:21:16.115: W/SignalStrength(2113): getGsmLevel=2
04-13 01:21:16.115: W/SignalStrength(2113): getLevel=2 (SignalStrength: 99 -1 -1 -1 -1 -1 -1 -1 -1 -1 -1 -1 gsm|lte 2)
04-13 01:21:16.115: W/SignalStrength(2010): getGsmDbm=-1
04-13 01:21:16.115: W/SignalStrength(2010): getDbm=-1
04-13 01:21:16.115: W/SignalStrength(2010): getGsmAsuLevel=99
04-13 01:21:16.115: W/SignalStrength(2010): getAsuLevel=99
04-13 01:21:16.115: D/STATUSBAR-NetworkController(2113): onSignalStrengthsChanged signalStrength=SignalStrength: 99 -1 -1 -1 -1 -1 -1 -1 -1 -1 -1 -1 gsm|lte 2 level=2
04-13 01:21:16.115: D/STATUSBAR-NetworkController(2113): refreshSignalCluster: data=-1 bt=false
04-13 01:21:16.115: D/STATUSBAR-SignalClusterView(2113): mSeparateMobileGroup=8
04-13 01:21:16.115: D/STATUSBAR-SignalClusterView(2113): mSeparateMobileGroup=8
04-13 01:21:16.115: D/STATUSBAR-SignalClusterView(2113): mSeparateMobileGroup=8
04-13 01:21:21.520: E/Watchdog(2010): !@Sync 334
04-13 01:21:22.591: E/MtpService(5628): In MTPAPP onReceive:android.intent.action.BATTERY_CHANGED
04-13 01:21:22.591: E/MtpService(5628): battPlugged Type : 2
04-13 01:21:22.591: D/BatteryService(2010): update start
04-13 01:21:22.591: D/BatteryService(2010): level:88 scale:100 status:2 health:2 present:true voltage: 4280 temperature: 329 technology: Li-ion AC powered:false USB powered:true icon:17303233 invalid charger:0
04-13 01:21:22.591: D/STATUSBAR-BatteryController(2113): onReceive() - ACTION_BATTERY_CHANGED
04-13 01:21:22.591: D/STATUSBAR-BatteryController(2113): onReceive() - level:88
04-13 01:21:22.591: D/STATUSBAR-BatteryController(2113): onReceive() - plugged:2
04-13 01:21:22.591: D/STATUSBAR-BatteryController(2113): onReceive() - BATTERY_STATUS_CHARGING:
04-13 01:21:22.591: D/STATUSBAR-PhoneStatusBar(2113): ACTION_BATTERY_CHANGED
04-13 01:21:22.591: D/STATUSBAR-PhoneStatusBar(2113): NORMAL_BATTERY
04-13 01:21:23.552: D/STATUSBAR-NetworkController(2113): refreshSignalCluster: data=-1 bt=false
04-13 01:21:23.552: D/STATUSBAR-SignalClusterView(2113): mSeparateMobileGroup=8
04-13 01:21:23.552: D/STATUSBAR-SignalClusterView(2113): mSeparateMobileGroup=8
04-13 01:21:23.552: D/STATUSBAR-SignalClusterView(2113): mSeparateMobileGroup=8
04-13 01:21:25.033: D/STATUSBAR-NetworkController(2113): onReceive() - RSSI_CHANGED_ACTION, WIFI_STATE, NETWORK_STATE
04-13 01:21:25.033: D/STATUSBAR-NetworkController(2113): refreshSignalCluster: data=-1 bt=false
04-13 01:21:25.043: D/STATUSBAR-SignalClusterView(2113): mSeparateMobileGroup=8
04-13 01:21:25.043: D/STATUSBAR-SignalClusterView(2113): mSeparateMobileGroup=8
04-13 01:21:25.043: D/STATUSBAR-SignalClusterView(2113): mSeparateMobileGroup=8
04-13 01:21:25.564: D/STATUSBAR-NetworkController(2113): refreshSignalCluster: data=-1 bt=false
04-13 01:21:25.564: D/STATUSBAR-SignalClusterView(2113): mSeparateMobileGroup=8
04-13 01:21:25.564: D/STATUSBAR-SignalClusterView(2113): mSeparateMobileGroup=8
04-13 01:21:25.564: D/STATUSBAR-SignalClusterView(2113): mSeparateMobileGroup=8
04-13 01:21:28.056: D/STATUSBAR-NetworkController(2113): onReceive() - RSSI_CHANGED_ACTION, WIFI_STATE, NETWORK_STATE
04-13 01:21:28.056: D/STATUSBAR-NetworkController(2113): refreshSignalCluster: data=-1 bt=false
04-13 01:21:28.066: D/STATUSBAR-SignalClusterView(2113): mSeparateMobileGroup=8
04-13 01:21:28.066: D/STATUSBAR-SignalClusterView(2113): mSeparateMobileGroup=8
04-13 01:21:28.066: D/STATUSBAR-SignalClusterView(2113): mSeparateMobileGroup=8
04-13 01:21:32.651: D/BatteryService(2010): update start
04-13 01:21:32.661: D/BatteryService(2010): level:88 scale:100 status:2 health:2 present:true voltage: 4280 temperature: 328 technology: Li-ion AC powered:false USB powered:true icon:17303233 invalid charger:0
04-13 01:21:32.671: E/MtpService(5628): In MTPAPP onReceive:android.intent.action.BATTERY_CHANGED
04-13 01:21:32.671: D/STATUSBAR-BatteryController(2113): onReceive() - ACTION_BATTERY_CHANGED
04-13 01:21:32.671: D/STATUSBAR-BatteryController(2113): onReceive() - level:88
04-13 01:21:32.671: D/STATUSBAR-BatteryController(2113): onReceive() - plugged:2
04-13 01:21:32.671: D/STATUSBAR-BatteryController(2113): onReceive() - BATTERY_STATUS_CHARGING:
04-13 01:21:32.671: D/STATUSBAR-PhoneStatusBar(2113): ACTION_BATTERY_CHANGED
04-13 01:21:32.671: D/STATUSBAR-PhoneStatusBar(2113): NORMAL_BATTERY
04-13 01:21:32.681: E/MtpService(5628): battPlugged Type : 2
04-13 01:21:42.721: D/BatteryService(2010): update start
04-13 01:21:42.731: D/BatteryService(2010): level:88 scale:100 status:2 health:2 present:true voltage: 4282 temperature: 328 technology: Li-ion AC powered:false USB powered:true icon:17303233 invalid charger:0
04-13 01:21:42.731: D/STATUSBAR-BatteryController(2113): onReceive() - ACTION_BATTERY_CHANGED
04-13 01:21:42.741: E/MtpService(5628): In MTPAPP onReceive:android.intent.action.BATTERY_CHANGED
04-13 01:21:42.741: E/MtpService(5628): battPlugged Type : 2
04-13 01:21:42.741: D/STATUSBAR-BatteryController(2113): onReceive() - level:88
04-13 01:21:42.741: D/STATUSBAR-BatteryController(2113): onReceive() - plugged:2
04-13 01:21:42.741: D/STATUSBAR-BatteryController(2113): onReceive() - BATTERY_STATUS_CHARGING:
04-13 01:21:42.741: D/STATUSBAR-PhoneStatusBar(2113): ACTION_BATTERY_CHANGED
04-13 01:21:42.741: D/STATUSBAR-PhoneStatusBar(2113): NORMAL_BATTERY
04-13 01:21:48.636: D/STATUSBAR-NetworkController(2113): refreshSignalCluster: data=-1 bt=false
04-13 01:21:48.636: D/STATUSBAR-SignalClusterView(2113): mSeparateMobileGroup=8
04-13 01:21:48.636: D/STATUSBAR-SignalClusterView(2113): mSeparateMobileGroup=8
04-13 01:21:48.636: D/STATUSBAR-SignalClusterView(2113): mSeparateMobileGroup=8
04-13 01:21:49.637: D/STATUSBAR-NetworkController(2113): refreshSignalCluster: data=-1 bt=false
04-13 01:21:49.637: D/STATUSBAR-SignalClusterView(2113): mSeparateMobileGroup=8
04-13 01:21:49.637: D/STATUSBAR-SignalClusterView(2113): mSeparateMobileGroup=8
04-13 01:21:49.637: D/STATUSBAR-SignalClusterView(2113): mSeparateMobileGroup=8
04-13 01:21:50.648: D/STATUSBAR-NetworkController(2113): refreshSignalCluster: data=-1 bt=false
04-13 01:21:50.648: D/STATUSBAR-SignalClusterView(2113): mSeparateMobileGroup=8
04-13 01:21:50.648: D/STATUSBAR-SignalClusterView(2113): mSeparateMobileGroup=8
04-13 01:21:50.648: D/STATUSBAR-SignalClusterView(2113): mSeparateMobileGroup=8
04-13 01:21:51.519: E/Watchdog(2010): !@Sync 335
04-13 01:21:51.649: D/STATUSBAR-NetworkController(2113): refreshSignalCluster: data=-1 bt=false
04-13 01:21:51.649: D/STATUSBAR-SignalClusterView(2113): mSeparateMobileGroup=8
04-13 01:21:51.649: D/STATUSBAR-SignalClusterView(2113): mSeparateMobileGroup=8
04-13 01:21:51.649: D/STATUSBAR-SignalClusterView(2113): mSeparateMobileGroup=8
04-13 01:21:52.810: D/BatteryService(2010): update start
04-13 01:21:52.820: D/BatteryService(2010): level:88 scale:100 status:2 health:2 present:true voltage: 4277 temperature: 328 technology: Li-ion AC powered:false USB powered:true icon:17303233 invalid charger:0
04-13 01:21:52.830: D/STATUSBAR-BatteryController(2113): onReceive() - ACTION_BATTERY_CHANGED
04-13 01:21:52.830: D/STATUSBAR-BatteryController(2113): onReceive() - level:88
04-13 01:21:52.830: D/STATUSBAR-BatteryController(2113): onReceive() - plugged:2
04-13 01:21:52.830: D/STATUSBAR-BatteryController(2113): onReceive() - BATTERY_STATUS_CHARGING:
04-13 01:21:52.830: D/STATUSBAR-PhoneStatusBar(2113): ACTION_BATTERY_CHANGED
04-13 01:21:52.830: D/STATUSBAR-PhoneStatusBar(2113): NORMAL_BATTERY
04-13 01:21:52.840: E/MtpService(5628): In MTPAPP onReceive:android.intent.action.BATTERY_CHANGED
04-13 01:21:52.840: E/MtpService(5628): battPlugged Type : 2
04-13 01:21:53.661: D/STATUSBAR-NetworkController(2113): refreshSignalCluster: data=-1 bt=false
04-13 01:21:53.661: D/STATUSBAR-SignalClusterView(2113): mSeparateMobileGroup=8
04-13 01:21:53.661: D/STATUSBAR-SignalClusterView(2113): mSeparateMobileGroup=8
04-13 01:21:53.661: D/STATUSBAR-SignalClusterView(2113): mSeparateMobileGroup=8
04-13 01:21:54.672: D/STATUSBAR-NetworkController(2113): refreshSignalCluster: data=-1 bt=false
04-13 01:21:54.672: D/STATUSBAR-SignalClusterView(2113): mSeparateMobileGroup=8
04-13 01:21:54.672: D/STATUSBAR-SignalClusterView(2113): mSeparateMobileGroup=8
04-13 01:21:54.672: D/STATUSBAR-SignalClusterView(2113): mSeparateMobileGroup=8
04-13 01:21:56.524: W/SignalStrength(2010): getGsmLevel=3
04-13 01:21:56.524: W/SignalStrength(2010): getLevel=3 (SignalStrength: 99 -1 -1 -1 -1 -1 -1 -1 -1 -1 -1 -1 gsm|lte 3)
04-13 01:21:56.524: W/SignalStrength(2113): getGsmLevel=3
04-13 01:21:56.524: W/SignalStrength(2113): getLevel=3 (SignalStrength: 99 -1 -1 -1 -1 -1 -1 -1 -1 -1 -1 -1 gsm|lte 3)
04-13 01:21:56.524: W/SignalStrength(2113): getGsmLevel=3
04-13 01:21:56.524: W/SignalStrength(2113): getLevel=3 (SignalStrength: 99 -1 -1 -1 -1 -1 -1 -1 -1 -1 -1 -1 gsm|lte 3)
04-13 01:21:56.524: D/STATUSBAR-NetworkController(2113): onSignalStrengthsChanged signalStrength=SignalStrength: 99 -1 -1 -1 -1 -1 -1 -1 -1 -1 -1 -1 gsm|lte 3 level=3
04-13 01:21:56.524: D/STATUSBAR-NetworkController(2113): refreshSignalCluster: data=-1 bt=false
04-13 01:21:56.524: D/STATUSBAR-SignalClusterView(2113): mSeparateMobileGroup=8
04-13 01:21:56.534: W/SignalStrength(2010): getGsmDbm=-1
04-13 01:21:56.534: W/SignalStrength(2010): getDbm=-1
04-13 01:21:56.534: W/SignalStrength(2010): getGsmAsuLevel=99
04-13 01:21:56.534: W/SignalStrength(2010): getAsuLevel=99
04-13 01:21:56.534: D/STATUSBAR-SignalClusterView(2113): mSeparateMobileGroup=8
04-13 01:21:56.534: D/STATUSBAR-SignalClusterView(2113): mSeparateMobileGroup=8
04-13 01:21:59.677: D/STATUSBAR-NetworkController(2113): refreshSignalCluster: data=-1 bt=false
04-13 01:21:59.677: D/STATUSBAR-SignalClusterView(2113): mSeparateMobileGroup=8
04-13 01:21:59.677: D/STATUSBAR-SignalClusterView(2113): mSeparateMobileGroup=8
04-13 01:21:59.677: D/STATUSBAR-SignalClusterView(2113): mSeparateMobileGroup=8
04-13 01:21:59.997: V/AlarmManager(2010): waitForAlarm result :8
04-13 01:21:59.997: V/AlarmManager(2010): ClockReceiver onReceive() ACTION_TIME_TICK
04-13 01:21:59.997: W/AlarmManager(2010): FACTORY_ON= 0
04-13 01:22:00.017: D/STATUSBAR-Clock(2113): onReceive() - ACTION_TIME_TICK
04-13 01:22:00.037: D/STATUSBAR-Clock(2113): onReceive() - ACTION_TIME_TICK
04-13 01:22:00.060: D/widget(2290): [MSC_HERO_Accu_JB]>>> SM:1288 [0:0] bTCC WCV = 100
04-13 01:22:00.060: D/widget(2290): [MSC_HERO_Accu_JB]>>> WC:1664 [0:0] drw 1nd Tm dt = 0122
04-13 01:22:00.070: D/ClockAlarmWidgetService(8173): [ClockAlarmWidgetService] onReceive: action = android.intent.action.TIME_TICK
04-13 01:22:00.070: E/ClockAlarmWidget(8173): [AlarmWidgetIdManager] getListItem() : itemIndex=0, widgetID:1
04-13 01:22:00.070: E/ClockAlarmWidget(8173): [AlarmWidgetIdManager] getListItem() : ItemIndex exceed ListItemCount. itemIndex=1
04-13 01:22:00.070: E/ClockAlarmWidget(8173): [AlarmWidgetIdManager] getListItem() : itemIndex=1, widgetID:1
04-13 01:22:00.080: D/ClockAlarmDataProvider(8173): getAlarm() - too many same ID alarm data. nCount: 0
04-13 01:22:00.690: D/STATUSBAR-NetworkController(2113): refreshSignalCluster: data=-1 bt=false
04-13 01:22:00.690: D/STATUSBAR-SignalClusterView(2113): mSeparateMobileGroup=8
04-13 01:22:00.690: D/STATUSBAR-SignalClusterView(2113): mSeparateMobileGroup=8
04-13 01:22:00.690: D/STATUSBAR-SignalClusterView(2113): mSeparateMobileGroup=8
04-13 01:22:01.691: D/STATUSBAR-NetworkController(2113): refreshSignalCluster: data=-1 bt=false
04-13 01:22:01.691: D/STATUSBAR-SignalClusterView(2113): mSeparateMobileGroup=8
04-13 01:22:01.691: D/STATUSBAR-SignalClusterView(2113): mSeparateMobileGroup=8
04-13 01:22:01.691: D/STATUSBAR-SignalClusterView(2113): mSeparateMobileGroup=8
04-13 01:22:02.601: W/SignalStrength(2010): getGsmLevel=2
04-13 01:22:02.601: W/SignalStrength(2113): getGsmLevel=2
04-13 01:22:02.601: W/SignalStrength(2010): getLevel=2 (SignalStrength: 99 -1 -1 -1 -1 -1 -1 -1 -1 -1 -1 -1 gsm|lte 2)
04-13 01:22:02.601: W/SignalStrength(2113): getLevel=2 (SignalStrength: 99 -1 -1 -1 -1 -1 -1 -1 -1 -1 -1 -1 gsm|lte 2)
04-13 01:22:02.601: W/SignalStrength(2113): getGsmLevel=2
04-13 01:22:02.601: W/SignalStrength(2113): getLevel=2 (SignalStrength: 99 -1 -1 -1 -1 -1 -1 -1 -1 -1 -1 -1 gsm|lte 2)
04-13 01:22:02.601: W/SignalStrength(2010): getGsmDbm=-1
04-13 01:22:02.601: W/SignalStrength(2010): getDbm=-1
04-13 01:22:02.601: W/SignalStrength(2010): getGsmAsuLevel=99
04-13 01:22:02.601: W/SignalStrength(2010): getAsuLevel=99
04-13 01:22:02.601: D/STATUSBAR-NetworkController(2113): onSignalStrengthsChanged signalStrength=SignalStrength: 99 -1 -1 -1 -1 -1 -1 -1 -1 -1 -1 -1 gsm|lte 2 level=2
04-13 01:22:02.601: D/STATUSBAR-NetworkController(2113): refreshSignalCluster: data=-1 bt=false
04-13 01:22:02.601: D/STATUSBAR-SignalClusterView(2113): mSeparateMobileGroup=8
04-13 01:22:02.611: D/STATUSBAR-SignalClusterView(2113): mSeparateMobileGroup=8
04-13 01:22:02.611: D/STATUSBAR-SignalClusterView(2113): mSeparateMobileGroup=8
04-13 01:22:02.701: D/STATUSBAR-NetworkController(2113): refreshSignalCluster: data=-1 bt=false
04-13 01:22:02.701: D/STATUSBAR-SignalClusterView(2113): mSeparateMobileGroup=8
04-13 01:22:02.701: D/STATUSBAR-SignalClusterView(2113): mSeparateMobileGroup=8
04-13 01:22:02.701: D/STATUSBAR-SignalClusterView(2113): mSeparateMobileGroup=8
04-13 01:22:02.882: D/BatteryService(2010): update start
04-13 01:22:02.892: D/BatteryService(2010): level:88 scale:100 status:2 health:2 present:true voltage: 4280 temperature: 329 technology: Li-ion AC powered:false USB powered:true icon:17303233 invalid charger:0
04-13 01:22:02.902: D/STATUSBAR-BatteryController(2113): onReceive() - ACTION_BATTERY_CHANGED
04-13 01:22:02.902: D/STATUSBAR-BatteryController(2113): onReceive() - level:88
04-13 01:22:02.902: D/STATUSBAR-BatteryController(2113): onReceive() - plugged:2
04-13 01:22:02.902: D/STATUSBAR-BatteryController(2113): onReceive() - BATTERY_STATUS_CHARGING:
04-13 01:22:02.902: D/STATUSBAR-PhoneStatusBar(2113): ACTION_BATTERY_CHANGED
04-13 01:22:02.902: D/STATUSBAR-PhoneStatusBar(2113): NORMAL_BATTERY
04-13 01:22:02.912: E/MtpService(5628): In MTPAPP onReceive:android.intent.action.BATTERY_CHANGED
04-13 01:22:02.912: E/MtpService(5628): battPlugged Type : 2
04-13 01:22:08.717: D/STATUSBAR-NetworkController(2113): refreshSignalCluster: data=-1 bt=false
04-13 01:22:08.717: D/STATUSBAR-SignalClusterView(2113): mSeparateMobileGroup=8
04-13 01:22:08.717: D/STATUSBAR-SignalClusterView(2113): mSeparateMobileGroup=8
04-13 01:22:08.717: D/STATUSBAR-SignalClusterView(2113): mSeparateMobileGroup=8
04-13 01:22:10.729: D/STATUSBAR-NetworkController(2113): refreshSignalCluster: data=-1 bt=false
04-13 01:22:10.729: D/STATUSBAR-SignalClusterView(2113): mSeparateMobileGroup=8
04-13 01:22:10.729: D/STATUSBAR-SignalClusterView(2113): mSeparateMobileGroup=8
04-13 01:22:10.729: D/STATUSBAR-SignalClusterView(2113): mSeparateMobileGroup=8
04-13 01:22:11.690: W/SignalStrength(2010): getGsmLevel=3
04-13 01:22:11.690: W/SignalStrength(2010): getLevel=3 (SignalStrength: 99 -1 -1 -1 -1 -1 -1 -1 -1 -1 -1 -1 gsm|lte 3)
04-13 01:22:11.690: W/SignalStrength(2113): getGsmLevel=3
04-13 01:22:11.690: W/SignalStrength(2113): getLevel=3 (SignalStrength: 99 -1 -1 -1 -1 -1 -1 -1 -1 -1 -1 -1 gsm|lte 3)
04-13 01:22:11.690: W/SignalStrength(2113): getGsmLevel=3
04-13 01:22:11.690: W/SignalStrength(2113): getLevel=3 (SignalStrength: 99 -1 -1 -1 -1 -1 -1 -1 -1 -1 -1 -1 gsm|lte 3)
04-13 01:22:11.690: W/SignalStrength(2010): getGsmDbm=-1
04-13 01:22:11.690: W/SignalStrength(2010): getDbm=-1
04-13 01:22:11.690: W/SignalStrength(2010): getGsmAsuLevel=99
04-13 01:22:11.690: D/STATUSBAR-NetworkController(2113): onSignalStrengthsChanged signalStrength=SignalStrength: 99 -1 -1 -1 -1 -1 -1 -1 -1 -1 -1 -1 gsm|lte 3 level=3
04-13 01:22:11.690: D/STATUSBAR-NetworkController(2113): refreshSignalCluster: data=-1 bt=false
04-13 01:22:11.690: D/STATUSBAR-SignalClusterView(2113): mSeparateMobileGroup=8
04-13 01:22:11.700: W/SignalStrength(2010): getAsuLevel=99
04-13 01:22:11.700: D/STATUSBAR-SignalClusterView(2113): mSeparateMobileGroup=8
04-13 01:22:11.700: D/STATUSBAR-SignalClusterView(2113): mSeparateMobileGroup=8
04-13 01:22:12.921: D/BatteryService(2010): update start
04-13 01:22:12.921: D/BatteryService(2010): level:88 scale:100 status:2 health:2 present:true voltage: 4282 temperature: 328 technology: Li-ion AC powered:false USB powered:true icon:17303233 invalid charger:0
04-13 01:22:12.931: D/STATUSBAR-BatteryController(2113): onReceive() - ACTION_BATTERY_CHANGED
04-13 01:22:12.931: D/STATUSBAR-BatteryController(2113): onReceive() - level:88
04-13 01:22:12.931: D/STATUSBAR-BatteryController(2113): onReceive() - plugged:2
04-13 01:22:12.931: D/STATUSBAR-BatteryController(2113): onReceive() - BATTERY_STATUS_CHARGING:
04-13 01:22:12.941: E/MtpService(5628): In MTPAPP onReceive:android.intent.action.BATTERY_CHANGED
04-13 01:22:12.941: E/MtpService(5628): battPlugged Type : 2
04-13 01:22:12.941: D/STATUSBAR-PhoneStatusBar(2113): ACTION_BATTERY_CHANGED
04-13 01:22:12.941: D/STATUSBAR-PhoneStatusBar(2113): NORMAL_BATTERY
04-13 01:22:21.520: E/Watchdog(2010): !@Sync 336
04-13 01:22:22.991: D/BatteryService(2010): update start
04-13 01:22:23.001: D/BatteryService(2010): level:88 scale:100 status:2 health:2 present:true voltage: 4285 temperature: 329 technology: Li-ion AC powered:false USB powered:true icon:17303233 invalid charger:0
04-13 01:22:23.011: D/STATUSBAR-BatteryController(2113): onReceive() - ACTION_BATTERY_CHANGED
04-13 01:22:23.011: D/STATUSBAR-BatteryController(2113): onReceive() - level:88
04-13 01:22:23.011: D/STATUSBAR-BatteryController(2113): onReceive() - plugged:2
04-13 01:22:23.011: D/STATUSBAR-BatteryController(2113): onReceive() - BATTERY_STATUS_CHARGING:
04-13 01:22:23.011: D/STATUSBAR-PhoneStatusBar(2113): ACTION_BATTERY_CHANGED
04-13 01:22:23.011: D/STATUSBAR-PhoneStatusBar(2113): NORMAL_BATTERY
04-13 01:22:23.021: E/MtpService(5628): In MTPAPP onReceive:android.intent.action.BATTERY_CHANGED
04-13 01:22:23.021: E/MtpService(5628): battPlugged Type : 2
04-13 01:22:23.772: D/STATUSBAR-NetworkController(2113): refreshSignalCluster: data=-1 bt=false
04-13 01:22:23.772: D/STATUSBAR-SignalClusterView(2113): mSeparateMobileGroup=8
04-13 01:22:23.772: D/STATUSBAR-SignalClusterView(2113): mSeparateMobileGroup=8
04-13 01:22:23.772: D/STATUSBAR-SignalClusterView(2113): mSeparateMobileGroup=8
04-13 01:22:25.774: D/STATUSBAR-NetworkController(2113): refreshSignalCluster: data=-1 bt=false
04-13 01:22:25.774: D/STATUSBAR-SignalClusterView(2113): mSeparateMobileGroup=8
04-13 01:22:25.774: D/STATUSBAR-SignalClusterView(2113): mSeparateMobileGroup=8
04-13 01:22:25.774: D/STATUSBAR-SignalClusterView(2113): mSeparateMobileGroup=8
04-13 01:22:27.786: D/STATUSBAR-NetworkController(2113): refreshSignalCluster: data=-1 bt=false
04-13 01:22:27.786: D/STATUSBAR-SignalClusterView(2113): mSeparateMobileGroup=8
04-13 01:22:27.786: D/STATUSBAR-SignalClusterView(2113): mSeparateMobileGroup=8
04-13 01:22:27.786: D/STATUSBAR-SignalClusterView(2113): mSeparateMobileGroup=8
04-13 01:22:28.477: D/STATUSBAR-NetworkController(2113): onReceive() - RSSI_CHANGED_ACTION, WIFI_STATE, NETWORK_STATE
04-13 01:22:28.487: D/STATUSBAR-NetworkController(2113): refreshSignalCluster: data=-1 bt=false
04-13 01:22:28.487: D/STATUSBAR-SignalClusterView(2113): mSeparateMobileGroup=8
04-13 01:22:28.487: D/STATUSBAR-SignalClusterView(2113): mSeparateMobileGroup=8
04-13 01:22:28.487: D/STATUSBAR-SignalClusterView(2113): mSeparateMobileGroup=8
04-13 01:22:28.787: D/STATUSBAR-NetworkController(2113): refreshSignalCluster: data=-1 bt=false
04-13 01:22:28.787: D/STATUSBAR-SignalClusterView(2113): mSeparateMobileGroup=8
04-13 01:22:28.787: D/STATUSBAR-SignalClusterView(2113): mSeparateMobileGroup=8
04-13 01:22:28.787: D/STATUSBAR-SignalClusterView(2113): mSeparateMobileGroup=8
04-13 01:22:30.799: D/STATUSBAR-NetworkController(2113): refreshSignalCluster: data=-1 bt=false
04-13 01:22:30.799: D/STATUSBAR-SignalClusterView(2113): mSeparateMobileGroup=8
04-13 01:22:30.799: D/STATUSBAR-SignalClusterView(2113): mSeparateMobileGroup=8
04-13 01:22:30.799: D/STATUSBAR-SignalClusterView(2113): mSeparateMobileGroup=8
04-13 01:22:31.800: D/STATUSBAR-NetworkController(2113): refreshSignalCluster: data=-1 bt=false
04-13 01:22:31.800: D/STATUSBAR-SignalClusterView(2113): mSeparateMobileGroup=8
04-13 01:22:31.800: D/STATUSBAR-SignalClusterView(2113): mSeparateMobileGroup=8
04-13 01:22:31.800: D/STATUSBAR-SignalClusterView(2113): mSeparateMobileGroup=8
04-13 01:22:33.461: D/BatteryService(2010): update start
04-13 01:22:34.543: D/STATUSBAR-NetworkController(2113): onReceive() - RSSI_CHANGED_ACTION, WIFI_STATE, NETWORK_STATE
04-13 01:22:34.543: D/STATUSBAR-NetworkController(2113): refreshSignalCluster: data=-1 bt=false
04-13 01:22:34.543: D/STATUSBAR-SignalClusterView(2113): mSeparateMobileGroup=8
04-13 01:22:34.543: D/STATUSBAR-SignalClusterView(2113): mSeparateMobileGroup=8
04-13 01:22:34.543: D/STATUSBAR-SignalClusterView(2113): mSeparateMobileGroup=8
04-13 01:22:43.571: D/BatteryService(2010): update start
04-13 01:22:43.571: D/BatteryService(2010): level:88 scale:100 status:2 health:2 present:true voltage: 4290 temperature: 329 technology: Li-ion AC powered:false USB powered:true icon:17303233 invalid charger:0
04-13 01:22:43.581: E/MtpService(5628): In MTPAPP onReceive:android.intent.action.BATTERY_CHANGED
04-13 01:22:43.581: E/MtpService(5628): battPlugged Type : 2
04-13 01:22:43.581: D/STATUSBAR-BatteryController(2113): onReceive() - ACTION_BATTERY_CHANGED
04-13 01:22:43.581: D/STATUSBAR-BatteryController(2113): onReceive() - level:88
04-13 01:22:43.581: D/STATUSBAR-BatteryController(2113): onReceive() - plugged:2
04-13 01:22:43.581: D/STATUSBAR-BatteryController(2113): onReceive() - BATTERY_STATUS_CHARGING:
04-13 01:22:43.581: D/STATUSBAR-PhoneStatusBar(2113): ACTION_BATTERY_CHANGED
04-13 01:22:43.581: D/STATUSBAR-PhoneStatusBar(2113): NORMAL_BATTERY
04-13 01:22:49.847: D/STATUSBAR-NetworkController(2113): refreshSignalCluster: data=-1 bt=false
04-13 01:22:49.857: D/STATUSBAR-SignalClusterView(2113): mSeparateMobileGroup=8
04-13 01:22:49.857: D/STATUSBAR-SignalClusterView(2113): mSeparateMobileGroup=8
04-13 01:22:49.857: D/STATUSBAR-SignalClusterView(2113): mSeparateMobileGroup=8
04-13 01:22:50.858: D/STATUSBAR-NetworkController(2113): refreshSignalCluster: data=-1 bt=false
04-13 01:22:50.858: D/STATUSBAR-SignalClusterView(2113): mSeparateMobileGroup=8
04-13 01:22:50.858: D/STATUSBAR-SignalClusterView(2113): mSeparateMobileGroup=8
04-13 01:22:50.858: D/STATUSBAR-SignalClusterView(2113): mSeparateMobileGroup=8
04-13 01:22:51.519: E/Watchdog(2010): !@Sync 337
04-13 01:22:53.121: W/SignalStrength(2010): getGsmLevel=2
04-13 01:22:53.121: W/SignalStrength(2010): getLevel=2 (SignalStrength: 99 -1 -1 -1 -1 -1 -1 -1 -1 -1 -1 -1 gsm|lte 2)
04-13 01:22:53.121: W/SignalStrength(2113): getGsmLevel=2
04-13 01:22:53.121: W/SignalStrength(2113): getLevel=2 (SignalStrength: 99 -1 -1 -1 -1 -1 -1 -1 -1 -1 -1 -1 gsm|lte 2)
04-13 01:22:53.121: W/SignalStrength(2113): getGsmLevel=2
04-13 01:22:53.121: W/SignalStrength(2113): getLevel=2 (SignalStrength: 99 -1 -1 -1 -1 -1 -1 -1 -1 -1 -1 -1 gsm|lte 2)
04-13 01:22:53.121: W/SignalStrength(2010): getGsmDbm=-1
04-13 01:22:53.121: W/SignalStrength(2010): getDbm=-1
04-13 01:22:53.121: W/SignalStrength(2010): getGsmAsuLevel=99
04-13 01:22:53.121: W/SignalStrength(2010): getAsuLevel=99
04-13 01:22:53.121: D/STATUSBAR-NetworkController(2113): onSignalStrengthsChanged signalStrength=SignalStrength: 99 -1 -1 -1 -1 -1 -1 -1 -1 -1 -1 -1 gsm|lte 2 level=2
04-13 01:22:53.121: D/STATUSBAR-NetworkController(2113): refreshSignalCluster: data=-1 bt=false
04-13 01:22:53.121: D/STATUSBAR-SignalClusterView(2113): mSeparateMobileGroup=8
04-13 01:22:53.121: D/STATUSBAR-SignalClusterView(2113): mSeparateMobileGroup=8
04-13 01:22:53.121: D/STATUSBAR-SignalClusterView(2113): mSeparateMobileGroup=8
04-13 01:22:53.631: D/BatteryService(2010): update start
04-13 01:22:53.641: E/MtpService(5628): In MTPAPP onReceive:android.intent.action.BATTERY_CHANGED
04-13 01:22:53.641: E/MtpService(5628): battPlugged Type : 2
04-13 01:22:53.641: D/BatteryService(2010): level:88 scale:100 status:2 health:2 present:true voltage: 4277 temperature: 328 technology: Li-ion AC powered:false USB powered:true icon:17303233 invalid charger:0
04-13 01:22:53.641: D/STATUSBAR-BatteryController(2113): onReceive() - ACTION_BATTERY_CHANGED
04-13 01:22:53.641: D/STATUSBAR-BatteryController(2113): onReceive() - level:88
04-13 01:22:53.641: D/STATUSBAR-BatteryController(2113): onReceive() - plugged:2
04-13 01:22:53.641: D/STATUSBAR-BatteryController(2113): onReceive() - BATTERY_STATUS_CHARGING:
04-13 01:22:53.641: D/STATUSBAR-PhoneStatusBar(2113): ACTION_BATTERY_CHANGED
04-13 01:22:53.641: D/STATUSBAR-PhoneStatusBar(2113): NORMAL_BATTERY
04-13 01:22:53.871: D/STATUSBAR-NetworkController(2113): refreshSignalCluster: data=-1 bt=false
04-13 01:22:53.871: D/STATUSBAR-SignalClusterView(2113): mSeparateMobileGroup=8
04-13 01:22:53.871: D/STATUSBAR-SignalClusterView(2113): mSeparateMobileGroup=8
04-13 01:22:53.871: D/STATUSBAR-SignalClusterView(2113): mSeparateMobileGroup=8
04-13 01:22:54.872: D/STATUSBAR-NetworkController(2113): refreshSignalCluster: data=-1 bt=false
04-13 01:22:54.872: D/STATUSBAR-SignalClusterView(2113): mSeparateMobileGroup=8
04-13 01:22:54.872: D/STATUSBAR-SignalClusterView(2113): mSeparateMobileGroup=8
04-13 01:22:54.872: D/STATUSBAR-SignalClusterView(2113): mSeparateMobileGroup=8
04-13 01:22:59.887: D/STATUSBAR-NetworkController(2113): refreshSignalCluster: data=-1 bt=false
04-13 01:22:59.887: D/STATUSBAR-SignalClusterView(2113): mSeparateMobileGroup=8
04-13 01:22:59.887: D/STATUSBAR-SignalClusterView(2113): mSeparateMobileGroup=8
04-13 01:22:59.887: D/STATUSBAR-SignalClusterView(2113): mSeparateMobileGroup=8
04-13 01:22:59.987: V/AlarmManager(2010): waitForAlarm result :8
04-13 01:22:59.997: V/AlarmManager(2010): ClockReceiver onReceive() ACTION_TIME_TICK
04-13 01:22:59.997: W/AlarmManager(2010): FACTORY_ON= 0
04-13 01:23:00.017: D/STATUSBAR-Clock(2113): onReceive() - ACTION_TIME_TICK
04-13 01:23:00.060: D/STATUSBAR-Clock(2113): onReceive() - ACTION_TIME_TICK
04-13 01:23:00.090: D/widget(2290): [MSC_HERO_Accu_JB]>>> SM:1288 [0:0] bTCC WCV = 100
04-13 01:23:00.090: D/widget(2290): [MSC_HERO_Accu_JB]>>> WC:1664 [0:0] drw 1nd Tm dt = 0123
04-13 01:23:00.100: D/ClockAlarmWidgetService(8173): [ClockAlarmWidgetService] onReceive: action = android.intent.action.TIME_TICK
04-13 01:23:00.100: E/ClockAlarmWidget(8173): [AlarmWidgetIdManager] getListItem() : itemIndex=0, widgetID:1
04-13 01:23:00.100: E/ClockAlarmWidget(8173): [AlarmWidgetIdManager] getListItem() : ItemIndex exceed ListItemCount. itemIndex=1
04-13 01:23:00.100: E/ClockAlarmWidget(8173): [AlarmWidgetIdManager] getListItem() : itemIndex=1, widgetID:1
04-13 01:23:00.110: D/ClockAlarmDataProvider(8173): getAlarm() - too many same ID alarm data. nCount: 0
04-13 01:23:01.901: D/STATUSBAR-NetworkController(2113): refreshSignalCluster: data=-1 bt=false
04-13 01:23:01.901: D/STATUSBAR-SignalClusterView(2113): mSeparateMobileGroup=8
04-13 01:23:01.901: D/STATUSBAR-SignalClusterView(2113): mSeparateMobileGroup=8
04-13 01:23:01.901: D/STATUSBAR-SignalClusterView(2113): mSeparateMobileGroup=8
04-13 01:23:02.221: W/SignalStrength(2010): getGsmLevel=3
04-13 01:23:02.221: W/SignalStrength(2010): getLevel=3 (SignalStrength: 99 -1 -1 -1 -1 -1 -1 -1 -1 -1 -1 -1 gsm|lte 3)
04-13 01:23:02.221: W/SignalStrength(2113): getGsmLevel=3
04-13 01:23:02.221: W/SignalStrength(2113): getLevel=3 (SignalStrength: 99 -1 -1 -1 -1 -1 -1 -1 -1 -1 -1 -1 gsm|lte 3)
04-13 01:23:02.221: W/SignalStrength(2113): getGsmLevel=3
04-13 01:23:02.221: W/SignalStrength(2113): getLevel=3 (SignalStrength: 99 -1 -1 -1 -1 -1 -1 -1 -1 -1 -1 -1 gsm|lte 3)
04-13 01:23:02.221: D/STATUSBAR-NetworkController(2113): onSignalStrengthsChanged signalStrength=SignalStrength: 99 -1 -1 -1 -1 -1 -1 -1 -1 -1 -1 -1 gsm|lte 3 level=3
04-13 01:23:02.221: D/STATUSBAR-NetworkController(2113): refreshSignalCluster: data=-1 bt=false
04-13 01:23:02.221: D/STATUSBAR-SignalClusterView(2113): mSeparateMobileGroup=8
04-13 01:23:02.231: W/SignalStrength(2010): getGsmDbm=-1
04-13 01:23:02.231: W/SignalStrength(2010): getDbm=-1
04-13 01:23:02.231: W/SignalStrength(2010): getGsmAsuLevel=99
04-13 01:23:02.231: W/SignalStrength(2010): getAsuLevel=99
04-13 01:23:02.231: D/STATUSBAR-SignalClusterView(2113): mSeparateMobileGroup=8
04-13 01:23:02.231: D/STATUSBAR-SignalClusterView(2113): mSeparateMobileGroup=8
04-13 01:23:03.923: D/BatteryService(2010): update start
04-13 01:23:03.933: D/BatteryService(2010): level:88 scale:100 status:2 health:2 present:true voltage: 4290 temperature: 329 technology: Li-ion AC powered:false USB powered:true icon:17303233 invalid charger:0
04-13 01:23:03.943: D/STATUSBAR-BatteryController(2113): onReceive() - ACTION_BATTERY_CHANGED
04-13 01:23:03.943: D/STATUSBAR-BatteryController(2113): onReceive() - level:88
04-13 01:23:03.943: D/STATUSBAR-BatteryController(2113): onReceive() - plugged:2
04-13 01:23:03.943: D/STATUSBAR-BatteryController(2113): onReceive() - BATTERY_STATUS_CHARGING:
04-13 01:23:03.943: D/STATUSBAR-PhoneStatusBar(2113): ACTION_BATTERY_CHANGED
04-13 01:23:03.943: D/STATUSBAR-PhoneStatusBar(2113): NORMAL_BATTERY
04-13 01:23:03.953: E/MtpService(5628): In MTPAPP onReceive:android.intent.action.BATTERY_CHANGED
04-13 01:23:03.953: E/MtpService(5628): battPlugged Type : 2
04-13 01:23:04.763: D/STATUSBAR-NetworkController(2113): onReceive() - RSSI_CHANGED_ACTION, WIFI_STATE, NETWORK_STATE
04-13 01:23:04.763: D/STATUSBAR-NetworkController(2113): refreshSignalCluster: data=-1 bt=false
04-13 01:23:04.763: D/STATUSBAR-SignalClusterView(2113): mSeparateMobileGroup=8
04-13 01:23:04.763: D/STATUSBAR-SignalClusterView(2113): mSeparateMobileGroup=8
04-13 01:23:04.763: D/STATUSBAR-SignalClusterView(2113): mSeparateMobileGroup=8
04-13 01:23:04.904: D/STATUSBAR-NetworkController(2113): refreshSignalCluster: data=-1 bt=false
04-13 01:23:04.904: D/STATUSBAR-SignalClusterView(2113): mSeparateMobileGroup=8
04-13 01:23:04.904: D/STATUSBAR-SignalClusterView(2113): mSeparateMobileGroup=8
04-13 01:23:04.904: D/STATUSBAR-SignalClusterView(2113): mSeparateMobileGroup=8
04-13 01:23:07.786: D/STATUSBAR-NetworkController(2113): onReceive() - RSSI_CHANGED_ACTION, WIFI_STATE, NETWORK_STATE
04-13 01:23:07.786: D/STATUSBAR-NetworkController(2113): refreshSignalCluster: data=-1 bt=false
04-13 01:23:07.786: D/STATUSBAR-SignalClusterView(2113): mSeparateMobileGroup=8
04-13 01:23:07.786: D/STATUSBAR-SignalClusterView(2113): mSeparateMobileGroup=8
04-13 01:23:07.786: D/STATUSBAR-SignalClusterView(2113): mSeparateMobileGroup=8
04-13 01:23:07.917: D/STATUSBAR-NetworkController(2113): refreshSignalCluster: data=-1 bt=false
04-13 01:23:07.917: D/STATUSBAR-SignalClusterView(2113): mSeparateMobileGroup=8
04-13 01:23:07.917: D/STATUSBAR-SignalClusterView(2113): mSeparateMobileGroup=8
04-13 01:23:07.917: D/STATUSBAR-SignalClusterView(2113): mSeparateMobileGroup=8
04-13 01:23:09.919: D/STATUSBAR-NetworkController(2113): refreshSignalCluster: data=-1 bt=false
04-13 01:23:09.929: D/STATUSBAR-SignalClusterView(2113): mSeparateMobileGroup=8
04-13 01:23:09.929: D/STATUSBAR-SignalClusterView(2113): mSeparateMobileGroup=8
04-13 01:23:09.929: D/STATUSBAR-SignalClusterView(2113): mSeparateMobileGroup=8
04-13 01:23:10.929: D/STATUSBAR-NetworkController(2113): refreshSignalCluster: data=-1 bt=false
04-13 01:23:10.929: D/STATUSBAR-SignalClusterView(2113): mSeparateMobileGroup=8
04-13 01:23:10.929: D/STATUSBAR-SignalClusterView(2113): mSeparateMobileGroup=8
04-13 01:23:10.929: D/STATUSBAR-SignalClusterView(2113): mSeparateMobileGroup=8
04-13 01:23:13.962: D/BatteryService(2010): update start
04-13 01:23:13.962: D/BatteryService(2010): level:88 scale:100 status:2 health:2 present:true voltage: 4285 temperature: 329 technology: Li-ion AC powered:false USB powered:true icon:17303233 invalid charger:0
04-13 01:23:13.972: D/STATUSBAR-BatteryController(2113): onReceive() - ACTION_BATTERY_CHANGED
04-13 01:23:13.972: D/STATUSBAR-BatteryController(2113): onReceive() - level:88
04-13 01:23:13.972: D/STATUSBAR-BatteryController(2113): onReceive() - plugged:2
04-13 01:23:13.972: D/STATUSBAR-BatteryController(2113): onReceive() - BATTERY_STATUS_CHARGING:
04-13 01:23:13.972: D/STATUSBAR-PhoneStatusBar(2113): ACTION_BATTERY_CHANGED
04-13 01:23:13.972: D/STATUSBAR-PhoneStatusBar(2113): NORMAL_BATTERY
04-13 01:23:13.982: E/MtpService(5628): In MTPAPP onReceive:android.intent.action.BATTERY_CHANGED
04-13 01:23:13.982: E/MtpService(5628): battPlugged Type : 2
04-13 01:23:21.520: E/Watchdog(2010): !@Sync 338
04-13 01:23:23.982: D/STATUSBAR-NetworkController(2113): refreshSignalCluster: data=-1 bt=false
04-13 01:23:23.982: D/STATUSBAR-SignalClusterView(2113): mSeparateMobileGroup=8
04-13 01:23:23.992: D/STATUSBAR-SignalClusterView(2113): mSeparateMobileGroup=8
04-13 01:23:23.992: D/STATUSBAR-SignalClusterView(2113): mSeparateMobileGroup=8
04-13 01:23:24.002: D/BatteryService(2010): update start
04-13 01:23:24.002: D/BatteryService(2010): level:88 scale:100 status:2 health:2 present:true voltage: 4287 temperature: 329 technology: Li-ion AC powered:false USB powered:true icon:17303233 invalid charger:0
04-13 01:23:24.022: E/MtpService(5628): In MTPAPP onReceive:android.intent.action.BATTERY_CHANGED
04-13 01:23:24.022: E/MtpService(5628): battPlugged Type : 2
04-13 01:23:24.022: D/STATUSBAR-BatteryController(2113): onReceive() - ACTION_BATTERY_CHANGED
04-13 01:23:24.022: D/STATUSBAR-BatteryController(2113): onReceive() - level:88
04-13 01:23:24.022: D/STATUSBAR-BatteryController(2113): onReceive() - plugged:2
04-13 01:23:24.022: D/STATUSBAR-BatteryController(2113): onReceive() - BATTERY_STATUS_CHARGING:
04-13 01:23:24.022: D/STATUSBAR-PhoneStatusBar(2113): ACTION_BATTERY_CHANGED
04-13 01:23:24.022: D/STATUSBAR-PhoneStatusBar(2113): NORMAL_BATTERY
04-13 01:23:24.993: D/STATUSBAR-NetworkController(2113): refreshSignalCluster: data=-1 bt=false
04-13 01:23:24.993: D/STATUSBAR-SignalClusterView(2113): mSeparateMobileGroup=8
04-13 01:23:24.993: D/STATUSBAR-SignalClusterView(2113): mSeparateMobileGroup=8
04-13 01:23:24.993: D/STATUSBAR-SignalClusterView(2113): mSeparateMobileGroup=8
04-13 01:23:28.997: D/STATUSBAR-NetworkController(2113): refreshSignalCluster: data=-1 bt=false
04-13 01:23:28.997: D/STATUSBAR-SignalClusterView(2113): mSeparateMobileGroup=8
04-13 01:23:28.997: D/STATUSBAR-SignalClusterView(2113): mSeparateMobileGroup=8
04-13 01:23:28.997: D/STATUSBAR-SignalClusterView(2113): mSeparateMobileGroup=8
04-13 01:23:30.008: D/STATUSBAR-NetworkController(2113): refreshSignalCluster: data=-1 bt=false
04-13 01:23:30.008: D/STATUSBAR-SignalClusterView(2113): mSeparateMobileGroup=8
04-13 01:23:30.008: D/STATUSBAR-SignalClusterView(2113): mSeparateMobileGroup=8
04-13 01:23:30.008: D/STATUSBAR-SignalClusterView(2113): mSeparateMobileGroup=8
04-13 01:23:34.272: D/BatteryService(2010): update start
04-13 01:23:34.272: D/BatteryService(2010): level:88 scale:100 status:2 health:2 present:true voltage: 4290 temperature: 329 technology: Li-ion AC powered:false USB powered:true icon:17303233 invalid charger:0
