04-13 01:16:59.997: V/AlarmManager(2010): ClockReceiver onReceive() ACTION_TIME_TICK
04-13 01:16:59.997: W/AlarmManager(2010): FACTORY_ON= 0
04-13 01:17:00.007: D/STATUSBAR-Clock(2113): onReceive() - ACTION_TIME_TICK
04-13 01:17:00.037: D/STATUSBAR-Clock(2113): onReceive() - ACTION_TIME_TICK
04-13 01:17:00.080: D/widget(2290): [MSC_HERO_Accu_JB]>>> SM:1288 [0:0] bTCC WCV = 100
04-13 01:17:00.080: D/widget(2290): [MSC_HERO_Accu_JB]>>> WC:1664 [0:0] drw 1nd Tm dt = 0117
04-13 01:17:00.080: D/ClockAlarmWidgetService(8173): [ClockAlarmWidgetService] onReceive: action = android.intent.action.TIME_TICK
04-13 01:17:00.090: E/ClockAlarmWidget(8173): [AlarmWidgetIdManager] getListItem() : itemIndex=0, widgetID:1
04-13 01:17:00.090: E/ClockAlarmWidget(8173): [AlarmWidgetIdManager] getListItem() : ItemIndex exceed ListItemCount. itemIndex=1
04-13 01:17:00.090: E/ClockAlarmWidget(8173): [AlarmWidgetIdManager] getListItem() : itemIndex=1, widgetID:1
04-13 01:17:00.090: D/dalvikvm(2010): WAIT_FOR_CONCURRENT_GC blocked 0ms
04-13 01:17:00.230: D/dalvikvm(2010): GC_EXPLICIT freed 1455K, 51% free 17893K/35911K, paused 7ms+12ms, total 140ms
04-13 01:17:00.240: D/ClockAlarmDataProvider(8173): getAlarm() - too many same ID alarm data. nCount: 0
04-13 01:17:01.681: D/STATUSBAR-SignalClusterView(2113): mSeparateMobileGroup=8
04-13 01:17:01.681: D/STATUSBAR-SignalClusterView(2113): mSeparateMobileGroup=8
04-13 01:17:01.681: D/STATUSBAR-SignalClusterView(2113): mSeparateMobileGroup=8
04-13 01:17:01.681: D/STATUSBAR-NetworkController(2113): refreshSignalCluster: data=-1 bt=false
04-13 01:17:06.505: W/SignalStrength(2010): getGsmLevel=2
04-13 01:17:06.505: W/SignalStrength(2010): getLevel=2 (SignalStrength: 99 -1 -1 -1 -1 -1 -1 -1 -1 -1 -1 -1 gsm|lte 2)
04-13 01:17:06.505: W/SignalStrength(2113): getGsmLevel=2
04-13 01:17:06.505: W/SignalStrength(2113): getLevel=2 (SignalStrength: 99 -1 -1 -1 -1 -1 -1 -1 -1 -1 -1 -1 gsm|lte 2)
04-13 01:17:06.505: W/SignalStrength(2113): getGsmLevel=2
04-13 01:17:06.505: W/SignalStrength(2113): getLevel=2 (SignalStrength: 99 -1 -1 -1 -1 -1 -1 -1 -1 -1 -1 -1 gsm|lte 2)
04-13 01:17:06.505: W/SignalStrength(2010): getGsmDbm=-1
04-13 01:17:06.505: W/SignalStrength(2010): getDbm=-1
04-13 01:17:06.505: W/SignalStrength(2010): getGsmAsuLevel=99
04-13 01:17:06.505: W/SignalStrength(2010): getAsuLevel=99
04-13 01:17:06.505: D/STATUSBAR-NetworkController(2113): onSignalStrengthsChanged signalStrength=SignalStrength: 99 -1 -1 -1 -1 -1 -1 -1 -1 -1 -1 -1 gsm|lte 2 level=2
04-13 01:17:06.505: D/STATUSBAR-NetworkController(2113): refreshSignalCluster: data=-1 bt=false
04-13 01:17:06.505: D/STATUSBAR-SignalClusterView(2113): mSeparateMobileGroup=8
04-13 01:17:06.505: D/STATUSBAR-SignalClusterView(2113): mSeparateMobileGroup=8
04-13 01:17:06.505: D/STATUSBAR-SignalClusterView(2113): mSeparateMobileGroup=8
04-13 01:17:08.697: D/STATUSBAR-NetworkController(2113): refreshSignalCluster: data=-1 bt=false
04-13 01:17:08.697: D/STATUSBAR-SignalClusterView(2113): mSeparateMobileGroup=8
04-13 01:17:08.697: D/STATUSBAR-SignalClusterView(2113): mSeparateMobileGroup=8
04-13 01:17:08.697: D/STATUSBAR-SignalClusterView(2113): mSeparateMobileGroup=8
04-13 01:17:09.748: D/BatteryService(2010): update start
04-13 01:17:09.758: D/BatteryService(2010): level:86 scale:100 status:2 health:2 present:true voltage: 4265 temperature: 326 technology: Li-ion AC powered:false USB powered:true icon:17303233 invalid charger:0
04-13 01:17:09.758: D/STATUSBAR-BatteryController(2113): onReceive() - ACTION_BATTERY_CHANGED
04-13 01:17:09.768: D/STATUSBAR-BatteryController(2113): onReceive() - level:86
04-13 01:17:09.768: D/STATUSBAR-BatteryController(2113): onReceive() - plugged:2
04-13 01:17:09.768: D/STATUSBAR-BatteryController(2113): onReceive() - BATTERY_STATUS_CHARGING:
04-13 01:17:09.768: D/STATUSBAR-PhoneStatusBar(2113): ACTION_BATTERY_CHANGED
04-13 01:17:09.768: D/STATUSBAR-PhoneStatusBar(2113): NORMAL_BATTERY
04-13 01:17:09.778: E/MtpService(5628): In MTPAPP onReceive:android.intent.action.BATTERY_CHANGED
04-13 01:17:09.778: E/MtpService(5628): battPlugged Type : 2
04-13 01:17:11.710: D/STATUSBAR-NetworkController(2113): refreshSignalCluster: data=-1 bt=false
04-13 01:17:11.710: D/STATUSBAR-SignalClusterView(2113): mSeparateMobileGroup=8
04-13 01:17:11.710: D/STATUSBAR-SignalClusterView(2113): mSeparateMobileGroup=8
04-13 01:17:11.710: D/STATUSBAR-SignalClusterView(2113): mSeparateMobileGroup=8
04-13 01:17:15.604: W/SignalStrength(2010): getGsmLevel=3
04-13 01:17:15.604: W/SignalStrength(2010): getLevel=3 (SignalStrength: 99 -1 -1 -1 -1 -1 -1 -1 -1 -1 -1 -1 gsm|lte 3)
04-13 01:17:15.604: W/SignalStrength(2113): getGsmLevel=3
04-13 01:17:15.604: W/SignalStrength(2113): getLevel=3 (SignalStrength: 99 -1 -1 -1 -1 -1 -1 -1 -1 -1 -1 -1 gsm|lte 3)
04-13 01:17:15.604: W/SignalStrength(2113): getGsmLevel=3
04-13 01:17:15.604: W/SignalStrength(2113): getLevel=3 (SignalStrength: 99 -1 -1 -1 -1 -1 -1 -1 -1 -1 -1 -1 gsm|lte 3)
04-13 01:17:15.604: W/SignalStrength(2010): getGsmDbm=-1
04-13 01:17:15.604: W/SignalStrength(2010): getDbm=-1
04-13 01:17:15.604: W/SignalStrength(2010): getGsmAsuLevel=99
04-13 01:17:15.604: W/SignalStrength(2010): getAsuLevel=99
04-13 01:17:15.604: D/STATUSBAR-NetworkController(2113): onSignalStrengthsChanged signalStrength=SignalStrength: 99 -1 -1 -1 -1 -1 -1 -1 -1 -1 -1 -1 gsm|lte 3 level=3
04-13 01:17:15.604: D/STATUSBAR-NetworkController(2113): refreshSignalCluster: data=-1 bt=false
04-13 01:17:15.604: D/STATUSBAR-SignalClusterView(2113): mSeparateMobileGroup=8
04-13 01:17:15.604: D/STATUSBAR-SignalClusterView(2113): mSeparateMobileGroup=8
04-13 01:17:15.604: D/STATUSBAR-SignalClusterView(2113): mSeparateMobileGroup=8
04-13 01:17:19.968: D/BatteryService(2010): update start
04-13 01:17:19.978: D/BatteryService(2010): level:86 scale:100 status:2 health:2 present:true voltage: 4260 temperature: 326 technology: Li-ion AC powered:false USB powered:true icon:17303233 invalid charger:0
04-13 01:17:19.998: E/MtpService(5628): In MTPAPP onReceive:android.intent.action.BATTERY_CHANGED
04-13 01:17:19.998: E/MtpService(5628): battPlugged Type : 2
04-13 01:17:19.998: D/STATUSBAR-BatteryController(2113): onReceive() - ACTION_BATTERY_CHANGED
04-13 01:17:19.998: D/STATUSBAR-BatteryController(2113): onReceive() - level:86
04-13 01:17:19.998: D/STATUSBAR-BatteryController(2113): onReceive() - plugged:2
04-13 01:17:19.998: D/STATUSBAR-BatteryController(2113): onReceive() - BATTERY_STATUS_CHARGING:
04-13 01:17:19.998: D/STATUSBAR-PhoneStatusBar(2113): ACTION_BATTERY_CHANGED
04-13 01:17:19.998: D/STATUSBAR-PhoneStatusBar(2113): NORMAL_BATTERY
04-13 01:17:21.510: E/Watchdog(2010): !@Sync 326
04-13 01:17:21.750: D/STATUSBAR-NetworkController(2113): refreshSignalCluster: data=-1 bt=false
04-13 01:17:21.750: D/STATUSBAR-SignalClusterView(2113): mSeparateMobileGroup=8
04-13 01:17:21.750: D/STATUSBAR-SignalClusterView(2113): mSeparateMobileGroup=8
04-13 01:17:21.750: D/STATUSBAR-SignalClusterView(2113): mSeparateMobileGroup=8
04-13 01:17:22.741: D/STATUSBAR-NetworkController(2113): refreshSignalCluster: data=-1 bt=false
04-13 01:17:22.751: D/STATUSBAR-SignalClusterView(2113): mSeparateMobileGroup=8
04-13 01:17:22.751: D/STATUSBAR-SignalClusterView(2113): mSeparateMobileGroup=8
04-13 01:17:22.751: D/STATUSBAR-SignalClusterView(2113): mSeparateMobileGroup=8
04-13 01:17:24.763: D/STATUSBAR-NetworkController(2113): refreshSignalCluster: data=-1 bt=false
04-13 01:17:24.763: D/STATUSBAR-SignalClusterView(2113): mSeparateMobileGroup=8
04-13 01:17:24.763: D/STATUSBAR-SignalClusterView(2113): mSeparateMobileGroup=8
04-13 01:17:24.763: D/STATUSBAR-SignalClusterView(2113): mSeparateMobileGroup=8
04-13 01:17:25.704: W/SignalStrength(2010): getGsmLevel=2
04-13 01:17:25.704: W/SignalStrength(2010): getLevel=2 (SignalStrength: 99 -1 -1 -1 -1 -1 -1 -1 -1 -1 -1 -1 gsm|lte 2)
04-13 01:17:25.714: W/SignalStrength(2113): getGsmLevel=2
04-13 01:17:25.714: W/SignalStrength(2113): getLevel=2 (SignalStrength: 99 -1 -1 -1 -1 -1 -1 -1 -1 -1 -1 -1 gsm|lte 2)
04-13 01:17:25.714: W/SignalStrength(2113): getGsmLevel=2
04-13 01:17:25.714: W/SignalStrength(2113): getLevel=2 (SignalStrength: 99 -1 -1 -1 -1 -1 -1 -1 -1 -1 -1 -1 gsm|lte 2)
04-13 01:17:25.714: W/SignalStrength(2010): getGsmDbm=-1
04-13 01:17:25.714: W/SignalStrength(2010): getDbm=-1
04-13 01:17:25.714: W/SignalStrength(2010): getGsmAsuLevel=99
04-13 01:17:25.714: W/SignalStrength(2010): getAsuLevel=99
04-13 01:17:25.714: D/STATUSBAR-NetworkController(2113): onSignalStrengthsChanged signalStrength=SignalStrength: 99 -1 -1 -1 -1 -1 -1 -1 -1 -1 -1 -1 gsm|lte 2 level=2
04-13 01:17:25.714: D/STATUSBAR-NetworkController(2113): refreshSignalCluster: data=-1 bt=false
04-13 01:17:25.714: D/STATUSBAR-SignalClusterView(2113): mSeparateMobileGroup=8
04-13 01:17:25.714: D/STATUSBAR-SignalClusterView(2113): mSeparateMobileGroup=8
04-13 01:17:25.714: D/STATUSBAR-SignalClusterView(2113): mSeparateMobileGroup=8
04-13 01:17:25.764: D/STATUSBAR-NetworkController(2113): refreshSignalCluster: data=-1 bt=false
04-13 01:17:25.764: D/STATUSBAR-SignalClusterView(2113): mSeparateMobileGroup=8
04-13 01:17:25.764: D/STATUSBAR-SignalClusterView(2113): mSeparateMobileGroup=8
04-13 01:17:25.764: D/STATUSBAR-SignalClusterView(2113): mSeparateMobileGroup=8
04-13 01:17:30.068: D/BatteryService(2010): update start
04-13 01:17:30.068: D/BatteryService(2010): level:86 scale:100 status:2 health:2 present:true voltage: 4263 temperature: 326 technology: Li-ion AC powered:false USB powered:true icon:17303233 invalid charger:0
04-13 01:17:30.068: D/STATUSBAR-BatteryController(2113): onReceive() - ACTION_BATTERY_CHANGED
04-13 01:17:30.068: D/STATUSBAR-BatteryController(2113): onReceive() - level:86
04-13 01:17:30.068: D/STATUSBAR-BatteryController(2113): onReceive() - plugged:2
04-13 01:17:30.068: D/STATUSBAR-BatteryController(2113): onReceive() - BATTERY_STATUS_CHARGING:
04-13 01:17:30.078: E/MtpService(5628): In MTPAPP onReceive:android.intent.action.BATTERY_CHANGED
04-13 01:17:30.078: E/MtpService(5628): battPlugged Type : 2
04-13 01:17:30.078: D/STATUSBAR-PhoneStatusBar(2113): ACTION_BATTERY_CHANGED
04-13 01:17:30.078: D/STATUSBAR-PhoneStatusBar(2113): NORMAL_BATTERY
04-13 01:17:40.148: D/BatteryService(2010): update start
04-13 01:17:40.158: E/MtpService(5628): In MTPAPP onReceive:android.intent.action.BATTERY_CHANGED
04-13 01:17:40.158: E/MtpService(5628): battPlugged Type : 2
04-13 01:17:40.158: D/BatteryService(2010): level:86 scale:100 status:2 health:2 present:true voltage: 4265 temperature: 326 technology: Li-ion AC powered:false USB powered:true icon:17303233 invalid charger:0
04-13 01:17:40.158: D/STATUSBAR-BatteryController(2113): onReceive() - ACTION_BATTERY_CHANGED
04-13 01:17:40.158: D/STATUSBAR-BatteryController(2113): onReceive() - level:86
04-13 01:17:40.158: D/STATUSBAR-BatteryController(2113): onReceive() - plugged:2
04-13 01:17:40.158: D/STATUSBAR-BatteryController(2113): onReceive() - BATTERY_STATUS_CHARGING:
04-13 01:17:40.158: D/STATUSBAR-PhoneStatusBar(2113): ACTION_BATTERY_CHANGED
04-13 01:17:40.158: D/STATUSBAR-PhoneStatusBar(2113): NORMAL_BATTERY
04-13 01:17:49.837: D/STATUSBAR-NetworkController(2113): refreshSignalCluster: data=-1 bt=false
04-13 01:17:49.837: D/STATUSBAR-SignalClusterView(2113): mSeparateMobileGroup=8
04-13 01:17:49.837: D/STATUSBAR-SignalClusterView(2113): mSeparateMobileGroup=8
04-13 01:17:49.837: D/STATUSBAR-SignalClusterView(2113): mSeparateMobileGroup=8
04-13 01:17:50.368: D/BatteryService(2010): update start
04-13 01:17:50.378: D/BatteryService(2010): level:86 scale:100 status:2 health:2 present:true voltage: 4263 temperature: 326 technology: Li-ion AC powered:false USB powered:true icon:17303233 invalid charger:0
04-13 01:17:50.388: D/STATUSBAR-BatteryController(2113): onReceive() - ACTION_BATTERY_CHANGED
04-13 01:17:50.388: D/STATUSBAR-BatteryController(2113): onReceive() - level:86
04-13 01:17:50.388: D/STATUSBAR-BatteryController(2113): onReceive() - plugged:2
04-13 01:17:50.388: D/STATUSBAR-BatteryController(2113): onReceive() - BATTERY_STATUS_CHARGING:
04-13 01:17:50.388: D/STATUSBAR-PhoneStatusBar(2113): ACTION_BATTERY_CHANGED
04-13 01:17:50.388: D/STATUSBAR-PhoneStatusBar(2113): NORMAL_BATTERY
04-13 01:17:50.398: E/MtpService(5628): In MTPAPP onReceive:android.intent.action.BATTERY_CHANGED
04-13 01:17:50.398: E/MtpService(5628): battPlugged Type : 2
04-13 01:17:50.748: V/AlarmManager(2010): waitForAlarm result :4
04-13 01:17:50.748: V/AlarmManager(2010): trigger ELAPSED_REALTIME_WAKEUP or RTC_WAKEUP
04-13 01:17:50.758: W/AlarmManager(2010): FACTORY_ON= 0
04-13 01:17:51.509: E/Watchdog(2010): !@Sync 327
04-13 01:17:52.290: V/AlarmManager(2010): waitForAlarm result :8
04-13 01:17:52.850: D/STATUSBAR-NetworkController(2113): refreshSignalCluster: data=-1 bt=false
04-13 01:17:52.850: D/STATUSBAR-SignalClusterView(2113): mSeparateMobileGroup=8
04-13 01:17:52.850: D/STATUSBAR-SignalClusterView(2113): mSeparateMobileGroup=8
04-13 01:17:52.850: D/STATUSBAR-SignalClusterView(2113): mSeparateMobileGroup=8
04-13 01:17:59.867: D/STATUSBAR-NetworkController(2113): refreshSignalCluster: data=-1 bt=false
04-13 01:17:59.867: D/STATUSBAR-SignalClusterView(2113): mSeparateMobileGroup=8
04-13 01:17:59.867: D/STATUSBAR-SignalClusterView(2113): mSeparateMobileGroup=8
04-13 01:17:59.867: D/STATUSBAR-SignalClusterView(2113): mSeparateMobileGroup=8
04-13 01:17:59.997: V/AlarmManager(2010): waitForAlarm result :8
04-13 01:17:59.997: V/AlarmManager(2010): ClockReceiver onReceive() ACTION_TIME_TICK
04-13 01:18:00.007: W/AlarmManager(2010): FACTORY_ON= 0
04-13 01:18:00.017: D/STATUSBAR-Clock(2113): onReceive() - ACTION_TIME_TICK
04-13 01:18:00.037: D/STATUSBAR-Clock(2113): onReceive() - ACTION_TIME_TICK
04-13 01:18:00.060: D/widget(2290): [MSC_HERO_Accu_JB]>>> SM:1288 [0:0] bTCC WCV = 100
04-13 01:18:00.070: D/widget(2290): [MSC_HERO_Accu_JB]>>> WC:1664 [0:0] drw 1nd Tm dt = 0118
04-13 01:18:00.070: D/ClockAlarmWidgetService(8173): [ClockAlarmWidgetService] onReceive: action = android.intent.action.TIME_TICK
04-13 01:18:00.080: E/ClockAlarmWidget(8173): [AlarmWidgetIdManager] getListItem() : itemIndex=0, widgetID:1
04-13 01:18:00.080: E/ClockAlarmWidget(8173): [AlarmWidgetIdManager] getListItem() : ItemIndex exceed ListItemCount. itemIndex=1
04-13 01:18:00.080: E/ClockAlarmWidget(8173): [AlarmWidgetIdManager] getListItem() : itemIndex=1, widgetID:1
04-13 01:18:00.090: D/ClockAlarmDataProvider(8173): getAlarm() - too many same ID alarm data. nCount: 0
04-13 01:18:00.410: D/BatteryService(2010): update start
04-13 01:18:00.420: D/BatteryService(2010): level:86 scale:100 status:2 health:2 present:true voltage: 4265 temperature: 326 technology: Li-ion AC powered:false USB powered:true icon:17303233 invalid charger:0
04-13 01:18:00.430: D/STATUSBAR-BatteryController(2113): onReceive() - ACTION_BATTERY_CHANGED
04-13 01:18:00.430: D/STATUSBAR-BatteryController(2113): onReceive() - level:86
04-13 01:18:00.430: D/STATUSBAR-BatteryController(2113): onReceive() - plugged:2
04-13 01:18:00.430: D/STATUSBAR-BatteryController(2113): onReceive() - BATTERY_STATUS_CHARGING:
04-13 01:18:00.430: D/STATUSBAR-PhoneStatusBar(2113): ACTION_BATTERY_CHANGED
04-13 01:18:00.430: D/STATUSBAR-PhoneStatusBar(2113): NORMAL_BATTERY
04-13 01:18:00.440: E/MtpService(5628): In MTPAPP onReceive:android.intent.action.BATTERY_CHANGED
04-13 01:18:00.440: E/MtpService(5628): battPlugged Type : 2
04-13 01:18:01.881: D/STATUSBAR-NetworkController(2113): refreshSignalCluster: data=-1 bt=false
04-13 01:18:01.881: D/STATUSBAR-SignalClusterView(2113): mSeparateMobileGroup=8
04-13 01:18:01.881: D/STATUSBAR-SignalClusterView(2113): mSeparateMobileGroup=8
04-13 01:18:01.881: D/STATUSBAR-SignalClusterView(2113): mSeparateMobileGroup=8
04-13 01:18:02.371: D/STATUSBAR-NetworkController(2113): onReceive() - RSSI_CHANGED_ACTION, WIFI_STATE, NETWORK_STATE
04-13 01:18:02.371: D/STATUSBAR-NetworkController(2113): refreshSignalCluster: data=-1 bt=false
04-13 01:18:02.371: D/STATUSBAR-SignalClusterView(2113): mSeparateMobileGroup=8
04-13 01:18:02.371: D/STATUSBAR-SignalClusterView(2113): mSeparateMobileGroup=8
04-13 01:18:02.371: D/STATUSBAR-SignalClusterView(2113): mSeparateMobileGroup=8
04-13 01:18:05.394: D/STATUSBAR-NetworkController(2113): onReceive() - RSSI_CHANGED_ACTION, WIFI_STATE, NETWORK_STATE
04-13 01:18:05.394: D/STATUSBAR-NetworkController(2113): refreshSignalCluster: data=-1 bt=false
04-13 01:18:05.394: D/STATUSBAR-SignalClusterView(2113): mSeparateMobileGroup=8
04-13 01:18:05.394: D/STATUSBAR-SignalClusterView(2113): mSeparateMobileGroup=8
04-13 01:18:05.394: D/STATUSBAR-SignalClusterView(2113): mSeparateMobileGroup=8
04-13 01:18:08.898: D/STATUSBAR-NetworkController(2113): refreshSignalCluster: data=-1 bt=false
04-13 01:18:08.898: D/STATUSBAR-SignalClusterView(2113): mSeparateMobileGroup=8
04-13 01:18:08.898: D/STATUSBAR-SignalClusterView(2113): mSeparateMobileGroup=8
04-13 01:18:08.898: D/STATUSBAR-SignalClusterView(2113): mSeparateMobileGroup=8
04-13 01:18:10.559: D/BatteryService(2010): update start
04-13 01:18:10.559: D/BatteryService(2010): level:86 scale:100 status:2 health:2 present:true voltage: 4260 temperature: 328 technology: Li-ion AC powered:false USB powered:true icon:17303233 invalid charger:0
04-13 01:18:10.569: E/MtpService(5628): In MTPAPP onReceive:android.intent.action.BATTERY_CHANGED
04-13 01:18:10.569: E/MtpService(5628): battPlugged Type : 2
04-13 01:18:10.569: D/STATUSBAR-BatteryController(2113): onReceive() - ACTION_BATTERY_CHANGED
04-13 01:18:10.569: D/STATUSBAR-BatteryController(2113): onReceive() - level:86
04-13 01:18:10.569: D/STATUSBAR-BatteryController(2113): onReceive() - plugged:2
04-13 01:18:10.569: D/STATUSBAR-BatteryController(2113): onReceive() - BATTERY_STATUS_CHARGING:
04-13 01:18:10.569: D/STATUSBAR-PhoneStatusBar(2113): ACTION_BATTERY_CHANGED
04-13 01:18:10.569: D/STATUSBAR-PhoneStatusBar(2113): NORMAL_BATTERY
04-13 01:18:12.911: D/STATUSBAR-NetworkController(2113): refreshSignalCluster: data=-1 bt=false
04-13 01:18:12.911: D/STATUSBAR-SignalClusterView(2113): mSeparateMobileGroup=8
04-13 01:18:12.911: D/STATUSBAR-SignalClusterView(2113): mSeparateMobileGroup=8
04-13 01:18:12.911: D/STATUSBAR-SignalClusterView(2113): mSeparateMobileGroup=8
04-13 01:18:16.235: W/SignalStrength(2113): getGsmLevel=3
04-13 01:18:16.235: W/SignalStrength(2113): getLevel=3 (SignalStrength: 99 -1 -1 -1 -1 -1 -1 -1 -1 -1 -1 -1 gsm|lte 3)
04-13 01:18:16.235: W/SignalStrength(2113): getGsmLevel=3
04-13 01:18:16.235: W/SignalStrength(2113): getLevel=3 (SignalStrength: 99 -1 -1 -1 -1 -1 -1 -1 -1 -1 -1 -1 gsm|lte 3)
04-13 01:18:16.235: D/STATUSBAR-NetworkController(2113): onSignalStrengthsChanged signalStrength=SignalStrength: 99 -1 -1 -1 -1 -1 -1 -1 -1 -1 -1 -1 gsm|lte 3 level=3
04-13 01:18:16.235: D/STATUSBAR-NetworkController(2113): refreshSignalCluster: data=-1 bt=false
04-13 01:18:16.245: W/SignalStrength(2010): getGsmLevel=3
04-13 01:18:16.245: W/SignalStrength(2010): getLevel=3 (SignalStrength: 99 -1 -1 -1 -1 -1 -1 -1 -1 -1 -1 -1 gsm|lte 3)
04-13 01:18:16.245: W/SignalStrength(2010): getGsmDbm=-1
04-13 01:18:16.245: W/SignalStrength(2010): getDbm=-1
04-13 01:18:16.245: W/SignalStrength(2010): getGsmAsuLevel=99
04-13 01:18:16.245: W/SignalStrength(2010): getAsuLevel=99
04-13 01:18:16.245: D/STATUSBAR-SignalClusterView(2113): mSeparateMobileGroup=8
04-13 01:18:16.245: D/STATUSBAR-SignalClusterView(2113): mSeparateMobileGroup=8
04-13 01:18:16.245: D/STATUSBAR-SignalClusterView(2113): mSeparateMobileGroup=8
04-13 01:18:16.925: D/STATUSBAR-NetworkController(2113): refreshSignalCluster: data=-1 bt=false
04-13 01:18:16.925: D/STATUSBAR-SignalClusterView(2113): mSeparateMobileGroup=8
04-13 01:18:16.925: D/STATUSBAR-SignalClusterView(2113): mSeparateMobileGroup=8
04-13 01:18:16.925: D/STATUSBAR-SignalClusterView(2113): mSeparateMobileGroup=8
04-13 01:18:17.926: D/STATUSBAR-NetworkController(2113): refreshSignalCluster: data=-1 bt=false
04-13 01:18:17.926: D/STATUSBAR-SignalClusterView(2113): mSeparateMobileGroup=8
04-13 01:18:17.926: D/STATUSBAR-SignalClusterView(2113): mSeparateMobileGroup=8
04-13 01:18:17.926: D/STATUSBAR-SignalClusterView(2113): mSeparateMobileGroup=8
04-13 01:18:19.938: D/STATUSBAR-NetworkController(2113): refreshSignalCluster: data=-1 bt=false
04-13 01:18:19.938: D/STATUSBAR-SignalClusterView(2113): mSeparateMobileGroup=8
04-13 01:18:19.938: D/STATUSBAR-SignalClusterView(2113): mSeparateMobileGroup=8
04-13 01:18:19.938: D/STATUSBAR-SignalClusterView(2113): mSeparateMobileGroup=8
04-13 01:18:20.008: D/dalvikvm(2113): GC_CONCURRENT freed 1796K, 16% free 13720K/16327K, paused 18ms+4ms, total 72ms
04-13 01:18:20.609: D/BatteryService(2010): update start
04-13 01:18:20.619: E/MtpService(5628): In MTPAPP onReceive:android.intent.action.BATTERY_CHANGED
04-13 01:18:20.619: E/MtpService(5628): battPlugged Type : 2
04-13 01:18:20.619: D/BatteryService(2010): level:87 scale:100 status:2 health:2 present:true voltage: 4265 temperature: 326 technology: Li-ion AC powered:false USB powered:true icon:17303233 invalid charger:0
04-13 01:18:20.619: D/STATUSBAR-BatteryController(2113): onReceive() - ACTION_BATTERY_CHANGED
04-13 01:18:20.619: D/STATUSBAR-BatteryController(2113): onReceive() - level:87
04-13 01:18:20.619: D/STATUSBAR-BatteryController(2113): onReceive() - plugged:2
04-13 01:18:20.619: D/STATUSBAR-BatteryController(2113): onReceive() - BATTERY_STATUS_CHARGING:
04-13 01:18:20.619: D/STATUSBAR-PhoneStatusBar(2113): ACTION_BATTERY_CHANGED
04-13 01:18:20.619: D/STATUSBAR-PhoneStatusBar(2113): NORMAL_BATTERY
04-13 01:18:20.939: D/STATUSBAR-NetworkController(2113): refreshSignalCluster: data=-1 bt=false
04-13 01:18:20.939: D/STATUSBAR-SignalClusterView(2113): mSeparateMobileGroup=8
04-13 01:18:20.939: D/STATUSBAR-SignalClusterView(2113): mSeparateMobileGroup=8
04-13 01:18:20.939: D/STATUSBAR-SignalClusterView(2113): mSeparateMobileGroup=8
04-13 01:18:21.510: E/Watchdog(2010): !@Sync 328
04-13 01:18:21.950: D/STATUSBAR-NetworkController(2113): refreshSignalCluster: data=-1 bt=false
04-13 01:18:21.950: D/STATUSBAR-SignalClusterView(2113): mSeparateMobileGroup=8
04-13 01:18:21.950: D/STATUSBAR-SignalClusterView(2113): mSeparateMobileGroup=8
04-13 01:18:21.950: D/STATUSBAR-SignalClusterView(2113): mSeparateMobileGroup=8
04-13 01:18:22.951: D/STATUSBAR-NetworkController(2113): refreshSignalCluster: data=-1 bt=false
04-13 01:18:22.951: D/STATUSBAR-SignalClusterView(2113): mSeparateMobileGroup=8
04-13 01:18:22.951: D/STATUSBAR-SignalClusterView(2113): mSeparateMobileGroup=8
04-13 01:18:22.951: D/STATUSBAR-SignalClusterView(2113): mSeparateMobileGroup=8
04-13 01:18:23.952: D/STATUSBAR-NetworkController(2113): refreshSignalCluster: data=-1 bt=false
04-13 01:18:23.952: D/STATUSBAR-SignalClusterView(2113): mSeparateMobileGroup=8
04-13 01:18:23.952: D/STATUSBAR-SignalClusterView(2113): mSeparateMobileGroup=8
04-13 01:18:23.952: D/STATUSBAR-SignalClusterView(2113): mSeparateMobileGroup=8
04-13 01:18:24.953: D/STATUSBAR-NetworkController(2113): refreshSignalCluster: data=-1 bt=false
04-13 01:18:24.953: D/STATUSBAR-SignalClusterView(2113): mSeparateMobileGroup=8
04-13 01:18:24.953: D/STATUSBAR-SignalClusterView(2113): mSeparateMobileGroup=8
04-13 01:18:24.953: D/STATUSBAR-SignalClusterView(2113): mSeparateMobileGroup=8
04-13 01:18:30.999: D/BatteryService(2010): update start
04-13 01:18:31.009: D/BatteryService(2010): level:87 scale:100 status:2 health:2 present:true voltage: 4270 temperature: 326 technology: Li-ion AC powered:false USB powered:true icon:17303233 invalid charger:0
04-13 01:18:31.009: D/STATUSBAR-BatteryController(2113): onReceive() - ACTION_BATTERY_CHANGED
04-13 01:18:31.019: D/STATUSBAR-BatteryController(2113): onReceive() - level:87
04-13 01:18:31.019: D/STATUSBAR-BatteryController(2113): onReceive() - plugged:2
04-13 01:18:31.019: D/STATUSBAR-BatteryController(2113): onReceive() - BATTERY_STATUS_CHARGING:
04-13 01:18:31.019: D/STATUSBAR-PhoneStatusBar(2113): ACTION_BATTERY_CHANGED
04-13 01:18:31.019: D/STATUSBAR-PhoneStatusBar(2113): NORMAL_BATTERY
04-13 01:18:31.029: E/MtpService(5628): In MTPAPP onReceive:android.intent.action.BATTERY_CHANGED
04-13 01:18:31.029: E/MtpService(5628): battPlugged Type : 2
04-13 01:18:36.444: W/SignalStrength(2010): getGsmLevel=2
04-13 01:18:36.444: W/SignalStrength(2010): getLevel=2 (SignalStrength: 99 -1 -1 -1 -1 -1 -1 -1 -1 -1 -1 -1 gsm|lte 2)
04-13 01:18:36.444: W/SignalStrength(2113): getGsmLevel=2
04-13 01:18:36.444: W/SignalStrength(2113): getLevel=2 (SignalStrength: 99 -1 -1 -1 -1 -1 -1 -1 -1 -1 -1 -1 gsm|lte 2)
04-13 01:18:36.444: W/SignalStrength(2113): getGsmLevel=2
04-13 01:18:36.444: W/SignalStrength(2113): getLevel=2 (SignalStrength: 99 -1 -1 -1 -1 -1 -1 -1 -1 -1 -1 -1 gsm|lte 2)
04-13 01:18:36.444: D/STATUSBAR-NetworkController(2113): onSignalStrengthsChanged signalStrength=SignalStrength: 99 -1 -1 -1 -1 -1 -1 -1 -1 -1 -1 -1 gsm|lte 2 level=2
04-13 01:18:36.444: D/STATUSBAR-NetworkController(2113): refreshSignalCluster: data=-1 bt=false
04-13 01:18:36.454: W/SignalStrength(2010): getGsmDbm=-1
04-13 01:18:36.454: W/SignalStrength(2010): getDbm=-1
04-13 01:18:36.454: W/SignalStrength(2010): getGsmAsuLevel=99
04-13 01:18:36.454: W/SignalStrength(2010): getAsuLevel=99
04-13 01:18:36.454: D/STATUSBAR-SignalClusterView(2113): mSeparateMobileGroup=8
04-13 01:18:36.454: D/STATUSBAR-SignalClusterView(2113): mSeparateMobileGroup=8
04-13 01:18:36.454: D/STATUSBAR-SignalClusterView(2113): mSeparateMobileGroup=8
04-13 01:18:38.997: D/STATUSBAR-NetworkController(2113): refreshSignalCluster: data=-1 bt=false
04-13 01:18:39.007: D/STATUSBAR-SignalClusterView(2113): mSeparateMobileGroup=8
04-13 01:18:39.007: D/STATUSBAR-SignalClusterView(2113): mSeparateMobileGroup=8
04-13 01:18:39.007: D/STATUSBAR-SignalClusterView(2113): mSeparateMobileGroup=8
04-13 01:18:41.129: D/BatteryService(2010): update start
04-13 01:18:41.139: D/BatteryService(2010): level:87 scale:100 status:2 health:2 present:true voltage: 4260 temperature: 328 technology: Li-ion AC powered:false USB powered:true icon:17303233 invalid charger:0
04-13 01:18:41.139: D/STATUSBAR-BatteryController(2113): onReceive() - ACTION_BATTERY_CHANGED
04-13 01:18:41.139: D/STATUSBAR-BatteryController(2113): onReceive() - level:87
04-13 01:18:41.139: D/STATUSBAR-BatteryController(2113): onReceive() - plugged:2
04-13 01:18:41.139: D/STATUSBAR-BatteryController(2113): onReceive() - BATTERY_STATUS_CHARGING:
04-13 01:18:41.149: D/STATUSBAR-PhoneStatusBar(2113): ACTION_BATTERY_CHANGED
04-13 01:18:41.149: D/STATUSBAR-PhoneStatusBar(2113): NORMAL_BATTERY
04-13 01:18:41.159: E/MtpService(5628): In MTPAPP onReceive:android.intent.action.BATTERY_CHANGED
04-13 01:18:41.159: E/MtpService(5628): battPlugged Type : 2
04-13 01:18:43.021: D/STATUSBAR-NetworkController(2113): refreshSignalCluster: data=-1 bt=false
04-13 01:18:43.021: D/STATUSBAR-SignalClusterView(2113): mSeparateMobileGroup=8
04-13 01:18:43.021: D/STATUSBAR-SignalClusterView(2113): mSeparateMobileGroup=8
04-13 01:18:43.021: D/STATUSBAR-SignalClusterView(2113): mSeparateMobileGroup=8
04-13 01:18:45.013: D/STATUSBAR-NetworkController(2113): refreshSignalCluster: data=-1 bt=false
04-13 01:18:45.023: D/STATUSBAR-SignalClusterView(2113): mSeparateMobileGroup=8
04-13 01:18:45.023: D/STATUSBAR-SignalClusterView(2113): mSeparateMobileGroup=8
04-13 01:18:45.023: D/STATUSBAR-SignalClusterView(2113): mSeparateMobileGroup=8
04-13 01:18:46.024: D/STATUSBAR-NetworkController(2113): refreshSignalCluster: data=-1 bt=false
04-13 01:18:46.024: D/STATUSBAR-SignalClusterView(2113): mSeparateMobileGroup=8
04-13 01:18:46.024: D/STATUSBAR-SignalClusterView(2113): mSeparateMobileGroup=8
04-13 01:18:46.024: D/STATUSBAR-SignalClusterView(2113): mSeparateMobileGroup=8
04-13 01:18:47.775: D/STATUSBAR-NetworkController(2113): onReceive() - RSSI_CHANGED_ACTION, WIFI_STATE, NETWORK_STATE
04-13 01:18:47.775: D/STATUSBAR-NetworkController(2113): refreshSignalCluster: data=-1 bt=false
04-13 01:18:47.775: D/STATUSBAR-SignalClusterView(2113): mSeparateMobileGroup=8
04-13 01:18:47.775: D/STATUSBAR-SignalClusterView(2113): mSeparateMobileGroup=8
04-13 01:18:47.775: D/STATUSBAR-SignalClusterView(2113): mSeparateMobileGroup=8
04-13 01:18:48.026: D/STATUSBAR-NetworkController(2113): refreshSignalCluster: data=-1 bt=false
04-13 01:18:48.026: D/STATUSBAR-SignalClusterView(2113): mSeparateMobileGroup=8
04-13 01:18:48.026: D/STATUSBAR-SignalClusterView(2113): mSeparateMobileGroup=8
04-13 01:18:48.026: D/STATUSBAR-SignalClusterView(2113): mSeparateMobileGroup=8
04-13 01:18:49.037: D/STATUSBAR-NetworkController(2113): refreshSignalCluster: data=-1 bt=false
04-13 01:18:49.037: D/STATUSBAR-SignalClusterView(2113): mSeparateMobileGroup=8
04-13 01:18:49.037: D/STATUSBAR-SignalClusterView(2113): mSeparateMobileGroup=8
04-13 01:18:49.037: D/STATUSBAR-SignalClusterView(2113): mSeparateMobileGroup=8
04-13 01:18:51.049: D/STATUSBAR-NetworkController(2113): refreshSignalCluster: data=-1 bt=false
04-13 01:18:51.049: D/STATUSBAR-SignalClusterView(2113): mSeparateMobileGroup=8
04-13 01:18:51.049: D/STATUSBAR-SignalClusterView(2113): mSeparateMobileGroup=8
04-13 01:18:51.049: D/STATUSBAR-SignalClusterView(2113): mSeparateMobileGroup=8
04-13 01:18:51.249: E/MtpService(5628): In MTPAPP onReceive:android.intent.action.BATTERY_CHANGED
04-13 01:18:51.249: D/BatteryService(2010): update start
04-13 01:18:51.249: D/BatteryService(2010): level:87 scale:100 status:2 health:2 present:true voltage: 4263 temperature: 328 technology: Li-ion AC powered:false USB powered:true icon:17303233 invalid charger:0
04-13 01:18:51.249: D/STATUSBAR-BatteryController(2113): onReceive() - ACTION_BATTERY_CHANGED
04-13 01:18:51.249: D/STATUSBAR-BatteryController(2113): onReceive() - level:87
04-13 01:18:51.249: D/STATUSBAR-BatteryController(2113): onReceive() - plugged:2
04-13 01:18:51.249: D/STATUSBAR-BatteryController(2113): onReceive() - BATTERY_STATUS_CHARGING:
04-13 01:18:51.249: D/STATUSBAR-PhoneStatusBar(2113): ACTION_BATTERY_CHANGED
04-13 01:18:51.249: D/STATUSBAR-PhoneStatusBar(2113): NORMAL_BATTERY
04-13 01:18:51.259: E/MtpService(5628): battPlugged Type : 2
04-13 01:18:51.509: E/Watchdog(2010): !@Sync 329
04-13 01:18:53.061: D/STATUSBAR-NetworkController(2113): refreshSignalCluster: data=-1 bt=false
04-13 01:18:53.061: D/STATUSBAR-SignalClusterView(2113): mSeparateMobileGroup=8
04-13 01:18:53.061: D/STATUSBAR-SignalClusterView(2113): mSeparateMobileGroup=8
04-13 01:18:53.061: D/STATUSBAR-SignalClusterView(2113): mSeparateMobileGroup=8
04-13 01:18:53.831: D/STATUSBAR-NetworkController(2113): onReceive() - RSSI_CHANGED_ACTION, WIFI_STATE, NETWORK_STATE
04-13 01:18:53.831: D/STATUSBAR-NetworkController(2113): refreshSignalCluster: data=-1 bt=false
04-13 01:18:53.831: D/STATUSBAR-SignalClusterView(2113): mSeparateMobileGroup=8
04-13 01:18:53.831: D/STATUSBAR-SignalClusterView(2113): mSeparateMobileGroup=8
04-13 01:18:53.831: D/STATUSBAR-SignalClusterView(2113): mSeparateMobileGroup=8
04-13 01:18:54.052: D/STATUSBAR-NetworkController(2113): refreshSignalCluster: data=-1 bt=false
04-13 01:18:54.052: D/STATUSBAR-SignalClusterView(2113): mSeparateMobileGroup=8
04-13 01:18:54.052: D/STATUSBAR-SignalClusterView(2113): mSeparateMobileGroup=8
04-13 01:18:54.052: D/STATUSBAR-SignalClusterView(2113): mSeparateMobileGroup=8
04-13 01:18:55.053: D/STATUSBAR-NetworkController(2113): refreshSignalCluster: data=-1 bt=false
04-13 01:18:55.053: D/STATUSBAR-SignalClusterView(2113): mSeparateMobileGroup=8
04-13 01:18:55.053: D/STATUSBAR-SignalClusterView(2113): mSeparateMobileGroup=8
04-13 01:18:55.053: D/STATUSBAR-SignalClusterView(2113): mSeparateMobileGroup=8
04-13 01:18:57.065: D/STATUSBAR-NetworkController(2113): refreshSignalCluster: data=-1 bt=false
04-13 01:18:57.065: D/STATUSBAR-SignalClusterView(2113): mSeparateMobileGroup=8
04-13 01:18:57.065: D/STATUSBAR-SignalClusterView(2113): mSeparateMobileGroup=8
04-13 01:18:57.065: D/STATUSBAR-SignalClusterView(2113): mSeparateMobileGroup=8
04-13 01:18:58.065: D/STATUSBAR-NetworkController(2113): refreshSignalCluster: data=-1 bt=false
04-13 01:18:58.065: D/STATUSBAR-SignalClusterView(2113): mSeparateMobileGroup=8
04-13 01:18:58.065: D/STATUSBAR-SignalClusterView(2113): mSeparateMobileGroup=8
04-13 01:18:58.065: D/STATUSBAR-SignalClusterView(2113): mSeparateMobileGroup=8
04-13 01:18:59.987: V/AlarmManager(2010): waitForAlarm result :8
04-13 01:18:59.997: V/AlarmManager(2010): ClockReceiver onReceive() ACTION_TIME_TICK
04-13 01:18:59.997: W/AlarmManager(2010): FACTORY_ON= 0
04-13 01:19:00.017: D/STATUSBAR-Clock(2113): onReceive() - ACTION_TIME_TICK
04-13 01:19:00.060: D/STATUSBAR-Clock(2113): onReceive() - ACTION_TIME_TICK
04-13 01:19:00.090: D/widget(2290): [MSC_HERO_Accu_JB]>>> SM:1288 [0:0] bTCC WCV = 100
04-13 01:19:00.090: D/widget(2290): [MSC_HERO_Accu_JB]>>> WC:1664 [0:0] drw 1nd Tm dt = 0119
04-13 01:19:00.100: D/ClockAlarmWidgetService(8173): [ClockAlarmWidgetService] onReceive: action = android.intent.action.TIME_TICK
04-13 01:19:00.100: E/ClockAlarmWidget(8173): [AlarmWidgetIdManager] getListItem() : itemIndex=0, widgetID:1
04-13 01:19:00.100: E/ClockAlarmWidget(8173): [AlarmWidgetIdManager] getListItem() : ItemIndex exceed ListItemCount. itemIndex=1
04-13 01:19:00.100: E/ClockAlarmWidget(8173): [AlarmWidgetIdManager] getListItem() : itemIndex=1, widgetID:1
04-13 01:19:00.120: D/ClockAlarmDataProvider(8173): getAlarm() - too many same ID alarm data. nCount: 0
04-13 01:19:01.320: D/BatteryService(2010): update start
04-13 01:19:01.320: D/BatteryService(2010): level:87 scale:100 status:2 health:2 present:true voltage: 4273 temperature: 328 technology: Li-ion AC powered:false USB powered:true icon:17303233 invalid charger:0
04-13 01:19:01.330: E/MtpService(5628): In MTPAPP onReceive:android.intent.action.BATTERY_CHANGED
04-13 01:19:01.330: E/MtpService(5628): battPlugged Type : 2
04-13 01:19:01.330: D/STATUSBAR-BatteryController(2113): onReceive() - ACTION_BATTERY_CHANGED
04-13 01:19:01.330: D/STATUSBAR-BatteryController(2113): onReceive() - level:87
04-13 01:19:01.330: D/STATUSBAR-BatteryController(2113): onReceive() - plugged:2
04-13 01:19:01.330: D/STATUSBAR-BatteryController(2113): onReceive() - BATTERY_STATUS_CHARGING:
04-13 01:19:01.330: D/STATUSBAR-PhoneStatusBar(2113): ACTION_BATTERY_CHANGED
04-13 01:19:01.330: D/STATUSBAR-PhoneStatusBar(2113): NORMAL_BATTERY
04-13 01:19:09.108: D/STATUSBAR-NetworkController(2113): refreshSignalCluster: data=-1 bt=false
04-13 01:19:09.108: D/STATUSBAR-SignalClusterView(2113): mSeparateMobileGroup=8
04-13 01:19:09.108: D/STATUSBAR-SignalClusterView(2113): mSeparateMobileGroup=8
04-13 01:19:09.108: D/STATUSBAR-SignalClusterView(2113): mSeparateMobileGroup=8
04-13 01:19:10.109: D/STATUSBAR-NetworkController(2113): refreshSignalCluster: data=-1 bt=false
04-13 01:19:10.109: D/STATUSBAR-SignalClusterView(2113): mSeparateMobileGroup=8
04-13 01:19:10.109: D/STATUSBAR-SignalClusterView(2113): mSeparateMobileGroup=8
04-13 01:19:10.109: D/STATUSBAR-SignalClusterView(2113): mSeparateMobileGroup=8
04-13 01:19:11.410: D/BatteryService(2010): update start
04-13 01:19:13.122: D/STATUSBAR-NetworkController(2113): refreshSignalCluster: data=-1 bt=false
04-13 01:19:13.122: D/STATUSBAR-SignalClusterView(2113): mSeparateMobileGroup=8
04-13 01:19:13.122: D/STATUSBAR-SignalClusterView(2113): mSeparateMobileGroup=8
04-13 01:19:13.122: D/STATUSBAR-SignalClusterView(2113): mSeparateMobileGroup=8
04-13 01:19:15.124: D/STATUSBAR-NetworkController(2113): refreshSignalCluster: data=-1 bt=false
04-13 01:19:15.124: D/STATUSBAR-SignalClusterView(2113): mSeparateMobileGroup=8
04-13 01:19:15.124: D/STATUSBAR-SignalClusterView(2113): mSeparateMobileGroup=8
04-13 01:19:15.124: D/STATUSBAR-SignalClusterView(2113): mSeparateMobileGroup=8
04-13 01:19:16.125: D/STATUSBAR-NetworkController(2113): refreshSignalCluster: data=-1 bt=false
04-13 01:19:16.125: D/STATUSBAR-SignalClusterView(2113): mSeparateMobileGroup=8
04-13 01:19:16.125: D/STATUSBAR-SignalClusterView(2113): mSeparateMobileGroup=8
04-13 01:19:16.125: D/STATUSBAR-SignalClusterView(2113): mSeparateMobileGroup=8
04-13 01:19:17.126: D/STATUSBAR-NetworkController(2113): refreshSignalCluster: data=-1 bt=false
04-13 01:19:17.126: D/STATUSBAR-SignalClusterView(2113): mSeparateMobileGroup=8
04-13 01:19:17.136: D/STATUSBAR-SignalClusterView(2113): mSeparateMobileGroup=8
04-13 01:19:17.136: D/STATUSBAR-SignalClusterView(2113): mSeparateMobileGroup=8
04-13 01:19:19.137: D/STATUSBAR-NetworkController(2113): refreshSignalCluster: data=-1 bt=false
04-13 01:19:19.137: D/STATUSBAR-SignalClusterView(2113): mSeparateMobileGroup=8
04-13 01:19:19.137: D/STATUSBAR-SignalClusterView(2113): mSeparateMobileGroup=8
04-13 01:19:19.137: D/STATUSBAR-SignalClusterView(2113): mSeparateMobileGroup=8
04-13 01:19:21.149: D/STATUSBAR-NetworkController(2113): refreshSignalCluster: data=-1 bt=false
04-13 01:19:21.149: D/STATUSBAR-SignalClusterView(2113): mSeparateMobileGroup=8
04-13 01:19:21.149: D/STATUSBAR-SignalClusterView(2113): mSeparateMobileGroup=8
04-13 01:19:21.149: D/STATUSBAR-SignalClusterView(2113): mSeparateMobileGroup=8
04-13 01:19:21.430: D/BatteryService(2010): update start
04-13 01:19:21.510: E/Watchdog(2010): !@Sync 330
04-13 01:19:22.150: D/STATUSBAR-NetworkController(2113): refreshSignalCluster: data=-1 bt=false
04-13 01:19:22.150: D/STATUSBAR-SignalClusterView(2113): mSeparateMobileGroup=8
04-13 01:19:22.150: D/STATUSBAR-SignalClusterView(2113): mSeparateMobileGroup=8
04-13 01:19:22.150: D/STATUSBAR-SignalClusterView(2113): mSeparateMobileGroup=8
04-13 01:19:23.151: D/STATUSBAR-NetworkController(2113): refreshSignalCluster: data=-1 bt=false
04-13 01:19:23.151: D/STATUSBAR-SignalClusterView(2113): mSeparateMobileGroup=8
04-13 01:19:23.151: D/STATUSBAR-SignalClusterView(2113): mSeparateMobileGroup=8
04-13 01:19:23.151: D/STATUSBAR-SignalClusterView(2113): mSeparateMobileGroup=8
04-13 01:19:24.152: D/STATUSBAR-NetworkController(2113): refreshSignalCluster: data=-1 bt=false
04-13 01:19:24.152: D/STATUSBAR-SignalClusterView(2113): mSeparateMobileGroup=8
04-13 01:19:24.152: D/STATUSBAR-SignalClusterView(2113): mSeparateMobileGroup=8
04-13 01:19:24.152: D/STATUSBAR-SignalClusterView(2113): mSeparateMobileGroup=8
04-13 01:19:25.153: D/STATUSBAR-NetworkController(2113): refreshSignalCluster: data=-1 bt=false
04-13 01:19:25.153: D/STATUSBAR-SignalClusterView(2113): mSeparateMobileGroup=8
04-13 01:19:25.153: D/STATUSBAR-SignalClusterView(2113): mSeparateMobileGroup=8
04-13 01:19:25.153: D/STATUSBAR-SignalClusterView(2113): mSeparateMobileGroup=8
04-13 01:19:28.166: D/STATUSBAR-NetworkController(2113): refreshSignalCluster: data=-1 bt=false
04-13 01:19:28.166: D/STATUSBAR-SignalClusterView(2113): mSeparateMobileGroup=8
04-13 01:19:28.166: D/STATUSBAR-SignalClusterView(2113): mSeparateMobileGroup=8
04-13 01:19:28.166: D/STATUSBAR-SignalClusterView(2113): mSeparateMobileGroup=8
04-13 01:19:30.168: D/STATUSBAR-NetworkController(2113): refreshSignalCluster: data=-1 bt=false
04-13 01:19:30.178: D/STATUSBAR-SignalClusterView(2113): mSeparateMobileGroup=8
04-13 01:19:30.178: D/STATUSBAR-SignalClusterView(2113): mSeparateMobileGroup=8
04-13 01:19:30.178: D/STATUSBAR-SignalClusterView(2113): mSeparateMobileGroup=8
04-13 01:19:31.179: D/STATUSBAR-NetworkController(2113): refreshSignalCluster: data=-1 bt=false
04-13 01:19:31.179: D/STATUSBAR-SignalClusterView(2113): mSeparateMobileGroup=8
04-13 01:19:31.179: D/STATUSBAR-SignalClusterView(2113): mSeparateMobileGroup=8
04-13 01:19:31.179: D/STATUSBAR-SignalClusterView(2113): mSeparateMobileGroup=8
04-13 01:19:31.570: D/BatteryService(2010): update start
04-13 01:19:31.570: D/BatteryService(2010): level:87 scale:100 status:2 health:2 present:true voltage: 4270 temperature: 328 technology: Li-ion AC powered:false USB powered:true icon:17303233 invalid charger:0
04-13 01:19:31.580: E/MtpService(5628): In MTPAPP onReceive:android.intent.action.BATTERY_CHANGED
04-13 01:19:31.580: E/MtpService(5628): battPlugged Type : 2
04-13 01:19:31.580: D/STATUSBAR-BatteryController(2113): onReceive() - ACTION_BATTERY_CHANGED
04-13 01:19:31.580: D/STATUSBAR-BatteryController(2113): onReceive() - level:87
04-13 01:19:31.580: D/STATUSBAR-BatteryController(2113): onReceive() - plugged:2
04-13 01:19:31.580: D/STATUSBAR-BatteryController(2113): onReceive() - BATTERY_STATUS_CHARGING:
04-13 01:19:31.580: D/STATUSBAR-PhoneStatusBar(2113): ACTION_BATTERY_CHANGED
04-13 01:19:31.580: D/STATUSBAR-PhoneStatusBar(2113): NORMAL_BATTERY
04-13 01:19:32.180: D/STATUSBAR-NetworkController(2113): refreshSignalCluster: data=-1 bt=false
04-13 01:19:32.180: D/STATUSBAR-SignalClusterView(2113): mSeparateMobileGroup=8
04-13 01:19:32.180: D/STATUSBAR-SignalClusterView(2113): mSeparateMobileGroup=8
04-13 01:19:32.180: D/STATUSBAR-SignalClusterView(2113): mSeparateMobileGroup=8
04-13 01:19:35.183: D/STATUSBAR-NetworkController(2113): refreshSignalCluster: data=-1 bt=false
04-13 01:19:35.193: D/STATUSBAR-SignalClusterView(2113): mSeparateMobileGroup=8
04-13 01:19:35.193: D/STATUSBAR-SignalClusterView(2113): mSeparateMobileGroup=8
04-13 01:19:35.193: D/STATUSBAR-SignalClusterView(2113): mSeparateMobileGroup=8
04-13 01:19:36.184: D/STATUSBAR-NetworkController(2113): onReceive() - RSSI_CHANGED_ACTION, WIFI_STATE, NETWORK_STATE
04-13 01:19:36.184: D/STATUSBAR-NetworkController(2113): refreshSignalCluster: data=-1 bt=false
04-13 01:19:36.184: D/STATUSBAR-SignalClusterView(2113): mSeparateMobileGroup=8
04-13 01:19:36.184: D/STATUSBAR-SignalClusterView(2113): mSeparateMobileGroup=8
04-13 01:19:36.184: D/STATUSBAR-SignalClusterView(2113): mSeparateMobileGroup=8
04-13 01:19:37.195: D/STATUSBAR-NetworkController(2113): refreshSignalCluster: data=-1 bt=false
04-13 01:19:37.195: D/STATUSBAR-SignalClusterView(2113): mSeparateMobileGroup=8
04-13 01:19:37.195: D/STATUSBAR-SignalClusterView(2113): mSeparateMobileGroup=8
04-13 01:19:37.195: D/STATUSBAR-SignalClusterView(2113): mSeparateMobileGroup=8
04-13 01:19:38.206: D/STATUSBAR-NetworkController(2113): refreshSignalCluster: data=-1 bt=false
04-13 01:19:38.206: D/STATUSBAR-SignalClusterView(2113): mSeparateMobileGroup=8
04-13 01:19:38.206: D/STATUSBAR-SignalClusterView(2113): mSeparateMobileGroup=8
04-13 01:19:38.206: D/STATUSBAR-SignalClusterView(2113): mSeparateMobileGroup=8
04-13 01:19:41.589: D/BatteryService(2010): update start
04-13 01:19:41.599: D/BatteryService(2010): level:87 scale:100 status:2 health:2 present:true voltage: 4268 temperature: 328 technology: Li-ion AC powered:false USB powered:true icon:17303233 invalid charger:0
04-13 01:19:41.599: D/STATUSBAR-BatteryController(2113): onReceive() - ACTION_BATTERY_CHANGED
04-13 01:19:41.599: D/STATUSBAR-BatteryController(2113): onReceive() - level:87
04-13 01:19:41.599: D/STATUSBAR-BatteryController(2113): onReceive() - plugged:2
04-13 01:19:41.599: D/STATUSBAR-BatteryController(2113): onReceive() - BATTERY_STATUS_CHARGING:
04-13 01:19:41.599: D/STATUSBAR-PhoneStatusBar(2113): ACTION_BATTERY_CHANGED
04-13 01:19:41.599: D/STATUSBAR-PhoneStatusBar(2113): NORMAL_BATTERY
04-13 01:19:41.609: E/MtpService(5628): In MTPAPP onReceive:android.intent.action.BATTERY_CHANGED
04-13 01:19:41.609: E/MtpService(5628): battPlugged Type : 2
04-13 01:19:51.509: E/Watchdog(2010): !@Sync 331
04-13 01:19:51.639: D/BatteryService(2010): update start
04-13 01:19:54.262: D/STATUSBAR-NetworkController(2113): refreshSignalCluster: data=-1 bt=false
04-13 01:19:54.262: D/STATUSBAR-SignalClusterView(2113): mSeparateMobileGroup=8
04-13 01:19:54.262: D/STATUSBAR-SignalClusterView(2113): mSeparateMobileGroup=8
04-13 01:19:54.262: D/STATUSBAR-SignalClusterView(2113): mSeparateMobileGroup=8
04-13 01:19:54.312: D/STATUSBAR-NetworkController(2113): onReceive() - RSSI_CHANGED_ACTION, WIFI_STATE, NETWORK_STATE
04-13 01:19:54.312: D/STATUSBAR-NetworkController(2113): refreshSignalCluster: data=-1 bt=false
04-13 01:19:54.312: D/STATUSBAR-SignalClusterView(2113): mSeparateMobileGroup=8
04-13 01:19:54.312: D/STATUSBAR-SignalClusterView(2113): mSeparateMobileGroup=8
04-13 01:19:54.312: D/STATUSBAR-SignalClusterView(2113): mSeparateMobileGroup=8
04-13 01:19:56.264: D/STATUSBAR-NetworkController(2113): refreshSignalCluster: data=-1 bt=false
04-13 01:19:56.264: D/STATUSBAR-SignalClusterView(2113): mSeparateMobileGroup=8
04-13 01:19:56.264: D/STATUSBAR-SignalClusterView(2113): mSeparateMobileGroup=8
04-13 01:19:56.264: D/STATUSBAR-SignalClusterView(2113): mSeparateMobileGroup=8
04-13 01:19:57.265: D/STATUSBAR-NetworkController(2113): refreshSignalCluster: data=-1 bt=false
04-13 01:19:57.265: D/STATUSBAR-SignalClusterView(2113): mSeparateMobileGroup=8
04-13 01:19:57.265: D/STATUSBAR-SignalClusterView(2113): mSeparateMobileGroup=8
04-13 01:19:57.265: D/STATUSBAR-SignalClusterView(2113): mSeparateMobileGroup=8
04-13 01:19:59.987: V/AlarmManager(2010): waitForAlarm result :8
04-13 01:19:59.997: V/AlarmManager(2010): ClockReceiver onReceive() ACTION_TIME_TICK
04-13 01:19:59.997: W/AlarmManager(2010): FACTORY_ON= 0
04-13 01:20:00.017: D/STATUSBAR-Clock(2113): onReceive() - ACTION_TIME_TICK
04-13 01:20:00.037: D/STATUSBAR-Clock(2113): onReceive() - ACTION_TIME_TICK
04-13 01:20:00.070: D/widget(2290): [MSC_HERO_Accu_JB]>>> SM:1288 [0:0] bTCC WCV = 100
04-13 01:20:00.070: D/widget(2290): [MSC_HERO_Accu_JB]>>> WC:1664 [0:0] drw 1nd Tm dt = 0120
04-13 01:20:00.070: D/ClockAlarmWidgetService(8173): [ClockAlarmWidgetService] onReceive: action = android.intent.action.TIME_TICK
04-13 01:20:00.070: E/ClockAlarmWidget(8173): [AlarmWidgetIdManager] getListItem() : itemIndex=0, widgetID:1
04-13 01:20:00.070: E/ClockAlarmWidget(8173): [AlarmWidgetIdManager] getListItem() : ItemIndex exceed ListItemCount. itemIndex=1
04-13 01:20:00.070: E/ClockAlarmWidget(8173): [AlarmWidgetIdManager] getListItem() : itemIndex=1, widgetID:1
04-13 01:20:00.080: D/ClockAlarmDataProvider(8173): getAlarm() - too many same ID alarm data. nCount: 0
04-13 01:20:01.801: D/BatteryService(2010): update start
04-13 01:20:01.801: D/BatteryService(2010): level:87 scale:100 status:2 health:2 present:true voltage: 4275 temperature: 328 technology: Li-ion AC powered:false USB powered:true icon:17303233 invalid charger:0
04-13 01:20:01.801: D/STATUSBAR-BatteryController(2113): onReceive() - ACTION_BATTERY_CHANGED
04-13 01:20:01.801: D/STATUSBAR-BatteryController(2113): onReceive() - level:87
04-13 01:20:01.801: D/STATUSBAR-BatteryController(2113): onReceive() - plugged:2
04-13 01:20:01.801: D/STATUSBAR-BatteryController(2113): onReceive() - BATTERY_STATUS_CHARGING:
04-13 01:20:01.801: D/STATUSBAR-PhoneStatusBar(2113): ACTION_BATTERY_CHANGED
04-13 01:20:01.801: D/STATUSBAR-PhoneStatusBar(2113): NORMAL_BATTERY
04-13 01:20:01.811: E/MtpService(5628): In MTPAPP onReceive:android.intent.action.BATTERY_CHANGED
04-13 01:20:01.811: E/MtpService(5628): battPlugged Type : 2
04-13 01:20:06.425: D/STATUSBAR-NetworkController(2113): onReceive() - RSSI_CHANGED_ACTION, WIFI_STATE, NETWORK_STATE
04-13 01:20:06.425: D/STATUSBAR-NetworkController(2113): refreshSignalCluster: data=-1 bt=false
04-13 01:20:06.425: D/STATUSBAR-SignalClusterView(2113): mSeparateMobileGroup=8
04-13 01:20:06.425: D/STATUSBAR-SignalClusterView(2113): mSeparateMobileGroup=8
04-13 01:20:06.425: D/STATUSBAR-SignalClusterView(2113): mSeparateMobileGroup=8
04-13 01:20:09.178: V/AlarmManager(2010): waitForAlarm result :8
04-13 01:20:09.188: W/ThrottleService(2010): unable to find stats for iface rmnet0
04-13 01:20:09.208: W/AlarmManager(2010): FACTORY_ON= 0
04-13 01:20:09.298: D/STATUSBAR-NetworkController(2113): refreshSignalCluster: data=-1 bt=false
04-13 01:20:09.308: D/STATUSBAR-SignalClusterView(2113): mSeparateMobileGroup=8
04-13 01:20:09.308: D/STATUSBAR-SignalClusterView(2113): mSeparateMobileGroup=8
04-13 01:20:09.308: D/STATUSBAR-SignalClusterView(2113): mSeparateMobileGroup=8
04-13 01:20:10.309: D/STATUSBAR-NetworkController(2113): refreshSignalCluster: data=-1 bt=false
04-13 01:20:10.309: D/STATUSBAR-SignalClusterView(2113): mSeparateMobileGroup=8
04-13 01:20:10.309: D/STATUSBAR-SignalClusterView(2113): mSeparateMobileGroup=8
04-13 01:20:10.309: D/STATUSBAR-SignalClusterView(2113): mSeparateMobileGroup=8
04-13 01:20:12.331: D/BatteryService(2010): update start
04-13 01:20:12.491: D/STATUSBAR-NetworkController(2113): onReceive() - RSSI_CHANGED_ACTION, WIFI_STATE, NETWORK_STATE
04-13 01:20:12.491: D/STATUSBAR-NetworkController(2113): refreshSignalCluster: data=-1 bt=false
04-13 01:20:12.491: D/STATUSBAR-SignalClusterView(2113): mSeparateMobileGroup=8
04-13 01:20:12.491: D/STATUSBAR-SignalClusterView(2113): mSeparateMobileGroup=8
04-13 01:20:12.491: D/STATUSBAR-SignalClusterView(2113): mSeparateMobileGroup=8
04-13 01:20:15.514: D/STATUSBAR-NetworkController(2113): onReceive() - RSSI_CHANGED_ACTION, WIFI_STATE, NETWORK_STATE
04-13 01:20:15.514: D/STATUSBAR-NetworkController(2113): refreshSignalCluster: data=-1 bt=false
04-13 01:20:15.514: D/STATUSBAR-SignalClusterView(2113): mSeparateMobileGroup=8
04-13 01:20:15.514: D/STATUSBAR-SignalClusterView(2113): mSeparateMobileGroup=8
04-13 01:20:15.514: D/STATUSBAR-SignalClusterView(2113): mSeparateMobileGroup=8
04-13 01:20:16.325: D/STATUSBAR-NetworkController(2113): refreshSignalCluster: data=-1 bt=false
04-13 01:20:16.325: D/STATUSBAR-SignalClusterView(2113): mSeparateMobileGroup=8
04-13 01:20:16.325: D/STATUSBAR-SignalClusterView(2113): mSeparateMobileGroup=8
04-13 01:20:16.325: D/STATUSBAR-SignalClusterView(2113): mSeparateMobileGroup=8
04-13 01:20:17.336: D/STATUSBAR-NetworkController(2113): refreshSignalCluster: data=-1 bt=false
04-13 01:20:17.336: D/STATUSBAR-SignalClusterView(2113): mSeparateMobileGroup=8
04-13 01:20:17.336: D/STATUSBAR-SignalClusterView(2113): mSeparateMobileGroup=8
04-13 01:20:17.336: D/STATUSBAR-SignalClusterView(2113): mSeparateMobileGroup=8
04-13 01:20:18.337: D/STATUSBAR-NetworkController(2113): refreshSignalCluster: data=-1 bt=false
04-13 01:20:18.337: D/STATUSBAR-SignalClusterView(2113): mSeparateMobileGroup=8
