04-13 01:23:34.282: D/STATUSBAR-BatteryController(2113): onReceive() - ACTION_BATTERY_CHANGED
04-13 01:23:34.282: D/STATUSBAR-BatteryController(2113): onReceive() - level:88
04-13 01:23:34.282: D/STATUSBAR-BatteryController(2113): onReceive() - plugged:2
04-13 01:23:34.282: D/STATUSBAR-BatteryController(2113): onReceive() - BATTERY_STATUS_CHARGING:
04-13 01:23:34.282: D/STATUSBAR-PhoneStatusBar(2113): ACTION_BATTERY_CHANGED
04-13 01:23:34.292: E/MtpService(5628): In MTPAPP onReceive:android.intent.action.BATTERY_CHANGED
04-13 01:23:34.292: E/MtpService(5628): battPlugged Type : 2
04-13 01:23:34.292: D/STATUSBAR-PhoneStatusBar(2113): NORMAL_BATTERY
04-13 01:23:44.322: E/MtpService(5628): In MTPAPP onReceive:android.intent.action.BATTERY_CHANGED
04-13 01:23:44.322: D/BatteryService(2010): update start
04-13 01:23:44.322: D/BatteryService(2010): level:88 scale:100 status:2 health:2 present:true voltage: 4282 temperature: 329 technology: Li-ion AC powered:false USB powered:true icon:17303233 invalid charger:0
04-13 01:23:44.322: D/STATUSBAR-BatteryController(2113): onReceive() - ACTION_BATTERY_CHANGED
04-13 01:23:44.322: D/STATUSBAR-BatteryController(2113): onReceive() - level:88
04-13 01:23:44.322: D/STATUSBAR-BatteryController(2113): onReceive() - plugged:2
04-13 01:23:44.322: D/STATUSBAR-BatteryController(2113): onReceive() - BATTERY_STATUS_CHARGING:
04-13 01:23:44.322: D/STATUSBAR-PhoneStatusBar(2113): ACTION_BATTERY_CHANGED
04-13 01:23:44.322: D/STATUSBAR-PhoneStatusBar(2113): NORMAL_BATTERY
04-13 01:23:44.332: E/MtpService(5628): battPlugged Type : 2
04-13 01:23:51.519: E/Watchdog(2010): !@Sync 339
04-13 01:23:54.082: D/STATUSBAR-NetworkController(2113): refreshSignalCluster: data=-1 bt=false
04-13 01:23:54.082: D/STATUSBAR-SignalClusterView(2113): mSeparateMobileGroup=8
04-13 01:23:54.082: D/STATUSBAR-SignalClusterView(2113): mSeparateMobileGroup=8
04-13 01:23:54.082: D/STATUSBAR-SignalClusterView(2113): mSeparateMobileGroup=8
04-13 01:23:54.412: D/BatteryService(2010): update start
04-13 01:23:54.772: W/SignalStrength(2010): getGsmLevel=2
04-13 01:23:54.772: W/SignalStrength(2010): getLevel=2 (SignalStrength: 99 -1 -1 -1 -1 -1 -1 -1 -1 -1 -1 -1 gsm|lte 2)
04-13 01:23:54.772: W/SignalStrength(2113): getGsmLevel=2
04-13 01:23:54.772: W/SignalStrength(2113): getLevel=2 (SignalStrength: 99 -1 -1 -1 -1 -1 -1 -1 -1 -1 -1 -1 gsm|lte 2)
04-13 01:23:54.772: W/SignalStrength(2113): getGsmLevel=2
04-13 01:23:54.772: W/SignalStrength(2010): getGsmDbm=-1
04-13 01:23:54.772: W/SignalStrength(2113): getLevel=2 (SignalStrength: 99 -1 -1 -1 -1 -1 -1 -1 -1 -1 -1 -1 gsm|lte 2)
04-13 01:23:54.772: W/SignalStrength(2010): getDbm=-1
04-13 01:23:54.772: W/SignalStrength(2010): getGsmAsuLevel=99
04-13 01:23:54.772: W/SignalStrength(2010): getAsuLevel=99
04-13 01:23:54.772: D/STATUSBAR-NetworkController(2113): onSignalStrengthsChanged signalStrength=SignalStrength: 99 -1 -1 -1 -1 -1 -1 -1 -1 -1 -1 -1 gsm|lte 2 level=2
04-13 01:23:54.772: D/STATUSBAR-NetworkController(2113): refreshSignalCluster: data=-1 bt=false
04-13 01:23:54.772: D/STATUSBAR-SignalClusterView(2113): mSeparateMobileGroup=8
04-13 01:23:54.782: D/STATUSBAR-SignalClusterView(2113): mSeparateMobileGroup=8
04-13 01:23:54.782: D/STATUSBAR-SignalClusterView(2113): mSeparateMobileGroup=8
04-13 01:23:55.083: D/STATUSBAR-NetworkController(2113): refreshSignalCluster: data=-1 bt=false
04-13 01:23:55.083: D/STATUSBAR-SignalClusterView(2113): mSeparateMobileGroup=8
04-13 01:23:55.083: D/STATUSBAR-SignalClusterView(2113): mSeparateMobileGroup=8
04-13 01:23:55.083: D/STATUSBAR-SignalClusterView(2113): mSeparateMobileGroup=8
04-13 01:23:57.785: I/power(2010): *** acquire_dvfs_lock : lockType : 1 freq : 1000000
04-13 01:23:57.785: D/(2010): set_light_backlight is called!!!
04-13 01:23:57.785: D/(2010): set_light_backlight = 169
04-13 01:23:57.785: W/PowerManagerService(2010): Timer 0x3->0x1|0x0
04-13 01:23:57.785: I/PowerManagerService(2010): Ulight 0x3->0x1|0x0
04-13 01:23:57.785: D/PowerManagerService(2010): acquireDVFSLockLocked : type : DVFS_MIN_LIMIT frequency : 1000000 uid : 1000 pid : 2010 tag : AMOLED_Animation
04-13 01:23:57.805: D/(2010): set_light_backlight is called!!!
04-13 01:23:57.805: D/(2010): set_light_backlight = 168
04-13 01:23:57.815: D/(2010): set_light_backlight is called!!!
04-13 01:23:57.825: D/(2010): set_light_backlight = 155
04-13 01:23:57.835: D/(2010): set_light_backlight is called!!!
04-13 01:23:57.835: D/(2010): set_light_backlight = 142
04-13 01:23:57.855: D/(2010): set_light_backlight is called!!!
04-13 01:23:57.855: D/(2010): set_light_backlight = 130
04-13 01:23:57.875: D/(2010): set_light_backlight is called!!!
04-13 01:23:57.875: D/(2010): set_light_backlight = 118
04-13 01:23:57.885: D/(2010): set_light_backlight is called!!!
04-13 01:23:57.885: D/(2010): set_light_backlight = 105
04-13 01:23:57.905: D/(2010): set_light_backlight is called!!!
04-13 01:23:57.905: D/(2010): set_light_backlight = 93
04-13 01:23:57.925: D/(2010): set_light_backlight is called!!!
04-13 01:23:57.925: D/(2010): set_light_backlight = 80
04-13 01:23:57.945: D/(2010): set_light_backlight is called!!!
04-13 01:23:57.945: D/(2010): set_light_backlight = 67
04-13 01:23:57.955: D/(2010): set_light_backlight is called!!!
04-13 01:23:57.955: D/(2010): set_light_backlight = 54
04-13 01:23:57.975: D/(2010): set_light_backlight is called!!!
04-13 01:23:57.975: D/(2010): set_light_backlight = 42
04-13 01:23:57.995: D/(2010): set_light_backlight is called!!!
04-13 01:23:57.995: D/(2010): set_light_backlight = 29
04-13 01:23:58.015: D/(2010): set_light_backlight is called!!!
04-13 01:23:58.015: D/(2010): set_light_backlight = 20
04-13 01:23:58.015: I/power(2010): *** release_dvfs_lock : lockType : 1
04-13 01:23:58.015: I/PowerManagerService(2010): Light Animator Finished currentValue=20
04-13 01:23:58.015: D/PowerManagerService(2010): releaseDVFSLockLocked : all DVFS_MIN_LIMIT are released
04-13 01:23:59.997: V/AlarmManager(2010): waitForAlarm result :8
04-13 01:23:59.997: V/AlarmManager(2010): ClockReceiver onReceive() ACTION_TIME_TICK
04-13 01:23:59.997: W/AlarmManager(2010): FACTORY_ON= 0
04-13 01:23:59.997: D/STATUSBAR-Clock(2113): onReceive() - ACTION_TIME_TICK
04-13 01:24:00.047: D/STATUSBAR-Clock(2113): onReceive() - ACTION_TIME_TICK
04-13 01:24:00.080: D/widget(2290): [MSC_HERO_Accu_JB]>>> SM:1288 [0:0] bTCC WCV = 100
04-13 01:24:00.080: D/widget(2290): [MSC_HERO_Accu_JB]>>> WC:1664 [0:0] drw 1nd Tm dt = 0124
04-13 01:24:00.080: D/ClockAlarmWidgetService(8173): [ClockAlarmWidgetService] onReceive: action = android.intent.action.TIME_TICK
04-13 01:24:00.090: E/ClockAlarmWidget(8173): [AlarmWidgetIdManager] getListItem() : itemIndex=0, widgetID:1
04-13 01:24:00.090: E/ClockAlarmWidget(8173): [AlarmWidgetIdManager] getListItem() : ItemIndex exceed ListItemCount. itemIndex=1
04-13 01:24:00.090: E/ClockAlarmWidget(8173): [AlarmWidgetIdManager] getListItem() : itemIndex=1, widgetID:1
04-13 01:24:00.100: D/ClockAlarmDataProvider(8173): getAlarm() - too many same ID alarm data. nCount: 0
04-13 01:24:04.453: D/BatteryService(2010): update start
04-13 01:24:04.453: D/BatteryService(2010): level:88 scale:100 status:2 health:2 present:true voltage: 4295 temperature: 329 technology: Li-ion AC powered:false USB powered:true icon:17303233 invalid charger:0
04-13 01:24:04.453: D/STATUSBAR-BatteryController(2113): onReceive() - ACTION_BATTERY_CHANGED
04-13 01:24:04.453: D/STATUSBAR-BatteryController(2113): onReceive() - level:88
04-13 01:24:04.453: D/STATUSBAR-BatteryController(2113): onReceive() - plugged:2
04-13 01:24:04.453: D/STATUSBAR-BatteryController(2113): onReceive() - BATTERY_STATUS_CHARGING:
04-13 01:24:04.453: D/STATUSBAR-PhoneStatusBar(2113): ACTION_BATTERY_CHANGED
04-13 01:24:04.463: E/MtpService(5628): In MTPAPP onReceive:android.intent.action.BATTERY_CHANGED
04-13 01:24:04.463: E/MtpService(5628): battPlugged Type : 2
04-13 01:24:04.463: D/STATUSBAR-PhoneStatusBar(2113): NORMAL_BATTERY
04-13 01:24:04.804: D/(2010): set_light_touchkey is called!!!
04-13 01:24:04.804: D/(2010): light_touchkey on/off = 0
04-13 01:24:04.804: I/power(2010): *** acquire_dvfs_lock : lockType : 1 freq : 1000000
04-13 01:24:04.804: D/WindowManager(2010): mSetIgnore
04-13 01:24:04.804: D/KeyguardViewMediator(2010): onScreenTurnedOff(3)
04-13 01:24:04.804: D/KeyguardViewMediator(2010): setting alarm to turn off keyguard, seq = 4
04-13 01:24:04.804: D/SensorManager(2010): unregisterListener:: Listener= android.view.WindowOrientationListener$SensorEventListenerImpl@426b02c8
04-13 01:24:04.804: D/Sensors(2010): Remain listener = Sending .. normal delay 200ms
04-13 01:24:04.804: I/Sensors(2010): sendDelay --- 200000000
04-13 01:24:04.804: I/SensorService(2010): info.selectDelay() ns=200000000
04-13 01:24:04.804: W/PowerManagerService(2010): Timer 0x1->0x0|0x0
04-13 01:24:04.804: D/PowerManagerService(2010): Screen__Off : Timeout
04-13 01:24:04.804: I/PowerManagerService(2010): Ulight 0x1->0x0|0x0
04-13 01:24:04.804: W/PowerManagerService(2010): CurLockF mPS:1 mUS=0
04-13 01:24:04.804: W/PowerManagerService(2010): mPokeLocks.size=0:
04-13 01:24:04.804: D/PowerManagerService(2010): enableLightSensorLocked enable=false mLightSensorEnabled=false mAutoBrightessEnabled=false mWaitingForFirstLightSensor=false
04-13 01:24:04.804: D/PowerManagerService(2010): sendNotificationLocked on=false
04-13 01:24:04.804: D/PowerManagerService(2010): acquireDVFSLockLocked : type : DVFS_MIN_LIMIT frequency : 1000000 uid : 1000 pid : 2010 tag : AMOLED_Animation
04-13 01:24:04.804: D/PowerManagerService(2010): mNotificationTask : off
04-13 01:24:04.804: W/AlarmManager(2010): FACTORY_ON= 0
04-13 01:24:04.804: V/WindowOrientationListener(2010): WindowOrientationListener disabled
04-13 01:24:04.814: D/(2010): set_light_backlight is called!!!
04-13 01:24:04.814: D/(2010): set_light_backlight = 19
04-13 01:24:04.814: D/SensorService(2010): SensorDevice::setDelay, Return(true 1, false 0) = 1
04-13 01:24:04.814: D/SensorManager(2010): JNI - sendDelay
04-13 01:24:04.814: I/SensorManager(2010): Set normal delay = true
04-13 01:24:04.814: D/ALPS_COMPASS(2010): INV SENSOR ENABLE 0 -0
04-13 01:24:04.824: D/SurfaceFlinger(1665): About to give-up screen, flinger = 0x40e4acf0
04-13 01:24:04.824: D/(2010): set_light_backlight is called!!!
04-13 01:24:04.824: D/(2010): set_light_backlight = 18
04-13 01:24:04.834: D/(2010): set_light_backlight is called!!!
04-13 01:24:04.844: D/SensorService(2010): SensorDevice::activate (enable 1, disable 0) = 0
04-13 01:24:04.844: D/SensorService(2010): activating sensor disable handle=0
04-13 01:24:04.844: D/SensorService(2010): activating sensor disable, Done!
04-13 01:24:04.844: D/SensorService(2010): SensorDevice::activating sensor handle=0 ns=200000000
04-13 01:24:04.884: D/Launcher.HomeFragment(2290): onPause
04-13 01:24:04.884: D/widget(2290): [MSC_HERO_Accu_JB]>>> WC:1218 [0:0] fireOP
04-13 01:24:04.884: D/Launcher(2290): onPause, Launcher: 1109032568
04-13 01:24:04.894: D/widget(2290): [MSC_HERO_Accu_JB]>>> WC:1028 [0:0] onPause
04-13 01:24:04.914: V/TaskCloserActivity(4660): TaskCloserActivity onReceive() - com.sec.android.intent.action.HOME_PAUSE
04-13 01:24:04.914: D/Launcher.HomeFragment(2290): onStop
04-13 01:24:04.914: D/Launcher(2290): onStop, Launcher: 1109032568
04-13 01:24:04.934: D/BatteryService(2010): turn on LED for charging
04-13 01:24:04.934: D/VibratorService(2010): JNI vibratorOff()
04-13 01:24:04.944: W/IInputConnectionWrapper(2290): getSelectedText on inactive InputConnection
04-13 01:24:04.944: W/IInputConnectionWrapper(2290): setComposingText on inactive InputConnection
04-13 01:24:04.944: W/IInputConnectionWrapper(2290): getExtractedText on inactive InputConnection
04-13 01:24:04.944: D/STATUSBAR-NotificationService(2010): ACTION_SCREEN_OFF
04-13 01:24:04.944: D/STATUSBAR-NotificationService(2010): updateLightsLocked() : Turn off notification light
04-13 01:24:04.954: I/sec_anm_ahi(1672): setParameters() - screen_state=off
04-13 01:24:04.954: D/tms_audio_hw/AudioTmsIpc(1672): adev_set_parameters : Enter
04-13 01:24:04.954: D/tms_audio_hw/AudioTmsIpc(1672): adev_set_parameters : Exit
04-13 01:24:04.964: D/StatusBar.FaceDetectionController(2113): onReceive: action = android.intent.action.SCREEN_OFF mEnableDetect : false
04-13 01:24:04.964: D/STATUSBAR-PhoneStatusBar(2113): marqueeStatusBar()
04-13 01:24:04.974: D/(2010): set_light_backlight = 17
04-13 01:24:04.974: D/(2010): set_light_backlight is called!!!
04-13 01:24:04.974: E/PowerManagerService(2010): Excessive delay setting brightness: 142ms, mask=2
04-13 01:24:04.984: D/(2010): set_light_backlight = 3
04-13 01:24:04.994: D/Launcher.Workspace(2290): exitWidgetResizeMode State: NORMAL, newDragStarted: false
04-13 01:24:04.994: D/(2010): set_light_backlight is called!!!
04-13 01:24:05.004: D/(2010): set_light_backlight = 2
04-13 01:24:05.004: W/AlarmManager(2010): FACTORY_ON= 0
04-13 01:24:05.014: D/(2010): set_light_backlight is called!!!
04-13 01:24:05.024: D/com.samsung.app(2592): [MSC_HERO_Accu_JB]>>> WCS:251 [0:0] BR act = androidintentactionSCREEN_OFF
04-13 01:24:05.024: D/(2010): set_light_backlight = 0
04-13 01:24:05.024: I/power(2010): *** release_dvfs_lock : lockType : 1
04-13 01:24:05.024: I/PowerManagerService(2010): Light Animator Finished currentValue=0
04-13 01:24:05.024: D/PowerManagerService(2010): releaseDVFSLockLocked : all DVFS_MIN_LIMIT are released
04-13 01:24:05.034: W/AlarmManager(2010): FACTORY_ON= 0
04-13 01:24:05.034: W/AlarmManager(2010): FACTORY_ON= 0
04-13 01:24:05.124: D/dalvikvm(2010): GC_CONCURRENT freed 3289K, 54% free 16580K/35911K, paused 4ms+11ms, total 138ms
04-13 01:24:05.234: V/AlarmManager(2010): waitForAlarm result :4
04-13 01:24:05.244: V/AlarmManager(2010): trigger ELAPSED_REALTIME_WAKEUP or RTC_WAKEUP
04-13 01:24:05.264: W/AlarmManager(2010): FACTORY_ON= 0
04-13 01:24:05.504: D/WindowManager(2010): mUnSetIgnore, show = false
04-13 01:24:09.808: V/AlarmManager(2010): waitForAlarm result :4
04-13 01:24:09.808: D/KeyguardViewMediator(2010): received DELAYED_KEYGUARD_ACTION with seq = 4, mDelayedShowingSequence = 4
04-13 01:24:09.808: V/AlarmManager(2010): trigger ELAPSED_REALTIME_WAKEUP or RTC_WAKEUP
04-13 01:24:09.818: D/SamsungLockScreenProperties(2010): Not factory mode. isFactoryMode() returend false
04-13 01:24:09.828: D/LockPatternUtils(2010): isPcwEnable = null
04-13 01:24:09.828: D/KeyguardViewMediator(2010): doKeyguard: showing the lock screen
04-13 01:24:09.828: D/KeyguardViewMediator(2010): KeyguardGetAudioService.dismissVolumePanel() run
04-13 01:24:09.828: D/VolumePanel(2010): call forceTimeout
04-13 01:24:09.828: D/KeyguardViewMediator(2010): showLocked
04-13 01:24:09.828: D/KeyguardViewMediator(2010): handleShow
04-13 01:24:09.828: D/LockPatternKeyguardView(2010): phone state: 0
04-13 01:24:09.828: V/LockPatternKeyguardView(2010): Set visibility on com.android.internal.policy.impl.LockPatternKeyguardView$4@42b7ebf0 to 0
04-13 01:24:09.828: D/LockPatternKeyguardView(2010): onCsSimStateChanged: 0
04-13 01:24:09.828: E/LockPatternKeyguardView(2010): mIsVoiceUnlockOn=false
04-13 01:24:09.828: D/LockPatternKeyguardView(2010): mIsTalkbackDrvModeOn=false
04-13 01:24:09.828: D/LockPatternUtils(2010): isPcwEnable = null
04-13 01:24:09.838: D/CircleLockScreen(2010): drv mode off
04-13 01:24:09.838: D/CircleLockScreen(2010): mTalkbackEnabled =false
04-13 01:24:09.838: D/CircleLockScreen(2010): explore by touch mode off
04-13 01:24:09.858: V/SoundPoolThread(2010): beginThread
04-13 01:24:09.858: V/SoundPoolThread(2010): run
04-13 01:24:09.858: V/SoundPoolThread(2010): Got message m=2, mData=1
04-13 01:24:09.858: V/MediaPlayer(2010): decode(337, 14753804, 11571)
04-13 01:24:09.858: V/MediaPlayerService(1672): decode(55, 14753804, 11571)
04-13 01:24:09.858: V/MediaPlayerService(1672): player type = 3
04-13 01:24:09.858: V/MediaPlayerService(1672): create StagefrightPlayer
04-13 01:24:09.858: V/AwesomePlayer(1672): setDefault
04-13 01:24:09.858: V/AwesomePlayer(1672): constructor
04-13 01:24:09.858: V/AwesomePlayer(1672): setDefault
04-13 01:24:09.858: I/AwesomePlayer(1672): reset
04-13 01:24:09.858: V/AwesomePlayer(1672): reset_l() cancel player events
04-13 01:24:09.858: V/AwesomePlayer(1672): cancelPlayerEvents (keepNotifications=0)
04-13 01:24:09.858: V/AwesomePlayer(1672): mAudioTrackVector clear
04-13 01:24:09.858: V/AwesomePlayer(1672): reset_l() mAudioPlayer successfully deleted
04-13 01:24:09.858: V/StagefrightPlayer(1672): StagefrightPlayer
04-13 01:24:09.858: V/AwesomePlayer(1672): setListener
04-13 01:24:09.858: V/StagefrightPlayer(1672): initCheck
04-13 01:24:09.858: V/StagefrightPlayer(1672): setAudioSink
04-13 01:24:09.858: V/AwesomePlayer(1672): setAudioSink
04-13 01:24:09.858: V/StagefrightPlayer(1672): setDataSource(55, 14753804, 11571)
04-13 01:24:09.858: V/AwesomePlayer(1672): reset_l() cancel player events
04-13 01:24:09.858: V/AwesomePlayer(1672): cancelPlayerEvents (keepNotifications=0)
04-13 01:24:09.858: V/AwesomePlayer(1672): mAudioTrackVector clear
04-13 01:24:09.858: V/AwesomePlayer(1672): reset_l() mAudioPlayer successfully deleted
04-13 01:24:09.858: V/AwesomePlayer(1672): track of type 'audio/vorbis' does not publish bitrate
04-13 01:24:09.858: V/AwesomePlayer(1672): mBitrate = -1 bits/sec
04-13 01:24:09.858: V/AwesomePlayer(1672): setAudioSource
04-13 01:24:09.858: V/AwesomePlayer(1672): current audio track index (0) is added to vector
04-13 01:24:09.858: V/AwesomePlayer(1672): setDataSource_l: Audio(1), Video(0)
04-13 01:24:09.858: V/MediaPlayerService(1672): prepare
04-13 01:24:09.858: V/StagefrightPlayer(1672): prepareAsync
04-13 01:24:09.858: V/AwesomePlayer(1672): prepareAsync
04-13 01:24:09.858: V/MediaPlayerService(1672): wait for prepare
04-13 01:24:09.858: V/AwesomePlayer(1672): onPrepareAsyncEvent
04-13 01:24:09.858: V/AwesomePlayer(1672): initAudioDecoder
04-13 01:24:09.858: I/OMXCodec(1672): OMXCodec::Create mime (audio/vorbis), flags (0), matchComponentName ((null)), createEncoder (0)
04-13 01:24:09.858: I/OMXCodec(1672): Attempting to allocate OMX node 'OMX.google.vorbis.decoder'
04-13 01:24:09.858: I/OMXCodec(1672): Successfully allocated OMX node 'OMX.google.vorbis.decoder'
04-13 01:24:09.858: I/OMXCodec(1672): [OMX.google.vorbis.decoder] allocating 4 buffers of size 8192 on input port
04-13 01:24:09.858: I/OMXCodec(1672): [OMX.google.vorbis.decoder] allocating 4 buffers of size 32768 on output port
04-13 01:24:09.868: V/AwesomePlayer(1672): finishAsyncPrepare_l
04-13 01:24:09.868: V/AwesomePlayer(1672): notifyListener_l() msg (5-MEDIA_SET_VIDEO_SIZE), ext1 (0), ext2 (0)
04-13 01:24:09.868: V/AudioCache(1672): notify(0x42c0d168, 5, 0, 0)
04-13 01:24:09.868: V/AudioCache(1672): ignored
04-13 01:24:09.868: V/AwesomePlayer(1672): notifyListener_l() msg (1-MEDIA_PREPARED), ext1 (0), ext2 (0)
04-13 01:24:09.868: V/AudioCache(1672): notify(0x42c0d168, 1, 0, 0)
04-13 01:24:09.868: V/AudioCache(1672): prepared
04-13 01:24:09.868: V/AudioCache(1672): wait - success
04-13 01:24:09.868: V/MediaPlayerService(1672): start
04-13 01:24:09.868: V/StagefrightPlayer(1672): start
04-13 01:24:09.868: V/AwesomePlayer(1672): play
04-13 01:24:09.868: V/AwesomePlayer(1672): AwesomePlayer::play_l():: This is not a DRM content
04-13 01:24:09.868: V/AwesomePlayer(1672): startAudioPlayer_l, sendErrorNotification (0)
04-13 01:24:09.868: I/OMXCodec(1672): [OMX.google.vorbis.decoder] allocating 4 buffers of size 32768 on output port
04-13 01:24:09.868: I/AudioPlayer(1672): Audioplayer kKeyAudioPCMFormat:1, 2, 0
04-13 01:24:09.868: I/AudioPlayer(1672): Audioplayer1 (2, 1)
04-13 01:24:09.868: V/AudioCache(1672): open(44100, 2, 0x0, 1, 4)
04-13 01:24:09.868: V/AwesomePlayer(1672): addBatteryData
04-13 01:24:09.868: V/MediaPlayerService(1672): wait for playback complete
04-13 01:24:09.878: V/AudioCache(1672): write(0x42c51008, 4096)
04-13 01:24:09.878: V/AudioCache(1672): memcpy(0x44bdb000, 0x42c51008, 4096)
04-13 01:24:09.878: V/AudioCache(1672): write(0x42c51008, 4096)
04-13 01:24:09.878: V/AudioCache(1672): memcpy(0x44bdc000, 0x42c51008, 4096)
04-13 01:24:09.878: V/AudioCache(1672): write(0x42c51008, 4096)
04-13 01:24:09.878: V/AudioCache(1672): memcpy(0x44bdd000, 0x42c51008, 4096)
04-13 01:24:09.888: V/AudioCache(1672): write(0x42c51008, 4096)
04-13 01:24:09.888: V/AudioCache(1672): memcpy(0x44bde000, 0x42c51008, 4096)
04-13 01:24:09.888: V/AudioCache(1672): write(0x42c51008, 4096)
04-13 01:24:09.888: V/AudioCache(1672): memcpy(0x44bdf000, 0x42c51008, 4096)
04-13 01:24:09.888: V/AudioCache(1672): write(0x42c51008, 4096)
04-13 01:24:09.888: V/AudioCache(1672): memcpy(0x44be0000, 0x42c51008, 4096)
04-13 01:24:09.888: V/AudioCache(1672): write(0x42c51008, 4096)
04-13 01:24:09.888: V/AudioCache(1672): memcpy(0x44be1000, 0x42c51008, 4096)
04-13 01:24:09.898: V/AudioCache(1672): write(0x42c51008, 4096)
04-13 01:24:09.898: V/AudioCache(1672): memcpy(0x44be2000, 0x42c51008, 4096)
04-13 01:24:09.898: V/AudioCache(1672): write(0x42c51008, 4096)
04-13 01:24:09.898: V/AudioCache(1672): memcpy(0x44be3000, 0x42c51008, 4096)
04-13 01:24:09.898: V/AudioCache(1672): write(0x42c51008, 4096)
04-13 01:24:09.898: V/AudioCache(1672): memcpy(0x44be4000, 0x42c51008, 4096)
04-13 01:24:09.898: V/AudioCache(1672): write(0x42c51008, 4096)
04-13 01:24:09.898: V/AudioCache(1672): memcpy(0x44be5000, 0x42c51008, 4096)
04-13 01:24:09.898: V/AudioCache(1672): write(0x42c51008, 4096)
04-13 01:24:09.898: V/AudioCache(1672): memcpy(0x44be6000, 0x42c51008, 4096)
04-13 01:24:09.898: V/AudioCache(1672): write(0x42c51008, 4096)
04-13 01:24:09.898: V/AudioCache(1672): memcpy(0x44be7000, 0x42c51008, 4096)
04-13 01:24:09.908: V/AudioCache(1672): write(0x42c51008, 4096)
04-13 01:24:09.908: V/AudioCache(1672): memcpy(0x44be8000, 0x42c51008, 4096)
04-13 01:24:09.908: V/AudioCache(1672): write(0x42c51008, 4096)
04-13 01:24:09.908: V/AudioCache(1672): memcpy(0x44be9000, 0x42c51008, 4096)
04-13 01:24:09.908: V/AudioCache(1672): write(0x42c51008, 4096)
04-13 01:24:09.908: V/AudioCache(1672): memcpy(0x44bea000, 0x42c51008, 4096)
04-13 01:24:09.908: V/AudioCache(1672): write(0x42c51008, 4096)
04-13 01:24:09.908: V/AudioCache(1672): memcpy(0x44beb000, 0x42c51008, 4096)
04-13 01:24:09.908: V/AudioCache(1672): write(0x42c51008, 4096)
04-13 01:24:09.908: V/AudioCache(1672): memcpy(0x44bec000, 0x42c51008, 4096)
04-13 01:24:09.908: V/AudioCache(1672): write(0x42c51008, 4096)
04-13 01:24:09.908: V/AudioCache(1672): memcpy(0x44bed000, 0x42c51008, 4096)
04-13 01:24:09.908: V/AudioCache(1672): write(0x42c51008, 4096)
04-13 01:24:09.908: V/AudioCache(1672): memcpy(0x44bee000, 0x42c51008, 4096)
04-13 01:24:09.919: V/AudioCache(1672): write(0x42c51008, 4096)
04-13 01:24:09.919: V/AudioCache(1672): memcpy(0x44bef000, 0x42c51008, 4096)
04-13 01:24:09.919: V/AudioCache(1672): write(0x42c51008, 4096)
04-13 01:24:09.919: V/AudioCache(1672): memcpy(0x44bf0000, 0x42c51008, 4096)
04-13 01:24:09.919: V/AudioCache(1672): write(0x42c51008, 4096)
04-13 01:24:09.919: V/AudioCache(1672): memcpy(0x44bf1000, 0x42c51008, 4096)
04-13 01:24:09.919: V/AudioCache(1672): write(0x42c51008, 4096)
04-13 01:24:09.919: V/AudioCache(1672): memcpy(0x44bf2000, 0x42c51008, 4096)
04-13 01:24:09.919: V/AudioCache(1672): write(0x42c51008, 4096)
04-13 01:24:09.919: V/AudioCache(1672): memcpy(0x44bf3000, 0x42c51008, 4096)
04-13 01:24:09.919: D/CircleMissedEventWidget(2010): portrait mode
04-13 01:24:09.919: E/OMXCodec(1672): [OMX.google.vorbis.decoder] err = -1011
04-13 01:24:09.919: V/AudioCache(1672): write(0x42c51008, 4096)
04-13 01:24:09.919: V/AudioCache(1672): memcpy(0x44bf4000, 0x42c51008, 4096)
04-13 01:24:09.919: V/AudioCache(1672): write(0x42c51008, 4096)
04-13 01:24:09.919: V/AudioCache(1672): memcpy(0x44bf5000, 0x42c51008, 4096)
04-13 01:24:09.919: V/AudioCache(1672): write(0x42c51008, 4096)
04-13 01:24:09.919: V/AudioCache(1672): memcpy(0x44bf6000, 0x42c51008, 4096)
04-13 01:24:09.919: V/AudioCache(1672): write(0x42c51008, 4096)
04-13 01:24:09.919: V/AudioCache(1672): memcpy(0x44bf7000, 0x42c51008, 4096)
04-13 01:24:09.919: V/AwesomePlayer(1672): postAudioEOS delayUs (0)
04-13 01:24:09.919: V/AudioCache(1672): write(0x42c51008, 1256)
04-13 01:24:09.919: V/AudioCache(1672): memcpy(0x44bf8000, 0x42c51008, 1256)
04-13 01:24:09.939: V/AwesomePlayer(1672): onCheckAudioStatus
04-13 01:24:09.939: V/AwesomePlayer(1672): onCheckAudioStatus() set AUDIO_AT_EOS flag
04-13 01:24:09.939: V/AwesomePlayer(1672): onStreamDone
04-13 01:24:09.939: V/AwesomePlayer(1672): MEDIA_PLAYBACK_COMPLETE
04-13 01:24:09.939: V/AwesomePlayer(1672): notifyListener_l() msg (2-MEDIA_PLAYBACK_COMPLETE), ext1 (0), ext2 (0)
04-13 01:24:09.939: V/AudioCache(1672): notify(0x42c0d168, 2, 0, 0)
04-13 01:24:09.939: V/AudioCache(1672): playback complete - thread will wake up later
04-13 01:24:09.939: V/AwesomePlayer(1672): cancelPlayerEvents (keepNotifications=1)
04-13 01:24:09.939: V/AwesomePlayer(1672): addBatteryData
04-13 01:24:09.939: V/AudioCache(1672): wait - success
04-13 01:24:09.939: V/StagefrightPlayer(1672): reset
04-13 01:24:09.939: I/AwesomePlayer(1672): reset
04-13 01:24:09.939: V/AwesomePlayer(1672): reset_l() cancel player events
04-13 01:24:09.939: V/AwesomePlayer(1672): cancelPlayerEvents (keepNotifications=0)
04-13 01:24:09.939: V/AwesomePlayer(1672): mAudioTrackVector clear
04-13 01:24:09.939: I/OMXCodec(1672): [OMX.google.vorbis.decoder] stop() sendCommand(0x1f, OMX_CommandStateSet, OMX_StateIdle)
04-13 01:24:09.939: V/AwesomePlayer(1672): reset_l() mAudioPlayer successfully deleted
04-13 01:24:09.939: V/StagefrightPlayer(1672): ~StagefrightPlayer
04-13 01:24:09.939: V/StagefrightPlayer(1672): reset
04-13 01:24:09.939: I/AwesomePlayer(1672): reset
04-13 01:24:09.939: V/AwesomePlayer(1672): reset_l() cancel player events
04-13 01:24:09.939: V/AwesomePlayer(1672): cancelPlayerEvents (keepNotifications=0)
04-13 01:24:09.939: V/AwesomePlayer(1672): mAudioTrackVector clear
04-13 01:24:09.939: V/AwesomePlayer(1672): reset_l() mAudioPlayer successfully deleted
04-13 01:24:09.939: V/AwesomePlayer(1672): destructor
04-13 01:24:09.939: I/AwesomePlayer(1672): reset
04-13 01:24:09.939: V/AwesomePlayer(1672): reset_l() cancel player events
04-13 01:24:09.939: V/AwesomePlayer(1672): cancelPlayerEvents (keepNotifications=0)
04-13 01:24:09.939: V/AwesomePlayer(1672): mAudioTrackVector clear
04-13 01:24:09.939: V/AwesomePlayer(1672): reset_l() mAudioPlayer successfully deleted
04-13 01:24:09.939: V/AwesomePlayer(1672): ~AwesomePlayer()
04-13 01:24:09.939: V/SoundPoolThread(2010): Got message m=2, mData=2
04-13 01:24:09.939: V/MediaPlayer(2010): decode(338, 15238372, 20394)
04-13 01:24:09.939: V/MediaPlayerService(1672): decode(55, 15238372, 20394)
04-13 01:24:09.939: V/MediaPlayerService(1672): player type = 3
04-13 01:24:09.939: V/MediaPlayerService(1672): create StagefrightPlayer
04-13 01:24:09.939: V/AwesomePlayer(1672): setDefault
04-13 01:24:09.939: V/AwesomePlayer(1672): constructor
04-13 01:24:09.939: V/AwesomePlayer(1672): setDefault
04-13 01:24:09.939: I/AwesomePlayer(1672): reset
04-13 01:24:09.939: V/AwesomePlayer(1672): reset_l() cancel player events
04-13 01:24:09.939: V/AwesomePlayer(1672): cancelPlayerEvents (keepNotifications=0)
04-13 01:24:09.939: V/AwesomePlayer(1672): mAudioTrackVector clear
04-13 01:24:09.939: V/AwesomePlayer(1672): reset_l() mAudioPlayer successfully deleted
04-13 01:24:09.939: V/StagefrightPlayer(1672): StagefrightPlayer
04-13 01:24:09.939: V/AwesomePlayer(1672): setListener
04-13 01:24:09.939: V/StagefrightPlayer(1672): initCheck
04-13 01:24:09.939: V/StagefrightPlayer(1672): setAudioSink
04-13 01:24:09.939: V/AwesomePlayer(1672): setAudioSink
04-13 01:24:09.939: V/StagefrightPlayer(1672): setDataSource(55, 15238372, 20394)
04-13 01:24:09.939: V/AwesomePlayer(1672): reset_l() cancel player events
04-13 01:24:09.939: V/AwesomePlayer(1672): cancelPlayerEvents (keepNotifications=0)
04-13 01:24:09.939: V/AwesomePlayer(1672): mAudioTrackVector clear
04-13 01:24:09.939: V/AwesomePlayer(1672): reset_l() mAudioPlayer successfully deleted
04-13 01:24:09.949: V/AwesomePlayer(1672): track of type 'audio/vorbis' does not publish bitrate
04-13 01:24:09.949: V/AwesomePlayer(1672): mBitrate = -1 bits/sec
04-13 01:24:09.949: V/AwesomePlayer(1672): setAudioSource
04-13 01:24:09.949: V/AwesomePlayer(1672): current audio track index (0) is added to vector
04-13 01:24:09.949: V/AwesomePlayer(1672): setDataSource_l: Audio(1), Video(0)
04-13 01:24:09.949: V/MediaPlayerService(1672): prepare
04-13 01:24:09.949: V/StagefrightPlayer(1672): prepareAsync
04-13 01:24:09.949: V/AwesomePlayer(1672): prepareAsync
04-13 01:24:09.949: V/MediaPlayerService(1672): wait for prepare
04-13 01:24:09.949: V/AwesomePlayer(1672): onPrepareAsyncEvent
04-13 01:24:09.949: V/AwesomePlayer(1672): initAudioDecoder
04-13 01:24:09.949: I/OMXCodec(1672): OMXCodec::Create mime (audio/vorbis), flags (0), matchComponentName ((null)), createEncoder (0)
04-13 01:24:09.949: I/OMXCodec(1672): Attempting to allocate OMX node 'OMX.google.vorbis.decoder'
04-13 01:24:09.949: I/OMXCodec(1672): Successfully allocated OMX node 'OMX.google.vorbis.decoder'
04-13 01:24:09.949: I/OMXCodec(1672): [OMX.google.vorbis.decoder] allocating 4 buffers of size 8192 on input port
04-13 01:24:09.949: D/CircleMissedEventWidget(2010): explore by touch mode off
04-13 01:24:09.949: I/OMXCodec(1672): [OMX.google.vorbis.decoder] allocating 4 buffers of size 32768 on output port
04-13 01:24:09.949: V/AwesomePlayer(1672): finishAsyncPrepare_l
04-13 01:24:09.949: V/AwesomePlayer(1672): notifyListener_l() msg (5-MEDIA_SET_VIDEO_SIZE), ext1 (0), ext2 (0)
04-13 01:24:09.949: V/AudioCache(1672): notify(0x424dffc8, 5, 0, 0)
04-13 01:24:09.949: V/AudioCache(1672): ignored
04-13 01:24:09.949: V/AwesomePlayer(1672): notifyListener_l() msg (1-MEDIA_PREPARED), ext1 (0), ext2 (0)
04-13 01:24:09.949: V/AudioCache(1672): notify(0x424dffc8, 1, 0, 0)
04-13 01:24:09.949: V/AudioCache(1672): prepared
04-13 01:24:09.949: V/AudioCache(1672): wait - success
04-13 01:24:09.949: V/MediaPlayerService(1672): start
04-13 01:24:09.949: V/StagefrightPlayer(1672): start
04-13 01:24:09.949: V/AwesomePlayer(1672): play
04-13 01:24:09.949: V/AwesomePlayer(1672): AwesomePlayer::play_l():: This is not a DRM content
04-13 01:24:09.949: V/AwesomePlayer(1672): startAudioPlayer_l, sendErrorNotification (0)
04-13 01:24:09.949: I/OMXCodec(1672): [OMX.google.vorbis.decoder] allocating 4 buffers of size 32768 on output port
04-13 01:24:09.959: I/AudioPlayer(1672): Audioplayer kKeyAudioPCMFormat:1, 1, 0
04-13 01:24:09.959: I/AudioPlayer(1672): Audioplayer1 (1, 1)
04-13 01:24:09.959: V/AudioCache(1672): open(48000, 1, 0x0, 1, 4)
04-13 01:24:09.959: V/AwesomePlayer(1672): addBatteryData
04-13 01:24:09.959: V/MediaPlayerService(1672): wait for playback complete
04-13 01:24:09.959: V/AudioCache(1672): write(0x42805df8, 2048)
04-13 01:24:09.959: V/AudioCache(1672): memcpy(0x44cdb000, 0x42805df8, 2048)
04-13 01:24:09.959: V/AudioCache(1672): write(0x42805df8, 2048)
04-13 01:24:09.959: V/AudioCache(1672): memcpy(0x44cdb800, 0x42805df8, 2048)
04-13 01:24:09.959: V/AudioCache(1672): write(0x42805df8, 2048)
04-13 01:24:09.959: V/AudioCache(1672): memcpy(0x44cdc000, 0x42805df8, 2048)
04-13 01:24:09.969: V/AudioCache(1672): write(0x42805df8, 2048)
04-13 01:24:09.969: V/AudioCache(1672): memcpy(0x44cdc800, 0x42805df8, 2048)
04-13 01:24:09.969: V/AudioCache(1672): write(0x42805df8, 2048)
04-13 01:24:09.969: V/AudioCache(1672): memcpy(0x44cdd000, 0x42805df8, 2048)
04-13 01:24:09.969: V/AudioCache(1672): write(0x42805df8, 2048)
04-13 01:24:09.969: V/AudioCache(1672): memcpy(0x44cdd800, 0x42805df8, 2048)
04-13 01:24:09.969: V/AudioCache(1672): write(0x42805df8, 2048)
04-13 01:24:09.969: V/AudioCache(1672): memcpy(0x44cde000, 0x42805df8, 2048)
04-13 01:24:09.969: V/AudioCache(1672): write(0x42805df8, 2048)
04-13 01:24:09.969: V/AudioCache(1672): memcpy(0x44cde800, 0x42805df8, 2048)
04-13 01:24:09.969: E/CircleShortcutWidget(2010): density = 240
04-13 01:24:09.969: D/CircleShortcutWidget(2010): explore by touch mode off
04-13 01:24:09.969: V/AudioCache(1672): write(0x42805df8, 2048)
04-13 01:24:09.969: V/AudioCache(1672): memcpy(0x44cdf000, 0x42805df8, 2048)
04-13 01:24:09.969: E/CircleShortcutWidget(2010): pkg name =com.sec.chaton, activityName=com.sec.chaton.HomeActivity
04-13 01:24:09.979: V/AudioCache(1672): write(0x42805df8, 2048)
04-13 01:24:09.979: V/AudioCache(1672): memcpy(0x44cdf800, 0x42805df8, 2048)
04-13 01:24:09.979: V/AudioCache(1672): write(0x42805df8, 2048)
04-13 01:24:09.979: V/AudioCache(1672): memcpy(0x44ce0000, 0x42805df8, 2048)
04-13 01:24:09.979: D/CircleShortcutWidget(2010): mIconWidth =72
04-13 01:24:09.979: V/AudioCache(1672): write(0x42805df8, 2048)
04-13 01:24:09.979: V/AudioCache(1672): memcpy(0x44ce0800, 0x42805df8, 2048)
04-13 01:24:09.979: V/AudioCache(1672): write(0x42805df8, 2048)
04-13 01:24:09.979: V/AudioCache(1672): memcpy(0x44ce1000, 0x42805df8, 2048)
04-13 01:24:09.989: V/AudioCache(1672): write(0x42805df8, 2048)
04-13 01:24:09.989: V/AudioCache(1672): memcpy(0x44ce1800, 0x42805df8, 2048)
04-13 01:24:09.989: V/AudioCache(1672): write(0x42805df8, 2048)
04-13 01:24:09.989: V/AudioCache(1672): memcpy(0x44ce2000, 0x42805df8, 2048)
04-13 01:24:09.989: V/AudioCache(1672): write(0x42805df8, 2048)
04-13 01:24:09.989: V/AudioCache(1672): memcpy(0x44ce2800, 0x42805df8, 2048)
04-13 01:24:09.989: V/AudioCache(1672): write(0x42805df8, 2048)
04-13 01:24:09.989: V/AudioCache(1672): memcpy(0x44ce3000, 0x42805df8, 2048)
04-13 01:24:09.989: V/AudioCache(1672): write(0x42805df8, 2048)
04-13 01:24:09.989: V/AudioCache(1672): memcpy(0x44ce3800, 0x42805df8, 2048)
04-13 01:24:09.999: V/AudioCache(1672): write(0x42805df8, 2048)
04-13 01:24:09.999: V/AudioCache(1672): memcpy(0x44ce4000, 0x42805df8, 2048)
04-13 01:24:09.999: V/AudioCache(1672): write(0x42805df8, 2048)
04-13 01:24:09.999: V/AudioCache(1672): memcpy(0x44ce4800, 0x42805df8, 2048)
04-13 01:24:09.999: V/AudioCache(1672): write(0x42805df8, 2048)
04-13 01:24:09.999: V/AudioCache(1672): memcpy(0x44ce5000, 0x42805df8, 2048)
04-13 01:24:09.999: V/AudioCache(1672): write(0x42805df8, 2048)
04-13 01:24:09.999: V/AudioCache(1672): memcpy(0x44ce5800, 0x42805df8, 2048)
04-13 01:24:09.999: V/AudioCache(1672): write(0x42805df8, 2048)
04-13 01:24:09.999: V/AudioCache(1672): memcpy(0x44ce6000, 0x42805df8, 2048)
04-13 01:24:09.999: V/AudioCache(1672): write(0x42805df8, 2048)
04-13 01:24:09.999: V/AudioCache(1672): memcpy(0x44ce6800, 0x42805df8, 2048)
04-13 01:24:10.009: D/CircleShortcutWidget(2010): BitmapDrawable
04-13 01:24:10.009: E/CircleShortcutWidget(2010): pkg name =com.google.android.googlequicksearchbox, activityName=com.google.android.googlequicksearchbox.SearchActivity
04-13 01:24:10.009: V/AudioCache(1672): write(0x42805df8, 2048)
04-13 01:24:10.009: D/CircleShortcutWidget(2010): mIconWidth =72
04-13 01:24:10.009: V/AudioCache(1672): memcpy(0x44ce7000, 0x42805df8, 2048)
04-13 01:24:10.009: V/AudioCache(1672): write(0x42805df8, 2048)
04-13 01:24:10.009: V/AudioCache(1672): memcpy(0x44ce7800, 0x42805df8, 2048)
04-13 01:24:10.009: V/AudioCache(1672): write(0x42805df8, 2048)
04-13 01:24:10.009: V/AudioCache(1672): memcpy(0x44ce8000, 0x42805df8, 2048)
04-13 01:24:10.009: V/AudioCache(1672): write(0x42805df8, 2048)
04-13 01:24:10.009: V/AudioCache(1672): memcpy(0x44ce8800, 0x42805df8, 2048)
04-13 01:24:10.009: V/AudioCache(1672): write(0x42805df8, 2048)
04-13 01:24:10.009: V/AudioCache(1672): memcpy(0x44ce9000, 0x42805df8, 2048)
04-13 01:24:10.019: V/AudioCache(1672): write(0x42805df8, 2048)
04-13 01:24:10.019: V/AudioCache(1672): memcpy(0x44ce9800, 0x42805df8, 2048)
04-13 01:24:10.019: V/AudioCache(1672): write(0x42805df8, 2048)
04-13 01:24:10.019: V/AudioCache(1672): memcpy(0x44cea000, 0x42805df8, 2048)
04-13 01:24:10.019: V/AudioCache(1672): write(0x42805df8, 2048)
04-13 01:24:10.019: V/AudioCache(1672): memcpy(0x44cea800, 0x42805df8, 2048)
04-13 01:24:10.019: V/AudioCache(1672): write(0x42805df8, 2048)
04-13 01:24:10.019: V/AudioCache(1672): memcpy(0x44ceb000, 0x42805df8, 2048)
04-13 01:24:10.029: V/AudioCache(1672): write(0x42805df8, 2048)
04-13 01:24:10.029: V/AudioCache(1672): memcpy(0x44ceb800, 0x42805df8, 2048)
04-13 01:24:10.029: V/AudioCache(1672): write(0x42805df8, 2048)
04-13 01:24:10.029: V/AudioCache(1672): memcpy(0x44cec000, 0x42805df8, 2048)
04-13 01:24:10.029: V/AudioCache(1672): write(0x42805df8, 2048)
04-13 01:24:10.029: V/AudioCache(1672): memcpy(0x44cec800, 0x42805df8, 2048)
04-13 01:24:10.029: V/AudioCache(1672): write(0x42805df8, 2048)
04-13 01:24:10.029: V/AudioCache(1672): memcpy(0x44ced000, 0x42805df8, 2048)
04-13 01:24:10.029: V/AudioCache(1672): write(0x42805df8, 2048)
04-13 01:24:10.029: V/AudioCache(1672): memcpy(0x44ced800, 0x42805df8, 2048)
04-13 01:24:10.029: D/CircleShortcutWidget(2010): BitmapDrawable
04-13 01:24:10.029: E/CircleShortcutWidget(2010): pkg name =com.sec.android.app.camera, activityName=com.sec.android.app.camera.Camera
04-13 01:24:10.039: D/CircleShortcutWidget(2010): mIconWidth =72
04-13 01:24:10.049: V/AudioCache(1672): write(0x42805df8, 2048)
04-13 01:24:10.049: V/AudioCache(1672): memcpy(0x44cee000, 0x42805df8, 2048)
04-13 01:24:10.049: V/AudioCache(1672): write(0x42805df8, 2048)
04-13 01:24:10.049: V/AudioCache(1672): memcpy(0x44cee800, 0x42805df8, 2048)
04-13 01:24:10.049: V/AudioCache(1672): write(0x42805df8, 2048)
04-13 01:24:10.049: V/AudioCache(1672): memcpy(0x44cef000, 0x42805df8, 2048)
04-13 01:24:10.049: V/AudioCache(1672): write(0x42805df8, 2048)
04-13 01:24:10.049: V/AudioCache(1672): memcpy(0x44cef800, 0x42805df8, 2048)
04-13 01:24:10.049: V/AudioCache(1672): write(0x42805df8, 2048)
04-13 01:24:10.049: V/AudioCache(1672): memcpy(0x44cf0000, 0x42805df8, 2048)
04-13 01:24:10.049: E/OMXCodec(1672): [OMX.google.vorbis.decoder] err = -1011
04-13 01:24:10.049: V/AudioCache(1672): write(0x42805df8, 2048)
04-13 01:24:10.049: V/AudioCache(1672): memcpy(0x44cf0800, 0x42805df8, 2048)
04-13 01:24:10.049: D/CircleShortcutWidget(2010): BitmapDrawable
04-13 01:24:10.059: V/AudioCache(1672): write(0x42805df8, 2048)
04-13 01:24:10.059: V/AudioCache(1672): memcpy(0x44cf1000, 0x42805df8, 2048)
04-13 01:24:10.059: V/AudioCache(1672): write(0x42805df8, 2048)
04-13 01:24:10.059: V/AudioCache(1672): memcpy(0x44cf1800, 0x42805df8, 2048)
04-13 01:24:10.059: V/AudioCache(1672): write(0x42805df8, 2048)
04-13 01:24:10.059: V/AudioCache(1672): memcpy(0x44cf2000, 0x42805df8, 2048)
04-13 01:24:10.059: V/AwesomePlayer(1672): postAudioEOS delayUs (0)
04-13 01:24:10.059: V/AudioCache(1672): write(0x42805df8, 824)
04-13 01:24:10.059: V/AudioCache(1672): memcpy(0x44cf2800, 0x42805df8, 824)
04-13 01:24:10.059: D/CircleLockScreen(2010): cursor.getInt(0) = 0
04-13 01:24:10.069: V/AwesomePlayer(1672): onCheckAudioStatus
04-13 01:24:10.069: V/AwesomePlayer(1672): onCheckAudioStatus() set AUDIO_AT_EOS flag
04-13 01:24:10.069: V/AwesomePlayer(1672): onStreamDone
04-13 01:24:10.069: V/AwesomePlayer(1672): MEDIA_PLAYBACK_COMPLETE
04-13 01:24:10.069: V/AwesomePlayer(1672): notifyListener_l() msg (2-MEDIA_PLAYBACK_COMPLETE), ext1 (0), ext2 (0)
04-13 01:24:10.069: V/AudioCache(1672): notify(0x424dffc8, 2, 0, 0)
04-13 01:24:10.069: V/AudioCache(1672): playback complete - thread will wake up later
04-13 01:24:10.069: V/AwesomePlayer(1672): cancelPlayerEvents (keepNotifications=1)
04-13 01:24:10.069: V/AwesomePlayer(1672): addBatteryData
04-13 01:24:10.069: V/AudioCache(1672): wait - success
04-13 01:24:10.069: V/StagefrightPlayer(1672): reset
04-13 01:24:10.069: I/AwesomePlayer(1672): reset
04-13 01:24:10.069: V/AwesomePlayer(1672): reset_l() cancel player events
04-13 01:24:10.069: V/AwesomePlayer(1672): cancelPlayerEvents (keepNotifications=0)
04-13 01:24:10.069: V/AwesomePlayer(1672): mAudioTrackVector clear
04-13 01:24:10.069: I/OMXCodec(1672): [OMX.google.vorbis.decoder] stop() sendCommand(0x20, OMX_CommandStateSet, OMX_StateIdle)
04-13 01:24:10.069: V/AwesomePlayer(1672): reset_l() mAudioPlayer successfully deleted
04-13 01:24:10.069: V/StagefrightPlayer(1672): ~StagefrightPlayer
04-13 01:24:10.069: V/StagefrightPlayer(1672): reset
04-13 01:24:10.069: I/AwesomePlayer(1672): reset
04-13 01:24:10.069: V/AwesomePlayer(1672): reset_l() cancel player events
04-13 01:24:10.069: V/AwesomePlayer(1672): cancelPlayerEvents (keepNotifications=0)
04-13 01:24:10.069: V/AwesomePlayer(1672): mAudioTrackVector clear
04-13 01:24:10.069: V/AwesomePlayer(1672): reset_l() mAudioPlayer successfully deleted
04-13 01:24:10.069: V/AwesomePlayer(1672): destructor
04-13 01:24:10.069: I/AwesomePlayer(1672): reset
04-13 01:24:10.069: V/AwesomePlayer(1672): reset_l() cancel player events
04-13 01:24:10.069: V/AwesomePlayer(1672): cancelPlayerEvents (keepNotifications=0)
04-13 01:24:10.069: V/AwesomePlayer(1672): mAudioTrackVector clear
04-13 01:24:10.069: V/AwesomePlayer(1672): reset_l() mAudioPlayer successfully deleted
04-13 01:24:10.069: V/AwesomePlayer(1672): ~AwesomePlayer()
04-13 01:24:10.069: D/CircleLockScreen(2010): cursor.getInt(0) = 0
04-13 01:24:10.079: D/CircleLockScreen(2010): cursor.getInt(0) = 1
04-13 01:24:10.079: D/CircleLockScreen(2010): mChecked = 11
04-13 01:24:10.179: D/dalvikvm(2010): GC_FOR_ALLOC freed 223K, 52% free 17380K/35911K, paused 98ms, total 98ms
04-13 01:24:10.229: D/CircleLockScreen(2010): onRefreshBatteryInfo() showPatteryInfo: true pluggedIn: true batteryLevel: 88
04-13 01:24:10.239: D/ClockWidget(2010): refreshTime()
04-13 01:24:10.239: D/ClockWidget(2010): TTS Message = It is 1 : 24 AM, Saturday, April 13
04-13 01:24:10.239: I/CircleLockScreen(2010): onCsSimStateChanged simId = 0 , mIsWatterRipple = true, mUnlockWidget = com.android.internal.policy.impl.sec.CircleUnlockRipple@42a1c588
04-13 01:24:10.239: I/CircleUnlockRipple(2010): setRippleBackground
04-13 01:24:10.239: I/CircleUnlockRippleRenderer(2010): setRippleBackground()
04-13 01:24:10.339: D/dalvikvm(2010): GC_FOR_ALLOC freed 39K, 48% free 18926K/35911K, paused 92ms, total 93ms
04-13 01:24:10.339: I/dalvikvm-heap(2010): Grow heap (frag case) to 21.537MB for 2560016-byte allocation
04-13 01:24:10.439: D/dalvikvm(2010): GC_CONCURRENT freed 4K, 41% free 21422K/35911K, paused 5ms+9ms, total 101ms
04-13 01:24:10.439: D/dalvikvm(2010): WAIT_FOR_CONCURRENT_GC blocked 46ms
04-13 01:24:10.469: D/ClockWidget(2010): refreshTime()
04-13 01:24:10.469: D/ClockWidget(2010): TTS Message = It is 1 : 24 AM, Saturday, April 13
04-13 01:24:10.469: W/LockPatternKeyguardView(2010): Couldn't find transport control widget
04-13 01:24:10.469: D/LockPatternUtils(2010): isPcwEnable = null
04-13 01:24:10.569: D/dalvikvm(2010): GC_FOR_ALLOC freed 10K, 38% free 22451K/35911K, paused 93ms, total 93ms
04-13 01:24:10.569: I/dalvikvm-heap(2010): Grow heap (frag case) to 24.979MB for 2560016-byte allocation
04-13 01:24:10.669: D/dalvikvm(2010): GC_CONCURRENT freed 2K, 31% free 24948K/35911K, paused 5ms+9ms, total 100ms
04-13 01:24:10.669: D/dalvikvm(2010): WAIT_FOR_CONCURRENT_GC blocked 45ms
04-13 01:24:10.679: D/LockPatternKeyguardView(2010): max failed attempt for device disable :0
04-13 01:24:10.679: W/LockPatternKeyguardView(2010): no unlock screen when trying to enable fallback
04-13 01:24:10.679: D/LockPatternUtils(2010): isPcwEnable = null
04-13 01:24:10.679: D/LockPatternUtils(2010): isPcwEnable = null
04-13 01:24:10.689: D/ClockWidget(2010): refreshTime()
04-13 01:24:10.689: D/ClockWidget(2010): TTS Message = It is 1 : 24 AM, Saturday, April 13
04-13 01:24:10.689: D/ClockWidget(2010): isServiceEnable = false cityId = null
04-13 01:24:10.689: D/ClockWidget(2010): Weather Demon is not running, Set visibility to GONE
04-13 01:24:10.689: D/CircleLockScreen(2010): onResume()
04-13 01:24:10.689: D/CircleUnlockRippleRenderer(2010): onResume isUnlocked = false
04-13 01:24:10.689: D/ClockWidget(2010): isServiceEnable = false cityId = null
04-13 01:24:10.689: D/ClockWidget(2010): Weather Demon is not running, Set visibility to GONE
04-13 01:24:10.709: D/CircleShortcutWidget(2010): onResume()
04-13 01:24:10.709: D/CircleLockScreen(2010): mCallback.isShowingAndNotHidden()=false
04-13 01:24:10.709: V/KeyguardViewManager(2010): KGVM: Set visibility on com.android.internal.policy.impl.KeyguardViewManager$KeyguardViewHost@425a8100 to 6291464
04-13 01:24:10.709: D/KeyguardViewMediator(2010): adjustUserActivityLocked mShowing: true mHidden: false
04-13 01:24:10.709: D/LockPatternUtils(2010): isPcwEnable = null
04-13 01:24:10.709: D/LockPatternUtils(2010): isPcwEnable = null
04-13 01:24:10.709: D/PowerManagerService(2010): enableUserActivity false
04-13 01:24:10.719: D/LockPatternUtils(2010): isPcwEnable = null
04-13 01:24:10.719: D/KeyguardViewMediator(2010): adjustStatusBarLocked: mShowing=true mHidden=false isSecure=false --> flags=0x1200000
04-13 01:24:10.719: E/KeyguardViewMediator(2010): 2. Lockscreen lock
04-13 01:24:10.719: E/KeyguardViewMediator(2010): Phone is boot completed. so can broadcast
04-13 01:24:10.719: I/Choreographer(2010): Skipped 52 frames! The application may be doing too much work on its main thread.
04-13 01:24:10.719: D/STATUSBAR-StatusBarManagerService(2010): manageDisableList what=0x1200000 pkg=android
04-13 01:24:10.719: D/PhoneStatusBar(2113): disable: < expand icons alerts ticker system_info back HOME* RECENT* clock
> 04-13 01:24:10.739: I/libblt_hw(1665): Library opened (handle = 0, fd = 29)
04-13 01:24:10.739: D/WindowManager(2010): PhoneWindowManager: focusChangedLw
04-13 01:24:10.739: D/KeyguardViewMediator(2010): setHidden false
04-13 01:24:10.749: I/libblt_hw(1665): Library opened (handle = 2, fd = 43)
04-13 01:24:10.749: D/KeyguardViewMediator(2010): setHidden false
04-13 01:24:10.859: D/dalvikvm(2010): GC_FOR_ALLOC freed 38K, 31% free 24975K/35911K, paused 93ms, total 93ms
04-13 01:24:10.859: I/dalvikvm-heap(2010): Grow heap (frag case) to 27.444MB for 2560016-byte allocation
04-13 01:24:10.980: D/dalvikvm(2010): GC_CONCURRENT freed 13K, 24% free 27461K/35911K, paused 19ms+9ms, total 116ms
04-13 01:24:10.980: D/dalvikvm(2010): WAIT_FOR_CONCURRENT_GC blocked 42ms
04-13 01:24:11.030: E/LockPatternKeyguardView(2010): !!! callback setLockScreenReady
04-13 01:24:11.030: E/CircleUnlockRippleRenderer(2010): CircleUnlockRippleRenderer setLockScreenReady
04-13 01:24:11.050: D/KeyguardViewMediator(2010): setHidden false
04-13 01:24:11.050: D/LockPatternUtils(2010): isPcwEnable = null
04-13 01:24:11.050: D/LockPatternUtils(2010): isPcwEnable = null
04-13 01:24:11.060: D/LockPatternUtils(2010): isPcwEnable = null
04-13 01:24:11.060: D/KeyguardViewMediator(2010): adjustStatusBarLocked: mShowing=true mHidden=false isSecure=false --> flags=0x1200000
04-13 01:24:11.060: V/LockPatternKeyguardView(2010): Set visibility on com.android.internal.policy.impl.LockPatternKeyguardView$4@42b7ebf0 to 8388608
04-13 01:24:11.060: D/LockPatternKeyguardView(2010): focused
04-13 01:24:11.060: D/CircleLockScreen(2010): focused
04-13 01:24:11.060: D/STATUSBAR-StatusBarManagerService(2010): manageDisableList what=0x1200000 pkg=android
04-13 01:24:11.060: D/STATUSBAR-StatusBarManagerService(2010): setSystemUiVisibility(0x600008)
04-13 01:24:11.060: D/STATUSBAR-StatusBarManagerService(2010): manageDisableList what=0x600000 pkg=WindowManager.LayoutParams
04-13 01:24:11.060: D/PhoneStatusBar(2113): disable: < expand icons alerts ticker system_info BACK* HOME RECENT clock
> 04-13 01:24:11.080: D/KeyguardViewMediator(2010): setHidden false
04-13 01:24:11.080: D/KeyguardViewMediator(2010): setHidden false
04-13 01:24:11.080: V/LockPatternKeyguardView(2010): *** dispatchDraw() time: 58020270
04-13 01:24:11.110: D/KeyguardViewMediator(2010): setHidden false
04-13 01:24:11.110: D/KeyguardViewMediator(2010): setHidden false
04-13 01:24:11.110: D/KeyguardViewMediator(2010): setHidden false
04-13 01:24:11.110: D/STATUSBAR-StatusBarManagerService(2010): setSystemUiVisibility(0xe00008)
04-13 01:24:11.110: D/STATUSBAR-StatusBarManagerService(2010): manageDisableList what=0xe00000 pkg=WindowManager.LayoutParams
04-13 01:24:11.120: D/PhoneStatusBar(2113): disable: < expand icons alerts ticker system_info BACK HOME RECENT CLOCK*
> 04-13 01:24:15.224: D/BatteryService(2010): update start
04-13 01:24:15.234: D/CircleLockScreen(2010): onRefreshBatteryInfo() showPatteryInfo: true pluggedIn: true batteryLevel: 89
04-13 01:24:15.234: D/BatteryService(2010): level:89 scale:100 status:2 health:2 present:true voltage: 4310 temperature: 328 technology: Li-ion AC powered:false USB powered:true icon:17303233 invalid charger:0
04-13 01:24:15.234: D/BatteryService(2010): turn on LED for charging
04-13 01:24:15.244: D/STATUSBAR-BatteryController(2113): onReceive() - ACTION_BATTERY_CHANGED
04-13 01:24:15.244: D/STATUSBAR-BatteryController(2113): onReceive() - level:89
04-13 01:24:15.244: D/STATUSBAR-BatteryController(2113): onReceive() - plugged:2
04-13 01:24:15.244: D/STATUSBAR-BatteryController(2113): onReceive() - BATTERY_STATUS_CHARGING:
04-13 01:24:15.244: D/STATUSBAR-PhoneStatusBar(2113): ACTION_BATTERY_CHANGED
04-13 01:24:15.254: D/STATUSBAR-PhoneStatusBar(2113): NORMAL_BATTERY
04-13 01:24:15.264: E/MtpService(5628): In MTPAPP onReceive:android.intent.action.BATTERY_CHANGED
04-13 01:24:15.264: E/MtpService(5628): battPlugged Type : 2
04-13 01:24:17.716: W/PowerManagerService(2010): Timer 0x0->0x0|0x0
04-13 01:24:21.530: E/Watchdog(2010): !@Sync 340
04-13 01:24:25.273: D/BatteryService(2010): update start
04-13 01:24:25.283: D/BatteryService(2010): level:89 scale:100 status:2 health:2 present:true voltage: 4310 temperature: 326 technology: Li-ion AC powered:false USB powered:true icon:17303233 invalid charger:0
04-13 01:24:25.294: D/STATUSBAR-BatteryController(2113): onReceive() - ACTION_BATTERY_CHANGED
04-13 01:24:25.294: D/STATUSBAR-BatteryController(2113): onReceive() - level:89
04-13 01:24:25.294: D/STATUSBAR-BatteryController(2113): onReceive() - plugged:2
04-13 01:24:25.294: D/STATUSBAR-BatteryController(2113): onReceive() - BATTERY_STATUS_CHARGING:
