04-13 01:32:31.289: I/wpa_supplicant(2796): 646C696E6B
04-13 01:32:32.050: D/BatteryService(2010): update start
04-13 01:32:32.050: D/BatteryService(2010): level:92 scale:100 status:2 health:2 present:true voltage: 4334 temperature: 306 technology: Li-ion AC powered:false USB powered:true icon:17303233 invalid charger:0
04-13 01:32:32.050: D/BatteryService(2010): turn on LED for charging
04-13 01:32:32.060: D/STATUSBAR-BatteryController(2113): onReceive() - ACTION_BATTERY_CHANGED
04-13 01:32:32.060: D/STATUSBAR-BatteryController(2113): onReceive() - level:92
04-13 01:32:32.060: D/STATUSBAR-BatteryController(2113): onReceive() - plugged:2
04-13 01:32:32.060: D/STATUSBAR-BatteryController(2113): onReceive() - BATTERY_STATUS_CHARGING:
04-13 01:32:32.060: D/STATUSBAR-PhoneStatusBar(2113): ACTION_BATTERY_CHANGED
04-13 01:32:32.060: D/STATUSBAR-PhoneStatusBar(2113): NORMAL_BATTERY
04-13 01:32:32.070: E/MtpService(5628): In MTPAPP onReceive:android.intent.action.BATTERY_CHANGED
04-13 01:32:32.070: E/MtpService(5628): battPlugged Type : 2
04-13 01:32:35.183: W/SignalStrength(2010): getGsmLevel=3
04-13 01:32:35.183: W/SignalStrength(2010): getLevel=3 (SignalStrength: 99 -1 -1 -1 -1 -1 -1 -1 -1 -1 -1 -1 gsm|lte 3)
04-13 01:32:35.183: W/SignalStrength(2113): getGsmLevel=3
04-13 01:32:35.183: W/SignalStrength(2113): getLevel=3 (SignalStrength: 99 -1 -1 -1 -1 -1 -1 -1 -1 -1 -1 -1 gsm|lte 3)
04-13 01:32:35.183: W/SignalStrength(2113): getGsmLevel=3
04-13 01:32:35.183: W/SignalStrength(2113): getLevel=3 (SignalStrength: 99 -1 -1 -1 -1 -1 -1 -1 -1 -1 -1 -1 gsm|lte 3)
04-13 01:32:35.183: D/STATUSBAR-NetworkController(2113): onSignalStrengthsChanged signalStrength=SignalStrength: 99 -1 -1 -1 -1 -1 -1 -1 -1 -1 -1 -1 gsm|lte 3 level=3
04-13 01:32:35.193: W/SignalStrength(2010): getGsmDbm=-1
04-13 01:32:35.193: W/SignalStrength(2010): getDbm=-1
04-13 01:32:35.193: W/SignalStrength(2010): getGsmAsuLevel=99
04-13 01:32:35.193: W/SignalStrength(2010): getAsuLevel=99
04-13 01:32:35.193: D/STATUSBAR-NetworkController(2113): refreshSignalCluster: data=-1 bt=false
04-13 01:32:35.193: D/STATUSBAR-SignalClusterView(2113): mSeparateMobileGroup=8
04-13 01:32:35.193: D/STATUSBAR-SignalClusterView(2113): mSeparateMobileGroup=8
04-13 01:32:35.193: D/STATUSBAR-SignalClusterView(2113): mSeparateMobileGroup=8
04-13 01:32:42.220: D/BatteryService(2010): update start
04-13 01:32:42.220: D/BatteryService(2010): level:92 scale:100 status:2 health:2 present:true voltage: 4334 temperature: 307 technology: Li-ion AC powered:false USB powered:true icon:17303233 invalid charger:0
04-13 01:32:42.230: D/BatteryService(2010): turn on LED for charging
04-13 01:32:42.230: D/STATUSBAR-BatteryController(2113): onReceive() - ACTION_BATTERY_CHANGED
04-13 01:32:42.230: D/STATUSBAR-BatteryController(2113): onReceive() - level:92
04-13 01:32:42.230: D/STATUSBAR-BatteryController(2113): onReceive() - plugged:2
04-13 01:32:42.230: D/STATUSBAR-BatteryController(2113): onReceive() - BATTERY_STATUS_CHARGING:
04-13 01:32:42.230: D/STATUSBAR-PhoneStatusBar(2113): ACTION_BATTERY_CHANGED
04-13 01:32:42.230: D/STATUSBAR-PhoneStatusBar(2113): NORMAL_BATTERY
04-13 01:32:42.250: E/MtpService(5628): In MTPAPP onReceive:android.intent.action.BATTERY_CHANGED
04-13 01:32:42.250: E/MtpService(5628): battPlugged Type : 2
04-13 01:32:51.549: E/Watchdog(2010): !@Sync 357
04-13 01:32:52.420: D/BatteryService(2010): update start
04-13 01:32:52.420: D/BatteryService(2010): level:92 scale:100 status:2 health:2 present:true voltage: 4334 temperature: 306 technology: Li-ion AC powered:false USB powered:true icon:17303233 invalid charger:0
04-13 01:32:52.430: D/BatteryService(2010): turn on LED for charging
04-13 01:32:52.430: D/STATUSBAR-BatteryController(2113): onReceive() - ACTION_BATTERY_CHANGED
04-13 01:32:52.430: D/STATUSBAR-BatteryController(2113): onReceive() - level:92
04-13 01:32:52.430: D/STATUSBAR-BatteryController(2113): onReceive() - plugged:2
04-13 01:32:52.430: D/STATUSBAR-BatteryController(2113): onReceive() - BATTERY_STATUS_CHARGING:
04-13 01:32:52.430: D/STATUSBAR-PhoneStatusBar(2113): ACTION_BATTERY_CHANGED
04-13 01:32:52.430: D/STATUSBAR-PhoneStatusBar(2113): NORMAL_BATTERY
04-13 01:32:52.450: E/MtpService(5628): In MTPAPP onReceive:android.intent.action.BATTERY_CHANGED
04-13 01:32:52.450: E/MtpService(5628): battPlugged Type : 2
04-13 01:32:59.997: V/AlarmManager(2010): waitForAlarm result :8
04-13 01:32:59.997: V/AlarmManager(2010): ClockReceiver onReceive() ACTION_TIME_TICK
04-13 01:33:00.007: W/AlarmManager(2010): FACTORY_ON= 0
04-13 01:33:00.027: D/STATUSBAR-Clock(2113): onReceive() - ACTION_TIME_TICK
04-13 01:33:00.027: D/STATUSBAR-Clock(2113): onReceive() - ACTION_TIME_TICK
04-13 01:33:00.070: D/ClockAlarmWidgetService(8173): [ClockAlarmWidgetService] onReceive: action = android.intent.action.TIME_TICK
04-13 01:33:00.070: E/ClockAlarmWidget(8173): [AlarmWidgetIdManager] getListItem() : itemIndex=0, widgetID:1
04-13 01:33:00.070: E/ClockAlarmWidget(8173): [AlarmWidgetIdManager] getListItem() : ItemIndex exceed ListItemCount. itemIndex=1
04-13 01:33:00.070: E/ClockAlarmWidget(8173): [AlarmWidgetIdManager] getListItem() : itemIndex=1, widgetID:1
04-13 01:33:00.080: D/ClockAlarmDataProvider(8173): getAlarm() - too many same ID alarm data. nCount: 0
04-13 01:33:00.090: D/ClockWidget(2010): refreshTime()
04-13 01:33:00.100: D/ClockWidget(2010): TTS Message = It is 1 : 33 AM, Saturday, April 13
04-13 01:33:02.501: D/BatteryService(2010): update start
04-13 01:33:02.501: D/BatteryService(2010): level:93 scale:100 status:2 health:2 present:true voltage: 4334 temperature: 306 technology: Li-ion AC powered:false USB powered:true icon:17303233 invalid charger:0
04-13 01:33:02.501: D/BatteryService(2010): turn on LED for charging
04-13 01:33:02.511: D/CircleLockScreen(2010): onRefreshBatteryInfo() showPatteryInfo: true pluggedIn: true batteryLevel: 93
04-13 01:33:02.511: D/STATUSBAR-BatteryController(2113): onReceive() - ACTION_BATTERY_CHANGED
04-13 01:33:02.511: D/STATUSBAR-BatteryController(2113): onReceive() - level:93
04-13 01:33:02.511: D/STATUSBAR-BatteryController(2113): onReceive() - plugged:2
04-13 01:33:02.511: D/STATUSBAR-BatteryController(2113): onReceive() - BATTERY_STATUS_CHARGING:
04-13 01:33:02.511: D/STATUSBAR-PhoneStatusBar(2113): ACTION_BATTERY_CHANGED
04-13 01:33:02.521: E/MtpService(5628): In MTPAPP onReceive:android.intent.action.BATTERY_CHANGED
04-13 01:33:02.521: E/MtpService(5628): battPlugged Type : 2
04-13 01:33:02.521: D/STATUSBAR-PhoneStatusBar(2113): NORMAL_BATTERY
04-13 01:33:13.192: D/BatteryService(2010): update start
04-13 01:33:21.550: E/Watchdog(2010): !@Sync 358
04-13 01:33:23.242: D/BatteryService(2010): update start
04-13 01:33:23.242: D/BatteryService(2010): level:93 scale:100 status:2 health:2 present:true voltage: 4334 temperature: 304 technology: Li-ion AC powered:false USB powered:true icon:17303233 invalid charger:0
04-13 01:33:23.242: D/BatteryService(2010): turn on LED for charging
04-13 01:33:23.252: D/STATUSBAR-BatteryController(2113): onReceive() - ACTION_BATTERY_CHANGED
04-13 01:33:23.252: D/STATUSBAR-BatteryController(2113): onReceive() - level:93
04-13 01:33:23.252: D/STATUSBAR-BatteryController(2113): onReceive() - plugged:2
04-13 01:33:23.252: D/STATUSBAR-BatteryController(2113): onReceive() - BATTERY_STATUS_CHARGING:
04-13 01:33:23.252: D/STATUSBAR-PhoneStatusBar(2113): ACTION_BATTERY_CHANGED
04-13 01:33:23.252: D/STATUSBAR-PhoneStatusBar(2113): NORMAL_BATTERY
04-13 01:33:23.262: E/MtpService(5628): In MTPAPP onReceive:android.intent.action.BATTERY_CHANGED
04-13 01:33:23.262: E/MtpService(5628): battPlugged Type : 2
04-13 01:33:33.271: D/BatteryService(2010): update start
04-13 01:33:33.281: D/BatteryService(2010): level:93 scale:100 status:2 health:2 present:true voltage: 4332 temperature: 304 technology: Li-ion AC powered:false USB powered:true icon:17303233 invalid charger:0
04-13 01:33:33.281: D/BatteryService(2010): turn on LED for charging
04-13 01:33:33.291: E/MtpService(5628): In MTPAPP onReceive:android.intent.action.BATTERY_CHANGED
04-13 01:33:33.291: D/STATUSBAR-BatteryController(2113): onReceive() - ACTION_BATTERY_CHANGED
04-13 01:33:33.291: D/STATUSBAR-BatteryController(2113): onReceive() - level:93
04-13 01:33:33.291: D/STATUSBAR-BatteryController(2113): onReceive() - plugged:2
04-13 01:33:33.291: D/STATUSBAR-BatteryController(2113): onReceive() - BATTERY_STATUS_CHARGING:
04-13 01:33:33.301: E/MtpService(5628): battPlugged Type : 2
04-13 01:33:33.301: D/STATUSBAR-PhoneStatusBar(2113): ACTION_BATTERY_CHANGED
04-13 01:33:33.301: D/STATUSBAR-PhoneStatusBar(2113): NORMAL_BATTERY
04-13 01:33:43.311: D/BatteryService(2010): update start
04-13 01:33:43.321: D/BatteryService(2010): level:93 scale:100 status:2 health:2 present:true voltage: 4334 temperature: 304 technology: Li-ion AC powered:false USB powered:true icon:17303233 invalid charger:0
04-13 01:33:43.321: D/BatteryService(2010): turn on LED for charging
04-13 01:33:43.331: D/STATUSBAR-BatteryController(2113): onReceive() - ACTION_BATTERY_CHANGED
04-13 01:33:43.331: D/STATUSBAR-BatteryController(2113): onReceive() - level:93
04-13 01:33:43.331: D/STATUSBAR-BatteryController(2113): onReceive() - plugged:2
04-13 01:33:43.331: D/STATUSBAR-BatteryController(2113): onReceive() - BATTERY_STATUS_CHARGING:
04-13 01:33:43.331: D/STATUSBAR-PhoneStatusBar(2113): ACTION_BATTERY_CHANGED
04-13 01:33:43.331: D/STATUSBAR-PhoneStatusBar(2113): NORMAL_BATTERY
04-13 01:33:43.341: E/MtpService(5628): In MTPAPP onReceive:android.intent.action.BATTERY_CHANGED
04-13 01:33:43.341: E/MtpService(5628): battPlugged Type : 2
04-13 01:33:51.549: E/Watchdog(2010): !@Sync 359
04-13 01:33:53.351: D/BatteryService(2010): update start
04-13 01:33:53.361: D/BatteryService(2010): level:93 scale:100 status:2 health:2 present:true voltage: 4334 temperature: 302 technology: Li-ion AC powered:false USB powered:true icon:17303233 invalid charger:0
04-13 01:33:53.371: D/BatteryService(2010): turn on LED for charging
04-13 01:33:53.371: D/STATUSBAR-BatteryController(2113): onReceive() - ACTION_BATTERY_CHANGED
04-13 01:33:53.371: D/STATUSBAR-BatteryController(2113): onReceive() - level:93
04-13 01:33:53.371: D/STATUSBAR-BatteryController(2113): onReceive() - plugged:2
04-13 01:33:53.371: D/STATUSBAR-BatteryController(2113): onReceive() - BATTERY_STATUS_CHARGING:
04-13 01:33:53.371: D/STATUSBAR-PhoneStatusBar(2113): ACTION_BATTERY_CHANGED
04-13 01:33:53.381: E/MtpService(5628): In MTPAPP onReceive:android.intent.action.BATTERY_CHANGED
04-13 01:33:53.381: E/MtpService(5628): battPlugged Type : 2
04-13 01:33:53.381: D/STATUSBAR-PhoneStatusBar(2113): NORMAL_BATTERY
04-13 01:33:59.997: V/AlarmManager(2010): waitForAlarm result :8
04-13 01:33:59.997: V/AlarmManager(2010): ClockReceiver onReceive() ACTION_TIME_TICK
04-13 01:33:59.997: W/AlarmManager(2010): FACTORY_ON= 0
04-13 01:34:00.027: D/STATUSBAR-Clock(2113): onReceive() - ACTION_TIME_TICK
04-13 01:34:00.027: D/STATUSBAR-Clock(2113): onReceive() - ACTION_TIME_TICK
04-13 01:34:00.060: D/ClockAlarmWidgetService(8173): [ClockAlarmWidgetService] onReceive: action = android.intent.action.TIME_TICK
04-13 01:34:00.070: E/ClockAlarmWidget(8173): [AlarmWidgetIdManager] getListItem() : itemIndex=0, widgetID:1
04-13 01:34:00.070: E/ClockAlarmWidget(8173): [AlarmWidgetIdManager] getListItem() : ItemIndex exceed ListItemCount. itemIndex=1
04-13 01:34:00.070: E/ClockAlarmWidget(8173): [AlarmWidgetIdManager] getListItem() : itemIndex=1, widgetID:1
04-13 01:34:00.080: D/ClockAlarmDataProvider(8173): getAlarm() - too many same ID alarm data. nCount: 0
04-13 01:34:00.090: D/ClockWidget(2010): refreshTime()
04-13 01:34:00.100: D/ClockWidget(2010): TTS Message = It is 1 : 34 AM, Saturday, April 13
04-13 01:34:03.392: D/BatteryService(2010): update start
04-13 01:34:03.402: D/BatteryService(2010): level:93 scale:100 status:2 health:2 present:true voltage: 4334 temperature: 304 technology: Li-ion AC powered:false USB powered:true icon:17303233 invalid charger:0
04-13 01:34:03.412: D/BatteryService(2010): turn on LED for charging
04-13 01:34:03.412: D/STATUSBAR-BatteryController(2113): onReceive() - ACTION_BATTERY_CHANGED
04-13 01:34:03.412: D/STATUSBAR-BatteryController(2113): onReceive() - level:93
04-13 01:34:03.412: D/STATUSBAR-BatteryController(2113): onReceive() - plugged:2
04-13 01:34:03.412: D/STATUSBAR-BatteryController(2113): onReceive() - BATTERY_STATUS_CHARGING:
04-13 01:34:03.412: D/STATUSBAR-PhoneStatusBar(2113): ACTION_BATTERY_CHANGED
04-13 01:34:03.422: E/MtpService(5628): In MTPAPP onReceive:android.intent.action.BATTERY_CHANGED
04-13 01:34:03.422: E/MtpService(5628): battPlugged Type : 2
04-13 01:34:03.422: D/STATUSBAR-PhoneStatusBar(2113): NORMAL_BATTERY
04-13 01:34:13.602: D/BatteryService(2010): update start
04-13 01:34:13.612: D/BatteryService(2010): level:93 scale:100 status:2 health:2 present:true voltage: 4334 temperature: 302 technology: Li-ion AC powered:false USB powered:true icon:17303233 invalid charger:0
04-13 01:34:13.612: D/BatteryService(2010): turn on LED for charging
04-13 01:34:13.622: D/STATUSBAR-BatteryController(2113): onReceive() - ACTION_BATTERY_CHANGED
04-13 01:34:13.622: D/STATUSBAR-BatteryController(2113): onReceive() - level:93
04-13 01:34:13.622: D/STATUSBAR-BatteryController(2113): onReceive() - plugged:2
04-13 01:34:13.622: D/STATUSBAR-BatteryController(2113): onReceive() - BATTERY_STATUS_CHARGING:
04-13 01:34:13.622: D/STATUSBAR-PhoneStatusBar(2113): ACTION_BATTERY_CHANGED
04-13 01:34:13.622: D/STATUSBAR-PhoneStatusBar(2113): NORMAL_BATTERY
04-13 01:34:13.632: E/MtpService(5628): In MTPAPP onReceive:android.intent.action.BATTERY_CHANGED
04-13 01:34:13.632: E/MtpService(5628): battPlugged Type : 2
04-13 01:34:21.550: E/Watchdog(2010): !@Sync 360
04-13 01:34:23.822: D/BatteryService(2010): update start
04-13 01:34:33.962: D/BatteryService(2010): update start
04-13 01:34:44.032: D/BatteryService(2010): update start
04-13 01:34:51.549: E/Watchdog(2010): !@Sync 361
04-13 01:34:54.102: D/BatteryService(2010): update start
04-13 01:34:54.102: D/BatteryService(2010): level:93 scale:100 status:2 health:2 present:true voltage: 4334 temperature: 300 technology: Li-ion AC powered:false USB powered:true icon:17303233 invalid charger:0
04-13 01:34:54.112: D/BatteryService(2010): turn on LED for charging
04-13 01:34:54.112: D/STATUSBAR-BatteryController(2113): onReceive() - ACTION_BATTERY_CHANGED
04-13 01:34:54.112: D/STATUSBAR-BatteryController(2113): onReceive() - level:93
04-13 01:34:54.112: D/STATUSBAR-BatteryController(2113): onReceive() - plugged:2
04-13 01:34:54.112: D/STATUSBAR-BatteryController(2113): onReceive() - BATTERY_STATUS_CHARGING:
04-13 01:34:54.122: E/MtpService(5628): In MTPAPP onReceive:android.intent.action.BATTERY_CHANGED
04-13 01:34:54.122: E/MtpService(5628): battPlugged Type : 2
04-13 01:34:54.122: D/STATUSBAR-PhoneStatusBar(2113): ACTION_BATTERY_CHANGED
04-13 01:34:54.122: D/STATUSBAR-PhoneStatusBar(2113): NORMAL_BATTERY
04-13 01:34:59.997: V/AlarmManager(2010): waitForAlarm result :8
04-13 01:35:00.007: V/AlarmManager(2010): ClockReceiver onReceive() ACTION_TIME_TICK
04-13 01:35:00.007: W/AlarmManager(2010): FACTORY_ON= 0
04-13 01:35:00.027: D/STATUSBAR-Clock(2113): onReceive() - ACTION_TIME_TICK
04-13 01:35:00.037: D/STATUSBAR-Clock(2113): onReceive() - ACTION_TIME_TICK
04-13 01:35:00.100: D/ClockAlarmWidgetService(8173): [ClockAlarmWidgetService] onReceive: action = android.intent.action.TIME_TICK
04-13 01:35:00.100: E/ClockAlarmWidget(8173): [AlarmWidgetIdManager] getListItem() : itemIndex=0, widgetID:1
04-13 01:35:00.100: E/ClockAlarmWidget(8173): [AlarmWidgetIdManager] getListItem() : ItemIndex exceed ListItemCount. itemIndex=1
04-13 01:35:00.100: E/ClockAlarmWidget(8173): [AlarmWidgetIdManager] getListItem() : itemIndex=1, widgetID:1
04-13 01:35:00.120: D/ClockAlarmDataProvider(8173): getAlarm() - too many same ID alarm data. nCount: 0
04-13 01:35:00.130: D/ClockWidget(2010): refreshTime()
04-13 01:35:00.140: D/ClockWidget(2010): TTS Message = It is 1 : 35 AM, Saturday, April 13
04-13 01:35:00.270: D/dalvikvm(2010): GC_CONCURRENT freed 1874K, 39% free 22046K/35911K, paused 26ms+16ms, total 205ms
04-13 01:35:04.243: D/BatteryService(2010): update start
04-13 01:35:14.283: D/BatteryService(2010): update start
04-13 01:35:21.550: E/Watchdog(2010): !@Sync 362
04-13 01:35:24.343: D/BatteryService(2010): update start
04-13 01:35:24.343: D/BatteryService(2010): level:94 scale:100 status:2 health:2 present:true voltage: 4334 temperature: 299 technology: Li-ion AC powered:false USB powered:true icon:17303233 invalid charger:0
04-13 01:35:24.353: D/CircleLockScreen(2010): onRefreshBatteryInfo() showPatteryInfo: true pluggedIn: true batteryLevel: 94
04-13 01:35:24.353: D/STATUSBAR-BatteryController(2113): onReceive() - ACTION_BATTERY_CHANGED
04-13 01:35:24.353: D/STATUSBAR-BatteryController(2113): onReceive() - level:94
04-13 01:35:24.353: D/STATUSBAR-BatteryController(2113): onReceive() - plugged:2
04-13 01:35:24.353: D/STATUSBAR-BatteryController(2113): onReceive() - BATTERY_STATUS_CHARGING:
04-13 01:35:24.353: D/STATUSBAR-PhoneStatusBar(2113): ACTION_BATTERY_CHANGED
04-13 01:35:24.353: D/STATUSBAR-PhoneStatusBar(2113): NORMAL_BATTERY
04-13 01:35:24.363: E/MtpService(5628): In MTPAPP onReceive:android.intent.action.BATTERY_CHANGED
04-13 01:35:24.363: E/MtpService(5628): battPlugged Type : 2
04-13 01:35:24.363: D/BatteryService(2010): turn on LED for charging
04-13 01:35:34.382: D/BatteryService(2010): update start
04-13 01:35:41.119: W/SignalStrength(2010): getGsmLevel=2
04-13 01:35:41.119: W/SignalStrength(2010): getLevel=2 (SignalStrength: 99 -1 -1 -1 -1 -1 -1 -1 -1 -1 -1 -1 gsm|lte 2)
04-13 01:35:41.119: W/SignalStrength(2113): getGsmLevel=2
04-13 01:35:41.129: W/SignalStrength(2113): getLevel=2 (SignalStrength: 99 -1 -1 -1 -1 -1 -1 -1 -1 -1 -1 -1 gsm|lte 2)
04-13 01:35:41.129: W/SignalStrength(2113): getGsmLevel=2
04-13 01:35:41.129: W/SignalStrength(2113): getLevel=2 (SignalStrength: 99 -1 -1 -1 -1 -1 -1 -1 -1 -1 -1 -1 gsm|lte 2)
04-13 01:35:41.129: W/SignalStrength(2010): getGsmDbm=-1
04-13 01:35:41.129: W/SignalStrength(2010): getDbm=-1
04-13 01:35:41.129: W/SignalStrength(2010): getGsmAsuLevel=99
04-13 01:35:41.129: W/SignalStrength(2010): getAsuLevel=99
04-13 01:35:41.129: D/STATUSBAR-NetworkController(2113): onSignalStrengthsChanged signalStrength=SignalStrength: 99 -1 -1 -1 -1 -1 -1 -1 -1 -1 -1 -1 gsm|lte 2 level=2
04-13 01:35:41.129: D/STATUSBAR-NetworkController(2113): refreshSignalCluster: data=-1 bt=false
04-13 01:35:41.129: D/STATUSBAR-SignalClusterView(2113): mSeparateMobileGroup=8
04-13 01:35:41.139: D/STATUSBAR-SignalClusterView(2113): mSeparateMobileGroup=8
04-13 01:35:41.139: D/STATUSBAR-SignalClusterView(2113): mSeparateMobileGroup=8
04-13 01:35:44.452: D/BatteryService(2010): update start
04-13 01:35:51.549: E/Watchdog(2010): !@Sync 363
04-13 01:35:54.622: D/BatteryService(2010): update start
04-13 01:35:59.997: V/AlarmManager(2010): waitForAlarm result :8
04-13 01:35:59.997: V/AlarmManager(2010): ClockReceiver onReceive() ACTION_TIME_TICK
04-13 01:35:59.997: W/AlarmManager(2010): FACTORY_ON= 0
04-13 01:36:00.017: D/STATUSBAR-Clock(2113): onReceive() - ACTION_TIME_TICK
04-13 01:36:00.027: D/STATUSBAR-Clock(2113): onReceive() - ACTION_TIME_TICK
04-13 01:36:00.070: D/ClockAlarmWidgetService(8173): [ClockAlarmWidgetService] onReceive: action = android.intent.action.TIME_TICK
04-13 01:36:00.070: E/ClockAlarmWidget(8173): [AlarmWidgetIdManager] getListItem() : itemIndex=0, widgetID:1
04-13 01:36:00.070: E/ClockAlarmWidget(8173): [AlarmWidgetIdManager] getListItem() : ItemIndex exceed ListItemCount. itemIndex=1
04-13 01:36:00.070: E/ClockAlarmWidget(8173): [AlarmWidgetIdManager] getListItem() : itemIndex=1, widgetID:1
04-13 01:36:00.080: D/ClockAlarmDataProvider(8173): getAlarm() - too many same ID alarm data. nCount: 0
04-13 01:36:00.090: D/ClockWidget(2010): refreshTime()
04-13 01:36:00.100: D/ClockWidget(2010): TTS Message = It is 1 : 36 AM, Saturday, April 13
04-13 01:36:04.844: D/BatteryService(2010): update start
04-13 01:36:04.854: D/BatteryService(2010): level:94 scale:100 status:2 health:2 present:true voltage: 4332 temperature: 298 technology: Li-ion AC powered:false USB powered:true icon:17303233 invalid charger:0
04-13 01:36:04.854: D/BatteryService(2010): turn on LED for charging
04-13 01:36:04.864: D/STATUSBAR-BatteryController(2113): onReceive() - ACTION_BATTERY_CHANGED
04-13 01:36:04.864: D/STATUSBAR-BatteryController(2113): onReceive() - level:94
04-13 01:36:04.864: D/STATUSBAR-BatteryController(2113): onReceive() - plugged:2
04-13 01:36:04.864: D/STATUSBAR-BatteryController(2113): onReceive() - BATTERY_STATUS_CHARGING:
04-13 01:36:04.864: D/STATUSBAR-PhoneStatusBar(2113): ACTION_BATTERY_CHANGED
04-13 01:36:04.864: D/STATUSBAR-PhoneStatusBar(2113): NORMAL_BATTERY
04-13 01:36:04.874: E/MtpService(5628): In MTPAPP onReceive:android.intent.action.BATTERY_CHANGED
04-13 01:36:04.874: E/MtpService(5628): battPlugged Type : 2
04-13 01:36:15.054: D/BatteryService(2010): update start
04-13 01:36:15.054: D/BatteryService(2010): level:94 scale:100 status:2 health:2 present:true voltage: 4334 temperature: 298 technology: Li-ion AC powered:false USB powered:true icon:17303233 invalid charger:0
04-13 01:36:15.064: D/BatteryService(2010): turn on LED for charging
04-13 01:36:15.064: D/STATUSBAR-BatteryController(2113): onReceive() - ACTION_BATTERY_CHANGED
04-13 01:36:15.064: D/STATUSBAR-BatteryController(2113): onReceive() - level:94
04-13 01:36:15.064: D/STATUSBAR-BatteryController(2113): onReceive() - plugged:2
04-13 01:36:15.064: D/STATUSBAR-BatteryController(2113): onReceive() - BATTERY_STATUS_CHARGING:
04-13 01:36:15.064: D/STATUSBAR-PhoneStatusBar(2113): ACTION_BATTERY_CHANGED
04-13 01:36:15.064: D/STATUSBAR-PhoneStatusBar(2113): NORMAL_BATTERY
04-13 01:36:15.074: E/MtpService(5628): In MTPAPP onReceive:android.intent.action.BATTERY_CHANGED
04-13 01:36:15.074: E/MtpService(5628): battPlugged Type : 2
04-13 01:36:21.550: E/Watchdog(2010): !@Sync 364
04-13 01:36:25.253: D/BatteryService(2010): update start
04-13 01:36:25.253: D/BatteryService(2010): level:94 scale:100 status:2 health:2 present:true voltage: 4334 temperature: 299 technology: Li-ion AC powered:false USB powered:true icon:17303233 invalid charger:0
04-13 01:36:25.253: D/BatteryService(2010): turn on LED for charging
04-13 01:36:25.263: D/STATUSBAR-BatteryController(2113): onReceive() - ACTION_BATTERY_CHANGED
04-13 01:36:25.263: D/STATUSBAR-BatteryController(2113): onReceive() - level:94
04-13 01:36:25.263: D/STATUSBAR-BatteryController(2113): onReceive() - plugged:2
04-13 01:36:25.263: D/STATUSBAR-BatteryController(2113): onReceive() - BATTERY_STATUS_CHARGING:
04-13 01:36:25.263: D/STATUSBAR-PhoneStatusBar(2113): ACTION_BATTERY_CHANGED
04-13 01:36:25.263: D/STATUSBAR-PhoneStatusBar(2113): NORMAL_BATTERY
04-13 01:36:25.273: E/MtpService(5628): In MTPAPP onReceive:android.intent.action.BATTERY_CHANGED
04-13 01:36:25.273: E/MtpService(5628): battPlugged Type : 2
04-13 01:36:35.944: D/BatteryService(2010): update start
04-13 01:36:35.944: D/BatteryService(2010): level:94 scale:100 status:2 health:2 present:true voltage: 4334 temperature: 298 technology: Li-ion AC powered:false USB powered:true icon:17303233 invalid charger:0
04-13 01:36:35.944: D/BatteryService(2010): turn on LED for charging
04-13 01:36:35.954: D/STATUSBAR-BatteryController(2113): onReceive() - ACTION_BATTERY_CHANGED
04-13 01:36:35.954: D/STATUSBAR-BatteryController(2113): onReceive() - level:94
04-13 01:36:35.954: D/STATUSBAR-BatteryController(2113): onReceive() - plugged:2
04-13 01:36:35.954: D/STATUSBAR-BatteryController(2113): onReceive() - BATTERY_STATUS_CHARGING:
04-13 01:36:35.954: D/STATUSBAR-PhoneStatusBar(2113): ACTION_BATTERY_CHANGED
04-13 01:36:35.954: D/STATUSBAR-PhoneStatusBar(2113): NORMAL_BATTERY
04-13 01:36:35.964: E/MtpService(5628): In MTPAPP onReceive:android.intent.action.BATTERY_CHANGED
04-13 01:36:35.964: E/MtpService(5628): battPlugged Type : 2
04-13 01:36:46.054: D/BatteryService(2010): update start
04-13 01:36:51.549: E/Watchdog(2010): !@Sync 365
04-13 01:36:56.254: D/BatteryService(2010): update start
04-13 01:36:59.997: V/AlarmManager(2010): waitForAlarm result :8
04-13 01:36:59.997: V/AlarmManager(2010): ClockReceiver onReceive() ACTION_TIME_TICK
04-13 01:37:00.007: W/AlarmManager(2010): FACTORY_ON= 0
04-13 01:37:00.017: D/STATUSBAR-Clock(2113): onReceive() - ACTION_TIME_TICK
04-13 01:37:00.027: D/STATUSBAR-Clock(2113): onReceive() - ACTION_TIME_TICK
04-13 01:37:00.060: D/ClockAlarmWidgetService(8173): [ClockAlarmWidgetService] onReceive: action = android.intent.action.TIME_TICK
04-13 01:37:00.070: E/ClockAlarmWidget(8173): [AlarmWidgetIdManager] getListItem() : itemIndex=0, widgetID:1
04-13 01:37:00.070: E/ClockAlarmWidget(8173): [AlarmWidgetIdManager] getListItem() : ItemIndex exceed ListItemCount. itemIndex=1
04-13 01:37:00.070: E/ClockAlarmWidget(8173): [AlarmWidgetIdManager] getListItem() : itemIndex=1, widgetID:1
04-13 01:37:00.080: D/ClockAlarmDataProvider(8173): getAlarm() - too many same ID alarm data. nCount: 0
04-13 01:37:00.090: D/ClockWidget(2010): refreshTime()
04-13 01:37:00.100: D/ClockWidget(2010): TTS Message = It is 1 : 37 AM, Saturday, April 13
04-13 01:37:02.972: W/SignalStrength(2010): getGsmLevel=3
04-13 01:37:02.982: W/SignalStrength(2010): getLevel=3 (SignalStrength: 99 -1 -1 -1 -1 -1 -1 -1 -1 -1 -1 -1 gsm|lte 3)
04-13 01:37:02.982: W/SignalStrength(2113): getGsmLevel=3
04-13 01:37:02.982: W/SignalStrength(2113): getLevel=3 (SignalStrength: 99 -1 -1 -1 -1 -1 -1 -1 -1 -1 -1 -1 gsm|lte 3)
04-13 01:37:02.982: W/SignalStrength(2113): getGsmLevel=3
04-13 01:37:02.982: W/SignalStrength(2113): getLevel=3 (SignalStrength: 99 -1 -1 -1 -1 -1 -1 -1 -1 -1 -1 -1 gsm|lte 3)
04-13 01:37:02.982: W/SignalStrength(2010): getGsmDbm=-1
04-13 01:37:02.982: W/SignalStrength(2010): getDbm=-1
04-13 01:37:02.982: W/SignalStrength(2010): getGsmAsuLevel=99
04-13 01:37:02.982: W/SignalStrength(2010): getAsuLevel=99
04-13 01:37:02.982: D/STATUSBAR-NetworkController(2113): onSignalStrengthsChanged signalStrength=SignalStrength: 99 -1 -1 -1 -1 -1 -1 -1 -1 -1 -1 -1 gsm|lte 3 level=3
04-13 01:37:02.982: D/STATUSBAR-NetworkController(2113): refreshSignalCluster: data=-1 bt=false
04-13 01:37:02.982: D/STATUSBAR-SignalClusterView(2113): mSeparateMobileGroup=8
04-13 01:37:02.992: D/STATUSBAR-SignalClusterView(2113): mSeparateMobileGroup=8
04-13 01:37:02.992: D/STATUSBAR-SignalClusterView(2113): mSeparateMobileGroup=8
04-13 01:37:06.455: D/BatteryService(2010): update start
04-13 01:37:16.625: D/BatteryService(2010): update start
04-13 01:37:16.625: D/BatteryService(2010): level:94 scale:100 status:2 health:2 present:true voltage: 4334 temperature: 297 technology: Li-ion AC powered:false USB powered:true icon:17303233 invalid charger:0
04-13 01:37:16.625: D/BatteryService(2010): turn on LED for charging
04-13 01:37:16.635: D/STATUSBAR-BatteryController(2113): onReceive() - ACTION_BATTERY_CHANGED
04-13 01:37:16.635: D/STATUSBAR-BatteryController(2113): onReceive() - level:94
04-13 01:37:16.635: D/STATUSBAR-BatteryController(2113): onReceive() - plugged:2
04-13 01:37:16.635: D/STATUSBAR-BatteryController(2113): onReceive() - BATTERY_STATUS_CHARGING:
04-13 01:37:16.635: D/STATUSBAR-PhoneStatusBar(2113): ACTION_BATTERY_CHANGED
04-13 01:37:16.635: D/STATUSBAR-PhoneStatusBar(2113): NORMAL_BATTERY
04-13 01:37:16.645: E/MtpService(5628): In MTPAPP onReceive:android.intent.action.BATTERY_CHANGED
04-13 01:37:16.645: E/MtpService(5628): battPlugged Type : 2
04-13 01:37:21.550: E/Watchdog(2010): !@Sync 366
04-13 01:37:26.665: D/BatteryService(2010): update start
04-13 01:37:26.665: D/BatteryService(2010): level:94 scale:100 status:2 health:2 present:true voltage: 4334 temperature: 298 technology: Li-ion AC powered:false USB powered:true icon:17303233 invalid charger:0
04-13 01:37:26.665: D/BatteryService(2010): turn on LED for charging
04-13 01:37:26.675: D/STATUSBAR-BatteryController(2113): onReceive() - ACTION_BATTERY_CHANGED
04-13 01:37:26.675: D/STATUSBAR-BatteryController(2113): onReceive() - level:94
04-13 01:37:26.675: D/STATUSBAR-BatteryController(2113): onReceive() - plugged:2
04-13 01:37:26.675: D/STATUSBAR-BatteryController(2113): onReceive() - BATTERY_STATUS_CHARGING:
04-13 01:37:26.675: D/STATUSBAR-PhoneStatusBar(2113): ACTION_BATTERY_CHANGED
04-13 01:37:26.675: D/STATUSBAR-PhoneStatusBar(2113): NORMAL_BATTERY
04-13 01:37:26.685: E/MtpService(5628): In MTPAPP onReceive:android.intent.action.BATTERY_CHANGED
04-13 01:37:26.685: E/MtpService(5628): battPlugged Type : 2
04-13 01:37:36.695: D/BatteryService(2010): update start
04-13 01:37:46.855: D/BatteryService(2010): update start
04-13 01:37:46.865: D/BatteryService(2010): level:94 scale:100 status:2 health:2 present:true voltage: 4334 temperature: 297 technology: Li-ion AC powered:false USB powered:true icon:17303233 invalid charger:0
04-13 01:37:46.865: D/BatteryService(2010): turn on LED for charging
04-13 01:37:46.875: E/MtpService(5628): In MTPAPP onReceive:android.intent.action.BATTERY_CHANGED
04-13 01:37:46.875: D/STATUSBAR-BatteryController(2113): onReceive() - ACTION_BATTERY_CHANGED
04-13 01:37:46.875: D/STATUSBAR-BatteryController(2113): onReceive() - level:94
04-13 01:37:46.875: D/STATUSBAR-BatteryController(2113): onReceive() - plugged:2
04-13 01:37:46.875: D/STATUSBAR-BatteryController(2113): onReceive() - BATTERY_STATUS_CHARGING:
04-13 01:37:46.875: D/STATUSBAR-PhoneStatusBar(2113): ACTION_BATTERY_CHANGED
04-13 01:37:46.875: D/STATUSBAR-PhoneStatusBar(2113): NORMAL_BATTERY
04-13 01:37:46.885: E/MtpService(5628): battPlugged Type : 2
04-13 01:37:48.446: W/SignalStrength(2010): getGsmLevel=2
04-13 01:37:48.446: W/SignalStrength(2010): getLevel=2 (SignalStrength: 99 -1 -1 -1 -1 -1 -1 -1 -1 -1 -1 -1 gsm|lte 2)
04-13 01:37:48.446: W/SignalStrength(2113): getGsmLevel=2
04-13 01:37:48.446: W/SignalStrength(2113): getLevel=2 (SignalStrength: 99 -1 -1 -1 -1 -1 -1 -1 -1 -1 -1 -1 gsm|lte 2)
04-13 01:37:48.446: W/SignalStrength(2113): getGsmLevel=2
04-13 01:37:48.446: W/SignalStrength(2113): getLevel=2 (SignalStrength: 99 -1 -1 -1 -1 -1 -1 -1 -1 -1 -1 -1 gsm|lte 2)
04-13 01:37:48.446: D/STATUSBAR-NetworkController(2113): onSignalStrengthsChanged signalStrength=SignalStrength: 99 -1 -1 -1 -1 -1 -1 -1 -1 -1 -1 -1 gsm|lte 2 level=2
04-13 01:37:48.446: D/STATUSBAR-NetworkController(2113): refreshSignalCluster: data=-1 bt=false
04-13 01:37:48.456: W/SignalStrength(2010): getGsmDbm=-1
04-13 01:37:48.456: W/SignalStrength(2010): getDbm=-1
04-13 01:37:48.456: W/SignalStrength(2010): getGsmAsuLevel=99
04-13 01:37:48.456: W/SignalStrength(2010): getAsuLevel=99
04-13 01:37:48.456: D/STATUSBAR-SignalClusterView(2113): mSeparateMobileGroup=8
04-13 01:37:48.456: D/STATUSBAR-SignalClusterView(2113): mSeparateMobileGroup=8
04-13 01:37:48.456: D/STATUSBAR-SignalClusterView(2113): mSeparateMobileGroup=8
04-13 01:37:51.559: E/Watchdog(2010): !@Sync 367
04-13 01:37:57.065: D/BatteryService(2010): update start
04-13 01:37:57.065: D/BatteryService(2010): level:95 scale:100 status:2 health:2 present:true voltage: 4332 temperature: 297 technology: Li-ion AC powered:false USB powered:true icon:17303233 invalid charger:0
04-13 01:37:57.075: D/CircleLockScreen(2010): onRefreshBatteryInfo() showPatteryInfo: true pluggedIn: true batteryLevel: 95
04-13 01:37:57.075: D/BatteryService(2010): turn on LED for charging
04-13 01:37:57.075: D/STATUSBAR-BatteryController(2113): onReceive() - ACTION_BATTERY_CHANGED
04-13 01:37:57.075: D/STATUSBAR-BatteryController(2113): onReceive() - level:95
04-13 01:37:57.075: D/STATUSBAR-BatteryController(2113): onReceive() - plugged:2
04-13 01:37:57.075: D/STATUSBAR-BatteryController(2113): onReceive() - BATTERY_STATUS_CHARGING:
04-13 01:37:57.085: D/STATUSBAR-PhoneStatusBar(2113): ACTION_BATTERY_CHANGED
04-13 01:37:57.085: D/STATUSBAR-PhoneStatusBar(2113): NORMAL_BATTERY
04-13 01:37:57.095: E/MtpService(5628): In MTPAPP onReceive:android.intent.action.BATTERY_CHANGED
04-13 01:37:57.105: E/MtpService(5628): battPlugged Type : 2
04-13 01:37:57.135: D/dalvikvm(5628): GC_CONCURRENT freed 604K, 12% free 9726K/11015K, paused 16ms+2ms, total 41ms
04-13 01:37:59.997: V/AlarmManager(2010): waitForAlarm result :8
04-13 01:37:59.997: V/AlarmManager(2010): ClockReceiver onReceive() ACTION_TIME_TICK
04-13 01:37:59.997: W/AlarmManager(2010): FACTORY_ON= 0
04-13 01:38:00.017: D/STATUSBAR-Clock(2113): onReceive() - ACTION_TIME_TICK
04-13 01:38:00.027: D/STATUSBAR-Clock(2113): onReceive() - ACTION_TIME_TICK
04-13 01:38:00.060: D/ClockAlarmWidgetService(8173): [ClockAlarmWidgetService] onReceive: action = android.intent.action.TIME_TICK
04-13 01:38:00.070: E/ClockAlarmWidget(8173): [AlarmWidgetIdManager] getListItem() : itemIndex=0, widgetID:1
04-13 01:38:00.070: E/ClockAlarmWidget(8173): [AlarmWidgetIdManager] getListItem() : ItemIndex exceed ListItemCount. itemIndex=1
04-13 01:38:00.070: E/ClockAlarmWidget(8173): [AlarmWidgetIdManager] getListItem() : itemIndex=1, widgetID:1
04-13 01:38:00.080: D/ClockAlarmDataProvider(8173): getAlarm() - too many same ID alarm data. nCount: 0
04-13 01:38:00.090: D/ClockWidget(2010): refreshTime()
04-13 01:38:00.110: D/ClockWidget(2010): TTS Message = It is 1 : 38 AM, Saturday, April 13
04-13 01:38:07.106: D/BatteryService(2010): update start
04-13 01:38:07.106: D/BatteryService(2010): level:95 scale:100 status:2 health:2 present:true voltage: 4334 temperature: 296 technology: Li-ion AC powered:false USB powered:true icon:17303233 invalid charger:0
04-13 01:38:07.106: D/BatteryService(2010): turn on LED for charging
04-13 01:38:07.116: D/STATUSBAR-BatteryController(2113): onReceive() - ACTION_BATTERY_CHANGED
04-13 01:38:07.116: D/STATUSBAR-BatteryController(2113): onReceive() - level:95
04-13 01:38:07.116: D/STATUSBAR-BatteryController(2113): onReceive() - plugged:2
04-13 01:38:07.116: D/STATUSBAR-BatteryController(2113): onReceive() - BATTERY_STATUS_CHARGING:
04-13 01:38:07.126: D/STATUSBAR-PhoneStatusBar(2113): ACTION_BATTERY_CHANGED
04-13 01:38:07.126: D/STATUSBAR-PhoneStatusBar(2113): NORMAL_BATTERY
04-13 01:38:07.136: E/MtpService(5628): In MTPAPP onReceive:android.intent.action.BATTERY_CHANGED
04-13 01:38:07.136: E/MtpService(5628): battPlugged Type : 2
04-13 01:38:17.266: D/BatteryService(2010): update start
04-13 01:38:17.266: D/BatteryService(2010): level:95 scale:100 status:2 health:2 present:true voltage: 4334 temperature: 297 technology: Li-ion AC powered:false USB powered:true icon:17303233 invalid charger:0
04-13 01:38:17.266: D/BatteryService(2010): turn on LED for charging
04-13 01:38:17.276: D/STATUSBAR-BatteryController(2113): onReceive() - ACTION_BATTERY_CHANGED
04-13 01:38:17.276: D/STATUSBAR-BatteryController(2113): onReceive() - level:95
04-13 01:38:17.276: D/STATUSBAR-BatteryController(2113): onReceive() - plugged:2
04-13 01:38:17.276: D/STATUSBAR-BatteryController(2113): onReceive() - BATTERY_STATUS_CHARGING:
04-13 01:38:17.276: D/STATUSBAR-PhoneStatusBar(2113): ACTION_BATTERY_CHANGED
04-13 01:38:17.276: D/STATUSBAR-PhoneStatusBar(2113): NORMAL_BATTERY
04-13 01:38:17.286: E/MtpService(5628): In MTPAPP onReceive:android.intent.action.BATTERY_CHANGED
04-13 01:38:17.286: E/MtpService(5628): battPlugged Type : 2
04-13 01:38:21.560: E/Watchdog(2010): !@Sync 368
04-13 01:38:26.465: D/InputReader(2010): Input event: value=1
04-13 01:38:26.465: D/KeyguardViewMediator(2010): onWakeKeyWhenKeyguardShowing(26)
04-13 01:38:26.465: D/KeyguardViewMediator(2010): wakeWhenReadyLocked(26)
04-13 01:38:26.465: D/KeyguardViewMediator(2010): handleWakeWhenReady(26)
04-13 01:38:26.465: D/LockPatternKeyguardView(2010): onWakeKey
04-13 01:38:26.465: D/LockPatternKeyguardView(2010): poking wake lock immediately
04-13 01:38:26.465: D/KeyguardViewMediator(2010): pokeWakelock(10000)
04-13 01:38:26.465: D/(2010): set_light_touchkey is called!!!
04-13 01:38:26.465: D/(2010): light_touchkey on/off = 1
04-13 01:38:26.465: D/KeyguardViewMediator(2010): onScreenTurnedOn, seq = 5
04-13 01:38:26.465: D/KeyguardViewMediator(2010): notifyScreenOnLocked
04-13 01:38:26.465: D/WindowManager(2010): mSetIgnorePWR
04-13 01:38:26.465: D/SensorService(2010): info.rates.add, set DEFAULT_EVENTS_PERIOD
04-13 01:38:26.465: D/ALPS_COMPASS(2010): INV SENSOR ENABLE 0 -1
04-13 01:38:26.465: D/PowerManagerService(2010): reactivateScreenLocksLocked mProxIgnoredBecauseScreenTurnedOff=false
04-13 01:38:26.465: D/PowerManagerService(2010): Screen__On : acquireWakeLock flags=0x1000001a tag=keyguard uid=1000 pid=2010
04-13 01:38:26.465: D/PowerManagerService(2010): enableLightSensorLocked enable=true mLightSensorEnabled=false mAutoBrightessEnabled=false mWaitingForFirstLightSensor=false
04-13 01:38:26.465: D/PowerManagerService(2010): sendNotificationLocked on=true
04-13 01:38:26.465: I/PowerManagerService(2010): Ulight 0x0->0x4|0x0
04-13 01:38:26.465: D/PowerManagerService(2010): mNotificationTask : on
04-13 01:38:26.465: V/WindowOrientationListener(2010): WindowOrientationListener enabled
04-13 01:38:26.475: D/KeyguardViewMediator(2010): handleNotifyScreenOn
04-13 01:38:26.475: D/LockPatternKeyguardView(2010): screen on
04-13 01:38:26.475: D/CircleLockScreen(2010): onResume()
04-13 01:38:26.475: D/CircleUnlockRippleRenderer(2010): onResume isUnlocked = false
04-13 01:38:26.475: D/ClockWidget(2010): isServiceEnable = false cityId = null
04-13 01:38:26.475: D/ClockWidget(2010): Weather Demon is not running, Set visibility to GONE
04-13 01:38:26.495: D/CircleShortcutWidget(2010): onResume()
04-13 01:38:26.495: D/CircleLockScreen(2010): mCallback.isShowingAndNotHidden()=true
04-13 01:38:26.515: V/LockPatternKeyguardView(2010): *** dispatchDraw() time: 58875709
04-13 01:38:26.545: I/power(2010): *** acquire_dvfs_lock : lockType : 1 freq : 1000000
04-13 01:38:26.545: D/InputReader(2010): Input event: value=0
04-13 01:38:26.545: W/WindowManager(2010): ignore screen on : false
04-13 01:38:26.545: I/WindowManager(2010): Lock screen displayed!
04-13 01:38:26.545: I/PowerManagerService(2010): Ulight 0x7->0x7|0x1
04-13 01:38:26.545: D/PowerManagerService(2010): acquireDVFSLockLocked : type : DVFS_MIN_LIMIT frequency : 1000000 uid : 1000 pid : 2010 tag : AMOLED_Animation
04-13 01:38:26.565: D/(2010): set_light_backlight is called!!!
04-13 01:38:26.565: D/(2010): set_light_backlight = 1
04-13 01:38:26.575: D/SurfaceFlinger(1665): Screen about to return, flinger = 0x40e4acf0
04-13 01:38:26.585: D/(2010): set_light_backlight is called!!!
04-13 01:38:26.585: D/(2010): set_light_backlight = 21
04-13 01:38:26.595: D/(2010): set_light_backlight is called!!!
04-13 01:38:26.605: D/(2010): set_light_backlight = 41
04-13 01:38:26.615: D/SensorService(2010): SensorDevice::activate (enable 1, disable 0) = 1
04-13 01:38:26.615: D/SensorService(2010): activating sensor enable handle=0
04-13 01:38:26.615: D/SensorService(2010): activating sensor enable, Done!
04-13 01:38:26.615: D/SensorService(2010): SensorDevice::activating sensor handle=0 ns=200000000
04-13 01:38:26.615: D/(2010): set_light_backlight is called!!!
04-13 01:38:26.625: I/SensorService(2010): info.selectDelay() ns=200000000
04-13 01:38:26.635: D/SensorService(2010): SensorDevice::setDelay, Return(true 1, false 0) = 1
04-13 01:38:26.635: D/SensorManager(2010): registerListener :: handle = 0 name= MPU-6050 Accelerometer delay= 200000 Listener= android.view.WindowOrientationListener$SensorEventListenerImpl@426b02c8
04-13 01:38:26.645: D/BatteryService(2010): turn off LED
04-13 01:38:26.655: D/LockPatternUtils(2010): isPcwEnable = null
04-13 01:38:26.675: I/sec_anm_ahi(1672): setParameters() - screen_state=on
04-13 01:38:26.675: D/tms_audio_hw/AudioTmsIpc(1672): adev_set_parameters : Enter
04-13 01:38:26.675: D/tms_audio_hw/AudioTmsIpc(1672): adev_set_parameters : Exit
04-13 01:38:26.675: D/STATUSBAR-NotificationService(2010): ACTION_SCREEN_ON
04-13 01:38:26.675: D/STATUSBAR-NotificationService(2010): updateLightsLocked() : Turn off notification light
04-13 01:38:26.695: D/STATUSBAR-NetworkController(2113): onReceive() - RSSI_CHANGED_ACTION, WIFI_STATE, NETWORK_STATE
04-13 01:38:26.695: D/STATUSBAR-NetworkController(2113): refreshSignalCluster: data=-1 bt=false
04-13 01:38:26.695: D/STATUSBAR-SignalClusterView(2113): mSeparateMobileGroup=8
04-13 01:38:26.695: D/STATUSBAR-SignalClusterView(2113): mSeparateMobileGroup=8
04-13 01:38:26.695: D/STATUSBAR-SignalClusterView(2113): mSeparateMobileGroup=8
04-13 01:38:26.715: D/STATUSBAR-Clock(2113): onReceive() - ACTION_SCREEN_ON
04-13 01:38:26.715: D/STATUSBAR-Clock(2113): onReceive() - ACTION_SCREEN_ON
04-13 01:38:26.735: E/WifiHW(2010): ##################### set firmware type 0 #####################
04-13 01:38:26.735: D/WifiStateMachine(2010): setWifiEnabled : WifiNative.setFwType(0)
04-13 01:38:26.755: D/com.samsung.app(2592): [MSC_HERO_Accu_JB]>>> WCS:251 [0:0] BR act = androidintentactionSCREEN_ON
04-13 01:38:26.755: D/widget(2290): [MSC_HERO_Accu_JB]>>> SM:1288 [0:0] bTCC WCV = 100
04-13 01:38:26.765: D/widget(2290): [MSC_HERO_Accu_JB]>>> WC:1664 [0:0] drw 1nd Tm dt = 0138
04-13 01:38:26.765: D/ClockAlarmWidgetService(8173): [ClockAlarmWidgetService] onReceive: action = android.intent.action.SCREEN_ON
04-13 01:38:26.765: D/(2010): set_light_backlight = 61
04-13 01:38:26.765: E/ClockAlarmWidget(8173): [AlarmWidgetIdManager] getListItem() : itemIndex=0, widgetID:1
04-13 01:38:26.765: E/ClockAlarmWidget(8173): [AlarmWidgetIdManager] getListItem() : ItemIndex exceed ListItemCount. itemIndex=1
04-13 01:38:26.765: E/ClockAlarmWidget(8173): [AlarmWidgetIdManager] getListItem() : itemIndex=1, widgetID:1
04-13 01:38:26.765: D/(2010): set_light_backlight is called!!!
04-13 01:38:26.765: D/(2010): set_light_backlight = 170
04-13 01:38:26.765: I/power(2010): *** release_dvfs_lock : lockType : 1
04-13 01:38:26.765: E/PowerManagerService(2010): Excessive delay setting brightness: 147ms, mask=2
04-13 01:38:26.765: I/PowerManagerService(2010): Light Animator Finished currentValue=170
04-13 01:38:26.765: D/PowerManagerService(2010): releaseDVFSLockLocked : all DVFS_MIN_LIMIT are released
04-13 01:38:26.785: D/ClockAlarmDataProvider(8173): getAlarm() - too many same ID alarm data. nCount: 0
04-13 01:38:26.795: W/AlarmManager(2010): FACTORY_ON= 0
04-13 01:38:26.995: V/AlarmManager(2010): waitForAlarm result :4
04-13 01:38:26.995: V/AlarmManager(2010): trigger ELAPSED_REALTIME_WAKEUP or RTC_WAKEUP
04-13 01:38:27.165: D/WindowManager(2010): mUnSetIgnorePWR
04-13 01:38:27.426: I/InputReader(2010): Touch event's action is 0x0 (deviceType=0) [pCnt=1, s=0.82 ]
04-13 01:38:27.426: I/InputDispatcher(2010): Delivering touch to current input target: action: 0x0
04-13 01:38:27.426: I/InputDispatcher(2010): Delivering touch to current input target: action: 0x0
04-13 01:38:27.426: I/InputDispatcher(2010): Delivering touch to current input target: action: 0x0
04-13 01:38:27.426: D/CircleUnlockRipple(2010): handleTouchEvent event : 0
04-13 01:38:27.426: D/CircleUnlockRipple(2010): pokeWakelockWithTimeCheck time diffence = 946
04-13 01:38:27.426: D/KeyguardViewMediator(2010): pokeWakelock(10000)
04-13 01:38:27.426: D/CircleUnlockRipple(2010): pokeWakelockWithTimeCheck mCallback.pokeWakelock(AWAKE_INTERVAL_DEFAULT_MS)
04-13 01:38:27.426: D/CircleUnlockRippleRenderer(2010): handleTouchEvent event : 0, view = null
04-13 01:38:27.426: V/audio_policy_anm(1672): audio_io_handle_t android::ap_get_output(audio_policy*, audio_stream_type_t, uint32_t, audio_format_t, uint32_t, audio_output_flags_t): tid 2004
04-13 01:38:27.426: V/AudioPolicyManagerBase(1672): getOutput() stream 1, samplingRate 0, format 0, channelMask 3, flags 0
04-13 01:38:27.426: V/AudioPolicyManagerBase(1672): getOutput() returns output 2
04-13 01:38:27.426: V/audio_policy_anm(1672): audio_io_handle_t android::ap_get_output(audio_policy*, audio_stream_type_t, uint32_t, audio_format_t, uint32_t, audio_output_flags_t): tid 1985
04-13 01:38:27.426: V/AudioPolicyManagerBase(1672): getOutput() stream 1, samplingRate 0, format 0, channelMask 3, flags 0
04-13 01:38:27.426: V/AudioPolicyManagerBase(1672): getOutput() returns output 2
04-13 01:38:27.426: V/audio_policy_anm(1672): audio_io_handle_t android::ap_get_output(audio_policy*, audio_stream_type_t, uint32_t, audio_format_t, uint32_t, audio_output_flags_t): tid 1672
04-13 01:38:27.426: V/AudioPolicyManagerBase(1672): getOutput() stream 1, samplingRate 44100, format 1, channelMask 3, flags 4
04-13 01:38:27.426: V/AudioPolicyManagerBase(1672): getOutput() returns output 2
04-13 01:38:27.426: D/PowerManagerService(2010): acquireWakeLock flags=0x1000001a tag=keyguard uid=1000 pid=2010
04-13 01:38:27.436: V/AudioPolicyManagerBase(1672): startOutput() output 2, stream 1, session 89
04-13 01:38:27.436: V/AudioPolicyManagerBase(1672): changeRefCount() stream 1, count 1
04-13 01:38:27.436: V/AudioPolicyManagerBase(1672): getNewDevice() selected device 2
04-13 01:38:27.436: V/AudioPolicyManagerBase(1672): setOutputDevice() output 2 device 0002 force 0 delayMs 0
04-13 01:38:27.436: V/AudioPolicyManagerBase(1672): setOutputDevice() prevDevice 0002
04-13 01:38:27.436: V/AudioPolicyManagerBase(1672): setOutputDevice() setting same device 0002 or null device for output 2
04-13 01:38:27.436: I/sec_anm_ahi_output(1672): openDevices()
04-13 01:38:27.436: V/sec_anm_organ_switcher(1672): already: Speaker -> REF_Speaker_Playback_Music
04-13 01:38:27.436: I/sec_anm_ahi_output(1672): adm_api: ste_adm_client_open_device(Speaker)
04-13 01:38:27.436: I/ADM(1694): 7: 11069493843: [STATUS] api_devset:457 Open device 'Speaker', 44100 Hz, format=2, 3 x 3904 bytes bufs
04-13 01:38:27.436: I/ADM(1694): 0: 11069494057: [INFO] dev:378 >>> ENTER dev_open(Speaker, vc=0, alloc_buffers=0, format=2)
04-13 01:38:27.436: I/ADM(1694): 2: 11069494179: [INFO] dev:306 setting /data/local/tmp/rme_act_adm to 1
04-13 01:38:27.436: I/ADM(1694): 6: 11069494423: [INFO] dev:347 rme alp tracker /data/local/tmp/rme_act_alp set to 0: proceeding
04-13 01:38:27.436: I/ADM(1694): 7: 11069494484: [INFO] dev:1684 rescan_hw_handler
04-13 01:38:27.436: I/ADM(1694): 8: 11069494515: [INFO] hw_handler_u8500:423 AddD2DConnections ENTER
04-13 01:38:27.436: I/ADM(1694): 0: 11069495247: [INFO] dev:1675 hw_handler_dev_next_d2d: DONE
04-13 01:38:27.436: I/ADM(1694): 4: 11069495491: [INFO] dev:1654 hw_handler_dev_next: DONE
04-13 01:38:27.436: I/ADM(1694): 2: 11069495919: [INFO] hw_handler_u8500:810 Query: SELECT * FROM HW_Settings WHERE (Platform = 'AB8500') AND ('REF_Speaker_Playback_Music' IN (Dev1, Dev2, Dev3, Dev4, Dev5, Dev6))ORDER BY rowid LIMIT 1
04-13 01:38:27.446: D/BatteryService(2010): update start
04-13 01:38:27.466: D/CircleUnlockRipple(2010): handleTouchEvent event : 2
04-13 01:38:27.466: D/CircleUnlockRipple(2010): pokeWakelockWithTimeCheck time diffence = 987
04-13 01:38:27.466: D/KeyguardViewMediator(2010): pokeWakelock(10000)
04-13 01:38:27.466: D/CircleUnlockRipple(2010): pokeWakelockWithTimeCheck mCallback.pokeWakelock(AWAKE_INTERVAL_DEFAULT_MS)
04-13 01:38:27.466: D/CircleUnlockRippleRenderer(2010): handleTouchEvent event : 2, view = null
04-13 01:38:27.466: D/PowerManagerService(2010): acquireWakeLock flags=0x1000001a tag=keyguard uid=1000 pid=2010
04-13 01:38:27.486: D/CircleUnlockRipple(2010): handleTouchEvent event : 2
04-13 01:38:27.486: D/CircleUnlockRipple(2010): pokeWakelockWithTimeCheck time diffence = 1004
04-13 01:38:27.486: D/KeyguardViewMediator(2010): pokeWakelock(10000)
04-13 01:38:27.486: D/CircleUnlockRipple(2010): pokeWakelockWithTimeCheck mCallback.pokeWakelock(AWAKE_INTERVAL_DEFAULT_MS)
04-13 01:38:27.486: D/CircleUnlockRippleRenderer(2010): handleTouchEvent event : 2, view = null
04-13 01:38:27.486: I/ADM(1694): 8: 11069548775: [INFO] hw_handler_u8500:922 ste_adm_hw_handler_u8500: Found matching HW-settings: devices = ('REF_Speaker_Playback_Music', '', '', '', '', ''), d2dlogical-connections = ('', '', '', '').
04-13 01:38:27.486: D/PowerManagerService(2010): acquireWakeLock flags=0x1000001a tag=keyguard uid=1000 pid=2010
04-13 01:38:27.506: D/CircleUnlockRipple(2010): handleTouchEvent event : 2
04-13 01:38:27.506: D/CircleUnlockRipple(2010): pokeWakelockWithTimeCheck time diffence = 1023
04-13 01:38:27.506: D/KeyguardViewMediator(2010): pokeWakelock(10000)
04-13 01:38:27.506: D/CircleUnlockRipple(2010): pokeWakelockWithTimeCheck mCallback.pokeWakelock(AWAKE_INTERVAL_DEFAULT_MS)
04-13 01:38:27.506: D/CircleUnlockRippleRenderer(2010): handleTouchEvent event : 2, view = null
04-13 01:38:27.506: D/PowerManagerService(2010): acquireWakeLock flags=0x1000001a tag=keyguard uid=1000 pid=2010
04-13 01:38:27.516: D/CircleUnlockRipple(2010): handleTouchEvent event : 2
04-13 01:38:27.516: D/CircleUnlockRipple(2010): pokeWakelockWithTimeCheck time diffence = 1037
04-13 01:38:27.516: D/KeyguardViewMediator(2010): pokeWakelock(10000)
04-13 01:38:27.516: D/CircleUnlockRipple(2010): pokeWakelockWithTimeCheck mCallback.pokeWakelock(AWAKE_INTERVAL_DEFAULT_MS)
04-13 01:38:27.516: D/CircleUnlockRippleRenderer(2010): handleTouchEvent event : 2, view = null
04-13 01:38:27.516: D/PowerManagerService(2010): acquireWakeLock flags=0x1000001a tag=keyguard uid=1000 pid=2010
04-13 01:38:27.526: I/ADM(1694): 5: 11069581643: [INFO] dev:429 Device Speaker is OUTPUT
04-13 01:38:27.526: I/ADM(1694): 7: 11069581704: [INFO] dev_omx:1276 Enter dev_omx_setup_graph - device=Speaker, samplerate=44100, format=2, alloc_buffers=0, is_vc=0, bufsz=0
04-13 01:38:27.526: I/ADM(1694): 6: 11069582222: [OMXIL] omx_log:256 41269F60: GetHandle 'OMX.ST.AFM.mixer' pAD=458644B0 pCB=4013BD60 OK
04-13 01:38:27.526: I/ADM(1694): 7: 11069582314: [INFO] dev_omx_graph:123 il_tool_create_component returned 0x41269F60 for OMX.ST.AFM.mixer (Common Mixer)
04-13 01:38:27.526: I/ADM(1694): 0: 11069582466: [OMXIL] omx_log:256 414B0008: GetHandle 'ADM.mixer' pAD=416C64B0 pCB=4013BD60 OK
