I/dalvikvm(21870): DexOpt: not resolving ambiguous class 'Lorg/apache/commons/codec/binary/Base64;'
I/dalvikvm(21870): DexOpt: not resolving ambiguous class 'Lorg/apache/commons/codec/binary/Base64;'
D/dalvikvm(21870): DexOpt: not verifying/optimizing 'Lorg/w3c/dom/UserDataHandler;': multiple definitions
I/dalvikvm(21870): DexOpt: not resolving ambiguous class 'Lorg/apache/commons/codec/binary/Hex;'
D/dalvikvm(21870): DexOpt: load 141ms, verify+opt 488ms, 1923284 bytes
D/CapabilityManagerService(17577): Receiver Broadcast:android.intent.action.PACKAGE_REMOVED
D/CapabilityManagerService(17577): The package(com.androidproject) updated
W/ResourceType( 2943): Failure getting entry for 0x7f020426 (t=1 e=1062) in package 0 (error -75)
I/BackGroundService( 2919): BackGroundService:패키지 삭제 BR 수신 처리 오류
W/System.err( 2919): android.database.sqlite.SQLiteConstraintException: column packagename is not unique (code 19)
W/System.err( 2919): at android.database.sqlite.SQLiteConnection.nativeExecuteForChangedRowCount(Native Method)
W/System.err( 2919): at android.database.sqlite.SQLiteConnection.executeForChangedRowCount(SQLiteConnection.java:858)
W/System.err( 2919): at android.database.sqlite.SQLiteSession.executeForChangedRowCount(SQLiteSession.java:754)
W/System.err( 2919): at android.database.sqlite.SQLiteStatement.executeUpdateDelete(SQLiteStatement.java:64)
W/System.err( 2919): at android.database.sqlite.SQLiteDatabase.executeSql(SQLiteDatabase.java:1665)
W/System.err( 2919): at android.database.sqlite.SQLiteDatabase.execSQL(SQLiteDatabase.java:1594)
W/System.err( 2919): at com.tgrape.android.radar.service.BackGroundService.handleReceiveDeletePackage(BackGroundService.java:707)
W/System.err( 2919): at com.tgrape.android.radar.service.BackGroundService.access$5(BackGroundService.java:690)
W/System.err( 2919): at com.tgrape.android.radar.service.BackGroundService$3.onReceive(BackGroundService.java:137)
W/System.err( 2919): at android.app.LoadedApk$ReceiverDispatcher$Args.run(LoadedApk.java:755)
W/System.err( 2919): at android.os.Handler.handleCallback(Handler.java:615)
W/System.err( 2919): at android.os.Handler.dispatchMessage(Handler.java:92)
W/System.err( 2919): at android.os.Looper.loop(Looper.java:137)
W/System.err( 2919): at android.app.ActivityThread.main(ActivityThread.java:4856)
W/System.err( 2919): at java.lang.reflect.Method.invokeNative(Native Method)
W/System.err( 2919): at java.lang.reflect.Method.invoke(Method.java:511)
W/System.err( 2919): at com.android.internal.os.ZygoteInit$MethodAndArgsCaller.run(ZygoteInit.java:1007)
W/System.err( 2919): at com.android.internal.os.ZygoteInit.main(ZygoteInit.java:774)
W/System.err( 2919): at dalvik.system.NativeStart.main(Native Method)
I/InputReader( 2010): Reconfiguring input devices. changes=0x00000010
I/InputReader( 2010): Reconfiguring input devices. changes=0x00000010
I/BackGroundService( 2919): BackGroundService:패키지 설치 BR 수신 처리 시작
W/ResourceType( 2943): Failure getting entry for 0x7f020426 (t=1 e=1062) in package 0 (error -75)
D/Launcher.MenuAppsGrid( 2290): StateObj::getAppsList() item count = 38
D/CellLayoutChildren( 2290): setCellDimensions. width: 117, height: 126, gapX: 0, gapY: 0
D/CellLayout( 2290): setGridSize(4, 5)
D/CellLayoutChildren( 2290): setCellDimensions. width: 117, height: 126, gapX: 0, gapY: 0
D/CellLayout( 2290): setGridSize(4, 5)
D/dalvikvm( 2010): GC_CONCURRENT freed 3572K, 50% free 19508K/38471K, paused 16ms+13ms, total 220ms
D/dalvikvm( 2010): WAIT_FOR_CONCURRENT_GC blocked 96ms
D/dalvikvm( 2010): WAIT_FOR_CONCURRENT_GC blocked 97ms
D/dalvikvm( 2010): WAIT_FOR_CONCURRENT_GC blocked 96ms
D/dalvikvm( 2010): WAIT_FOR_CONCURRENT_GC blocked 83ms
D/dalvikvm( 2010): WAIT_FOR_CONCURRENT_GC blocked 0ms
I/PCWCLIENTTRACE_SPPReceiver(17632): [onReceive] - android.intent.action.PACKAGE_REMOVED
D/dalvikvm( 2010): GC_EXPLICIT freed 396K, 50% free 19415K/38471K, paused 8ms+29ms, total 251ms
D/AndroidRuntime(21858): Shutting down VM
D/dalvikvm(21858): GC_CONCURRENT freed 101K, 87% free 546K/4096K, paused 1ms+1ms, total 7ms
D/dalvikvm( 2010): WAIT_FOR_CONCURRENT_GC blocked 0ms
I/SA (26388): [SUR] onReceive log=[SA = 1.3.050 V = 16 HWD = 800X480 1.5 SIZE = 2 LOCALE = en_US CSC = TPA MCC = 0 MNC 0 T = user DEVICE = golden P = goldenub I = JRO03H M = GT-I8190L OKLEFT false DIS JRO03H.I8190LUBALK4 ]
I/SA (26388): [SUR] onReceive Intent=[ action_PACKAGE_REPLACED package ]
D/dalvikvm( 2010): GC_EXPLICIT freed 784K, 50% free 19361K/38471K, paused 5ms+15ms, total 174ms
D/CapabilityManagerService(17577): Receiver Broadcast:android.intent.action.PACKAGE_ADDED
I/PCWCLIENTTRACE_SPPReceiver(17632): [onReceive] - android.intent.action.PACKAGE_ADDED
D/AndroidRuntime(21884):
D/AndroidRuntime(21884): >>>>>> AndroidRuntime START com.android.internal.os.RuntimeInit <<<<<<
D/AndroidRuntime(21884): CheckJNI is OFF
D/AndroidRuntime(21884): setted country_code = PANAMA
D/AndroidRuntime(21884): setted countryiso_code = PA
D/AndroidRuntime(21884): setted sales_code = TPA
D/AndroidRuntime(21884): readGMSProperty: start
D/AndroidRuntime(21884): readGMSProperty: already setted!!
D/AndroidRuntime(21884): readGMSProperty: end
D/dalvikvm(21884): Trying to load lib libjavacore.so 0x0
D/dalvikvm(21884): Added shared lib libjavacore.so 0x0
D/dalvikvm(21884): Trying to load lib libnativehelper.so 0x0
D/dalvikvm(21884): Added shared lib libnativehelper.so 0x0
W/System.err(27132): java.lang.NullPointerException
I/SA (26388): [SUR] onReceive log=[SA = 1.3.050 V = 16 HWD = 800X480 1.5 SIZE = 2 LOCALE = en_US CSC = TPA MCC = 0 MNC 0 T = user DEVICE = golden P = goldenub I = JRO03H M = GT-I8190L OKLEFT false DIS JRO03H.I8190LUBALK4 ]
I/SA (26388): [SUR] onReceive Intent=[ android.intent.action.PACKAGE_ADDED package ]
W/System.err(27132): at com.google.android.apps.plus.content.EsDatabaseHelper.getDatabaseHelper(EsDatabaseHelper.java:85)
W/System.err(27132): at com.google.android.apps.plus.content.EsDeepLinkInstallsData.getByPackageName(EsDeepLinkInstallsData.java:126)
W/System.err(27132): at com.google.android.apps.plus.service.EsService.processIntent2$751513a6(EsService.java:4580)
W/System.err(27132): at com.google.android.apps.plus.service.EsService.processIntent(EsService.java:3149)
W/System.err(27132): at com.google.android.apps.plus.service.ServiceThread$1.run(ServiceThread.java:50)
W/System.err(27132): at android.os.Handler.handleCallback(Handler.java:615)
W/System.err(27132): at android.os.Handler.dispatchMessage(Handler.java:92)
W/System.err(27132): at android.os.Looper.loop(Looper.java:137)
W/System.err(27132): at com.google.android.apps.plus.service.ServiceThread.run(ServiceThread.java:122)
E/MtpService(32371): In MTPAPP onReceive:android.intent.action.BATTERY_CHANGED
E/MtpService(32371): battPlugged Type : 2
D/dalvikvm( 2493): GC_CONCURRENT freed 421K, 12% free 9724K/10951K, paused 13ms+14ms, total 77ms
I/SA (26388): [SUR] onReceive log=[SA = 1.3.050 V = 16 HWD = 800X480 1.5 SIZE = 2 LOCALE = en_US CSC = TPA MCC = 0 MNC 0 T = user DEVICE = golden P = goldenub I = JRO03H M = GT-I8190L OKLEFT false DIS JRO03H.I8190LUBALK4 ]
I/SA (26388): [SUR] onReceive Intent=[ action_PACKAGE_REPLACED package ]
D/dalvikvm(25711): GC_CONCURRENT freed 369K, 10% free 9318K/10311K, paused 2ms+2ms, total 48ms
D/AndroidRuntime(21884): Calling main entry com.android.commands.am.Am
I/power ( 2010): *** acquire_dvfs_lock : lockType : 1 freq : 1000000
D/dalvikvm( 2010): GC_FOR_ALLOC freed 768K, 50% free 19393K/38471K, paused 111ms, total 111ms
D/Launcher.HomeFragment( 2290): onPause
D/Launcher( 2290): onPause, Launcher: 1109032568
D/widget ( 2290): [MSC_HERO_Accu_JB]>>> WC:1028 [0:0] onPause
D/AndroidRuntime(21884): Shutting down VM
I/AndroidRuntime(21884): NOTE: attach of thread 'Binder_3' failed
D/dalvikvm(21884): GC_CONCURRENT freed 103K, 86% free 585K/4096K, paused 0ms+0ms, total 4ms
V/TaskCloserActivity(17396): TaskCloserActivity onReceive() - com.sec.android.intent.action.HOME_PAUSE
I/dalvikvm(21901): Turning on JNI app bug workarounds for target SDK version 8...
I/libblt_hw( 1665): Library opened (handle = 1, fd = 43)
D/KeyguardViewMediator( 2010): setHidden false
D/Launcher( 2290): onTrimMemory. Level: 20
D/WindowManager( 2010): PhoneWindowManager: focusChangedLw
D/KeyguardViewMediator( 2010): setHidden false
E/Trace (21901): error opening trace file: No such file or directory (2)
D/KeyguardViewMediator( 2010): setHidden false
I/TiApplication(21901): (main) [0,0] checkpoint, app created.
D/KeyguardViewMediator( 2010): setHidden false
D/KeyguardViewMediator( 2010): setHidden false
D/KeyguardViewMediator( 2010): setHidden false
D/KeyguardViewMediator( 2010): setHidden false
I/TiApplication(21901): (main) [51,51] Titanium 3.1.0 (2013/04/15 01:43 40d2055)
D/dalvikvm(21901): GC_CONCURRENT freed 312K, 10% free 9431K/10375K, paused 2ms+4ms, total 27ms
D/dalvikvm(21901): WAIT_FOR_CONCURRENT_GC blocked 17ms
D/dalvikvm(21901): Trying to load lib /data/data/com.androidproject/lib/libstlport_shared.so 0x421af938
I/TiApplication(21901): (main) [130,181] Titanium Javascript runtime: v8
D/dalvikvm(21901): Added shared lib /data/data/com.androidproject/lib/libstlport_shared.so 0x421af938
D/dalvikvm(21901): No JNI_OnLoad found in /data/data/com.androidproject/lib/libstlport_shared.so 0x421af938, skipping init
D/dalvikvm(21901): Trying to load lib /data/data/com.androidproject/lib/libkroll-v8.so 0x421af938
D/AndroidmoduleModule(21901): (main) [11,192] inside onAppCreate
D/dalvikvm(21901): Added shared lib /data/data/com.androidproject/lib/libkroll-v8.so 0x421af938
I/TiRootActivity(21901): (main) [0,0] checkpoint, on root activity create, savedInstanceState: null
D/KeyguardViewMediator( 2010): setHidden false
D/KeyguardViewMediator( 2010): setHidden false
I/libblt_hw( 1665): Library closed (handle = 0, fd = 28)
E/TiApplication(21901): (KrollRuntimeThread) [239,239] APP PROXY: ti.modules.titanium.app.AppModule@421c6cd0
D/dalvikvm(21901): Trying to load lib /data/data/com.androidproject/lib/libti.androidmodule.so 0x421af938
D/dalvikvm(21901): Added shared lib /data/data/com.androidproject/lib/libti.androidmodule.so 0x421af938
D/dalvikvm(21901): No JNI_OnLoad found in /data/data/com.androidproject/lib/libti.androidmodule.so 0x421af938, skipping init
I/TiAPI (21901): module is => [object Object]
D/AndroidmoduleModule(21901): (KrollRuntimeThread) [182,421] example called
D/AndroidmoduleModule(21901): (KrollRuntimeThread) [3,424] get example property
I/TiAPI (21901): module exampleProp is => hello world 3.0
D/AndroidmoduleModule(21901): (KrollRuntimeThread) [1,425] set example property: This is a test value
D/ExampleProxy(21901): (KrollRuntimeThread) [5,430] example created with message: Creating an example Proxy
D/ExampleProxy(21901): (KrollRuntimeThread) [0,430] printing message: Hello world!
D/ExampleProxy(21901): (KrollRuntimeThread) [0,430] Tried setting module message to: Hi world!. It's me again.
D/ExampleProxy(21901): (KrollRuntimeThread) [1,431] printing message: Hello world!
D/dalvikvm(21901): GC_CONCURRENT freed 275K, 10% free 9558K/10503K, paused 2ms+2ms, total 22ms
D/dalvikvm(21901): GC_FOR_ALLOC freed 29K, 9% free 9593K/10503K, paused 17ms, total 17ms
I/dalvikvm-heap(21901): Grow heap (frag case) to 11.441MB for 1536016-byte allocation
D/dalvikvm(21901): GC_CONCURRENT freed 3K, 8% free 11090K/12039K, paused 12ms+2ms, total 28ms
I/power ( 2010): *** release_dvfs_lock : lockType : 1
D/dalvikvm(21901): Trying to load lib /data/data/com.androidproject/lib/libtiverify.so 0x421af938
D/dalvikvm(21901): Added shared lib /data/data/com.androidproject/lib/libtiverify.so 0x421af938
I/TiRootActivity(21901): (main) [0,0] checkpoint, on root activity resume. activity = com.androidproject.AndroidprojectActivity@421cab50
I/libblt_hw( 1665): Library opened (handle = 0, fd = 28)
D/WindowManager( 2010): PhoneWindowManager: focusChangedLw
D/KeyguardViewMediator( 2010): setHidden false
V/PhoneStatusBar( 2113): setLightsOn(true)
I/ClipboardServiceEx( 2010): Send intent for dismiss clipboard dialog inside hideCurrentInputLocked() !
D/KeyguardViewMediator( 2010): setHidden false
D/KeyguardViewMediator( 2010): setHidden false
D/KeyguardViewMediator( 2010): setHidden false
D/Launcher.HomeFragment( 2290): onStop
D/Launcher( 2290): onStop, Launcher: 1109032568
D/KeyguardViewMediator( 2010): setHidden false
D/KeyguardViewMediator( 2010): setHidden false
D/KeyguardViewMediator( 2010): setHidden false
I/libblt_hw( 1665): Library closed (handle = 1, fd = 43)
I/InputReader( 2010): Reconfiguring input devices. changes=0x00000004
I/InputReader( 2010): Device reconfigured: id=9, name='sec_touchscreen', surface size is now 480x800, mode is 1
D/PhoneApp( 2235): updateProximitySensorMode: lock already released.
D/KeyguardViewMediator( 2010): setHidden false
D/ClockAlarmWidgetService(17804): [ClockAlarmWidgetService] onReceive: action = android.intent.action.CONFIGURATION_CHANGED
E/ClockAlarmWidget(17804): [AlarmWidgetIdManager] getListItem() : itemIndex=0, widgetID:1
E/ClockAlarmWidget(17804): [AlarmWidgetIdManager] getListItem() : ItemIndex exceed ListItemCount. itemIndex=1
E/ClockAlarmWidget(17804): [AlarmWidgetIdManager] getListItem() : itemIndex=1, widgetID:1
D/dalvikvm(21901): GC_FOR_ALLOC freed 27K, 8% free 11115K/12039K, paused 87ms, total 87ms
I/dalvikvm-heap(21901): Grow heap (frag case) to 12.926MB for 1536016-byte allocation
D/ClockAlarmDataProvider(17804): getAlarm() - too many same ID alarm data. nCount: 0
D/dalvikvm(21901): GC_FOR_ALLOC freed <1K, 8% free 12615K/13575K, paused 43ms, total 43ms
D/KeyguardViewMediator( 2010): setHidden false
D/KeyguardViewMediator( 2010): setHidden false
D/dalvikvm(21901): GC_CONCURRENT freed 1503K, 19% free 11114K/13575K, paused 14ms+2ms, total 50ms
D/KeyguardViewMediator( 2010): setHidden false
I/libblt_hw( 1665): Library opened (handle = 1, fd = 27)
D/KeyguardViewMediator( 2010): setHidden false
I/libblt_hw( 1665): Library closed (handle = 0, fd = 28)
D/KeyguardViewMediator( 2010): setHidden false
D/KeyguardViewMediator( 2010): setHidden false
D/KeyguardViewMediator( 2010): setHidden false
D/KeyguardViewMediator( 2010): setHidden false
D/KeyguardViewMediator( 2010): setHidden false
E/MtpService(32371): In MTPAPP onReceive:android.intent.action.BATTERY_CHANGED
E/MtpService(32371): battPlugged Type : 2
D/dalvikvm( 2010): WAIT_FOR_CONCURRENT_GC blocked 0ms
D/dalvikvm( 2010): GC_EXPLICIT freed 207K, 46% free 21046K/38471K, paused 27ms+11ms, total 176ms
D/dalvikvm(17645): GC_CONCURRENT freed 778K, 14% free 9905K/11399K, paused 3ms+2ms, total 25ms
D/dalvikvm(17645): WAIT_FOR_CONCURRENT_GC blocked 19ms
D/dalvikvm(17645): GC_CONCURRENT freed 139K, 11% free 10195K/11399K, paused 3ms+2ms, total 30ms
D/Finsky (17645): [1] 5.onFinished: Installation state replication succeeded.
W/SignalStrength( 2010): getGsmLevel=2
W/SignalStrength( 2010): getLevel=2 (SignalStrength: 99 -1 -1 -1 -1 -1 -1 -1 -1 -1 -1 -1 gsm|lte 2)
W/SignalStrength( 2010): getGsmDbm=-1
W/SignalStrength( 2010): getDbm=-1
W/SignalStrength( 2010): getGsmAsuLevel=99
W/SignalStrength( 2010): getAsuLevel=99
W/SignalStrength( 2113): getGsmLevel=2
W/SignalStrength( 2113): getLevel=2 (SignalStrength: 99 -1 -1 -1 -1 -1 -1 -1 -1 -1 -1 -1 gsm|lte 2)
W/SignalStrength( 2113): getGsmLevel=2
W/SignalStrength( 2113): getLevel=2 (SignalStrength: 99 -1 -1 -1 -1 -1 -1 -1 -1 -1 -1 -1 gsm|lte 2)
E/MtpService(32371): In MTPAPP onReceive:android.intent.action.BATTERY_CHANGED
E/MtpService(32371): battPlugged Type : 2
D/widget ( 2290): [MSC_HERO_Accu_JB]>>> SM:1288 [0:0] bTCC WCV = 100
D/widget ( 2290): [MSC_HERO_Accu_JB]>>> WC:1664 [0:0] drw 1nd Tm dt = 0640
D/ClockAlarmWidgetService(17804): [ClockAlarmWidgetService] onReceive: action = android.intent.action.TIME_TICK
E/ClockAlarmWidget(17804): [AlarmWidgetIdManager] getListItem() : itemIndex=0, widgetID:1
E/ClockAlarmWidget(17804): [AlarmWidgetIdManager] getListItem() : ItemIndex exceed ListItemCount. itemIndex=1
E/ClockAlarmWidget(17804): [AlarmWidgetIdManager] getListItem() : itemIndex=1, widgetID:1
D/ClockAlarmDataProvider(17804): getAlarm() - too many same ID alarm data. nCount: 0
E/MtpService(32371): In MTPAPP onReceive:android.intent.action.BATTERY_CHANGED
E/MtpService(32371): battPlugged Type : 2
I/TiAnalyticsSvc(21901): (Thread-1713) [29554,29554] Analytics Service Started
W/SignalStrength( 2010): getGsmLevel=1
W/SignalStrength( 2113): getGsmLevel=1
W/SignalStrength( 2010): getLevel=1 (SignalStrength: 99 -1 -1 -1 -1 -1 -1 -1 -1 -1 -1 -1 gsm|lte 1)
W/SignalStrength( 2113): getLevel=1 (SignalStrength: 99 -1 -1 -1 -1 -1 -1 -1 -1 -1 -1 -1 gsm|lte 1)
W/SignalStrength( 2113): getGsmLevel=1
W/SignalStrength( 2113): getLevel=1 (SignalStrength: 99 -1 -1 -1 -1 -1 -1 -1 -1 -1 -1 -1 gsm|lte 1)
W/SignalStrength( 2010): getGsmDbm=-1
W/SignalStrength( 2010): getDbm=-1
W/SignalStrength( 2010): getGsmAsuLevel=99
W/SignalStrength( 2010): getAsuLevel=99
I/TiAnalyticsSvc(21901): (Thread-1713) [3358,32912] Stopping Analytics Service
E/MtpService(32371): In MTPAPP onReceive:android.intent.action.BATTERY_CHANGED
E/MtpService(32371): battPlugged Type : 2
W/SignalStrength( 2010): getGsmLevel=2
W/SignalStrength( 2113): getGsmLevel=2
W/SignalStrength( 2010): getLevel=2 (SignalStrength: 99 -1 -1 -1 -1 -1 -1 -1 -1 -1 -1 -1 gsm|lte 2)
W/SignalStrength( 2113): getLevel=2 (SignalStrength: 99 -1 -1 -1 -1 -1 -1 -1 -1 -1 -1 -1 gsm|lte 2)
W/SignalStrength( 2113): getGsmLevel=2
W/SignalStrength( 2113): getLevel=2 (SignalStrength: 99 -1 -1 -1 -1 -1 -1 -1 -1 -1 -1 -1 gsm|lte 2)
W/SignalStrength( 2010): getGsmDbm=-1
W/SignalStrength( 2010): getDbm=-1
W/SignalStrength( 2010): getGsmAsuLevel=99
W/SignalStrength( 2010): getAsuLevel=99
E/MtpService(32371): In MTPAPP onReceive:android.intent.action.BATTERY_CHANGED
E/MtpService(32371): battPlugged Type : 2
E/MtpService(32371): In MTPAPP onReceive:android.intent.action.BATTERY_CHANGED
E/MtpService(32371): battPlugged Type : 2
W/SignalStrength( 2010): getGsmLevel=1
W/SignalStrength( 2010): getLevel=1 (SignalStrength: 99 -1 -1 -1 -1 -1 -1 -1 -1 -1 -1 -1 gsm|lte 1)
W/SignalStrength( 2113): getGsmLevel=1
W/SignalStrength( 2113): getLevel=1 (SignalStrength: 99 -1 -1 -1 -1 -1 -1 -1 -1 -1 -1 -1 gsm|lte 1)
W/SignalStrength( 2113): getGsmLevel=1
W/SignalStrength( 2113): getLevel=1 (SignalStrength: 99 -1 -1 -1 -1 -1 -1 -1 -1 -1 -1 -1 gsm|lte 1)
W/SignalStrength( 2010): getGsmDbm=-1
W/SignalStrength( 2010): getDbm=-1
W/SignalStrength( 2010): getGsmAsuLevel=99
W/SignalStrength( 2010): getAsuLevel=99
E/MtpService(32371): In MTPAPP onReceive:android.intent.action.BATTERY_CHANGED
E/MtpService(32371): battPlugged Type : 2
E/MtpService(32371): In MTPAPP onReceive:android.intent.action.BATTERY_CHANGED
E/MtpService(32371): battPlugged Type : 2
D/widget ( 2290): [MSC_HERO_Accu_JB]>>> SM:1288 [0:0] bTCC WCV = 100
D/widget ( 2290): [MSC_HERO_Accu_JB]>>> WC:1664 [0:0] drw 1nd Tm dt = 0641
D/ClockAlarmWidgetService(17804): [ClockAlarmWidgetService] onReceive: action = android.intent.action.TIME_TICK
E/ClockAlarmWidget(17804): [AlarmWidgetIdManager] getListItem() : itemIndex=0, widgetID:1
E/ClockAlarmWidget(17804): [AlarmWidgetIdManager] getListItem() : ItemIndex exceed ListItemCount. itemIndex=1
E/ClockAlarmWidget(17804): [AlarmWidgetIdManager] getListItem() : itemIndex=1, widgetID:1
D/ClockAlarmDataProvider(17804): getAlarm() - too many same ID alarm data. nCount: 0
E/MtpService(32371): In MTPAPP onReceive:android.intent.action.BATTERY_CHANGED
E/MtpService(32371): battPlugged Type : 2
W/SignalStrength( 2010): getGsmLevel=2
W/SignalStrength( 2113): getGsmLevel=2
W/SignalStrength( 2010): getLevel=2 (SignalStrength: 99 -1 -1 -1 -1 -1 -1 -1 -1 -1 -1 -1 gsm|lte 2)
W/SignalStrength( 2113): getLevel=2 (SignalStrength: 99 -1 -1 -1 -1 -1 -1 -1 -1 -1 -1 -1 gsm|lte 2)
W/SignalStrength( 2113): getGsmLevel=2
W/SignalStrength( 2113): getLevel=2 (SignalStrength: 99 -1 -1 -1 -1 -1 -1 -1 -1 -1 -1 -1 gsm|lte 2)
W/SignalStrength( 2010): getGsmDbm=-1
W/SignalStrength( 2010): getDbm=-1
W/SignalStrength( 2010): getGsmAsuLevel=99
W/SignalStrength( 2010): getAsuLevel=99
E/MtpService(32371): In MTPAPP onReceive:android.intent.action.BATTERY_CHANGED
E/MtpService(32371): battPlugged Type : 2
W/SignalStrength( 2010): getGsmLevel=1
W/SignalStrength( 2010): getLevel=1 (SignalStrength: 99 -1 -1 -1 -1 -1 -1 -1 -1 -1 -1 -1 gsm|lte 1)
W/SignalStrength( 2113): getGsmLevel=1
W/SignalStrength( 2113): getLevel=1 (SignalStrength: 99 -1 -1 -1 -1 -1 -1 -1 -1 -1 -1 -1 gsm|lte 1)
W/SignalStrength( 2113): getGsmLevel=1
W/SignalStrength( 2113): getLevel=1 (SignalStrength: 99 -1 -1 -1 -1 -1 -1 -1 -1 -1 -1 -1 gsm|lte 1)
W/SignalStrength( 2010): getGsmDbm=-1
W/SignalStrength( 2010): getDbm=-1
W/SignalStrength( 2010): getGsmAsuLevel=99
W/SignalStrength( 2010): getAsuLevel=99
W/SignalStrength( 2010): getGsmLevel=2
W/SignalStrength( 2010): getLevel=2 (SignalStrength: 99 -1 -1 -1 -1 -1 -1 -1 -1 -1 -1 -1 gsm|lte 2)
W/SignalStrength( 2113): getGsmLevel=2
W/SignalStrength( 2113): getLevel=2 (SignalStrength: 99 -1 -1 -1 -1 -1 -1 -1 -1 -1 -1 -1 gsm|lte 2)
W/SignalStrength( 2113): getGsmLevel=2
W/SignalStrength( 2113): getLevel=2 (SignalStrength: 99 -1 -1 -1 -1 -1 -1 -1 -1 -1 -1 -1 gsm|lte 2)
W/SignalStrength( 2010): getGsmDbm=-1
W/SignalStrength( 2010): getDbm=-1
W/SignalStrength( 2010): getGsmAsuLevel=99
W/SignalStrength( 2010): getAsuLevel=99
E/MtpService(32371): In MTPAPP onReceive:android.intent.action.BATTERY_CHANGED
E/MtpService(32371): battPlugged Type : 2
E/MtpService(32371): In MTPAPP onReceive:android.intent.action.BATTERY_CHANGED
E/MtpService(32371): battPlugged Type : 2
W/SignalStrength( 2010): getGsmLevel=1
W/SignalStrength( 2010): getLevel=1 (SignalStrength: 99 -1 -1 -1 -1 -1 -1 -1 -1 -1 -1 -1 gsm|lte 1)
W/SignalStrength( 2113): getGsmLevel=1
W/SignalStrength( 2113): getLevel=1 (SignalStrength: 99 -1 -1 -1 -1 -1 -1 -1 -1 -1 -1 -1 gsm|lte 1)
W/SignalStrength( 2113): getGsmLevel=1
W/SignalStrength( 2113): getLevel=1 (SignalStrength: 99 -1 -1 -1 -1 -1 -1 -1 -1 -1 -1 -1 gsm|lte 1)
W/SignalStrength( 2010): getGsmDbm=-1
W/SignalStrength( 2010): getDbm=-1
W/SignalStrength( 2010): getGsmAsuLevel=99
W/SignalStrength( 2010): getAsuLevel=99
D/widget ( 2290): [MSC_HERO_Accu_JB]>>> SM:1288 [0:0] bTCC WCV = 100
D/widget ( 2290): [MSC_HERO_Accu_JB]>>> WC:1664 [0:0] drw 1nd Tm dt = 0642
D/ClockAlarmWidgetService(17804): [ClockAlarmWidgetService] onReceive: action = android.intent.action.TIME_TICK
E/ClockAlarmWidget(17804): [AlarmWidgetIdManager] getListItem() : itemIndex=0, widgetID:1
E/ClockAlarmWidget(17804): [AlarmWidgetIdManager] getListItem() : ItemIndex exceed ListItemCount. itemIndex=1
E/ClockAlarmWidget(17804): [AlarmWidgetIdManager] getListItem() : itemIndex=1, widgetID:1
D/ClockAlarmDataProvider(17804): getAlarm() - too many same ID alarm data. nCount: 0
E/MtpService(32371): In MTPAPP onReceive:android.intent.action.BATTERY_CHANGED
E/MtpService(32371): battPlugged Type : 2
W/SignalStrength( 2010): getGsmLevel=2
W/SignalStrength( 2010): getLevel=2 (SignalStrength: 99 -1 -1 -1 -1 -1 -1 -1 -1 -1 -1 -1 gsm|lte 2)
W/SignalStrength( 2113): getGsmLevel=2
W/SignalStrength( 2113): getLevel=2 (SignalStrength: 99 -1 -1 -1 -1 -1 -1 -1 -1 -1 -1 -1 gsm|lte 2)
W/SignalStrength( 2113): getGsmLevel=2
W/SignalStrength( 2113): getLevel=2 (SignalStrength: 99 -1 -1 -1 -1 -1 -1 -1 -1 -1 -1 -1 gsm|lte 2)
W/SignalStrength( 2010): getGsmDbm=-1
W/SignalStrength( 2010): getDbm=-1
W/SignalStrength( 2010): getGsmAsuLevel=99
W/SignalStrength( 2010): getAsuLevel=99
E/MtpService(32371): In MTPAPP onReceive:android.intent.action.BATTERY_CHANGED
E/MtpService(32371): battPlugged Type : 2
W/SignalStrength( 2010): getGsmLevel=1
W/SignalStrength( 2113): getGsmLevel=1
W/SignalStrength( 2010): getLevel=1 (SignalStrength: 99 -1 -1 -1 -1 -1 -1 -1 -1 -1 -1 -1 gsm|lte 1)
W/SignalStrength( 2113): getLevel=1 (SignalStrength: 99 -1 -1 -1 -1 -1 -1 -1 -1 -1 -1 -1 gsm|lte 1)
W/SignalStrength( 2113): getGsmLevel=1
W/SignalStrength( 2113): getLevel=1 (SignalStrength: 99 -1 -1 -1 -1 -1 -1 -1 -1 -1 -1 -1 gsm|lte 1)
W/SignalStrength( 2010): getGsmDbm=-1
W/SignalStrength( 2010): getDbm=-1
W/SignalStrength( 2010): getGsmAsuLevel=99
W/SignalStrength( 2010): getAsuLevel=99
E/MtpService(32371): In MTPAPP onReceive:android.intent.action.BATTERY_CHANGED
E/MtpService(32371): battPlugged Type : 2
W/SignalStrength( 2010): getGsmLevel=2
W/SignalStrength( 2010): getLevel=2 (SignalStrength: 99 -1 -1 -1 -1 -1 -1 -1 -1 -1 -1 -1 gsm|lte 2)
W/SignalStrength( 2010): getGsmDbm=-1
W/SignalStrength( 2010): getDbm=-1
W/SignalStrength( 2010): getGsmAsuLevel=99
W/SignalStrength( 2010): getAsuLevel=99
W/SignalStrength( 2113): getGsmLevel=2
W/SignalStrength( 2113): getLevel=2 (SignalStrength: 99 -1 -1 -1 -1 -1 -1 -1 -1 -1 -1 -1 gsm|lte 2)
W/SignalStrength( 2113): getGsmLevel=2
W/SignalStrength( 2113): getLevel=2 (SignalStrength: 99 -1 -1 -1 -1 -1 -1 -1 -1 -1 -1 -1 gsm|lte 2)
W/SignalStrength( 2010): getGsmLevel=1
W/SignalStrength( 2010): getLevel=1 (SignalStrength: 99 -1 -1 -1 -1 -1 -1 -1 -1 -1 -1 -1 gsm|lte 1)
W/SignalStrength( 2113): getGsmLevel=1
W/SignalStrength( 2113): getLevel=1 (SignalStrength: 99 -1 -1 -1 -1 -1 -1 -1 -1 -1 -1 -1 gsm|lte 1)
W/SignalStrength( 2113): getGsmLevel=1
W/SignalStrength( 2113): getLevel=1 (SignalStrength: 99 -1 -1 -1 -1 -1 -1 -1 -1 -1 -1 -1 gsm|lte 1)
W/SignalStrength( 2010): getGsmDbm=-1
W/SignalStrength( 2010): getDbm=-1
W/SignalStrength( 2010): getGsmAsuLevel=99
W/SignalStrength( 2010): getAsuLevel=99
E/MtpService(32371): In MTPAPP onReceive:android.intent.action.BATTERY_CHANGED
E/MtpService(32371): battPlugged Type : 2
E/MtpService(32371): In MTPAPP onReceive:android.intent.action.BATTERY_CHANGED
E/MtpService(32371): battPlugged Type : 2
I/power ( 2010): *** acquire_dvfs_lock : lockType : 1 freq : 1000000
D/ ( 2010): set_light_backlight is called!!!
D/ ( 2010): set_light_backlight = 169
D/ ( 2010): set_light_backlight is called!!!
D/ ( 2010): set_light_backlight = 168
D/ ( 2010): set_light_backlight is called!!!
D/ ( 2010): set_light_backlight = 155
D/ ( 2010): set_light_backlight is called!!!
D/ ( 2010): set_light_backlight = 142
D/ ( 2010): set_light_backlight is called!!!
D/ ( 2010): set_light_backlight = 129
D/ ( 2010): set_light_backlight is called!!!
D/ ( 2010): set_light_backlight = 117
D/ ( 2010): set_light_backlight is called!!!
D/ ( 2010): set_light_backlight = 104
D/ ( 2010): set_light_backlight is called!!!
D/ ( 2010): set_light_backlight = 92
D/ ( 2010): set_light_backlight is called!!!
D/ ( 2010): set_light_backlight = 79
D/ ( 2010): set_light_backlight is called!!!
D/ ( 2010): set_light_backlight = 67
D/ ( 2010): set_light_backlight is called!!!
D/ ( 2010): set_light_backlight = 54
D/ ( 2010): set_light_backlight is called!!!
D/ ( 2010): set_light_backlight = 41
D/ ( 2010): set_light_backlight is called!!!
D/ ( 2010): set_light_backlight = 28
D/ ( 2010): set_light_backlight is called!!!
D/ ( 2010): set_light_backlight = 20
I/power ( 2010): *** release_dvfs_lock : lockType : 1
W/SignalStrength( 2010): getGsmLevel=2
W/SignalStrength( 2010): getLevel=2 (SignalStrength: 99 -1 -1 -1 -1 -1 -1 -1 -1 -1 -1 -1 gsm|lte 2)
W/SignalStrength( 2010): getGsmDbm=-1
W/SignalStrength( 2010): getDbm=-1
W/SignalStrength( 2010): getGsmAsuLevel=99
W/SignalStrength( 2010): getAsuLevel=99
W/SignalStrength( 2113): getGsmLevel=2
W/SignalStrength( 2113): getLevel=2 (SignalStrength: 99 -1 -1 -1 -1 -1 -1 -1 -1 -1 -1 -1 gsm|lte 2)
W/SignalStrength( 2113): getGsmLevel=2
W/SignalStrength( 2113): getLevel=2 (SignalStrength: 99 -1 -1 -1 -1 -1 -1 -1 -1 -1 -1 -1 gsm|lte 2)
D/ ( 2010):
D/ ( 2010): set_light_touchkey is called!!!
D/ ( 2010):
D/ ( 2010): light_touchkey on/off = 0
I/power ( 2010): *** acquire_dvfs_lock : lockType : 1 freq : 1000000
D/WindowManager( 2010): mSetIgnore
D/KeyguardViewMediator( 2010): onScreenTurnedOff(3)
D/KeyguardViewMediator( 2010): setting alarm to turn off keyguard, seq = 21
D/SensorManager( 2010): unregisterListener:: Listener= android.view.WindowOrientationListener$SensorEventListenerImpl@426b02c8
D/Sensors ( 2010): Remain listener = Sending .. normal delay 200ms
I/Sensors ( 2010): sendDelay --- 200000000
I/SensorService( 2010): info.selectDelay() ns=200000000
D/ ( 2010): set_light_backlight is called!!!
D/ ( 2010): set_light_backlight = 19
D/SensorService( 2010): SensorDevice::setDelay, Return(true 1, false 0) = 1
D/SensorManager( 2010): JNI - sendDelay
I/SensorManager( 2010): Set normal delay = true
D/SensorService( 2010): SensorDevice::activating sensor handle=0 ns=200000000
D/SurfaceFlinger( 1665): About to give-up screen, flinger = 0x40e4acf0
D/ ( 2010): set_light_backlight is called!!!
D/SensorManager( 2943): unregisterListener:: Listener= android.view.OrientationEventListener$SensorEventListenerImpl@4229fac0
D/Sensors ( 2943): Remain listener = Sending .. normal delay 200ms
I/Sensors ( 2943): sendDelay --- 200000000
I/SensorService( 2010): info.selectDelay() ns=200000000
D/SensorService( 2010): SensorDevice::setDelay, Return(true 1, false 0) = 1
D/SensorManager( 2943): JNI - sendDelay
I/SensorManager( 2943): Set normal delay = true
D/ALPS_COMPASS( 2010): INV SENSOR ENABLE 0 -0
D/SensorService( 2010): SensorDevice::activate (enable 1, disable 0) = 0
D/SensorService( 2010): activating sensor disable handle=0
D/SensorService( 2010): activating sensor disable, Done!
D/SensorService( 2010): SensorDevice::activating sensor handle=0 ns=200000000
I/ClipboardServiceEx( 2010): Send intent for dismiss clipboard dialog inside hideCurrentInputLocked() !
W/IInputConnectionWrapper(21901): getSelectedText on inactive InputConnection
W/IInputConnectionWrapper(21901): setComposingText on inactive InputConnection
W/IInputConnectionWrapper(21901): getExtractedText on inactive InputConnection
I/sec_anm_ahi( 1672): setParameters() - screen_state=off
D/tms_audio_hw/AudioTmsIpc( 1672): adev_set_parameters : Enter
D/tms_audio_hw/AudioTmsIpc( 1672): adev_set_parameters : Exit
D/ ( 2010): set_light_backlight = 18
D/ ( 2010): set_light_backlight is called!!!
D/ ( 2010): set_light_backlight = 3
D/ ( 2010): set_light_backlight is called!!!
D/ ( 2010): set_light_backlight = 2
D/ ( 2010): set_light_backlight is called!!!
D/ ( 2010): set_light_backlight = 1
D/Launcher.Workspace( 2290): exitWidgetResizeMode State: NORMAL, newDragStarted: false
D/ ( 2010): set_light_backlight is called!!!
D/ ( 2010): set_light_backlight = 0
I/power ( 2010): *** release_dvfs_lock : lockType : 1
D/com.samsung.app( 2592): [MSC_HERO_Accu_JB]>>> WCS:251 [0:0] BR act = androidintentactionSCREEN_OFF
D/WindowManager( 2010): mUnSetIgnore, show = false
E/MtpService(32371): In MTPAPP onReceive:android.intent.action.BATTERY_CHANGED
E/MtpService(32371): battPlugged Type : 2
D/KeyguardViewMediator( 2010): received DELAYED_KEYGUARD_ACTION with seq = 21, mDelayedShowingSequence = 21
D/SamsungLockScreenProperties( 2010): Not factory mode. isFactoryMode() returend false
D/LockPatternUtils( 2010): isPcwEnable = null
D/KeyguardViewMediator( 2010): doKeyguard: showing the lock screen
D/KeyguardViewMediator( 2010): KeyguardGetAudioService.dismissVolumePanel() run
D/VolumePanel( 2010): call forceTimeout
D/KeyguardViewMediator( 2010): showLocked
D/KeyguardViewMediator( 2010): handleShow
D/LockPatternKeyguardView( 2010): phone state: 0
V/LockPatternKeyguardView( 2010): Set visibility on com.android.internal.policy.impl.LockPatternKeyguardView$4@42a16c68 to 0
D/LockPatternKeyguardView( 2010): onCsSimStateChanged: 0
E/LockPatternKeyguardView( 2010): mIsVoiceUnlockOn=false
D/LockPatternKeyguardView( 2010): mIsTalkbackDrvModeOn=false
D/LockPatternUtils( 2010): isPcwEnable = null
D/CircleLockScreen( 2010): drv mode off
D/CircleLockScreen( 2010): mTalkbackEnabled =false
D/CircleLockScreen( 2010): explore by touch mode off
V/SoundPoolThread( 2010): beginThread
V/SoundPoolThread( 2010): run
V/SoundPoolThread( 2010): Got message m=2, mData=1
V/MediaPlayer( 2010): decode(338, 14753804, 11571)
V/MediaPlayerService( 1672): decode(58, 14753804, 11571)
V/MediaPlayerService( 1672): player type = 3
V/MediaPlayerService( 1672): create StagefrightPlayer
V/AwesomePlayer( 1672): setDefault
V/AwesomePlayer( 1672): constructor
V/AwesomePlayer( 1672): setDefault
I/AwesomePlayer( 1672): reset
V/AwesomePlayer( 1672): reset_l() cancel player events
V/AwesomePlayer( 1672): cancelPlayerEvents (keepNotifications=0)
V/AwesomePlayer( 1672): mAudioTrackVector clear
V/AwesomePlayer( 1672): reset_l() mAudioPlayer successfully deleted
V/StagefrightPlayer( 1672): StagefrightPlayer
V/AwesomePlayer( 1672): setListener
V/StagefrightPlayer( 1672): initCheck
V/StagefrightPlayer( 1672): setAudioSink
V/AwesomePlayer( 1672): setAudioSink
V/StagefrightPlayer( 1672): setDataSource(58, 14753804, 11571)
V/AwesomePlayer( 1672): reset_l() cancel player events
V/AwesomePlayer( 1672): cancelPlayerEvents (keepNotifications=0)
V/AwesomePlayer( 1672): mAudioTrackVector clear
V/AwesomePlayer( 1672): reset_l() mAudioPlayer successfully deleted
V/AwesomePlayer( 1672): track of type 'audio/vorbis' does not publish bitrate
V/AwesomePlayer( 1672): mBitrate = -1 bits/sec
V/AwesomePlayer( 1672): setAudioSource
V/AwesomePlayer( 1672): current audio track index (0) is added to vector
V/AwesomePlayer( 1672): setDataSource_l: Audio(1), Video(0)
V/MediaPlayerService( 1672): prepare
V/StagefrightPlayer( 1672): prepareAsync
V/AwesomePlayer( 1672): prepareAsync
V/MediaPlayerService( 1672): wait for prepare
V/AwesomePlayer( 1672): onPrepareAsyncEvent
V/AwesomePlayer( 1672): initAudioDecoder
I/OMXCodec( 1672): OMXCodec::Create mime (audio/vorbis), flags (0), matchComponentName ((null)), createEncoder (0)
I/OMXCodec( 1672): Attempting to allocate OMX node 'OMX.google.vorbis.decoder'
I/OMXCodec( 1672): Successfully allocated OMX node 'OMX.google.vorbis.decoder'
I/OMXCodec( 1672): [OMX.google.vorbis.decoder] allocating 4 buffers of size 8192 on input port
I/OMXCodec( 1672): [OMX.google.vorbis.decoder] allocating 4 buffers of size 32768 on output port
V/AwesomePlayer( 1672): finishAsyncPrepare_l
V/AwesomePlayer( 1672): notifyListener_l() msg (5-MEDIA_SET_VIDEO_SIZE), ext1 (0), ext2 (0)
V/AudioCache( 1672): notify(0x42e669f0, 5, 0, 0)
V/AudioCache( 1672): ignored
V/AwesomePlayer( 1672): notifyListener_l() msg (1-MEDIA_PREPARED), ext1 (0), ext2 (0)
V/AudioCache( 1672): notify(0x42e669f0, 1, 0, 0)
V/AudioCache( 1672): prepared
V/AudioCache( 1672): wait - success
V/MediaPlayerService( 1672): start
V/StagefrightPlayer( 1672): start
V/AwesomePlayer( 1672): play
V/AwesomePlayer( 1672): AwesomePlayer::play_l():: This is not a DRM content
V/AwesomePlayer( 1672): startAudioPlayer_l, sendErrorNotification (0)
I/OMXCodec( 1672): [OMX.google.vorbis.decoder] allocating 4 buffers of size 32768 on output port
I/AudioPlayer( 1672): Audioplayer kKeyAudioPCMFormat:1, 2, 0
I/AudioPlayer( 1672): Audioplayer1 (2, 1)
V/AudioCache( 1672): open(44100, 2, 0x0, 1, 4)
V/AwesomePlayer( 1672): addBatteryData
V/MediaPlayerService( 1672): wait for playback complete
V/AudioCache( 1672): write(0x42d48b90, 4096)
V/AudioCache( 1672): memcpy(0x44cdb000, 0x42d48b90, 4096)
V/AudioCache( 1672): write(0x42d48b90, 4096)
V/AudioCache( 1672): memcpy(0x44cdc000, 0x42d48b90, 4096)
V/AudioCache( 1672): write(0x42d48b90, 4096)
V/AudioCache( 1672): memcpy(0x44cdd000, 0x42d48b90, 4096)
V/AudioCache( 1672): write(0x42d48b90, 4096)
V/AudioCache( 1672): memcpy(0x44cde000, 0x42d48b90, 4096)
V/AudioCache( 1672): write(0x42d48b90, 4096)
V/AudioCache( 1672): memcpy(0x44cdf000, 0x42d48b90, 4096)
V/AudioCache( 1672): write(0x42d48b90, 4096)
V/AudioCache( 1672): memcpy(0x44ce0000, 0x42d48b90, 4096)
V/AudioCache( 1672): write(0x42d48b90, 4096)
V/AudioCache( 1672): memcpy(0x44ce1000, 0x42d48b90, 4096)
V/AudioCache( 1672): write(0x42d48b90, 4096)
V/AudioCache( 1672): memcpy(0x44ce2000, 0x42d48b90, 4096)
V/AudioCache( 1672): write(0x42d48b90, 4096)
V/AudioCache( 1672): memcpy(0x44ce3000, 0x42d48b90, 4096)
V/AudioCache( 1672): write(0x42d48b90, 4096)
V/AudioCache( 1672): memcpy(0x44ce4000, 0x42d48b90, 4096)
V/AudioCache( 1672): write(0x42d48b90, 4096)
V/AudioCache( 1672): memcpy(0x44ce5000, 0x42d48b90, 4096)
V/AudioCache( 1672): write(0x42d48b90, 4096)
V/AudioCache( 1672): memcpy(0x44ce6000, 0x42d48b90, 4096)
V/AudioCache( 1672): write(0x42d48b90, 4096)
V/AudioCache( 1672): memcpy(0x44ce7000, 0x42d48b90, 4096)
V/AudioCache( 1672): write(0x42d48b90, 4096)
V/AudioCache( 1672): memcpy(0x44ce8000, 0x42d48b90, 4096)
V/AudioCache( 1672): write(0x42d48b90, 4096)
V/AudioCache( 1672): memcpy(0x44ce9000, 0x42d48b90, 4096)
V/AudioCache( 1672): write(0x42d48b90, 4096)
V/AudioCache( 1672): memcpy(0x44cea000, 0x42d48b90, 4096)
V/AudioCache( 1672): write(0x42d48b90, 4096)
V/AudioCache( 1672): memcpy(0x44ceb000, 0x42d48b90, 4096)
V/AudioCache( 1672): write(0x42d48b90, 4096)
V/AudioCache( 1672): memcpy(0x44cec000, 0x42d48b90, 4096)
V/AudioCache( 1672): write(0x42d48b90, 4096)
V/AudioCache( 1672): memcpy(0x44ced000, 0x42d48b90, 4096)
V/AudioCache( 1672): write(0x42d48b90, 4096)
V/AudioCache( 1672): memcpy(0x44cee000, 0x42d48b90, 4096)
V/AudioCache( 1672): write(0x42d48b90, 4096)
V/AudioCache( 1672): memcpy(0x44cef000, 0x42d48b90, 4096)
V/AudioCache( 1672): write(0x42d48b90, 4096)
V/AudioCache( 1672): memcpy(0x44cf0000, 0x42d48b90, 4096)
V/AudioCache( 1672): write(0x42d48b90, 4096)
V/AudioCache( 1672): memcpy(0x44cf1000, 0x42d48b90, 4096)
V/AudioCache( 1672): write(0x42d48b90, 4096)
V/AudioCache( 1672): memcpy(0x44cf2000, 0x42d48b90, 4096)
V/AudioCache( 1672): write(0x42d48b90, 4096)
V/AudioCache( 1672): memcpy(0x44cf3000, 0x42d48b90, 4096)
E/OMXCodec( 1672): [OMX.google.vorbis.decoder] err = -1011
V/AudioCache( 1672): write(0x42d48b90, 4096)
V/AudioCache( 1672): memcpy(0x44cf4000, 0x42d48b90, 4096)
V/AudioCache( 1672): write(0x42d48b90, 4096)
V/AudioCache( 1672): memcpy(0x44cf5000, 0x42d48b90, 4096)
V/AudioCache( 1672): write(0x42d48b90, 4096)
V/AudioCache( 1672): memcpy(0x44cf6000, 0x42d48b90, 4096)
V/AudioCache( 1672): write(0x42d48b90, 4096)
V/AudioCache( 1672): memcpy(0x44cf7000, 0x42d48b90, 4096)
V/AwesomePlayer( 1672): postAudioEOS delayUs (0)
V/AwesomePlayer( 1672): onCheckAudioStatus
V/AwesomePlayer( 1672): onCheckAudioStatus() set AUDIO_AT_EOS flag
V/AwesomePlayer( 1672): onStreamDone
V/AwesomePlayer( 1672): MEDIA_PLAYBACK_COMPLETE
V/AwesomePlayer( 1672): notifyListener_l() msg (2-MEDIA_PLAYBACK_COMPLETE), ext1 (0), ext2 (0)
V/AudioCache( 1672): notify(0x42e669f0, 2, 0, 0)
V/AudioCache( 1672): playback complete - thread will wake up later
V/AwesomePlayer( 1672): cancelPlayerEvents (keepNotifications=1)
V/AudioCache( 1672): write(0x42d48b90, 1256)
V/AudioCache( 1672): memcpy(0x44cf8000, 0x42d48b90, 1256)
V/AwesomePlayer( 1672): addBatteryData
V/AudioCache( 1672): wait - success
V/StagefrightPlayer( 1672): reset
I/AwesomePlayer( 1672): reset
V/AwesomePlayer( 1672): reset_l() cancel player events
V/AwesomePlayer( 1672): cancelPlayerEvents (keepNotifications=0)
V/AwesomePlayer( 1672): mAudioTrackVector clear
I/OMXCodec( 1672): [OMX.google.vorbis.decoder] stop() sendCommand(0x53, OMX_CommandStateSet, OMX_StateIdle)
V/AwesomePlayer( 1672): reset_l() mAudioPlayer successfully deleted
V/StagefrightPlayer( 1672): ~StagefrightPlayer
V/StagefrightPlayer( 1672): reset
I/AwesomePlayer( 1672): reset
V/AwesomePlayer( 1672): reset_l() cancel player events
V/AwesomePlayer( 1672): cancelPlayerEvents (keepNotifications=0)
V/AwesomePlayer( 1672): mAudioTrackVector clear
V/AwesomePlayer( 1672): reset_l() mAudioPlayer successfully deleted
V/AwesomePlayer( 1672): destructor
I/AwesomePlayer( 1672): reset
V/AwesomePlayer( 1672): reset_l() cancel player events
V/AwesomePlayer( 1672): cancelPlayerEvents (keepNotifications=0)
V/AwesomePlayer( 1672): mAudioTrackVector clear
V/AwesomePlayer( 1672): reset_l() mAudioPlayer successfully deleted
V/AwesomePlayer( 1672): ~AwesomePlayer()
V/SoundPoolThread( 2010): Got message m=2, mData=2
V/MediaPlayer( 2010): decode(342, 15238372, 20394)
V/MediaPlayerService( 1672): decode(58, 15238372, 20394)
V/MediaPlayerService( 1672): player type = 3
V/MediaPlayerService( 1672): create StagefrightPlayer
V/AwesomePlayer( 1672): setDefault
V/AwesomePlayer( 1672): constructor
V/AwesomePlayer( 1672): setDefault
I/AwesomePlayer( 1672): reset
V/AwesomePlayer( 1672): reset_l() cancel player events
V/AwesomePlayer( 1672): cancelPlayerEvents (keepNotifications=0)
V/AwesomePlayer( 1672): mAudioTrackVector clear
V/AwesomePlayer( 1672): reset_l() mAudioPlayer successfully deleted
V/StagefrightPlayer( 1672): StagefrightPlayer
V/AwesomePlayer( 1672): setListener
V/StagefrightPlayer( 1672): initCheck
V/StagefrightPlayer( 1672): setAudioSink
V/AwesomePlayer( 1672): setAudioSink
V/StagefrightPlayer( 1672): setDataSource(58, 15238372, 20394)
V/AwesomePlayer( 1672): reset_l() cancel player events
V/AwesomePlayer( 1672): cancelPlayerEvents (keepNotifications=0)
V/AwesomePlayer( 1672): mAudioTrackVector clear
V/AwesomePlayer( 1672): reset_l() mAudioPlayer successfully deleted
V/AwesomePlayer( 1672): track of type 'audio/vorbis' does not publish bitrate
V/AwesomePlayer( 1672): mBitrate = -1 bits/sec
V/AwesomePlayer( 1672): setAudioSource
V/AwesomePlayer( 1672): current audio track index (0) is added to vector
V/AwesomePlayer( 1672): setDataSource_l: Audio(1), Video(0)
V/MediaPlayerService( 1672): prepare
V/StagefrightPlayer( 1672): prepareAsync
V/AwesomePlayer( 1672): prepareAsync
V/MediaPlayerService( 1672): wait for prepare
V/AwesomePlayer( 1672): onPrepareAsyncEvent
V/AwesomePlayer( 1672): initAudioDecoder
I/OMXCodec( 1672): OMXCodec::Create mime (audio/vorbis), flags (0), matchComponentName ((null)), createEncoder (0)
I/OMXCodec( 1672): Attempting to allocate OMX node 'OMX.google.vorbis.decoder'
I/OMXCodec( 1672): Successfully allocated OMX node 'OMX.google.vorbis.decoder'
I/OMXCodec( 1672): [OMX.google.vorbis.decoder] allocating 4 buffers of size 8192 on input port
I/OMXCodec( 1672): [OMX.google.vorbis.decoder] allocating 4 buffers of size 32768 on output port
V/AwesomePlayer( 1672): finishAsyncPrepare_l
V/AwesomePlayer( 1672): notifyListener_l() msg (5-MEDIA_SET_VIDEO_SIZE), ext1 (0), ext2 (0)
V/AudioCache( 1672): notify(0x42e669f0, 5, 0, 0)
V/AudioCache( 1672): ignored
V/AwesomePlayer( 1672): notifyListener_l() msg (1-MEDIA_PREPARED), ext1 (0), ext2 (0)
V/AudioCache( 1672): notify(0x42e669f0, 1, 0, 0)
V/AudioCache( 1672): prepared
V/AudioCache( 1672): wait - success
V/MediaPlayerService( 1672): start
V/StagefrightPlayer( 1672): start
V/AwesomePlayer( 1672): play
V/AwesomePlayer( 1672): AwesomePlayer::play_l():: This is not a DRM content
V/AwesomePlayer( 1672): startAudioPlayer_l, sendErrorNotification (0)
D/CircleMissedEventWidget( 2010): landscape mode
I/OMXCodec( 1672): [OMX.google.vorbis.decoder] allocating 4 buffers of size 32768 on output port
I/AudioPlayer( 1672): Audioplayer kKeyAudioPCMFormat:1, 1, 0
I/AudioPlayer( 1672): Audioplayer1 (1, 1)
V/AudioCache( 1672): open(48000, 1, 0x0, 1, 4)
V/AwesomePlayer( 1672): addBatteryData
V/MediaPlayerService( 1672): wait for playback complete
V/AudioCache( 1672): write(0x42ee3810, 2048)
V/AudioCache( 1672): memcpy(0x44ddb000, 0x42ee3810, 2048)
V/AudioCache( 1672): write(0x42ee3810, 2048)
V/AudioCache( 1672): memcpy(0x44ddb800, 0x42ee3810, 2048)
V/AudioCache( 1672): write(0x42ee3810, 2048)
V/AudioCache( 1672): memcpy(0x44ddc000, 0x42ee3810, 2048)
V/AudioCache( 1672): write(0x42ee3810, 2048)
V/AudioCache( 1672): memcpy(0x44ddc800, 0x42ee3810, 2048)
V/AudioCache( 1672): write(0x42ee3810, 2048)
V/AudioCache( 1672): memcpy(0x44ddd000, 0x42ee3810, 2048)
V/AudioCache( 1672): write(0x42ee3810, 2048)
V/AudioCache( 1672): memcpy(0x44ddd800, 0x42ee3810, 2048)
V/AudioCache( 1672): write(0x42ee3810, 2048)
V/AudioCache( 1672): memcpy(0x44dde000, 0x42ee3810, 2048)
V/AudioCache( 1672): write(0x42ee3810, 2048)
V/AudioCache( 1672): memcpy(0x44dde800, 0x42ee3810, 2048)
V/AudioCache( 1672): write(0x42ee3810, 2048)
V/AudioCache( 1672): memcpy(0x44ddf000, 0x42ee3810, 2048)
V/AudioCache( 1672): write(0x42ee3810, 2048)
V/AudioCache( 1672): memcpy(0x44ddf800, 0x42ee3810, 2048)
V/AudioCache( 1672): write(0x42ee3810, 2048)
V/AudioCache( 1672): memcpy(0x44de0000, 0x42ee3810, 2048)
V/AudioCache( 1672): write(0x42ee3810, 2048)
V/AudioCache( 1672): memcpy(0x44de0800, 0x42ee3810, 2048)
V/AudioCache( 1672): write(0x42ee3810, 2048)
V/AudioCache( 1672): memcpy(0x44de1000, 0x42ee3810, 2048)
V/AudioCache( 1672): write(0x42ee3810, 2048)
V/AudioCache( 1672): memcpy(0x44de1800, 0x42ee3810, 2048)
V/AudioCache( 1672): write(0x42ee3810, 2048)
V/AudioCache( 1672): memcpy(0x44de2000, 0x42ee3810, 2048)
V/AudioCache( 1672): write(0x42ee3810, 2048)
V/AudioCache( 1672): memcpy(0x44de2800, 0x42ee3810, 2048)
V/AudioCache( 1672): write(0x42ee3810, 2048)
V/AudioCache( 1672): memcpy(0x44de3000, 0x42ee3810, 2048)
V/AudioCache( 1672): write(0x42ee3810, 2048)
V/AudioCache( 1672): memcpy(0x44de3800, 0x42ee3810, 2048)
V/AudioCache( 1672): write(0x42ee3810, 2048)
V/AudioCache( 1672): memcpy(0x44de4000, 0x42ee3810, 2048)
V/AudioCache( 1672): write(0x42ee3810, 2048)
V/AudioCache( 1672): memcpy(0x44de4800, 0x42ee3810, 2048)
V/AudioCache( 1672): write(0x42ee3810, 2048)
V/AudioCache( 1672): memcpy(0x44de5000, 0x42ee3810, 2048)
V/AudioCache( 1672): write(0x42ee3810, 2048)
V/AudioCache( 1672): memcpy(0x44de5800, 0x42ee3810, 2048)
V/AudioCache( 1672): write(0x42ee3810, 2048)
V/AudioCache( 1672): memcpy(0x44de6000, 0x42ee3810, 2048)
V/AudioCache( 1672): write(0x42ee3810, 2048)
V/AudioCache( 1672): memcpy(0x44de6800, 0x42ee3810, 2048)
V/AudioCache( 1672): write(0x42ee3810, 2048)
V/AudioCache( 1672): memcpy(0x44de7000, 0x42ee3810, 2048)
V/AudioCache( 1672): write(0x42ee3810, 2048)
V/AudioCache( 1672): memcpy(0x44de7800, 0x42ee3810, 2048)
V/AudioCache( 1672): write(0x42ee3810, 2048)
V/AudioCache( 1672): memcpy(0x44de8000, 0x42ee3810, 2048)
V/AudioCache( 1672): write(0x42ee3810, 2048)
V/AudioCache( 1672): memcpy(0x44de8800, 0x42ee3810, 2048)
V/AudioCache( 1672): write(0x42ee3810, 2048)
V/AudioCache( 1672): memcpy(0x44de9000, 0x42ee3810, 2048)
V/AudioCache( 1672): write(0x42ee3810, 2048)
V/AudioCache( 1672): memcpy(0x44de9800, 0x42ee3810, 2048)
V/AudioCache( 1672): write(0x42ee3810, 2048)
V/AudioCache( 1672): memcpy(0x44dea000, 0x42ee3810, 2048)
V/AudioCache( 1672): write(0x42ee3810, 2048)
V/AudioCache( 1672): memcpy(0x44dea800, 0x42ee3810, 2048)
V/AudioCache( 1672): write(0x42ee3810, 2048)
V/AudioCache( 1672): memcpy(0x44deb000, 0x42ee3810, 2048)
V/AudioCache( 1672): write(0x42ee3810, 2048)
V/AudioCache( 1672): memcpy(0x44deb800, 0x42ee3810, 2048)
V/AudioCache( 1672): write(0x42ee3810, 2048)
V/AudioCache( 1672): memcpy(0x44dec000, 0x42ee3810, 2048)
V/AudioCache( 1672): write(0x42ee3810, 2048)
V/AudioCache( 1672): memcpy(0x44dec800, 0x42ee3810, 2048)
V/AudioCache( 1672): write(0x42ee3810, 2048)
V/AudioCache( 1672): memcpy(0x44ded000, 0x42ee3810, 2048)
V/AudioCache( 1672): write(0x42ee3810, 2048)
V/AudioCache( 1672): memcpy(0x44ded800, 0x42ee3810, 2048)
V/AudioCache( 1672): write(0x42ee3810, 2048)
V/AudioCache( 1672): memcpy(0x44dee000, 0x42ee3810, 2048)
V/AudioCache( 1672): write(0x42ee3810, 2048)
V/AudioCache( 1672): memcpy(0x44dee800, 0x42ee3810, 2048)
V/AudioCache( 1672): write(0x42ee3810, 2048)
V/AudioCache( 1672): memcpy(0x44def000, 0x42ee3810, 2048)
V/AudioCache( 1672): write(0x42ee3810, 2048)
V/AudioCache( 1672): memcpy(0x44def800, 0x42ee3810, 2048)
V/AudioCache( 1672): write(0x42ee3810, 2048)
V/AudioCache( 1672): memcpy(0x44df0000, 0x42ee3810, 2048)
E/OMXCodec( 1672): [OMX.google.vorbis.decoder] err = -1011
V/AudioCache( 1672): write(0x42ee3810, 2048)
V/AudioCache( 1672): memcpy(0x44df0800, 0x42ee3810, 2048)
V/AudioCache( 1672): write(0x42ee3810, 2048)
V/AudioCache( 1672): memcpy(0x44df1000, 0x42ee3810, 2048)
V/AudioCache( 1672): write(0x42ee3810, 2048)
V/AudioCache( 1672): memcpy(0x44df1800, 0x42ee3810, 2048)
V/AudioCache( 1672): write(0x42ee3810, 2048)
V/AudioCache( 1672): memcpy(0x44df2000, 0x42ee3810, 2048)
V/AwesomePlayer( 1672): postAudioEOS delayUs (0)
V/AwesomePlayer( 1672): onCheckAudioStatus
V/AwesomePlayer( 1672): onCheckAudioStatus() set AUDIO_AT_EOS flag
V/AwesomePlayer( 1672): onStreamDone
V/AwesomePlayer( 1672): MEDIA_PLAYBACK_COMPLETE
V/AwesomePlayer( 1672): notifyListener_l() msg (2-MEDIA_PLAYBACK_COMPLETE), ext1 (0), ext2 (0)
V/AudioCache( 1672): notify(0x42e669f0, 2, 0, 0)
V/AudioCache( 1672): playback complete - thread will wake up later
V/AwesomePlayer( 1672): cancelPlayerEvents (keepNotifications=1)
V/AudioCache( 1672): write(0x42ee3810, 824)
V/AudioCache( 1672): memcpy(0x44df2800, 0x42ee3810, 824)
V/AwesomePlayer( 1672): addBatteryData
V/AudioCache( 1672): wait - success
V/StagefrightPlayer( 1672): reset
I/AwesomePlayer( 1672): reset
V/AwesomePlayer( 1672): reset_l() cancel player events
V/AwesomePlayer( 1672): cancelPlayerEvents (keepNotifications=0)
V/AwesomePlayer( 1672): mAudioTrackVector clear
I/OMXCodec( 1672): [OMX.google.vorbis.decoder] stop() sendCommand(0x54, OMX_CommandStateSet, OMX_StateIdle)
V/AwesomePlayer( 1672): reset_l() mAudioPlayer successfully deleted
V/StagefrightPlayer( 1672): ~StagefrightPlayer
V/StagefrightPlayer( 1672): reset
I/AwesomePlayer( 1672): reset
V/AwesomePlayer( 1672): reset_l() cancel player events
V/AwesomePlayer( 1672): cancelPlayerEvents (keepNotifications=0)
V/AwesomePlayer( 1672): mAudioTrackVector clear
V/AwesomePlayer( 1672): reset_l() mAudioPlayer successfully deleted
V/AwesomePlayer( 1672): destructor
I/AwesomePlayer( 1672): reset
V/AwesomePlayer( 1672): reset_l() cancel player events
V/AwesomePlayer( 1672): cancelPlayerEvents (keepNotifications=0)
V/AwesomePlayer( 1672): mAudioTrackVector clear
V/AwesomePlayer( 1672): reset_l() mAudioPlayer successfully deleted
V/AwesomePlayer( 1672): ~AwesomePlayer()
D/dalvikvm( 2010): GC_CONCURRENT freed 2528K, 47% free 20560K/38471K, paused 24ms+11ms, total 163ms
D/dalvikvm( 2010): WAIT_FOR_CONCURRENT_GC blocked 139ms
D/CircleMissedEventWidget( 2010): explore by touch mode off
E/CircleShortcutWidget( 2010): density = 240
D/CircleShortcutWidget( 2010): explore by touch mode off
E/CircleShortcutWidget( 2010): pkg name =com.sec.chaton, activityName=com.sec.chaton.HomeActivity
