W/System.err( 2919): at android.os.Handler.handleCallback(Handler.java:615)
W/System.err( 2919): at android.os.Handler.dispatchMessage(Handler.java:92)
W/System.err( 2919): at android.os.Looper.loop(Looper.java:137)
W/System.err( 2919): at android.app.ActivityThread.main(ActivityThread.java:4856)
W/System.err( 2919): at java.lang.reflect.Method.invokeNative(Native Method)
W/System.err( 2919): at java.lang.reflect.Method.invoke(Method.java:511)
W/System.err( 2919): at com.android.internal.os.ZygoteInit$MethodAndArgsCaller.run(ZygoteInit.java:1007)
W/System.err( 2919): at com.android.internal.os.ZygoteInit.main(ZygoteInit.java:774)
W/System.err( 2919): at dalvik.system.NativeStart.main(Native Method)
W/ResourceType( 2943): Failure getting entry for 0x7f020426 (t=1 e=1062) in package 0 (error -75)
D/CapabilityManagerService(17577): Receiver Broadcast:android.intent.action.PACKAGE_REMOVED
D/CapabilityManagerService(17577): The package(com.androidproject) updated
I/BackGroundService( 2919): BackGroundService:패키지 설치 BR 수신 처리 시작
I/InputReader( 2010): Reconfiguring input devices. changes=0x00000010
W/ResourceType( 2943): Failure getting entry for 0x7f020426 (t=1 e=1062) in package 0 (error -75)
D/Launcher.MenuAppsGrid( 2290): StateObj::getAppsList() item count = 38
D/CellLayoutChildren( 2290): setCellDimensions. width: 117, height: 126, gapX: 0, gapY: 0
D/CellLayout( 2290): setGridSize(4, 5)
D/CellLayoutChildren( 2290): setCellDimensions. width: 117, height: 126, gapX: 0, gapY: 0
D/CellLayout( 2290): setGridSize(4, 5)
D/dalvikvm( 2010): WAIT_FOR_CONCURRENT_GC blocked 0ms
I/PCWCLIENTTRACE_SPPReceiver(17632): [onReceive] - android.intent.action.PACKAGE_REMOVED
D/dalvikvm(17409): GC_CONCURRENT freed 342K, 10% free 9346K/10311K, paused 3ms+5ms, total 64ms
D/dalvikvm( 2010): GC_EXPLICIT freed 1510K, 50% free 19424K/38471K, paused 6ms+26ms, total 260ms
D/AndroidRuntime(20727): Shutting down VM
D/dalvikvm(20727): GC_CONCURRENT freed 101K, 87% free 546K/4096K, paused 0ms+1ms, total 9ms
I/AndroidRuntime(20727): NOTE: attach of thread 'Binder_3' failed
I/SA (26388): [SUR] onReceive log=[SA = 1.3.050 V = 16 HWD = 800X480 1.5 SIZE = 2 LOCALE = en_US CSC = TPA MCC = 0 MNC 0 T = user DEVICE = golden P = goldenub I = JRO03H M = GT-I8190L OKLEFT false DIS JRO03H.I8190LUBALK4 ]
I/SA (26388): [SUR] onReceive Intent=[ action_PACKAGE_REPLACED package ]
D/CapabilityManagerService(17577): Receiver Broadcast:android.intent.action.PACKAGE_ADDED
I/PCWCLIENTTRACE_SPPReceiver(17632): [onReceive] - android.intent.action.PACKAGE_ADDED
D/AndroidRuntime(20755):
D/AndroidRuntime(20755): >>>>>> AndroidRuntime START com.android.internal.os.RuntimeInit <<<<<<
D/AndroidRuntime(20755): CheckJNI is OFF
D/AndroidRuntime(20755): setted country_code = PANAMA
D/AndroidRuntime(20755): setted countryiso_code = PA
D/AndroidRuntime(20755): setted sales_code = TPA
D/AndroidRuntime(20755): readGMSProperty: start
D/AndroidRuntime(20755): readGMSProperty: already setted!!
D/AndroidRuntime(20755): readGMSProperty: end
D/dalvikvm(20755): Trying to load lib libjavacore.so 0x0
D/dalvikvm(20755): Added shared lib libjavacore.so 0x0
D/dalvikvm(20755): Trying to load lib libnativehelper.so 0x0
D/dalvikvm(20755): Added shared lib libnativehelper.so 0x0
I/SA (26388): [SUR] onReceive log=[SA = 1.3.050 V = 16 HWD = 800X480 1.5 SIZE = 2 LOCALE = en_US CSC = TPA MCC = 0 MNC 0 T = user DEVICE = golden P = goldenub I = JRO03H M = GT-I8190L OKLEFT false DIS JRO03H.I8190LUBALK4 ]
I/SA (26388): [SUR] onReceive Intent=[ android.intent.action.PACKAGE_ADDED package ]
W/System.err(27132): java.lang.NullPointerException
W/System.err(27132): at com.google.android.apps.plus.content.EsDatabaseHelper.getDatabaseHelper(EsDatabaseHelper.java:85)
W/System.err(27132): at com.google.android.apps.plus.content.EsDeepLinkInstallsData.getByPackageName(EsDeepLinkInstallsData.java:126)
W/System.err(27132): at com.google.android.apps.plus.service.EsService.processIntent2$751513a6(EsService.java:4580)
W/System.err(27132): at com.google.android.apps.plus.service.EsService.processIntent(EsService.java:3149)
W/System.err(27132): at com.google.android.apps.plus.service.ServiceThread$1.run(ServiceThread.java:50)
W/System.err(27132): at android.os.Handler.handleCallback(Handler.java:615)
W/System.err(27132): at android.os.Handler.dispatchMessage(Handler.java:92)
W/System.err(27132): at android.os.Looper.loop(Looper.java:137)
W/System.err(27132): at com.google.android.apps.plus.service.ServiceThread.run(ServiceThread.java:122)
D/dalvikvm( 2493): GC_CONCURRENT freed 328K, 12% free 9715K/10951K, paused 2ms+12ms, total 54ms
I/SA (26388): [SUR] onReceive log=[SA = 1.3.050 V = 16 HWD = 800X480 1.5 SIZE = 2 LOCALE = en_US CSC = TPA MCC = 0 MNC 0 T = user DEVICE = golden P = goldenub I = JRO03H M = GT-I8190L OKLEFT false DIS JRO03H.I8190LUBALK4 ]
I/SA (26388): [SUR] onReceive Intent=[ action_PACKAGE_REPLACED package ]
D/AndroidRuntime(20755): Calling main entry com.android.commands.am.Am
I/power ( 2010): *** acquire_dvfs_lock : lockType : 1 freq : 1000000
D/dalvikvm( 2010): GC_FOR_ALLOC freed 991K, 50% free 19400K/38471K, paused 114ms, total 114ms
D/Launcher.HomeFragment( 2290): onPause
D/Launcher( 2290): onPause, Launcher: 1109032568
D/widget ( 2290): [MSC_HERO_Accu_JB]>>> WC:1028 [0:0] onPause
D/AndroidRuntime(20755): Shutting down VM
D/dalvikvm(20755): GC_CONCURRENT freed 103K, 86% free 585K/4096K, paused 1ms+1ms, total 4ms
I/AndroidRuntime(20755): NOTE: attach of thread 'Binder_3' failed
V/TaskCloserActivity(17396): TaskCloserActivity onReceive() - com.sec.android.intent.action.HOME_PAUSE
I/dalvikvm(20771): Turning on JNI app bug workarounds for target SDK version 8...
I/libblt_hw( 1665): Library opened (handle = 1, fd = 43)
D/WindowManager( 2010): PhoneWindowManager: focusChangedLw
D/KeyguardViewMediator( 2010): setHidden false
D/Launcher( 2290): onTrimMemory. Level: 20
D/KeyguardViewMediator( 2010): setHidden false
E/Trace (20771): error opening trace file: No such file or directory (2)
I/TiApplication(20771): (main) [0,0] checkpoint, app created.
D/KeyguardViewMediator( 2010): setHidden false
D/KeyguardViewMediator( 2010): setHidden false
D/KeyguardViewMediator( 2010): setHidden false
D/KeyguardViewMediator( 2010): setHidden false
D/KeyguardViewMediator( 2010): setHidden false
I/TiApplication(20771): (main) [53,53] Titanium 3.1.0 (2013/04/15 01:43 40d2055)
D/dalvikvm(20771): GC_CONCURRENT freed 305K, 9% free 9447K/10375K, paused 14ms+1ms, total 37ms
D/dalvikvm(20771): WAIT_FOR_CONCURRENT_GC blocked 19ms
D/dalvikvm(20771): WAIT_FOR_CONCURRENT_GC blocked 6ms
I/TiApplication(20771): (main) [155,208] Titanium Javascript runtime: v8
D/dalvikvm(20771): Trying to load lib /data/data/com.androidproject/lib/libstlport_shared.so 0x421b2240
D/dalvikvm(20771): Added shared lib /data/data/com.androidproject/lib/libstlport_shared.so 0x421b2240
D/dalvikvm(20771): No JNI_OnLoad found in /data/data/com.androidproject/lib/libstlport_shared.so 0x421b2240, skipping init
D/dalvikvm(20771): Trying to load lib /data/data/com.androidproject/lib/libkroll-v8.so 0x421b2240
D/AndroidmoduleModule(20771): (main) [8,216] inside onAppCreate
D/dalvikvm(20771): Added shared lib /data/data/com.androidproject/lib/libkroll-v8.so 0x421b2240
I/TiRootActivity(20771): (main) [0,0] checkpoint, on root activity create, savedInstanceState: null
D/KeyguardViewMediator( 2010): setHidden false
D/KeyguardViewMediator( 2010): setHidden false
I/libblt_hw( 1665): Library closed (handle = 0, fd = 28)
E/TiApplication(20771): (KrollRuntimeThread) [257,257] APP PROXY: ti.modules.titanium.app.AppModule@421c7690
D/dalvikvm(20771): Trying to load lib /data/data/com.androidproject/lib/libti.androidmodule.so 0x421b2240
D/dalvikvm(20771): Added shared lib /data/data/com.androidproject/lib/libti.androidmodule.so 0x421b2240
D/dalvikvm(20771): No JNI_OnLoad found in /data/data/com.androidproject/lib/libti.androidmodule.so 0x421b2240, skipping init
I/power ( 2010): *** release_dvfs_lock : lockType : 1
I/TiAPI (20771): module is => [object Object]
D/AndroidmoduleModule(20771): (KrollRuntimeThread) [696,953] example called
D/AndroidmoduleModule(20771): (KrollRuntimeThread) [1,954] get example property
I/TiAPI (20771): module exampleProp is => hello world 2.0
D/AndroidmoduleModule(20771): (KrollRuntimeThread) [0,954] set example property: This is a test value
D/ExampleProxy(20771): (KrollRuntimeThread) [5,959] example created with message: Creating an example Proxy
D/ExampleProxy(20771): (KrollRuntimeThread) [1,960] printing message: Hello world!
D/ExampleProxy(20771): (KrollRuntimeThread) [0,960] Tried setting module message to: Hi world!. It's me again.
D/ExampleProxy(20771): (KrollRuntimeThread) [0,960] printing message: Hello world!
D/dalvikvm(20771): GC_CONCURRENT freed 306K, 10% free 9607K/10567K, paused 13ms+4ms, total 44ms
D/dalvikvm(20771): WAIT_FOR_CONCURRENT_GC blocked 1ms
D/dalvikvm(20771): GC_FOR_ALLOC freed 2K, 10% free 9605K/10567K, paused 17ms, total 17ms
I/dalvikvm-heap(20771): Grow heap (frag case) to 11.452MB for 1536016-byte allocation
D/dalvikvm(20771): GC_FOR_ALLOC freed <1K, 9% free 11105K/12103K, paused 35ms, total 35ms
D/dalvikvm(20771): GC_CONCURRENT freed 15K, 9% free 11090K/12103K, paused 13ms+2ms, total 31ms
D/dalvikvm(20771): Trying to load lib /data/data/com.androidproject/lib/libtiverify.so 0x421b2240
D/dalvikvm(20771): Added shared lib /data/data/com.androidproject/lib/libtiverify.so 0x421b2240
I/TiRootActivity(20771): (main) [0,0] checkpoint, on root activity resume. activity = com.androidproject.AndroidprojectActivity@421cd628
I/libblt_hw( 1665): Library opened (handle = 0, fd = 28)
D/WindowManager( 2010): PhoneWindowManager: focusChangedLw
D/KeyguardViewMediator( 2010): setHidden false
V/PhoneStatusBar( 2113): setLightsOn(true)
I/ClipboardServiceEx( 2010): Send intent for dismiss clipboard dialog inside hideCurrentInputLocked() !
D/KeyguardViewMediator( 2010): setHidden false
D/KeyguardViewMediator( 2010): setHidden false
D/Launcher.HomeFragment( 2290): onStop
D/Launcher( 2290): onStop, Launcher: 1109032568
D/KeyguardViewMediator( 2010): setHidden false
D/KeyguardViewMediator( 2010): setHidden false
D/KeyguardViewMediator( 2010): setHidden false
D/KeyguardViewMediator( 2010): setHidden false
I/libblt_hw( 1665): Library closed (handle = 1, fd = 43)
W/TiVerify(20771): (Timer-0) [5018,5018] Verifying module licenses...
I/TiVerify(20771): (Timer-0) [407,5425] Succesfully verified module licenses
E/MtpService(32371): In MTPAPP onReceive:android.intent.action.BATTERY_CHANGED
E/MtpService(32371): battPlugged Type : 2
W/SignalStrength( 2010): getGsmLevel=2
W/SignalStrength( 2010): getLevel=2 (SignalStrength: 99 -1 -1 -1 -1 -1 -1 -1 -1 -1 -1 -1 gsm|lte 2)
W/SignalStrength( 2113): getGsmLevel=2
W/SignalStrength( 2113): getLevel=2 (SignalStrength: 99 -1 -1 -1 -1 -1 -1 -1 -1 -1 -1 -1 gsm|lte 2)
W/SignalStrength( 2113): getGsmLevel=2
W/SignalStrength( 2113): getLevel=2 (SignalStrength: 99 -1 -1 -1 -1 -1 -1 -1 -1 -1 -1 -1 gsm|lte 2)
W/SignalStrength( 2010): getGsmDbm=-1
W/SignalStrength( 2010): getDbm=-1
W/SignalStrength( 2010): getGsmAsuLevel=99
W/SignalStrength( 2010): getAsuLevel=99
W/SignalStrength( 2010): getGsmLevel=1
W/SignalStrength( 2010): getLevel=1 (SignalStrength: 99 -1 -1 -1 -1 -1 -1 -1 -1 -1 -1 -1 gsm|lte 1)
W/SignalStrength( 2113): getGsmLevel=1
W/SignalStrength( 2113): getLevel=1 (SignalStrength: 99 -1 -1 -1 -1 -1 -1 -1 -1 -1 -1 -1 gsm|lte 1)
W/SignalStrength( 2113): getGsmLevel=1
W/SignalStrength( 2113): getLevel=1 (SignalStrength: 99 -1 -1 -1 -1 -1 -1 -1 -1 -1 -1 -1 gsm|lte 1)
W/SignalStrength( 2010): getGsmDbm=-1
W/SignalStrength( 2010): getDbm=-1
W/SignalStrength( 2010): getGsmAsuLevel=99
W/SignalStrength( 2010): getAsuLevel=99
D/dalvikvm(17645): GC_CONCURRENT freed 700K, 13% free 9998K/11399K, paused 2ms+3ms, total 29ms
D/dalvikvm(17645): WAIT_FOR_CONCURRENT_GC blocked 21ms
D/dalvikvm(17645): GC_CONCURRENT freed 215K, 11% free 10214K/11399K, paused 3ms+3ms, total 31ms
D/Finsky (17645): [1] 5.onFinished: Installation state replication succeeded.
D/dalvikvm( 2010): GC_CONCURRENT freed 295K, 46% free 21028K/38471K, paused 18ms+10ms, total 132ms
E/MtpService(32371): In MTPAPP onReceive:android.intent.action.BATTERY_CHANGED
E/MtpService(32371): battPlugged Type : 2
I/InputReader( 2010): Touch event's action is 0x0 (deviceType=0) [pCnt=1, s=0.438 ]
I/InputDispatcher( 2010): Delivering touch to current input target: action: 0x0
I/InputDispatcher( 2010): Delivering touch to current input target: action: 0x0
I/InputDispatcher( 2010): Delivering touch to current input target: action: 0x0
I/InputReader( 2010): Touch event's action is 0x1 (deviceType=0) [pCnt=1, s=]
I/InputDispatcher( 2010): Delivering touch to current input target: action: 0x1
I/InputDispatcher( 2010): Delivering touch to current input target: action: 0x1
I/InputDispatcher( 2010): Delivering touch to current input target: action: 0x1
I/AudioPolicyManagerBase( 1672): getSituationVolume: isBTConnected:0 isHeadConnected:0
V/AudioPolicyManagerBase( 1672): getParamFromPolicy deviceInt = 0, situationInt = 1, situationVolume = 1.000000
V/audio_policy_anm( 1672): audio_io_handle_t android::ap_get_output(audio_policy*, audio_stream_type_t, uint32_t, audio_format_t, uint32_t, audio_output_flags_t): tid 2004
V/AudioPolicyManagerBase( 1672): getOutput() stream 1, samplingRate 0, format 0, channelMask 3, flags 0
V/AudioPolicyManagerBase( 1672): getOutput() returns output 2
V/audio_policy_anm( 1672): audio_io_handle_t android::ap_get_output(audio_policy*, audio_stream_type_t, uint32_t, audio_format_t, uint32_t, audio_output_flags_t): tid 1985
V/AudioPolicyManagerBase( 1672): getOutput() stream 1, samplingRate 0, format 0, channelMask 3, flags 0
V/AudioPolicyManagerBase( 1672): getOutput() returns output 2
V/audio_policy_anm( 1672): audio_io_handle_t android::ap_get_output(audio_policy*, audio_stream_type_t, uint32_t, audio_format_t, uint32_t, audio_output_flags_t): tid 1672
V/AudioPolicyManagerBase( 1672): getOutput() stream 1, samplingRate 44100, format 1, channelMask 3, flags 4
V/AudioPolicyManagerBase( 1672): getOutput() returns output 2
V/AudioPolicyManagerBase( 1672): startOutput() output 2, stream 1, session 545
V/AudioPolicyManagerBase( 1672): changeRefCount() stream 1, count 1
V/AudioPolicyManagerBase( 1672): getNewDevice() selected device 2
V/AudioPolicyManagerBase( 1672): setOutputDevice() output 2 device 0002 force 0 delayMs 0
V/AudioPolicyManagerBase( 1672): setOutputDevice() prevDevice 0002
V/AudioPolicyManagerBase( 1672): setOutputDevice() setting same device 0002 or null device for output 2
V/AudioPolicyManagerBase( 1672): releaseOutput() 2
I/sec_anm_ahi_output( 1672): openDevices()
V/sec_anm_organ_switcher( 1672): already: Speaker -> REF_Speaker_Playback_Music
I/sec_anm_ahi_output( 1672): adm_api: ste_adm_client_open_device(Speaker)
I/ADM ( 1694): 7: 71769821574: [STATUS] api_devset:457 Open device 'Speaker', 44100 Hz, format=2, 3 x 3904 bytes bufs
I/ADM ( 1694): 1: 71769821788: [INFO] dev:378 >>> ENTER dev_open(Speaker, vc=0, alloc_buffers=0, format=2)
I/ADM ( 1694): 3: 71769821940: [INFO] dev:306 setting /data/local/tmp/rme_act_adm to 1
I/ADM ( 1694): 8: 71769822215: [INFO] dev:347 rme alp tracker /data/local/tmp/rme_act_alp set to 0: proceeding
I/ADM ( 1694): 9: 71769822276: [INFO] dev:1684 rescan_hw_handler
I/ADM ( 1694): 0: 71769822337: [INFO] hw_handler_u8500:423 AddD2DConnections ENTER
I/ADM ( 1694): 1: 71769823008: [INFO] dev:1675 hw_handler_dev_next_d2d: DONE
I/ADM ( 1694): 5: 71769823252: [INFO] dev:1654 hw_handler_dev_next: DONE
I/ADM ( 1694): 3: 71769823680: [INFO] hw_handler_u8500:810 Query: SELECT * FROM HW_Settings WHERE (Platform = 'AB8500') AND ('REF_Speaker_Playback_Music' IN (Dev1, Dev2, Dev3, Dev4, Dev5, Dev6))ORDER BY rowid LIMIT 1
I/TiAPI (20771): win_click
I/ADM ( 1694): 8: 71769852305: [INFO] hw_handler_u8500:922 ste_adm_hw_handler_u8500: Found matching HW-settings: devices = ('REF_Speaker_Playback_Music', '', '', '', '', ''), d2dlogical-connections = ('', '', '', '').
I/ADM ( 1694): 3: 71769866770: [INFO] dev:429 Device Speaker is OUTPUT
I/ADM ( 1694): 5: 71769866832: [INFO] dev_omx:1276 Enter dev_omx_setup_graph - device=Speaker, samplerate=44100, format=2, alloc_buffers=0, is_vc=0, bufsz=0
I/ADM ( 1694): 5: 71769867472: [OMXIL] omx_log:256 4374DE80: GetHandle 'OMX.ST.AFM.mixer' pAD=458644B0 pCB=4013BD60 OK
I/ADM ( 1694): 6: 71769867503: [INFO] dev_omx_graph:123 il_tool_create_component returned 0x4374DE80 for OMX.ST.AFM.mixer (Common Mixer)
I/ADM ( 1694): 9: 71769867717: [OMXIL] omx_log:256 414B0008: GetHandle 'ADM.mixer' pAD=416C64B0 pCB=4013BD60 OK
I/ADM ( 1694): 0: 71769867747: [INFO] dev_omx_graph:144 il_tool_create_component returned 0x414B0008 for ADM.mixer (App Mixer)
I/ADM ( 1694): 1: 71769867808: [INFO] dev_omx:900 Extracting components for chain 0, dev ='Speaker'
I/ADM ( 1694): 8: 71769870585: [OMXIL] omx_log:256 45781F68: GetHandle 'OMX.ST.AFM.pcmprocessing.spl' pAD=40FEA008 pCB=4013BD60 OK
I/ADM ( 1694): 9: 71769870646: [INFO] dev_omx:940 adm_create_component returned 0x45781F68 for OMX.ST.AFM.pcmprocessing.spl
I/ADM ( 1694): 2: 71769870829: [OMXIL] omx_log:887 45781F68 [ocessing.spl]: SetParameter idx=AudioPcm
I/ADM ( 1694): 3: 71769870860: [OMXIL] omx_log:293 port=0 channels=1 eNumData=0 endian=1 interleave=1 bits=16 samplerate=48000
I/ADM ( 1694): 4: 71769870921: [OMXIL] omx_log:293 pcmMode=0 map[0]=3 map[1]=0 map[2]=0, map[3]=0, map[4]=0, map[5]=0
I/ADM ( 1694): 0: 71769871257: [OMXIL] omx_log:887 45781F68 [ocessing.spl]: SetParameter idx=AudioPcm
I/ADM ( 1694): 0: 71769871318: [OMXIL] omx_log:293 port=1 channels=1 eNumData=0 endian=1 interleave=1 bits=16 samplerate=48000
I/ADM ( 1694): 2: 71769871348: [OMXIL] omx_log:293 pcmMode=0 map[0]=3 map[1]=0 map[2]=0, map[3]=0, map[4]=0, map[5]=0
I/ADM ( 1694): 6: 71769871623: [OMXIL] omx_log:887 45781F68 [ocessing.spl]: SetParameter idx=AFM_IndexParamSpl
I/ADM ( 1694): 9: 71769871806: [OMXIL] omx_log:913 45781F68 [ocessing.spl]: SetConfig idx=OMX_IndexConfigSpllimit
I/ADM ( 1694): 2: 71769871989: [OMXIL] omx_log:913 45781F68 [ocessing.spl]: SetConfig idx=Volume
I/ADM ( 1694): 3: 71769872020: [OMXIL] omx_log:293 port=0 linear=0 volume=600 mB
I/ADM ( 1694): 6: 71769872203: [OMXIL] omx_log:913 45781F68 [ocessing.spl]: SetConfig idx=AFM_IndexConfigPcmProbe
I/ADM ( 1694): 9: 71769872386: [OMXIL] omx_log:887 45781F68 [ocessing.spl]: SetParameter idx=AFM_IndexParamHostMpcSync
I/ADM ( 1694): 0: 71769872416: [OMXIL] omx_log:293 nPortIndex=0 enabled=1
I/ADM ( 1694): 2: 71769872569: [INFO] dev_omx:900 Extracting components for chain 2, dev ='Speaker'
I/ADM ( 1694): 1: 71769873088: [OMXIL] omx_log:256 4447F5C8: GetHandle 'OMX.ST.AFM.pcmprocessing.spl' pAD=41076008 pCB=4013BD60 OK
I/ADM ( 1694): 2: 71769873149: [INFO] dev_omx:940 adm_create_component returned 0x4447F5C8 for OMX.ST.AFM.pcmprocessing.spl
I/ADM ( 1694): 4: 71769873271: [OMXIL] omx_log:887 4447F5C8 [ocessing.spl]: SetParameter idx=AudioPcm
I/ADM ( 1694): 5: 71769873301: [OMXIL] omx_log:293 port=0 channels=1 eNumData=0 endian=1 interleave=1 bits=16 samplerate=48000
I/ADM ( 1694): 5: 71769873332: [OMXIL] omx_log:293 pcmMode=0 map[0]=3 map[1]=0 map[2]=0, map[3]=0, map[4]=0, map[5]=0
I/ADM ( 1694): 0: 71769873637: [OMXIL] omx_log:887 4447F5C8 [ocessing.spl]: SetParameter idx=AudioPcm
I/ADM ( 1694): 1: 71769873667: [OMXIL] omx_log:293 port=1 channels=1 eNumData=0 endian=1 interleave=1 bits=16 samplerate=48000
I/ADM ( 1694): 1: 71769873698: [OMXIL] omx_log:293 pcmMode=0 map[0]=3 map[1]=0 map[2]=0, map[3]=0, map[4]=0, map[5]=0
I/ADM ( 1694): 5: 71769873973: [OMXIL] omx_log:887 4447F5C8 [ocessing.spl]: SetParameter idx=AFM_IndexParamSpl
I/ADM ( 1694): 9: 71769874125: [OMXIL] omx_log:913 4447F5C8 [ocessing.spl]: SetConfig idx=OMX_IndexConfigSpllimit
I/ADM ( 1694): 2: 71769874308: [OMXIL] omx_log:913 4447F5C8 [ocessing.spl]: SetConfig idx=Volume
I/ADM ( 1694): 2: 71769874339: [OMXIL] omx_log:293 port=0 linear=0 volume=200 mB
I/ADM ( 1694): 5: 71769874522: [OMXIL] omx_log:913 4447F5C8 [ocessing.spl]: SetConfig idx=AFM_IndexConfigPcmProbe
I/ADM ( 1694): 1: 71769880778: [OMXIL] omx_log:256 4374DF30: GetHandle 'OMX.ST.AFM.IHF' pAD=453BA958 pCB=4013BD60 OK
I/ADM ( 1694): 4: 71769880900: [OMXIL] omx_log:957 4374DF30 [X.ST.AFM.IHF]: SendCommand PortDisable 1
I/ADM ( 1694): 9: 71769881236: [OMXIL] omx_log:256 4374DF30 [X.ST.AFM.IHF]: CB CmdComplete PortDisable 1
I/ADM ( 1694): 2: 71769881449: [OMXIL] omx_log:887 4374DF30 [X.ST.AFM.IHF]: SetParameter idx=AudioPcm
I/ADM ( 1694): 3: 71769881510: [OMXIL] omx_log:293 port=0 channels=1 eNumData=0 endian=1 interleave=1 bits=16 samplerate=48000
I/ADM ( 1694): 4: 71769881541: [OMXIL] omx_log:293 pcmMode=0 map[0]=3 map[1]=0 map[2]=0, map[3]=0, map[4]=0, map[5]=0
I/ADM ( 1694): 9: 71769881846: [OMXIL] omx_log:913 4374DF30 [X.ST.AFM.IHF]: SetConfig idx=AFM_IndexConfigPcmProbe
I/ADM ( 1694): 3: 71769882060: [INFO] dev_omx:2119 2 ports on IO handle
I/ADM ( 1694): 4: 71769882090: [OMXIL] omx_log:913 4374DF30 [X.ST.AFM.IHF]: SetConfig idx=AFM_IndexConfigPcmProbe
I/ADM ( 1694): 7: 71769882273: [OMXIL] omx_log:887 4374DE80 [ST.AFM.mixer]: SetParameter idx=AFM_IndexParamBindingMemoryType
I/ADM ( 1694): 7: 71769882334: [OMXIL] omx_log:293 nPortIndex=1 memoryType=TCMX
I/ADM ( 1694): 0: 71769882487: [OMXIL] omx_log:887 4374DE80 [ST.AFM.mixer]: SetParameter idx=AFM_IndexParamBindingMemoryType
I/ADM ( 1694): 0: 71769882518: [OMXIL] omx_log:293 nPortIndex=0 memoryType=TCMX
I/ADM ( 1694): 5: 71769882731: [OMXIL] omx_log:887 4374DE80 [ST.AFM.mixer]: SetParameter idx=AudioPcm
I/ADM ( 1694): 5: 71769882792: [OMXIL] omx_log:293 port=0 channels=1 eNumData=0 endian=1 interleave=1 bits=16 samplerate=48000
I/ADM ( 1694): 6: 71769882823: [OMXIL] omx_log:293 pcmMode=0 map[0]=3 map[1]=0 map[2]=0, map[3]=0, map[4]=0, map[5]=0
I/ADM ( 1694): 0: 71769883067: [OMXIL] omx_log:913 4374DE80 [ST.AFM.mixer]: SetConfig idx=AFM_IndexConfigPcmProbe
I/ADM ( 1694): 3: 71769883250: [OMXIL] omx_log:887 4374DE80 [ST.AFM.mixer]: SetParameter idx=AudioPcm
I/ADM ( 1694): 4: 71769883280: [OMXIL] omx_log:293 port=1 channels=1 eNumData=0 endian=1 interleave=1 bits=16 samplerate=48000
I/ADM ( 1694): 4: 71769883342: [OMXIL] omx_log:293 pcmMode=0 map[0]=3 map[1]=0 map[2]=0, map[3]=0, map[4]=0, map[5]=0
I/ADM ( 1694): 9: 71769883555: [OMXIL] omx_log:913 4374DE80 [ST.AFM.mixer]: SetConfig idx=AFM_IndexConfigPcmProbe
I/ADM ( 1694): 2: 71769883738: [OMXIL] omx_log:887 4374DE80 [ST.AFM.mixer]: SetParameter idx=AudioPcm
I/ADM ( 1694): 2: 71769883799: [OMXIL] omx_log:293 port=2 channels=2 eNumData=0 endian=1 interleave=1 bits=16 samplerate=44100
I/ADM ( 1694): 3: 71769883830: [OMXIL] omx_log:293 pcmMode=0 map[0]=1 map[1]=2 map[2]=0, map[3]=0, map[4]=0, map[5]=0
I/ADM ( 1694): 7: 71769884074: [OMXIL] omx_log:913 4374DE80 [ST.AFM.mixer]: SetConfig idx=AFM_IndexConfigPcmProbe
I/ADM ( 1694): 0: 71769884257: [OMXIL] omx_log:957 4374DE80 [ST.AFM.mixer]: SendCommand PortDisable 1
I/ADM ( 1694): 5: 71769884532: [OMXIL] omx_log:256 4374DE80 [ST.AFM.mixer]: CB CmdComplete PortDisable 1
I/ADM ( 1694): 6: 71769884623: [OMXIL] omx_log:957 4374DE80 [ST.AFM.mixer]: SendCommand PortDisable 2
I/ADM ( 1694): 0: 71769884837: [OMXIL] omx_log:256 4374DE80 [ST.AFM.mixer]: CB CmdComplete PortDisable 2
I/ADM ( 1694): 1: 71769884898: [OMXIL] omx_log:957 4374DE80 [ST.AFM.mixer]: SendCommand PortDisable 3
I/ADM ( 1694): 5: 71769885112: [OMXIL] omx_log:256 4374DE80 [ST.AFM.mixer]: CB CmdComplete PortDisable 3
I/ADM ( 1694): 6: 71769885203: [OMXIL] omx_log:957 4374DE80 [ST.AFM.mixer]: SendCommand PortDisable 4
I/ADM ( 1694): 0: 71769885386: [OMXIL] omx_log:256 4374DE80 [ST.AFM.mixer]: CB CmdComplete PortDisable 4
I/ADM ( 1694): 1: 71769885478: [OMXIL] omx_log:957 4374DE80 [ST.AFM.mixer]: SendCommand PortDisable 5
I/ADM ( 1694): 4: 71769885691: [OMXIL] omx_log:256 4374DE80 [ST.AFM.mixer]: CB CmdComplete PortDisable 5
I/ADM ( 1694): 6: 71769885752: [OMXIL] omx_log:957 4374DE80 [ST.AFM.mixer]: SendCommand PortDisable 6
I/ADM ( 1694): 9: 71769885966: [OMXIL] omx_log:256 4374DE80 [ST.AFM.mixer]: CB CmdComplete PortDisable 6
I/ADM ( 1694): 0: 71769886027: [OMXIL] omx_log:957 4374DE80 [ST.AFM.mixer]: SendCommand PortDisable 7
I/ADM ( 1694): 4: 71769886241: [OMXIL] omx_log:256 4374DE80 [ST.AFM.mixer]: CB CmdComplete PortDisable 7
I/ADM ( 1694): 5: 71769886332: [OMXIL] omx_log:957 4374DE80 [ST.AFM.mixer]: SendCommand PortDisable 8
I/ADM ( 1694): 9: 71769886546: [OMXIL] omx_log:256 4374DE80 [ST.AFM.mixer]: CB CmdComplete PortDisable 8
I/ADM ( 1694): 1: 71769886698: [OMXIL] omx_log:887 414B0008 [ADM.mixer ]: SetParameter idx=AudioPcm
I/ADM ( 1694): 2: 71769886729: [OMXIL] omx_log:293 port=0 channels=1 eNumData=0 endian=1 interleave=1 bits=16 samplerate=48000
I/ADM ( 1694): 3: 71769886759: [OMXIL] omx_log:293 pcmMode=0 map[0]=3 map[1]=0 map[2]=0, map[3]=0, map[4]=0, map[5]=0
I/ADM ( 1694): 3: 71769886821: [OMXIL] omx_log:913 414B0008 [ADM.mixer ]: SetConfig idx=AFM_IndexConfigPcmProbe
I/ADM ( 1694): 4: 71769886851: [OMXIL] omx_log:887 414B0008 [ADM.mixer ]: SetParameter idx=AFM_IndexParamSrcMode
I/ADM ( 1694): 5: 71769886912: [OMXIL] omx_log:293 nPortIndex=0 nSrcMode=Custom1
I/ADM ( 1694): 7: 71769886973: [OMXIL] omx_log:887 414B0008 [ADM.mixer ]: SetParameter idx=AudioPcm
I/ADM ( 1694): 7: 71769887034: [OMXIL] omx_log:293 port=1 channels=2 eNumData=0 endian=1 interleave=1 bits=16 samplerate=44100
I/ADM ( 1694): 8: 71769887065: [OMXIL] omx_log:293 pcmMode=0 map[0]=1 map[1]=2 map[2]=0, map[3]=0, map[4]=0, map[5]=0
I/ADM ( 1694): 9: 71769887095: [OMXIL] omx_log:913 414B0008 [ADM.mixer ]: SetConfig idx=AFM_IndexConfigPcmProbe
I/ADM ( 1694): 9: 71769887156: [OMXIL] omx_log:887 414B0008 [ADM.mixer ]: SetParameter idx=AFM_IndexParamSrcMode
I/ADM ( 1694): 0: 71769887187: [OMXIL] omx_log:293 nPortIndex=1 nSrcMode=Custom1
I/ADM ( 1694): 0: 71769887217: [OMXIL] omx_log:887 414B0008 [ADM.mixer ]: SetParameter idx=OMX_IndexParamAudioSynchronized
I/ADM ( 1694): 1: 71769887248: [OMXIL] omx_log:293 port=1 bIsSynchronized=1
I/ADM ( 1694): 2: 71769887339: [OMXIL] omx_log:887 414B0008 [ADM.mixer ]: SetParameter idx=AudioPcm
I/ADM ( 1694): 3: 71769887370: [OMXIL] omx_log:293 port=2 channels=2 eNumData=0 endian=1 interleave=1 bits=16 samplerate=44100
I/ADM ( 1694): 4: 71769887400: [OMXIL] omx_log:293 pcmMode=0 map[0]=1 map[1]=2 map[2]=0, map[3]=0, map[4]=0, map[5]=0
I/ADM ( 1694): 4: 71769887431: [OMXIL] omx_log:913 414B0008 [ADM.mixer ]: SetConfig idx=AFM_IndexConfigPcmProbe
I/ADM ( 1694): 5: 71769887492: [OMXIL] omx_log:887 414B0008 [ADM.mixer ]: SetParameter idx=AFM_IndexParamSrcMode
I/ADM ( 1694): 6: 71769887522: [OMXIL] omx_log:293 nPortIndex=2 nSrcMode=Custom1
I/ADM ( 1694): 6: 71769887553: [OMXIL] omx_log:887 414B0008 [ADM.mixer ]: SetParameter idx=OMX_IndexParamAudioSynchronized
I/ADM ( 1694): 7: 71769887583: [OMXIL] omx_log:293 port=2 bIsSynchronized=1
I/ADM ( 1694): 8: 71769887675: [OMXIL] omx_log:887 414B0008 [ADM.mixer ]: SetParameter idx=AudioPcm
I/ADM ( 1694): 9: 71769887706: [OMXIL] omx_log:293 port=3 channels=2 eNumData=0 endian=1 interleave=1 bits=16 samplerate=44100
I/ADM ( 1694): 9: 71769887736: [OMXIL] omx_log:293 pcmMode=0 map[0]=1 map[1]=2 map[2]=0, map[3]=0, map[4]=0, map[5]=0
I/ADM ( 1694): 0: 71769887797: [OMXIL] omx_log:913 414B0008 [ADM.mixer ]: SetConfig idx=AFM_IndexConfigPcmProbe
I/ADM ( 1694): 1: 71769887828: [OMXIL] omx_log:887 414B0008 [ADM.mixer ]: SetParameter idx=AFM_IndexParamSrcMode
I/ADM ( 1694): 2: 71769887858: [OMXIL] omx_log:293 nPortIndex=3 nSrcMode=Custom1
I/ADM ( 1694): 2: 71769887889: [OMXIL] omx_log:887 414B0008 [ADM.mixer ]: SetParameter idx=OMX_IndexParamAudioSynchronized
I/ADM ( 1694): 3: 71769887950: [OMXIL] omx_log:293 port=3 bIsSynchronized=1
I/ADM ( 1694): 4: 71769888011: [OMXIL] omx_log:887 414B0008 [ADM.mixer ]: SetParameter idx=AudioPcm
I/ADM ( 1694): 5: 71769888041: [OMXIL] omx_log:293 port=4 channels=2 eNumData=0 endian=1 interleave=1 bits=16 samplerate=44100
I/ADM ( 1694): 5: 71769888102: [OMXIL] omx_log:293 pcmMode=0 map[0]=1 map[1]=2 map[2]=0, map[3]=0, map[4]=0, map[5]=0
I/ADM ( 1694): 6: 71769888133: [OMXIL] omx_log:913 414B0008 [ADM.mixer ]: SetConfig idx=AFM_IndexConfigPcmProbe
I/ADM ( 1694): 7: 71769888163: [OMXIL] omx_log:887 414B0008 [ADM.mixer ]: SetParameter idx=AFM_IndexParamSrcMode
I/ADM ( 1694): 7: 71769888194: [OMXIL] omx_log:293 nPortIndex=4 nSrcMode=Custom1
I/ADM ( 1694): 8: 71769888255: [OMXIL] omx_log:887 414B0008 [ADM.mixer ]: SetParameter idx=OMX_IndexParamAudioSynchronized
I/ADM ( 1694): 8: 71769888285: [OMXIL] omx_log:293 port=4 bIsSynchronized=1
I/ADM ( 1694): 0: 71769888346: [OMXIL] omx_log:887 414B0008 [ADM.mixer ]: SetParameter idx=AudioPcm
I/ADM ( 1694): 0: 71769888407: [OMXIL] omx_log:293 port=5 channels=2 eNumData=0 endian=1 interleave=1 bits=16 samplerate=44100
I/ADM ( 1694): 1: 71769888438: [OMXIL] omx_log:293 pcmMode=0 map[0]=1 map[1]=2 map[2]=0, map[3]=0, map[4]=0, map[5]=0
I/ADM ( 1694): 2: 71769888468: [OMXIL] omx_log:913 414B0008 [ADM.mixer ]: SetConfig idx=AFM_IndexConfigPcmProbe
I/ADM ( 1694): 2: 71769888499: [OMXIL] omx_log:887 414B0008 [ADM.mixer ]: SetParameter idx=AFM_IndexParamSrcMode
I/ADM ( 1694): 3: 71769888560: [OMXIL] omx_log:293 nPortIndex=5 nSrcMode=Custom1
I/ADM ( 1694): 3: 71769888591: [OMXIL] omx_log:887 414B0008 [ADM.mixer ]: SetParameter idx=OMX_IndexParamAudioSynchronized
I/ADM ( 1694): 4: 71769888621: [OMXIL] omx_log:293 port=5 bIsSynchronized=1
I/ADM ( 1694): 5: 71769888682: [OMXIL] omx_log:887 414B0008 [ADM.mixer ]: SetParameter idx=AudioPcm
I/ADM ( 1694): 6: 71769888743: [OMXIL] omx_log:293 port=6 channels=2 eNumData=0 endian=1 interleave=1 bits=16 samplerate=44100
I/ADM ( 1694): 7: 71769888774: [OMXIL] omx_log:293 pcmMode=0 map[0]=1 map[1]=2 map[2]=0, map[3]=0, map[4]=0, map[5]=0
I/ADM ( 1694): 8: 71769888804: [OMXIL] omx_log:913 414B0008 [ADM.mixer ]: SetConfig idx=AFM_IndexConfigPcmProbe
I/ADM ( 1694): 8: 71769888865: [OMXIL] omx_log:887 414B0008 [ADM.mixer ]: SetParameter idx=AFM_IndexParamSrcMode
I/ADM ( 1694): 9: 71769888896: [OMXIL] omx_log:293 nPortIndex=6 nSrcMode=Custom1
I/ADM ( 1694): 9: 71769888926: [OMXIL] omx_log:887 414B0008 [ADM.mixer ]: SetParameter idx=OMX_IndexParamAudioSynchronized
I/ADM ( 1694): 0: 71769888957: [OMXIL] omx_log:293 port=6 bIsSynchronized=1
I/ADM ( 1694): 1: 71769889018: [OMXIL] omx_log:887 414B0008 [ADM.mixer ]: SetParameter idx=AudioPcm
I/ADM ( 1694): 2: 71769889079: [OMXIL] omx_log:293 port=7 channels=2 eNumData=0 endian=1 interleave=1 bits=16 samplerate=44100
I/ADM ( 1694): 3: 71769889109: [OMXIL] omx_log:293 pcmMode=0 map[0]=1 map[1]=2 map[2]=0, map[3]=0, map[4]=0, map[5]=0
I/ADM ( 1694): 3: 71769889140: [OMXIL] omx_log:913 414B0008 [ADM.mixer ]: SetConfig idx=AFM_IndexConfigPcmProbe
I/ADM ( 1694): 4: 71769889201: [OMXIL] omx_log:887 414B0008 [ADM.mixer ]: SetParameter idx=AFM_IndexParamSrcMode
I/ADM ( 1694): 4: 71769889231: [OMXIL] omx_log:293 nPortIndex=7 nSrcMode=Custom1
I/ADM ( 1694): 5: 71769889262: [OMXIL] omx_log:887 414B0008 [ADM.mixer ]: SetParameter idx=OMX_IndexParamAudioSynchronized
I/ADM ( 1694): 6: 71769889292: [OMXIL] omx_log:293 port=7 bIsSynchronized=1
I/ADM ( 1694): 7: 71769889384: [OMXIL] omx_log:887 414B0008 [ADM.mixer ]: SetParameter idx=AudioPcm
I/ADM ( 1694): 7: 71769889415: [OMXIL] omx_log:293 port=8 channels=2 eNumData=0 endian=1 interleave=1 bits=16 samplerate=44100
I/ADM ( 1694): 8: 71769889445: [OMXIL] omx_log:293 pcmMode=0 map[0]=1 map[1]=2 map[2]=0, map[3]=0, map[4]=0, map[5]=0
I/ADM ( 1694): 9: 71769889476: [OMXIL] omx_log:913 414B0008 [ADM.mixer ]: SetConfig idx=AFM_IndexConfigPcmProbe
I/ADM ( 1694): 9: 71769889537: [OMXIL] omx_log:887 414B0008 [ADM.mixer ]: SetParameter idx=AFM_IndexParamSrcMode
I/ADM ( 1694): 0: 71769889567: [OMXIL] omx_log:293 nPortIndex=8 nSrcMode=Custom1
I/ADM ( 1694): 1: 71769889598: [OMXIL] omx_log:887 414B0008 [ADM.mixer ]: SetParameter idx=OMX_IndexParamAudioSynchronized
I/ADM ( 1694): 2: 71769889628: [OMXIL] omx_log:293 port=8 bIsSynchronized=1
I/ADM ( 1694): 2: 71769889689: [OMXIL] omx_log:957 414B0008 [ADM.mixer ]: SendCommand PortDisable 1
I/ADM ( 1694): 3: 71769889720: [OMXIL] omx_log:256 414B0008 [ADM.mixer ]: CB CmdComplete PortDisable 1
I/ADM ( 1694): 4: 71769889781: [OMXIL] omx_log:957 414B0008 [ADM.mixer ]: SendCommand PortDisable 2
I/ADM ( 1694): 5: 71769889811: [OMXIL] omx_log:256 414B0008 [ADM.mixer ]: CB CmdComplete PortDisable 2
I/ADM ( 1694): 5: 71769889872: [OMXIL] omx_log:957 414B0008 [ADM.mixer ]: SendCommand PortDisable 3
I/ADM ( 1694): 6: 71769889903: [OMXIL] omx_log:256 414B0008 [ADM.mixer ]: CB CmdComplete PortDisable 3
I/ADM ( 1694): 7: 71769889964: [OMXIL] omx_log:957 414B0008 [ADM.mixer ]: SendCommand PortDisable 4
I/ADM ( 1694): 7: 71769890055: [OMXIL] omx_log:256 414B0008 [ADM.mixer ]: CB CmdComplete PortDisable 4
I/ADM ( 1694): 0: 71769890147: [OMXIL] omx_log:957 414B0008 [ADM.mixer ]: SendCommand PortDisable 5
I/ADM ( 1694): 1: 71769890177: [OMXIL] omx_log:256 414B0008 [ADM.mixer ]: CB CmdComplete PortDisable 5
I/ADM ( 1694): 1: 71769890238: [OMXIL] omx_log:957 414B0008 [ADM.mixer ]: SendCommand PortDisable 6
I/ADM ( 1694): 2: 71769890269: [OMXIL] omx_log:256 414B0008 [ADM.mixer ]: CB CmdComplete PortDisable 6
I/ADM ( 1694): 3: 71769890300: [OMXIL] omx_log:957 414B0008 [ADM.mixer ]: SendCommand PortDisable 7
I/ADM ( 1694): 3: 71769890361: [OMXIL] omx_log:256 414B0008 [ADM.mixer ]: CB CmdComplete PortDisable 7
I/ADM ( 1694): 4: 71769890391: [OMXIL] omx_log:957 414B0008 [ADM.mixer ]: SendCommand PortDisable 8
I/ADM ( 1694): 5: 71769890452: [OMXIL] omx_log:256 414B0008 [ADM.mixer ]: CB CmdComplete PortDisable 8
I/ADM ( 1694): 6: 71769890483: [OMXIL] omx_log:887 414B0008 [ADM.mixer ]: SetParameter idx=PortDefinition
I/ADM ( 1694): 7: 71769890544: [OMXIL] omx_log:293 port=0 dir=1 act=3 min=3 sz=3072 enabled=1 pop=0 domain=0 bcont=0 align=0
I/ADM ( 1694): 8: 71769890574: [OMXIL] omx_log:293 mime=(null) natread=0 conceal=0 encoding=2
I/ADM ( 1694): 0: 71769890696: [OMXIL] omx_log:887 45781F68 [ocessing.spl]: SetParameter idx=PortDefinition
I/ADM ( 1694): 0: 71769890727: [OMXIL] omx_log:293 port=0 dir=0 act=2 min=2 sz=3072 enabled=1 pop=0 domain=0 bcont=0 align=112
I/ADM ( 1694): 1: 71769890788: [OMXIL] omx_log:293 mime=(null) natread=0 conceal=0 encoding=2
I/ADM ( 1694): 6: 71769891124: [OMXIL] omx_log:887 45781F68 [ocessing.spl]: SetParameter idx=PortDefinition
I/ADM ( 1694): 7: 71769891154: [OMXIL] omx_log:293 port=1 dir=1 act=2 min=2 sz=3072 enabled=1 pop=0 domain=0 bcont=0 align=64
I/ADM ( 1694): 8: 71769891215: [OMXIL] omx_log:293 mime=(null) natread=0 conceal=0 encoding=2
I/ADM ( 1694): 3: 71769891520: [OMXIL] omx_log:887 4374DE80 [ST.AFM.mixer]: SetParameter idx=PortDefinition
I/ADM ( 1694): 4: 71769891551: [OMXIL] omx_log:293 port=1 dir=0 act=3 min=2 sz=3072 enabled=0 pop=0 domain=0 bcont=0 align=112
I/ADM ( 1694): 5: 71769891612: [OMXIL] omx_log:293 mime=(null) natread=0 conceal=0 encoding=2
E/ENSWrapper( 1694): return OMX_ErrorNotImplemented - GetExtensionIndex OMX.ST.AFM.pcmprocessing.spl h=0x45781f68 cParameterName=STE.ADM IndexType=unknown OMX_INDEXTYPE [ 0x7212df47 ]
I/ADM ( 1694): 3: 71769892100: [OMXIL] omx_log:256 SetupTunnel 414B0008[ADM.mixer].0 -> 45781F68[ocessing.spl].0 --> OK
I/ADM ( 1694): 4: 71769892192: [OMXIL] omx_log:957 45781F68 [ocessing.spl]: SendCommand PortDisable 1
I/ADM ( 1694): 0: 71769892497: [OMXIL] omx_log:256 45781F68 [ocessing.spl]: CB CmdComplete PortDisable 1
I/ADM ( 1694): 4: 71769893351: [OMXIL] omx_log:256 SetupTunnel 4447F5C8[ocessing.spl].1 -> 4374DF30[X.ST.AFM.IHF].0 --> OK
I/ADM ( 1694): 8: 71769894114: [OMXIL] omx_log:256 SetupTunnel 4374DE80[ST.AFM.mixer].0 -> 4447F5C8[ocessing.spl].0 --> OK
I/ADM ( 1694): 9: 71769894175: [OMXIL] omx_log:954 4374DF30 [X.ST.AFM.IHF]: SendCommand StateSet StateIdle
I/ADM ( 1694): 2: 71769894389: [OMXIL] omx_log:954 4447F5C8 [ocessing.spl]: SendCommand StateSet StateIdle
I/ADM ( 1694): 5: 71769894603: [OMXIL] omx_log:954 4374DE80 [ST.AFM.mixer]: SendCommand StateSet StateIdle
I/ADM ( 1694): 9: 71769894816: [OMXIL] omx_log:954 45781F68 [ocessing.spl]: SendCommand StateSet StateIdle
I/ADM ( 1694): 2: 71769898509: [OMXIL] omx_log:954 414B0008 [ADM.mixer ]: SendCommand StateSet StateIdle
I/ADM ( 1694): 8: 71769898905: [OMXIL] omx_log:256 414B0008 [ADM.mixer ]: CB CmdComplete StateSet StateIdle
I/ADM ( 1694): 3: 71769928080: [OMXIL] omx_log:256 4374DF30 [X.ST.AFM.IHF]: CB CmdComplete StateSet StateIdle
I/ADM ( 1694): 4: 71769936381: [OMXIL] omx_log:256 4447F5C8 [ocessing.spl]: CB CmdComplete StateSet StateIdle
I/ADM ( 1694): 9: 71769946727: [OMXIL] omx_log:256 4374DE80 [ST.AFM.mixer]: CB CmdComplete StateSet StateIdle
I/ADM ( 1694): 2: 71769955149: [OMXIL] omx_log:256 45781F68 [ocessing.spl]: CB CmdComplete StateSet StateIdle
I/ADM ( 1694): 8: 71769955485: [OMXIL] omx_log:954 4374DF30 [X.ST.AFM.IHF]: SendCommand StateSet StateExecuting
I/ADM ( 1694): 9: 71769957896: [OMXIL] omx_log:256 4374DF30 [X.ST.AFM.IHF]: CB CmdComplete StateSet StateExecuting
I/ADM ( 1694): 8: 71769957988: [OMXIL] omx_log:954 4447F5C8 [ocessing.spl]: SendCommand StateSet StateExecuting
I/ADM ( 1694): 9: 71769958476: [OMXIL] omx_log:256 4447F5C8 [ocessing.spl]: CB CmdComplete StateSet StateExecuting
I/ADM ( 1694): 8: 71769958537: [OMXIL] omx_log:954 4374DE80 [ST.AFM.mixer]: SendCommand StateSet StateExecuting
I/ADM ( 1694): 8: 71769959025: [OMXIL] omx_log:256 4374DE80 [ST.AFM.mixer]: CB CmdComplete StateSet StateExecuting
I/ADM ( 1694): 7: 71769959056: [OMXIL] omx_log:954 45781F68 [ocessing.spl]: SendCommand StateSet StateExecuting
I/ADM ( 1694): 6: 71769959483: [OMXIL] omx_log:256 45781F68 [ocessing.spl]: CB CmdComplete StateSet StateExecuting
I/ADM ( 1694): 5: 71769959544: [OMXIL] omx_log:954 414B0008 [ADM.mixer ]: SendCommand StateSet StateExecuting
I/ADM ( 1694): 8: 71769959605: [OMXIL] omx_log:256 414B0008 [ADM.mixer ]: CB CmdComplete StateSet StateExecuting
I/ADM ( 1694): 3: 71769959880: [OMXIL] omx_log:887 4374DE80 [ST.AFM.mixer]: SetParameter idx=OMX_IndexParamAudioSynchronized
I/ADM ( 1694): 4: 71769959941: [OMXIL] omx_log:293 port=1 bIsSynchronized=1
I/ADM ( 1694): 1: 71769960368: [OMXIL] omx_log:887 45781F68 [ocessing.spl]: SetParameter idx=AudioPcm
I/ADM ( 1694): 2: 71769960429: [OMXIL] omx_log:293 port=1 channels=1 eNumData=0 endian=1 interleave=1 bits=16 samplerate=48000
I/ADM ( 1694): 3: 71769960459: [OMXIL] omx_log:293 pcmMode=0 map[0]=3 map[1]=0 map[2]=0, map[3]=0, map[4]=0, map[5]=0
I/ADM ( 1694): 7: 71769960704: [OMXIL] omx_log:887 4374DE80 [ST.AFM.mixer]: SetParameter idx=AudioPcm
I/ADM ( 1694): 7: 71769960765: [OMXIL] omx_log:293 port=1 channels=1 eNumData=0 endian=1 interleave=1 bits=16 samplerate=48000
I/ADM ( 1694): 8: 71769960795: [OMXIL] omx_log:293 pcmMode=0 map[0]=3 map[1]=0 map[2]=0, map[3]=0, map[4]=0, map[5]=0
I/ADM ( 1694): 5: 71769961772: [OMXIL] omx_log:256 SetupTunnel 45781F68[ocessing.spl].1 -> 4374DE80[ST.AFM.mixer].1 --> OK
I/ADM ( 1694): 7: 71769961863: [OMXIL] omx_log:957 4374DE80 [ST.AFM.mixer]: SendCommand PortEnable 1
I/ADM ( 1694): 6: 71769963023: [OMXIL] omx_log:256 4374DE80 [ST.AFM.mixer]: CB CmdComplete PortEnable 1
I/ADM ( 1694): 7: 71769963114: [OMXIL] omx_log:957 45781F68 [ocessing.spl]: SendCommand PortEnable 1
I/ADM ( 1694): 1: 71769966227: [OMXIL] omx_log:256 45781F68 [ocessing.spl]: CB CmdComplete PortEnable 1
I/ADM ( 1694): 4: 71769966410: [OMXIL] omx_log:573 Unknown index (not all mapped): 0x7F00600B
I/ADM ( 1694): 4: 71769966471: [INFO] dev:501 open dev OK, device handle: 101
I/ADM ( 1694): 5: 71769966502: [INFO] dev:512 >>> LEAVE dev_open(Speaker, 0) --> 101 0
I/ADM ( 1694): 7: 71769966593: [INFO] dev:306 setting /data/local/tmp/rme_act_adm to 0
I/ADM ( 1694): 3: 71769966990: [OMXIL] omx_log:256 40FF2008: GetHandle 'ADM.splitter' pAD=40049958 pCB=4013BD60 OK
I/ADM ( 1694): 5: 71769967082: [OMXIL] omx_log:887 40FF2008 [ADM.splitter]: SetParameter idx=AudioPcm
I/ADM ( 1694): 6: 71769967143: [OMXIL] omx_log:293 port=0 channels=2 eNumData=0 endian=1 interleave=1 bits=16 samplerate=44100
I/ADM ( 1694): 7: 71769967173: [OMXIL] omx_log:293 pcmMode=0 map[0]=1 map[1]=2 map[2]=0, map[3]=0, map[4]=0, map[5]=0
I/ADM ( 1694): 7: 71769967234: [OMXIL] omx_log:887 40FF2008 [ADM.splitter]: SetParameter idx=AudioPcm
I/ADM ( 1694): 8: 71769967265: [OMXIL] omx_log:293 port=1 channels=2 eNumData=0 endian=1 interleave=1 bits=16 samplerate=44100
I/ADM ( 1694): 9: 71769967295: [OMXIL] omx_log:293 pcmMode=0 map[0]=1 map[1]=2 map[2]=0, map[3]=0, map[4]=0, map[5]=0
I/ADM ( 1694): 0: 71769967356: [OMXIL] omx_log:957 40FF2008 [ADM.splitter]: SendCommand PortDisable 0
I/ADM ( 1694): 1: 71769967417: [OMXIL] omx_log:256 40FF2008 [ADM.splitter]: CB CmdComplete PortDisable 0
I/ADM ( 1694): 2: 71769967478: [OMXIL] omx_log:957 40FF2008 [ADM.splitter]: SendCommand PortDisable 1
I/ADM ( 1694): 2: 71769967540: [OMXIL] omx_log:256 40FF2008 [ADM.splitter]: CB CmdComplete PortDisable 1
I/ADM ( 1694): 3: 71769967601: [OMXIL] omx_log:957 40FF2008 [ADM.splitter]: SendCommand PortDisable 2
I/ADM ( 1694): 4: 71769967631: [OMXIL] omx_log:256 40FF2008 [ADM.splitter]: CB CmdComplete PortDisable 2
I/ADM ( 1694): 5: 71769967692: [OMXIL] omx_log:887 40FF2008 [ADM.splitter]: SetParameter idx=OMX_IndexParamAudioSynchronized
I/ADM ( 1694): 6: 71769967723: [OMXIL] omx_log:293 port=1 bIsSynchronized=1
I/ADM ( 1694): 7: 71769967753: [OMXIL] omx_log:887 40FF2008 [ADM.splitter]: SetParameter idx=OMX_IndexParamAudioSynchronized
I/ADM ( 1694): 7: 71769967814: [OMXIL] omx_log:293 port=2 bIsSynchronized=1
I/ADM ( 1694): 8: 71769967845: [OMXIL] omx_log:954 40FF2008 [ADM.splitter]: SendCommand StateSet StateIdle
I/ADM ( 1694): 9: 71769967875: [OMXIL] omx_log:256 40FF2008 [ADM.splitter]: CB CmdComplete StateSet StateIdle
I/ADM ( 1694): 9: 71769967936: [OMXIL] omx_log:954 40FF2008 [ADM.splitter]: SendCommand StateSet StateExecuting
I/ADM ( 1694): 0: 71769967967: [OMXIL] omx_log:256 40FF2008 [ADM.splitter]: CB CmdComplete StateSet StateExecuting
I/ADM ( 1694): 1: 71769968028: [OMXIL] omx_log:887 40FF2008 [ADM.splitter]: SetParameter idx=PortDefinition
I/ADM ( 1694): 2: 71769968058: [OMXIL] omx_log:293 port=0 dir=0 act=3 min=3 sz=3904 enabled=0 pop=0 domain=0 bcont=0 align=0
I/ADM ( 1694): 2: 71769968119: [OMXIL] omx_log:293 mime=(null) natread=0 conceal=0 encoding=2
I/ADM ( 1694): 3: 71769968150: [OMXIL] omx_log:887 40FF2008 [ADM.splitter]: SetParameter idx=OMX_IndexParamAudioSynchronized
I/ADM ( 1694): 4: 71769968180: [OMXIL] omx_log:293 port=0 bIsSynchronized=0
I/ADM ( 1694): 4: 71769968211: [OMXIL] omx_log:957 40FF2008 [ADM.splitter]: SendCommand PortEnable 0
I/ADM ( 1694): 7: 71769968394: [OMXIL] omx_log:1160 40FF2008 [ADM.splitter]: UseBuffer hdr=0 port=0 priv=0 bytes=3904 buf=40012000
I/ADM ( 1694): 8: 71769968455: [OMXIL] omx_log:1160 40FF2008 [ADM.splitter]: UseBuffer hdr=0 port=0 priv=0 bytes=3904 buf=40012F40
I/ADM ( 1694): 9: 71769968486: [OMXIL] omx_log:1160 40FF2008 [ADM.splitter]: UseBuffer hdr=0 port=0 priv=0 bytes=3904 buf=40013E80
I/ADM ( 1694): 9: 71769968547: [OMXIL] omx_log:256 40FF2008 [ADM.splitter]: CB CmdComplete PortEnable 0
I/ADM ( 1694): 1: 71769968608: [OMXIL] omx_log:887 414B0008 [ADM.mixer ]: SetParameter idx=AudioPcm
I/ADM ( 1694): 2: 71769968638: [OMXIL] omx_log:293 port=1 channels=2 eNumData=0 endian=1 interleave=1 bits=16 samplerate=44100
I/ADM ( 1694): 2: 71769968669: [OMXIL] omx_log:293 pcmMode=0 map[0]=1 map[1]=2 map[2]=0, map[3]=0, map[4]=0, map[5]=0
I/ADM ( 1694): 3: 71769968730: [OMXIL] omx_log:256 SetupTunnel 40FF2008[ADM.splitter].1 -> 414B0008[ADM.mixer].1 --> OK
I/ADM ( 1694): 4: 71769968760: [OMXIL] omx_log:957 414B0008 [ADM.mixer ]: SendCommand PortEnable 1
I/ADM ( 1694): 4: 71769968821: [OMXIL] omx_log:256 414B0008 [ADM.mixer ]: CB CmdComplete PortEnable 1
I/ADM ( 1694): 5: 71769968852: [OMXIL] omx_log:957 40FF2008 [ADM.splitter]: SendCommand PortEnable 1
I/ADM ( 1694): 6: 71769968913: [OMXIL] omx_log:256 40FF2008 [ADM.splitter]: CB CmdComplete PortEnable 1
I/ADM ( 1694): 7: 71769968974: [OMXIL] omx_log:913 40FF2008 [ADM.splitter]: SetConfig idx=OMX_IndexParamAudioSynchronized
I/ADM ( 1694): 8: 71769969004: [OMXIL] omx_log:293 port=0 bIsSynchronized=1
I/ADM ( 1694): 8: 71769969035: [STATUS] api_devset:615 API LEAVE: Opened new device 'Speaker', handle = 101
I/sec_anm_ahi_output( 1672): adm_api: opened device. bufsz=3904 num_bufs=3 bufp=42C40000
V/AudioPolicyManagerBase( 1672): stopOutput() output 2, stream 1, session 545
V/AudioPolicyManagerBase( 1672): changeRefCount() stream 1, count 0
V/AudioPolicyManagerBase( 1672): getNewDevice() selected device 0
V/AudioPolicyManagerBase( 1672): setOutputDevice() output 2 device 0000 force 0 delayMs 88
V/AudioPolicyManagerBase( 1672): setOutputDevice() prevDevice 0002
V/AudioPolicyManagerBase( 1672): setOutputDevice() setting same device 0000 or null device for output 2
I/sec_anm_ahi_output( 1672): standby() called
I/sec_anm_ahi_output( 1672): Trying to drain devices
I/ADM ( 1694): 7: 71773088206: [INFO] api_devset:824 devapi_drain, draining 40FF2008.0
I/ADM ( 1694): 5: 71773120494: [INFO] omx_io:651 il_tool_io_empty_buffer_done: Idle callback requested, issuing..
I/ADM ( 1694): 9: 71773120707: [INFO] api_devset:835 Drain complete, sending reply msg
I/sec_anm_ahi_output( 1672): Drain devices done
I/sec_anm_ahi_output( 1672): adm_api: ste_adm_close_device(Speaker)
I/ADM ( 1694): 2: 71773121440: [STATUS] api_devset:316 Close device 'Speaker'
I/ADM ( 1694): 7: 71773121714: [OMXIL] omx_log:957 40FF2008 [ADM.splitter]: SendCommand PortDisable 0
I/ADM ( 1694): 0: 71773121958: [INFO] omx_io:410 il_tool_io_wait_until_idle: 40049958.0 idle, returning
I/ADM ( 1694): 3: 71773122142: [OMXIL] omx_log:1113 40FF2008 [ADM.splitter]: FreeBuf port=0 pBuf=456BBE10
I/ADM ( 1694): 7: 71773122325: [OMXIL] omx_log:1113 40FF2008 [ADM.splitter]: FreeBuf port=0 pBuf=456BBE68
I/ADM ( 1694): 0: 71773122508: [OMXIL] omx_log:1113 40FF2008 [ADM.splitter]: FreeBuf port=0 pBuf=456BBEC0
I/ADM ( 1694): 3: 71773122691: [OMXIL] omx_log:256 40FF2008 [ADM.splitter]: CB CmdComplete PortDisable 0
I/ADM ( 1694): 9: 71773123088: [OMXIL] omx_log:957 40FF2008 [ADM.splitter]: SendCommand PortDisable 1
I/ADM ( 1694): 4: 71773123301: [OMXIL] omx_log:256 40FF2008 [ADM.splitter]: CB CmdComplete PortDisable 1
I/ADM ( 1694): 7: 71773123515: [OMXIL] omx_log:957 414B0008 [ADM.mixer ]: SendCommand PortDisable 1
I/ADM ( 1694): 1: 71773123728: [OMXIL] omx_log:256 414B0008 [ADM.mixer ]: CB CmdComplete PortDisable 1
I/ADM ( 1694): 5: 71773124034: [INFO] dev:519 >>> ENTER dev_close(101)
I/ADM ( 1694): 0: 71773124308: [INFO] dev:306 setting /data/local/tmp/rme_act_adm to 1
I/ADM ( 1694): 0: 71773126658: [INFO] dev:347 rme alp tracker /data/local/tmp/rme_act_alp set to 0: proceeding
I/ADM ( 1694): 4: 71773126902: [INFO] dev_omx:1517 Enter dev_omx_close_graph - logical_handle=1 dealloc_buffers=0
I/ADM ( 1694): 7: 71773127085: [INFO] dev_omx:1534 Closing last device. Request audiocodec to ramp down audio
I/ADM ( 1694): 1: 71773127269: [OMXIL] omx_log:913 4374DF30 [X.ST.AFM.IHF]: SetConfig idx=Mute
I/ADM ( 1694): 3: 71773127452: [OMXIL] omx_log:293 port=0 mute=1
I/ADM ( 1694): 1: 71773161509: [OMXIL] omx_log:256 4374DF30 [X.ST.AFM.IHF]: CB EventIndexSettingChanged port=67108901 index=OMX_ALL
I/ADM ( 1694): 5: 71773161845: [OMXIL] omx_log:256 4374DF30 [X.ST.AFM.IHF]: CB EventIndexSettingChanged port=-1 index=Mute
I/ADM ( 1694): 8: 71773162516: [INFO] dev_omx_graph:1181 Enter graph_disconnect_app_effects_from_common_mix_split
I/ADM ( 1694): 1: 71773164469: [OMXIL] omx_log:957 45781F68 [ocessing.spl]: SendCommand PortDisable 1
I/ADM ( 1694): 6: 71773165904: [OMXIL] omx_log:957 4374DE80 [ST.AFM.mixer]: SendCommand PortDisable 1
I/ADM ( 1694): 1: 71773169749: [OMXIL] omx_log:256 4374DE80 [ST.AFM.mixer]: CB CmdComplete PortDisable 1
I/ADM ( 1694): 7: 71773175425: [OMXIL] omx_log:256 45781F68 [ocessing.spl]: CB CmdComplete PortDisable 1
I/ADM ( 1694): 4: 71773175822: [OMXIL] omx_log:954 414B0008 [ADM.mixer ]: SendCommand StateSet StateIdle
I/ADM ( 1694): 8: 71773176036: [OMXIL] omx_log:954 45781F68 [ocessing.spl]: SendCommand StateSet StateIdle
I/ADM ( 1694): 1: 71773176829: [OMXIL] omx_log:256 414B0008 [ADM.mixer ]: CB CmdComplete StateSet StateIdle
I/ADM ( 1694): 9: 71773177867: [OMXIL] omx_log:256 45781F68 [ocessing.spl]: CB CmdComplete StateSet StateIdle
I/ADM ( 1694): 6: 71773178111: [OMXIL] omx_log:954 4374DE80 [ST.AFM.mixer]: SendCommand StateSet StateIdle
I/ADM ( 1694): 0: 71773179698: [OMXIL] omx_log:256 4374DE80 [ST.AFM.mixer]: CB CmdComplete StateSet StateIdle
I/ADM ( 1694): 7: 71773179911: [OMXIL] omx_log:954 4447F5C8 [ocessing.spl]: SendCommand StateSet StateIdle
I/ADM ( 1694): 4: 71773181712: [OMXIL] omx_log:256 4447F5C8 [ocessing.spl]: CB CmdComplete StateSet StateIdle
I/ADM ( 1694): 1: 71773181956: [OMXIL] omx_log:954 4374DF30 [X.ST.AFM.IHF]: SendCommand StateSet StateIdle
I/ADM ( 1694): 3: 71773188151: [OMXIL] omx_log:256 4374DF30 [X.ST.AFM.IHF]: CB CmdComplete StateSet StateIdle
I/ADM ( 1694): 1: 71773189189: [OMXIL] omx_log:954 4374DF30 [X.ST.AFM.IHF]: SendCommand StateSet StateLoaded
I/ADM ( 1694): 2: 71773222209: [OMXIL] omx_log:256 4374DF30 [X.ST.AFM.IHF]: CB CmdComplete StateSet StateLoaded
I/ADM ( 1694): 5: 71773222422: [OMXIL] omx_log:954 4447F5C8 [ocessing.spl]: SendCommand StateSet StateLoaded
I/ADM ( 1694): 7: 71773228404: [OMXIL] omx_log:256 4447F5C8 [ocessing.spl]: CB CmdComplete StateSet StateLoaded
I/ADM ( 1694): 0: 71773228587: [OMXIL] omx_log:954 4374DE80 [ST.AFM.mixer]: SendCommand StateSet StateLoaded
I/ADM ( 1694): 2: 71773234568: [OMXIL] omx_log:256 4374DE80 [ST.AFM.mixer]: CB CmdComplete StateSet StateLoaded
I/ADM ( 1694): 5: 71773234782: [OMXIL] omx_log:954 45781F68 [ocessing.spl]: SendCommand StateSet StateLoaded
I/ADM ( 1694): 5: 71773242411: [OMXIL] omx_log:954 414B0008 [ADM.mixer ]: SendCommand StateSet StateLoaded
I/ADM ( 1694): 6: 71773242533: [OMXIL] omx_log:256 414B0008 [ADM.mixer ]: CB CmdComplete StateSet StateLoaded
