W/System.err(27132): java.lang.NullPointerException
W/System.err(27132): at com.google.android.apps.plus.content.EsDatabaseHelper.getDatabaseHelper(EsDatabaseHelper.java:85)
W/System.err(27132): at com.google.android.apps.plus.content.EsDeepLinkInstallsData.getByPackageName(EsDeepLinkInstallsData.java:126)
W/System.err(27132): at com.google.android.apps.plus.service.EsService.processIntent2$751513a6(EsService.java:4580)
W/System.err(27132): at com.google.android.apps.plus.service.EsService.processIntent(EsService.java:3149)
W/System.err(27132): at com.google.android.apps.plus.service.ServiceThread$1.run(ServiceThread.java:50)
W/System.err(27132): at android.os.Handler.handleCallback(Handler.java:615)
W/System.err(27132): at android.os.Handler.dispatchMessage(Handler.java:92)
W/System.err(27132): at android.os.Looper.loop(Looper.java:137)
W/System.err(27132): at com.google.android.apps.plus.service.ServiceThread.run(ServiceThread.java:122)
D/AndroidRuntime(21142):
D/AndroidRuntime(21142): >>>>>> AndroidRuntime START com.android.internal.os.RuntimeInit <<<<<<
D/AndroidRuntime(21142): CheckJNI is OFF
D/AndroidRuntime(21142): setted country_code = PANAMA
D/AndroidRuntime(21142): setted countryiso_code = PA
D/AndroidRuntime(21142): setted sales_code = TPA
D/AndroidRuntime(21142): readGMSProperty: start
D/AndroidRuntime(21142): readGMSProperty: already setted!!
D/AndroidRuntime(21142): readGMSProperty: end
D/dalvikvm(21142): Trying to load lib libjavacore.so 0x0
D/dalvikvm(21142): Added shared lib libjavacore.so 0x0
D/dalvikvm(21142): Trying to load lib libnativehelper.so 0x0
D/dalvikvm(21142): Added shared lib libnativehelper.so 0x0
I/SA (26388): [SUR] onReceive log=[SA = 1.3.050 V = 16 HWD = 800X480 1.5 SIZE = 2 LOCALE = en_US CSC = TPA MCC = 0 MNC 0 T = user DEVICE = golden P = goldenub I = JRO03H M = GT-I8190L OKLEFT false DIS JRO03H.I8190LUBALK4 ]
I/SA (26388): [SUR] onReceive Intent=[ action_PACKAGE_REPLACED package ]
D/AndroidRuntime(21142): Calling main entry com.android.commands.am.Am
I/power ( 2010): *** acquire_dvfs_lock : lockType : 1 freq : 1000000
D/dalvikvm( 2010): GC_FOR_ALLOC freed 844K, 50% free 19395K/38471K, paused 106ms, total 108ms
D/Launcher.HomeFragment( 2290): onPause
D/Launcher( 2290): onPause, Launcher: 1109032568
D/widget ( 2290): [MSC_HERO_Accu_JB]>>> WC:1028 [0:0] onPause
D/AndroidRuntime(21142): Shutting down VM
I/AndroidRuntime(21142): NOTE: attach of thread 'Binder_3' failed
V/TaskCloserActivity(17396): TaskCloserActivity onReceive() - com.sec.android.intent.action.HOME_PAUSE
D/dalvikvm(21142): GC_CONCURRENT freed 103K, 86% free 585K/4096K, paused 1ms+0ms, total 6ms
I/libblt_hw( 1665): Library opened (handle = 1, fd = 43)
D/KeyguardViewMediator( 2010): setHidden false
I/dalvikvm(21157): Turning on JNI app bug workarounds for target SDK version 8...
D/Launcher( 2290): onTrimMemory. Level: 20
D/WindowManager( 2010): PhoneWindowManager: focusChangedLw
D/KeyguardViewMediator( 2010): setHidden false
E/Trace (21157): error opening trace file: No such file or directory (2)
D/KeyguardViewMediator( 2010): setHidden false
D/KeyguardViewMediator( 2010): setHidden false
D/KeyguardViewMediator( 2010): setHidden false
D/KeyguardViewMediator( 2010): setHidden false
I/TiApplication(21157): (main) [0,0] checkpoint, app created.
D/KeyguardViewMediator( 2010): setHidden false
I/TiApplication(21157): (main) [42,42] Titanium 3.1.0 (2013/04/15 01:43 40d2055)
D/dalvikvm(21157): GC_CONCURRENT freed 316K, 10% free 9435K/10375K, paused 13ms+2ms, total 35ms
D/dalvikvm(21157): WAIT_FOR_CONCURRENT_GC blocked 19ms
D/dalvikvm(21157): WAIT_FOR_CONCURRENT_GC blocked 19ms
E/MtpService(32371): In MTPAPP onReceive:android.intent.action.BATTERY_CHANGED
E/MtpService(32371): battPlugged Type : 2
D/dalvikvm(21157): Trying to load lib /data/data/com.androidproject/lib/libstlport_shared.so 0x421b4bc8
I/TiApplication(21157): (main) [145,187] Titanium Javascript runtime: v8
D/dalvikvm(21157): Added shared lib /data/data/com.androidproject/lib/libstlport_shared.so 0x421b4bc8
D/dalvikvm(21157): No JNI_OnLoad found in /data/data/com.androidproject/lib/libstlport_shared.so 0x421b4bc8, skipping init
D/dalvikvm(21157): Trying to load lib /data/data/com.androidproject/lib/libkroll-v8.so 0x421b4bc8
D/AndroidmoduleModule(21157): (main) [10,197] inside onAppCreate
D/dalvikvm(21157): Added shared lib /data/data/com.androidproject/lib/libkroll-v8.so 0x421b4bc8
I/TiRootActivity(21157): (main) [0,0] checkpoint, on root activity create, savedInstanceState: null
D/KeyguardViewMediator( 2010): setHidden false
D/KeyguardViewMediator( 2010): setHidden false
I/libblt_hw( 1665): Library closed (handle = 0, fd = 28)
E/TiApplication(21157): (KrollRuntimeThread) [246,246] APP PROXY: ti.modules.titanium.app.AppModule@421a8fc0
D/dalvikvm(21157): Trying to load lib /data/data/com.androidproject/lib/libti.androidmodule.so 0x421b4bc8
D/dalvikvm(21157): Added shared lib /data/data/com.androidproject/lib/libti.androidmodule.so 0x421b4bc8
D/dalvikvm(21157): No JNI_OnLoad found in /data/data/com.androidproject/lib/libti.androidmodule.so 0x421b4bc8, skipping init
I/TiAPI (21157): module is => [object Object]
D/AndroidmoduleModule(21157): (KrollRuntimeThread) [181,427] example called
D/AndroidmoduleModule(21157): (KrollRuntimeThread) [0,427] get example property
I/TiAPI (21157): module exampleProp is => hello world
D/AndroidmoduleModule(21157): (KrollRuntimeThread) [1,428] set example property: This is a test value
D/ExampleProxy(21157): (KrollRuntimeThread) [4,432] example created with message: Creating an example Proxy
D/ExampleProxy(21157): (KrollRuntimeThread) [1,433] printing message: Hello world!
D/ExampleProxy(21157): (KrollRuntimeThread) [0,433] Tried setting module message to: Hi world!. It's me again.
D/ExampleProxy(21157): (KrollRuntimeThread) [0,433] printing message: Hello world!
D/dalvikvm(21157): GC_CONCURRENT freed 306K, 10% free 9607K/10567K, paused 13ms+3ms, total 32ms
D/dalvikvm(21157): WAIT_FOR_CONCURRENT_GC blocked 6ms
I/power ( 2010): *** release_dvfs_lock : lockType : 1
D/dalvikvm(21157): GC_FOR_ALLOC freed 2K, 10% free 9605K/10567K, paused 17ms, total 17ms
I/dalvikvm-heap(21157): Grow heap (frag case) to 11.452MB for 1536016-byte allocation
D/dalvikvm(21157): GC_FOR_ALLOC freed <1K, 9% free 11105K/12103K, paused 37ms, total 37ms
D/dalvikvm(21157): GC_CONCURRENT freed 15K, 9% free 11090K/12103K, paused 12ms+2ms, total 37ms
D/dalvikvm(21157): Trying to load lib /data/data/com.androidproject/lib/libtiverify.so 0x421b4bc8
D/dalvikvm(21157): Added shared lib /data/data/com.androidproject/lib/libtiverify.so 0x421b4bc8
I/TiRootActivity(21157): (main) [0,0] checkpoint, on root activity resume. activity = com.androidproject.AndroidprojectActivity@421d0898
I/libblt_hw( 1665): Library opened (handle = 0, fd = 28)
D/WindowManager( 2010): PhoneWindowManager: focusChangedLw
D/KeyguardViewMediator( 2010): setHidden false
V/PhoneStatusBar( 2113): setLightsOn(true)
I/ClipboardServiceEx( 2010): Send intent for dismiss clipboard dialog inside hideCurrentInputLocked() !
D/KeyguardViewMediator( 2010): setHidden false
D/KeyguardViewMediator( 2010): setHidden false
D/Launcher.HomeFragment( 2290): onStop
D/Launcher( 2290): onStop, Launcher: 1109032568
D/KeyguardViewMediator( 2010): setHidden false
D/KeyguardViewMediator( 2010): setHidden false
D/KeyguardViewMediator( 2010): setHidden false
I/libblt_hw( 1665): Library closed (handle = 1, fd = 43)
D/KeyguardViewMediator( 2010): setHidden false
W/TiVerify(21157): (Timer-0) [5002,5002] Verifying module licenses...
I/TiVerify(21157): (Timer-0) [357,5359] Succesfully verified module licenses
W/SignalStrength( 2113): getGsmLevel=0
W/SignalStrength( 2113): getLevel=0 (SignalStrength: 99 -1 -1 -1 -1 -1 -1 -1 -1 -1 -1 -1 gsm|lte 0)
W/SignalStrength( 2113): getGsmLevel=0
W/SignalStrength( 2113): getLevel=0 (SignalStrength: 99 -1 -1 -1 -1 -1 -1 -1 -1 -1 -1 -1 gsm|lte 0)
W/SignalStrength( 2010): getGsmLevel=0
W/SignalStrength( 2010): getLevel=0 (SignalStrength: 99 -1 -1 -1 -1 -1 -1 -1 -1 -1 -1 -1 gsm|lte 0)
W/SignalStrength( 2010): getGsmDbm=-1
W/SignalStrength( 2010): getDbm=-1
W/SignalStrength( 2010): getGsmAsuLevel=99
W/SignalStrength( 2010): getAsuLevel=99
E/MtpService(32371): In MTPAPP onReceive:android.intent.action.BATTERY_CHANGED
E/MtpService(32371): battPlugged Type : 2
D/dalvikvm(17645): GC_CONCURRENT freed 582K, 12% free 10144K/11399K, paused 2ms+3ms, total 29ms
D/dalvikvm(17645): WAIT_FOR_CONCURRENT_GC blocked 11ms
D/Finsky (17645): [1] 5.onFinished: Installation state replication succeeded.
D/dalvikvm( 2010): GC_CONCURRENT freed 279K, 46% free 21052K/38471K, paused 4ms+10ms, total 122ms
W/SignalStrength( 2010): getGsmLevel=1
W/SignalStrength( 2010): getLevel=1 (SignalStrength: 99 -1 -1 -1 -1 -1 -1 -1 -1 -1 -1 -1 gsm|lte 1)
W/SignalStrength( 2113): getGsmLevel=1
W/SignalStrength( 2113): getLevel=1 (SignalStrength: 99 -1 -1 -1 -1 -1 -1 -1 -1 -1 -1 -1 gsm|lte 1)
W/SignalStrength( 2113): getGsmLevel=1
W/SignalStrength( 2113): getLevel=1 (SignalStrength: 99 -1 -1 -1 -1 -1 -1 -1 -1 -1 -1 -1 gsm|lte 1)
W/SignalStrength( 2010): getGsmDbm=-1
W/SignalStrength( 2010): getDbm=-1
W/SignalStrength( 2010): getGsmAsuLevel=99
W/SignalStrength( 2010): getAsuLevel=99
E/MtpService(32371): In MTPAPP onReceive:android.intent.action.BATTERY_CHANGED
E/MtpService(32371): battPlugged Type : 2
D/widget ( 2290): [MSC_HERO_Accu_JB]>>> SM:1288 [0:0] bTCC WCV = 100
D/widget ( 2290): [MSC_HERO_Accu_JB]>>> WC:1664 [0:0] drw 1nd Tm dt = 0635
D/ClockAlarmWidgetService(17804): [ClockAlarmWidgetService] onReceive: action = android.intent.action.TIME_TICK
E/ClockAlarmWidget(17804): [AlarmWidgetIdManager] getListItem() : itemIndex=0, widgetID:1
E/ClockAlarmWidget(17804): [AlarmWidgetIdManager] getListItem() : ItemIndex exceed ListItemCount. itemIndex=1
E/ClockAlarmWidget(17804): [AlarmWidgetIdManager] getListItem() : itemIndex=1, widgetID:1
D/ClockAlarmDataProvider(17804): getAlarm() - too many same ID alarm data. nCount: 0
I/TiAnalyticsSvc(21157): (Thread-1698) [24127,29486] Analytics Service Started
E/MtpService(32371): In MTPAPP onReceive:android.intent.action.BATTERY_CHANGED
E/MtpService(32371): battPlugged Type : 2
I/TiAnalyticsSvc(21157): (Thread-1698) [1246,30732] Stopping Analytics Service
D/dalvikvm(21157): GC_CONCURRENT freed 325K, 9% free 11288K/12295K, paused 13ms+2ms, total 50ms
D/AndroidRuntime(21231):
D/AndroidRuntime(21231): >>>>>> AndroidRuntime START com.android.internal.os.RuntimeInit <<<<<<
D/AndroidRuntime(21231): CheckJNI is OFF
D/AndroidRuntime(21231): setted country_code = PANAMA
D/AndroidRuntime(21231): setted countryiso_code = PA
D/AndroidRuntime(21231): setted sales_code = TPA
D/AndroidRuntime(21231): readGMSProperty: start
D/AndroidRuntime(21231): readGMSProperty: already setted!!
D/AndroidRuntime(21231): readGMSProperty: end
D/dalvikvm(21231): Trying to load lib libjavacore.so 0x0
D/dalvikvm(21231): Added shared lib libjavacore.so 0x0
D/dalvikvm(21231): Trying to load lib libnativehelper.so 0x0
D/dalvikvm(21231): Added shared lib libnativehelper.so 0x0
D/AndroidRuntime(21231): Calling main entry com.android.commands.pm.Pm
I/PackageManager( 2010): Removing non-system package:com.androidproject
D/WindowManager( 2010): PhoneWindowManager: focusChangedLw
D/KeyguardViewMediator( 2010): setHidden false
D/KeyguardViewMediator( 2010): setHidden false
I/libblt_hw( 1665): Library closed (handle = 0, fd = 28)
D/KeyguardViewMediator( 2010): setHidden false
D/KeyguardViewMediator( 2010): setHidden false
D/Launcher( 2290): onRestart, Launcher: 1109032568
D/Launcher( 2290): onStart, Launcher: 1109032568
D/Launcher.HomeFragment( 2290): onStart
D/Launcher( 2290): onResume, Launcher: 1109032568
D/comsamsunglog( 2290): [MSC_HERO_Accu_JB]>>> ====================================================================================================================
D/comsamsunglog( 2290): [MSC_HERO_Accu_JB]>>> widgetappapheroaccuweatherwidget [Version : 12101501] [ 1 ]
D/comsamsunglog( 2290): [MSC_HERO_Accu_JB]>>> Header set to : ===> "widget" <===
D/comsamsunglog( 2290): [MSC_HERO_Accu_JB]>>> ====================================================================================================================
D/widget ( 2290): [MSC_HERO_Accu_JB]>>> WC:917 [0:0] onResume :: fU = true cEUi = true
D/widget ( 2290): [MSC_HERO_Accu_JB]>>> WC:953 [0:0] onResume :: mFAR = false, cC = false, cEUI = true
D/widget ( 2290): [MSC_HERO_Accu_JB]>>> WC:1265 [0:0] cUI : cnt = 0, mRC = true
D/widget ( 2290): [MSC_HERO_Accu_JB]>>> WC:1293 [0:0] composeEmptyCityUI : true
D/widget ( 2290): [MSC_HERO_Accu_JB]>>> SM:446 [0:0] IR : false, IPR : false
D/widget ( 2290): [MSC_HERO_Accu_JB]>>> SM:1288 [0:0] bTCC WCV = 100
D/widget ( 2290): [MSC_HERO_Accu_JB]>>> WC:1664 [0:0] drw 1nd Tm dt = 0635
E/Launcher( 2290): Error finding setting, default accessibility to not found: accessibility_enabled
D/Launcher.HomeFragment( 2290): onResume
D/MenuAppsGridFragment( 2290): onResume
D/AlarmWidget( 3673): [AlarmWidgetProvider] onReceive()@@@ com.sec.android.intent.action.HOME_RESUME
D/AlarmWidget( 3673): [AlarmWidgetProvider] widgetId = -1, selectId =-1
D/AlarmWidget( 3673): [AlarmWidgetProvider] ACTION_ALARM_APPWIDGET_UPDATE
I/libblt_hw( 1665): Library opened (handle = 0, fd = 28)
D/WindowManager( 2010): PhoneWindowManager: focusChangedLw
D/KeyguardViewMediator( 2010): setHidden false
V/TaskCloserActivity(17396): TaskCloserActivity onReceive() - com.sec.android.intent.action.HOME_RESUME
D/KeyguardViewMediator( 2010): setHidden false
D/KeyguardViewMediator( 2010): setHidden false
I/ClipboardServiceEx( 2010): Send intent for dismiss clipboard dialog inside hideCurrentInputLocked() !
D/KeyguardViewMediator( 2010): setHidden false
D/dalvikvm(21242): DexOpt: 'Lorg/apache/commons/codec/binary/Base64;' has an earlier definition; blocking out
D/dalvikvm(21242): DexOpt: 'Lorg/apache/commons/codec/binary/Hex;' has an earlier definition; blocking out
D/dalvikvm(21242): DexOpt: 'Lorg/w3c/dom/UserDataHandler;' has an earlier definition; blocking out
D/KeyguardViewMediator( 2010): setHidden false
D/KeyguardViewMediator( 2010): setHidden false
D/KeyguardViewMediator( 2010): setHidden false
D/dalvikvm(21242): DexOpt: not verifying/optimizing 'Lorg/apache/commons/codec/binary/Base64;': multiple definitions
D/dalvikvm(21242): DexOpt: not verifying/optimizing 'Lorg/apache/commons/codec/binary/Hex;': multiple definitions
I/dalvikvm(21242): DexOpt: not resolving ambiguous class 'Lorg/apache/commons/codec/binary/Hex;'
I/dalvikvm(21242): DexOpt: not resolving ambiguous class 'Lorg/apache/commons/codec/binary/Base64;'
I/dalvikvm(21242): DexOpt: not resolving ambiguous class 'Lorg/apache/commons/codec/binary/Base64;'
D/dalvikvm(21242): DexOpt: not verifying/optimizing 'Lorg/w3c/dom/UserDataHandler;': multiple definitions
I/dalvikvm(21242): DexOpt: not resolving ambiguous class 'Lorg/apache/commons/codec/binary/Hex;'
D/dalvikvm(21242): DexOpt: load 143ms, verify+opt 488ms, 1923284 bytes
I/InputReader( 2010): Reconfiguring input devices. changes=0x00000010
D/CapabilityManagerService(17577): Receiver Broadcast:android.intent.action.PACKAGE_REMOVED
D/CapabilityManagerService(17577): The package(com.androidproject) updated
I/BackGroundService( 2919): BackGroundService:패키지 삭제 BR 수신 처리 오류
W/System.err( 2919): android.database.sqlite.SQLiteConstraintException: column packagename is not unique (code 19)
W/System.err( 2919): at android.database.sqlite.SQLiteConnection.nativeExecuteForChangedRowCount(Native Method)
W/System.err( 2919): at android.database.sqlite.SQLiteConnection.executeForChangedRowCount(SQLiteConnection.java:858)
W/System.err( 2919): at android.database.sqlite.SQLiteSession.executeForChangedRowCount(SQLiteSession.java:754)
W/System.err( 2919): at android.database.sqlite.SQLiteStatement.executeUpdateDelete(SQLiteStatement.java:64)
W/System.err( 2919): at android.database.sqlite.SQLiteDatabase.executeSql(SQLiteDatabase.java:1665)
W/System.err( 2919): at android.database.sqlite.SQLiteDatabase.execSQL(SQLiteDatabase.java:1594)
W/System.err( 2919): at com.tgrape.android.radar.service.BackGroundService.handleReceiveDeletePackage(BackGroundService.java:707)
W/System.err( 2919): at com.tgrape.android.radar.service.BackGroundService.access$5(BackGroundService.java:690)
W/System.err( 2919): at com.tgrape.android.radar.service.BackGroundService$3.onReceive(BackGroundService.java:137)
W/System.err( 2919): at android.app.LoadedApk$ReceiverDispatcher$Args.run(LoadedApk.java:755)
W/System.err( 2919): at android.os.Handler.handleCallback(Handler.java:615)
W/System.err( 2919): at android.os.Handler.dispatchMessage(Handler.java:92)
W/System.err( 2919): at android.os.Looper.loop(Looper.java:137)
W/System.err( 2919): at android.app.ActivityThread.main(ActivityThread.java:4856)
W/System.err( 2919): at java.lang.reflect.Method.invokeNative(Native Method)
W/System.err( 2919): at java.lang.reflect.Method.invoke(Method.java:511)
W/System.err( 2919): at com.android.internal.os.ZygoteInit$MethodAndArgsCaller.run(ZygoteInit.java:1007)
W/ResourceType( 2943): Failure getting entry for 0x7f020426 (t=1 e=1062) in package 0 (error -75)
W/System.err( 2919): at com.android.internal.os.ZygoteInit.main(ZygoteInit.java:774)
W/System.err( 2919): at dalvik.system.NativeStart.main(Native Method)
D/dalvikvm( 2010): GC_CONCURRENT freed 3560K, 50% free 19539K/38471K, paused 5ms+13ms, total 175ms
D/dalvikvm( 2010): WAIT_FOR_CONCURRENT_GC blocked 49ms
D/dalvikvm( 2010): WAIT_FOR_CONCURRENT_GC blocked 48ms
D/dalvikvm( 2010): WAIT_FOR_CONCURRENT_GC blocked 49ms
I/BackGroundService( 2919): BackGroundService:패키지 설치 BR 수신 처리 시작
W/ResourceType( 2943): Failure getting entry for 0x7f020426 (t=1 e=1062) in package 0 (error -75)
I/InputReader( 2010): Reconfiguring input devices. changes=0x00000010
D/Launcher.MenuAppsGrid( 2290): StateObj::getAppsList() item count = 38
D/CellLayoutChildren( 2290): setCellDimensions. width: 117, height: 126, gapX: 0, gapY: 0
D/CellLayout( 2290): setGridSize(4, 5)
D/CellLayoutChildren( 2290): setCellDimensions. width: 117, height: 126, gapX: 0, gapY: 0
D/CellLayout( 2290): setGridSize(4, 5)
D/dalvikvm( 2010): WAIT_FOR_CONCURRENT_GC blocked 0ms
I/PCWCLIENTTRACE_SPPReceiver(17632): [onReceive] - android.intent.action.PACKAGE_REMOVED
D/dalvikvm( 2010): GC_EXPLICIT freed 1127K, 50% free 19431K/38471K, paused 6ms+18ms, total 294ms
D/dalvikvm( 2010): WAIT_FOR_CONCURRENT_GC blocked 196ms
I/SA (26388): [SUR] onReceive log=[SA = 1.3.050 V = 16 HWD = 800X480 1.5 SIZE = 2 LOCALE = en_US CSC = TPA MCC = 0 MNC 0 T = user DEVICE = golden P = goldenub I = JRO03H M = GT-I8190L OKLEFT false DIS JRO03H.I8190LUBALK4 ]
I/SA (26388): [SUR] onReceive Intent=[ action_PACKAGE_REPLACED package ]
D/AndroidRuntime(21231): Shutting down VM
D/dalvikvm(21231): GC_CONCURRENT freed 101K, 87% free 546K/4096K, paused 0ms+0ms, total 5ms
I/AndroidRuntime(21231): NOTE: attach of thread 'Binder_3' failed
D/dalvikvm( 2010): GC_EXPLICIT freed 167K, 50% free 19352K/38471K, paused 16ms+14ms, total 193ms
D/CapabilityManagerService(17577): Receiver Broadcast:android.intent.action.PACKAGE_ADDED
I/PCWCLIENTTRACE_SPPReceiver(17632): [onReceive] - android.intent.action.PACKAGE_ADDED
I/SA (26388): [SUR] onReceive log=[SA = 1.3.050 V = 16 HWD = 800X480 1.5 SIZE = 2 LOCALE = en_US CSC = TPA MCC = 0 MNC 0 T = user DEVICE = golden P = goldenub I = JRO03H M = GT-I8190L OKLEFT false DIS JRO03H.I8190LUBALK4 ]
I/SA (26388): [SUR] onReceive Intent=[ android.intent.action.PACKAGE_ADDED package ]
W/System.err(27132): java.lang.NullPointerException
W/System.err(27132): at com.google.android.apps.plus.content.EsDatabaseHelper.getDatabaseHelper(EsDatabaseHelper.java:85)
W/System.err(27132): at com.google.android.apps.plus.content.EsDeepLinkInstallsData.getByPackageName(EsDeepLinkInstallsData.java:126)
W/System.err(27132): at com.google.android.apps.plus.service.EsService.processIntent2$751513a6(EsService.java:4580)
W/System.err(27132): at com.google.android.apps.plus.service.EsService.processIntent(EsService.java:3149)
W/System.err(27132): at com.google.android.apps.plus.service.ServiceThread$1.run(ServiceThread.java:50)
W/System.err(27132): at android.os.Handler.handleCallback(Handler.java:615)
W/System.err(27132): at android.os.Handler.dispatchMessage(Handler.java:92)
W/System.err(27132): at android.os.Looper.loop(Looper.java:137)
W/System.err(27132): at com.google.android.apps.plus.service.ServiceThread.run(ServiceThread.java:122)
D/AndroidRuntime(21258):
D/AndroidRuntime(21258): >>>>>> AndroidRuntime START com.android.internal.os.RuntimeInit <<<<<<
D/AndroidRuntime(21258): CheckJNI is OFF
D/AndroidRuntime(21258): setted country_code = PANAMA
D/AndroidRuntime(21258): setted countryiso_code = PA
D/AndroidRuntime(21258): setted sales_code = TPA
D/AndroidRuntime(21258): readGMSProperty: start
D/AndroidRuntime(21258): readGMSProperty: already setted!!
D/AndroidRuntime(21258): readGMSProperty: end
D/dalvikvm(21258): Trying to load lib libjavacore.so 0x0
D/dalvikvm(21258): Added shared lib libjavacore.so 0x0
D/dalvikvm(21258): Trying to load lib libnativehelper.so 0x0
D/dalvikvm(21258): Added shared lib libnativehelper.so 0x0
I/SA (26388): [SUR] onReceive log=[SA = 1.3.050 V = 16 HWD = 800X480 1.5 SIZE = 2 LOCALE = en_US CSC = TPA MCC = 0 MNC 0 T = user DEVICE = golden P = goldenub I = JRO03H M = GT-I8190L OKLEFT false DIS JRO03H.I8190LUBALK4 ]
I/SA (26388): [SUR] onReceive Intent=[ action_PACKAGE_REPLACED package ]
D/dalvikvm( 2493): GC_CONCURRENT freed 395K, 12% free 9719K/10951K, paused 2ms+13ms, total 56ms
D/AndroidRuntime(21258): Calling main entry com.android.commands.am.Am
I/power ( 2010): *** acquire_dvfs_lock : lockType : 1 freq : 1000000
D/dalvikvm( 2010): GC_FOR_ALLOC freed 729K, 50% free 19375K/38471K, paused 107ms, total 107ms
D/Launcher.HomeFragment( 2290): onPause
D/Launcher( 2290): onPause, Launcher: 1109032568
D/widget ( 2290): [MSC_HERO_Accu_JB]>>> WC:1028 [0:0] onPause
D/AndroidRuntime(21258): Shutting down VM
V/TaskCloserActivity(17396): TaskCloserActivity onReceive() - com.sec.android.intent.action.HOME_PAUSE
I/AndroidRuntime(21258): NOTE: attach of thread 'Binder_3' failed
D/dalvikvm(21258): GC_CONCURRENT freed 103K, 86% free 585K/4096K, paused 0ms+1ms, total 8ms
I/libblt_hw( 1665): Library opened (handle = 1, fd = 43)
D/KeyguardViewMediator( 2010): setHidden false
D/dalvikvm( 1666): WAIT_FOR_CONCURRENT_GC blocked 0ms
I/dalvikvm(21284): Turning on JNI app bug workarounds for target SDK version 8...
D/KeyguardViewMediator( 2010): setHidden false
D/Launcher( 2290): onTrimMemory. Level: 20
D/dalvikvm( 1666): GC_EXPLICIT freed 38K, 9% free 9247K/10115K, paused 3ms+3ms, total 56ms
D/dalvikvm( 1666): WAIT_FOR_CONCURRENT_GC blocked 0ms
D/WindowManager( 2010): PhoneWindowManager: focusChangedLw
D/KeyguardViewMediator( 2010): setHidden false
D/KeyguardViewMediator( 2010): setHidden false
D/KeyguardViewMediator( 2010): setHidden false
E/Trace (21284): error opening trace file: No such file or directory (2)
D/KeyguardViewMediator( 2010): setHidden false
I/TiApplication(21284): (main) [0,0] checkpoint, app created.
D/dalvikvm( 1666): GC_EXPLICIT freed <1K, 9% free 9247K/10115K, paused 3ms+3ms, total 56ms
D/dalvikvm( 1666): WAIT_FOR_CONCURRENT_GC blocked 0ms
D/dalvikvm( 1666): GC_EXPLICIT freed <1K, 9% free 9247K/10115K, paused 2ms+2ms, total 32ms
I/TiApplication(21284): (main) [40,40] Titanium 3.1.0 (2013/04/15 01:43 40d2055)
D/dalvikvm(21284): GC_CONCURRENT freed 292K, 9% free 9447K/10375K, paused 12ms+2ms, total 42ms
D/dalvikvm(21284): WAIT_FOR_CONCURRENT_GC blocked 24ms
D/dalvikvm(21284): WAIT_FOR_CONCURRENT_GC blocked 12ms
I/TiApplication(21284): (main) [236,276] Titanium Javascript runtime: v8
D/KeyguardViewMediator( 2010): setHidden false
D/KeyguardViewMediator( 2010): setHidden false
D/dalvikvm(21284): Trying to load lib /data/data/com.androidproject/lib/libstlport_shared.so 0x421b5998
D/dalvikvm(21284): Added shared lib /data/data/com.androidproject/lib/libstlport_shared.so 0x421b5998
D/dalvikvm(21284): No JNI_OnLoad found in /data/data/com.androidproject/lib/libstlport_shared.so 0x421b5998, skipping init
D/dalvikvm(21284): Trying to load lib /data/data/com.androidproject/lib/libkroll-v8.so 0x421b5998
D/AndroidmoduleModule(21284): (main) [9,285] inside onAppCreate
D/dalvikvm(21284): Added shared lib /data/data/com.androidproject/lib/libkroll-v8.so 0x421b5998
I/libblt_hw( 1665): Library closed (handle = 0, fd = 28)
I/TiRootActivity(21284): (main) [0,0] checkpoint, on root activity create, savedInstanceState: null
E/TiApplication(21284): (KrollRuntimeThread) [212,212] APP PROXY: ti.modules.titanium.app.AppModule@421aafe8
D/dalvikvm(21284): Trying to load lib /data/data/com.androidproject/lib/libti.androidmodule.so 0x421b5998
D/dalvikvm(21284): Added shared lib /data/data/com.androidproject/lib/libti.androidmodule.so 0x421b5998
D/dalvikvm(21284): No JNI_OnLoad found in /data/data/com.androidproject/lib/libti.androidmodule.so 0x421b5998, skipping init
I/power ( 2010): *** release_dvfs_lock : lockType : 1
I/TiAPI (21284): module is => [object Object]
D/AndroidmoduleModule(21284): (KrollRuntimeThread) [186,398] example called
D/AndroidmoduleModule(21284): (KrollRuntimeThread) [1,399] get example property
I/TiAPI (21284): module exampleProp is => hello world 2.0
D/AndroidmoduleModule(21284): (KrollRuntimeThread) [0,399] set example property: This is a test value
D/ExampleProxy(21284): (KrollRuntimeThread) [5,404] example created with message: Creating an example Proxy
D/ExampleProxy(21284): (KrollRuntimeThread) [0,404] printing message: Hello world!
D/ExampleProxy(21284): (KrollRuntimeThread) [0,404] Tried setting module message to: Hi world!. It's me again.
D/ExampleProxy(21284): (KrollRuntimeThread) [0,404] printing message: Hello world!
D/dalvikvm(21284): GC_CONCURRENT freed 327K, 10% free 9600K/10567K, paused 12ms+12ms, total 44ms
D/dalvikvm(21284): GC_FOR_ALLOC freed 23K, 10% free 9591K/10567K, paused 15ms, total 16ms
I/dalvikvm-heap(21284): Grow heap (frag case) to 11.438MB for 1536016-byte allocation
D/dalvikvm(21284): GC_CONCURRENT freed 1K, 9% free 11089K/12103K, paused 12ms+2ms, total 27ms
D/dalvikvm(21284): Trying to load lib /data/data/com.androidproject/lib/libtiverify.so 0x421b5998
D/dalvikvm(21284): Added shared lib /data/data/com.androidproject/lib/libtiverify.so 0x421b5998
I/TiRootActivity(21284): (main) [0,0] checkpoint, on root activity resume. activity = com.androidproject.AndroidprojectActivity@421d15c8
I/libblt_hw( 1665): Library opened (handle = 0, fd = 28)
D/WindowManager( 2010): PhoneWindowManager: focusChangedLw
D/KeyguardViewMediator( 2010): setHidden false
V/PhoneStatusBar( 2113): setLightsOn(true)
I/ClipboardServiceEx( 2010): Send intent for dismiss clipboard dialog inside hideCurrentInputLocked() !
D/KeyguardViewMediator( 2010): setHidden false
D/KeyguardViewMediator( 2010): setHidden false
D/KeyguardViewMediator( 2010): setHidden false
D/Launcher.HomeFragment( 2290): onStop
D/Launcher( 2290): onStop, Launcher: 1109032568
D/KeyguardViewMediator( 2010): setHidden false
D/KeyguardViewMediator( 2010): setHidden false
D/KeyguardViewMediator( 2010): setHidden false
I/libblt_hw( 1665): Library closed (handle = 1, fd = 43)
E/MtpService(32371): In MTPAPP onReceive:android.intent.action.BATTERY_CHANGED
E/MtpService(32371): battPlugged Type : 2
W/SignalStrength( 2010): getGsmLevel=2
W/SignalStrength( 2010): getLevel=2 (SignalStrength: 99 -1 -1 -1 -1 -1 -1 -1 -1 -1 -1 -1 gsm|lte 2)
W/SignalStrength( 2113): getGsmLevel=2
W/SignalStrength( 2113): getLevel=2 (SignalStrength: 99 -1 -1 -1 -1 -1 -1 -1 -1 -1 -1 -1 gsm|lte 2)
W/SignalStrength( 2113): getGsmLevel=2
W/SignalStrength( 2113): getLevel=2 (SignalStrength: 99 -1 -1 -1 -1 -1 -1 -1 -1 -1 -1 -1 gsm|lte 2)
W/SignalStrength( 2010): getGsmDbm=-1
W/SignalStrength( 2010): getDbm=-1
W/SignalStrength( 2010): getGsmAsuLevel=99
W/SignalStrength( 2010): getAsuLevel=99
W/TiVerify(21284): (Timer-0) [5011,5011] Verifying module licenses...
I/TiVerify(21284): (Timer-0) [350,5361] Succesfully verified module licenses
E/MtpService(32371): In MTPAPP onReceive:android.intent.action.BATTERY_CHANGED
E/MtpService(32371): battPlugged Type : 2
D/dalvikvm(17645): GC_CONCURRENT freed 778K, 14% free 9877K/11399K, paused 3ms+4ms, total 29ms
D/dalvikvm(17645): WAIT_FOR_CONCURRENT_GC blocked 21ms
D/dalvikvm(17645): GC_CONCURRENT freed 117K, 11% free 10191K/11399K, paused 3ms+2ms, total 33ms
D/Finsky (17645): [1] 5.onFinished: Installation state replication succeeded.
D/dalvikvm( 2010): GC_CONCURRENT freed 246K, 46% free 21060K/38471K, paused 5ms+10ms, total 124ms
E/MtpService(32371): In MTPAPP onReceive:android.intent.action.BATTERY_CHANGED
E/MtpService(32371): battPlugged Type : 2
I/TiAnalyticsSvc(21284): (Thread-1701) [24171,29532] Analytics Service Started
I/TiAnalyticsSvc(21284): (Thread-1701) [1051,30583] Stopping Analytics Service
D/dalvikvm(21284): GC_CONCURRENT freed 325K, 9% free 11289K/12295K, paused 3ms+2ms, total 29ms
E/MtpService(32371): In MTPAPP onReceive:android.intent.action.BATTERY_CHANGED
E/MtpService(32371): battPlugged Type : 2
E/MtpService(32371): In MTPAPP onReceive:android.intent.action.BATTERY_CHANGED
E/MtpService(32371): battPlugged Type : 2
D/widget ( 2290): [MSC_HERO_Accu_JB]>>> SM:1288 [0:0] bTCC WCV = 100
D/widget ( 2290): [MSC_HERO_Accu_JB]>>> WC:1664 [0:0] drw 1nd Tm dt = 0636
D/ClockAlarmWidgetService(17804): [ClockAlarmWidgetService] onReceive: action = android.intent.action.TIME_TICK
E/ClockAlarmWidget(17804): [AlarmWidgetIdManager] getListItem() : itemIndex=0, widgetID:1
E/ClockAlarmWidget(17804): [AlarmWidgetIdManager] getListItem() : ItemIndex exceed ListItemCount. itemIndex=1
E/ClockAlarmWidget(17804): [AlarmWidgetIdManager] getListItem() : itemIndex=1, widgetID:1
D/ClockAlarmDataProvider(17804): getAlarm() - too many same ID alarm data. nCount: 0
E/MtpService(32371): In MTPAPP onReceive:android.intent.action.BATTERY_CHANGED
E/MtpService(32371): battPlugged Type : 2
W/SignalStrength( 2010): getGsmLevel=1
W/SignalStrength( 2010): getLevel=1 (SignalStrength: 99 -1 -1 -1 -1 -1 -1 -1 -1 -1 -1 -1 gsm|lte 1)
W/SignalStrength( 2113): getGsmLevel=1
W/SignalStrength( 2113): getLevel=1 (SignalStrength: 99 -1 -1 -1 -1 -1 -1 -1 -1 -1 -1 -1 gsm|lte 1)
W/SignalStrength( 2113): getGsmLevel=1
W/SignalStrength( 2113): getLevel=1 (SignalStrength: 99 -1 -1 -1 -1 -1 -1 -1 -1 -1 -1 -1 gsm|lte 1)
W/SignalStrength( 2010): getGsmDbm=-1
W/SignalStrength( 2010): getDbm=-1
W/SignalStrength( 2010): getGsmAsuLevel=99
W/SignalStrength( 2010): getAsuLevel=99
E/MtpService(32371): In MTPAPP onReceive:android.intent.action.BATTERY_CHANGED
E/MtpService(32371): battPlugged Type : 2
D/AndroidRuntime(21389):
D/AndroidRuntime(21389): >>>>>> AndroidRuntime START com.android.internal.os.RuntimeInit <<<<<<
D/AndroidRuntime(21389): CheckJNI is OFF
D/AndroidRuntime(21389): setted country_code = PANAMA
D/AndroidRuntime(21389): setted countryiso_code = PA
D/AndroidRuntime(21389): setted sales_code = TPA
D/AndroidRuntime(21389): readGMSProperty: start
D/AndroidRuntime(21389): readGMSProperty: already setted!!
D/AndroidRuntime(21389): readGMSProperty: end
D/dalvikvm(21389): Trying to load lib libjavacore.so 0x0
D/dalvikvm(21389): Added shared lib libjavacore.so 0x0
D/dalvikvm(21389): Trying to load lib libnativehelper.so 0x0
D/dalvikvm(21389): Added shared lib libnativehelper.so 0x0
D/AndroidRuntime(21389): Calling main entry com.android.commands.pm.Pm
I/PackageManager( 2010): Removing non-system package:com.androidproject
D/WindowManager( 2010): PhoneWindowManager: focusChangedLw
D/KeyguardViewMediator( 2010): setHidden false
D/KeyguardViewMediator( 2010): setHidden false
I/libblt_hw( 1665): Library closed (handle = 0, fd = 28)
D/KeyguardViewMediator( 2010): setHidden false
D/Launcher( 2290): onRestart, Launcher: 1109032568
D/Launcher( 2290): onStart, Launcher: 1109032568
D/Launcher.HomeFragment( 2290): onStart
D/Launcher( 2290): onResume, Launcher: 1109032568
D/KeyguardViewMediator( 2010): setHidden false
D/comsamsunglog( 2290): [MSC_HERO_Accu_JB]>>> ====================================================================================================================
D/comsamsunglog( 2290): [MSC_HERO_Accu_JB]>>> widgetappapheroaccuweatherwidget [Version : 12101501] [ 1 ]
D/comsamsunglog( 2290): [MSC_HERO_Accu_JB]>>> Header set to : ===> "widget" <===
D/comsamsunglog( 2290): [MSC_HERO_Accu_JB]>>> ====================================================================================================================
D/widget ( 2290): [MSC_HERO_Accu_JB]>>> WC:917 [0:0] onResume :: fU = true cEUi = true
D/widget ( 2290): [MSC_HERO_Accu_JB]>>> WC:953 [0:0] onResume :: mFAR = false, cC = false, cEUI = true
D/widget ( 2290): [MSC_HERO_Accu_JB]>>> WC:1265 [0:0] cUI : cnt = 0, mRC = true
D/widget ( 2290): [MSC_HERO_Accu_JB]>>> WC:1293 [0:0] composeEmptyCityUI : true
D/widget ( 2290): [MSC_HERO_Accu_JB]>>> SM:446 [0:0] IR : false, IPR : false
D/widget ( 2290): [MSC_HERO_Accu_JB]>>> SM:1288 [0:0] bTCC WCV = 100
D/widget ( 2290): [MSC_HERO_Accu_JB]>>> WC:1664 [0:0] drw 1nd Tm dt = 0636
E/Launcher( 2290): Error finding setting, default accessibility to not found: accessibility_enabled
D/Launcher.HomeFragment( 2290): onResume
D/MenuAppsGridFragment( 2290): onResume
I/libblt_hw( 1665): Library opened (handle = 0, fd = 28)
D/WindowManager( 2010): PhoneWindowManager: focusChangedLw
D/KeyguardViewMediator( 2010): setHidden false
D/AlarmWidget( 3673): [AlarmWidgetProvider] onReceive()@@@ com.sec.android.intent.action.HOME_RESUME
D/AlarmWidget( 3673): [AlarmWidgetProvider] widgetId = -1, selectId =-1
D/AlarmWidget( 3673): [AlarmWidgetProvider] ACTION_ALARM_APPWIDGET_UPDATE
V/TaskCloserActivity(17396): TaskCloserActivity onReceive() - com.sec.android.intent.action.HOME_RESUME
I/ClipboardServiceEx( 2010): Send intent for dismiss clipboard dialog inside hideCurrentInputLocked() !
D/KeyguardViewMediator( 2010): setHidden false
D/KeyguardViewMediator( 2010): setHidden false
D/KeyguardViewMediator( 2010): setHidden false
D/dalvikvm(21412): DexOpt: 'Lorg/apache/commons/codec/binary/Base64;' has an earlier definition; blocking out
D/dalvikvm(21412): DexOpt: 'Lorg/apache/commons/codec/binary/Hex;' has an earlier definition; blocking out
D/dalvikvm(21412): DexOpt: 'Lorg/w3c/dom/UserDataHandler;' has an earlier definition; blocking out
D/KeyguardViewMediator( 2010): setHidden false
D/KeyguardViewMediator( 2010): setHidden false
D/dalvikvm(21412): DexOpt: not verifying/optimizing 'Lorg/apache/commons/codec/binary/Base64;': multiple definitions
D/dalvikvm(21412): DexOpt: not verifying/optimizing 'Lorg/apache/commons/codec/binary/Hex;': multiple definitions
I/dalvikvm(21412): DexOpt: not resolving ambiguous class 'Lorg/apache/commons/codec/binary/Hex;'
D/KeyguardViewMediator( 2010): setHidden false
I/dalvikvm(21412): DexOpt: not resolving ambiguous class 'Lorg/apache/commons/codec/binary/Base64;'
I/dalvikvm(21412): DexOpt: not resolving ambiguous class 'Lorg/apache/commons/codec/binary/Base64;'
D/dalvikvm(21412): DexOpt: not verifying/optimizing 'Lorg/w3c/dom/UserDataHandler;': multiple definitions
I/dalvikvm(21412): DexOpt: not resolving ambiguous class 'Lorg/apache/commons/codec/binary/Hex;'
D/dalvikvm(21412): DexOpt: load 141ms, verify+opt 491ms, 1923284 bytes
D/dalvikvm( 2010): GC_CONCURRENT freed 3547K, 50% free 19560K/38471K, paused 15ms+13ms, total 145ms
D/dalvikvm( 2010): WAIT_FOR_CONCURRENT_GC blocked 59ms
I/InputReader( 2010): Reconfiguring input devices. changes=0x00000010
W/ResourceType( 2943): Failure getting entry for 0x7f020426 (t=1 e=1062) in package 0 (error -75)
D/CapabilityManagerService(17577): Receiver Broadcast:android.intent.action.PACKAGE_REMOVED
D/CapabilityManagerService(17577): The package(com.androidproject) updated
I/BackGroundService( 2919): BackGroundService:패키지 삭제 BR 수신 처리 오류
W/System.err( 2919): android.database.sqlite.SQLiteConstraintException: column packagename is not unique (code 19)
W/System.err( 2919): at android.database.sqlite.SQLiteConnection.nativeExecuteForChangedRowCount(Native Method)
W/System.err( 2919): at android.database.sqlite.SQLiteConnection.executeForChangedRowCount(SQLiteConnection.java:858)
W/System.err( 2919): at android.database.sqlite.SQLiteSession.executeForChangedRowCount(SQLiteSession.java:754)
W/System.err( 2919): at android.database.sqlite.SQLiteStatement.executeUpdateDelete(SQLiteStatement.java:64)
W/System.err( 2919): at android.database.sqlite.SQLiteDatabase.executeSql(SQLiteDatabase.java:1665)
W/System.err( 2919): at android.database.sqlite.SQLiteDatabase.execSQL(SQLiteDatabase.java:1594)
W/System.err( 2919): at com.tgrape.android.radar.service.BackGroundService.handleReceiveDeletePackage(BackGroundService.java:707)
W/System.err( 2919): at com.tgrape.android.radar.service.BackGroundService.access$5(BackGroundService.java:690)
W/System.err( 2919): at com.tgrape.android.radar.service.BackGroundService$3.onReceive(BackGroundService.java:137)
W/System.err( 2919): at android.app.LoadedApk$ReceiverDispatcher$Args.run(LoadedApk.java:755)
W/System.err( 2919): at android.os.Handler.handleCallback(Handler.java:615)
W/System.err( 2919): at android.os.Handler.dispatchMessage(Handler.java:92)
W/System.err( 2919): at android.os.Looper.loop(Looper.java:137)
W/System.err( 2919): at android.app.ActivityThread.main(ActivityThread.java:4856)
W/System.err( 2919): at java.lang.reflect.Method.invokeNative(Native Method)
W/System.err( 2919): at java.lang.reflect.Method.invoke(Method.java:511)
W/System.err( 2919): at com.android.internal.os.ZygoteInit$MethodAndArgsCaller.run(ZygoteInit.java:1007)
W/System.err( 2919): at com.android.internal.os.ZygoteInit.main(ZygoteInit.java:774)
W/System.err( 2919): at dalvik.system.NativeStart.main(Native Method)
I/InputReader( 2010): Reconfiguring input devices. changes=0x00000010
I/BackGroundService( 2919): BackGroundService:패키지 설치 BR 수신 처리 시작
D/Launcher.MenuAppsGrid( 2290): StateObj::getAppsList() item count = 38
D/CellLayoutChildren( 2290): setCellDimensions. width: 117, height: 126, gapX: 0, gapY: 0
D/CellLayout( 2290): setGridSize(4, 5)
D/CellLayoutChildren( 2290): setCellDimensions. width: 117, height: 126, gapX: 0, gapY: 0
D/CellLayout( 2290): setGridSize(4, 5)
W/ResourceType( 2943): Failure getting entry for 0x7f020426 (t=1 e=1062) in package 0 (error -75)
D/dalvikvm( 2010): WAIT_FOR_CONCURRENT_GC blocked 0ms
I/PCWCLIENTTRACE_SPPReceiver(17632): [onReceive] - android.intent.action.PACKAGE_REMOVED
D/dalvikvm( 2290): GC_CONCURRENT freed 2146K, 17% free 20516K/24711K, paused 39ms+17ms, total 138ms
I/SA (26388): [SUR] onReceive log=[SA = 1.3.050 V = 16 HWD = 800X480 1.5 SIZE = 2 LOCALE = en_US CSC = TPA MCC = 0 MNC 0 T = user DEVICE = golden P = goldenub I = JRO03H M = GT-I8190L OKLEFT false DIS JRO03H.I8190LUBALK4 ]
I/SA (26388): [SUR] onReceive Intent=[ action_PACKAGE_REPLACED package ]
D/dalvikvm( 2010): GC_EXPLICIT freed 1224K, 50% free 19492K/38471K, paused 21ms+32ms, total 385ms
D/dalvikvm( 2010): WAIT_FOR_CONCURRENT_GC blocked 194ms
D/AndroidRuntime(21389): Shutting down VM
D/dalvikvm(21389): GC_CONCURRENT freed 101K, 87% free 546K/4096K, paused 1ms+1ms, total 9ms
I/AndroidRuntime(21389): NOTE: attach of thread 'Binder_3' failed
D/CapabilityManagerService(17577): Receiver Broadcast:android.intent.action.PACKAGE_ADDED
D/dalvikvm(17522): GC_CONCURRENT freed 371K, 11% free 9321K/10375K, paused 3ms+4ms, total 47ms
D/dalvikvm( 2010): GC_EXPLICIT freed 283K, 50% free 19403K/38471K, paused 5ms+22ms, total 239ms
I/PCWCLIENTTRACE_SPPReceiver(17632): [onReceive] - android.intent.action.PACKAGE_ADDED
D/dalvikvm(17619): GC_CONCURRENT freed 422K, 11% free 9284K/10375K, paused 2ms+3ms, total 46ms
I/SA (26388): [SUR] onReceive log=[SA = 1.3.050 V = 16 HWD = 800X480 1.5 SIZE = 2 LOCALE = en_US CSC = TPA MCC = 0 MNC 0 T = user DEVICE = golden P = goldenub I = JRO03H M = GT-I8190L OKLEFT false DIS JRO03H.I8190LUBALK4 ]
I/SA (26388): [SUR] onReceive Intent=[ android.intent.action.PACKAGE_ADDED package ]
W/System.err(27132): java.lang.NullPointerException
W/System.err(27132): at com.google.android.apps.plus.content.EsDatabaseHelper.getDatabaseHelper(EsDatabaseHelper.java:85)
W/System.err(27132): at com.google.android.apps.plus.content.EsDeepLinkInstallsData.getByPackageName(EsDeepLinkInstallsData.java:126)
W/System.err(27132): at com.google.android.apps.plus.service.EsService.processIntent2$751513a6(EsService.java:4580)
W/System.err(27132): at com.google.android.apps.plus.service.EsService.processIntent(EsService.java:3149)
W/System.err(27132): at com.google.android.apps.plus.service.ServiceThread$1.run(ServiceThread.java:50)
W/System.err(27132): at android.os.Handler.handleCallback(Handler.java:615)
W/System.err(27132): at android.os.Handler.dispatchMessage(Handler.java:92)
W/System.err(27132): at android.os.Looper.loop(Looper.java:137)
W/System.err(27132): at com.google.android.apps.plus.service.ServiceThread.run(ServiceThread.java:122)
D/AndroidRuntime(21427):
D/AndroidRuntime(21427): >>>>>> AndroidRuntime START com.android.internal.os.RuntimeInit <<<<<<
D/AndroidRuntime(21427): CheckJNI is OFF
D/AndroidRuntime(21427): setted country_code = PANAMA
D/AndroidRuntime(21427): setted countryiso_code = PA
D/AndroidRuntime(21427): setted sales_code = TPA
D/AndroidRuntime(21427): readGMSProperty: start
D/AndroidRuntime(21427): readGMSProperty: already setted!!
D/AndroidRuntime(21427): readGMSProperty: end
D/dalvikvm(21427): Trying to load lib libjavacore.so 0x0
D/dalvikvm(21427): Added shared lib libjavacore.so 0x0
D/dalvikvm(21427): Trying to load lib libnativehelper.so 0x0
D/dalvikvm(21427): Added shared lib libnativehelper.so 0x0
I/SA (26388): [SUR] onReceive log=[SA = 1.3.050 V = 16 HWD = 800X480 1.5 SIZE = 2 LOCALE = en_US CSC = TPA MCC = 0 MNC 0 T = user DEVICE = golden P = goldenub I = JRO03H M = GT-I8190L OKLEFT false DIS JRO03H.I8190LUBALK4 ]
I/SA (26388): [SUR] onReceive Intent=[ action_PACKAGE_REPLACED package ]
D/AndroidRuntime(21427): Calling main entry com.android.commands.am.Am
I/power ( 2010): *** acquire_dvfs_lock : lockType : 1 freq : 1000000
D/dalvikvm( 2010): GC_FOR_ALLOC freed 648K, 50% free 19381K/38471K, paused 108ms, total 110ms
D/Launcher.HomeFragment( 2290): onPause
D/Launcher( 2290): onPause, Launcher: 1109032568
D/widget ( 2290): [MSC_HERO_Accu_JB]>>> WC:1028 [0:0] onPause
D/AndroidRuntime(21427): Shutting down VM
V/TaskCloserActivity(17396): TaskCloserActivity onReceive() - com.sec.android.intent.action.HOME_PAUSE
D/dalvikvm(21427): GC_CONCURRENT freed 103K, 86% free 585K/4096K, paused 0ms+12ms, total 17ms
I/AndroidRuntime(21427): NOTE: attach of thread 'Binder_3' failed
I/dalvikvm(21442): Turning on JNI app bug workarounds for target SDK version 8...
D/Launcher( 2290): onTrimMemory. Level: 20
D/WindowManager( 2010): PhoneWindowManager: focusChangedLw
D/KeyguardViewMediator( 2010): setHidden false
E/Trace (21442): error opening trace file: No such file or directory (2)
I/libblt_hw( 1665): Library opened (handle = 1, fd = 43)
D/KeyguardViewMediator( 2010): setHidden false
I/TiApplication(21442): (main) [0,0] checkpoint, app created.
I/TiApplication(21442): (main) [39,39] Titanium 3.1.0 (2013/04/15 01:43 40d2055)
D/KeyguardViewMediator( 2010): setHidden false
D/KeyguardViewMediator( 2010): setHidden false
D/KeyguardViewMediator( 2010): setHidden false
E/MtpService(32371): In MTPAPP onReceive:android.intent.action.BATTERY_CHANGED
E/MtpService(32371): battPlugged Type : 2
D/KeyguardViewMediator( 2010): setHidden false
D/KeyguardViewMediator( 2010): setHidden false
D/dalvikvm(21442): GC_CONCURRENT freed 302K, 9% free 9447K/10375K, paused 13ms+1ms, total 60ms
D/dalvikvm(21442): WAIT_FOR_CONCURRENT_GC blocked 22ms
D/dalvikvm(21442): Trying to load lib /data/data/com.androidproject/lib/libstlport_shared.so 0x421acb68
I/TiApplication(21442): (main) [142,181] Titanium Javascript runtime: v8
D/dalvikvm(21442): Added shared lib /data/data/com.androidproject/lib/libstlport_shared.so 0x421acb68
D/dalvikvm(21442): No JNI_OnLoad found in /data/data/com.androidproject/lib/libstlport_shared.so 0x421acb68, skipping init
D/dalvikvm(21442): Trying to load lib /data/data/com.androidproject/lib/libkroll-v8.so 0x421acb68
D/AndroidmoduleModule(21442): (main) [9,190] inside onAppCreate
D/dalvikvm(21442): Added shared lib /data/data/com.androidproject/lib/libkroll-v8.so 0x421acb68
I/TiRootActivity(21442): (main) [0,0] checkpoint, on root activity create, savedInstanceState: null
D/KeyguardViewMediator( 2010): setHidden false
D/KeyguardViewMediator( 2010): setHidden false
I/libblt_hw( 1665): Library closed (handle = 0, fd = 28)
E/TiApplication(21442): (KrollRuntimeThread) [257,257] APP PROXY: ti.modules.titanium.app.AppModule@421c2f28
D/dalvikvm(21442): Trying to load lib /data/data/com.androidproject/lib/libti.androidmodule.so 0x421acb68
D/dalvikvm(21442): Added shared lib /data/data/com.androidproject/lib/libti.androidmodule.so 0x421acb68
D/dalvikvm(21442): No JNI_OnLoad found in /data/data/com.androidproject/lib/libti.androidmodule.so 0x421acb68, skipping init
I/TiAPI (21442): module is => [object Object]
D/AndroidmoduleModule(21442): (KrollRuntimeThread) [196,453] example called
D/AndroidmoduleModule(21442): (KrollRuntimeThread) [1,454] get example property
I/TiAPI (21442): module exampleProp is => hello world 2.0
D/AndroidmoduleModule(21442): (KrollRuntimeThread) [0,454] set example property: This is a test value
D/ExampleProxy(21442): (KrollRuntimeThread) [4,458] example created with message: Creating an example Proxy
D/ExampleProxy(21442): (KrollRuntimeThread) [1,459] printing message: Hello world!
D/ExampleProxy(21442): (KrollRuntimeThread) [0,459] Tried setting module message to: Hi world!. It's me again.
D/ExampleProxy(21442): (KrollRuntimeThread) [0,459] printing message: Hello world!
D/dalvikvm(21442): GC_CONCURRENT freed 289K, 10% free 9609K/10567K, paused 12ms+2ms, total 36ms
D/dalvikvm(21442): WAIT_FOR_CONCURRENT_GC blocked 14ms
D/dalvikvm(21442): GC_FOR_ALLOC freed 3K, 10% free 9605K/10567K, paused 16ms, total 16ms
I/dalvikvm-heap(21442): Grow heap (frag case) to 11.453MB for 1536016-byte allocation
I/power ( 2010): *** release_dvfs_lock : lockType : 1
D/dalvikvm(21442): GC_CONCURRENT freed 0K, 9% free 11105K/12103K, paused 13ms+2ms, total 39ms
D/dalvikvm(21442): WAIT_FOR_CONCURRENT_GC blocked 26ms
D/dalvikvm(21442): Trying to load lib /data/data/com.androidproject/lib/libtiverify.so 0x421acb68
D/dalvikvm(21442): Added shared lib /data/data/com.androidproject/lib/libtiverify.so 0x421acb68
I/TiRootActivity(21442): (main) [0,0] checkpoint, on root activity resume. activity = com.androidproject.AndroidprojectActivity@421e6738
I/libblt_hw( 1665): Library opened (handle = 0, fd = 28)
D/WindowManager( 2010): PhoneWindowManager: focusChangedLw
D/KeyguardViewMediator( 2010): setHidden false
V/PhoneStatusBar( 2113): setLightsOn(true)
I/ClipboardServiceEx( 2010): Send intent for dismiss clipboard dialog inside hideCurrentInputLocked() !
D/KeyguardViewMediator( 2010): setHidden false
D/KeyguardViewMediator( 2010): setHidden false
D/KeyguardViewMediator( 2010): setHidden false
D/Launcher.HomeFragment( 2290): onStop
D/Launcher( 2290): onStop, Launcher: 1109032568
D/KeyguardViewMediator( 2010): setHidden false
D/KeyguardViewMediator( 2010): setHidden false
D/KeyguardViewMediator( 2010): setHidden false
I/libblt_hw( 1665): Library closed (handle = 1, fd = 43)
E/MtpService(32371): In MTPAPP onReceive:android.intent.action.BATTERY_CHANGED
E/MtpService(32371): battPlugged Type : 2
D/dalvikvm( 2010): GC_CONCURRENT freed 240K, 46% free 21086K/38471K, paused 16ms+11ms, total 146ms
D/dalvikvm(17645): GC_CONCURRENT freed 687K, 13% free 10015K/11399K, paused 3ms+3ms, total 27ms
D/dalvikvm(17645): WAIT_FOR_CONCURRENT_GC blocked 19ms
D/dalvikvm(17645): GC_CONCURRENT freed 229K, 11% free 10216K/11399K, paused 3ms+2ms, total 31ms
D/Finsky (17645): [1] 5.onFinished: Installation state replication succeeded.
W/SignalStrength( 2010): getGsmLevel=2
W/SignalStrength( 2113): getGsmLevel=2
W/SignalStrength( 2010): getLevel=2 (SignalStrength: 99 -1 -1 -1 -1 -1 -1 -1 -1 -1 -1 -1 gsm|lte 2)
W/SignalStrength( 2113): getLevel=2 (SignalStrength: 99 -1 -1 -1 -1 -1 -1 -1 -1 -1 -1 -1 gsm|lte 2)
W/SignalStrength( 2113): getGsmLevel=2
W/SignalStrength( 2113): getLevel=2 (SignalStrength: 99 -1 -1 -1 -1 -1 -1 -1 -1 -1 -1 -1 gsm|lte 2)
W/SignalStrength( 2010): getGsmDbm=-1
W/SignalStrength( 2010): getDbm=-1
W/SignalStrength( 2010): getGsmAsuLevel=99
W/SignalStrength( 2010): getAsuLevel=99
E/MtpService(32371): In MTPAPP onReceive:android.intent.action.BATTERY_CHANGED
E/MtpService(32371): battPlugged Type : 2
I/TiAnalyticsSvc(21442): (Thread-1702) [29528,29528] Analytics Service Started
E/MtpService(32371): In MTPAPP onReceive:android.intent.action.BATTERY_CHANGED
E/MtpService(32371): battPlugged Type : 2
I/TiAnalyticsSvc(21442): (Thread-1702) [1110,30638] Stopping Analytics Service
D/widget ( 2290): [MSC_HERO_Accu_JB]>>> SM:1288 [0:0] bTCC WCV = 100
D/widget ( 2290): [MSC_HERO_Accu_JB]>>> WC:1664 [0:0] drw 1nd Tm dt = 0637
D/ClockAlarmWidgetService(17804): [ClockAlarmWidgetService] onReceive: action = android.intent.action.TIME_TICK
E/ClockAlarmWidget(17804): [AlarmWidgetIdManager] getListItem() : itemIndex=0, widgetID:1
E/ClockAlarmWidget(17804): [AlarmWidgetIdManager] getListItem() : ItemIndex exceed ListItemCount. itemIndex=1
E/ClockAlarmWidget(17804): [AlarmWidgetIdManager] getListItem() : itemIndex=1, widgetID:1
D/ClockAlarmDataProvider(17804): getAlarm() - too many same ID alarm data. nCount: 0
W/SignalStrength( 2010): getGsmLevel=1
W/SignalStrength( 2113): getGsmLevel=1
W/SignalStrength( 2010): getLevel=1 (SignalStrength: 99 -1 -1 -1 -1 -1 -1 -1 -1 -1 -1 -1 gsm|lte 1)
W/SignalStrength( 2113): getLevel=1 (SignalStrength: 99 -1 -1 -1 -1 -1 -1 -1 -1 -1 -1 -1 gsm|lte 1)
W/SignalStrength( 2113): getGsmLevel=1
W/SignalStrength( 2113): getLevel=1 (SignalStrength: 99 -1 -1 -1 -1 -1 -1 -1 -1 -1 -1 -1 gsm|lte 1)
W/SignalStrength( 2010): getGsmDbm=-1
