W/SignalStrength( 2113): getLevel=2 (SignalStrength: 99 -1 -1 -1 -1 -1 -1 -1 -1 -1 -1 -1 gsm|lte 2)
W/SignalStrength( 2010): getGsmDbm=-1
W/SignalStrength( 2010): getDbm=-1
W/SignalStrength( 2010): getGsmAsuLevel=99
W/SignalStrength( 2010): getAsuLevel=99
E/MtpService(32371): In MTPAPP onReceive:android.intent.action.BATTERY_CHANGED
E/MtpService(32371): battPlugged Type : 2
E/MtpService(32371): In MTPAPP onReceive:android.intent.action.BATTERY_CHANGED
E/MtpService(32371): battPlugged Type : 2
W/SignalStrength( 2010): getGsmLevel=1
W/SignalStrength( 2010): getLevel=1 (SignalStrength: 99 -1 -1 -1 -1 -1 -1 -1 -1 -1 -1 -1 gsm|lte 1)
W/SignalStrength( 2113): getGsmLevel=1
W/SignalStrength( 2113): getLevel=1 (SignalStrength: 99 -1 -1 -1 -1 -1 -1 -1 -1 -1 -1 -1 gsm|lte 1)
W/SignalStrength( 2113): getGsmLevel=1
W/SignalStrength( 2113): getLevel=1 (SignalStrength: 99 -1 -1 -1 -1 -1 -1 -1 -1 -1 -1 -1 gsm|lte 1)
W/SignalStrength( 2010): getGsmDbm=-1
W/SignalStrength( 2010): getDbm=-1
W/SignalStrength( 2010): getGsmAsuLevel=99
W/SignalStrength( 2010): getAsuLevel=99
W/SignalStrength( 2010): getGsmLevel=2
W/SignalStrength( 2010): getLevel=2 (SignalStrength: 99 -1 -1 -1 -1 -1 -1 -1 -1 -1 -1 -1 gsm|lte 2)
W/SignalStrength( 2113): getGsmLevel=2
W/SignalStrength( 2113): getLevel=2 (SignalStrength: 99 -1 -1 -1 -1 -1 -1 -1 -1 -1 -1 -1 gsm|lte 2)
W/SignalStrength( 2113): getGsmLevel=2
W/SignalStrength( 2113): getLevel=2 (SignalStrength: 99 -1 -1 -1 -1 -1 -1 -1 -1 -1 -1 -1 gsm|lte 2)
W/SignalStrength( 2010): getGsmDbm=-1
W/SignalStrength( 2010): getDbm=-1
W/SignalStrength( 2010): getGsmAsuLevel=99
W/SignalStrength( 2010): getAsuLevel=99
D/widget ( 2290): [MSC_HERO_Accu_JB]>>> SM:1288 [0:0] bTCC WCV = 100
D/widget ( 2290): [MSC_HERO_Accu_JB]>>> WC:1664 [0:0] drw 1nd Tm dt = 0625
D/ClockAlarmWidgetService(17804): [ClockAlarmWidgetService] onReceive: action = android.intent.action.TIME_TICK
E/ClockAlarmWidget(17804): [AlarmWidgetIdManager] getListItem() : itemIndex=0, widgetID:1
E/ClockAlarmWidget(17804): [AlarmWidgetIdManager] getListItem() : ItemIndex exceed ListItemCount. itemIndex=1
E/ClockAlarmWidget(17804): [AlarmWidgetIdManager] getListItem() : itemIndex=1, widgetID:1
D/ClockAlarmDataProvider(17804): getAlarm() - too many same ID alarm data. nCount: 0
E/MtpService(32371): In MTPAPP onReceive:android.intent.action.BATTERY_CHANGED
E/MtpService(32371): battPlugged Type : 2
E/MtpService(32371): In MTPAPP onReceive:android.intent.action.BATTERY_CHANGED
E/MtpService(32371): battPlugged Type : 2
E/MtpService(32371): In MTPAPP onReceive:android.intent.action.BATTERY_CHANGED
E/MtpService(32371): battPlugged Type : 2
W/SignalStrength( 2010): getGsmLevel=1
W/SignalStrength( 2113): getGsmLevel=1
W/SignalStrength( 2010): getLevel=1 (SignalStrength: 99 -1 -1 -1 -1 -1 -1 -1 -1 -1 -1 -1 gsm|lte 1)
W/SignalStrength( 2113): getLevel=1 (SignalStrength: 99 -1 -1 -1 -1 -1 -1 -1 -1 -1 -1 -1 gsm|lte 1)
W/SignalStrength( 2113): getGsmLevel=1
W/SignalStrength( 2113): getLevel=1 (SignalStrength: 99 -1 -1 -1 -1 -1 -1 -1 -1 -1 -1 -1 gsm|lte 1)
W/SignalStrength( 2010): getGsmDbm=-1
W/SignalStrength( 2010): getDbm=-1
W/SignalStrength( 2010): getGsmAsuLevel=99
W/SignalStrength( 2010): getAsuLevel=99
E/MtpService(32371): In MTPAPP onReceive:android.intent.action.BATTERY_CHANGED
E/MtpService(32371): battPlugged Type : 2
E/MtpService(32371): In MTPAPP onReceive:android.intent.action.BATTERY_CHANGED
E/MtpService(32371): battPlugged Type : 2
D/widget ( 2290): [MSC_HERO_Accu_JB]>>> SM:1288 [0:0] bTCC WCV = 100
D/widget ( 2290): [MSC_HERO_Accu_JB]>>> WC:1664 [0:0] drw 1nd Tm dt = 0626
D/ClockAlarmWidgetService(17804): [ClockAlarmWidgetService] onReceive: action = android.intent.action.TIME_TICK
E/ClockAlarmWidget(17804): [AlarmWidgetIdManager] getListItem() : itemIndex=0, widgetID:1
E/ClockAlarmWidget(17804): [AlarmWidgetIdManager] getListItem() : ItemIndex exceed ListItemCount. itemIndex=1
E/ClockAlarmWidget(17804): [AlarmWidgetIdManager] getListItem() : itemIndex=1, widgetID:1
D/ClockAlarmDataProvider(17804): getAlarm() - too many same ID alarm data. nCount: 0
E/MtpService(32371): In MTPAPP onReceive:android.intent.action.BATTERY_CHANGED
E/MtpService(32371): battPlugged Type : 2
E/MtpService(32371): In MTPAPP onReceive:android.intent.action.BATTERY_CHANGED
E/MtpService(32371): battPlugged Type : 2
W/SignalStrength( 2010): getGsmLevel=2
W/SignalStrength( 2010): getLevel=2 (SignalStrength: 99 -1 -1 -1 -1 -1 -1 -1 -1 -1 -1 -1 gsm|lte 2)
W/SignalStrength( 2113): getGsmLevel=2
W/SignalStrength( 2113): getLevel=2 (SignalStrength: 99 -1 -1 -1 -1 -1 -1 -1 -1 -1 -1 -1 gsm|lte 2)
W/SignalStrength( 2113): getGsmLevel=2
W/SignalStrength( 2113): getLevel=2 (SignalStrength: 99 -1 -1 -1 -1 -1 -1 -1 -1 -1 -1 -1 gsm|lte 2)
W/SignalStrength( 2010): getGsmDbm=-1
W/SignalStrength( 2010): getDbm=-1
W/SignalStrength( 2010): getGsmAsuLevel=99
W/SignalStrength( 2010): getAsuLevel=99
E/MtpService(32371): In MTPAPP onReceive:android.intent.action.BATTERY_CHANGED
E/MtpService(32371): battPlugged Type : 2
E/MtpService(32371): In MTPAPP onReceive:android.intent.action.BATTERY_CHANGED
E/MtpService(32371): battPlugged Type : 2
D/dalvikvm( 2113): GC_CONCURRENT freed 2691K, 20% free 14043K/17415K, paused 13ms+10ms, total 60ms
E/MtpService(32371): In MTPAPP onReceive:android.intent.action.BATTERY_CHANGED
E/MtpService(32371): battPlugged Type : 2
W/SignalStrength( 2010): getGsmLevel=1
W/SignalStrength( 2010): getLevel=1 (SignalStrength: 99 -1 -1 -1 -1 -1 -1 -1 -1 -1 -1 -1 gsm|lte 1)
W/SignalStrength( 2113): getGsmLevel=1
W/SignalStrength( 2113): getLevel=1 (SignalStrength: 99 -1 -1 -1 -1 -1 -1 -1 -1 -1 -1 -1 gsm|lte 1)
W/SignalStrength( 2010): getGsmDbm=-1
W/SignalStrength( 2010): getDbm=-1
W/SignalStrength( 2010): getGsmAsuLevel=99
W/SignalStrength( 2010): getAsuLevel=99
W/SignalStrength( 2113): getGsmLevel=1
W/SignalStrength( 2113): getLevel=1 (SignalStrength: 99 -1 -1 -1 -1 -1 -1 -1 -1 -1 -1 -1 gsm|lte 1)
D/widget ( 2290): [MSC_HERO_Accu_JB]>>> SM:1288 [0:0] bTCC WCV = 100
D/widget ( 2290): [MSC_HERO_Accu_JB]>>> WC:1664 [0:0] drw 1nd Tm dt = 0627
D/ClockAlarmWidgetService(17804): [ClockAlarmWidgetService] onReceive: action = android.intent.action.TIME_TICK
E/ClockAlarmWidget(17804): [AlarmWidgetIdManager] getListItem() : itemIndex=0, widgetID:1
E/ClockAlarmWidget(17804): [AlarmWidgetIdManager] getListItem() : ItemIndex exceed ListItemCount. itemIndex=1
E/ClockAlarmWidget(17804): [AlarmWidgetIdManager] getListItem() : itemIndex=1, widgetID:1
D/ClockAlarmDataProvider(17804): getAlarm() - too many same ID alarm data. nCount: 0
E/MtpService(32371): In MTPAPP onReceive:android.intent.action.BATTERY_CHANGED
E/MtpService(32371): battPlugged Type : 2
E/MtpService(32371): In MTPAPP onReceive:android.intent.action.BATTERY_CHANGED
E/MtpService(32371): battPlugged Type : 2
W/SignalStrength( 2010): getGsmLevel=2
W/SignalStrength( 2010): getLevel=2 (SignalStrength: 99 -1 -1 -1 -1 -1 -1 -1 -1 -1 -1 -1 gsm|lte 2)
W/SignalStrength( 2113): getGsmLevel=2
W/SignalStrength( 2113): getLevel=2 (SignalStrength: 99 -1 -1 -1 -1 -1 -1 -1 -1 -1 -1 -1 gsm|lte 2)
W/SignalStrength( 2113): getGsmLevel=2
W/SignalStrength( 2113): getLevel=2 (SignalStrength: 99 -1 -1 -1 -1 -1 -1 -1 -1 -1 -1 -1 gsm|lte 2)
W/SignalStrength( 2010): getGsmDbm=-1
W/SignalStrength( 2010): getDbm=-1
W/SignalStrength( 2010): getGsmAsuLevel=99
W/SignalStrength( 2010): getAsuLevel=99
E/MtpService(32371): In MTPAPP onReceive:android.intent.action.BATTERY_CHANGED
E/MtpService(32371): battPlugged Type : 2
I/InputReader( 2010): Touch event's action is 0x0 (deviceType=0) [pCnt=1, s=0.433 ]
I/InputDispatcher( 2010): Delivering touch to current input target: action: 0x0
I/InputDispatcher( 2010): Delivering touch to current input target: action: 0x0
I/InputDispatcher( 2010): Delivering touch to current input target: action: 0x0
I/InputReader( 2010): Touch event's action (MT) is 0x105 (deviceType=0) [pCnt=2, s=0.433 1.434 ]
I/InputDispatcher( 2010): Delivering touch to current input target: action: 0x105
I/InputDispatcher( 2010): Delivering touch to current input target: action: 0x105
I/InputDispatcher( 2010): Delivering touch to current input target: action: 0x105
I/InputReader( 2010): Touch event's action (MT) is 0x106 (deviceType=0) [pCnt=2, s=0.433 ]
I/InputDispatcher( 2010): Delivering touch to current input target: action: 0x106
I/InputDispatcher( 2010): Delivering touch to current input target: action: 0x106
I/InputDispatcher( 2010): Delivering touch to current input target: action: 0x106
I/InputReader( 2010): Touch event's action is 0x1 (deviceType=0) [pCnt=1, s=]
I/InputDispatcher( 2010): Delivering touch to current input target: action: 0x1
I/InputDispatcher( 2010): Delivering touch to current input target: action: 0x1
I/InputDispatcher( 2010): Delivering touch to current input target: action: 0x1
I/InputReader( 2010): Reconfiguring input devices. changes=0x00000004
I/InputReader( 2010): Device reconfigured: id=9, name='sec_touchscreen', surface size is now 480x800, mode is 1
D/PhoneApp( 2235): updateProximitySensorMode: lock already released.
D/KeyguardViewMediator( 2010): setHidden false
D/dalvikvm(18458): GC_FOR_ALLOC freed 1508K, 18% free 11204K/13575K, paused 74ms, total 75ms
I/dalvikvm-heap(18458): Grow heap (frag case) to 13.013MB for 1536016-byte allocation
D/ClockAlarmWidgetService(17804): [ClockAlarmWidgetService] onReceive: action = android.intent.action.CONFIGURATION_CHANGED
E/ClockAlarmWidget(17804): [AlarmWidgetIdManager] getListItem() : itemIndex=0, widgetID:1
E/ClockAlarmWidget(17804): [AlarmWidgetIdManager] getListItem() : ItemIndex exceed ListItemCount. itemIndex=1
E/ClockAlarmWidget(17804): [AlarmWidgetIdManager] getListItem() : itemIndex=1, widgetID:1
D/ClockAlarmDataProvider(17804): getAlarm() - too many same ID alarm data. nCount: 0
D/dalvikvm(17804): GC_CONCURRENT freed 310K, 11% free 9377K/10439K, paused 4ms+9ms, total 55ms
D/dalvikvm(18458): GC_CONCURRENT freed <1K, 7% free 12703K/13575K, paused 13ms+2ms, total 74ms
D/dalvikvm(18458): WAIT_FOR_CONCURRENT_GC blocked 61ms
D/KeyguardViewMediator( 2010): setHidden false
D/KeyguardViewMediator( 2010): setHidden false
I/libblt_hw( 1665): Library opened (handle = 1, fd = 29)
D/KeyguardViewMediator( 2010): setHidden false
I/libblt_hw( 1665): Library closed (handle = 0, fd = 41)
D/KeyguardViewMediator( 2010): setHidden false
D/KeyguardViewMediator( 2010): setHidden false
D/KeyguardViewMediator( 2010): setHidden false
D/KeyguardViewMediator( 2010): setHidden false
D/KeyguardViewMediator( 2010): setHidden false
D/KeyguardViewMediator( 2010): setHidden false
I/InputReader( 2010): Touch event's action is 0x0 (deviceType=0) [pCnt=1, s=0.435 ]
I/InputDispatcher( 2010): Delivering touch to current input target: action: 0x0
I/InputDispatcher( 2010): Delivering touch to current input target: action: 0x0
I/InputDispatcher( 2010): Delivering touch to current input target: action: 0x0
W/Vibrator( 2010): Vibrator.cancel()
D/WindowManager( 2010): PhoneWindowManager: focusChangedLw
D/KeyguardViewMediator( 2010): setHidden false
I/InputReader( 2010): Reconfiguring input devices. changes=0x00000004
I/InputReader( 2010): Device reconfigured: id=9, name='sec_touchscreen', surface size is now 480x800, mode is 1
D/KeyguardViewMediator( 2010): setHidden false
D/KeyguardViewMediator( 2010): setHidden false
I/InputDispatcher( 2010): Delivering touch to current input target: action: 0x3
I/InputDispatcher( 2010): Delivering touch to current input target: action: 0x3
I/InputDispatcher( 2010): Delivering touch to current input target: action: 0x3
I/InputReader( 2010): Touch event's action is 0x1 (deviceType=0) [pCnt=1, s=]
D/PointerInterceptView( 2010): Receive COLLAPSED
W/Vibrator( 2010): Vibrator.cancel()
D/WindowManager( 2010): PhoneWindowManager: focusChangedLw
D/KeyguardViewMediator( 2010): setHidden false
V/PhoneStatusBar( 2113): setLightsOn(true)
D/KeyguardViewMediator( 2010): setHidden false
D/KeyguardViewMediator( 2010): setHidden false
D/dalvikvm( 2010): WAIT_FOR_CONCURRENT_GC blocked 0ms
W/SignalStrength( 2010): getGsmLevel=1
W/SignalStrength( 2010): getLevel=1 (SignalStrength: 99 -1 -1 -1 -1 -1 -1 -1 -1 -1 -1 -1 gsm|lte 1)
W/SignalStrength( 2010): getGsmDbm=-1
W/SignalStrength( 2010): getDbm=-1
W/SignalStrength( 2010): getGsmAsuLevel=99
W/SignalStrength( 2010): getAsuLevel=99
W/SignalStrength( 2113): getGsmLevel=1
W/SignalStrength( 2113): getLevel=1 (SignalStrength: 99 -1 -1 -1 -1 -1 -1 -1 -1 -1 -1 -1 gsm|lte 1)
W/SignalStrength( 2113): getGsmLevel=1
W/SignalStrength( 2113): getLevel=1 (SignalStrength: 99 -1 -1 -1 -1 -1 -1 -1 -1 -1 -1 -1 gsm|lte 1)
D/dalvikvm( 2010): GC_EXPLICIT freed 1815K, 49% free 19627K/38471K, paused 19ms+14ms, total 180ms
E/MtpService(32371): In MTPAPP onReceive:android.intent.action.BATTERY_CHANGED
E/MtpService(32371): battPlugged Type : 2
E/MtpService(32371): In MTPAPP onReceive:android.intent.action.BATTERY_CHANGED
E/MtpService(32371): battPlugged Type : 2
D/widget ( 2290): [MSC_HERO_Accu_JB]>>> SM:1288 [0:0] bTCC WCV = 100
D/widget ( 2290): [MSC_HERO_Accu_JB]>>> WC:1664 [0:0] drw 1nd Tm dt = 0628
D/ClockAlarmWidgetService(17804): [ClockAlarmWidgetService] onReceive: action = android.intent.action.TIME_TICK
E/ClockAlarmWidget(17804): [AlarmWidgetIdManager] getListItem() : itemIndex=0, widgetID:1
E/ClockAlarmWidget(17804): [AlarmWidgetIdManager] getListItem() : ItemIndex exceed ListItemCount. itemIndex=1
E/ClockAlarmWidget(17804): [AlarmWidgetIdManager] getListItem() : itemIndex=1, widgetID:1
D/ClockAlarmDataProvider(17804): getAlarm() - too many same ID alarm data. nCount: 0
E/MtpService(32371): In MTPAPP onReceive:android.intent.action.BATTERY_CHANGED
E/MtpService(32371): battPlugged Type : 2
I/EventLogService( 2352): Aggregate from 1366063084133 (log), 1366063084133 (data)
E/MtpService(32371): In MTPAPP onReceive:android.intent.action.BATTERY_CHANGED
E/MtpService(32371): battPlugged Type : 2
E/MtpService(32371): In MTPAPP onReceive:android.intent.action.BATTERY_CHANGED
E/MtpService(32371): battPlugged Type : 2
W/SignalStrength( 2010): getGsmLevel=2
W/SignalStrength( 2010): getLevel=2 (SignalStrength: 99 -1 -1 -1 -1 -1 -1 -1 -1 -1 -1 -1 gsm|lte 2)
W/SignalStrength( 2113): getGsmLevel=2
W/SignalStrength( 2113): getLevel=2 (SignalStrength: 99 -1 -1 -1 -1 -1 -1 -1 -1 -1 -1 -1 gsm|lte 2)
W/SignalStrength( 2113): getGsmLevel=2
W/SignalStrength( 2113): getLevel=2 (SignalStrength: 99 -1 -1 -1 -1 -1 -1 -1 -1 -1 -1 -1 gsm|lte 2)
W/SignalStrength( 2010): getGsmDbm=-1
W/SignalStrength( 2010): getDbm=-1
W/SignalStrength( 2010): getGsmAsuLevel=99
W/SignalStrength( 2010): getAsuLevel=99
E/MtpService(32371): In MTPAPP onReceive:android.intent.action.BATTERY_CHANGED
E/MtpService(32371): battPlugged Type : 2
W/SignalStrength( 2010): getGsmLevel=1
W/SignalStrength( 2010): getLevel=1 (SignalStrength: 99 -1 -1 -1 -1 -1 -1 -1 -1 -1 -1 -1 gsm|lte 1)
W/SignalStrength( 2113): getGsmLevel=1
W/SignalStrength( 2113): getLevel=1 (SignalStrength: 99 -1 -1 -1 -1 -1 -1 -1 -1 -1 -1 -1 gsm|lte 1)
W/SignalStrength( 2113): getGsmLevel=1
W/SignalStrength( 2113): getLevel=1 (SignalStrength: 99 -1 -1 -1 -1 -1 -1 -1 -1 -1 -1 -1 gsm|lte 1)
W/SignalStrength( 2010): getGsmDbm=-1
W/SignalStrength( 2010): getDbm=-1
W/SignalStrength( 2010): getGsmAsuLevel=99
W/SignalStrength( 2010): getAsuLevel=99
E/MtpService(32371): In MTPAPP onReceive:android.intent.action.BATTERY_CHANGED
E/MtpService(32371): battPlugged Type : 2
W/SignalStrength( 2010): getGsmLevel=2
W/SignalStrength( 2010): getLevel=2 (SignalStrength: 99 -1 -1 -1 -1 -1 -1 -1 -1 -1 -1 -1 gsm|lte 2)
W/SignalStrength( 2113): getGsmLevel=2
W/SignalStrength( 2113): getLevel=2 (SignalStrength: 99 -1 -1 -1 -1 -1 -1 -1 -1 -1 -1 -1 gsm|lte 2)
W/SignalStrength( 2113): getGsmLevel=2
W/SignalStrength( 2113): getLevel=2 (SignalStrength: 99 -1 -1 -1 -1 -1 -1 -1 -1 -1 -1 -1 gsm|lte 2)
W/SignalStrength( 2010): getGsmDbm=-1
W/SignalStrength( 2010): getDbm=-1
W/SignalStrength( 2010): getGsmAsuLevel=99
W/SignalStrength( 2010): getAsuLevel=99
E/Trace (20367): error opening trace file: No such file or directory (2)
I/ActivityThread(20367): Pub downloads: com.android.providers.downloads.DownloadProvider
I/ActivityThread(20367): Pub drm: com.android.providers.drm.DrmProvider
I/ActivityThread(20367): Pub sisodownloads: com.sec.android.providers.downloads.SecDownloadProvider
I/ActivityThread(20367): Pub media: com.android.providers.media.MediaProvider
D/ContentApp(20367): ContentApp()
D/ContentApp(20367): create cache if media mounted.. media : mounted
D/facerecognition(20367): FR_FileOpen /storage/sdcard0/.face/facedata=51
D/facerecognition(20367): FR_FileOpen /data/data/com.android.providers.media/face/facedata=52
D/MediaProvider(20367): new PersonDataBaseHelper()
D/MediaScanner(20367): Scanner initMutex res = 0
D/MtpService(20367): addStorageLocked 65537 /storage/sdcard0
D/MtpService(20367): starting MTP server in MTP mode
D/MediaScanner(20367): Constructor set externalStorageSdPath : /storage/extSdCard
E/MtpServerJNI(20367): could not open MTP driver, errno: 2
D/MtpService(20367): addStorageLocked 65537 /storage/sdcard0
E/MtpServerJNI(20367): server is null in add_storage
E/MtpServerJNI(20367): server is null in run
E/MtpServerJNI(20367): server is null in cleanup
D/dalvikvm(20367): GC_CONCURRENT freed 257K, 10% free 9436K/10375K, paused 14ms+2ms, total 53ms
E/MtpService(32371): In MTPAPP onReceive:android.intent.action.BATTERY_CHANGED
E/MtpService(32371): battPlugged Type : 2
D/widget ( 2290): [MSC_HERO_Accu_JB]>>> SM:1288 [0:0] bTCC WCV = 100
D/widget ( 2290): [MSC_HERO_Accu_JB]>>> WC:1664 [0:0] drw 1nd Tm dt = 0629
D/ClockAlarmWidgetService(17804): [ClockAlarmWidgetService] onReceive: action = android.intent.action.TIME_TICK
E/ClockAlarmWidget(17804): [AlarmWidgetIdManager] getListItem() : itemIndex=0, widgetID:1
E/ClockAlarmWidget(17804): [AlarmWidgetIdManager] getListItem() : ItemIndex exceed ListItemCount. itemIndex=1
E/ClockAlarmWidget(17804): [AlarmWidgetIdManager] getListItem() : itemIndex=1, widgetID:1
D/ClockAlarmDataProvider(17804): getAlarm() - too many same ID alarm data. nCount: 0
E/MtpService(32371): In MTPAPP onReceive:android.intent.action.BATTERY_CHANGED
E/MtpService(32371): battPlugged Type : 2
W/SignalStrength( 2010): getGsmLevel=1
W/SignalStrength( 2010): getLevel=1 (SignalStrength: 99 -1 -1 -1 -1 -1 -1 -1 -1 -1 -1 -1 gsm|lte 1)
W/SignalStrength( 2113): getGsmLevel=1
W/SignalStrength( 2113): getLevel=1 (SignalStrength: 99 -1 -1 -1 -1 -1 -1 -1 -1 -1 -1 -1 gsm|lte 1)
W/SignalStrength( 2113): getGsmLevel=1
W/SignalStrength( 2113): getLevel=1 (SignalStrength: 99 -1 -1 -1 -1 -1 -1 -1 -1 -1 -1 -1 gsm|lte 1)
W/SignalStrength( 2010): getGsmDbm=-1
W/SignalStrength( 2010): getDbm=-1
W/SignalStrength( 2010): getGsmAsuLevel=99
W/SignalStrength( 2010): getAsuLevel=99
W/SignalStrength( 2010): getGsmLevel=2
W/SignalStrength( 2010): getLevel=2 (SignalStrength: 99 -1 -1 -1 -1 -1 -1 -1 -1 -1 -1 -1 gsm|lte 2)
W/SignalStrength( 2113): getGsmLevel=2
W/SignalStrength( 2113): getLevel=2 (SignalStrength: 99 -1 -1 -1 -1 -1 -1 -1 -1 -1 -1 -1 gsm|lte 2)
W/SignalStrength( 2113): getGsmLevel=2
W/SignalStrength( 2113): getLevel=2 (SignalStrength: 99 -1 -1 -1 -1 -1 -1 -1 -1 -1 -1 -1 gsm|lte 2)
W/SignalStrength( 2010): getGsmDbm=-1
W/SignalStrength( 2010): getDbm=-1
W/SignalStrength( 2010): getGsmAsuLevel=99
W/SignalStrength( 2010): getAsuLevel=99
E/MtpService(32371): In MTPAPP onReceive:android.intent.action.BATTERY_CHANGED
E/MtpService(32371): battPlugged Type : 2
W/SignalStrength( 2010): getGsmLevel=1
W/SignalStrength( 2010): getLevel=1 (SignalStrength: 99 -1 -1 -1 -1 -1 -1 -1 -1 -1 -1 -1 gsm|lte 1)
W/SignalStrength( 2113): getGsmLevel=1
W/SignalStrength( 2113): getLevel=1 (SignalStrength: 99 -1 -1 -1 -1 -1 -1 -1 -1 -1 -1 -1 gsm|lte 1)
W/SignalStrength( 2113): getGsmLevel=1
W/SignalStrength( 2010): getGsmDbm=-1
W/SignalStrength( 2010): getDbm=-1
W/SignalStrength( 2010): getGsmAsuLevel=99
W/SignalStrength( 2010): getAsuLevel=99
W/SignalStrength( 2113): getLevel=1 (SignalStrength: 99 -1 -1 -1 -1 -1 -1 -1 -1 -1 -1 -1 gsm|lte 1)
E/MtpService(32371): In MTPAPP onReceive:android.intent.action.BATTERY_CHANGED
E/MtpService(32371): battPlugged Type : 2
W/SignalStrength( 2010): getGsmLevel=2
W/SignalStrength( 2010): getLevel=2 (SignalStrength: 99 -1 -1 -1 -1 -1 -1 -1 -1 -1 -1 -1 gsm|lte 2)
W/SignalStrength( 2113): getGsmLevel=2
W/SignalStrength( 2113): getLevel=2 (SignalStrength: 99 -1 -1 -1 -1 -1 -1 -1 -1 -1 -1 -1 gsm|lte 2)
W/SignalStrength( 2113): getGsmLevel=2
W/SignalStrength( 2113): getLevel=2 (SignalStrength: 99 -1 -1 -1 -1 -1 -1 -1 -1 -1 -1 -1 gsm|lte 2)
W/SignalStrength( 2010): getGsmDbm=-1
W/SignalStrength( 2010): getDbm=-1
W/SignalStrength( 2010): getGsmAsuLevel=99
W/SignalStrength( 2010): getAsuLevel=99
E/MtpService(32371): In MTPAPP onReceive:android.intent.action.BATTERY_CHANGED
E/MtpService(32371): battPlugged Type : 2
E/MtpService(32371): In MTPAPP onReceive:android.intent.action.BATTERY_CHANGED
E/MtpService(32371): battPlugged Type : 2
D/widget ( 2290): [MSC_HERO_Accu_JB]>>> SM:1288 [0:0] bTCC WCV = 100
D/widget ( 2290): [MSC_HERO_Accu_JB]>>> WC:1664 [0:0] drw 1nd Tm dt = 0630
D/ClockAlarmWidgetService(17804): [ClockAlarmWidgetService] onReceive: action = android.intent.action.TIME_TICK
E/ClockAlarmWidget(17804): [AlarmWidgetIdManager] getListItem() : itemIndex=0, widgetID:1
E/ClockAlarmWidget(17804): [AlarmWidgetIdManager] getListItem() : ItemIndex exceed ListItemCount. itemIndex=1
E/ClockAlarmWidget(17804): [AlarmWidgetIdManager] getListItem() : itemIndex=1, widgetID:1
D/ClockAlarmDataProvider(17804): getAlarm() - too many same ID alarm data. nCount: 0
W/SignalStrength( 2010): getGsmLevel=1
W/SignalStrength( 2010): getLevel=1 (SignalStrength: 99 -1 -1 -1 -1 -1 -1 -1 -1 -1 -1 -1 gsm|lte 1)
W/SignalStrength( 2010): getGsmDbm=-1
W/SignalStrength( 2010): getDbm=-1
W/SignalStrength( 2010): getGsmAsuLevel=99
W/SignalStrength( 2010): getAsuLevel=99
W/SignalStrength( 2113): getGsmLevel=1
W/SignalStrength( 2113): getLevel=1 (SignalStrength: 99 -1 -1 -1 -1 -1 -1 -1 -1 -1 -1 -1 gsm|lte 1)
W/SignalStrength( 2113): getGsmLevel=1
W/SignalStrength( 2113): getLevel=1 (SignalStrength: 99 -1 -1 -1 -1 -1 -1 -1 -1 -1 -1 -1 gsm|lte 1)
E/MtpService(32371): In MTPAPP onReceive:android.intent.action.BATTERY_CHANGED
E/MtpService(32371): battPlugged Type : 2
E/MtpService(32371): In MTPAPP onReceive:android.intent.action.BATTERY_CHANGED
E/MtpService(32371): battPlugged Type : 2
E/MtpService(32371): In MTPAPP onReceive:android.intent.action.BATTERY_CHANGED
E/MtpService(32371): battPlugged Type : 2
W/SignalStrength( 2010): getGsmLevel=2
W/SignalStrength( 2010): getLevel=2 (SignalStrength: 99 -1 -1 -1 -1 -1 -1 -1 -1 -1 -1 -1 gsm|lte 2)
W/SignalStrength( 2113): getGsmLevel=2
W/SignalStrength( 2113): getLevel=2 (SignalStrength: 99 -1 -1 -1 -1 -1 -1 -1 -1 -1 -1 -1 gsm|lte 2)
W/SignalStrength( 2113): getGsmLevel=2
W/SignalStrength( 2010): getGsmDbm=-1
W/SignalStrength( 2010): getDbm=-1
W/SignalStrength( 2113): getLevel=2 (SignalStrength: 99 -1 -1 -1 -1 -1 -1 -1 -1 -1 -1 -1 gsm|lte 2)
W/SignalStrength( 2010): getGsmAsuLevel=99
W/SignalStrength( 2010): getAsuLevel=99
E/MtpService(32371): In MTPAPP onReceive:android.intent.action.BATTERY_CHANGED
E/MtpService(32371): battPlugged Type : 2
D/AndroidRuntime(20519):
D/AndroidRuntime(20519): >>>>>> AndroidRuntime START com.android.internal.os.RuntimeInit <<<<<<
D/AndroidRuntime(20519): CheckJNI is OFF
D/AndroidRuntime(20519): setted country_code = PANAMA
D/AndroidRuntime(20519): setted countryiso_code = PA
D/AndroidRuntime(20519): setted sales_code = TPA
D/AndroidRuntime(20519): readGMSProperty: start
D/AndroidRuntime(20519): readGMSProperty: already setted!!
D/AndroidRuntime(20519): readGMSProperty: end
D/dalvikvm(20519): Trying to load lib libjavacore.so 0x0
D/dalvikvm(20519): Added shared lib libjavacore.so 0x0
D/dalvikvm(20519): Trying to load lib libnativehelper.so 0x0
D/dalvikvm(20519): Added shared lib libnativehelper.so 0x0
D/AndroidRuntime(20519): Calling main entry com.android.commands.pm.Pm
I/PackageManager( 2010): Removing non-system package:com.androidproject
D/WindowManager( 2010): PhoneWindowManager: focusChangedLw
D/KeyguardViewMediator( 2010): setHidden false
W/InputDispatcher( 2010): channel ~ Consumer closed input channel or an error occurred. events=0x9
E/InputDispatcher( 2010): channel ~ Channel is unrecoverably broken and will be disposed!
W/InputDispatcher( 2010): Attempted to unregister already unregistered input channel
D/KeyguardViewMediator( 2010): setHidden false
I/libblt_hw( 1665): Library closed (handle = 1, fd = 29)
D/dalvikvm( 2010): GC_CONCURRENT freed 1944K, 49% free 19731K/38471K, paused 15ms+12ms, total 147ms
D/dalvikvm( 2010): WAIT_FOR_CONCURRENT_GC blocked 106ms
I/InputReader( 2010): Reconfiguring input devices. changes=0x00000004
I/InputReader( 2010): Device reconfigured: id=9, name='sec_touchscreen', surface size is now 480x800, mode is 1
D/PhoneApp( 2235): updateProximitySensorMode: lock already released.
D/KeyguardViewMediator( 2010): setHidden false
D/Launcher( 2290): onRestart, Launcher: 1109032568
D/Launcher( 2290): onStart, Launcher: 1109032568
D/Launcher.HomeFragment( 2290): onStart
D/Launcher( 2290): onResume, Launcher: 1109032568
D/KeyguardViewMediator( 2010): setHidden false
D/KeyguardViewMediator( 2010): setHidden false
D/ClockAlarmWidgetService(17804): [ClockAlarmWidgetService] onReceive: action = android.intent.action.CONFIGURATION_CHANGED
E/ClockAlarmWidget(17804): [AlarmWidgetIdManager] getListItem() : itemIndex=0, widgetID:1
E/ClockAlarmWidget(17804): [AlarmWidgetIdManager] getListItem() : ItemIndex exceed ListItemCount. itemIndex=1
E/ClockAlarmWidget(17804): [AlarmWidgetIdManager] getListItem() : itemIndex=1, widgetID:1
D/ClockAlarmDataProvider(17804): getAlarm() - too many same ID alarm data. nCount: 0
D/comsamsunglog( 2290): [MSC_HERO_Accu_JB]>>> ====================================================================================================================
D/comsamsunglog( 2290): [MSC_HERO_Accu_JB]>>> widgetappapheroaccuweatherwidget [Version : 12101501] [ 1 ]
D/comsamsunglog( 2290): [MSC_HERO_Accu_JB]>>> Header set to : ===> "widget" <===
D/comsamsunglog( 2290): [MSC_HERO_Accu_JB]>>> ====================================================================================================================
D/widget ( 2290): [MSC_HERO_Accu_JB]>>> WC:917 [0:0] onResume :: fU = true cEUi = true
D/widget ( 2290): [MSC_HERO_Accu_JB]>>> WC:953 [0:0] onResume :: mFAR = false, cC = false, cEUI = true
D/widget ( 2290): [MSC_HERO_Accu_JB]>>> WC:1265 [0:0] cUI : cnt = 0, mRC = true
D/widget ( 2290): [MSC_HERO_Accu_JB]>>> WC:1293 [0:0] composeEmptyCityUI : true
D/KeyguardViewMediator( 2010): setHidden false
D/widget ( 2290): [MSC_HERO_Accu_JB]>>> SM:446 [0:0] IR : false, IPR : false
D/widget ( 2290): [MSC_HERO_Accu_JB]>>> SM:1288 [0:0] bTCC WCV = 100
D/widget ( 2290): [MSC_HERO_Accu_JB]>>> WC:1664 [0:0] drw 1nd Tm dt = 0630
E/Launcher( 2290): Error finding setting, default accessibility to not found: accessibility_enabled
D/Launcher.HomeFragment( 2290): onResume
D/KeyguardViewMediator( 2010): setHidden false
D/MenuAppsGridFragment( 2290): onResume
D/AlarmWidget( 3673): [AlarmWidgetProvider] onReceive()@@@ com.sec.android.intent.action.HOME_RESUME
D/AlarmWidget( 3673): [AlarmWidgetProvider] widgetId = -1, selectId =-1
D/AlarmWidget( 3673): [AlarmWidgetProvider] ACTION_ALARM_APPWIDGET_UPDATE
I/libblt_hw( 1665): Library opened (handle = 0, fd = 30)
D/WindowManager( 2010): PhoneWindowManager: focusChangedLw
D/KeyguardViewMediator( 2010): setHidden false
V/TaskCloserActivity(17396): TaskCloserActivity onReceive() - com.sec.android.intent.action.HOME_RESUME
D/KeyguardViewMediator( 2010): setHidden false
D/KeyguardViewMediator( 2010): setHidden false
D/KeyguardViewMediator( 2010): setHidden false
D/KeyguardViewMediator( 2010): setHidden false
D/KeyguardViewMediator( 2010): setHidden false
I/ClipboardServiceEx( 2010): Send intent for dismiss clipboard dialog inside hideCurrentInputLocked() !
D/dalvikvm(20530): DexOpt: 'Lorg/apache/commons/codec/binary/Base64;' has an earlier definition; blocking out
D/dalvikvm(20530): DexOpt: 'Lorg/apache/commons/codec/binary/Hex;' has an earlier definition; blocking out
D/dalvikvm(20530): DexOpt: 'Lorg/w3c/dom/UserDataHandler;' has an earlier definition; blocking out
D/dalvikvm(20530): DexOpt: not verifying/optimizing 'Lorg/apache/commons/codec/binary/Base64;': multiple definitions
D/dalvikvm(20530): DexOpt: not verifying/optimizing 'Lorg/apache/commons/codec/binary/Hex;': multiple definitions
I/dalvikvm(20530): DexOpt: not resolving ambiguous class 'Lorg/apache/commons/codec/binary/Hex;'
D/KeyguardViewMediator( 2010): setHidden false
D/KeyguardViewMediator( 2010): setHidden false
I/dalvikvm(20530): DexOpt: not resolving ambiguous class 'Lorg/apache/commons/codec/binary/Base64;'
I/dalvikvm(20530): DexOpt: not resolving ambiguous class 'Lorg/apache/commons/codec/binary/Base64;'
D/dalvikvm(20530): DexOpt: not verifying/optimizing 'Lorg/w3c/dom/UserDataHandler;': multiple definitions
I/dalvikvm(20530): DexOpt: not resolving ambiguous class 'Lorg/apache/commons/codec/binary/Hex;'
D/dalvikvm(20530): DexOpt: load 161ms, verify+opt 505ms, 1923284 bytes
I/InputReader( 2010): Reconfiguring input devices. changes=0x00000010
D/CapabilityManagerService(17577): Receiver Broadcast:android.intent.action.PACKAGE_REMOVED
D/CapabilityManagerService(17577): The package(com.androidproject) updated
I/BackGroundService( 2919): BackGroundService:패키지 삭제 BR 수신 처리 오류
W/System.err( 2919): android.database.sqlite.SQLiteConstraintException: column packagename is not unique (code 19)
W/System.err( 2919): at android.database.sqlite.SQLiteConnection.nativeExecuteForChangedRowCount(Native Method)
W/System.err( 2919): at android.database.sqlite.SQLiteConnection.executeForChangedRowCount(SQLiteConnection.java:858)
W/System.err( 2919): at android.database.sqlite.SQLiteSession.executeForChangedRowCount(SQLiteSession.java:754)
W/System.err( 2919): at android.database.sqlite.SQLiteStatement.executeUpdateDelete(SQLiteStatement.java:64)
W/System.err( 2919): at android.database.sqlite.SQLiteDatabase.executeSql(SQLiteDatabase.java:1665)
W/System.err( 2919): at android.database.sqlite.SQLiteDatabase.execSQL(SQLiteDatabase.java:1594)
W/System.err( 2919): at com.tgrape.android.radar.service.BackGroundService.handleReceiveDeletePackage(BackGroundService.java:707)
W/System.err( 2919): at com.tgrape.android.radar.service.BackGroundService.access$5(BackGroundService.java:690)
W/System.err( 2919): at com.tgrape.android.radar.service.BackGroundService$3.onReceive(BackGroundService.java:137)
W/System.err( 2919): at android.app.LoadedApk$ReceiverDispatcher$Args.run(LoadedApk.java:755)
W/System.err( 2919): at android.os.Handler.handleCallback(Handler.java:615)
W/System.err( 2919): at android.os.Handler.dispatchMessage(Handler.java:92)
W/System.err( 2919): at android.os.Looper.loop(Looper.java:137)
W/System.err( 2919): at android.app.ActivityThread.main(ActivityThread.java:4856)
W/System.err( 2919): at java.lang.reflect.Method.invokeNative(Native Method)
W/System.err( 2919): at java.lang.reflect.Method.invoke(Method.java:511)
W/System.err( 2919): at com.android.internal.os.ZygoteInit$MethodAndArgsCaller.run(ZygoteInit.java:1007)
W/System.err( 2919): at com.android.internal.os.ZygoteInit.main(ZygoteInit.java:774)
W/System.err( 2919): at dalvik.system.NativeStart.main(Native Method)
W/ResourceType( 2943): Failure getting entry for 0x7f020426 (t=1 e=1062) in package 0 (error -75)
I/InputReader( 2010): Reconfiguring input devices. changes=0x00000010
I/BackGroundService( 2919): BackGroundService:패키지 설치 BR 수신 처리 시작
W/ResourceType( 2943): Failure getting entry for 0x7f020426 (t=1 e=1062) in package 0 (error -75)
D/Launcher.MenuAppsGrid( 2290): StateObj::getAppsList() item count = 38
D/CellLayoutChildren( 2290): setCellDimensions. width: 117, height: 126, gapX: 0, gapY: 0
D/CellLayout( 2290): setGridSize(4, 5)
D/CellLayoutChildren( 2290): setCellDimensions. width: 117, height: 126, gapX: 0, gapY: 0
D/CellLayout( 2290): setGridSize(4, 5)
D/dalvikvm( 2010): WAIT_FOR_CONCURRENT_GC blocked 0ms
E/MtpService(32371): In MTPAPP onReceive:android.intent.action.BATTERY_CHANGED
E/MtpService(32371): battPlugged Type : 2
I/PCWCLIENTTRACE_SPPReceiver(17632): [onReceive] - android.intent.action.PACKAGE_REMOVED
I/SA (26388): [SUR] onReceive log=[SA = 1.3.050 V = 16 HWD = 800X480 1.5 SIZE = 2 LOCALE = en_US CSC = TPA MCC = 0 MNC 0 T = user DEVICE = golden P = goldenub I = JRO03H M = GT-I8190L OKLEFT false DIS JRO03H.I8190LUBALK4 ]
I/SA (26388): [SUR] onReceive Intent=[ action_PACKAGE_REPLACED package ]
D/dalvikvm(17676): GC_CONCURRENT freed 273K, 10% free 9426K/10375K, paused 3ms+4ms, total 62ms
D/dalvikvm( 2010): GC_EXPLICIT freed 2184K, 50% free 19444K/38471K, paused 16ms+29ms, total 383ms
D/AndroidRuntime(20519): Shutting down VM
D/dalvikvm(20519): GC_CONCURRENT freed 101K, 87% free 546K/4096K, paused 1ms+1ms, total 15ms
I/AndroidRuntime(20519): NOTE: attach of thread 'Binder_3' failed
D/CapabilityManagerService(17577): Receiver Broadcast:android.intent.action.PACKAGE_ADDED
D/dalvikvm( 2010): WAIT_FOR_CONCURRENT_GC blocked 0ms
D/dalvikvm( 2010): GC_EXPLICIT freed 308K, 50% free 19281K/38471K, paused 16ms+17ms, total 151ms
D/dalvikvm( 2010): WAIT_FOR_CONCURRENT_GC blocked 0ms
D/dalvikvm( 2352): GC_CONCURRENT freed 400K, 11% free 10485K/11655K, paused 5ms+26ms, total 66ms
I/PCWCLIENTTRACE_SPPReceiver(17632): [onReceive] - android.intent.action.PACKAGE_ADDED
D/dalvikvm(17619): GC_CONCURRENT freed 419K, 11% free 9281K/10375K, paused 2ms+2ms, total 53ms
D/dalvikvm( 2010): GC_EXPLICIT freed 139K, 50% free 19289K/38471K, paused 17ms+14ms, total 222ms
D/AndroidRuntime(20556):
D/AndroidRuntime(20556): >>>>>> AndroidRuntime START com.android.internal.os.RuntimeInit <<<<<<
D/AndroidRuntime(20556): CheckJNI is OFF
D/AndroidRuntime(20556): setted country_code = PANAMA
D/AndroidRuntime(20556): setted countryiso_code = PA
D/AndroidRuntime(20556): setted sales_code = TPA
D/AndroidRuntime(20556): readGMSProperty: start
D/AndroidRuntime(20556): readGMSProperty: already setted!!
D/AndroidRuntime(20556): readGMSProperty: end
D/dalvikvm(20556): Trying to load lib libjavacore.so 0x0
D/dalvikvm(20556): Added shared lib libjavacore.so 0x0
D/dalvikvm(20556): Trying to load lib libnativehelper.so 0x0
D/dalvikvm(20556): Added shared lib libnativehelper.so 0x0
I/SA (26388): [SUR] onReceive log=[SA = 1.3.050 V = 16 HWD = 800X480 1.5 SIZE = 2 LOCALE = en_US CSC = TPA MCC = 0 MNC 0 T = user DEVICE = golden P = goldenub I = JRO03H M = GT-I8190L OKLEFT false DIS JRO03H.I8190LUBALK4 ]
I/SA (26388): [SUR] onReceive Intent=[ android.intent.action.PACKAGE_ADDED package ]
W/System.err(27132): java.lang.NullPointerException
W/System.err(27132): at com.google.android.apps.plus.content.EsDatabaseHelper.getDatabaseHelper(EsDatabaseHelper.java:85)
W/System.err(27132): at com.google.android.apps.plus.content.EsDeepLinkInstallsData.getByPackageName(EsDeepLinkInstallsData.java:126)
W/System.err(27132): at com.google.android.apps.plus.service.EsService.processIntent2$751513a6(EsService.java:4580)
W/System.err(27132): at com.google.android.apps.plus.service.EsService.processIntent(EsService.java:3149)
W/System.err(27132): at com.google.android.apps.plus.service.ServiceThread$1.run(ServiceThread.java:50)
W/System.err(27132): at android.os.Handler.handleCallback(Handler.java:615)
W/System.err(27132): at android.os.Handler.dispatchMessage(Handler.java:92)
W/System.err(27132): at android.os.Looper.loop(Looper.java:137)
W/System.err(27132): at com.google.android.apps.plus.service.ServiceThread.run(ServiceThread.java:122)
I/SA (26388): [SUR] onReceive log=[SA = 1.3.050 V = 16 HWD = 800X480 1.5 SIZE = 2 LOCALE = en_US CSC = TPA MCC = 0 MNC 0 T = user DEVICE = golden P = goldenub I = JRO03H M = GT-I8190L OKLEFT false DIS JRO03H.I8190LUBALK4 ]
I/SA (26388): [SUR] onReceive Intent=[ action_PACKAGE_REPLACED package ]
D/AndroidRuntime(20556): Calling main entry com.android.commands.am.Am
I/power ( 2010): *** acquire_dvfs_lock : lockType : 1 freq : 1000000
I/libblt_hw( 1665): Library opened (handle = 1, fd = 42)
D/KeyguardViewMediator( 2010): setHidden false
D/dalvikvm( 2010): GC_CONCURRENT freed 479K, 46% free 20826K/38471K, paused 29ms+10ms, total 149ms
D/dalvikvm( 2010): WAIT_FOR_CONCURRENT_GC blocked 120ms
D/Launcher.HomeFragment( 2290): onPause
D/Launcher( 2290): onPause, Launcher: 1109032568
D/widget ( 2290): [MSC_HERO_Accu_JB]>>> WC:1028 [0:0] onPause
D/KeyguardViewMediator( 2010): setHidden false
D/AndroidRuntime(20556): Shutting down VM
V/TaskCloserActivity(17396): TaskCloserActivity onReceive() - com.sec.android.intent.action.HOME_PAUSE
D/dalvikvm(20556): GC_CONCURRENT freed 103K, 86% free 585K/4096K, paused 1ms+1ms, total 15ms
I/AndroidRuntime(20556): NOTE: attach of thread 'Binder_3' failed
I/ApplicationUsage( 2010): handleMessage : MSG_UPDATE_USAGE_DB
I/ApplicationUsage( 2010): Updating Usage Statistics in DB @ 1366065046852
I/dalvikvm(20574): Turning on JNI app bug workarounds for target SDK version 8...
D/Launcher( 2290): onTrimMemory. Level: 20
D/WindowManager( 2010): PhoneWindowManager: focusChangedLw
D/KeyguardViewMediator( 2010): setHidden false
D/KeyguardViewMediator( 2010): setHidden false
E/Trace (20574): error opening trace file: No such file or directory (2)
D/KeyguardViewMediator( 2010): setHidden false
D/KeyguardViewMediator( 2010): setHidden false
I/TiApplication(20574): (main) [0,0] checkpoint, app created.
I/TiApplication(20574): (main) [45,45] Titanium 3.1.0 (2013/04/15 01:43 40d2055)
D/dalvikvm(20574): GC_CONCURRENT freed 319K, 10% free 9431K/10375K, paused 4ms+3ms, total 42ms
D/dalvikvm(20574): WAIT_FOR_CONCURRENT_GC blocked 31ms
I/TiApplication(20574): (main) [164,209] Titanium Javascript runtime: v8
D/dalvikvm(20574): Trying to load lib /data/data/com.androidproject/lib/libstlport_shared.so 0x421b1460
D/dalvikvm(20574): Added shared lib /data/data/com.androidproject/lib/libstlport_shared.so 0x421b1460
D/dalvikvm(20574): No JNI_OnLoad found in /data/data/com.androidproject/lib/libstlport_shared.so 0x421b1460, skipping init
D/dalvikvm(20574): Trying to load lib /data/data/com.androidproject/lib/libkroll-v8.so 0x421b1460
D/dalvikvm(20574): Added shared lib /data/data/com.androidproject/lib/libkroll-v8.so 0x421b1460
D/AndroidmoduleModule(20574): (main) [26,235] inside onAppCreate
I/TiRootActivity(20574): (main) [0,0] checkpoint, on root activity create, savedInstanceState: null
D/KeyguardViewMediator( 2010): setHidden false
D/KeyguardViewMediator( 2010): setHidden false
I/libblt_hw( 1665): Library closed (handle = 0, fd = 30)
E/TiApplication(20574): (KrollRuntimeThread) [268,268] APP PROXY: ti.modules.titanium.app.AppModule@421a89b8
D/dalvikvm(20574): Trying to load lib /data/data/com.androidproject/lib/libti.androidmodule.so 0x421b1460
D/dalvikvm(20574): Added shared lib /data/data/com.androidproject/lib/libti.androidmodule.so 0x421b1460
D/dalvikvm(20574): No JNI_OnLoad found in /data/data/com.androidproject/lib/libti.androidmodule.so 0x421b1460, skipping init
I/power ( 2010): *** release_dvfs_lock : lockType : 1
I/TiAPI (20574): module is => [object Object]
D/AndroidmoduleModule(20574): (KrollRuntimeThread) [1243,1511] example called
D/AndroidmoduleModule(20574): (KrollRuntimeThread) [15,1526] get example property
I/TiAPI (20574): module exampleProp is => hello world
D/AndroidmoduleModule(20574): (KrollRuntimeThread) [0,1526] set example property: This is a test value
D/ExampleProxy(20574): (KrollRuntimeThread) [5,1531] example created with message: Creating an example Proxy
D/ExampleProxy(20574): (KrollRuntimeThread) [1,1532] printing message: Hello world!
D/ExampleProxy(20574): (KrollRuntimeThread) [0,1532] Tried setting module message to: Hi world!. It's me again.
D/ExampleProxy(20574): (KrollRuntimeThread) [0,1532] printing message: Hello world!
D/dalvikvm(20574): GC_CONCURRENT freed 280K, 9% free 9569K/10503K, paused 12ms+3ms, total 35ms
D/dalvikvm(20574): GC_FOR_ALLOC freed 25K, 9% free 9592K/10503K, paused 19ms, total 20ms
I/dalvikvm-heap(20574): Grow heap (frag case) to 11.439MB for 1536016-byte allocation
D/dalvikvm(20574): GC_CONCURRENT freed 1K, 8% free 11090K/12039K, paused 2ms+2ms, total 19ms
D/dalvikvm(20574): Trying to load lib /data/data/com.androidproject/lib/libtiverify.so 0x421b1460
D/dalvikvm(20574): Added shared lib /data/data/com.androidproject/lib/libtiverify.so 0x421b1460
I/TiRootActivity(20574): (main) [0,0] checkpoint, on root activity resume. activity = com.androidproject.AndroidprojectActivity@421ccbf0
I/libblt_hw( 1665): Library opened (handle = 0, fd = 29)
D/WindowManager( 2010): PhoneWindowManager: focusChangedLw
D/KeyguardViewMediator( 2010): setHidden false
V/PhoneStatusBar( 2113): setLightsOn(true)
I/InputReader( 2010): Reconfiguring input devices. changes=0x00000004
I/InputReader( 2010): Device reconfigured: id=9, name='sec_touchscreen', surface size is now 480x800, mode is 1
D/PhoneApp( 2235): updateProximitySensorMode: lock already released.
I/ClipboardServiceEx( 2010): Send intent for dismiss clipboard dialog inside hideCurrentInputLocked() !
D/KeyguardViewMediator( 2010): setHidden false
D/KeyguardViewMediator( 2010): setHidden false
D/ClockAlarmWidgetService(17804): [ClockAlarmWidgetService] onReceive: action = android.intent.action.CONFIGURATION_CHANGED
E/ClockAlarmWidget(17804): [AlarmWidgetIdManager] getListItem() : itemIndex=0, widgetID:1
E/ClockAlarmWidget(17804): [AlarmWidgetIdManager] getListItem() : ItemIndex exceed ListItemCount. itemIndex=1
E/ClockAlarmWidget(17804): [AlarmWidgetIdManager] getListItem() : itemIndex=1, widgetID:1
D/KeyguardViewMediator( 2010): setHidden false
D/ClockAlarmDataProvider(17804): getAlarm() - too many same ID alarm data. nCount: 0
D/dalvikvm(20574): GC_FOR_ALLOC freed 20K, 8% free 11114K/12039K, paused 33ms, total 35ms
D/KeyguardViewMediator( 2010): setHidden false
D/KeyguardViewMediator( 2010): setHidden false
I/dalvikvm-heap(20574): Grow heap (frag case) to 12.926MB for 1536016-byte allocation
D/KeyguardViewMediator( 2010): setHidden false
I/libblt_hw( 1665): Library closed (handle = 1, fd = 42)
D/dalvikvm(20574): GC_CONCURRENT freed 2K, 8% free 12612K/13575K, paused 20ms+1ms, total 43ms
D/KeyguardViewMediator( 2010): setHidden false
D/KeyguardViewMediator( 2010): setHidden false
I/libblt_hw( 1665): Library opened (handle = 1, fd = 43)
D/KeyguardViewMediator( 2010): setHidden false
D/KeyguardViewMediator( 2010): setHidden false
I/libblt_hw( 1665): Library closed (handle = 0, fd = 29)
D/KeyguardViewMediator( 2010): setHidden false
D/KeyguardViewMediator( 2010): setHidden false
D/Launcher.HomeFragment( 2290): onStop
D/Launcher( 2290): onStop, Launcher: 1109032568
D/KeyguardViewMediator( 2010): setHidden false
D/KeyguardViewMediator( 2010): setHidden false
I/ApplicationUsage( 2010): Done Updating Usage Statistics in DB @ 1366065049274
D/KeyguardViewMediator( 2010): setHidden false
D/KeyguardViewMediator( 2010): setHidden false
I/InputReader( 2010): Reconfiguring input devices. changes=0x00000004
I/InputReader( 2010): Device reconfigured: id=9, name='sec_touchscreen', surface size is now 480x800, mode is 1
D/PhoneApp( 2235): updateProximitySensorMode: lock already released.
D/KeyguardViewMediator( 2010): setHidden false
D/dalvikvm(20574): GC_FOR_ALLOC freed 1502K, 19% free 11112K/13575K, paused 63ms, total 64ms
I/dalvikvm-heap(20574): Grow heap (frag case) to 12.924MB for 1536016-byte allocation
D/ClockAlarmWidgetService(17804): [ClockAlarmWidgetService] onReceive: action = android.intent.action.CONFIGURATION_CHANGED
E/ClockAlarmWidget(17804): [AlarmWidgetIdManager] getListItem() : itemIndex=0, widgetID:1
E/ClockAlarmWidget(17804): [AlarmWidgetIdManager] getListItem() : ItemIndex exceed ListItemCount. itemIndex=1
E/ClockAlarmWidget(17804): [AlarmWidgetIdManager] getListItem() : itemIndex=1, widgetID:1
D/ClockAlarmDataProvider(17804): getAlarm() - too many same ID alarm data. nCount: 0
D/KeyguardViewMediator( 2010): setHidden false
D/KeyguardViewMediator( 2010): setHidden false
D/KeyguardViewMediator( 2010): setHidden false
D/dalvikvm(20574): GC_FOR_ALLOC freed <1K, 8% free 12612K/13575K, paused 63ms, total 63ms
D/KeyguardViewMediator( 2010): setHidden false
D/dalvikvm(20574): GC_CONCURRENT freed <1K, 8% free 12613K/13575K, paused 3ms+3ms, total 27ms
I/libblt_hw( 1665): Library opened (handle = 0, fd = 28)
D/KeyguardViewMediator( 2010): setHidden false
I/libblt_hw( 1665): Library closed (handle = 1, fd = 43)
D/KeyguardViewMediator( 2010): setHidden false
D/KeyguardViewMediator( 2010): setHidden false
D/KeyguardViewMediator( 2010): setHidden false
D/KeyguardViewMediator( 2010): setHidden false
I/InputReader( 2010): Touch event's action is 0x0 (deviceType=0) [pCnt=1, s=0.436 ]
I/InputDispatcher( 2010): Delivering touch to current input target: action: 0x0
I/InputDispatcher( 2010): Delivering touch to current input target: action: 0x0
I/InputDispatcher( 2010): Delivering touch to current input target: action: 0x0
I/InputReader( 2010): Touch event's action is 0x1 (deviceType=0) [pCnt=1, s=]
I/InputDispatcher( 2010): Delivering touch to current input target: action: 0x1
I/InputDispatcher( 2010): Delivering touch to current input target: action: 0x1
I/InputDispatcher( 2010): Delivering touch to current input target: action: 0x1
I/AudioPolicyManagerBase( 1672): getSituationVolume: isBTConnected:0 isHeadConnected:0
V/AudioPolicyManagerBase( 1672): getParamFromPolicy deviceInt = 0, situationInt = 1, situationVolume = 1.000000
V/audio_policy_anm( 1672): audio_io_handle_t android::ap_get_output(audio_policy*, audio_stream_type_t, uint32_t, audio_format_t, uint32_t, audio_output_flags_t): tid 2004
V/AudioPolicyManagerBase( 1672): getOutput() stream 1, samplingRate 0, format 0, channelMask 3, flags 0
V/AudioPolicyManagerBase( 1672): getOutput() returns output 2
V/audio_policy_anm( 1672): audio_io_handle_t android::ap_get_output(audio_policy*, audio_stream_type_t, uint32_t, audio_format_t, uint32_t, audio_output_flags_t): tid 1985
V/AudioPolicyManagerBase( 1672): getOutput() stream 1, samplingRate 0, format 0, channelMask 3, flags 0
V/AudioPolicyManagerBase( 1672): getOutput() returns output 2
V/audio_policy_anm( 1672): audio_io_handle_t android::ap_get_output(audio_policy*, audio_stream_type_t, uint32_t, audio_format_t, uint32_t, audio_output_flags_t): tid 1672
V/AudioPolicyManagerBase( 1672): getOutput() stream 1, samplingRate 44100, format 1, channelMask 3, flags 4
V/AudioPolicyManagerBase( 1672): getOutput() returns output 2
V/AudioPolicyManagerBase( 1672): startOutput() output 2, stream 1, session 543
V/AudioPolicyManagerBase( 1672): changeRefCount() stream 1, count 1
V/AudioPolicyManagerBase( 1672): getNewDevice() selected device 2
V/AudioPolicyManagerBase( 1672): setOutputDevice() output 2 device 0002 force 0 delayMs 0
V/AudioPolicyManagerBase( 1672): setOutputDevice() prevDevice 0002
V/AudioPolicyManagerBase( 1672): setOutputDevice() setting same device 0002 or null device for output 2
V/AudioPolicyManagerBase( 1672): releaseOutput() 2
I/TiAPI (20574): win_click
I/sec_anm_ahi_output( 1672): openDevices()
V/sec_anm_organ_switcher( 1672): already: Speaker -> REF_Speaker_Playback_Music
I/sec_anm_ahi_output( 1672): adm_api: ste_adm_client_open_device(Speaker)
I/ADM ( 1694): 0: 71650917775: [STATUS] api_devset:457 Open device 'Speaker', 44100 Hz, format=2, 3 x 3904 bytes bufs
I/ADM ( 1694): 9: 71650918141: [INFO] dev:378 >>> ENTER dev_open(Speaker, vc=0, alloc_buffers=0, format=2)
I/ADM ( 1694): 1: 71650918294: [INFO] dev:306 setting /data/local/tmp/rme_act_adm to 1
I/ADM ( 1694): 6: 71650918568: [INFO] dev:347 rme alp tracker /data/local/tmp/rme_act_alp set to 0: proceeding
I/ADM ( 1694): 7: 71650918630: [INFO] dev:1684 rescan_hw_handler
I/ADM ( 1694): 8: 71650918660: [INFO] hw_handler_u8500:423 AddD2DConnections ENTER
I/ADM ( 1694): 0: 71650919392: [INFO] dev:1675 hw_handler_dev_next_d2d: DONE
I/ADM ( 1694): 6: 71650919728: [INFO] dev:1654 hw_handler_dev_next: DONE
I/ADM ( 1694): 8: 71650921651: [INFO] hw_handler_u8500:810 Query: SELECT * FROM HW_Settings WHERE (Platform = 'AB8500') AND ('REF_Speaker_Playback_Music' IN (Dev1, Dev2, Dev3, Dev4, Dev5, Dev6))ORDER BY rowid LIMIT 1
I/ADM ( 1694): 5: 71650950917: [INFO] hw_handler_u8500:922 ste_adm_hw_handler_u8500: Found matching HW-settings: devices = ('REF_Speaker_Playback_Music', '', '', '', '', ''), d2dlogical-connections = ('', '', '', '').
I/ADM ( 1694): 1: 71650965443: [INFO] dev:429 Device Speaker is OUTPUT
I/ADM ( 1694): 3: 71650965535: [INFO] dev_omx:1276 Enter dev_omx_setup_graph - device=Speaker, samplerate=44100, format=2, alloc_buffers=0, is_vc=0, bufsz=0
I/ADM ( 1694): 3: 71650966145: [OMXIL] omx_log:256 4447F5C8: GetHandle 'OMX.ST.AFM.mixer' pAD=416C64B0 pCB=4013BD60 OK
I/ADM ( 1694): 4: 71650966206: [INFO] dev_omx_graph:123 il_tool_create_component returned 0x4447F5C8 for OMX.ST.AFM.mixer (Common Mixer)
I/ADM ( 1694): 7: 71650966390: [OMXIL] omx_log:256 414B0008: GetHandle 'ADM.mixer' pAD=458644B0 pCB=4013BD60 OK
I/ADM ( 1694): 8: 71650966451: [INFO] dev_omx_graph:144 il_tool_create_component returned 0x414B0008 for ADM.mixer (App Mixer)
I/ADM ( 1694): 9: 71650966481: [INFO] dev_omx:900 Extracting components for chain 0, dev ='Speaker'
I/ADM ( 1694): 3: 71650969075: [OMXIL] omx_log:256 45781F68: GetHandle 'OMX.ST.AFM.pcmprocessing.spl' pAD=40FEA008 pCB=4013BD60 OK
I/ADM ( 1694): 4: 71650969136: [INFO] dev_omx:940 adm_create_component returned 0x45781F68 for OMX.ST.AFM.pcmprocessing.spl
I/ADM ( 1694): 6: 71650969289: [OMXIL] omx_log:887 45781F68 [ocessing.spl]: SetParameter idx=AudioPcm
I/ADM ( 1694): 7: 71650969350: [OMXIL] omx_log:293 port=0 channels=1 eNumData=0 endian=1 interleave=1 bits=16 samplerate=48000
I/ADM ( 1694): 8: 71650969380: [OMXIL] omx_log:293 pcmMode=0 map[0]=3 map[1]=0 map[2]=0, map[3]=0, map[4]=0, map[5]=0
