I/InputReader( 2010): Touch event's action is 0x1 (deviceType=0) [pCnt=1, s=]
I/InputDispatcher( 2010): Delivering touch to current input target: action: 0x1
I/InputDispatcher( 2010): Delivering touch to current input target: action: 0x1
I/InputDispatcher( 2010): Delivering touch to current input target: action: 0x1
I/AudioPolicyManagerBase( 1672): getSituationVolume: isBTConnected:0 isHeadConnected:0
V/AudioPolicyManagerBase( 1672): getParamFromPolicy deviceInt = 0, situationInt = 1, situationVolume = 1.000000
V/audio_policy_anm( 1672): audio_io_handle_t android::ap_get_output(audio_policy*, audio_stream_type_t, uint32_t, audio_format_t, uint32_t, audio_output_flags_t): tid 1672
V/AudioPolicyManagerBase( 1672): getOutput() stream 1, samplingRate 0, format 0, channelMask 3, flags 0
V/AudioPolicyManagerBase( 1672): getOutput() returns output 2
V/audio_policy_anm( 1672): audio_io_handle_t android::ap_get_output(audio_policy*, audio_stream_type_t, uint32_t, audio_format_t, uint32_t, audio_output_flags_t): tid 1985
V/AudioPolicyManagerBase( 1672): getOutput() stream 1, samplingRate 0, format 0, channelMask 3, flags 0
V/AudioPolicyManagerBase( 1672): getOutput() returns output 2
V/audio_policy_anm( 1672): audio_io_handle_t android::ap_get_output(audio_policy*, audio_stream_type_t, uint32_t, audio_format_t, uint32_t, audio_output_flags_t): tid 2004
V/AudioPolicyManagerBase( 1672): getOutput() stream 1, samplingRate 44100, format 1, channelMask 3, flags 4
V/AudioPolicyManagerBase( 1672): getOutput() returns output 2
I/UninstallAppProgress(17556): Finished uninstalling pkg: com.alloyproject
V/AudioPolicyManagerBase( 1672): startOutput() output 2, stream 1, session 438
V/AudioPolicyManagerBase( 1672): changeRefCount() stream 1, count 1
V/AudioPolicyManagerBase( 1672): getNewDevice() selected device 2
V/AudioPolicyManagerBase( 1672): setOutputDevice() output 2 device 0002 force 0 delayMs 0
V/AudioPolicyManagerBase( 1672): setOutputDevice() prevDevice 0002
V/AudioPolicyManagerBase( 1672): setOutputDevice() setting same device 0002 or null device for output 2
V/AudioPolicyManagerBase( 1672): releaseOutput() 2
I/power ( 2010): *** acquire_dvfs_lock : lockType : 1 freq : 1000000
D/WindowManager( 2010): PhoneWindowManager: focusChangedLw
D/KeyguardViewMediator( 2010): setHidden false
D/KeyguardViewMediator( 2010): setHidden false
I/libblt_hw( 1665): Library opened (handle = 0, fd = 43)
D/WindowManager( 2010): PhoneWindowManager: focusChangedLw
D/KeyguardViewMediator( 2010): setHidden false
W/ResourceType(32385): Failure getting entry for 0x7f02016a (t=1 e=362) in package 0 (error -75)
W/ResourceType(32385): Failure getting entry for 0x7f020157 (t=1 e=343) in package 0 (error -75)
W/ResourceType(32385): Failure getting entry for 0x7f02016c (t=1 e=364) in package 0 (error -75)
W/ResourceType(32385): Failure getting entry for 0x7f020166 (t=1 e=358) in package 0 (error -75)
W/ResourceType(32385): Failure getting entry for 0x7f020173 (t=1 e=371) in package 0 (error -75)
W/ResourceType(32385): Failure getting entry for 0x7f020180 (t=1 e=384) in package 0 (error -75)
W/ResourceType(32385): Failure getting entry for 0x7f020180 (t=1 e=384) in package 0 (error -75)
W/System.err(32385): Removed 2131428295
W/System.err(32385): Removed 2131428309
I/ClipboardServiceEx( 2010): Send intent for dismiss clipboard dialog inside hideCurrentInputLocked() !
D/KeyguardViewMediator( 2010): setHidden false
D/KeyguardViewMediator( 2010): setHidden false
D/KeyguardViewMediator( 2010): setHidden false
D/KeyguardViewMediator( 2010): setHidden false
V/AudioPolicyManagerBase( 1672): stopOutput() output 2, stream 1, session 438
V/AudioPolicyManagerBase( 1672): changeRefCount() stream 1, count 0
V/AudioPolicyManagerBase( 1672): getNewDevice() selected device 0
V/AudioPolicyManagerBase( 1672): setOutputDevice() output 2 device 0000 force 0 delayMs 88
V/AudioPolicyManagerBase( 1672): setOutputDevice() prevDevice 0002
V/AudioPolicyManagerBase( 1672): setOutputDevice() setting same device 0000 or null device for output 2
I/power ( 2010): *** release_dvfs_lock : lockType : 1
D/KeyguardViewMediator( 2010): setHidden false
D/KeyguardViewMediator( 2010): setHidden false
I/libblt_hw( 1665): Library closed (handle = 1, fd = 42)
D/KeyguardViewMediator( 2010): setHidden false
E/MtpService(32371): In MTPAPP onReceive:android.intent.action.BATTERY_CHANGED
E/MtpService(32371): battPlugged Type : 2
D/dalvikvm(17461): GC_CONCURRENT freed 424K, 11% free 9268K/10375K, paused 12ms+2ms, total 36ms
I/InputReader( 2010): Touch event's action is 0x0 (deviceType=0) [pCnt=1, s=0.321 ]
I/InputDispatcher( 2010): Delivering touch to current input target: action: 0x0
I/InputDispatcher( 2010): Delivering touch to current input target: action: 0x0
I/InputDispatcher( 2010): Delivering touch to current input target: action: 0x0
I/InputReader( 2010): Touch event's action is 0x1 (deviceType=0) [pCnt=1, s=]
I/InputDispatcher( 2010): Delivering touch to current input target: action: 0x1
I/InputDispatcher( 2010): Delivering touch to current input target: action: 0x1
I/InputDispatcher( 2010): Delivering touch to current input target: action: 0x1
I/AudioPolicyManagerBase( 1672): getSituationVolume: isBTConnected:0 isHeadConnected:0
V/AudioPolicyManagerBase( 1672): getParamFromPolicy deviceInt = 0, situationInt = 1, situationVolume = 1.000000
V/audio_policy_anm( 1672): audio_io_handle_t android::ap_get_output(audio_policy*, audio_stream_type_t, uint32_t, audio_format_t, uint32_t, audio_output_flags_t): tid 2004
V/AudioPolicyManagerBase( 1672): getOutput() stream 1, samplingRate 0, format 0, channelMask 3, flags 0
V/AudioPolicyManagerBase( 1672): getOutput() returns output 2
V/audio_policy_anm( 1672): audio_io_handle_t android::ap_get_output(audio_policy*, audio_stream_type_t, uint32_t, audio_format_t, uint32_t, audio_output_flags_t): tid 1672
V/AudioPolicyManagerBase( 1672): getOutput() stream 1, samplingRate 0, format 0, channelMask 3, flags 0
V/AudioPolicyManagerBase( 1672): getOutput() returns output 2
V/audio_policy_anm( 1672): audio_io_handle_t android::ap_get_output(audio_policy*, audio_stream_type_t, uint32_t, audio_format_t, uint32_t, audio_output_flags_t): tid 1985
V/AudioPolicyManagerBase( 1672): getOutput() stream 1, samplingRate 44100, format 1, channelMask 3, flags 4
V/AudioPolicyManagerBase( 1672): getOutput() returns output 2
V/AudioPolicyManagerBase( 1672): startOutput() output 2, stream 1, session 439
V/AudioPolicyManagerBase( 1672): changeRefCount() stream 1, count 1
V/AudioPolicyManagerBase( 1672): getNewDevice() selected device 2
V/AudioPolicyManagerBase( 1672): setOutputDevice() output 2 device 0002 force 0 delayMs 0
V/AudioPolicyManagerBase( 1672): setOutputDevice() prevDevice 0002
V/AudioPolicyManagerBase( 1672): setOutputDevice() setting same device 0002 or null device for output 2
V/AudioPolicyManagerBase( 1672): releaseOutput() 2
I/power ( 2010): *** acquire_dvfs_lock : lockType : 1 freq : 1000000
D/WindowManager( 2010): PhoneWindowManager: focusChangedLw
D/KeyguardViewMediator( 2010): setHidden false
W/ResourceType(32385): Failure getting entry for 0x010802be (t=7 e=702) in package 0 (error -75)
D/AbsListView(32385): Get MotionRecognitionManager
V/AudioPolicyManagerBase( 1672): stopOutput() output 2, stream 1, session 439
V/AudioPolicyManagerBase( 1672): changeRefCount() stream 1, count 0
V/AudioPolicyManagerBase( 1672): getNewDevice() selected device 0
V/AudioPolicyManagerBase( 1672): setOutputDevice() output 2 device 0000 force 0 delayMs 88
V/AudioPolicyManagerBase( 1672): setOutputDevice() prevDevice 0002
V/AudioPolicyManagerBase( 1672): setOutputDevice() setting same device 0000 or null device for output 2
D/dalvikvm( 2010): GC_CONCURRENT freed 2002K, 50% free 19397K/38471K, paused 17ms+15ms, total 180ms
I/ApplicationPolicy( 2010): getApplicationUninstallationEnabled
I/libblt_hw( 1665): Library opened (handle = 1, fd = 46)
D/WindowManager( 2010): PhoneWindowManager: focusChangedLw
D/KeyguardViewMediator( 2010): setHidden false
W/ResourceType(32385): Failure getting entry for 0x7f02016a (t=1 e=362) in package 0 (error -75)
W/ResourceType(32385): Failure getting entry for 0x7f020157 (t=1 e=343) in package 0 (error -75)
W/ResourceType(32385): Failure getting entry for 0x7f02016c (t=1 e=364) in package 0 (error -75)
W/ResourceType(32385): Failure getting entry for 0x7f020166 (t=1 e=358) in package 0 (error -75)
W/ResourceType(32385): Failure getting entry for 0x7f020173 (t=1 e=371) in package 0 (error -75)
W/ResourceType(32385): Failure getting entry for 0x7f020180 (t=1 e=384) in package 0 (error -75)
W/ResourceType(32385): Failure getting entry for 0x7f020180 (t=1 e=384) in package 0 (error -75)
W/System.err(32385): Removed 2131428295
W/System.err(32385): Removed 2131428309
D/KeyguardViewMediator( 2010): setHidden false
D/KeyguardViewMediator( 2010): setHidden false
I/ClipboardServiceEx( 2010): Send intent for dismiss clipboard dialog inside hideCurrentInputLocked() !
D/KeyguardViewMediator( 2010): setHidden false
W/IInputConnectionWrapper(32385): getSelectedText on inactive InputConnection
W/ResourceType(32385): Failure getting entry for 0x7f02016a (t=1 e=362) in package 0 (error -75)
W/ResourceType(32385): Failure getting entry for 0x7f020157 (t=1 e=343) in package 0 (error -75)
W/ResourceType(32385): Failure getting entry for 0x7f02016c (t=1 e=364) in package 0 (error -75)
W/ResourceType(32385): Failure getting entry for 0x7f020166 (t=1 e=358) in package 0 (error -75)
W/ResourceType(32385): Failure getting entry for 0x7f020173 (t=1 e=371) in package 0 (error -75)
W/ResourceType(32385): Failure getting entry for 0x7f020180 (t=1 e=384) in package 0 (error -75)
W/ResourceType(32385): Failure getting entry for 0x7f020180 (t=1 e=384) in package 0 (error -75)
W/System.err(32385): Removed 2131428295
W/System.err(32385): Removed 2131428309
D/KeyguardViewMediator( 2010): setHidden false
W/IInputConnectionWrapper(32385): setComposingText on inactive InputConnection
W/IInputConnectionWrapper(32385): getExtractedText on inactive InputConnection
I/power ( 2010): *** release_dvfs_lock : lockType : 1
D/KeyguardViewMediator( 2010): setHidden false
D/KeyguardViewMediator( 2010): setHidden false
I/libblt_hw( 1665): Library closed (handle = 0, fd = 43)
D/KeyguardViewMediator( 2010): setHidden false
D/dalvikvm(17461): GC_CONCURRENT freed 426K, 11% free 9268K/10375K, paused 13ms+2ms, total 35ms
I/InputReader( 2010): Touch event's action is 0x0 (deviceType=0) [pCnt=1, s=0.322 ]
I/InputDispatcher( 2010): Delivering touch to current input target: action: 0x0
I/InputDispatcher( 2010): Delivering touch to current input target: action: 0x0
I/InputDispatcher( 2010): Delivering touch to current input target: action: 0x0
I/InputReader( 2010): Touch event's action is 0x1 (deviceType=0) [pCnt=1, s=]
I/InputDispatcher( 2010): Delivering touch to current input target: action: 0x1
I/InputDispatcher( 2010): Delivering touch to current input target: action: 0x1
I/InputDispatcher( 2010): Delivering touch to current input target: action: 0x1
I/AudioPolicyManagerBase( 1672): getSituationVolume: isBTConnected:0 isHeadConnected:0
V/AudioPolicyManagerBase( 1672): getParamFromPolicy deviceInt = 0, situationInt = 1, situationVolume = 1.000000
V/audio_policy_anm( 1672): audio_io_handle_t android::ap_get_output(audio_policy*, audio_stream_type_t, uint32_t, audio_format_t, uint32_t, audio_output_flags_t): tid 1985
V/AudioPolicyManagerBase( 1672): getOutput() stream 1, samplingRate 0, format 0, channelMask 3, flags 0
V/AudioPolicyManagerBase( 1672): getOutput() returns output 2
V/audio_policy_anm( 1672): audio_io_handle_t android::ap_get_output(audio_policy*, audio_stream_type_t, uint32_t, audio_format_t, uint32_t, audio_output_flags_t): tid 1672
V/AudioPolicyManagerBase( 1672): getOutput() stream 1, samplingRate 0, format 0, channelMask 3, flags 0
V/AudioPolicyManagerBase( 1672): getOutput() returns output 2
V/audio_policy_anm( 1672): audio_io_handle_t android::ap_get_output(audio_policy*, audio_stream_type_t, uint32_t, audio_format_t, uint32_t, audio_output_flags_t): tid 2004
V/AudioPolicyManagerBase( 1672): getOutput() stream 1, samplingRate 44100, format 1, channelMask 3, flags 4
V/AudioPolicyManagerBase( 1672): getOutput() returns output 2
V/AudioPolicyManagerBase( 1672): startOutput() output 2, stream 1, session 440
V/AudioPolicyManagerBase( 1672): changeRefCount() stream 1, count 1
V/AudioPolicyManagerBase( 1672): getNewDevice() selected device 2
V/AudioPolicyManagerBase( 1672): setOutputDevice() output 2 device 0002 force 0 delayMs 0
V/AudioPolicyManagerBase( 1672): setOutputDevice() prevDevice 0002
V/AudioPolicyManagerBase( 1672): setOutputDevice() setting same device 0002 or null device for output 2
V/AudioPolicyManagerBase( 1672): releaseOutput() 2
W/ResourceType(32385): Failure getting entry for 0x010802be (t=7 e=702) in package 0 (error -75)
D/WindowManager( 2010): PhoneWindowManager: focusChangedLw
I/libblt_hw( 1665): Library opened (handle = 0, fd = 29)
D/KeyguardViewMediator( 2010): setHidden false
D/KeyguardViewMediator( 2010): setHidden false
D/KeyguardViewMediator( 2010): setHidden false
V/AudioPolicyManagerBase( 1672): stopOutput() output 2, stream 1, session 440
V/AudioPolicyManagerBase( 1672): changeRefCount() stream 1, count 0
V/AudioPolicyManagerBase( 1672): getNewDevice() selected device 0
V/AudioPolicyManagerBase( 1672): setOutputDevice() output 2 device 0000 force 0 delayMs 88
V/AudioPolicyManagerBase( 1672): setOutputDevice() prevDevice 0002
V/AudioPolicyManagerBase( 1672): setOutputDevice() setting same device 0000 or null device for output 2
D/KeyguardViewMediator( 2010): setHidden false
D/KeyguardViewMediator( 2010): setHidden false
I/InputReader( 2010): Touch event's action is 0x0 (deviceType=0) [pCnt=1, s=0.323 ]
I/InputDispatcher( 2010): Delivering touch to current input target: action: 0x0
I/InputDispatcher( 2010): Delivering touch to current input target: action: 0x0
I/InputDispatcher( 2010): Delivering touch to current input target: action: 0x0
I/InputReader( 2010): Touch event's action is 0x1 (deviceType=0) [pCnt=1, s=]
I/InputDispatcher( 2010): Delivering touch to current input target: action: 0x1
I/InputDispatcher( 2010): Delivering touch to current input target: action: 0x1
I/InputDispatcher( 2010): Delivering touch to current input target: action: 0x1
I/AudioPolicyManagerBase( 1672): getSituationVolume: isBTConnected:0 isHeadConnected:0
V/AudioPolicyManagerBase( 1672): getParamFromPolicy deviceInt = 0, situationInt = 1, situationVolume = 1.000000
V/audio_policy_anm( 1672): audio_io_handle_t android::ap_get_output(audio_policy*, audio_stream_type_t, uint32_t, audio_format_t, uint32_t, audio_output_flags_t): tid 2004
V/AudioPolicyManagerBase( 1672): getOutput() stream 1, samplingRate 0, format 0, channelMask 3, flags 0
V/AudioPolicyManagerBase( 1672): getOutput() returns output 2
V/audio_policy_anm( 1672): audio_io_handle_t android::ap_get_output(audio_policy*, audio_stream_type_t, uint32_t, audio_format_t, uint32_t, audio_output_flags_t): tid 1672
V/AudioPolicyManagerBase( 1672): getOutput() stream 1, samplingRate 0, format 0, channelMask 3, flags 0
V/AudioPolicyManagerBase( 1672): getOutput() returns output 2
V/audio_policy_anm( 1672): audio_io_handle_t android::ap_get_output(audio_policy*, audio_stream_type_t, uint32_t, audio_format_t, uint32_t, audio_output_flags_t): tid 1985
V/AudioPolicyManagerBase( 1672): getOutput() stream 1, samplingRate 44100, format 1, channelMask 3, flags 4
V/AudioPolicyManagerBase( 1672): getOutput() returns output 2
V/AudioPolicyManagerBase( 1672): startOutput() output 2, stream 1, session 441
V/AudioPolicyManagerBase( 1672): changeRefCount() stream 1, count 1
V/AudioPolicyManagerBase( 1672): getNewDevice() selected device 2
V/AudioPolicyManagerBase( 1672): setOutputDevice() output 2 device 0002 force 0 delayMs 0
V/AudioPolicyManagerBase( 1672): setOutputDevice() prevDevice 0002
V/AudioPolicyManagerBase( 1672): setOutputDevice() setting same device 0002 or null device for output 2
V/AudioPolicyManagerBase( 1672): releaseOutput() 2
D/WindowManager( 2010): PhoneWindowManager: focusChangedLw
D/KeyguardViewMediator( 2010): setHidden false
I/dalvikvm(32385): Jit: resizing JitTable from 4096 to 8192
V/AudioPolicyManagerBase( 1672): stopOutput() output 2, stream 1, session 441
V/AudioPolicyManagerBase( 1672): changeRefCount() stream 1, count 0
V/AudioPolicyManagerBase( 1672): getNewDevice() selected device 0
V/AudioPolicyManagerBase( 1672): setOutputDevice() output 2 device 0000 force 0 delayMs 88
V/AudioPolicyManagerBase( 1672): setOutputDevice() prevDevice 0002
V/AudioPolicyManagerBase( 1672): setOutputDevice() setting same device 0000 or null device for output 2
D/KeyguardViewMediator( 2010): setHidden false
D/KeyguardViewMediator( 2010): setHidden false
D/KeyguardViewMediator( 2010): setHidden false
I/libblt_hw( 1665): Library closed (handle = 0, fd = 29)
I/InputReader( 2010): Touch event's action is 0x0 (deviceType=0) [pCnt=1, s=0.324 ]
I/InputDispatcher( 2010): Delivering touch to current input target: action: 0x0
I/InputDispatcher( 2010): Delivering touch to current input target: action: 0x0
I/InputDispatcher( 2010): Delivering touch to current input target: action: 0x0
I/InputReader( 2010): Touch event's action is 0x1 (deviceType=0) [pCnt=1, s=]
I/InputDispatcher( 2010): Delivering touch to current input target: action: 0x1
I/InputDispatcher( 2010): Delivering touch to current input target: action: 0x1
I/InputDispatcher( 2010): Delivering touch to current input target: action: 0x1
I/AudioPolicyManagerBase( 1672): getSituationVolume: isBTConnected:0 isHeadConnected:0
V/AudioPolicyManagerBase( 1672): getParamFromPolicy deviceInt = 0, situationInt = 1, situationVolume = 1.000000
V/audio_policy_anm( 1672): audio_io_handle_t android::ap_get_output(audio_policy*, audio_stream_type_t, uint32_t, audio_format_t, uint32_t, audio_output_flags_t): tid 1985
V/AudioPolicyManagerBase( 1672): getOutput() stream 1, samplingRate 0, format 0, channelMask 3, flags 0
V/AudioPolicyManagerBase( 1672): getOutput() returns output 2
V/audio_policy_anm( 1672): audio_io_handle_t android::ap_get_output(audio_policy*, audio_stream_type_t, uint32_t, audio_format_t, uint32_t, audio_output_flags_t): tid 1672
V/AudioPolicyManagerBase( 1672): getOutput() stream 1, samplingRate 0, format 0, channelMask 3, flags 0
V/AudioPolicyManagerBase( 1672): getOutput() returns output 2
I/power ( 2010): *** acquire_dvfs_lock : lockType : 1 freq : 1000000
V/audio_policy_anm( 1672): audio_io_handle_t android::ap_get_output(audio_policy*, audio_stream_type_t, uint32_t, audio_format_t, uint32_t, audio_output_flags_t): tid 2004
V/AudioPolicyManagerBase( 1672): getOutput() stream 1, samplingRate 44100, format 1, channelMask 3, flags 4
V/AudioPolicyManagerBase( 1672): getOutput() returns output 2
V/AudioPolicyManagerBase( 1672): startOutput() output 2, stream 1, session 442
V/AudioPolicyManagerBase( 1672): changeRefCount() stream 1, count 1
V/AudioPolicyManagerBase( 1672): getNewDevice() selected device 2
V/AudioPolicyManagerBase( 1672): setOutputDevice() output 2 device 0002 force 0 delayMs 0
V/AudioPolicyManagerBase( 1672): setOutputDevice() prevDevice 0002
V/AudioPolicyManagerBase( 1672): setOutputDevice() setting same device 0002 or null device for output 2
V/AudioPolicyManagerBase( 1672): releaseOutput() 2
D/WindowManager( 2010): PhoneWindowManager: focusChangedLw
D/KeyguardViewMediator( 2010): setHidden false
I/libblt_hw( 1665): Library opened (handle = 0, fd = 29)
D/KeyguardViewMediator( 2010): setHidden false
D/KeyguardViewMediator( 2010): setHidden false
I/libblt_hw( 1665): Library opened (handle = 2, fd = 47)
D/WindowManager( 2010): PhoneWindowManager: focusChangedLw
D/KeyguardViewMediator( 2010): setHidden false
D/KeyguardViewMediator( 2010): setHidden false
I/ClipboardServiceEx( 2010): Send intent for dismiss clipboard dialog inside hideCurrentInputLocked() !
D/KeyguardViewMediator( 2010): setHidden false
D/KeyguardViewMediator( 2010): setHidden false
D/KeyguardViewMediator( 2010): setHidden false
D/KeyguardViewMediator( 2010): setHidden false
V/AudioPolicyManagerBase( 1672): stopOutput() output 2, stream 1, session 442
V/AudioPolicyManagerBase( 1672): changeRefCount() stream 1, count 0
V/AudioPolicyManagerBase( 1672): getNewDevice() selected device 0
V/AudioPolicyManagerBase( 1672): setOutputDevice() output 2 device 0000 force 0 delayMs 88
V/AudioPolicyManagerBase( 1672): setOutputDevice() prevDevice 0002
V/AudioPolicyManagerBase( 1672): setOutputDevice() setting same device 0000 or null device for output 2
I/power ( 2010): *** release_dvfs_lock : lockType : 1
D/KeyguardViewMediator( 2010): setHidden false
I/libblt_hw( 1665): Library closed (handle = 1, fd = 46)
D/KeyguardViewMediator( 2010): setHidden false
D/KeyguardViewMediator( 2010): setHidden false
D/KeyguardViewMediator( 2010): setHidden false
D/KeyguardViewMediator( 2010): setHidden false
I/InputReader( 2010): Touch event's action is 0x0 (deviceType=0) [pCnt=1, s=0.325 ]
I/InputDispatcher( 2010): Delivering touch to current input target: action: 0x0
I/InputDispatcher( 2010): Delivering touch to current input target: action: 0x0
I/InputDispatcher( 2010): Delivering touch to current input target: action: 0x0
I/InputReader( 2010): Touch event's action is 0x1 (deviceType=0) [pCnt=1, s=]
I/InputDispatcher( 2010): Delivering touch to current input target: action: 0x1
I/InputDispatcher( 2010): Delivering touch to current input target: action: 0x1
I/InputDispatcher( 2010): Delivering touch to current input target: action: 0x1
I/AudioPolicyManagerBase( 1672): getSituationVolume: isBTConnected:0 isHeadConnected:0
V/AudioPolicyManagerBase( 1672): getParamFromPolicy deviceInt = 0, situationInt = 1, situationVolume = 1.000000
V/audio_policy_anm( 1672): audio_io_handle_t android::ap_get_output(audio_policy*, audio_stream_type_t, uint32_t, audio_format_t, uint32_t, audio_output_flags_t): tid 2004
V/AudioPolicyManagerBase( 1672): getOutput() stream 1, samplingRate 0, format 0, channelMask 3, flags 0
V/AudioPolicyManagerBase( 1672): getOutput() returns output 2
V/audio_policy_anm( 1672): audio_io_handle_t android::ap_get_output(audio_policy*, audio_stream_type_t, uint32_t, audio_format_t, uint32_t, audio_output_flags_t): tid 1985
V/AudioPolicyManagerBase( 1672): getOutput() stream 1, samplingRate 0, format 0, channelMask 3, flags 0
V/AudioPolicyManagerBase( 1672): getOutput() returns output 2
V/audio_policy_anm( 1672): audio_io_handle_t android::ap_get_output(audio_policy*, audio_stream_type_t, uint32_t, audio_format_t, uint32_t, audio_output_flags_t): tid 1672
V/AudioPolicyManagerBase( 1672): getOutput() stream 1, samplingRate 44100, format 1, channelMask 3, flags 4
V/AudioPolicyManagerBase( 1672): getOutput() returns output 2
I/power ( 2010): *** acquire_dvfs_lock : lockType : 1 freq : 1000000
V/AudioPolicyManagerBase( 1672): startOutput() output 2, stream 1, session 443
V/AudioPolicyManagerBase( 1672): changeRefCount() stream 1, count 1
V/AudioPolicyManagerBase( 1672): getNewDevice() selected device 2
V/AudioPolicyManagerBase( 1672): setOutputDevice() output 2 device 0002 force 0 delayMs 0
V/AudioPolicyManagerBase( 1672): setOutputDevice() prevDevice 0002
V/AudioPolicyManagerBase( 1672): setOutputDevice() setting same device 0002 or null device for output 2
V/AudioPolicyManagerBase( 1672): releaseOutput() 2
I/power ( 2010): *** release_dvfs_lock : lockType : 1
D/WindowManager( 2010): PhoneWindowManager: focusChangedLw
I/power ( 2010): *** acquire_dvfs_lock : lockType : 1 freq : 1000000
D/KeyguardViewMediator( 2010): setHidden false
D/KeyguardViewMediator( 2010): setHidden false
I/ApplicationPolicy( 2010): getApplicationUninstallationEnabled
I/PackageManager( 2010): Removing non-system package:com.classic
D/KeyguardViewMediator( 2010): setHidden false
I/libblt_hw( 1665): Library opened (handle = 1, fd = 46)
D/WindowManager( 2010): PhoneWindowManager: focusChangedLw
D/KeyguardViewMediator( 2010): setHidden false
D/KeyguardViewMediator( 2010): setHidden false
D/KeyguardViewMediator( 2010): setHidden false
I/ClipboardServiceEx( 2010): Send intent for dismiss clipboard dialog inside hideCurrentInputLocked() !
D/KeyguardViewMediator( 2010): setHidden false
D/KeyguardViewMediator( 2010): setHidden false
V/AudioPolicyManagerBase( 1672): stopOutput() output 2, stream 1, session 443
V/AudioPolicyManagerBase( 1672): changeRefCount() stream 1, count 0
V/AudioPolicyManagerBase( 1672): getNewDevice() selected device 0
V/AudioPolicyManagerBase( 1672): setOutputDevice() output 2 device 0000 force 0 delayMs 88
V/AudioPolicyManagerBase( 1672): setOutputDevice() prevDevice 0002
V/AudioPolicyManagerBase( 1672): setOutputDevice() setting same device 0000 or null device for output 2
D/KeyguardViewMediator( 2010): setHidden false
E/SpannableStringBuilder(17556): SPAN_EXCLUSIVE_EXCLUSIVE spans cannot have a zero length
E/SpannableStringBuilder(17556): SPAN_EXCLUSIVE_EXCLUSIVE spans cannot have a zero length
D/dalvikvm(17556): WAIT_FOR_CONCURRENT_GC blocked 0ms
D/dalvikvm(32385): WAIT_FOR_CONCURRENT_GC blocked 0ms
D/dalvikvm(17556): GC_EXPLICIT freed 93K, 8% free 10036K/10823K, paused 2ms+8ms, total 51ms
D/dalvikvm( 2010): GC_CONCURRENT freed 1966K, 50% free 19462K/38471K, paused 21ms+15ms, total 213ms
I/InputReader( 2010): Reconfiguring input devices. changes=0x00000010
D/CapabilityManagerService(17577): Receiver Broadcast:android.intent.action.PACKAGE_REMOVED
D/CapabilityManagerService(17577): The package(com.classic) removed
W/ResourceType( 2943): Failure getting entry for 0x7f020426 (t=1 e=1062) in package 0 (error -75)
D/dalvikvm( 2010): WAIT_FOR_CONCURRENT_GC blocked 0ms
D/dalvikvm(32385): GC_EXPLICIT freed 748K, 6% free 22766K/24199K, paused 3ms+8ms, total 145ms
I/power ( 2010): *** release_dvfs_lock : lockType : 1
D/KeyguardViewMediator( 2010): setHidden false
D/KeyguardViewMediator( 2010): setHidden false
I/libblt_hw( 1665): Library closed (handle = 0, fd = 29)
I/libblt_hw( 1665): Library closed (handle = 2, fd = 47)
D/dalvikvm( 2943): GC_CONCURRENT freed 1962K, 15% free 15370K/17991K, paused 13ms+4ms, total 124ms
I/PCWCLIENTTRACE_SPPReceiver(17632): [onReceive] - android.intent.action.PACKAGE_REMOVED
D/KeyguardViewMediator( 2010): setHidden false
I/SA (26388): [SUR] onReceive log=[SA = 1.3.050 V = 16 HWD = 800X480 1.5 SIZE = 2 LOCALE = en_US CSC = TPA MCC = 0 MNC 0 T = user DEVICE = golden P = goldenub I = JRO03H M = GT-I8190L OKLEFT false DIS JRO03H.I8190LUBALK4 ]
I/SA (26388): [SUR] onReceive Intent=[ action_PACKAGE_REPLACED package ]
D/dalvikvm( 2010): GC_EXPLICIT freed 742K, 50% free 19467K/38471K, paused 66ms+38ms, total 494ms
D/VoicemailCleanupService( 2493): Cleaning up data for package: com.classic
I/InputReader( 2010): Touch event's action is 0x0 (deviceType=0) [pCnt=1, s=0.326 ]
I/InputDispatcher( 2010): Delivering touch to current input target: action: 0x0
I/InputDispatcher( 2010): Delivering touch to current input target: action: 0x0
I/InputDispatcher( 2010): Delivering touch to current input target: action: 0x0
I/InputReader( 2010): Touch event's action is 0x1 (deviceType=0) [pCnt=1, s=]
I/InputDispatcher( 2010): Delivering touch to current input target: action: 0x1
I/InputDispatcher( 2010): Delivering touch to current input target: action: 0x1
I/InputDispatcher( 2010): Delivering touch to current input target: action: 0x1
I/AudioPolicyManagerBase( 1672): getSituationVolume: isBTConnected:0 isHeadConnected:0
V/AudioPolicyManagerBase( 1672): getParamFromPolicy deviceInt = 0, situationInt = 1, situationVolume = 1.000000
V/audio_policy_anm( 1672): audio_io_handle_t android::ap_get_output(audio_policy*, audio_stream_type_t, uint32_t, audio_format_t, uint32_t, audio_output_flags_t): tid 1672
V/AudioPolicyManagerBase( 1672): getOutput() stream 1, samplingRate 0, format 0, channelMask 3, flags 0
V/AudioPolicyManagerBase( 1672): getOutput() returns output 2
V/audio_policy_anm( 1672): audio_io_handle_t android::ap_get_output(audio_policy*, audio_stream_type_t, uint32_t, audio_format_t, uint32_t, audio_output_flags_t): tid 1985
V/AudioPolicyManagerBase( 1672): getOutput() stream 1, samplingRate 0, format 0, channelMask 3, flags 0
V/AudioPolicyManagerBase( 1672): getOutput() returns output 2
V/audio_policy_anm( 1672): audio_io_handle_t android::ap_get_output(audio_policy*, audio_stream_type_t, uint32_t, audio_format_t, uint32_t, audio_output_flags_t): tid 2004
V/AudioPolicyManagerBase( 1672): getOutput() stream 1, samplingRate 44100, format 1, channelMask 3, flags 4
V/AudioPolicyManagerBase( 1672): getOutput() returns output 2
I/UninstallAppProgress(17556): Finished uninstalling pkg: com.classic
V/AudioPolicyManagerBase( 1672): startOutput() output 2, stream 1, session 444
V/AudioPolicyManagerBase( 1672): changeRefCount() stream 1, count 1
V/AudioPolicyManagerBase( 1672): getNewDevice() selected device 2
V/AudioPolicyManagerBase( 1672): setOutputDevice() output 2 device 0002 force 0 delayMs 0
V/AudioPolicyManagerBase( 1672): setOutputDevice() prevDevice 0002
V/AudioPolicyManagerBase( 1672): setOutputDevice() setting same device 0002 or null device for output 2
V/AudioPolicyManagerBase( 1672): releaseOutput() 2
I/power ( 2010): *** acquire_dvfs_lock : lockType : 1 freq : 1000000
D/WindowManager( 2010): PhoneWindowManager: focusChangedLw
D/KeyguardViewMediator( 2010): setHidden false
D/KeyguardViewMediator( 2010): setHidden false
I/libblt_hw( 1665): Library opened (handle = 0, fd = 42)
D/WindowManager( 2010): PhoneWindowManager: focusChangedLw
D/KeyguardViewMediator( 2010): setHidden false
W/ResourceType(32385): Failure getting entry for 0x7f02016a (t=1 e=362) in package 0 (error -75)
W/ResourceType(32385): Failure getting entry for 0x7f020157 (t=1 e=343) in package 0 (error -75)
W/ResourceType(32385): Failure getting entry for 0x7f02016c (t=1 e=364) in package 0 (error -75)
W/ResourceType(32385): Failure getting entry for 0x7f020166 (t=1 e=358) in package 0 (error -75)
W/ResourceType(32385): Failure getting entry for 0x7f020173 (t=1 e=371) in package 0 (error -75)
W/ResourceType(32385): Failure getting entry for 0x7f020180 (t=1 e=384) in package 0 (error -75)
W/ResourceType(32385): Failure getting entry for 0x7f020180 (t=1 e=384) in package 0 (error -75)
W/System.err(32385): Removed 2131428295
W/System.err(32385): Removed 2131428309
I/ClipboardServiceEx( 2010): Send intent for dismiss clipboard dialog inside hideCurrentInputLocked() !
D/KeyguardViewMediator( 2010): setHidden false
D/KeyguardViewMediator( 2010): setHidden false
D/KeyguardViewMediator( 2010): setHidden false
D/KeyguardViewMediator( 2010): setHidden false
V/AudioPolicyManagerBase( 1672): stopOutput() output 2, stream 1, session 444
V/AudioPolicyManagerBase( 1672): changeRefCount() stream 1, count 0
V/AudioPolicyManagerBase( 1672): getNewDevice() selected device 0
V/AudioPolicyManagerBase( 1672): setOutputDevice() output 2 device 0000 force 0 delayMs 88
V/AudioPolicyManagerBase( 1672): setOutputDevice() prevDevice 0002
V/AudioPolicyManagerBase( 1672): setOutputDevice() setting same device 0000 or null device for output 2
I/power ( 2010): *** release_dvfs_lock : lockType : 1
D/KeyguardViewMediator( 2010): setHidden false
D/KeyguardViewMediator( 2010): setHidden false
I/libblt_hw( 1665): Library closed (handle = 1, fd = 46)
D/KeyguardViewMediator( 2010): setHidden false
D/dalvikvm(17461): GC_CONCURRENT freed 427K, 11% free 9268K/10375K, paused 13ms+2ms, total 45ms
I/InputReader( 2010): Touch event's action is 0x0 (deviceType=0) [pCnt=1, s=0.327 ]
I/InputDispatcher( 2010): Delivering touch to current input target: action: 0x0
I/InputDispatcher( 2010): Delivering touch to current input target: action: 0x0
I/InputDispatcher( 2010): Delivering touch to current input target: action: 0x0
I/InputReader( 2010): Touch event's action is 0x1 (deviceType=0) [pCnt=1, s=]
I/InputDispatcher( 2010): Delivering touch to current input target: action: 0x1
I/InputDispatcher( 2010): Delivering touch to current input target: action: 0x1
I/InputDispatcher( 2010): Delivering touch to current input target: action: 0x1
I/AudioPolicyManagerBase( 1672): getSituationVolume: isBTConnected:0 isHeadConnected:0
V/AudioPolicyManagerBase( 1672): getParamFromPolicy deviceInt = 0, situationInt = 1, situationVolume = 1.000000
V/audio_policy_anm( 1672): audio_io_handle_t android::ap_get_output(audio_policy*, audio_stream_type_t, uint32_t, audio_format_t, uint32_t, audio_output_flags_t): tid 2004
V/AudioPolicyManagerBase( 1672): getOutput() stream 1, samplingRate 0, format 0, channelMask 3, flags 0
V/AudioPolicyManagerBase( 1672): getOutput() returns output 2
V/audio_policy_anm( 1672): audio_io_handle_t android::ap_get_output(audio_policy*, audio_stream_type_t, uint32_t, audio_format_t, uint32_t, audio_output_flags_t): tid 1985
V/AudioPolicyManagerBase( 1672): getOutput() stream 1, samplingRate 0, format 0, channelMask 3, flags 0
V/AudioPolicyManagerBase( 1672): getOutput() returns output 2
V/audio_policy_anm( 1672): audio_io_handle_t android::ap_get_output(audio_policy*, audio_stream_type_t, uint32_t, audio_format_t, uint32_t, audio_output_flags_t): tid 1672
V/AudioPolicyManagerBase( 1672): getOutput() stream 1, samplingRate 44100, format 1, channelMask 3, flags 4
V/AudioPolicyManagerBase( 1672): getOutput() returns output 2
V/AudioPolicyManagerBase( 1672): startOutput() output 2, stream 1, session 445
V/AudioPolicyManagerBase( 1672): changeRefCount() stream 1, count 1
V/AudioPolicyManagerBase( 1672): getNewDevice() selected device 2
V/AudioPolicyManagerBase( 1672): setOutputDevice() output 2 device 0002 force 0 delayMs 0
V/AudioPolicyManagerBase( 1672): setOutputDevice() prevDevice 0002
V/AudioPolicyManagerBase( 1672): setOutputDevice() setting same device 0002 or null device for output 2
V/AudioPolicyManagerBase( 1672): releaseOutput() 2
I/power ( 2010): *** acquire_dvfs_lock : lockType : 1 freq : 1000000
I/power ( 2010): *** release_dvfs_lock : lockType : 1
D/WindowManager( 2010): PhoneWindowManager: focusChangedLw
D/KeyguardViewMediator( 2010): setHidden false
W/ResourceType(32385): Failure getting entry for 0x010802be (t=7 e=702) in package 0 (error -75)
D/AbsListView(32385): Get MotionRecognitionManager
V/AudioPolicyManagerBase( 1672): stopOutput() output 2, stream 1, session 445
V/AudioPolicyManagerBase( 1672): changeRefCount() stream 1, count 0
V/AudioPolicyManagerBase( 1672): getNewDevice() selected device 0
V/AudioPolicyManagerBase( 1672): setOutputDevice() output 2 device 0000 force 0 delayMs 88
V/AudioPolicyManagerBase( 1672): setOutputDevice() prevDevice 0002
V/AudioPolicyManagerBase( 1672): setOutputDevice() setting same device 0000 or null device for output 2
I/ApplicationPolicy( 2010): getApplicationUninstallationEnabled
I/libblt_hw( 1665): Library opened (handle = 1, fd = 47)
D/WindowManager( 2010): PhoneWindowManager: focusChangedLw
D/KeyguardViewMediator( 2010): setHidden false
W/ResourceType(32385): Failure getting entry for 0x7f02016a (t=1 e=362) in package 0 (error -75)
W/ResourceType(32385): Failure getting entry for 0x7f020157 (t=1 e=343) in package 0 (error -75)
W/ResourceType(32385): Failure getting entry for 0x7f02016c (t=1 e=364) in package 0 (error -75)
W/ResourceType(32385): Failure getting entry for 0x7f020166 (t=1 e=358) in package 0 (error -75)
W/ResourceType(32385): Failure getting entry for 0x7f020173 (t=1 e=371) in package 0 (error -75)
W/ResourceType(32385): Failure getting entry for 0x7f020180 (t=1 e=384) in package 0 (error -75)
W/ResourceType(32385): Failure getting entry for 0x7f020180 (t=1 e=384) in package 0 (error -75)
W/System.err(32385): Removed 2131428295
W/System.err(32385): Removed 2131428309
D/KeyguardViewMediator( 2010): setHidden false
D/KeyguardViewMediator( 2010): setHidden false
I/ClipboardServiceEx( 2010): Send intent for dismiss clipboard dialog inside hideCurrentInputLocked() !
D/KeyguardViewMediator( 2010): setHidden false
W/IInputConnectionWrapper(32385): getSelectedText on inactive InputConnection
W/ResourceType(32385): Failure getting entry for 0x7f02016a (t=1 e=362) in package 0 (error -75)
W/ResourceType(32385): Failure getting entry for 0x7f020157 (t=1 e=343) in package 0 (error -75)
W/ResourceType(32385): Failure getting entry for 0x7f02016c (t=1 e=364) in package 0 (error -75)
W/ResourceType(32385): Failure getting entry for 0x7f020166 (t=1 e=358) in package 0 (error -75)
W/ResourceType(32385): Failure getting entry for 0x7f020173 (t=1 e=371) in package 0 (error -75)
W/ResourceType(32385): Failure getting entry for 0x7f020180 (t=1 e=384) in package 0 (error -75)
W/ResourceType(32385): Failure getting entry for 0x7f020180 (t=1 e=384) in package 0 (error -75)
W/System.err(32385): Removed 2131428295
W/System.err(32385): Removed 2131428309
D/KeyguardViewMediator( 2010): setHidden false
W/IInputConnectionWrapper(32385): setComposingText on inactive InputConnection
W/IInputConnectionWrapper(32385): getExtractedText on inactive InputConnection
D/KeyguardViewMediator( 2010): setHidden false
D/KeyguardViewMediator( 2010): setHidden false
I/libblt_hw( 1665): Library closed (handle = 0, fd = 42)
D/KeyguardViewMediator( 2010): setHidden false
D/dalvikvm( 2010): GC_CONCURRENT freed 2068K, 50% free 19421K/38471K, paused 23ms+12ms, total 189ms
D/dalvikvm(17461): GC_CONCURRENT freed 429K, 11% free 9268K/10375K, paused 11ms+2ms, total 37ms
I/InputReader( 2010): Touch event's action is 0x0 (deviceType=0) [pCnt=1, s=0.328 ]
I/InputDispatcher( 2010): Delivering touch to current input target: action: 0x0
I/InputDispatcher( 2010): Delivering touch to current input target: action: 0x0
I/InputDispatcher( 2010): Delivering touch to current input target: action: 0x0
I/InputReader( 2010): Touch event's action is 0x1 (deviceType=0) [pCnt=1, s=]
I/InputDispatcher( 2010): Delivering touch to current input target: action: 0x1
I/InputDispatcher( 2010): Delivering touch to current input target: action: 0x1
I/InputDispatcher( 2010): Delivering touch to current input target: action: 0x1
I/AudioPolicyManagerBase( 1672): getSituationVolume: isBTConnected:0 isHeadConnected:0
V/AudioPolicyManagerBase( 1672): getParamFromPolicy deviceInt = 0, situationInt = 1, situationVolume = 1.000000
V/audio_policy_anm( 1672): audio_io_handle_t android::ap_get_output(audio_policy*, audio_stream_type_t, uint32_t, audio_format_t, uint32_t, audio_output_flags_t): tid 1672
V/AudioPolicyManagerBase( 1672): getOutput() stream 1, samplingRate 0, format 0, channelMask 3, flags 0
V/AudioPolicyManagerBase( 1672): getOutput() returns output 2
V/audio_policy_anm( 1672): audio_io_handle_t android::ap_get_output(audio_policy*, audio_stream_type_t, uint32_t, audio_format_t, uint32_t, audio_output_flags_t): tid 2004
V/AudioPolicyManagerBase( 1672): getOutput() stream 1, samplingRate 0, format 0, channelMask 3, flags 0
V/AudioPolicyManagerBase( 1672): getOutput() returns output 2
I/power ( 2010): *** acquire_dvfs_lock : lockType : 1 freq : 1000000
V/audio_policy_anm( 1672): audio_io_handle_t android::ap_get_output(audio_policy*, audio_stream_type_t, uint32_t, audio_format_t, uint32_t, audio_output_flags_t): tid 1985
V/AudioPolicyManagerBase( 1672): getOutput() stream 1, samplingRate 44100, format 1, channelMask 3, flags 4
V/AudioPolicyManagerBase( 1672): getOutput() returns output 2
V/AudioPolicyManagerBase( 1672): startOutput() output 2, stream 1, session 446
V/AudioPolicyManagerBase( 1672): changeRefCount() stream 1, count 1
V/AudioPolicyManagerBase( 1672): getNewDevice() selected device 2
V/AudioPolicyManagerBase( 1672): setOutputDevice() output 2 device 0002 force 0 delayMs 0
V/AudioPolicyManagerBase( 1672): setOutputDevice() prevDevice 0002
V/AudioPolicyManagerBase( 1672): setOutputDevice() setting same device 0002 or null device for output 2
V/AudioPolicyManagerBase( 1672): releaseOutput() 2
D/WindowManager( 2010): PhoneWindowManager: focusChangedLw
D/KeyguardViewMediator( 2010): setHidden false
I/libblt_hw( 1665): Library opened (handle = 0, fd = 42)
D/KeyguardViewMediator( 2010): setHidden false
D/KeyguardViewMediator( 2010): setHidden false
I/libblt_hw( 1665): Library opened (handle = 2, fd = 46)
D/WindowManager( 2010): PhoneWindowManager: focusChangedLw
D/KeyguardViewMediator( 2010): setHidden false
D/KeyguardViewMediator( 2010): setHidden false
I/ClipboardServiceEx( 2010): Send intent for dismiss clipboard dialog inside hideCurrentInputLocked() !
D/KeyguardViewMediator( 2010): setHidden false
V/AudioPolicyManagerBase( 1672): stopOutput() output 2, stream 1, session 446
V/AudioPolicyManagerBase( 1672): changeRefCount() stream 1, count 0
V/AudioPolicyManagerBase( 1672): getNewDevice() selected device 0
V/AudioPolicyManagerBase( 1672): setOutputDevice() output 2 device 0000 force 0 delayMs 88
V/AudioPolicyManagerBase( 1672): setOutputDevice() prevDevice 0002
V/AudioPolicyManagerBase( 1672): setOutputDevice() setting same device 0000 or null device for output 2
D/KeyguardViewMediator( 2010): setHidden false
E/Trace (17757): error opening trace file: No such file or directory (2)
D/KeyguardViewMediator( 2010): setHidden false
D/KeyguardViewMediator( 2010): setHidden false
I/power ( 2010): *** release_dvfs_lock : lockType : 1
D/KeyguardViewMediator( 2010): setHidden false
I/libblt_hw( 1665): Library closed (handle = 1, fd = 47)
D/KeyguardViewMediator( 2010): setHidden false
D/KeyguardViewMediator( 2010): setHidden false
D/KeyguardViewMediator( 2010): setHidden false
D/KeyguardViewMediator( 2010): setHidden false
I/InputReader( 2010): Touch event's action is 0x0 (deviceType=0) [pCnt=1, s=0.329 ]
I/InputDispatcher( 2010): Delivering touch to current input target: action: 0x0
I/InputDispatcher( 2010): Delivering touch to current input target: action: 0x0
I/InputDispatcher( 2010): Delivering touch to current input target: action: 0x0
E/MtpService(32371): In MTPAPP onReceive:android.intent.action.BATTERY_CHANGED
E/MtpService(32371): battPlugged Type : 2
I/InputReader( 2010): Touch event's action is 0x1 (deviceType=0) [pCnt=1, s=]
I/InputDispatcher( 2010): Delivering touch to current input target: action: 0x1
I/InputDispatcher( 2010): Delivering touch to current input target: action: 0x1
I/InputDispatcher( 2010): Delivering touch to current input target: action: 0x1
I/AudioPolicyManagerBase( 1672): getSituationVolume: isBTConnected:0 isHeadConnected:0
V/AudioPolicyManagerBase( 1672): getParamFromPolicy deviceInt = 0, situationInt = 1, situationVolume = 1.000000
V/audio_policy_anm( 1672): audio_io_handle_t android::ap_get_output(audio_policy*, audio_stream_type_t, uint32_t, audio_format_t, uint32_t, audio_output_flags_t): tid 1985
V/AudioPolicyManagerBase( 1672): getOutput() stream 1, samplingRate 0, format 0, channelMask 3, flags 0
V/AudioPolicyManagerBase( 1672): getOutput() returns output 2
V/audio_policy_anm( 1672): audio_io_handle_t android::ap_get_output(audio_policy*, audio_stream_type_t, uint32_t, audio_format_t, uint32_t, audio_output_flags_t): tid 2004
V/AudioPolicyManagerBase( 1672): getOutput() stream 1, samplingRate 0, format 0, channelMask 3, flags 0
V/AudioPolicyManagerBase( 1672): getOutput() returns output 2
V/audio_policy_anm( 1672): audio_io_handle_t android::ap_get_output(audio_policy*, audio_stream_type_t, uint32_t, audio_format_t, uint32_t, audio_output_flags_t): tid 1672
V/AudioPolicyManagerBase( 1672): getOutput() stream 1, samplingRate 44100, format 1, channelMask 3, flags 4
V/AudioPolicyManagerBase( 1672): getOutput() returns output 2
V/AudioPolicyManagerBase( 1672): startOutput() output 2, stream 1, session 447
V/AudioPolicyManagerBase( 1672): changeRefCount() stream 1, count 1
V/AudioPolicyManagerBase( 1672): getNewDevice() selected device 2
V/AudioPolicyManagerBase( 1672): setOutputDevice() output 2 device 0002 force 0 delayMs 0
V/AudioPolicyManagerBase( 1672): setOutputDevice() prevDevice 0002
V/AudioPolicyManagerBase( 1672): setOutputDevice() setting same device 0002 or null device for output 2
V/AudioPolicyManagerBase( 1672): releaseOutput() 2
I/power ( 2010): *** acquire_dvfs_lock : lockType : 1 freq : 1000000
D/KeyguardViewMediator( 2010): setHidden false
D/WindowManager( 2010): PhoneWindowManager: focusChangedLw
D/KeyguardViewMediator( 2010): setHidden false
D/KeyguardViewMediator( 2010): setHidden false
W/ResourceType(32385): Failure getting entry for 0x7f02016a (t=1 e=362) in package 0 (error -75)
W/ResourceType(32385): Failure getting entry for 0x7f020157 (t=1 e=343) in package 0 (error -75)
W/ResourceType(32385): Failure getting entry for 0x7f02016c (t=1 e=364) in package 0 (error -75)
W/ResourceType(32385): Failure getting entry for 0x7f020166 (t=1 e=358) in package 0 (error -75)
W/ResourceType(32385): Failure getting entry for 0x7f020173 (t=1 e=371) in package 0 (error -75)
W/ResourceType(32385): Failure getting entry for 0x7f020180 (t=1 e=384) in package 0 (error -75)
W/ResourceType(32385): Failure getting entry for 0x7f020180 (t=1 e=384) in package 0 (error -75)
W/System.err(32385): Removed 2131428295
W/System.err(32385): Removed 2131428309
I/ClipboardServiceEx( 2010): Send intent for dismiss clipboard dialog inside hideCurrentInputLocked() !
V/AudioPolicyManagerBase( 1672): stopOutput() output 2, stream 1, session 447
V/AudioPolicyManagerBase( 1672): changeRefCount() stream 1, count 0
V/AudioPolicyManagerBase( 1672): getNewDevice() selected device 0
V/AudioPolicyManagerBase( 1672): setOutputDevice() output 2 device 0000 force 0 delayMs 88
V/AudioPolicyManagerBase( 1672): setOutputDevice() prevDevice 0002
V/AudioPolicyManagerBase( 1672): setOutputDevice() setting same device 0000 or null device for output 2
D/KeyguardViewMediator( 2010): setHidden false
D/KeyguardViewMediator( 2010): setHidden false
I/libblt_hw( 1665): Library closed (handle = 2, fd = 46)
D/KeyguardViewMediator( 2010): setHidden false
D/dalvikvm(17461): GC_CONCURRENT freed 429K, 11% free 9268K/10375K, paused 2ms+2ms, total 25ms
I/power ( 2010): *** release_dvfs_lock : lockType : 1
I/InputReader( 2010): Touch event's action is 0x0 (deviceType=0) [pCnt=1, s=0.330 ]
I/InputDispatcher( 2010): Delivering touch to current input target: action: 0x0
I/InputDispatcher( 2010): Delivering touch to current input target: action: 0x0
I/InputDispatcher( 2010): Delivering touch to current input target: action: 0x0
D/dalvikvm( 2010): GC_CONCURRENT freed 2055K, 50% free 19380K/38471K, paused 5ms+12ms, total 152ms
I/InputReader( 2010): Touch event's action is 0x1 (deviceType=0) [pCnt=1, s=]
I/InputDispatcher( 2010): Delivering touch to current input target: action: 0x1
I/InputDispatcher( 2010): Delivering touch to current input target: action: 0x1
I/InputDispatcher( 2010): Delivering touch to current input target: action: 0x1
I/AudioPolicyManagerBase( 1672): getSituationVolume: isBTConnected:0 isHeadConnected:0
V/AudioPolicyManagerBase( 1672): getParamFromPolicy deviceInt = 0, situationInt = 1, situationVolume = 1.000000
V/audio_policy_anm( 1672): audio_io_handle_t android::ap_get_output(audio_policy*, audio_stream_type_t, uint32_t, audio_format_t, uint32_t, audio_output_flags_t): tid 1672
V/AudioPolicyManagerBase( 1672): getOutput() stream 1, samplingRate 0, format 0, channelMask 3, flags 0
V/AudioPolicyManagerBase( 1672): getOutput() returns output 2
V/audio_policy_anm( 1672): audio_io_handle_t android::ap_get_output(audio_policy*, audio_stream_type_t, uint32_t, audio_format_t, uint32_t, audio_output_flags_t): tid 2004
V/AudioPolicyManagerBase( 1672): getOutput() stream 1, samplingRate 0, format 0, channelMask 3, flags 0
V/AudioPolicyManagerBase( 1672): getOutput() returns output 2
V/audio_policy_anm( 1672): audio_io_handle_t android::ap_get_output(audio_policy*, audio_stream_type_t, uint32_t, audio_format_t, uint32_t, audio_output_flags_t): tid 1985
V/AudioPolicyManagerBase( 1672): getOutput() stream 1, samplingRate 44100, format 1, channelMask 3, flags 4
V/AudioPolicyManagerBase( 1672): getOutput() returns output 2
V/AudioPolicyManagerBase( 1672): startOutput() output 2, stream 1, session 448
V/AudioPolicyManagerBase( 1672): changeRefCount() stream 1, count 1
V/AudioPolicyManagerBase( 1672): getNewDevice() selected device 2
V/AudioPolicyManagerBase( 1672): setOutputDevice() output 2 device 0002 force 0 delayMs 0
V/AudioPolicyManagerBase( 1672): setOutputDevice() prevDevice 0002
V/AudioPolicyManagerBase( 1672): setOutputDevice() setting same device 0002 or null device for output 2
V/AudioPolicyManagerBase( 1672): releaseOutput() 2
I/power ( 2010): *** acquire_dvfs_lock : lockType : 1 freq : 1000000
D/WindowManager( 2010): PhoneWindowManager: focusChangedLw
D/KeyguardViewMediator( 2010): setHidden false
W/ResourceType(32385): Failure getting entry for 0x010802be (t=7 e=702) in package 0 (error -75)
D/AbsListView(32385): Get MotionRecognitionManager
I/ApplicationPolicy( 2010): getApplicationUninstallationEnabled
V/AudioPolicyManagerBase( 1672): stopOutput() output 2, stream 1, session 448
V/AudioPolicyManagerBase( 1672): changeRefCount() stream 1, count 0
V/AudioPolicyManagerBase( 1672): getNewDevice() selected device 0
V/AudioPolicyManagerBase( 1672): setOutputDevice() output 2 device 0000 force 0 delayMs 88
V/AudioPolicyManagerBase( 1672): setOutputDevice() prevDevice 0002
V/AudioPolicyManagerBase( 1672): setOutputDevice() setting same device 0000 or null device for output 2
I/libblt_hw( 1665): Library opened (handle = 1, fd = 29)
D/WindowManager( 2010): PhoneWindowManager: focusChangedLw
D/KeyguardViewMediator( 2010): setHidden false
W/ResourceType(32385): Failure getting entry for 0x7f02016a (t=1 e=362) in package 0 (error -75)
W/ResourceType(32385): Failure getting entry for 0x7f020157 (t=1 e=343) in package 0 (error -75)
W/ResourceType(32385): Failure getting entry for 0x7f02016c (t=1 e=364) in package 0 (error -75)
W/ResourceType(32385): Failure getting entry for 0x7f020166 (t=1 e=358) in package 0 (error -75)
W/ResourceType(32385): Failure getting entry for 0x7f020173 (t=1 e=371) in package 0 (error -75)
