D/KeyguardViewMediator( 2010): setHidden false
I/ADM ( 1694): 8: 75203591987: [OMXIL] omx_log:256 4374DE80 [ocessing.spl]: CB CmdComplete StateSet StateIdle
D/KeyguardViewMediator( 2010): setHidden false
I/InputReader( 2010): Touch event's action is 0x1 (deviceType=0) [pCnt=1, s=]
I/InputDispatcher( 2010): Delivering touch to current input target: action: 0x1
I/InputDispatcher( 2010): Delivering touch to current input target: action: 0x1
I/InputDispatcher( 2010): Delivering touch to current input target: action: 0x1
D/KeyguardViewMediator( 2010): adjustUserActivityLocked mShowing: false mHidden: false
D/PowerManagerService( 2010): enableUserActivity true
D/LockPatternUtils( 2010): isPcwEnable = null
D/KeyguardViewMediator( 2010): adjustStatusBarLocked: mShowing=false mHidden=false isSecure=false --> flags=0x0
E/KeyguardViewMediator( 2010): 3. Lockscreen unlock
E/KeyguardViewMediator( 2010): Phone is boot completed. so can broadcast
D/ ( 2010):
D/ ( 2010): set_light_touchkey is called!!!
D/ ( 2010):
D/ ( 2010): light_touchkey on/off = 0
E/KeyguardViewMediator( 2010): Phone is boot completed. so can broadcast
D/STATUSBAR-StatusBarManagerService( 2010): manageDisableList what=0x0 pkg=android
D/PhoneStatusBar( 2113): disable: < expand icons alerts ticker system_info BACK HOME recent* CLOCK > D/PowerManagerService( 2010): userActivity : mUserState 0x3
D/PowerManagerService( 2010): releaseWakeLockLocked flags=0x0 tag=keyguard
I/PowerManagerService( 2010): Ulight 0x7->0x3|0x0
D/CircleUnlockRipple( 2010): handleTouchEvent event : 2
D/CircleUnlockRipple( 2010): pokeWakelockWithTimeCheck time diffence = 1117
D/KeyguardViewMediator( 2010): pokeWakelock canceled by the showing condition
D/CircleUnlockRipple( 2010): pokeWakelockWithTimeCheck mCallback.pokeWakelock(AWAKE_INTERVAL_DEFAULT_MS)
D/CircleUnlockRippleRenderer( 2010): handleTouchEvent event : 2, view = null
V/SoundPoolThread( 2010): Got message m=1, mData=0
V/SoundPoolThread( 2010): goodbye
V/SoundPoolThread( 2010): return from quit
V/AudioPolicyManagerBase( 1672): stopOutput() output 2, stream 1, session 550
V/AudioPolicyManagerBase( 1672): changeRefCount() stream 1, count 2
V/AudioPolicyManagerBase( 1672): releaseOutput() 2
V/AudioPolicyManagerBase( 1672): stopOutput() output 2, stream 1, session 549
V/AudioPolicyManagerBase( 1672): changeRefCount() stream 1, count 1
V/AudioPolicyManagerBase( 1672): releaseOutput() 2
V/SoundPoolThread( 2010): return from quit
D/STATUSBAR-NotificationService( 2010): ACTION_USER_PRESENT
E/MotionRecognitionService( 2010): mReceiver.onReceive : ACTION_USER_PRESENT :: UNLOCK SCREEN
D/CircleUnlockRipple( 2010): handleTouchEvent event : 1
D/CircleUnlockRipple( 2010): pokeWakelockWithTimeCheck time diffence = 1125
D/KeyguardViewMediator( 2010): pokeWakelock canceled by the showing condition
D/CircleUnlockRipple( 2010): pokeWakelockWithTimeCheck mCallback.pokeWakelock(AWAKE_INTERVAL_DEFAULT_MS)
D/CircleUnlockRippleRenderer( 2010): handleTouchEvent event : 1, view = null
I/ADM ( 1694): 5: 75203625434: [OMXIL] omx_log:256 45781F68 [ocessing.spl]: CB CmdComplete StateSet StateIdle
I/ADM ( 1694): 1: 75203625770: [OMXIL] omx_log:954 4447F5C8 [X.ST.AFM.IHF]: SendCommand StateSet StateExecuting
I/ADM ( 1694): 4: 75203628303: [OMXIL] omx_log:256 4447F5C8 [X.ST.AFM.IHF]: CB CmdComplete StateSet StateExecuting
I/ADM ( 1694): 3: 75203628394: [OMXIL] omx_log:954 4374DE80 [ocessing.spl]: SendCommand StateSet StateExecuting
I/ADM ( 1694): 4: 75203628882: [OMXIL] omx_log:256 4374DE80 [ocessing.spl]: CB CmdComplete StateSet StateExecuting
I/ADM ( 1694): 3: 75203628943: [OMXIL] omx_log:954 43460E58 [ST.AFM.mixer]: SendCommand StateSet StateExecuting
I/ADM ( 1694): 4: 75203629462: [OMXIL] omx_log:256 43460E58 [ST.AFM.mixer]: CB CmdComplete StateSet StateExecuting
I/ADM ( 1694): 3: 75203629523: [OMXIL] omx_log:954 45781F68 [ocessing.spl]: SendCommand StateSet StateExecuting
I/ADM ( 1694): 3: 75203629981: [OMXIL] omx_log:256 45781F68 [ocessing.spl]: CB CmdComplete StateSet StateExecuting
I/ADM ( 1694): 2: 75203630103: [OMXIL] omx_log:954 414B0008 [ADM.mixer ]: SendCommand StateSet StateExecuting
I/ADM ( 1694): 6: 75203630164: [OMXIL] omx_log:256 414B0008 [ADM.mixer ]: CB CmdComplete StateSet StateExecuting
I/ADM ( 1694): 1: 75203630469: [OMXIL] omx_log:887 43460E58 [ST.AFM.mixer]: SetParameter idx=OMX_IndexParamAudioSynchronized
I/ADM ( 1694): 2: 75203630530: [OMXIL] omx_log:293 port=1 bIsSynchronized=1
I/ADM ( 1694): 8: 75203630866: [OMXIL] omx_log:887 45781F68 [ocessing.spl]: SetParameter idx=AudioPcm
I/ADM ( 1694): 9: 75203630927: [OMXIL] omx_log:293 port=1 channels=1 eNumData=0 endian=1 interleave=1 bits=16 samplerate=48000
I/ADM ( 1694): 0: 75203630958: [OMXIL] omx_log:293 pcmMode=0 map[0]=3 map[1]=0 map[2]=0, map[3]=0, map[4]=0, map[5]=0
I/ADM ( 1694): 4: 75203631232: [OMXIL] omx_log:887 43460E58 [ST.AFM.mixer]: SetParameter idx=AudioPcm
I/ADM ( 1694): 5: 75203631293: [OMXIL] omx_log:293 port=1 channels=1 eNumData=0 endian=1 interleave=1 bits=16 samplerate=48000
I/ADM ( 1694): 5: 75203631324: [OMXIL] omx_log:293 pcmMode=0 map[0]=3 map[1]=0 map[2]=0, map[3]=0, map[4]=0, map[5]=0
I/ADM ( 1694): 0: 75203633979: [OMXIL] omx_log:256 SetupTunnel 45781F68[ocessing.spl].1 -> 43460E58[ST.AFM.mixer].1 --> OK
I/ADM ( 1694): 2: 75203634070: [OMXIL] omx_log:957 43460E58 [ST.AFM.mixer]: SendCommand PortEnable 1
I/ADM ( 1694): 6: 75203640235: [OMXIL] omx_log:256 43460E58 [ST.AFM.mixer]: CB CmdComplete PortEnable 1
I/ADM ( 1694): 9: 75203640387: [OMXIL] omx_log:957 45781F68 [ocessing.spl]: SendCommand PortEnable 1
D/WindowManager( 2010): PhoneWindowManager: focusChangedLw
D/KeyguardViewMediator( 2010): setHidden false
I/ADM ( 1694): 3: 75203649451: [OMXIL] omx_log:256 45781F68 [ocessing.spl]: CB CmdComplete PortEnable 1
I/ADM ( 1694): 6: 75203649665: [OMXIL] omx_log:573 Unknown index (not all mapped): 0x7F00600B
I/ADM ( 1694): 7: 75203649726: [INFO] dev:501 open dev OK, device handle: 101
I/ADM ( 1694): 0: 75203649878: [INFO] dev:512 >>> LEAVE dev_open(Speaker, 0) --> 101 0
V/WindowManager( 2010): rotationForOrientationLw(orient=-1, last=0); user=0 mLidState=-1 mDockMode=0 mHdmiPlugged=false mAccelerometerDefault=false sensorRotation=-1
I/ADM ( 1694): 2: 75203650000: [INFO] dev:306 setting /data/local/tmp/rme_act_adm to 0
D/LockPatternKeyguardView( 2010): unfocused
D/CircleLockScreen( 2010): unfocused
I/ADM ( 1694): 0: 75203652259: [OMXIL] omx_log:256 40FF2008: GetHandle 'ADM.splitter' pAD=40049958 pCB=4013BD60 OK
I/ADM ( 1694): 2: 75203652350: [OMXIL] omx_log:887 40FF2008 [ADM.splitter]: SetParameter idx=AudioPcm
I/ADM ( 1694): 3: 75203652381: [OMXIL] omx_log:293 port=0 channels=2 eNumData=0 endian=1 interleave=1 bits=16 samplerate=44100
I/ADM ( 1694): 3: 75203652442: [OMXIL] omx_log:293 pcmMode=0 map[0]=1 map[1]=2 map[2]=0, map[3]=0, map[4]=0, map[5]=0
I/ADM ( 1694): 4: 75203652472: [OMXIL] omx_log:887 40FF2008 [ADM.splitter]: SetParameter idx=AudioPcm
I/ADM ( 1694): 5: 75203652533: [OMXIL] omx_log:293 port=1 channels=2 eNumData=0 endian=1 interleave=1 bits=16 samplerate=44100
I/ADM ( 1694): 5: 75203652564: [OMXIL] omx_log:293 pcmMode=0 map[0]=1 map[1]=2 map[2]=0, map[3]=0, map[4]=0, map[5]=0
I/ADM ( 1694): 9: 75203652778: [OMXIL] omx_log:957 40FF2008 [ADM.splitter]: SendCommand PortDisable 0
I/ADM ( 1694): 1: 75203652869: [OMXIL] omx_log:256 40FF2008 [ADM.splitter]: CB CmdComplete PortDisable 0
I/ADM ( 1694): 2: 75203652930: [OMXIL] omx_log:957 40FF2008 [ADM.splitter]: SendCommand PortDisable 1
I/ADM ( 1694): 3: 75203652961: [OMXIL] omx_log:256 40FF2008 [ADM.splitter]: CB CmdComplete PortDisable 1
I/ADM ( 1694): 4: 75203653022: [OMXIL] omx_log:957 40FF2008 [ADM.splitter]: SendCommand PortDisable 2
I/ADM ( 1694): 5: 75203653083: [OMXIL] omx_log:256 40FF2008 [ADM.splitter]: CB CmdComplete PortDisable 2
I/ADM ( 1694): 6: 75203653144: [OMXIL] omx_log:887 40FF2008 [ADM.splitter]: SetParameter idx=OMX_IndexParamAudioSynchronized
I/ADM ( 1694): 6: 75203653205: [OMXIL] omx_log:293 port=1 bIsSynchronized=1
I/ADM ( 1694): 7: 75203653235: [OMXIL] omx_log:887 40FF2008 [ADM.splitter]: SetParameter idx=OMX_IndexParamAudioSynchronized
I/ADM ( 1694): 8: 75203653296: [OMXIL] omx_log:293 port=2 bIsSynchronized=1
I/ADM ( 1694): 8: 75203653327: [OMXIL] omx_log:954 40FF2008 [ADM.splitter]: SendCommand StateSet StateIdle
I/ADM ( 1694): 9: 75203653357: [OMXIL] omx_log:256 40FF2008 [ADM.splitter]: CB CmdComplete StateSet StateIdle
I/ADM ( 1694): 0: 75203653449: [OMXIL] omx_log:954 40FF2008 [ADM.splitter]: SendCommand StateSet StateExecuting
I/ADM ( 1694): 2: 75203653479: [OMXIL] omx_log:256 40FF2008 [ADM.splitter]: CB CmdComplete StateSet StateExecuting
I/ADM ( 1694): 2: 75203653540: [OMXIL] omx_log:887 40FF2008 [ADM.splitter]: SetParameter idx=PortDefinition
I/ADM ( 1694): 3: 75203653571: [OMXIL] omx_log:293 port=0 dir=0 act=3 min=3 sz=3904 enabled=0 pop=0 domain=0 bcont=0 align=0
I/ADM ( 1694): 4: 75203653632: [OMXIL] omx_log:293 mime=(null) natread=0 conceal=0 encoding=2
I/ADM ( 1694): 5: 75203653663: [OMXIL] omx_log:887 40FF2008 [ADM.splitter]: SetParameter idx=OMX_IndexParamAudioSynchronized
I/ADM ( 1694): 5: 75203653724: [OMXIL] omx_log:293 port=0 bIsSynchronized=0
I/ADM ( 1694): 6: 75203653754: [OMXIL] omx_log:957 40FF2008 [ADM.splitter]: SendCommand PortEnable 0
I/ADM ( 1694): 0: 75203653998: [OMXIL] omx_log:1160 40FF2008 [ADM.splitter]: UseBuffer hdr=0 port=0 priv=0 bytes=3904 buf=410A1000
I/ADM ( 1694): 1: 75203654059: [OMXIL] omx_log:1160 40FF2008 [ADM.splitter]: UseBuffer hdr=0 port=0 priv=0 bytes=3904 buf=410A1F40
I/ADM ( 1694): 2: 75203654120: [OMXIL] omx_log:1160 40FF2008 [ADM.splitter]: UseBuffer hdr=0 port=0 priv=0 bytes=3904 buf=410A2E80
I/ADM ( 1694): 3: 75203654151: [OMXIL] omx_log:256 40FF2008 [ADM.splitter]: CB CmdComplete PortEnable 0
I/ADM ( 1694): 4: 75203654242: [OMXIL] omx_log:887 414B0008 [ADM.mixer ]: SetParameter idx=AudioPcm
I/ADM ( 1694): 5: 75203654273: [OMXIL] omx_log:293 port=1 channels=2 eNumData=0 endian=1 interleave=1 bits=16 samplerate=44100
I/ADM ( 1694): 5: 75203654334: [OMXIL] omx_log:293 pcmMode=0 map[0]=1 map[1]=2 map[2]=0, map[3]=0, map[4]=0, map[5]=0
I/ADM ( 1694): 7: 75203654364: [OMXIL] omx_log:256 SetupTunnel 40FF2008[ADM.splitter].1 -> 414B0008[ADM.mixer].1 --> OK
I/ADM ( 1694): 7: 75203654425: [OMXIL] omx_log:957 414B0008 [ADM.mixer ]: SendCommand PortEnable 1
I/ADM ( 1694): 8: 75203654456: [OMXIL] omx_log:256 414B0008 [ADM.mixer ]: CB CmdComplete PortEnable 1
I/ADM ( 1694): 9: 75203654517: [OMXIL] omx_log:957 40FF2008 [ADM.splitter]: SendCommand PortEnable 1
I/ADM ( 1694): 0: 75203654578: [OMXIL] omx_log:256 40FF2008 [ADM.splitter]: CB CmdComplete PortEnable 1
I/ADM ( 1694): 1: 75203654639: [OMXIL] omx_log:913 40FF2008 [ADM.splitter]: SetConfig idx=OMX_IndexParamAudioSynchronized
I/ADM ( 1694): 2: 75203654700: [OMXIL] omx_log:293 port=0 bIsSynchronized=1
I/ADM ( 1694): 3: 75203654731: [STATUS] api_devset:615 API LEAVE: Opened new device 'Speaker', handle = 101
I/sec_anm_ahi_output( 1672): adm_api: opened device. bufsz=3904 num_bufs=3 bufp=42C40000
D/WindowManager( 2010): PhoneWindowManager: focusChangedLw
D/KeyguardViewMediator( 2010): setHidden false
E/SpannableStringBuilder(22286): SPAN_EXCLUSIVE_EXCLUSIVE spans cannot have a zero length
E/SpannableStringBuilder(22286): SPAN_EXCLUSIVE_EXCLUSIVE spans cannot have a zero length
W/InputMethodManagerService( 2010): Window already focused, ignoring focus gain of: com.android.internal.view.IInputMethodClient$Stub$Proxy@427324c8 attribute=android.view.inputmethod.EditorInfo@42b54b10
D/STATUSBAR-StatusBarManagerService( 2010): setSystemUiVisibility(0x0)
D/STATUSBAR-StatusBarManagerService( 2010): manageDisableList what=0x0 pkg=WindowManager.LayoutParams
D/PhoneStatusBar( 2113): disable: < expand icons alerts ticker system_info back* home* recent clock* > E/MTPRx (32371): In MtpReceiverandroid.intent.action.USER_PRESENT
E/MTPRx (32371): check value of boot_completed is1
E/MTPRx (32371): check booting is completed_sys.boot_completed
E/MTPRx (32371): Sd-Card path/storage/extSdCard
E/MTPRx (32371): Status for mount/Unmount :removed
E/MTPRx (32371): SDcard is not available
E/MTPRx (32371): The value of first_boot is 1
E/MTPRx (32371): [ 662] The value of first_boot is 1NORMAL SEQUENCE
D/KeyguardViewMediator( 2010): setHidden false
V/PhoneStatusBar( 2113): setLightsOn(true)
D/KeyguardViewMediator( 2010): setHidden false
D/KeyguardViewMediator( 2010): setHidden false
D/KeyguardViewMediator( 2010): setHidden false
D/KeyguardViewMediator( 2010): setHidden false
D/KeyguardViewMediator( 2010): setHidden false
D/KeyguardViewMediator( 2010): setHidden false
D/KeyguardViewMediator( 2010): setHidden false
D/KeyguardViewMediator( 2010): setHidden false
D/KeyguardViewMediator( 2010): setHidden false
D/KeyguardViewMediator( 2010): setHidden false
D/KeyguardViewMediator( 2010): setHidden false
D/KeyguardViewMediator( 2010): setHidden false
D/KeyguardViewMediator( 2010): setHidden false
D/KeyguardViewMediator( 2010): setHidden false
D/KeyguardViewMediator( 2010): setHidden false
D/KeyguardViewMediator( 2010): setHidden false
D/KeyguardViewMediator( 2010): setHidden false
D/KeyguardViewMediator( 2010): setHidden false
D/KeyguardViewMediator( 2010): setHidden false
D/KeyguardViewMediator( 2010): setHidden false
D/KeyguardViewMediator( 2010): setHidden false
D/CircleLockScreen( 2010): onPause()
D/CircleShortcutWidget( 2010): onPause()
D/CircleLockScreen( 2010): cleanUp()
D/CircleShortcutWidget( 2010): cleanUp()
D/KeyguardViewMediator( 2010): setHidden false
D/KeyguardViewMediator( 2010): setHidden false
V/AudioPolicyManagerBase( 1672): stopOutput() output 2, stream 1, session 551
V/AudioPolicyManagerBase( 1672): changeRefCount() stream 1, count 0
V/AudioPolicyManagerBase( 1672): getNewDevice() selected device 0
V/AudioPolicyManagerBase( 1672): setOutputDevice() output 2 device 0000 force 0 delayMs 88
V/AudioPolicyManagerBase( 1672): setOutputDevice() prevDevice 0002
V/AudioPolicyManagerBase( 1672): setOutputDevice() setting same device 0000 or null device for output 2
D/KeyguardViewMediator( 2010): setHidden false
D/KeyguardViewMediator( 2010): setHidden false
W/SurfaceView( 2010): CHECK surface infomation creating=false formatChanged=false sizeChanged=false visible=false visibleChanged=true surfaceChanged=true realSizeChanged=false redrawNeeded=false left=false top=false
D/KeyguardViewMediator( 2010): setHidden false
D/KeyguardViewMediator( 2010): setHidden false
D/KeyguardViewMediator( 2010): setHidden false
D/WallpaperWidget( 2010): cleanUp()
D/KeyguardViewMediator( 2010): setHidden false
I/libblt_hw( 1665): Library closed (handle = 2, fd = 42)
D/LockPatternUtils( 2010): isPcwEnable = null
D/KeyguardViewMediator( 2010): adjustStatusBarLocked: mShowing=false mHidden=false isSecure=false --> flags=0x0
D/STATUSBAR-StatusBarManagerService( 2010): manageDisableList what=0x0 pkg=android
D/KeyguardViewMediator( 2010): setHidden false
D/KeyguardViewMediator( 2010): setHidden false
I/libblt_hw( 1665): Library closed (handle = 1, fd = 39)
I/power ( 2010): *** release_dvfs_lock : lockType : 1
D/PowerManagerService( 2010): releaseDVFSLockLocked : all DVFS_MIN_LIMIT are released
W/ActivityManager( 2010): mDVFSLock.release()
W/PowerManagerService( 2010): Timer 0x3->0x3|0x0
D/InputReader( 2010): Input event: value=1
I/AudioPolicyManagerBase( 1672): getSituationVolume: isBTConnected:0 isHeadConnected:0
D/ ( 2010):
D/ ( 2010): set_light_touchkey is called!!!
V/AudioPolicyManagerBase( 1672): getParamFromPolicy deviceInt = 0, situationInt = 1, situationVolume = 1.000000
D/ ( 2010):
D/ ( 2010): light_touchkey on/off = 1
I/InputDispatcher( 2010): Delivering key to current input target: action: 0x0
I/InputDispatcher( 2010): Delivering key to current input target: action: 0x0
V/audio_policy_anm( 1672): audio_io_handle_t android::ap_get_output(audio_policy*, audio_stream_type_t, uint32_t, audio_format_t, uint32_t, audio_output_flags_t): tid 2004
V/AudioPolicyManagerBase( 1672): getOutput() stream 1, samplingRate 0, format 0, channelMask 3, flags 0
I/InputDispatcher( 2010): Delivering key to current input target: action: 0x0
V/AudioPolicyManagerBase( 1672): getOutput() returns output 2
I/PowerManagerService( 2010): Ulight 0x3->0x7|0x0
V/audio_policy_anm( 1672): audio_io_handle_t android::ap_get_output(audio_policy*, audio_stream_type_t, uint32_t, audio_format_t, uint32_t, audio_output_flags_t): tid 1985
V/AudioPolicyManagerBase( 1672): getOutput() stream 1, samplingRate 0, format 0, channelMask 3, flags 0
V/AudioPolicyManagerBase( 1672): getOutput() returns output 2
V/audio_policy_anm( 1672): audio_io_handle_t android::ap_get_output(audio_policy*, audio_stream_type_t, uint32_t, audio_format_t, uint32_t, audio_output_flags_t): tid 1672
V/AudioPolicyManagerBase( 1672): getOutput() stream 1, samplingRate 44100, format 1, channelMask 3, flags 4
V/AudioPolicyManagerBase( 1672): getOutput() returns output 2
V/AudioPolicyManagerBase( 1672): startOutput() output 2, stream 1, session 552
V/AudioPolicyManagerBase( 1672): changeRefCount() stream 1, count 1
V/AudioPolicyManagerBase( 1672): getNewDevice() selected device 2
V/AudioPolicyManagerBase( 1672): setOutputDevice() output 2 device 0002 force 0 delayMs 0
V/AudioPolicyManagerBase( 1672): setOutputDevice() prevDevice 0002
V/AudioPolicyManagerBase( 1672): setOutputDevice() setting same device 0002 or null device for output 2
V/AudioPolicyManagerBase( 1672): releaseOutput() 2
D/dalvikvm( 2010): WAIT_FOR_CONCURRENT_GC blocked 0ms
D/InputReader( 2010): Input event: value=0
D/dalvikvm( 2010): GC_EXPLICIT freed 3899K, 42% free 22402K/38471K, paused 7ms+17ms, total 155ms
I/InputDispatcher( 2010): Delivering key to current input target: action: 0x1
I/InputDispatcher( 2010): Delivering key to current input target: action: 0x1
I/InputDispatcher( 2010): Delivering key to current input target: action: 0x1
I/ApplicationUsage( 2010): handleMessage : MSG_UPDATE_USAGE_DB
I/ApplicationUsage( 2010): Updating Usage Statistics in DB @ 1366068606333
V/AudioPolicyManagerBase( 1672): stopOutput() output 2, stream 1, session 552
V/AudioPolicyManagerBase( 1672): changeRefCount() stream 1, count 0
V/AudioPolicyManagerBase( 1672): getNewDevice() selected device 0
V/AudioPolicyManagerBase( 1672): setOutputDevice() output 2 device 0000 force 0 delayMs 88
V/AudioPolicyManagerBase( 1672): setOutputDevice() prevDevice 0002
V/AudioPolicyManagerBase( 1672): setOutputDevice() setting same device 0000 or null device for output 2
I/ClipboardServiceEx( 2010): Send intent for dismiss clipboard dialog inside hideCurrentInputLocked() !
D/WindowManager( 2010): PhoneWindowManager: focusChangedLw
D/KeyguardViewMediator( 2010): setHidden false
V/WindowManager( 2010): rotationForOrientationLw(orient=5, last=0); user=0 mLidState=-1 mDockMode=0 mHdmiPlugged=false mAccelerometerDefault=false sensorRotation=0
D/KeyguardViewMediator( 2010): setHidden false
D/Launcher( 2290): onRestart, Launcher: 1109032568
D/Launcher( 2290): onStart, Launcher: 1109032568
D/Launcher.HomeFragment( 2290): onStart
D/Launcher( 2290): onResume, Launcher: 1109032568
D/comsamsunglog( 2290): [MSC_HERO_Accu_JB]>>> ====================================================================================================================
D/comsamsunglog( 2290): [MSC_HERO_Accu_JB]>>> widgetappapheroaccuweatherwidget [Version : 12101501] [ 1 ]
D/comsamsunglog( 2290): [MSC_HERO_Accu_JB]>>> Header set to : ===> "widget" <===
D/comsamsunglog( 2290): [MSC_HERO_Accu_JB]>>> ====================================================================================================================
D/widget ( 2290): [MSC_HERO_Accu_JB]>>> WC:917 [0:0] onResume :: fU = true cEUi = true
D/widget ( 2290): [MSC_HERO_Accu_JB]>>> WC:953 [0:0] onResume :: mFAR = false, cC = false, cEUI = true
D/widget ( 2290): [MSC_HERO_Accu_JB]>>> WC:1265 [0:0] cUI : cnt = 0, mRC = true
D/widget ( 2290): [MSC_HERO_Accu_JB]>>> WC:1293 [0:0] composeEmptyCityUI : true
D/widget ( 2290): [MSC_HERO_Accu_JB]>>> SM:446 [0:0] IR : false, IPR : false
D/widget ( 2290): [MSC_HERO_Accu_JB]>>> SM:1288 [0:0] bTCC WCV = 100
D/widget ( 2290): [MSC_HERO_Accu_JB]>>> WC:1664 [0:0] drw 1nd Tm dt = 0730
E/Launcher( 2290): Error finding setting, default accessibility to not found: accessibility_enabled
D/Launcher.HomeFragment( 2290): onResume
D/MenuAppsGridFragment( 2290): onResume
I/libblt_hw( 1665): Library opened (handle = 1, fd = 39)
D/WindowManager( 2010): PhoneWindowManager: focusChangedLw
D/KeyguardViewMediator( 2010): setHidden false
D/STATUSBAR-StatusBarManagerService( 2010): setSystemUiVisibility(0x0)
D/STATUSBAR-StatusBarManagerService( 2010): manageDisableList what=0x0 pkg=WindowManager.LayoutParams
D/AlarmWidget( 3673): [AlarmWidgetProvider] onReceive()@@@ com.sec.android.intent.action.HOME_RESUME
D/AlarmWidget( 3673): [AlarmWidgetProvider] widgetId = -1, selectId =-1
D/AlarmWidget( 3673): [AlarmWidgetProvider] ACTION_ALARM_APPWIDGET_UPDATE
V/TaskCloserActivity(17396): TaskCloserActivity onReceive() - com.sec.android.intent.action.HOME_RESUME
I/ClipboardServiceEx( 2010): Send intent for dismiss clipboard dialog inside hideCurrentInputLocked() !
D/KeyguardViewMediator( 2010): setHidden false
D/KeyguardViewMediator( 2010): setHidden false
D/KeyguardViewMediator( 2010): setHidden false
D/KeyguardViewMediator( 2010): setHidden false
D/STATUSBAR-NetworkController( 2113): refreshSignalCluster: data=-1 bt=false
D/STATUSBAR-SignalClusterView( 2113): mSeparateMobileGroup=8
D/STATUSBAR-SignalClusterView( 2113): mSeparateMobileGroup=8
D/STATUSBAR-SignalClusterView( 2113): mSeparateMobileGroup=8
D/BatteryService( 2010): update start
D/BatteryService( 2010): level:76 scale:100 status:2 health:2 present:true voltage: 4169 temperature: 287 technology: Li-ion AC powered:false USB powered:true icon:17303233 invalid charger:0
D/STATUSBAR-BatteryController( 2113): onReceive() - ACTION_BATTERY_CHANGED
E/MtpService(32371): In MTPAPP onReceive:android.intent.action.BATTERY_CHANGED
E/MtpService(32371): battPlugged Type : 2
D/STATUSBAR-BatteryController( 2113): onReceive() - level:76
D/STATUSBAR-BatteryController( 2113): onReceive() - plugged:2
D/STATUSBAR-BatteryController( 2113): onReceive() - BATTERY_STATUS_CHARGING:
D/STATUSBAR-PhoneStatusBar( 2113): ACTION_BATTERY_CHANGED
D/STATUSBAR-PhoneStatusBar( 2113): NORMAL_BATTERY
D/KeyguardViewMediator( 2010): setHidden false
D/KeyguardViewMediator( 2010): setHidden false
I/libblt_hw( 1665): Library closed (handle = 0, fd = 27)
D/KeyguardViewMediator( 2010): setHidden false
D/KeyguardViewMediator( 2010): setHidden false
I/ApplicationUsage( 2010): Done Updating Usage Statistics in DB @ 1366068607216
D/ ( 2010):
D/ ( 2010): set_light_touchkey is called!!!
D/ ( 2010):
D/ ( 2010): light_touchkey on/off = 0
W/PowerManagerService( 2010): Timer 0x7->0x3|0x0
I/PowerManagerService( 2010): Ulight 0x7->0x3|0x0
I/InputReader( 2010): Touch event's action is 0x0 (deviceType=0) [pCnt=1, s=0.441 ]
I/InputDispatcher( 2010): Delivering touch to current input target: action: 0x0
I/InputDispatcher( 2010): Delivering touch to current input target: action: 0x0
I/InputDispatcher( 2010): Delivering touch to current input target: action: 0x0
I/InputDispatcher( 2010): Delivering touch to current input target: action: 0x0
I/TwDVFSBroadcastReceiver( 2265): onLauncherIntent
D/PowerManager( 2265): DVFSLock : acquire : timeout : 1000
I/power ( 2010): *** acquire_dvfs_lock : lockType : 1 freq : 1000000
D/PowerManagerService( 2010): acquireDVFSLockLocked : type : DVFS_MIN_LIMIT frequency : 1000000 uid : 1000 pid : 2265 tag : TwDVFSBroadcastReceiver
I/InputReader( 2010): Touch event's action is 0x1 (deviceType=0) [pCnt=1, s=]
I/InputDispatcher( 2010): Delivering touch to current input target: action: 0x1
I/InputDispatcher( 2010): Delivering touch to current input target: action: 0x1
I/InputDispatcher( 2010): Delivering touch to current input target: action: 0x1
I/InputDispatcher( 2010): Delivering touch to current input target: action: 0x1
D/Launcher.Workspace( 2290): exitWidgetResizeMode State: NORMAL, newDragStarted: false
I/AudioPolicyManagerBase( 1672): getSituationVolume: isBTConnected:0 isHeadConnected:0
V/AudioPolicyManagerBase( 1672): getParamFromPolicy deviceInt = 0, situationInt = 1, situationVolume = 1.000000
V/audio_policy_anm( 1672): audio_io_handle_t android::ap_get_output(audio_policy*, audio_stream_type_t, uint32_t, audio_format_t, uint32_t, audio_output_flags_t): tid 1672
V/AudioPolicyManagerBase( 1672): getOutput() stream 1, samplingRate 0, format 0, channelMask 3, flags 0
V/AudioPolicyManagerBase( 1672): getOutput() returns output 2
V/audio_policy_anm( 1672): audio_io_handle_t android::ap_get_output(audio_policy*, audio_stream_type_t, uint32_t, audio_format_t, uint32_t, audio_output_flags_t): tid 2004
V/AudioPolicyManagerBase( 1672): getOutput() stream 1, samplingRate 0, format 0, channelMask 3, flags 0
V/AudioPolicyManagerBase( 1672): getOutput() returns output 2
V/audio_policy_anm( 1672): audio_io_handle_t android::ap_get_output(audio_policy*, audio_stream_type_t, uint32_t, audio_format_t, uint32_t, audio_output_flags_t): tid 1985
V/AudioPolicyManagerBase( 1672): getOutput() stream 1, samplingRate 44100, format 1, channelMask 3, flags 4
V/AudioPolicyManagerBase( 1672): getOutput() returns output 2
V/AudioPolicyManagerBase( 1672): startOutput() output 2, stream 1, session 553
V/AudioPolicyManagerBase( 1672): changeRefCount() stream 1, count 1
V/AudioPolicyManagerBase( 1672): getNewDevice() selected device 2
V/AudioPolicyManagerBase( 1672): setOutputDevice() output 2 device 0002 force 0 delayMs 0
V/AudioPolicyManagerBase( 1672): setOutputDevice() prevDevice 0002
V/AudioPolicyManagerBase( 1672): setOutputDevice() setting same device 0002 or null device for output 2
V/AudioPolicyManagerBase( 1672): releaseOutput() 2
E/SpannableStringBuilder( 2290): SPAN_EXCLUSIVE_EXCLUSIVE spans cannot have a zero length
E/SpannableStringBuilder( 2290): SPAN_EXCLUSIVE_EXCLUSIVE spans cannot have a zero length
V/AudioPolicyManagerBase( 1672): stopOutput() output 2, stream 1, session 553
V/AudioPolicyManagerBase( 1672): changeRefCount() stream 1, count 0
V/AudioPolicyManagerBase( 1672): getNewDevice() selected device 0
V/AudioPolicyManagerBase( 1672): setOutputDevice() output 2 device 0000 force 0 delayMs 88
V/AudioPolicyManagerBase( 1672): setOutputDevice() prevDevice 0002
V/AudioPolicyManagerBase( 1672): setOutputDevice() setting same device 0000 or null device for output 2
I/power ( 2010): *** release_dvfs_lock : lockType : 1
D/PowerManagerService( 2010): releaseDVFSLockLocked : all DVFS_MIN_LIMIT are released
D/STATUSBAR-NetworkController( 2113): onReceive() - RSSI_CHANGED_ACTION, WIFI_STATE, NETWORK_STATE
D/STATUSBAR-NetworkController( 2113): refreshSignalCluster: data=-1 bt=false
D/STATUSBAR-SignalClusterView( 2113): mSeparateMobileGroup=8
D/STATUSBAR-SignalClusterView( 2113): mSeparateMobileGroup=8
D/STATUSBAR-SignalClusterView( 2113): mSeparateMobileGroup=8
W/PowerManagerService( 2010): Timer 0x3->0x3|0x0
I/InputReader( 2010): Touch event's action is 0x0 (deviceType=0) [pCnt=1, s=0.442 ]
I/InputDispatcher( 2010): Delivering touch to current input target: action: 0x0
I/InputDispatcher( 2010): Delivering touch to current input target: action: 0x0
I/InputDispatcher( 2010): Delivering touch to current input target: action: 0x0
I/InputDispatcher( 2010): Delivering touch to current input target: action: 0x0
I/TwDVFSBroadcastReceiver( 2265): onLauncherIntent
D/PowerManager( 2265): DVFSLock : acquire : timeout : 1000
I/power ( 2010): *** acquire_dvfs_lock : lockType : 1 freq : 1000000
D/PowerManagerService( 2010): acquireDVFSLockLocked : type : DVFS_MIN_LIMIT frequency : 1000000 uid : 1000 pid : 2265 tag : TwDVFSBroadcastReceiver
D/STATUSBAR-NetworkController( 2113): refreshSignalCluster: data=-1 bt=false
D/STATUSBAR-SignalClusterView( 2113): mSeparateMobileGroup=8
D/STATUSBAR-SignalClusterView( 2113): mSeparateMobileGroup=8
D/STATUSBAR-SignalClusterView( 2113): mSeparateMobileGroup=8
I/InputReader( 2010): Touch event's action is 0x1 (deviceType=0) [pCnt=1, s=]
I/InputDispatcher( 2010): Delivering touch to current input target: action: 0x1
I/InputDispatcher( 2010): Delivering touch to current input target: action: 0x1
I/InputDispatcher( 2010): Delivering touch to current input target: action: 0x1
I/InputDispatcher( 2010): Delivering touch to current input target: action: 0x1
I/power ( 2010): *** release_dvfs_lock : lockType : 1
D/PowerManagerService( 2010): releaseDVFSLockLocked : all DVFS_MIN_LIMIT are released
I/sec_anm_ahi_output( 1672): standby() called
I/sec_anm_ahi_output( 1672): Trying to drain devices
I/ADM ( 1694): 0: 75211150730: [INFO] api_devset:824 devapi_drain, draining 40FF2008.0
I/ADM ( 1694): 3: 75211192783: [INFO] omx_io:651 il_tool_io_empty_buffer_done: Idle callback requested, issuing..
I/ADM ( 1694): 7: 75211192997: [INFO] api_devset:835 Drain complete, sending reply msg
I/sec_anm_ahi_output( 1672): Drain devices done
I/sec_anm_ahi_output( 1672): adm_api: ste_adm_close_device(Speaker)
I/ADM ( 1694): 9: 75211193699: [STATUS] api_devset:316 Close device 'Speaker'
I/ADM ( 1694): 4: 75211193973: [OMXIL] omx_log:957 40FF2008 [ADM.splitter]: SendCommand PortDisable 0
I/ADM ( 1694): 8: 75211194218: [INFO] omx_io:410 il_tool_io_wait_until_idle: 40049958.0 idle, returning
I/ADM ( 1694): 1: 75211194401: [OMXIL] omx_log:1113 40FF2008 [ADM.splitter]: FreeBuf port=0 pBuf=451F6EA0
I/ADM ( 1694): 5: 75211194584: [OMXIL] omx_log:1113 40FF2008 [ADM.splitter]: FreeBuf port=0 pBuf=451F6EF8
I/ADM ( 1694): 8: 75211194767: [OMXIL] omx_log:1113 40FF2008 [ADM.splitter]: FreeBuf port=0 pBuf=451F6F50
I/ADM ( 1694): 1: 75211194950: [OMXIL] omx_log:256 40FF2008 [ADM.splitter]: CB CmdComplete PortDisable 0
I/ADM ( 1694): 8: 75211195377: [OMXIL] omx_log:957 40FF2008 [ADM.splitter]: SendCommand PortDisable 1
I/ADM ( 1694): 1: 75211195591: [OMXIL] omx_log:256 40FF2008 [ADM.splitter]: CB CmdComplete PortDisable 1
I/ADM ( 1694): 5: 75211195774: [OMXIL] omx_log:957 414B0008 [ADM.mixer ]: SendCommand PortDisable 1
I/ADM ( 1694): 9: 75211196018: [OMXIL] omx_log:256 414B0008 [ADM.mixer ]: CB CmdComplete PortDisable 1
I/ADM ( 1694): 4: 75211196293: [INFO] dev:519 >>> ENTER dev_close(101)
I/ADM ( 1694): 8: 75211196598: [INFO] dev:306 setting /data/local/tmp/rme_act_adm to 1
I/ADM ( 1694): 9: 75211197239: [INFO] dev:347 rme alp tracker /data/local/tmp/rme_act_alp set to 0: proceeding
I/ADM ( 1694): 3: 75211197452: [INFO] dev_omx:1517 Enter dev_omx_close_graph - logical_handle=1 dealloc_buffers=0
I/ADM ( 1694): 7: 75211197666: [INFO] dev_omx:1534 Closing last device. Request audiocodec to ramp down audio
I/ADM ( 1694): 0: 75211197849: [OMXIL] omx_log:913 4447F5C8 [X.ST.AFM.IHF]: SetConfig idx=Mute
I/ADM ( 1694): 3: 75211198032: [OMXIL] omx_log:293 port=0 mute=1
W/PowerManagerService( 2010): Timer 0x3->0x3|0x0
I/ADM ( 1694): 8: 75211231937: [OMXIL] omx_log:256 4447F5C8 [X.ST.AFM.IHF]: CB EventIndexSettingChanged port=67108901 index=OMX_ALL
I/ADM ( 1694): 2: 75211232181: [OMXIL] omx_log:256 4447F5C8 [X.ST.AFM.IHF]: CB EventIndexSettingChanged port=-1 index=Mute
I/ADM ( 1694): 9: 75211232578: [INFO] dev_omx_graph:1181 Enter graph_disconnect_app_effects_from_common_mix_split
I/ADM ( 1694): 1: 75211235020: [OMXIL] omx_log:957 45781F68 [ocessing.spl]: SendCommand PortDisable 1
I/ADM ( 1694): 6: 75211236545: [OMXIL] omx_log:957 43460E58 [ST.AFM.mixer]: SendCommand PortDisable 1
I/ADM ( 1694): 3: 75211240604: [OMXIL] omx_log:256 43460E58 [ST.AFM.mixer]: CB CmdComplete PortDisable 1
I/ADM ( 1694): 7: 75211246036: [OMXIL] omx_log:256 45781F68 [ocessing.spl]: CB CmdComplete PortDisable 1
I/ADM ( 1694): 4: 75211246403: [OMXIL] omx_log:954 414B0008 [ADM.mixer ]: SendCommand StateSet StateIdle
I/ADM ( 1694): 7: 75211246647: [OMXIL] omx_log:954 45781F68 [ocessing.spl]: SendCommand StateSet StateIdle
I/ADM ( 1694): 1: 75211247440: [OMXIL] omx_log:256 414B0008 [ADM.mixer ]: CB CmdComplete StateSet StateIdle
I/ADM ( 1694): 8: 75211248478: [OMXIL] omx_log:256 45781F68 [ocessing.spl]: CB CmdComplete StateSet StateIdle
I/ADM ( 1694): 5: 75211248691: [OMXIL] omx_log:954 43460E58 [ST.AFM.mixer]: SendCommand StateSet StateIdle
I/ADM ( 1694): 1: 75211250431: [OMXIL] omx_log:256 43460E58 [ST.AFM.mixer]: CB CmdComplete StateSet StateIdle
I/ADM ( 1694): 7: 75211250736: [OMXIL] omx_log:954 4374DE80 [ocessing.spl]: SendCommand StateSet StateIdle
I/ADM ( 1694): 4: 75211252354: [OMXIL] omx_log:256 4374DE80 [ocessing.spl]: CB CmdComplete StateSet StateIdle
I/ADM ( 1694): 1: 75211252598: [OMXIL] omx_log:954 4447F5C8 [X.ST.AFM.IHF]: SendCommand StateSet StateIdle
I/ADM ( 1694): 2: 75211258732: [OMXIL] omx_log:256 4447F5C8 [X.ST.AFM.IHF]: CB CmdComplete StateSet StateIdle
I/ADM ( 1694): 0: 75211259769: [OMXIL] omx_log:954 4447F5C8 [X.ST.AFM.IHF]: SendCommand StateSet StateLoaded
I/ADM ( 1694): 7: 75211287235: [OMXIL] omx_log:256 4447F5C8 [X.ST.AFM.IHF]: CB CmdComplete StateSet StateLoaded
I/ADM ( 1694): 9: 75211287357: [OMXIL] omx_log:954 4374DE80 [ocessing.spl]: SendCommand StateSet StateLoaded
I/ADM ( 1694): 2: 75211294010: [OMXIL] omx_log:256 4374DE80 [ocessing.spl]: CB CmdComplete StateSet StateLoaded
I/ADM ( 1694): 4: 75211294132: [OMXIL] omx_log:954 43460E58 [ST.AFM.mixer]: SendCommand StateSet StateLoaded
I/ADM ( 1694): 9: 75211301517: [OMXIL] omx_log:256 43460E58 [ST.AFM.mixer]: CB CmdComplete StateSet StateLoaded
I/ADM ( 1694): 1: 75211301639: [OMXIL] omx_log:954 45781F68 [ocessing.spl]: SendCommand StateSet StateLoaded
I/ADM ( 1694): 7: 75211310856: [OMXIL] omx_log:954 414B0008 [ADM.mixer ]: SendCommand StateSet StateLoaded
I/ADM ( 1694): 9: 75211310978: [OMXIL] omx_log:256 414B0008 [ADM.mixer ]: CB CmdComplete StateSet StateLoaded
I/ADM ( 1694): 1: 75211311680: [OMXIL] omx_log:256 45781F68 [ocessing.spl]: CB CmdComplete StateSet StateLoaded
I/ADM ( 1694): 6: 75211311985: [OMXIL] omx_log:256 45781F68 [ocessing.spl]: FreeHandle
I/ADM ( 1694): 1: 75211312229: [OMXIL] omx_log:256 414B0008 [ADM.mixer ]: FreeHandle
I/ADM ( 1694): 2: 75211312290: [OMXIL] omx_log:256 4374DE80 [ocessing.spl]: FreeHandle
I/ADM ( 1694): 8: 75211312656: [OMXIL] omx_log:256 4447F5C8 [X.ST.AFM.IHF]: FreeHandle
I/ADM ( 1694): 4: 75211312961: [OMXIL] omx_log:256 43460E58 [ST.AFM.mixer]: FreeHandle
I/ADM ( 1694): 7: 75211313175: [INFO] dev_omx:1646 All OMX handles freed successfully
I/ADM ( 1694): 8: 75211313206: [INFO] dev_omx:1722 Graph closed successfully! ref_cnt = 0
I/ADM ( 1694): 8: 75211313267: [INFO] dev:1684 rescan_hw_handler
I/ADM ( 1694): 9: 75211313297: [INFO] hw_handler_u8500:423 AddD2DConnections ENTER
I/ADM ( 1694): 0: 75211313938: [INFO] dev:1675 hw_handler_dev_next_d2d: DONE
I/ADM ( 1694): 1: 75211314030: [INFO] dev:1654 hw_handler_dev_next: DONE
I/ADM ( 1694): 7: 75211314396: [INFO] hw_handler_u8500:810 Query: SELECT * FROM HW_Settings WHERE (Platform = 'AB8500') AND (Dev1 ='')ORDER BY rowid LIMIT 1
I/ADM ( 1694): 8: 75211315616: [INFO] hw_handler_u8500:922 ste_adm_hw_handler_u8500: Found matching HW-settings: devices = ('', '', '', '', '', ''), d2dlogical-connections = ('', '', '', '').
I/ADM ( 1694): 1: 75211329929: [INFO] dev:834 Updating event subscriptions for device Speaker
I/ADM ( 1694): 2: 75211330234: [INFO] dev:579 >>> LEAVE dev_close(101)
I/ADM ( 1694): 8: 75211330356: [INFO] dev:306 setting /data/local/tmp/rme_act_adm to 0
I/ADM ( 1694): 2: 75211331180: [INFO] api_devset:392 Releasing splitter; no longer used
I/ADM ( 1694): 3: 75211331241: [OMXIL] omx_log:954 40FF2008 [ADM.splitter]: SendCommand StateSet StateIdle
I/ADM ( 1694): 4: 75211331303: [OMXIL] omx_log:256 40FF2008 [ADM.splitter]: CB CmdComplete StateSet StateIdle
I/ADM ( 1694): 5: 75211331333: [OMXIL] omx_log:954 40FF2008 [ADM.splitter]: SendCommand StateSet StateLoaded
I/ADM ( 1694): 6: 75211331394: [OMXIL] omx_log:256 40FF2008 [ADM.splitter]: CB CmdComplete StateSet StateLoaded
I/ADM ( 1694): 7: 75211331455: [OMXIL] omx_log:256 40FF2008 [ADM.splitter]: FreeHandle
I/ADM ( 1694): 8: 75211331516: [INFO] api_devset:408 CloseDevice(Speaker) OK
D/STATUSBAR-NetworkController( 2113): onReceive() - RSSI_CHANGED_ACTION, WIFI_STATE, NETWORK_STATE
D/STATUSBAR-NetworkController( 2113): refreshSignalCluster: data=-1 bt=false
D/STATUSBAR-SignalClusterView( 2113): mSeparateMobileGroup=8
D/STATUSBAR-SignalClusterView( 2113): mSeparateMobileGroup=8
D/STATUSBAR-SignalClusterView( 2113): mSeparateMobileGroup=8
D/KeyguardViewMediator( 2010): handleTimeout
D/BatteryService( 2010): update start
E/MtpService(32371): In MTPAPP onReceive:android.intent.action.BATTERY_CHANGED
E/MtpService(32371): battPlugged Type : 2
D/BatteryService( 2010): level:76 scale:100 status:2 health:2 present:true voltage: 4189 temperature: 291 technology: Li-ion AC powered:false USB powered:true icon:17303233 invalid charger:0
D/STATUSBAR-BatteryController( 2113): onReceive() - ACTION_BATTERY_CHANGED
D/STATUSBAR-BatteryController( 2113): onReceive() - level:76
D/STATUSBAR-BatteryController( 2113): onReceive() - plugged:2
D/STATUSBAR-BatteryController( 2113): onReceive() - BATTERY_STATUS_CHARGING:
D/STATUSBAR-PhoneStatusBar( 2113): ACTION_BATTERY_CHANGED
D/STATUSBAR-PhoneStatusBar( 2113): NORMAL_BATTERY
D/AndroidRuntime(25559):
D/AndroidRuntime(25559): >>>>>> AndroidRuntime START com.android.internal.os.RuntimeInit <<<<<<
D/AndroidRuntime(25559): CheckJNI is OFF
D/AndroidRuntime(25559): setted country_code = PANAMA
D/AndroidRuntime(25559): setted countryiso_code = PA
D/AndroidRuntime(25559): setted sales_code = TPA
D/AndroidRuntime(25559): readGMSProperty: start
D/AndroidRuntime(25559): readGMSProperty: already setted!!
D/AndroidRuntime(25559): readGMSProperty: end
D/dalvikvm(25559): Trying to load lib libjavacore.so 0x0
D/dalvikvm(25559): Added shared lib libjavacore.so 0x0
D/dalvikvm(25559): Trying to load lib libnativehelper.so 0x0
D/dalvikvm(25559): Added shared lib libnativehelper.so 0x0
D/AndroidRuntime(25559): Calling main entry com.android.commands.pm.Pm
I/ApplicationPolicy( 2010): getApplicationUninstallationEnabled
I/PackageManager( 2010): Removing non-system package:com.androidproject
I/ActivityManager( 2010): Force stopping package com.androidproject uid=10120
I/ActivityManager( 2010): Killing proc 22286:com.androidproject/u0a120: force stop
I/ActivityManager( 2010): Force stopping package com.androidproject uid=10120
D/dalvikvm( 2010): WAIT_FOR_CONCURRENT_GC blocked 0ms
I/InputReader( 2010): Reconfiguring input devices. changes=0x00000010
D/STATUSBAR-NetworkController( 2113): refreshSignalCluster: data=-1 bt=false
D/STATUSBAR-SignalClusterView( 2113): mSeparateMobileGroup=8
D/STATUSBAR-SignalClusterView( 2113): mSeparateMobileGroup=8
D/CapabilityManagerService(17577): Receiver Broadcast:android.intent.action.PACKAGE_REMOVED
D/CapabilityManagerService(17577): The package(com.androidproject) removed
I/BackGroundService( 2919): BackGroundService:패키지 삭제 BR 수신 처리 오류
W/System.err( 2919): android.database.sqlite.SQLiteConstraintException: column packagename is not unique (code 19)
D/STATUSBAR-SignalClusterView( 2113): mSeparateMobileGroup=8
W/ResourceType( 2943): Failure getting entry for 0x7f020426 (t=1 e=1062) in package 0 (error -75)
W/System.err( 2919): at android.database.sqlite.SQLiteConnection.nativeExecuteForChangedRowCount(Native Method)
W/System.err( 2919): at android.database.sqlite.SQLiteConnection.executeForChangedRowCount(SQLiteConnection.java:858)
W/System.err( 2919): at android.database.sqlite.SQLiteSession.executeForChangedRowCount(SQLiteSession.java:754)
W/System.err( 2919): at android.database.sqlite.SQLiteStatement.executeUpdateDelete(SQLiteStatement.java:64)
W/System.err( 2919): at android.database.sqlite.SQLiteDatabase.executeSql(SQLiteDatabase.java:1665)
W/System.err( 2919): at android.database.sqlite.SQLiteDatabase.execSQL(SQLiteDatabase.java:1594)
W/System.err( 2919): at com.tgrape.android.radar.service.BackGroundService.handleReceiveDeletePackage(BackGroundService.java:707)
W/System.err( 2919): at com.tgrape.android.radar.service.BackGroundService.access$5(BackGroundService.java:690)
W/System.err( 2919): at com.tgrape.android.radar.service.BackGroundService$3.onReceive(BackGroundService.java:137)
W/System.err( 2919): at android.app.LoadedApk$ReceiverDispatcher$Args.run(LoadedApk.java:755)
W/System.err( 2919): at android.os.Handler.handleCallback(Handler.java:615)
W/System.err( 2919): at android.os.Handler.dispatchMessage(Handler.java:92)
W/System.err( 2919): at android.os.Looper.loop(Looper.java:137)
W/System.err( 2919): at android.app.ActivityThread.main(ActivityThread.java:4856)
W/System.err( 2919): at java.lang.reflect.Method.invokeNative(Native Method)
W/System.err( 2919): at java.lang.reflect.Method.invoke(Method.java:511)
W/System.err( 2919): at com.android.internal.os.ZygoteInit$MethodAndArgsCaller.run(ZygoteInit.java:1007)
W/System.err( 2919): at com.android.internal.os.ZygoteInit.main(ZygoteInit.java:774)
W/System.err( 2919): at dalvik.system.NativeStart.main(Native Method)
D/Launcher.MenuAppsGrid( 2290): StateObj::getAppsList() item count = 37
D/CellLayoutChildren( 2290): setCellDimensions. width: 117, height: 126, gapX: 0, gapY: 0
D/CellLayout( 2290): setGridSize(4, 5)
D/CellLayoutChildren( 2290): setCellDimensions. width: 117, height: 126, gapX: 0, gapY: 0
D/CellLayout( 2290): setGridSize(4, 5)
D/dalvikvm( 2010): GC_EXPLICIT freed 4126K, 49% free 19824K/38471K, paused 17ms+20ms, total 272ms
D/dalvikvm( 2010): WAIT_FOR_CONCURRENT_GC blocked 231ms
I/PCWCLIENTTRACE_SPPReceiver(17632): [onReceive] - android.intent.action.PACKAGE_REMOVED
W/AlarmManager( 2010): FACTORY_ON= 0
V/BackupManagerService( 2010): removePackageParticipantsLocked: uid=10120 #1
I/SA (26388): [SUR] onReceive log=[SA = 1.3.050 V = 16 HWD = 800X480 1.5 SIZE = 2 LOCALE = en_US CSC = TPA MCC = 0 MNC 0 T = user DEVICE = golden P = goldenub I = JRO03H M = GT-I8190L OKLEFT false DIS JRO03H.I8190LUBALK4 ]
I/SA (26388): [SUR] onReceive Intent=[ action_PACKAGE_REPLACED package ]
D/dalvikvm( 2010): GC_EXPLICIT freed 613K, 50% free 19601K/38471K, paused 27ms+31ms, total 372ms
D/AndroidRuntime(25559): Shutting down VM
I/AndroidRuntime(25559): NOTE: attach of thread 'Binder_3' failed
D/dalvikvm(25559): GC_CONCURRENT freed 100K, 87% free 544K/4096K, paused 0ms+0ms, total 9ms
D/VoicemailCleanupService( 2493): Cleaning up data for package: com.androidproject
D/STATUSBAR-NetworkController( 2113): refreshSignalCluster: data=-1 bt=false
D/STATUSBAR-SignalClusterView( 2113): mSeparateMobileGroup=8
D/STATUSBAR-SignalClusterView( 2113): mSeparateMobileGroup=8
D/STATUSBAR-SignalClusterView( 2113): mSeparateMobileGroup=8
D/dalvikvm( 2493): GC_CONCURRENT freed 394K, 12% free 9720K/10951K, paused 2ms+2ms, total 23ms
W/SignalStrength( 2010): getGsmLevel=2
W/SignalStrength( 2010): getLevel=2 (SignalStrength: 99 -1 -1 -1 -1 -1 -1 -1 -1 -1 -1 -1 gsm|lte 2)
W/SignalStrength( 2113): getGsmLevel=2
W/SignalStrength( 2113): getLevel=2 (SignalStrength: 99 -1 -1 -1 -1 -1 -1 -1 -1 -1 -1 -1 gsm|lte 2)
W/SignalStrength( 2113): getGsmLevel=2
W/SignalStrength( 2113): getLevel=2 (SignalStrength: 99 -1 -1 -1 -1 -1 -1 -1 -1 -1 -1 -1 gsm|lte 2)
W/SignalStrength( 2010): getGsmDbm=-1
W/SignalStrength( 2010): getDbm=-1
W/SignalStrength( 2010): getGsmAsuLevel=99
W/SignalStrength( 2010): getAsuLevel=99
D/STATUSBAR-NetworkController( 2113): onSignalStrengthsChanged signalStrength=SignalStrength: 99 -1 -1 -1 -1 -1 -1 -1 -1 -1 -1 -1 gsm|lte 2 level=2
D/STATUSBAR-NetworkController( 2113): refreshSignalCluster: data=-1 bt=false
D/STATUSBAR-SignalClusterView( 2113): mSeparateMobileGroup=8
D/STATUSBAR-SignalClusterView( 2113): mSeparateMobileGroup=8
D/STATUSBAR-SignalClusterView( 2113): mSeparateMobileGroup=8
D/STATUSBAR-NetworkController( 2113): refreshSignalCluster: data=-1 bt=false
D/STATUSBAR-SignalClusterView( 2113): mSeparateMobileGroup=8
D/STATUSBAR-SignalClusterView( 2113): mSeparateMobileGroup=8
D/STATUSBAR-SignalClusterView( 2113): mSeparateMobileGroup=8
D/STATUSBAR-NetworkController( 2113): refreshSignalCluster: data=-1 bt=false
D/STATUSBAR-SignalClusterView( 2113): mSeparateMobileGroup=8
D/STATUSBAR-SignalClusterView( 2113): mSeparateMobileGroup=8
D/STATUSBAR-SignalClusterView( 2113): mSeparateMobileGroup=8
D/STATUSBAR-NetworkController( 2113): refreshSignalCluster: data=-1 bt=false
D/STATUSBAR-SignalClusterView( 2113): mSeparateMobileGroup=8
D/STATUSBAR-SignalClusterView( 2113): mSeparateMobileGroup=8
D/STATUSBAR-SignalClusterView( 2113): mSeparateMobileGroup=8
D/BatteryService( 2010): update start
D/BatteryService( 2010): level:76 scale:100 status:2 health:2 present:true voltage: 4181 temperature: 292 technology: Li-ion AC powered:false USB powered:true icon:17303233 invalid charger:0
D/STATUSBAR-BatteryController( 2113): onReceive() - ACTION_BATTERY_CHANGED
D/STATUSBAR-BatteryController( 2113): onReceive() - level:76
D/STATUSBAR-BatteryController( 2113): onReceive() - plugged:2
D/STATUSBAR-BatteryController( 2113): onReceive() - BATTERY_STATUS_CHARGING:
E/MtpService(32371): In MTPAPP onReceive:android.intent.action.BATTERY_CHANGED
E/MtpService(32371): battPlugged Type : 2
D/STATUSBAR-PhoneStatusBar( 2113): ACTION_BATTERY_CHANGED
D/STATUSBAR-PhoneStatusBar( 2113): NORMAL_BATTERY
D/STATUSBAR-NetworkController( 2113): refreshSignalCluster: data=-1 bt=false
D/STATUSBAR-SignalClusterView( 2113): mSeparateMobileGroup=8
D/STATUSBAR-SignalClusterView( 2113): mSeparateMobileGroup=8
D/STATUSBAR-SignalClusterView( 2113): mSeparateMobileGroup=8
E/Watchdog( 2010): !@Sync 2506
V/AlarmManager( 2010): waitForAlarm result :1
V/AlarmManager( 2010): trigger ELAPSED_REALTIME_WAKEUP or RTC_WAKEUP
D/dalvikvm(17645): GC_FOR_ALLOC freed 759K, 13% free 9921K/11399K, paused 21ms, total 21ms
D/dalvikvm(17645): GC_CONCURRENT freed 24K, 11% free 10169K/11399K, paused 3ms+4ms, total 37ms
D/Finsky (17645): [1] 5.onFinished: Installation state replication succeeded.
D/BatteryService( 2010): update start
D/BatteryService( 2010): level:76 scale:100 status:2 health:2 present:true voltage: 4186 temperature: 291 technology: Li-ion AC powered:false USB powered:true icon:17303233 invalid charger:0
E/MtpService(32371): In MTPAPP onReceive:android.intent.action.BATTERY_CHANGED
E/MtpService(32371): battPlugged Type : 2
D/STATUSBAR-BatteryController( 2113): onReceive() - ACTION_BATTERY_CHANGED
D/STATUSBAR-BatteryController( 2113): onReceive() - level:76
D/STATUSBAR-BatteryController( 2113): onReceive() - plugged:2
D/STATUSBAR-BatteryController( 2113): onReceive() - BATTERY_STATUS_CHARGING:
D/STATUSBAR-PhoneStatusBar( 2113): ACTION_BATTERY_CHANGED
D/STATUSBAR-PhoneStatusBar( 2113): NORMAL_BATTERY
D/BatteryService( 2010): update start
D/BatteryService( 2010): level:76 scale:100 status:2 health:2 present:true voltage: 4189 temperature: 291 technology: Li-ion AC powered:false USB powered:true icon:17303233 invalid charger:0
E/MtpService(32371): In MTPAPP onReceive:android.intent.action.BATTERY_CHANGED
E/MtpService(32371): battPlugged Type : 2
D/STATUSBAR-BatteryController( 2113): onReceive() - ACTION_BATTERY_CHANGED
D/STATUSBAR-BatteryController( 2113): onReceive() - level:76
D/STATUSBAR-BatteryController( 2113): onReceive() - plugged:2
D/STATUSBAR-BatteryController( 2113): onReceive() - BATTERY_STATUS_CHARGING:
D/STATUSBAR-PhoneStatusBar( 2113): ACTION_BATTERY_CHANGED
D/STATUSBAR-PhoneStatusBar( 2113): NORMAL_BATTERY
D/STATUSBAR-NetworkController( 2113): refreshSignalCluster: data=-1 bt=false
D/STATUSBAR-SignalClusterView( 2113): mSeparateMobileGroup=8
D/STATUSBAR-SignalClusterView( 2113): mSeparateMobileGroup=8
D/STATUSBAR-SignalClusterView( 2113): mSeparateMobileGroup=8
W/SignalStrength( 2010): getGsmLevel=1
W/SignalStrength( 2010): getLevel=1 (SignalStrength: 99 -1 -1 -1 -1 -1 -1 -1 -1 -1 -1 -1 gsm|lte 1)
W/SignalStrength( 2113): getGsmLevel=1
W/SignalStrength( 2113): getLevel=1 (SignalStrength: 99 -1 -1 -1 -1 -1 -1 -1 -1 -1 -1 -1 gsm|lte 1)
W/SignalStrength( 2010): getGsmDbm=-1
W/SignalStrength( 2010): getDbm=-1
W/SignalStrength( 2010): getGsmAsuLevel=99
W/SignalStrength( 2010): getAsuLevel=99
W/SignalStrength( 2113): getGsmLevel=1
W/SignalStrength( 2113): getLevel=1 (SignalStrength: 99 -1 -1 -1 -1 -1 -1 -1 -1 -1 -1 -1 gsm|lte 1)
D/STATUSBAR-NetworkController( 2113): onSignalStrengthsChanged signalStrength=SignalStrength: 99 -1 -1 -1 -1 -1 -1 -1 -1 -1 -1 -1 gsm|lte 1 level=1
D/STATUSBAR-NetworkController( 2113): refreshSignalCluster: data=-1 bt=false
D/STATUSBAR-SignalClusterView( 2113): mSeparateMobileGroup=8
D/STATUSBAR-SignalClusterView( 2113): mSeparateMobileGroup=8
D/STATUSBAR-SignalClusterView( 2113): mSeparateMobileGroup=8
D/STATUSBAR-NetworkController( 2113): refreshSignalCluster: data=-1 bt=false
D/STATUSBAR-SignalClusterView( 2113): mSeparateMobileGroup=8
D/STATUSBAR-SignalClusterView( 2113): mSeparateMobileGroup=8
D/STATUSBAR-SignalClusterView( 2113): mSeparateMobileGroup=8
W/SignalStrength( 2010): getGsmLevel=2
W/SignalStrength( 2010): getLevel=2 (SignalStrength: 99 -1 -1 -1 -1 -1 -1 -1 -1 -1 -1 -1 gsm|lte 2)
W/SignalStrength( 2113): getGsmLevel=2
W/SignalStrength( 2113): getLevel=2 (SignalStrength: 99 -1 -1 -1 -1 -1 -1 -1 -1 -1 -1 -1 gsm|lte 2)
W/SignalStrength( 2113): getGsmLevel=2
W/SignalStrength( 2113): getLevel=2 (SignalStrength: 99 -1 -1 -1 -1 -1 -1 -1 -1 -1 -1 -1 gsm|lte 2)
W/SignalStrength( 2010): getGsmDbm=-1
W/SignalStrength( 2010): getDbm=-1
W/SignalStrength( 2010): getGsmAsuLevel=99
W/SignalStrength( 2010): getAsuLevel=99
D/STATUSBAR-NetworkController( 2113): onSignalStrengthsChanged signalStrength=SignalStrength: 99 -1 -1 -1 -1 -1 -1 -1 -1 -1 -1 -1 gsm|lte 2 level=2
D/STATUSBAR-NetworkController( 2113): refreshSignalCluster: data=-1 bt=false
D/STATUSBAR-SignalClusterView( 2113): mSeparateMobileGroup=8
D/STATUSBAR-SignalClusterView( 2113): mSeparateMobileGroup=8
D/STATUSBAR-SignalClusterView( 2113): mSeparateMobileGroup=8
D/STATUSBAR-NetworkController( 2113): refreshSignalCluster: data=-1 bt=false
D/STATUSBAR-SignalClusterView( 2113): mSeparateMobileGroup=8
D/STATUSBAR-SignalClusterView( 2113): mSeparateMobileGroup=8
