D/BatteryService( 2010): turn on LED for charging
W/SignalStrength( 2010): getGsmLevel=0
W/SignalStrength( 2010): getLevel=0 (SignalStrength: 99 -1 -1 -1 -1 -1 -1 -1 -1 -1 -1 -1 gsm|lte 0)
W/SignalStrength( 2113): getGsmLevel=0
W/SignalStrength( 2113): getLevel=0 (SignalStrength: 99 -1 -1 -1 -1 -1 -1 -1 -1 -1 -1 -1 gsm|lte 0)
W/SignalStrength( 2113): getGsmLevel=0
W/SignalStrength( 2113): getLevel=0 (SignalStrength: 99 -1 -1 -1 -1 -1 -1 -1 -1 -1 -1 -1 gsm|lte 0)
D/STATUSBAR-NetworkController( 2113): onSignalStrengthsChanged signalStrength=SignalStrength: 99 -1 -1 -1 -1 -1 -1 -1 -1 -1 -1 -1 gsm|lte 0 level=0
D/STATUSBAR-NetworkController( 2113): refreshSignalCluster: data=-1 bt=false
D/STATUSBAR-SignalClusterView( 2113): mSeparateMobileGroup=8
W/SignalStrength( 2010): getGsmDbm=-1
W/SignalStrength( 2010): getDbm=-1
W/SignalStrength( 2010): getGsmAsuLevel=99
W/SignalStrength( 2010): getAsuLevel=99
D/STATUSBAR-SignalClusterView( 2113): mSeparateMobileGroup=8
D/STATUSBAR-SignalClusterView( 2113): mSeparateMobileGroup=8
W/SignalStrength( 2010): getGsmLevel=1
W/SignalStrength( 2010): getLevel=1 (SignalStrength: 99 -1 -1 -1 -1 -1 -1 -1 -1 -1 -1 -1 gsm|lte 1)
W/SignalStrength( 2113): getGsmLevel=1
W/SignalStrength( 2113): getLevel=1 (SignalStrength: 99 -1 -1 -1 -1 -1 -1 -1 -1 -1 -1 -1 gsm|lte 1)
W/SignalStrength( 2113): getGsmLevel=1
W/SignalStrength( 2113): getLevel=1 (SignalStrength: 99 -1 -1 -1 -1 -1 -1 -1 -1 -1 -1 -1 gsm|lte 1)
D/STATUSBAR-NetworkController( 2113): onSignalStrengthsChanged signalStrength=SignalStrength: 99 -1 -1 -1 -1 -1 -1 -1 -1 -1 -1 -1 gsm|lte 1 level=1
D/STATUSBAR-NetworkController( 2113): refreshSignalCluster: data=-1 bt=false
D/STATUSBAR-SignalClusterView( 2113): mSeparateMobileGroup=8
D/STATUSBAR-SignalClusterView( 2113): mSeparateMobileGroup=8
D/STATUSBAR-SignalClusterView( 2113): mSeparateMobileGroup=8
W/SignalStrength( 2010): getGsmDbm=-1
W/SignalStrength( 2010): getDbm=-1
W/SignalStrength( 2010): getGsmAsuLevel=99
W/SignalStrength( 2010): getAsuLevel=99
D/BatteryService( 2010): update start
D/BatteryService( 2010): level:72 scale:100 status:2 health:2 present:true voltage: 4169 temperature: 287 technology: Li-ion AC powered:false USB powered:true icon:17303233 invalid charger:0
D/BatteryService( 2010): turn on LED for charging
E/MtpService(32371): In MTPAPP onReceive:android.intent.action.BATTERY_CHANGED
E/MtpService(32371): battPlugged Type : 2
D/STATUSBAR-BatteryController( 2113): onReceive() - ACTION_BATTERY_CHANGED
D/STATUSBAR-BatteryController( 2113): onReceive() - level:72
D/STATUSBAR-BatteryController( 2113): onReceive() - plugged:2
D/STATUSBAR-BatteryController( 2113): onReceive() - BATTERY_STATUS_CHARGING:
D/STATUSBAR-PhoneStatusBar( 2113): ACTION_BATTERY_CHANGED
D/STATUSBAR-PhoneStatusBar( 2113): NORMAL_BATTERY
W/SignalStrength( 2010): getGsmLevel=2
W/SignalStrength( 2010): getLevel=2 (SignalStrength: 99 -1 -1 -1 -1 -1 -1 -1 -1 -1 -1 -1 gsm|lte 2)
W/SignalStrength( 2113): getGsmLevel=2
W/SignalStrength( 2113): getLevel=2 (SignalStrength: 99 -1 -1 -1 -1 -1 -1 -1 -1 -1 -1 -1 gsm|lte 2)
W/SignalStrength( 2113): getGsmLevel=2
W/SignalStrength( 2113): getLevel=2 (SignalStrength: 99 -1 -1 -1 -1 -1 -1 -1 -1 -1 -1 -1 gsm|lte 2)
D/STATUSBAR-NetworkController( 2113): onSignalStrengthsChanged signalStrength=SignalStrength: 99 -1 -1 -1 -1 -1 -1 -1 -1 -1 -1 -1 gsm|lte 2 level=2
D/STATUSBAR-NetworkController( 2113): refreshSignalCluster: data=-1 bt=false
D/STATUSBAR-SignalClusterView( 2113): mSeparateMobileGroup=8
W/SignalStrength( 2010): getGsmDbm=-1
W/SignalStrength( 2010): getDbm=-1
W/SignalStrength( 2010): getGsmAsuLevel=99
W/SignalStrength( 2010): getAsuLevel=99
D/STATUSBAR-SignalClusterView( 2113): mSeparateMobileGroup=8
D/STATUSBAR-SignalClusterView( 2113): mSeparateMobileGroup=8
V/AlarmManager( 2010): waitForAlarm result :8
V/AlarmManager( 2010): ClockReceiver onReceive() ACTION_TIME_TICK
W/AlarmManager( 2010): FACTORY_ON= 0
D/STATUSBAR-Clock( 2113): onReceive() - ACTION_TIME_TICK
D/STATUSBAR-Clock( 2113): onReceive() - ACTION_TIME_TICK
D/ClockWidget( 2010): refreshTime()
D/ClockWidget( 2010): TTS Message = It is 7 : 22 AM, Tuesday, April 16
D/ClockAlarmWidgetService(24439): [ClockAlarmWidgetService] onReceive: action = android.intent.action.TIME_TICK
E/ClockAlarmWidget(24439): [AlarmWidgetIdManager] getListItem() : itemIndex=0, widgetID:1
E/ClockAlarmWidget(24439): [AlarmWidgetIdManager] getListItem() : ItemIndex exceed ListItemCount. itemIndex=1
E/ClockAlarmWidget(24439): [AlarmWidgetIdManager] getListItem() : itemIndex=1, widgetID:1
D/ClockAlarmDataProvider(24439): getAlarm() - too many same ID alarm data. nCount: 0
E/Watchdog( 2010): !@Sync 2489
D/CircleLockScreen( 2010): onRefreshBatteryInfo() showPatteryInfo: true pluggedIn: true batteryLevel: 73
D/BatteryService( 2010): update start
D/BatteryService( 2010): level:73 scale:100 status:2 health:2 present:true voltage: 4169 temperature: 287 technology: Li-ion AC powered:false USB powered:true icon:17303233 invalid charger:0
E/MtpService(32371): In MTPAPP onReceive:android.intent.action.BATTERY_CHANGED
E/MtpService(32371): battPlugged Type : 2
D/BatteryService( 2010): turn on LED for charging
D/STATUSBAR-BatteryController( 2113): onReceive() - ACTION_BATTERY_CHANGED
D/STATUSBAR-BatteryController( 2113): onReceive() - level:73
D/STATUSBAR-BatteryController( 2113): onReceive() - plugged:2
D/STATUSBAR-BatteryController( 2113): onReceive() - BATTERY_STATUS_CHARGING:
D/STATUSBAR-PhoneStatusBar( 2113): ACTION_BATTERY_CHANGED
D/STATUSBAR-PhoneStatusBar( 2113): NORMAL_BATTERY
W/SignalStrength( 2010): getGsmLevel=1
W/SignalStrength( 2010): getLevel=1 (SignalStrength: 99 -1 -1 -1 -1 -1 -1 -1 -1 -1 -1 -1 gsm|lte 1)
W/SignalStrength( 2113): getGsmLevel=1
W/SignalStrength( 2113): getLevel=1 (SignalStrength: 99 -1 -1 -1 -1 -1 -1 -1 -1 -1 -1 -1 gsm|lte 1)
W/SignalStrength( 2113): getGsmLevel=1
W/SignalStrength( 2113): getLevel=1 (SignalStrength: 99 -1 -1 -1 -1 -1 -1 -1 -1 -1 -1 -1 gsm|lte 1)
W/SignalStrength( 2010): getGsmDbm=-1
W/SignalStrength( 2010): getDbm=-1
W/SignalStrength( 2010): getGsmAsuLevel=99
W/SignalStrength( 2010): getAsuLevel=99
D/STATUSBAR-NetworkController( 2113): onSignalStrengthsChanged signalStrength=SignalStrength: 99 -1 -1 -1 -1 -1 -1 -1 -1 -1 -1 -1 gsm|lte 1 level=1
D/STATUSBAR-NetworkController( 2113): refreshSignalCluster: data=-1 bt=false
D/STATUSBAR-SignalClusterView( 2113): mSeparateMobileGroup=8
D/STATUSBAR-SignalClusterView( 2113): mSeparateMobileGroup=8
D/STATUSBAR-SignalClusterView( 2113): mSeparateMobileGroup=8
D/BatteryService( 2010): update start
D/BatteryService( 2010): level:73 scale:100 status:2 health:2 present:true voltage: 4171 temperature: 287 technology: Li-ion AC powered:false USB powered:true icon:17303233 invalid charger:0
D/BatteryService( 2010): turn on LED for charging
E/MtpService(32371): In MTPAPP onReceive:android.intent.action.BATTERY_CHANGED
E/MtpService(32371): battPlugged Type : 2
D/STATUSBAR-BatteryController( 2113): onReceive() - ACTION_BATTERY_CHANGED
D/STATUSBAR-BatteryController( 2113): onReceive() - level:73
D/STATUSBAR-BatteryController( 2113): onReceive() - plugged:2
D/STATUSBAR-BatteryController( 2113): onReceive() - BATTERY_STATUS_CHARGING:
D/STATUSBAR-PhoneStatusBar( 2113): ACTION_BATTERY_CHANGED
D/STATUSBAR-PhoneStatusBar( 2113): NORMAL_BATTERY
D/BatteryService( 2010): update start
E/Watchdog( 2010): !@Sync 2490
D/BatteryService( 2010): update start
D/BatteryService( 2010): level:73 scale:100 status:2 health:2 present:true voltage: 4174 temperature: 287 technology: Li-ion AC powered:false USB powered:true icon:17303233 invalid charger:0
D/BatteryService( 2010): turn on LED for charging
D/STATUSBAR-BatteryController( 2113): onReceive() - ACTION_BATTERY_CHANGED
D/STATUSBAR-BatteryController( 2113): onReceive() - level:73
D/STATUSBAR-BatteryController( 2113): onReceive() - plugged:2
D/STATUSBAR-BatteryController( 2113): onReceive() - BATTERY_STATUS_CHARGING:
E/MtpService(32371): In MTPAPP onReceive:android.intent.action.BATTERY_CHANGED
E/MtpService(32371): battPlugged Type : 2
D/STATUSBAR-PhoneStatusBar( 2113): ACTION_BATTERY_CHANGED
D/STATUSBAR-PhoneStatusBar( 2113): NORMAL_BATTERY
D/BatteryService( 2010): update start
W/SignalStrength( 2010): getGsmLevel=0
W/SignalStrength( 2010): getLevel=0 (SignalStrength: 99 -1 -1 -1 -1 -1 -1 -1 -1 -1 -1 -1 gsm|lte 0)
W/SignalStrength( 2113): getGsmLevel=0
W/SignalStrength( 2113): getLevel=0 (SignalStrength: 99 -1 -1 -1 -1 -1 -1 -1 -1 -1 -1 -1 gsm|lte 0)
W/SignalStrength( 2113): getGsmLevel=0
W/SignalStrength( 2113): getLevel=0 (SignalStrength: 99 -1 -1 -1 -1 -1 -1 -1 -1 -1 -1 -1 gsm|lte 0)
W/SignalStrength( 2010): getGsmDbm=-1
W/SignalStrength( 2010): getDbm=-1
W/SignalStrength( 2010): getGsmAsuLevel=99
W/SignalStrength( 2010): getAsuLevel=99
D/STATUSBAR-NetworkController( 2113): onSignalStrengthsChanged signalStrength=SignalStrength: 99 -1 -1 -1 -1 -1 -1 -1 -1 -1 -1 -1 gsm|lte 0 level=0
D/STATUSBAR-NetworkController( 2113): refreshSignalCluster: data=-1 bt=false
D/STATUSBAR-SignalClusterView( 2113): mSeparateMobileGroup=8
D/STATUSBAR-SignalClusterView( 2113): mSeparateMobileGroup=8
D/STATUSBAR-SignalClusterView( 2113): mSeparateMobileGroup=8
D/BatteryService( 2010): update start
V/AlarmManager( 2010): waitForAlarm result :8
V/AlarmManager( 2010): ClockReceiver onReceive() ACTION_TIME_TICK
W/AlarmManager( 2010): FACTORY_ON= 0
D/STATUSBAR-Clock( 2113): onReceive() - ACTION_TIME_TICK
D/STATUSBAR-Clock( 2113): onReceive() - ACTION_TIME_TICK
D/ClockWidget( 2010): refreshTime()
D/ClockWidget( 2010): TTS Message = It is 7 : 23 AM, Tuesday, April 16
D/ClockAlarmWidgetService(24439): [ClockAlarmWidgetService] onReceive: action = android.intent.action.TIME_TICK
E/ClockAlarmWidget(24439): [AlarmWidgetIdManager] getListItem() : itemIndex=0, widgetID:1
E/ClockAlarmWidget(24439): [AlarmWidgetIdManager] getListItem() : ItemIndex exceed ListItemCount. itemIndex=1
E/ClockAlarmWidget(24439): [AlarmWidgetIdManager] getListItem() : itemIndex=1, widgetID:1
D/ClockAlarmDataProvider(24439): getAlarm() - too many same ID alarm data. nCount: 0
E/Watchdog( 2010): !@Sync 2491
V/AlarmManager( 2010): waitForAlarm result :4
V/AlarmManager( 2010): trigger ELAPSED_REALTIME_WAKEUP or RTC_WAKEUP
W/AlarmManager( 2010): FACTORY_ON= 0
W/AlarmManager( 2010): FACTORY_ON= 0
D/BatteryService( 2010): update start
D/BatteryService( 2010): level:73 scale:100 status:2 health:2 present:true voltage: 4176 temperature: 287 technology: Li-ion AC powered:false USB powered:true icon:17303233 invalid charger:0
D/BatteryService( 2010): turn on LED for charging
E/MtpService(32371): In MTPAPP onReceive:android.intent.action.BATTERY_CHANGED
E/MtpService(32371): battPlugged Type : 2
D/STATUSBAR-BatteryController( 2113): onReceive() - ACTION_BATTERY_CHANGED
D/STATUSBAR-BatteryController( 2113): onReceive() - level:73
D/STATUSBAR-BatteryController( 2113): onReceive() - plugged:2
D/STATUSBAR-BatteryController( 2113): onReceive() - BATTERY_STATUS_CHARGING:
D/STATUSBAR-PhoneStatusBar( 2113): ACTION_BATTERY_CHANGED
D/STATUSBAR-PhoneStatusBar( 2113): NORMAL_BATTERY
W/SignalStrength( 2010): getGsmLevel=1
W/SignalStrength( 2113): getGsmLevel=1
W/SignalStrength( 2113): getLevel=1 (SignalStrength: 99 -1 -1 -1 -1 -1 -1 -1 -1 -1 -1 -1 gsm|lte 1)
W/SignalStrength( 2113): getGsmLevel=1
W/SignalStrength( 2113): getLevel=1 (SignalStrength: 99 -1 -1 -1 -1 -1 -1 -1 -1 -1 -1 -1 gsm|lte 1)
W/SignalStrength( 2010): getLevel=1 (SignalStrength: 99 -1 -1 -1 -1 -1 -1 -1 -1 -1 -1 -1 gsm|lte 1)
W/SignalStrength( 2010): getGsmDbm=-1
D/STATUSBAR-NetworkController( 2113): onSignalStrengthsChanged signalStrength=SignalStrength: 99 -1 -1 -1 -1 -1 -1 -1 -1 -1 -1 -1 gsm|lte 1 level=1
D/STATUSBAR-NetworkController( 2113): refreshSignalCluster: data=-1 bt=false
D/STATUSBAR-SignalClusterView( 2113): mSeparateMobileGroup=8
D/STATUSBAR-SignalClusterView( 2113): mSeparateMobileGroup=8
D/STATUSBAR-SignalClusterView( 2113): mSeparateMobileGroup=8
W/SignalStrength( 2010): getDbm=-1
W/SignalStrength( 2010): getGsmAsuLevel=99
W/SignalStrength( 2010): getAsuLevel=99
D/BatteryService( 2010): update start
W/SignalStrength( 2010): getGsmLevel=2
W/SignalStrength( 2010): getLevel=2 (SignalStrength: 99 -1 -1 -1 -1 -1 -1 -1 -1 -1 -1 -1 gsm|lte 2)
W/SignalStrength( 2113): getGsmLevel=2
W/SignalStrength( 2113): getLevel=2 (SignalStrength: 99 -1 -1 -1 -1 -1 -1 -1 -1 -1 -1 -1 gsm|lte 2)
W/SignalStrength( 2113): getGsmLevel=2
W/SignalStrength( 2113): getLevel=2 (SignalStrength: 99 -1 -1 -1 -1 -1 -1 -1 -1 -1 -1 -1 gsm|lte 2)
W/SignalStrength( 2010): getGsmDbm=-1
W/SignalStrength( 2010): getDbm=-1
W/SignalStrength( 2010): getGsmAsuLevel=99
W/SignalStrength( 2010): getAsuLevel=99
D/STATUSBAR-NetworkController( 2113): onSignalStrengthsChanged signalStrength=SignalStrength: 99 -1 -1 -1 -1 -1 -1 -1 -1 -1 -1 -1 gsm|lte 2 level=2
D/STATUSBAR-NetworkController( 2113): refreshSignalCluster: data=-1 bt=false
D/STATUSBAR-SignalClusterView( 2113): mSeparateMobileGroup=8
D/STATUSBAR-SignalClusterView( 2113): mSeparateMobileGroup=8
D/STATUSBAR-SignalClusterView( 2113): mSeparateMobileGroup=8
D/BatteryService( 2010): update start
E/Watchdog( 2010): !@Sync 2492
D/BatteryService( 2010): update start
D/BatteryService( 2010): level:73 scale:100 status:2 health:2 present:true voltage: 4179 temperature: 287 technology: Li-ion AC powered:false USB powered:true icon:17303233 invalid charger:0
E/MtpService(32371): In MTPAPP onReceive:android.intent.action.BATTERY_CHANGED
E/MtpService(32371): battPlugged Type : 2
D/STATUSBAR-BatteryController( 2113): onReceive() - ACTION_BATTERY_CHANGED
D/STATUSBAR-BatteryController( 2113): onReceive() - level:73
D/STATUSBAR-BatteryController( 2113): onReceive() - plugged:2
D/STATUSBAR-BatteryController( 2113): onReceive() - BATTERY_STATUS_CHARGING:
D/STATUSBAR-PhoneStatusBar( 2113): ACTION_BATTERY_CHANGED
D/STATUSBAR-PhoneStatusBar( 2113): NORMAL_BATTERY
D/BatteryService( 2010): turn on LED for charging
W/SignalStrength( 2010): getGsmLevel=1
W/SignalStrength( 2010): getLevel=1 (SignalStrength: 99 -1 -1 -1 -1 -1 -1 -1 -1 -1 -1 -1 gsm|lte 1)
W/SignalStrength( 2113): getGsmLevel=1
W/SignalStrength( 2113): getLevel=1 (SignalStrength: 99 -1 -1 -1 -1 -1 -1 -1 -1 -1 -1 -1 gsm|lte 1)
W/SignalStrength( 2113): getGsmLevel=1
W/SignalStrength( 2113): getLevel=1 (SignalStrength: 99 -1 -1 -1 -1 -1 -1 -1 -1 -1 -1 -1 gsm|lte 1)
W/SignalStrength( 2010): getGsmDbm=-1
W/SignalStrength( 2010): getDbm=-1
W/SignalStrength( 2010): getGsmAsuLevel=99
W/SignalStrength( 2010): getAsuLevel=99
D/STATUSBAR-NetworkController( 2113): onSignalStrengthsChanged signalStrength=SignalStrength: 99 -1 -1 -1 -1 -1 -1 -1 -1 -1 -1 -1 gsm|lte 1 level=1
D/STATUSBAR-NetworkController( 2113): refreshSignalCluster: data=-1 bt=false
D/STATUSBAR-SignalClusterView( 2113): mSeparateMobileGroup=8
D/STATUSBAR-SignalClusterView( 2113): mSeparateMobileGroup=8
D/STATUSBAR-SignalClusterView( 2113): mSeparateMobileGroup=8
D/BatteryService( 2010): update start
V/AlarmManager( 2010): waitForAlarm result :8
V/AlarmManager( 2010): ClockReceiver onReceive() ACTION_TIME_TICK
W/AlarmManager( 2010): FACTORY_ON= 0
D/STATUSBAR-Clock( 2113): onReceive() - ACTION_TIME_TICK
D/STATUSBAR-Clock( 2113): onReceive() - ACTION_TIME_TICK
D/ClockWidget( 2010): refreshTime()
D/ClockAlarmWidgetService(24439): [ClockAlarmWidgetService] onReceive: action = android.intent.action.TIME_TICK
D/ClockWidget( 2010): TTS Message = It is 7 : 24 AM, Tuesday, April 16
E/ClockAlarmWidget(24439): [AlarmWidgetIdManager] getListItem() : itemIndex=0, widgetID:1
E/ClockAlarmWidget(24439): [AlarmWidgetIdManager] getListItem() : ItemIndex exceed ListItemCount. itemIndex=1
E/ClockAlarmWidget(24439): [AlarmWidgetIdManager] getListItem() : itemIndex=1, widgetID:1
D/ClockAlarmDataProvider(24439): getAlarm() - too many same ID alarm data. nCount: 0
E/Watchdog( 2010): !@Sync 2493
D/BatteryService( 2010): update start
V/AlarmManager( 2010): waitForAlarm result :4
D/BatteryService( 2010): update start
D/BatteryService( 2010): level:74 scale:100 status:2 health:2 present:true voltage: 4179 temperature: 287 technology: Li-ion AC powered:false USB powered:true icon:17303233 invalid charger:0
D/BatteryService( 2010): turn on LED for charging
D/CircleLockScreen( 2010): onRefreshBatteryInfo() showPatteryInfo: true pluggedIn: true batteryLevel: 74
D/STATUSBAR-BatteryController( 2113): onReceive() - ACTION_BATTERY_CHANGED
D/STATUSBAR-BatteryController( 2113): onReceive() - level:74
D/STATUSBAR-BatteryController( 2113): onReceive() - plugged:2
D/STATUSBAR-BatteryController( 2113): onReceive() - BATTERY_STATUS_CHARGING:
D/STATUSBAR-PhoneStatusBar( 2113): ACTION_BATTERY_CHANGED
D/STATUSBAR-PhoneStatusBar( 2113): NORMAL_BATTERY
E/MtpService(32371): In MTPAPP onReceive:android.intent.action.BATTERY_CHANGED
E/MtpService(32371): battPlugged Type : 2
W/SignalStrength( 2010): getGsmLevel=2
W/SignalStrength( 2010): getLevel=2 (SignalStrength: 99 -1 -1 -1 -1 -1 -1 -1 -1 -1 -1 -1 gsm|lte 2)
W/SignalStrength( 2113): getGsmLevel=2
W/SignalStrength( 2113): getLevel=2 (SignalStrength: 99 -1 -1 -1 -1 -1 -1 -1 -1 -1 -1 -1 gsm|lte 2)
W/SignalStrength( 2113): getGsmLevel=2
W/SignalStrength( 2113): getLevel=2 (SignalStrength: 99 -1 -1 -1 -1 -1 -1 -1 -1 -1 -1 -1 gsm|lte 2)
D/STATUSBAR-NetworkController( 2113): onSignalStrengthsChanged signalStrength=SignalStrength: 99 -1 -1 -1 -1 -1 -1 -1 -1 -1 -1 -1 gsm|lte 2 level=2
D/STATUSBAR-NetworkController( 2113): refreshSignalCluster: data=-1 bt=false
D/STATUSBAR-SignalClusterView( 2113): mSeparateMobileGroup=8
W/SignalStrength( 2010): getGsmDbm=-1
W/SignalStrength( 2010): getDbm=-1
W/SignalStrength( 2010): getGsmAsuLevel=99
W/SignalStrength( 2010): getAsuLevel=99
D/STATUSBAR-SignalClusterView( 2113): mSeparateMobileGroup=8
D/STATUSBAR-SignalClusterView( 2113): mSeparateMobileGroup=8
D/BatteryService( 2010): update start
D/BatteryService( 2010): level:74 scale:100 status:2 health:2 present:true voltage: 4181 temperature: 287 technology: Li-ion AC powered:false USB powered:true icon:17303233 invalid charger:0
D/BatteryService( 2010): turn on LED for charging
D/STATUSBAR-BatteryController( 2113): onReceive() - ACTION_BATTERY_CHANGED
E/MtpService(32371): In MTPAPP onReceive:android.intent.action.BATTERY_CHANGED
E/MtpService(32371): battPlugged Type : 2
D/STATUSBAR-BatteryController( 2113): onReceive() - level:74
D/STATUSBAR-BatteryController( 2113): onReceive() - plugged:2
D/STATUSBAR-BatteryController( 2113): onReceive() - BATTERY_STATUS_CHARGING:
D/STATUSBAR-PhoneStatusBar( 2113): ACTION_BATTERY_CHANGED
D/STATUSBAR-PhoneStatusBar( 2113): NORMAL_BATTERY
W/SignalStrength( 2010): getGsmLevel=1
W/SignalStrength( 2113): getGsmLevel=1
W/SignalStrength( 2010): getLevel=1 (SignalStrength: 99 -1 -1 -1 -1 -1 -1 -1 -1 -1 -1 -1 gsm|lte 1)
W/SignalStrength( 2113): getLevel=1 (SignalStrength: 99 -1 -1 -1 -1 -1 -1 -1 -1 -1 -1 -1 gsm|lte 1)
W/SignalStrength( 2113): getGsmLevel=1
W/SignalStrength( 2113): getLevel=1 (SignalStrength: 99 -1 -1 -1 -1 -1 -1 -1 -1 -1 -1 -1 gsm|lte 1)
D/STATUSBAR-NetworkController( 2113): onSignalStrengthsChanged signalStrength=SignalStrength: 99 -1 -1 -1 -1 -1 -1 -1 -1 -1 -1 -1 gsm|lte 1 level=1
D/STATUSBAR-NetworkController( 2113): refreshSignalCluster: data=-1 bt=false
D/STATUSBAR-SignalClusterView( 2113): mSeparateMobileGroup=8
W/SignalStrength( 2010): getGsmDbm=-1
W/SignalStrength( 2010): getDbm=-1
W/SignalStrength( 2010): getGsmAsuLevel=99
W/SignalStrength( 2010): getAsuLevel=99
D/STATUSBAR-SignalClusterView( 2113): mSeparateMobileGroup=8
D/STATUSBAR-SignalClusterView( 2113): mSeparateMobileGroup=8
E/Watchdog( 2010): !@Sync 2494
D/BatteryService( 2010): update start
D/BatteryService( 2010): level:74 scale:100 status:2 health:2 present:true voltage: 4181 temperature: 286 technology: Li-ion AC powered:false USB powered:true icon:17303233 invalid charger:0
D/BatteryService( 2010): turn on LED for charging
E/MtpService(32371): In MTPAPP onReceive:android.intent.action.BATTERY_CHANGED
E/MtpService(32371): battPlugged Type : 2
D/STATUSBAR-BatteryController( 2113): onReceive() - ACTION_BATTERY_CHANGED
D/STATUSBAR-BatteryController( 2113): onReceive() - level:74
D/STATUSBAR-BatteryController( 2113): onReceive() - plugged:2
D/STATUSBAR-BatteryController( 2113): onReceive() - BATTERY_STATUS_CHARGING:
D/STATUSBAR-PhoneStatusBar( 2113): ACTION_BATTERY_CHANGED
D/STATUSBAR-PhoneStatusBar( 2113): NORMAL_BATTERY
W/SignalStrength( 2010): getGsmLevel=0
W/SignalStrength( 2010): getLevel=0 (SignalStrength: 99 -1 -1 -1 -1 -1 -1 -1 -1 -1 -1 -1 gsm|lte 0)
W/SignalStrength( 2010): getGsmDbm=-1
W/SignalStrength( 2010): getDbm=-1
W/SignalStrength( 2010): getGsmAsuLevel=99
W/SignalStrength( 2010): getAsuLevel=99
W/SignalStrength( 2113): getGsmLevel=0
W/SignalStrength( 2113): getLevel=0 (SignalStrength: 99 -1 -1 -1 -1 -1 -1 -1 -1 -1 -1 -1 gsm|lte 0)
W/SignalStrength( 2113): getGsmLevel=0
W/SignalStrength( 2113): getLevel=0 (SignalStrength: 99 -1 -1 -1 -1 -1 -1 -1 -1 -1 -1 -1 gsm|lte 0)
D/STATUSBAR-NetworkController( 2113): onSignalStrengthsChanged signalStrength=SignalStrength: 99 -1 -1 -1 -1 -1 -1 -1 -1 -1 -1 -1 gsm|lte 0 level=0
D/STATUSBAR-NetworkController( 2113): refreshSignalCluster: data=-1 bt=false
D/STATUSBAR-SignalClusterView( 2113): mSeparateMobileGroup=8
D/STATUSBAR-SignalClusterView( 2113): mSeparateMobileGroup=8
D/STATUSBAR-SignalClusterView( 2113): mSeparateMobileGroup=8
D/BatteryService( 2010): update start
W/SignalStrength( 2010): getGsmLevel=1
W/SignalStrength( 2010): getLevel=1 (SignalStrength: 99 -1 -1 -1 -1 -1 -1 -1 -1 -1 -1 -1 gsm|lte 1)
W/SignalStrength( 2113): getGsmLevel=1
W/SignalStrength( 2113): getLevel=1 (SignalStrength: 99 -1 -1 -1 -1 -1 -1 -1 -1 -1 -1 -1 gsm|lte 1)
W/SignalStrength( 2113): getGsmLevel=1
W/SignalStrength( 2113): getLevel=1 (SignalStrength: 99 -1 -1 -1 -1 -1 -1 -1 -1 -1 -1 -1 gsm|lte 1)
W/SignalStrength( 2010): getGsmDbm=-1
W/SignalStrength( 2010): getDbm=-1
W/SignalStrength( 2010): getGsmAsuLevel=99
W/SignalStrength( 2010): getAsuLevel=99
D/STATUSBAR-NetworkController( 2113): onSignalStrengthsChanged signalStrength=SignalStrength: 99 -1 -1 -1 -1 -1 -1 -1 -1 -1 -1 -1 gsm|lte 1 level=1
D/STATUSBAR-NetworkController( 2113): refreshSignalCluster: data=-1 bt=false
D/STATUSBAR-SignalClusterView( 2113): mSeparateMobileGroup=8
D/STATUSBAR-SignalClusterView( 2113): mSeparateMobileGroup=8
D/STATUSBAR-SignalClusterView( 2113): mSeparateMobileGroup=8
D/BatteryService( 2010): update start
D/BatteryService( 2010): level:74 scale:100 status:2 health:2 present:true voltage: 4184 temperature: 286 technology: Li-ion AC powered:false USB powered:true icon:17303233 invalid charger:0
D/BatteryService( 2010): turn on LED for charging
E/MtpService(32371): In MTPAPP onReceive:android.intent.action.BATTERY_CHANGED
E/MtpService(32371): battPlugged Type : 2
D/STATUSBAR-BatteryController( 2113): onReceive() - ACTION_BATTERY_CHANGED
D/STATUSBAR-BatteryController( 2113): onReceive() - level:74
D/STATUSBAR-BatteryController( 2113): onReceive() - plugged:2
D/STATUSBAR-BatteryController( 2113): onReceive() - BATTERY_STATUS_CHARGING:
D/STATUSBAR-PhoneStatusBar( 2113): ACTION_BATTERY_CHANGED
D/STATUSBAR-PhoneStatusBar( 2113): NORMAL_BATTERY
W/SignalStrength( 2010): getGsmLevel=0
W/SignalStrength( 2010): getLevel=0 (SignalStrength: 99 -1 -1 -1 -1 -1 -1 -1 -1 -1 -1 -1 gsm|lte 0)
W/SignalStrength( 2113): getGsmLevel=0
W/SignalStrength( 2113): getLevel=0 (SignalStrength: 99 -1 -1 -1 -1 -1 -1 -1 -1 -1 -1 -1 gsm|lte 0)
W/SignalStrength( 2113): getGsmLevel=0
W/SignalStrength( 2113): getLevel=0 (SignalStrength: 99 -1 -1 -1 -1 -1 -1 -1 -1 -1 -1 -1 gsm|lte 0)
W/SignalStrength( 2010): getGsmDbm=-1
W/SignalStrength( 2010): getDbm=-1
D/STATUSBAR-NetworkController( 2113): onSignalStrengthsChanged signalStrength=SignalStrength: 99 -1 -1 -1 -1 -1 -1 -1 -1 -1 -1 -1 gsm|lte 0 level=0
D/STATUSBAR-NetworkController( 2113): refreshSignalCluster: data=-1 bt=false
D/STATUSBAR-SignalClusterView( 2113): mSeparateMobileGroup=8
W/SignalStrength( 2010): getGsmAsuLevel=99
W/SignalStrength( 2010): getAsuLevel=99
D/STATUSBAR-SignalClusterView( 2113): mSeparateMobileGroup=8
D/STATUSBAR-SignalClusterView( 2113): mSeparateMobileGroup=8
W/SignalStrength( 2010): getGsmLevel=1
W/SignalStrength( 2010): getLevel=1 (SignalStrength: 99 -1 -1 -1 -1 -1 -1 -1 -1 -1 -1 -1 gsm|lte 1)
W/SignalStrength( 2010): getGsmDbm=-1
W/SignalStrength( 2010): getDbm=-1
W/SignalStrength( 2010): getGsmAsuLevel=99
W/SignalStrength( 2010): getAsuLevel=99
W/SignalStrength( 2113): getGsmLevel=1
W/SignalStrength( 2113): getLevel=1 (SignalStrength: 99 -1 -1 -1 -1 -1 -1 -1 -1 -1 -1 -1 gsm|lte 1)
W/SignalStrength( 2113): getGsmLevel=1
W/SignalStrength( 2113): getLevel=1 (SignalStrength: 99 -1 -1 -1 -1 -1 -1 -1 -1 -1 -1 -1 gsm|lte 1)
D/STATUSBAR-NetworkController( 2113): onSignalStrengthsChanged signalStrength=SignalStrength: 99 -1 -1 -1 -1 -1 -1 -1 -1 -1 -1 -1 gsm|lte 1 level=1
D/STATUSBAR-NetworkController( 2113): refreshSignalCluster: data=-1 bt=false
D/STATUSBAR-SignalClusterView( 2113): mSeparateMobileGroup=8
D/STATUSBAR-SignalClusterView( 2113): mSeparateMobileGroup=8
D/STATUSBAR-SignalClusterView( 2113): mSeparateMobileGroup=8
V/AlarmManager( 2010): waitForAlarm result :8
V/AlarmManager( 2010): ClockReceiver onReceive() ACTION_TIME_TICK
W/AlarmManager( 2010): FACTORY_ON= 0
D/STATUSBAR-Clock( 2113): onReceive() - ACTION_TIME_TICK
D/STATUSBAR-Clock( 2113): onReceive() - ACTION_TIME_TICK
D/ClockWidget( 2010): refreshTime()
D/ClockWidget( 2010): TTS Message = It is 7 : 25 AM, Tuesday, April 16
D/ClockAlarmWidgetService(24439): [ClockAlarmWidgetService] onReceive: action = android.intent.action.TIME_TICK
E/ClockAlarmWidget(24439): [AlarmWidgetIdManager] getListItem() : itemIndex=0, widgetID:1
E/ClockAlarmWidget(24439): [AlarmWidgetIdManager] getListItem() : ItemIndex exceed ListItemCount. itemIndex=1
E/ClockAlarmWidget(24439): [AlarmWidgetIdManager] getListItem() : itemIndex=1, widgetID:1
D/ClockAlarmDataProvider(24439): getAlarm() - too many same ID alarm data. nCount: 0
E/Watchdog( 2010): !@Sync 2495
D/BatteryService( 2010): update start
D/BatteryService( 2010): update start
D/BatteryService( 2010): level:74 scale:100 status:2 health:2 present:true voltage: 4186 temperature: 286 technology: Li-ion AC powered:false USB powered:true icon:17303233 invalid charger:0
D/STATUSBAR-BatteryController( 2113): onReceive() - ACTION_BATTERY_CHANGED
D/STATUSBAR-BatteryController( 2113): onReceive() - level:74
D/STATUSBAR-BatteryController( 2113): onReceive() - plugged:2
D/STATUSBAR-BatteryController( 2113): onReceive() - BATTERY_STATUS_CHARGING:
D/STATUSBAR-PhoneStatusBar( 2113): ACTION_BATTERY_CHANGED
E/MtpService(32371): In MTPAPP onReceive:android.intent.action.BATTERY_CHANGED
E/MtpService(32371): battPlugged Type : 2
D/STATUSBAR-PhoneStatusBar( 2113): NORMAL_BATTERY
D/BatteryService( 2010): turn on LED for charging
W/SignalStrength( 2010): getGsmLevel=0
W/SignalStrength( 2010): getLevel=0 (SignalStrength: 99 -1 -1 -1 -1 -1 -1 -1 -1 -1 -1 -1 gsm|lte 0)
W/SignalStrength( 2113): getGsmLevel=0
W/SignalStrength( 2113): getLevel=0 (SignalStrength: 99 -1 -1 -1 -1 -1 -1 -1 -1 -1 -1 -1 gsm|lte 0)
W/SignalStrength( 2113): getGsmLevel=0
W/SignalStrength( 2113): getLevel=0 (SignalStrength: 99 -1 -1 -1 -1 -1 -1 -1 -1 -1 -1 -1 gsm|lte 0)
D/STATUSBAR-NetworkController( 2113): onSignalStrengthsChanged signalStrength=SignalStrength: 99 -1 -1 -1 -1 -1 -1 -1 -1 -1 -1 -1 gsm|lte 0 level=0
W/SignalStrength( 2010): getGsmDbm=-1
W/SignalStrength( 2010): getDbm=-1
W/SignalStrength( 2010): getGsmAsuLevel=99
W/SignalStrength( 2010): getAsuLevel=99
D/STATUSBAR-NetworkController( 2113): refreshSignalCluster: data=-1 bt=false
D/STATUSBAR-SignalClusterView( 2113): mSeparateMobileGroup=8
D/STATUSBAR-SignalClusterView( 2113): mSeparateMobileGroup=8
D/STATUSBAR-SignalClusterView( 2113): mSeparateMobileGroup=8
D/BatteryService( 2010): update start
D/BatteryService( 2010): level:74 scale:100 status:2 health:2 present:true voltage: 4181 temperature: 286 technology: Li-ion AC powered:false USB powered:true icon:17303233 invalid charger:0
D/BatteryService( 2010): turn on LED for charging
D/STATUSBAR-BatteryController( 2113): onReceive() - ACTION_BATTERY_CHANGED
D/STATUSBAR-BatteryController( 2113): onReceive() - level:74
D/STATUSBAR-BatteryController( 2113): onReceive() - plugged:2
D/STATUSBAR-BatteryController( 2113): onReceive() - BATTERY_STATUS_CHARGING:
D/STATUSBAR-PhoneStatusBar( 2113): ACTION_BATTERY_CHANGED
D/STATUSBAR-PhoneStatusBar( 2113): NORMAL_BATTERY
E/MtpService(32371): In MTPAPP onReceive:android.intent.action.BATTERY_CHANGED
E/MtpService(32371): battPlugged Type : 2
E/Watchdog( 2010): !@Sync 2496
D/BatteryService( 2010): update start
D/BatteryService( 2010): level:74 scale:100 status:2 health:2 present:true voltage: 4186 temperature: 286 technology: Li-ion AC powered:false USB powered:true icon:17303233 invalid charger:0
D/BatteryService( 2010): turn on LED for charging
E/MtpService(32371): In MTPAPP onReceive:android.intent.action.BATTERY_CHANGED
E/MtpService(32371): battPlugged Type : 2
D/STATUSBAR-BatteryController( 2113): onReceive() - ACTION_BATTERY_CHANGED
D/STATUSBAR-BatteryController( 2113): onReceive() - level:74
D/STATUSBAR-BatteryController( 2113): onReceive() - plugged:2
D/STATUSBAR-BatteryController( 2113): onReceive() - BATTERY_STATUS_CHARGING:
D/STATUSBAR-PhoneStatusBar( 2113): ACTION_BATTERY_CHANGED
D/STATUSBAR-PhoneStatusBar( 2113): NORMAL_BATTERY
W/SignalStrength( 2010): getGsmLevel=1
W/SignalStrength( 2113): getGsmLevel=1
W/SignalStrength( 2010): getLevel=1 (SignalStrength: 99 -1 -1 -1 -1 -1 -1 -1 -1 -1 -1 -1 gsm|lte 1)
W/SignalStrength( 2113): getLevel=1 (SignalStrength: 99 -1 -1 -1 -1 -1 -1 -1 -1 -1 -1 -1 gsm|lte 1)
W/SignalStrength( 2113): getGsmLevel=1
W/SignalStrength( 2113): getLevel=1 (SignalStrength: 99 -1 -1 -1 -1 -1 -1 -1 -1 -1 -1 -1 gsm|lte 1)
D/STATUSBAR-NetworkController( 2113): onSignalStrengthsChanged signalStrength=SignalStrength: 99 -1 -1 -1 -1 -1 -1 -1 -1 -1 -1 -1 gsm|lte 1 level=1
D/STATUSBAR-NetworkController( 2113): refreshSignalCluster: data=-1 bt=false
D/STATUSBAR-SignalClusterView( 2113): mSeparateMobileGroup=8
W/SignalStrength( 2010): getGsmDbm=-1
W/SignalStrength( 2010): getDbm=-1
W/SignalStrength( 2010): getGsmAsuLevel=99
W/SignalStrength( 2010): getAsuLevel=99
D/STATUSBAR-SignalClusterView( 2113): mSeparateMobileGroup=8
D/STATUSBAR-SignalClusterView( 2113): mSeparateMobileGroup=8
D/BatteryService( 2010): update start
D/BatteryService( 2010): level:74 scale:100 status:2 health:2 present:true voltage: 4189 temperature: 286 technology: Li-ion AC powered:false USB powered:true icon:17303233 invalid charger:0
D/BatteryService( 2010): turn on LED for charging
D/STATUSBAR-BatteryController( 2113): onReceive() - ACTION_BATTERY_CHANGED
D/STATUSBAR-BatteryController( 2113): onReceive() - level:74
D/STATUSBAR-BatteryController( 2113): onReceive() - plugged:2
D/STATUSBAR-BatteryController( 2113): onReceive() - BATTERY_STATUS_CHARGING:
D/STATUSBAR-PhoneStatusBar( 2113): ACTION_BATTERY_CHANGED
D/STATUSBAR-PhoneStatusBar( 2113): NORMAL_BATTERY
E/MtpService(32371): In MTPAPP onReceive:android.intent.action.BATTERY_CHANGED
E/MtpService(32371): battPlugged Type : 2
D/BatteryService( 2010): update start
V/AlarmManager( 2010): waitForAlarm result :8
V/AlarmManager( 2010): ClockReceiver onReceive() ACTION_TIME_TICK
W/AlarmManager( 2010): FACTORY_ON= 0
D/STATUSBAR-Clock( 2113): onReceive() - ACTION_TIME_TICK
D/STATUSBAR-Clock( 2113): onReceive() - ACTION_TIME_TICK
D/ClockWidget( 2010): refreshTime()
D/ClockWidget( 2010): TTS Message = It is 7 : 26 AM, Tuesday, April 16
D/ClockAlarmWidgetService(24439): [ClockAlarmWidgetService] onReceive: action = android.intent.action.TIME_TICK
E/ClockAlarmWidget(24439): [AlarmWidgetIdManager] getListItem() : itemIndex=0, widgetID:1
E/ClockAlarmWidget(24439): [AlarmWidgetIdManager] getListItem() : ItemIndex exceed ListItemCount. itemIndex=1
E/ClockAlarmWidget(24439): [AlarmWidgetIdManager] getListItem() : itemIndex=1, widgetID:1
D/ClockAlarmDataProvider(24439): getAlarm() - too many same ID alarm data. nCount: 0
E/Watchdog( 2010): !@Sync 2497
D/BatteryService( 2010): update start
D/BatteryService( 2010): level:74 scale:100 status:2 health:2 present:true voltage: 4181 temperature: 286 technology: Li-ion AC powered:false USB powered:true icon:17303233 invalid charger:0
D/BatteryService( 2010): turn on LED for charging
E/MtpService(32371): In MTPAPP onReceive:android.intent.action.BATTERY_CHANGED
E/MtpService(32371): battPlugged Type : 2
D/STATUSBAR-BatteryController( 2113): onReceive() - ACTION_BATTERY_CHANGED
D/STATUSBAR-BatteryController( 2113): onReceive() - level:74
D/STATUSBAR-BatteryController( 2113): onReceive() - plugged:2
D/STATUSBAR-BatteryController( 2113): onReceive() - BATTERY_STATUS_CHARGING:
D/STATUSBAR-PhoneStatusBar( 2113): ACTION_BATTERY_CHANGED
D/STATUSBAR-PhoneStatusBar( 2113): NORMAL_BATTERY
D/BatteryService( 2010): update start
D/BatteryService( 2010): level:74 scale:100 status:2 health:2 present:true voltage: 4186 temperature: 286 technology: Li-ion AC powered:false USB powered:true icon:17303233 invalid charger:0
D/BatteryService( 2010): turn on LED for charging
D/STATUSBAR-BatteryController( 2113): onReceive() - ACTION_BATTERY_CHANGED
D/STATUSBAR-BatteryController( 2113): onReceive() - level:74
D/STATUSBAR-BatteryController( 2113): onReceive() - plugged:2
D/STATUSBAR-BatteryController( 2113): onReceive() - BATTERY_STATUS_CHARGING:
E/MtpService(32371): In MTPAPP onReceive:android.intent.action.BATTERY_CHANGED
E/MtpService(32371): battPlugged Type : 2
D/STATUSBAR-PhoneStatusBar( 2113): ACTION_BATTERY_CHANGED
D/STATUSBAR-PhoneStatusBar( 2113): NORMAL_BATTERY
D/BatteryService( 2010): update start
D/CircleLockScreen( 2010): onRefreshBatteryInfo() showPatteryInfo: true pluggedIn: true batteryLevel: 75
D/BatteryService( 2010): level:75 scale:100 status:2 health:2 present:true voltage: 4189 temperature: 286 technology: Li-ion AC powered:false USB powered:true icon:17303233 invalid charger:0
D/BatteryService( 2010): turn on LED for charging
D/STATUSBAR-BatteryController( 2113): onReceive() - ACTION_BATTERY_CHANGED
D/STATUSBAR-BatteryController( 2113): onReceive() - level:75
D/STATUSBAR-BatteryController( 2113): onReceive() - plugged:2
D/STATUSBAR-BatteryController( 2113): onReceive() - BATTERY_STATUS_CHARGING:
D/STATUSBAR-PhoneStatusBar( 2113): ACTION_BATTERY_CHANGED
D/STATUSBAR-PhoneStatusBar( 2113): NORMAL_BATTERY
E/MtpService(32371): In MTPAPP onReceive:android.intent.action.BATTERY_CHANGED
E/MtpService(32371): battPlugged Type : 2
W/SignalStrength( 2010): getGsmLevel=2
W/SignalStrength( 2010): getLevel=2 (SignalStrength: 99 -1 -1 -1 -1 -1 -1 -1 -1 -1 -1 -1 gsm|lte 2)
W/SignalStrength( 2113): getGsmLevel=2
W/SignalStrength( 2113): getLevel=2 (SignalStrength: 99 -1 -1 -1 -1 -1 -1 -1 -1 -1 -1 -1 gsm|lte 2)
W/SignalStrength( 2113): getGsmLevel=2
W/SignalStrength( 2113): getLevel=2 (SignalStrength: 99 -1 -1 -1 -1 -1 -1 -1 -1 -1 -1 -1 gsm|lte 2)
D/STATUSBAR-NetworkController( 2113): onSignalStrengthsChanged signalStrength=SignalStrength: 99 -1 -1 -1 -1 -1 -1 -1 -1 -1 -1 -1 gsm|lte 2 level=2
W/SignalStrength( 2010): getGsmDbm=-1
W/SignalStrength( 2010): getDbm=-1
W/SignalStrength( 2010): getGsmAsuLevel=99
W/SignalStrength( 2010): getAsuLevel=99
D/STATUSBAR-NetworkController( 2113): refreshSignalCluster: data=-1 bt=false
D/STATUSBAR-SignalClusterView( 2113): mSeparateMobileGroup=8
D/STATUSBAR-SignalClusterView( 2113): mSeparateMobileGroup=8
D/STATUSBAR-SignalClusterView( 2113): mSeparateMobileGroup=8
E/Watchdog( 2010): !@Sync 2498
W/SignalStrength( 2010): getGsmLevel=1
W/SignalStrength( 2113): getGsmLevel=1
W/SignalStrength( 2010): getLevel=1 (SignalStrength: 99 -1 -1 -1 -1 -1 -1 -1 -1 -1 -1 -1 gsm|lte 1)
W/SignalStrength( 2113): getLevel=1 (SignalStrength: 99 -1 -1 -1 -1 -1 -1 -1 -1 -1 -1 -1 gsm|lte 1)
W/SignalStrength( 2113): getGsmLevel=1
W/SignalStrength( 2113): getLevel=1 (SignalStrength: 99 -1 -1 -1 -1 -1 -1 -1 -1 -1 -1 -1 gsm|lte 1)
D/STATUSBAR-NetworkController( 2113): onSignalStrengthsChanged signalStrength=SignalStrength: 99 -1 -1 -1 -1 -1 -1 -1 -1 -1 -1 -1 gsm|lte 1 level=1
D/STATUSBAR-NetworkController( 2113): refreshSignalCluster: data=-1 bt=false
D/STATUSBAR-SignalClusterView( 2113): mSeparateMobileGroup=8
W/SignalStrength( 2010): getGsmDbm=-1
W/SignalStrength( 2010): getDbm=-1
W/SignalStrength( 2010): getGsmAsuLevel=99
W/SignalStrength( 2010): getAsuLevel=99
D/STATUSBAR-SignalClusterView( 2113): mSeparateMobileGroup=8
D/STATUSBAR-SignalClusterView( 2113): mSeparateMobileGroup=8
D/BatteryService( 2010): update start
D/BatteryService( 2010): level:75 scale:100 status:2 health:2 present:true voltage: 4186 temperature: 286 technology: Li-ion AC powered:false USB powered:true icon:17303233 invalid charger:0
E/MtpService(32371): In MTPAPP onReceive:android.intent.action.BATTERY_CHANGED
E/MtpService(32371): battPlugged Type : 2
D/STATUSBAR-BatteryController( 2113): onReceive() - ACTION_BATTERY_CHANGED
D/STATUSBAR-BatteryController( 2113): onReceive() - level:75
D/BatteryService( 2010): turn on LED for charging
D/STATUSBAR-BatteryController( 2113): onReceive() - plugged:2
D/STATUSBAR-BatteryController( 2113): onReceive() - BATTERY_STATUS_CHARGING:
D/STATUSBAR-PhoneStatusBar( 2113): ACTION_BATTERY_CHANGED
D/STATUSBAR-PhoneStatusBar( 2113): NORMAL_BATTERY
D/BatteryService( 2010): update start
E/MtpService(32371): In MTPAPP onReceive:android.intent.action.BATTERY_CHANGED
D/BatteryService( 2010): level:75 scale:100 status:2 health:2 present:true voltage: 4194 temperature: 286 technology: Li-ion AC powered:false USB powered:true icon:17303233 invalid charger:0
D/STATUSBAR-BatteryController( 2113): onReceive() - ACTION_BATTERY_CHANGED
D/STATUSBAR-BatteryController( 2113): onReceive() - level:75
D/STATUSBAR-BatteryController( 2113): onReceive() - plugged:2
D/STATUSBAR-BatteryController( 2113): onReceive() - BATTERY_STATUS_CHARGING:
D/STATUSBAR-PhoneStatusBar( 2113): ACTION_BATTERY_CHANGED
D/STATUSBAR-PhoneStatusBar( 2113): NORMAL_BATTERY
E/MtpService(32371): battPlugged Type : 2
D/BatteryService( 2010): turn on LED for charging
W/SignalStrength( 2010): getGsmLevel=0
W/SignalStrength( 2010): getLevel=0 (SignalStrength: 99 -1 -1 -1 -1 -1 -1 -1 -1 -1 -1 -1 gsm|lte 0)
W/SignalStrength( 2113): getGsmLevel=0
W/SignalStrength( 2113): getLevel=0 (SignalStrength: 99 -1 -1 -1 -1 -1 -1 -1 -1 -1 -1 -1 gsm|lte 0)
W/SignalStrength( 2113): getGsmLevel=0
W/SignalStrength( 2113): getLevel=0 (SignalStrength: 99 -1 -1 -1 -1 -1 -1 -1 -1 -1 -1 -1 gsm|lte 0)
D/STATUSBAR-NetworkController( 2113): onSignalStrengthsChanged signalStrength=SignalStrength: 99 -1 -1 -1 -1 -1 -1 -1 -1 -1 -1 -1 gsm|lte 0 level=0
D/STATUSBAR-NetworkController( 2113): refreshSignalCluster: data=-1 bt=false
D/STATUSBAR-SignalClusterView( 2113): mSeparateMobileGroup=8
W/SignalStrength( 2010): getGsmDbm=-1
W/SignalStrength( 2010): getDbm=-1
W/SignalStrength( 2010): getGsmAsuLevel=99
W/SignalStrength( 2010): getAsuLevel=99
D/STATUSBAR-SignalClusterView( 2113): mSeparateMobileGroup=8
D/STATUSBAR-SignalClusterView( 2113): mSeparateMobileGroup=8
D/BatteryService( 2010): update start
V/AlarmManager( 2010): waitForAlarm result :8
V/AlarmManager( 2010): ClockReceiver onReceive() ACTION_TIME_TICK
W/AlarmManager( 2010): FACTORY_ON= 0
D/STATUSBAR-Clock( 2113): onReceive() - ACTION_TIME_TICK
D/STATUSBAR-Clock( 2113): onReceive() - ACTION_TIME_TICK
D/ClockWidget( 2010): refreshTime()
D/ClockWidget( 2010): TTS Message = It is 7 : 27 AM, Tuesday, April 16
D/ClockAlarmWidgetService(24439): [ClockAlarmWidgetService] onReceive: action = android.intent.action.TIME_TICK
E/ClockAlarmWidget(24439): [AlarmWidgetIdManager] getListItem() : itemIndex=0, widgetID:1
E/ClockAlarmWidget(24439): [AlarmWidgetIdManager] getListItem() : ItemIndex exceed ListItemCount. itemIndex=1
E/ClockAlarmWidget(24439): [AlarmWidgetIdManager] getListItem() : itemIndex=1, widgetID:1
D/ClockAlarmDataProvider(24439): getAlarm() - too many same ID alarm data. nCount: 0
E/Watchdog( 2010): !@Sync 2499
D/BatteryService( 2010): update start
D/BatteryService( 2010): update start
W/SignalStrength( 2010): getGsmLevel=1
W/SignalStrength( 2010): getLevel=1 (SignalStrength: 99 -1 -1 -1 -1 -1 -1 -1 -1 -1 -1 -1 gsm|lte 1)
W/SignalStrength( 2113): getGsmLevel=1
W/SignalStrength( 2113): getLevel=1 (SignalStrength: 99 -1 -1 -1 -1 -1 -1 -1 -1 -1 -1 -1 gsm|lte 1)
W/SignalStrength( 2113): getGsmLevel=1
W/SignalStrength( 2113): getLevel=1 (SignalStrength: 99 -1 -1 -1 -1 -1 -1 -1 -1 -1 -1 -1 gsm|lte 1)
D/STATUSBAR-NetworkController( 2113): onSignalStrengthsChanged signalStrength=SignalStrength: 99 -1 -1 -1 -1 -1 -1 -1 -1 -1 -1 -1 gsm|lte 1 level=1
W/SignalStrength( 2010): getGsmDbm=-1
W/SignalStrength( 2010): getDbm=-1
W/SignalStrength( 2010): getGsmAsuLevel=99
W/SignalStrength( 2010): getAsuLevel=99
D/STATUSBAR-NetworkController( 2113): refreshSignalCluster: data=-1 bt=false
D/STATUSBAR-SignalClusterView( 2113): mSeparateMobileGroup=8
D/STATUSBAR-SignalClusterView( 2113): mSeparateMobileGroup=8
D/STATUSBAR-SignalClusterView( 2113): mSeparateMobileGroup=8
D/BatteryService( 2010): update start
D/BatteryService( 2010): level:75 scale:100 status:2 health:2 present:true voltage: 4196 temperature: 286 technology: Li-ion AC powered:false USB powered:true icon:17303233 invalid charger:0
D/STATUSBAR-BatteryController( 2113): onReceive() - ACTION_BATTERY_CHANGED
E/MtpService(32371): In MTPAPP onReceive:android.intent.action.BATTERY_CHANGED
E/MtpService(32371): battPlugged Type : 2
D/STATUSBAR-BatteryController( 2113): onReceive() - level:75
D/STATUSBAR-BatteryController( 2113): onReceive() - plugged:2
D/STATUSBAR-BatteryController( 2113): onReceive() - BATTERY_STATUS_CHARGING:
D/STATUSBAR-PhoneStatusBar( 2113): ACTION_BATTERY_CHANGED
D/STATUSBAR-PhoneStatusBar( 2113): NORMAL_BATTERY
D/BatteryService( 2010): turn on LED for charging
E/Watchdog( 2010): !@Sync 2500
W/SignalStrength( 2010): getGsmLevel=0
W/SignalStrength( 2010): getLevel=0 (SignalStrength: 99 -1 -1 -1 -1 -1 -1 -1 -1 -1 -1 -1 gsm|lte 0)
W/SignalStrength( 2113): getGsmLevel=0
W/SignalStrength( 2113): getLevel=0 (SignalStrength: 99 -1 -1 -1 -1 -1 -1 -1 -1 -1 -1 -1 gsm|lte 0)
W/SignalStrength( 2113): getGsmLevel=0
W/SignalStrength( 2113): getLevel=0 (SignalStrength: 99 -1 -1 -1 -1 -1 -1 -1 -1 -1 -1 -1 gsm|lte 0)
D/STATUSBAR-NetworkController( 2113): onSignalStrengthsChanged signalStrength=SignalStrength: 99 -1 -1 -1 -1 -1 -1 -1 -1 -1 -1 -1 gsm|lte 0 level=0
D/STATUSBAR-NetworkController( 2113): refreshSignalCluster: data=-1 bt=false
D/STATUSBAR-SignalClusterView( 2113): mSeparateMobileGroup=8
W/SignalStrength( 2010): getGsmDbm=-1
W/SignalStrength( 2010): getDbm=-1
W/SignalStrength( 2010): getGsmAsuLevel=99
W/SignalStrength( 2010): getAsuLevel=99
D/STATUSBAR-SignalClusterView( 2113): mSeparateMobileGroup=8
D/STATUSBAR-SignalClusterView( 2113): mSeparateMobileGroup=8
D/BatteryService( 2010): update start
D/BatteryService( 2010): level:75 scale:100 status:2 health:2 present:true voltage: 4191 temperature: 286 technology: Li-ion AC powered:false USB powered:true icon:17303233 invalid charger:0
D/BatteryService( 2010): turn on LED for charging
D/STATUSBAR-BatteryController( 2113): onReceive() - ACTION_BATTERY_CHANGED
E/MtpService(32371): In MTPAPP onReceive:android.intent.action.BATTERY_CHANGED
E/MtpService(32371): battPlugged Type : 2
D/STATUSBAR-BatteryController( 2113): onReceive() - level:75
D/STATUSBAR-BatteryController( 2113): onReceive() - plugged:2
D/STATUSBAR-BatteryController( 2113): onReceive() - BATTERY_STATUS_CHARGING:
D/STATUSBAR-PhoneStatusBar( 2113): ACTION_BATTERY_CHANGED
D/STATUSBAR-PhoneStatusBar( 2113): NORMAL_BATTERY
W/SignalStrength( 2010): getGsmLevel=1
W/SignalStrength( 2010): getLevel=1 (SignalStrength: 99 -1 -1 -1 -1 -1 -1 -1 -1 -1 -1 -1 gsm|lte 1)
W/SignalStrength( 2113): getGsmLevel=1
W/SignalStrength( 2113): getLevel=1 (SignalStrength: 99 -1 -1 -1 -1 -1 -1 -1 -1 -1 -1 -1 gsm|lte 1)
W/SignalStrength( 2113): getGsmLevel=1
W/SignalStrength( 2010): getGsmDbm=-1
W/SignalStrength( 2010): getDbm=-1
W/SignalStrength( 2010): getGsmAsuLevel=99
W/SignalStrength( 2010): getAsuLevel=99
W/SignalStrength( 2113): getLevel=1 (SignalStrength: 99 -1 -1 -1 -1 -1 -1 -1 -1 -1 -1 -1 gsm|lte 1)
D/STATUSBAR-NetworkController( 2113): onSignalStrengthsChanged signalStrength=SignalStrength: 99 -1 -1 -1 -1 -1 -1 -1 -1 -1 -1 -1 gsm|lte 1 level=1
D/STATUSBAR-NetworkController( 2113): refreshSignalCluster: data=-1 bt=false
D/STATUSBAR-SignalClusterView( 2113): mSeparateMobileGroup=8
D/STATUSBAR-SignalClusterView( 2113): mSeparateMobileGroup=8
D/STATUSBAR-SignalClusterView( 2113): mSeparateMobileGroup=8
D/BatteryService( 2010): update start
E/MtpService(32371): In MTPAPP onReceive:android.intent.action.BATTERY_CHANGED
D/BatteryService( 2010): level:75 scale:100 status:2 health:2 present:true voltage: 4198 temperature: 286 technology: Li-ion AC powered:false USB powered:true icon:17303233 invalid charger:0
D/STATUSBAR-BatteryController( 2113): onReceive() - ACTION_BATTERY_CHANGED
D/STATUSBAR-BatteryController( 2113): onReceive() - level:75
D/STATUSBAR-BatteryController( 2113): onReceive() - plugged:2
D/STATUSBAR-BatteryController( 2113): onReceive() - BATTERY_STATUS_CHARGING:
D/STATUSBAR-PhoneStatusBar( 2113): ACTION_BATTERY_CHANGED
D/STATUSBAR-PhoneStatusBar( 2113): NORMAL_BATTERY
E/MtpService(32371): battPlugged Type : 2
D/BatteryService( 2010): turn on LED for charging
D/dalvikvm( 2010): JIT code cache reset in 8 ms (1048536 bytes 21/0)
D/dalvikvm( 2010): GC_CONCURRENT freed 1979K, 35% free 25308K/38471K, paused 7ms+25ms, total 189ms
D/BatteryService( 2010): update start
V/AlarmManager( 2010): waitForAlarm result :8
V/AlarmManager( 2010): ClockReceiver onReceive() ACTION_TIME_TICK
W/AlarmManager( 2010): FACTORY_ON= 0
D/STATUSBAR-Clock( 2113): onReceive() - ACTION_TIME_TICK
D/STATUSBAR-Clock( 2113): onReceive() - ACTION_TIME_TICK
D/ClockWidget( 2010): refreshTime()
D/ClockAlarmWidgetService(24439): [ClockAlarmWidgetService] onReceive: action = android.intent.action.TIME_TICK
E/ClockAlarmWidget(24439): [AlarmWidgetIdManager] getListItem() : itemIndex=0, widgetID:1
E/ClockAlarmWidget(24439): [AlarmWidgetIdManager] getListItem() : ItemIndex exceed ListItemCount. itemIndex=1
E/ClockAlarmWidget(24439): [AlarmWidgetIdManager] getListItem() : itemIndex=1, widgetID:1
D/ClockWidget( 2010): TTS Message = It is 7 : 28 AM, Tuesday, April 16
D/ClockAlarmDataProvider(24439): getAlarm() - too many same ID alarm data. nCount: 0
E/Watchdog( 2010): !@Sync 2501
V/AlarmManager( 2010): waitForAlarm result :1
V/AlarmManager( 2010): trigger ELAPSED_REALTIME_WAKEUP or RTC_WAKEUP
I/EventLogService( 2352): Aggregate from 1366066684363 (log), 1366066684363 (data)
W/AlarmManager( 2010): FACTORY_ON= 0
D/BatteryService( 2010): update start
E/MtpService(32371): In MTPAPP onReceive:android.intent.action.BATTERY_CHANGED
E/MtpService(32371): battPlugged Type : 2
D/BatteryService( 2010): level:75 scale:100 status:2 health:2 present:true voltage: 4194 temperature: 286 technology: Li-ion AC powered:false USB powered:true icon:17303233 invalid charger:0
D/BatteryService( 2010): turn on LED for charging
D/STATUSBAR-BatteryController( 2113): onReceive() - ACTION_BATTERY_CHANGED
D/STATUSBAR-BatteryController( 2113): onReceive() - level:75
D/STATUSBAR-BatteryController( 2113): onReceive() - plugged:2
D/STATUSBAR-BatteryController( 2113): onReceive() - BATTERY_STATUS_CHARGING:
D/STATUSBAR-PhoneStatusBar( 2113): ACTION_BATTERY_CHANGED
D/STATUSBAR-PhoneStatusBar( 2113): NORMAL_BATTERY
D/BatteryService( 2010): update start
D/BatteryService( 2010): level:75 scale:100 status:2 health:2 present:true voltage: 4198 temperature: 286 technology: Li-ion AC powered:false USB powered:true icon:17303233 invalid charger:0
D/BatteryService( 2010): turn on LED for charging
D/STATUSBAR-BatteryController( 2113): onReceive() - ACTION_BATTERY_CHANGED
D/STATUSBAR-BatteryController( 2113): onReceive() - level:75
D/STATUSBAR-BatteryController( 2113): onReceive() - plugged:2
D/STATUSBAR-BatteryController( 2113): onReceive() - BATTERY_STATUS_CHARGING:
D/STATUSBAR-PhoneStatusBar( 2113): ACTION_BATTERY_CHANGED
D/STATUSBAR-PhoneStatusBar( 2113): NORMAL_BATTERY
E/MtpService(32371): In MTPAPP onReceive:android.intent.action.BATTERY_CHANGED
E/MtpService(32371): battPlugged Type : 2
W/SignalStrength( 2010): getGsmLevel=2
W/SignalStrength( 2113): getGsmLevel=2
W/SignalStrength( 2113): getLevel=2 (SignalStrength: 99 -1 -1 -1 -1 -1 -1 -1 -1 -1 -1 -1 gsm|lte 2)
W/SignalStrength( 2113): getGsmLevel=2
W/SignalStrength( 2113): getLevel=2 (SignalStrength: 99 -1 -1 -1 -1 -1 -1 -1 -1 -1 -1 -1 gsm|lte 2)
W/SignalStrength( 2010): getLevel=2 (SignalStrength: 99 -1 -1 -1 -1 -1 -1 -1 -1 -1 -1 -1 gsm|lte 2)
D/STATUSBAR-NetworkController( 2113): onSignalStrengthsChanged signalStrength=SignalStrength: 99 -1 -1 -1 -1 -1 -1 -1 -1 -1 -1 -1 gsm|lte 2 level=2
D/STATUSBAR-NetworkController( 2113): refreshSignalCluster: data=-1 bt=false
D/STATUSBAR-SignalClusterView( 2113): mSeparateMobileGroup=8
W/SignalStrength( 2010): getGsmDbm=-1
W/SignalStrength( 2010): getDbm=-1
W/SignalStrength( 2010): getGsmAsuLevel=99
W/SignalStrength( 2010): getAsuLevel=99
D/STATUSBAR-SignalClusterView( 2113): mSeparateMobileGroup=8
D/STATUSBAR-SignalClusterView( 2113): mSeparateMobileGroup=8
D/BatteryService( 2010): update start
E/Watchdog( 2010): !@Sync 2502
W/SignalStrength( 2010): getGsmLevel=1
W/SignalStrength( 2113): getGsmLevel=1
W/SignalStrength( 2010): getLevel=1 (SignalStrength: 99 -1 -1 -1 -1 -1 -1 -1 -1 -1 -1 -1 gsm|lte 1)
W/SignalStrength( 2113): getLevel=1 (SignalStrength: 99 -1 -1 -1 -1 -1 -1 -1 -1 -1 -1 -1 gsm|lte 1)
W/SignalStrength( 2113): getGsmLevel=1
W/SignalStrength( 2113): getLevel=1 (SignalStrength: 99 -1 -1 -1 -1 -1 -1 -1 -1 -1 -1 -1 gsm|lte 1)
W/SignalStrength( 2010): getGsmDbm=-1
W/SignalStrength( 2010): getDbm=-1
W/SignalStrength( 2010): getGsmAsuLevel=99
W/SignalStrength( 2010): getAsuLevel=99
