D/CircleShortcutWidget( 2010): mIconWidth =72
D/CircleShortcutWidget( 2010): BitmapDrawable
E/CircleShortcutWidget( 2010): pkg name =com.google.android.googlequicksearchbox, activityName=com.google.android.googlequicksearchbox.SearchActivity
D/CircleShortcutWidget( 2010): mIconWidth =72
D/CircleShortcutWidget( 2010): BitmapDrawable
E/CircleShortcutWidget( 2010): pkg name =com.sec.android.app.camera, activityName=com.sec.android.app.camera.Camera
D/CircleShortcutWidget( 2010): mIconWidth =72
D/CircleShortcutWidget( 2010): BitmapDrawable
D/CircleLockScreen( 2010): cursor.getInt(0) = 0
D/CircleLockScreen( 2010): cursor.getInt(0) = 0
D/CircleLockScreen( 2010): cursor.getInt(0) = 1
D/CircleLockScreen( 2010): mChecked = 11
D/CircleLockScreen( 2010): onRefreshBatteryInfo() showPatteryInfo: true pluggedIn: true batteryLevel: 56
D/ClockWidget( 2010): refreshTime()
D/ClockWidget( 2010): TTS Message = It is 6 : 42 AM, Tuesday, April 16
I/CircleLockScreen( 2010): onCsSimStateChanged simId = 0 , mIsWatterRipple = true, mUnlockWidget = com.android.internal.policy.impl.sec.CircleUnlockRipple@42a7c980
I/CircleUnlockRipple( 2010): setRippleBackground
I/CircleUnlockRippleRenderer( 2010): setRippleBackground()
D/dalvikvm( 2010): GC_FOR_ALLOC freed 162K, 43% free 22182K/38471K, paused 103ms, total 103ms
I/dalvikvm-heap( 2010): Grow heap (frag case) to 24.716MB for 2560016-byte allocation
D/dalvikvm( 2010): GC_CONCURRENT freed 17K, 36% free 24665K/38471K, paused 5ms+9ms, total 111ms
D/dalvikvm( 2010): WAIT_FOR_CONCURRENT_GC blocked 55ms
D/ClockWidget( 2010): refreshTime()
D/ClockWidget( 2010): TTS Message = It is 6 : 42 AM, Tuesday, April 16
W/LockPatternKeyguardView( 2010): Couldn't find transport control widget
D/LockPatternUtils( 2010): isPcwEnable = null
D/dalvikvm( 2010): GC_FOR_ALLOC freed 11K, 34% free 25692K/38471K, paused 100ms, total 101ms
I/dalvikvm-heap( 2010): Grow heap (frag case) to 28.145MB for 2560016-byte allocation
D/dalvikvm( 2010): GC_CONCURRENT freed 2K, 27% free 28190K/38471K, paused 5ms+10ms, total 109ms
D/dalvikvm( 2010): WAIT_FOR_CONCURRENT_GC blocked 55ms
D/LockPatternKeyguardView( 2010): max failed attempt for device disable :0
W/LockPatternKeyguardView( 2010): no unlock screen when trying to enable fallback
D/LockPatternUtils( 2010): isPcwEnable = null
D/LockPatternUtils( 2010): isPcwEnable = null
D/ClockWidget( 2010): refreshTime()
D/ClockWidget( 2010): TTS Message = It is 6 : 42 AM, Tuesday, April 16
D/ClockWidget( 2010): isServiceEnable = false cityId = null
D/ClockWidget( 2010): Weather Demon is not running, Set visibility to GONE
D/CircleLockScreen( 2010): onResume()
D/CircleUnlockRippleRenderer( 2010): onResume isUnlocked = false
D/ClockWidget( 2010): isServiceEnable = false cityId = null
D/ClockWidget( 2010): Weather Demon is not running, Set visibility to GONE
D/dalvikvm(21671): WAIT_FOR_CONCURRENT_GC blocked 0ms
D/dalvikvm(21671): GC_EXPLICIT freed 214K, 9% free 9355K/10247K, paused 2ms+4ms, total 32ms
D/CircleShortcutWidget( 2010): onResume()
D/CircleLockScreen( 2010): mCallback.isShowingAndNotHidden()=false
V/KeyguardViewManager( 2010): KGVM: Set visibility on com.android.internal.policy.impl.KeyguardViewManager$KeyguardViewHost@425a8100 to 6291464
D/KeyguardViewMediator( 2010): adjustUserActivityLocked mShowing: true mHidden: false
D/LockPatternUtils( 2010): isPcwEnable = null
D/LockPatternUtils( 2010): isPcwEnable = null
D/LockPatternUtils( 2010): isPcwEnable = null
D/KeyguardViewMediator( 2010): adjustStatusBarLocked: mShowing=true mHidden=false isSecure=false --> flags=0x1200000
E/KeyguardViewMediator( 2010): 2. Lockscreen lock
E/KeyguardViewMediator( 2010): Phone is boot completed. so can broadcast
I/Choreographer( 2010): Skipped 59 frames! The application may be doing too much work on its main thread.
I/libblt_hw( 1665): Library opened (handle = 0, fd = 43)
D/WindowManager( 2010): PhoneWindowManager: focusChangedLw
I/InputReader( 2010): Reconfiguring input devices. changes=0x00000004
I/InputReader( 2010): Device reconfigured: id=9, name='sec_touchscreen', surface size is now 480x800, mode is 1
W/IInputConnectionWrapper(21901): showStatusIcon on inactive InputConnection
D/PhoneApp( 2235): updateProximitySensorMode: lock already released.
D/KeyguardViewMediator( 2010): setHidden false
D/dalvikvm(21901): GC_FOR_ALLOC freed 274K, 18% free 11246K/13575K, paused 24ms, total 24ms
V/LockPatternKeyguardView( 2010): !!! mLockScreenIsReady = false
V/LockPatternKeyguardView( 2010): recreating lockscreen because config changed
D/ClockAlarmWidgetService(17804): [ClockAlarmWidgetService] onReceive: action = android.intent.action.CONFIGURATION_CHANGED
E/ClockAlarmWidget(17804): [AlarmWidgetIdManager] getListItem() : itemIndex=0, widgetID:1
E/ClockAlarmWidget(17804): [AlarmWidgetIdManager] getListItem() : ItemIndex exceed ListItemCount. itemIndex=1
E/ClockAlarmWidget(17804): [AlarmWidgetIdManager] getListItem() : itemIndex=1, widgetID:1
I/dalvikvm-heap(21901): Grow heap (frag case) to 13.054MB for 1536016-byte allocation
D/ClockAlarmDataProvider(17804): getAlarm() - too many same ID alarm data. nCount: 0
D/KeyguardViewMediator( 2010): setHidden false
D/KeyguardViewMediator( 2010): setHidden false
D/dalvikvm(21901): GC_FOR_ALLOC freed 10K, 16% free 12735K/15111K, paused 55ms, total 55ms
I/libblt_hw( 1665): Library opened (handle = 2, fd = 47)
D/KeyguardViewMediator( 2010): setHidden false
D/KeyguardViewMediator( 2010): setHidden false
D/dalvikvm(21901): GC_CONCURRENT freed 8K, 16% free 12727K/15111K, paused 18ms+3ms, total 36ms
D/dalvikvm( 2010): GC_FOR_ALLOC freed 57K, 27% free 28223K/38471K, paused 129ms, total 132ms
I/dalvikvm-heap( 2010): Grow heap (frag case) to 30.616MB for 2560016-byte allocation
D/dalvikvm( 2010): GC_FOR_ALLOC freed 27K, 21% free 30695K/38471K, paused 118ms, total 118ms
D/KeyguardViewMediator( 2010): setHidden false
I/libblt_hw( 1665): Library opened (handle = 5, fd = 30)
D/KeyguardViewMediator( 2010): setHidden false
I/libblt_hw( 1665): Library closed (handle = 1, fd = 27)
D/KeyguardViewMediator( 2010): setHidden false
D/KeyguardViewMediator( 2010): setHidden false
D/dalvikvm( 2010): GC_CONCURRENT freed 2K, 17% free 32069K/38471K, paused 15ms+11ms, total 140ms
E/LockPatternKeyguardView( 2010): !!! callback setLockScreenReady
E/CircleUnlockRippleRenderer( 2010): CircleUnlockRippleRenderer setLockScreenReady
D/KeyguardViewMediator( 2010): setHidden false
D/LockPatternUtils( 2010): isPcwEnable = null
D/LockPatternUtils( 2010): isPcwEnable = null
D/LockPatternUtils( 2010): isPcwEnable = null
D/KeyguardViewMediator( 2010): adjustStatusBarLocked: mShowing=true mHidden=false isSecure=false --> flags=0x1200000
V/LockPatternKeyguardView( 2010): Set visibility on com.android.internal.policy.impl.LockPatternKeyguardView$4@42a16c68 to 8388608
D/LockPatternKeyguardView( 2010): focused
D/CircleLockScreen( 2010): focused
D/LockPatternUtils( 2010): isPcwEnable = null
D/CircleLockScreen( 2010): onPause()
D/CircleShortcutWidget( 2010): onPause()
D/CircleLockScreen( 2010): cleanUp()
V/SoundPoolThread( 2010): Got message m=1, mData=0
V/SoundPoolThread( 2010): goodbye
V/SoundPoolThread( 2010): return from quit
V/SoundPoolThread( 2010): return from quit
D/CircleShortcutWidget( 2010): cleanUp()
D/KeyguardViewMediator( 2010): setHidden false
W/SurfaceView( 2010): CHECK surface infomation creating=false formatChanged=false sizeChanged=false visible=false visibleChanged=true surfaceChanged=true realSizeChanged=false redrawNeeded=true left=false top=false
D/KeyguardViewMediator( 2010): setHidden false
I/libblt_hw( 1665): Library closed (handle = 2, fd = 47)
D/CircleLockScreen( 2010): drv mode off
D/CircleLockScreen( 2010): mTalkbackEnabled =false
D/CircleLockScreen( 2010): explore by touch mode off
V/SoundPoolThread( 2010): beginThread
V/SoundPoolThread( 2010): run
V/SoundPoolThread( 2010): Got message m=2, mData=1
V/MediaPlayer( 2010): decode(336, 14753804, 11571)
V/MediaPlayerService( 1672): decode(58, 14753804, 11571)
V/MediaPlayerService( 1672): player type = 3
V/MediaPlayerService( 1672): create StagefrightPlayer
V/AwesomePlayer( 1672): setDefault
V/AwesomePlayer( 1672): constructor
V/AwesomePlayer( 1672): setDefault
I/AwesomePlayer( 1672): reset
V/AwesomePlayer( 1672): reset_l() cancel player events
V/AwesomePlayer( 1672): cancelPlayerEvents (keepNotifications=0)
V/AwesomePlayer( 1672): mAudioTrackVector clear
V/AwesomePlayer( 1672): reset_l() mAudioPlayer successfully deleted
V/StagefrightPlayer( 1672): StagefrightPlayer
V/AwesomePlayer( 1672): setListener
V/StagefrightPlayer( 1672): initCheck
V/StagefrightPlayer( 1672): setAudioSink
V/AwesomePlayer( 1672): setAudioSink
V/StagefrightPlayer( 1672): setDataSource(58, 14753804, 11571)
V/AwesomePlayer( 1672): reset_l() cancel player events
V/AwesomePlayer( 1672): cancelPlayerEvents (keepNotifications=0)
V/AwesomePlayer( 1672): mAudioTrackVector clear
V/AwesomePlayer( 1672): reset_l() mAudioPlayer successfully deleted
V/AwesomePlayer( 1672): track of type 'audio/vorbis' does not publish bitrate
V/AwesomePlayer( 1672): mBitrate = -1 bits/sec
V/AwesomePlayer( 1672): setAudioSource
V/AwesomePlayer( 1672): current audio track index (0) is added to vector
V/AwesomePlayer( 1672): setDataSource_l: Audio(1), Video(0)
V/MediaPlayerService( 1672): prepare
V/StagefrightPlayer( 1672): prepareAsync
V/AwesomePlayer( 1672): prepareAsync
V/MediaPlayerService( 1672): wait for prepare
V/AwesomePlayer( 1672): onPrepareAsyncEvent
V/AwesomePlayer( 1672): initAudioDecoder
I/OMXCodec( 1672): OMXCodec::Create mime (audio/vorbis), flags (0), matchComponentName ((null)), createEncoder (0)
I/OMXCodec( 1672): Attempting to allocate OMX node 'OMX.google.vorbis.decoder'
I/OMXCodec( 1672): Successfully allocated OMX node 'OMX.google.vorbis.decoder'
I/OMXCodec( 1672): [OMX.google.vorbis.decoder] allocating 4 buffers of size 8192 on input port
I/OMXCodec( 1672): [OMX.google.vorbis.decoder] allocating 4 buffers of size 32768 on output port
V/AwesomePlayer( 1672): finishAsyncPrepare_l
V/AwesomePlayer( 1672): notifyListener_l() msg (5-MEDIA_SET_VIDEO_SIZE), ext1 (0), ext2 (0)
V/AudioCache( 1672): notify(0x41af8458, 5, 0, 0)
V/AudioCache( 1672): ignored
V/AwesomePlayer( 1672): notifyListener_l() msg (1-MEDIA_PREPARED), ext1 (0), ext2 (0)
V/AudioCache( 1672): notify(0x41af8458, 1, 0, 0)
V/AudioCache( 1672): prepared
V/AudioCache( 1672): wait - success
V/MediaPlayerService( 1672): start
V/StagefrightPlayer( 1672): start
V/AwesomePlayer( 1672): play
V/AwesomePlayer( 1672): AwesomePlayer::play_l():: This is not a DRM content
V/AwesomePlayer( 1672): startAudioPlayer_l, sendErrorNotification (0)
I/OMXCodec( 1672): [OMX.google.vorbis.decoder] allocating 4 buffers of size 32768 on output port
I/AudioPlayer( 1672): Audioplayer kKeyAudioPCMFormat:1, 2, 0
I/AudioPlayer( 1672): Audioplayer1 (2, 1)
V/AudioCache( 1672): open(44100, 2, 0x0, 1, 4)
V/AwesomePlayer( 1672): addBatteryData
V/MediaPlayerService( 1672): wait for playback complete
V/AudioCache( 1672): write(0x42d48b90, 4096)
V/AudioCache( 1672): memcpy(0x44cdb000, 0x42d48b90, 4096)
V/AudioCache( 1672): write(0x42d48b90, 4096)
V/AudioCache( 1672): memcpy(0x44cdc000, 0x42d48b90, 4096)
V/AudioCache( 1672): write(0x42d48b90, 4096)
V/AudioCache( 1672): memcpy(0x44cdd000, 0x42d48b90, 4096)
V/AudioCache( 1672): write(0x42d48b90, 4096)
V/AudioCache( 1672): memcpy(0x44cde000, 0x42d48b90, 4096)
V/AudioCache( 1672): write(0x42d48b90, 4096)
V/AudioCache( 1672): memcpy(0x44cdf000, 0x42d48b90, 4096)
V/AudioCache( 1672): write(0x42d48b90, 4096)
V/AudioCache( 1672): memcpy(0x44ce0000, 0x42d48b90, 4096)
V/AudioCache( 1672): write(0x42d48b90, 4096)
V/AudioCache( 1672): memcpy(0x44ce1000, 0x42d48b90, 4096)
V/AudioCache( 1672): write(0x42d48b90, 4096)
V/AudioCache( 1672): memcpy(0x44ce2000, 0x42d48b90, 4096)
V/AudioCache( 1672): write(0x42d48b90, 4096)
V/AudioCache( 1672): memcpy(0x44ce3000, 0x42d48b90, 4096)
D/CircleMissedEventWidget( 2010): portrait mode
V/AudioCache( 1672): write(0x42d48b90, 4096)
V/AudioCache( 1672): memcpy(0x44ce4000, 0x42d48b90, 4096)
V/AudioCache( 1672): write(0x42d48b90, 4096)
V/AudioCache( 1672): memcpy(0x44ce5000, 0x42d48b90, 4096)
V/AudioCache( 1672): write(0x42d48b90, 4096)
V/AudioCache( 1672): memcpy(0x44ce6000, 0x42d48b90, 4096)
V/AudioCache( 1672): write(0x42d48b90, 4096)
V/AudioCache( 1672): memcpy(0x44ce7000, 0x42d48b90, 4096)
V/AudioCache( 1672): write(0x42d48b90, 4096)
V/AudioCache( 1672): memcpy(0x44ce8000, 0x42d48b90, 4096)
V/AudioCache( 1672): write(0x42d48b90, 4096)
V/AudioCache( 1672): memcpy(0x44ce9000, 0x42d48b90, 4096)
D/CircleMissedEventWidget( 2010): explore by touch mode off
V/AudioCache( 1672): write(0x42d48b90, 4096)
V/AudioCache( 1672): memcpy(0x44cea000, 0x42d48b90, 4096)
V/AudioCache( 1672): write(0x42d48b90, 4096)
V/AudioCache( 1672): memcpy(0x44ceb000, 0x42d48b90, 4096)
V/AudioCache( 1672): write(0x42d48b90, 4096)
V/AudioCache( 1672): memcpy(0x44cec000, 0x42d48b90, 4096)
V/AudioCache( 1672): write(0x42d48b90, 4096)
V/AudioCache( 1672): memcpy(0x44ced000, 0x42d48b90, 4096)
V/AudioCache( 1672): write(0x42d48b90, 4096)
V/AudioCache( 1672): memcpy(0x44cee000, 0x42d48b90, 4096)
V/AudioCache( 1672): write(0x42d48b90, 4096)
V/AudioCache( 1672): memcpy(0x44cef000, 0x42d48b90, 4096)
V/AudioCache( 1672): write(0x42d48b90, 4096)
V/AudioCache( 1672): memcpy(0x44cf0000, 0x42d48b90, 4096)
V/AudioCache( 1672): write(0x42d48b90, 4096)
V/AudioCache( 1672): memcpy(0x44cf1000, 0x42d48b90, 4096)
V/AudioCache( 1672): write(0x42d48b90, 4096)
V/AudioCache( 1672): memcpy(0x44cf2000, 0x42d48b90, 4096)
V/AudioCache( 1672): write(0x42d48b90, 4096)
V/AudioCache( 1672): memcpy(0x44cf3000, 0x42d48b90, 4096)
E/OMXCodec( 1672): [OMX.google.vorbis.decoder] err = -1011
V/AudioCache( 1672): write(0x42d48b90, 4096)
V/AudioCache( 1672): memcpy(0x44cf4000, 0x42d48b90, 4096)
V/AudioCache( 1672): write(0x42d48b90, 4096)
V/AudioCache( 1672): memcpy(0x44cf5000, 0x42d48b90, 4096)
V/AudioCache( 1672): write(0x42d48b90, 4096)
V/AudioCache( 1672): memcpy(0x44cf6000, 0x42d48b90, 4096)
V/AudioCache( 1672): write(0x42d48b90, 4096)
V/AudioCache( 1672): memcpy(0x44cf7000, 0x42d48b90, 4096)
V/AwesomePlayer( 1672): postAudioEOS delayUs (0)
V/AudioCache( 1672): write(0x42d48b90, 1256)
V/AudioCache( 1672): memcpy(0x44cf8000, 0x42d48b90, 1256)
E/CircleShortcutWidget( 2010): density = 240
D/CircleShortcutWidget( 2010): explore by touch mode off
E/CircleShortcutWidget( 2010): pkg name =com.sec.chaton, activityName=com.sec.chaton.HomeActivity
D/CircleShortcutWidget( 2010): mIconWidth =72
V/AwesomePlayer( 1672): onCheckAudioStatus
V/AwesomePlayer( 1672): onCheckAudioStatus() set AUDIO_AT_EOS flag
V/AwesomePlayer( 1672): onStreamDone
V/AwesomePlayer( 1672): MEDIA_PLAYBACK_COMPLETE
V/AwesomePlayer( 1672): notifyListener_l() msg (2-MEDIA_PLAYBACK_COMPLETE), ext1 (0), ext2 (0)
V/AudioCache( 1672): notify(0x41af8458, 2, 0, 0)
V/AudioCache( 1672): playback complete - thread will wake up later
V/AwesomePlayer( 1672): cancelPlayerEvents (keepNotifications=1)
V/AwesomePlayer( 1672): addBatteryData
V/AudioCache( 1672): wait - success
V/StagefrightPlayer( 1672): reset
I/AwesomePlayer( 1672): reset
V/AwesomePlayer( 1672): reset_l() cancel player events
V/AwesomePlayer( 1672): cancelPlayerEvents (keepNotifications=0)
V/AwesomePlayer( 1672): mAudioTrackVector clear
I/OMXCodec( 1672): [OMX.google.vorbis.decoder] stop() sendCommand(0x55, OMX_CommandStateSet, OMX_StateIdle)
V/AwesomePlayer( 1672): reset_l() mAudioPlayer successfully deleted
V/StagefrightPlayer( 1672): ~StagefrightPlayer
V/StagefrightPlayer( 1672): reset
I/AwesomePlayer( 1672): reset
V/AwesomePlayer( 1672): reset_l() cancel player events
V/AwesomePlayer( 1672): cancelPlayerEvents (keepNotifications=0)
V/AwesomePlayer( 1672): mAudioTrackVector clear
V/AwesomePlayer( 1672): reset_l() mAudioPlayer successfully deleted
V/AwesomePlayer( 1672): destructor
I/AwesomePlayer( 1672): reset
V/AwesomePlayer( 1672): reset_l() cancel player events
V/AwesomePlayer( 1672): cancelPlayerEvents (keepNotifications=0)
V/AwesomePlayer( 1672): mAudioTrackVector clear
V/AwesomePlayer( 1672): reset_l() mAudioPlayer successfully deleted
V/AwesomePlayer( 1672): ~AwesomePlayer()
V/SoundPoolThread( 2010): Got message m=2, mData=2
V/MediaPlayer( 2010): decode(338, 15238372, 20394)
V/MediaPlayerService( 1672): decode(58, 15238372, 20394)
V/MediaPlayerService( 1672): player type = 3
V/MediaPlayerService( 1672): create StagefrightPlayer
V/AwesomePlayer( 1672): setDefault
V/AwesomePlayer( 1672): constructor
V/AwesomePlayer( 1672): setDefault
I/AwesomePlayer( 1672): reset
V/AwesomePlayer( 1672): reset_l() cancel player events
V/AwesomePlayer( 1672): cancelPlayerEvents (keepNotifications=0)
V/AwesomePlayer( 1672): mAudioTrackVector clear
V/AwesomePlayer( 1672): reset_l() mAudioPlayer successfully deleted
V/StagefrightPlayer( 1672): StagefrightPlayer
V/AwesomePlayer( 1672): setListener
V/StagefrightPlayer( 1672): initCheck
V/StagefrightPlayer( 1672): setAudioSink
V/AwesomePlayer( 1672): setAudioSink
V/StagefrightPlayer( 1672): setDataSource(58, 15238372, 20394)
V/AwesomePlayer( 1672): reset_l() cancel player events
V/AwesomePlayer( 1672): cancelPlayerEvents (keepNotifications=0)
V/AwesomePlayer( 1672): mAudioTrackVector clear
V/AwesomePlayer( 1672): reset_l() mAudioPlayer successfully deleted
V/AwesomePlayer( 1672): track of type 'audio/vorbis' does not publish bitrate
V/AwesomePlayer( 1672): mBitrate = -1 bits/sec
V/AwesomePlayer( 1672): setAudioSource
V/AwesomePlayer( 1672): current audio track index (0) is added to vector
V/AwesomePlayer( 1672): setDataSource_l: Audio(1), Video(0)
V/MediaPlayerService( 1672): prepare
V/StagefrightPlayer( 1672): prepareAsync
V/AwesomePlayer( 1672): prepareAsync
V/MediaPlayerService( 1672): wait for prepare
V/AwesomePlayer( 1672): onPrepareAsyncEvent
V/AwesomePlayer( 1672): initAudioDecoder
I/OMXCodec( 1672): OMXCodec::Create mime (audio/vorbis), flags (0), matchComponentName ((null)), createEncoder (0)
I/OMXCodec( 1672): Attempting to allocate OMX node 'OMX.google.vorbis.decoder'
I/OMXCodec( 1672): Successfully allocated OMX node 'OMX.google.vorbis.decoder'
I/OMXCodec( 1672): [OMX.google.vorbis.decoder] allocating 4 buffers of size 8192 on input port
I/OMXCodec( 1672): [OMX.google.vorbis.decoder] allocating 4 buffers of size 32768 on output port
V/AwesomePlayer( 1672): finishAsyncPrepare_l
V/AwesomePlayer( 1672): notifyListener_l() msg (5-MEDIA_SET_VIDEO_SIZE), ext1 (0), ext2 (0)
V/AudioCache( 1672): notify(0x41af8458, 5, 0, 0)
V/AudioCache( 1672): ignored
V/AwesomePlayer( 1672): notifyListener_l() msg (1-MEDIA_PREPARED), ext1 (0), ext2 (0)
V/AudioCache( 1672): notify(0x41af8458, 1, 0, 0)
V/AudioCache( 1672): prepared
V/AudioCache( 1672): wait - success
V/MediaPlayerService( 1672): start
V/StagefrightPlayer( 1672): start
V/AwesomePlayer( 1672): play
V/AwesomePlayer( 1672): AwesomePlayer::play_l():: This is not a DRM content
V/AwesomePlayer( 1672): startAudioPlayer_l, sendErrorNotification (0)
I/OMXCodec( 1672): [OMX.google.vorbis.decoder] allocating 4 buffers of size 32768 on output port
I/AudioPlayer( 1672): Audioplayer kKeyAudioPCMFormat:1, 1, 0
I/AudioPlayer( 1672): Audioplayer1 (1, 1)
V/AudioCache( 1672): open(48000, 1, 0x0, 1, 4)
V/AwesomePlayer( 1672): addBatteryData
V/MediaPlayerService( 1672): wait for playback complete
V/AudioCache( 1672): write(0x42cce008, 2048)
V/AudioCache( 1672): memcpy(0x44ddb000, 0x42cce008, 2048)
V/AudioCache( 1672): write(0x42cce008, 2048)
V/AudioCache( 1672): memcpy(0x44ddb800, 0x42cce008, 2048)
V/AudioCache( 1672): write(0x42cce008, 2048)
V/AudioCache( 1672): memcpy(0x44ddc000, 0x42cce008, 2048)
V/AudioCache( 1672): write(0x42cce008, 2048)
V/AudioCache( 1672): memcpy(0x44ddc800, 0x42cce008, 2048)
D/CircleShortcutWidget( 2010): BitmapDrawable
V/AudioCache( 1672): write(0x42cce008, 2048)
V/AudioCache( 1672): memcpy(0x44ddd000, 0x42cce008, 2048)
E/CircleShortcutWidget( 2010): pkg name =com.google.android.googlequicksearchbox, activityName=com.google.android.googlequicksearchbox.SearchActivity
V/AudioCache( 1672): write(0x42cce008, 2048)
V/AudioCache( 1672): memcpy(0x44ddd800, 0x42cce008, 2048)
V/AudioCache( 1672): write(0x42cce008, 2048)
V/AudioCache( 1672): memcpy(0x44dde000, 0x42cce008, 2048)
V/AudioCache( 1672): write(0x42cce008, 2048)
V/AudioCache( 1672): memcpy(0x44dde800, 0x42cce008, 2048)
V/AudioCache( 1672): write(0x42cce008, 2048)
V/AudioCache( 1672): memcpy(0x44ddf000, 0x42cce008, 2048)
V/AudioCache( 1672): write(0x42cce008, 2048)
V/AudioCache( 1672): memcpy(0x44ddf800, 0x42cce008, 2048)
V/AudioCache( 1672): write(0x42cce008, 2048)
V/AudioCache( 1672): memcpy(0x44de0000, 0x42cce008, 2048)
D/CircleShortcutWidget( 2010): mIconWidth =72
V/AudioCache( 1672): write(0x42cce008, 2048)
V/AudioCache( 1672): memcpy(0x44de0800, 0x42cce008, 2048)
V/AudioCache( 1672): write(0x42cce008, 2048)
V/AudioCache( 1672): memcpy(0x44de1000, 0x42cce008, 2048)
V/AudioCache( 1672): write(0x42cce008, 2048)
V/AudioCache( 1672): memcpy(0x44de1800, 0x42cce008, 2048)
V/AudioCache( 1672): write(0x42cce008, 2048)
V/AudioCache( 1672): memcpy(0x44de2000, 0x42cce008, 2048)
V/AudioCache( 1672): write(0x42cce008, 2048)
V/AudioCache( 1672): memcpy(0x44de2800, 0x42cce008, 2048)
V/AudioCache( 1672): write(0x42cce008, 2048)
V/AudioCache( 1672): memcpy(0x44de3000, 0x42cce008, 2048)
V/AudioCache( 1672): write(0x42cce008, 2048)
V/AudioCache( 1672): memcpy(0x44de3800, 0x42cce008, 2048)
V/AudioCache( 1672): write(0x42cce008, 2048)
V/AudioCache( 1672): memcpy(0x44de4000, 0x42cce008, 2048)
V/AudioCache( 1672): write(0x42cce008, 2048)
V/AudioCache( 1672): memcpy(0x44de4800, 0x42cce008, 2048)
V/AudioCache( 1672): write(0x42cce008, 2048)
V/AudioCache( 1672): memcpy(0x44de5000, 0x42cce008, 2048)
V/AudioCache( 1672): write(0x42cce008, 2048)
V/AudioCache( 1672): memcpy(0x44de5800, 0x42cce008, 2048)
V/AudioCache( 1672): write(0x42cce008, 2048)
V/AudioCache( 1672): memcpy(0x44de6000, 0x42cce008, 2048)
D/CircleShortcutWidget( 2010): BitmapDrawable
E/CircleShortcutWidget( 2010): pkg name =com.sec.android.app.camera, activityName=com.sec.android.app.camera.Camera
V/AudioCache( 1672): write(0x42cce008, 2048)
V/AudioCache( 1672): memcpy(0x44de6800, 0x42cce008, 2048)
V/AudioCache( 1672): write(0x42cce008, 2048)
V/AudioCache( 1672): memcpy(0x44de7000, 0x42cce008, 2048)
D/CircleShortcutWidget( 2010): mIconWidth =72
V/AudioCache( 1672): write(0x42cce008, 2048)
V/AudioCache( 1672): memcpy(0x44de7800, 0x42cce008, 2048)
V/AudioCache( 1672): write(0x42cce008, 2048)
V/AudioCache( 1672): memcpy(0x44de8000, 0x42cce008, 2048)
V/AudioCache( 1672): write(0x42cce008, 2048)
V/AudioCache( 1672): memcpy(0x44de8800, 0x42cce008, 2048)
V/AudioCache( 1672): write(0x42cce008, 2048)
V/AudioCache( 1672): memcpy(0x44de9000, 0x42cce008, 2048)
V/AudioCache( 1672): write(0x42cce008, 2048)
V/AudioCache( 1672): memcpy(0x44de9800, 0x42cce008, 2048)
V/AudioCache( 1672): write(0x42cce008, 2048)
V/AudioCache( 1672): memcpy(0x44dea000, 0x42cce008, 2048)
V/AudioCache( 1672): write(0x42cce008, 2048)
V/AudioCache( 1672): memcpy(0x44dea800, 0x42cce008, 2048)
V/AudioCache( 1672): write(0x42cce008, 2048)
V/AudioCache( 1672): memcpy(0x44deb000, 0x42cce008, 2048)
V/AudioCache( 1672): write(0x42cce008, 2048)
V/AudioCache( 1672): memcpy(0x44deb800, 0x42cce008, 2048)
V/AudioCache( 1672): write(0x42cce008, 2048)
V/AudioCache( 1672): memcpy(0x44dec000, 0x42cce008, 2048)
V/AudioCache( 1672): write(0x42cce008, 2048)
V/AudioCache( 1672): memcpy(0x44dec800, 0x42cce008, 2048)
V/AudioCache( 1672): write(0x42cce008, 2048)
V/AudioCache( 1672): memcpy(0x44ded000, 0x42cce008, 2048)
V/AudioCache( 1672): write(0x42cce008, 2048)
V/AudioCache( 1672): memcpy(0x44ded800, 0x42cce008, 2048)
D/CircleShortcutWidget( 2010): BitmapDrawable
V/AudioCache( 1672): write(0x42cce008, 2048)
V/AudioCache( 1672): memcpy(0x44dee000, 0x42cce008, 2048)
V/AudioCache( 1672): write(0x42cce008, 2048)
V/AudioCache( 1672): memcpy(0x44dee800, 0x42cce008, 2048)
V/AudioCache( 1672): write(0x42cce008, 2048)
V/AudioCache( 1672): memcpy(0x44def000, 0x42cce008, 2048)
V/AudioCache( 1672): write(0x42cce008, 2048)
V/AudioCache( 1672): memcpy(0x44def800, 0x42cce008, 2048)
V/AudioCache( 1672): write(0x42cce008, 2048)
V/AudioCache( 1672): memcpy(0x44df0000, 0x42cce008, 2048)
E/OMXCodec( 1672): [OMX.google.vorbis.decoder] err = -1011
V/AudioCache( 1672): write(0x42cce008, 2048)
V/AudioCache( 1672): memcpy(0x44df0800, 0x42cce008, 2048)
V/AudioCache( 1672): write(0x42cce008, 2048)
V/AudioCache( 1672): memcpy(0x44df1000, 0x42cce008, 2048)
V/AudioCache( 1672): write(0x42cce008, 2048)
V/AudioCache( 1672): memcpy(0x44df1800, 0x42cce008, 2048)
V/AudioCache( 1672): write(0x42cce008, 2048)
V/AudioCache( 1672): memcpy(0x44df2000, 0x42cce008, 2048)
V/AwesomePlayer( 1672): postAudioEOS delayUs (0)
V/AudioCache( 1672): write(0x42cce008, 824)
V/AudioCache( 1672): memcpy(0x44df2800, 0x42cce008, 824)
V/AwesomePlayer( 1672): onCheckAudioStatus
V/AwesomePlayer( 1672): onCheckAudioStatus() set AUDIO_AT_EOS flag
V/AwesomePlayer( 1672): onStreamDone
V/AwesomePlayer( 1672): MEDIA_PLAYBACK_COMPLETE
V/AwesomePlayer( 1672): notifyListener_l() msg (2-MEDIA_PLAYBACK_COMPLETE), ext1 (0), ext2 (0)
V/AudioCache( 1672): notify(0x41af8458, 2, 0, 0)
V/AudioCache( 1672): playback complete - thread will wake up later
V/AwesomePlayer( 1672): cancelPlayerEvents (keepNotifications=1)
V/AwesomePlayer( 1672): addBatteryData
V/AudioCache( 1672): wait - success
V/StagefrightPlayer( 1672): reset
I/AwesomePlayer( 1672): reset
V/AwesomePlayer( 1672): reset_l() cancel player events
V/AwesomePlayer( 1672): cancelPlayerEvents (keepNotifications=0)
V/AwesomePlayer( 1672): mAudioTrackVector clear
I/OMXCodec( 1672): [OMX.google.vorbis.decoder] stop() sendCommand(0x56, OMX_CommandStateSet, OMX_StateIdle)
D/CircleLockScreen( 2010): cursor.getInt(0) = 0
V/AwesomePlayer( 1672): reset_l() mAudioPlayer successfully deleted
V/StagefrightPlayer( 1672): ~StagefrightPlayer
V/StagefrightPlayer( 1672): reset
I/AwesomePlayer( 1672): reset
V/AwesomePlayer( 1672): reset_l() cancel player events
V/AwesomePlayer( 1672): cancelPlayerEvents (keepNotifications=0)
V/AwesomePlayer( 1672): mAudioTrackVector clear
V/AwesomePlayer( 1672): reset_l() mAudioPlayer successfully deleted
V/AwesomePlayer( 1672): destructor
I/AwesomePlayer( 1672): reset
V/AwesomePlayer( 1672): reset_l() cancel player events
V/AwesomePlayer( 1672): cancelPlayerEvents (keepNotifications=0)
V/AwesomePlayer( 1672): mAudioTrackVector clear
V/AwesomePlayer( 1672): reset_l() mAudioPlayer successfully deleted
V/AwesomePlayer( 1672): ~AwesomePlayer()
D/CircleLockScreen( 2010): cursor.getInt(0) = 0
D/CircleLockScreen( 2010): cursor.getInt(0) = 1
D/CircleLockScreen( 2010): mChecked = 11
D/CircleLockScreen( 2010): onRefreshBatteryInfo() showPatteryInfo: true pluggedIn: true batteryLevel: 56
D/ClockWidget( 2010): refreshTime()
D/ClockWidget( 2010): TTS Message = It is 6 : 42 AM, Tuesday, April 16
I/CircleLockScreen( 2010): onCsSimStateChanged simId = 0 , mIsWatterRipple = true, mUnlockWidget = com.android.internal.policy.impl.sec.CircleUnlockRipple@42f17618
I/CircleUnlockRipple( 2010): setRippleBackground
I/CircleUnlockRippleRenderer( 2010): setRippleBackground()
D/dalvikvm( 2010): GC_FOR_ALLOC freed 7149K, 34% free 25644K/38471K, paused 104ms, total 105ms
I/dalvikvm-heap( 2010): Grow heap (frag case) to 28.097MB for 2560016-byte allocation
D/dalvikvm( 2010): GC_CONCURRENT freed 36K, 27% free 28107K/38471K, paused 16ms+9ms, total 124ms
D/dalvikvm( 2010): WAIT_FOR_CONCURRENT_GC blocked 48ms
D/ClockWidget( 2010): refreshTime()
D/ClockWidget( 2010): TTS Message = It is 6 : 42 AM, Tuesday, April 16
W/LockPatternKeyguardView( 2010): Couldn't find transport control widget
D/ClockWidget( 2010): refreshTime()
D/ClockWidget( 2010): TTS Message = It is 6 : 42 AM, Tuesday, April 16
D/ClockWidget( 2010): isServiceEnable = false cityId = null
D/ClockWidget( 2010): Weather Demon is not running, Set visibility to GONE
D/LockPatternUtils( 2010): isPcwEnable = null
D/MultiSimUtils( 2010): getCurrentVoiceCall = 0
D/MultiSimUtils( 2010): getCurrentVoiceCall = 0
D/MultiSimUtils( 2010): isChangedVoiceCall oldstate = 0, new = 0
D/MultiSimUtils( 2010): getCurrentVoiceCall = 0
D/KeyguardViewMediator( 2010): setHidden false
I/libblt_hw( 1665): Library opened (handle = 1, fd = 27)
D/KeyguardViewMediator( 2010): setHidden false
D/dalvikvm( 2010): GC_FOR_ALLOC freed 21K, 25% free 29146K/38471K, paused 103ms, total 103ms
I/dalvikvm-heap( 2010): Grow heap (frag case) to 31.517MB for 2560016-byte allocation
D/dalvikvm( 2010): GC_CONCURRENT freed 3K, 18% free 31642K/38471K, paused 15ms+9ms, total 122ms
D/dalvikvm( 2010): WAIT_FOR_CONCURRENT_GC blocked 48ms
E/LockPatternKeyguardView( 2010): !!! callback setLockScreenReady
E/CircleUnlockRippleRenderer( 2010): CircleUnlockRippleRenderer setLockScreenReady
D/KeyguardViewMediator( 2010): setHidden false
D/LockPatternUtils( 2010): isPcwEnable = null
D/LockPatternUtils( 2010): isPcwEnable = null
D/LockPatternUtils( 2010): isPcwEnable = null
D/KeyguardViewMediator( 2010): adjustStatusBarLocked: mShowing=true mHidden=false isSecure=false --> flags=0x1200000
V/LockPatternKeyguardView( 2010): Set visibility on com.android.internal.policy.impl.LockPatternKeyguardView$4@42a16c68 to 8388608
D/LockPatternUtils( 2010): isPcwEnable = null
D/LockPatternUtils( 2010): isPcwEnable = null
D/LockPatternUtils( 2010): isPcwEnable = null
D/KeyguardViewMediator( 2010): adjustStatusBarLocked: mShowing=true mHidden=false isSecure=false --> flags=0x1200000
V/LockPatternKeyguardView( 2010): Set visibility on com.android.internal.policy.impl.LockPatternKeyguardView$4@42a16c68 to 8388608
D/KeyguardViewMediator( 2010): setHidden false
V/LockPatternKeyguardView( 2010): *** dispatchDraw() time: 336346447
D/KeyguardViewMediator( 2010): setHidden false
D/KeyguardViewMediator( 2010): setHidden false
D/KeyguardViewMediator( 2010): setHidden false
D/KeyguardViewMediator( 2010): setHidden false
D/dalvikvm( 2010): WAIT_FOR_CONCURRENT_GC blocked 0ms
D/dalvikvm( 2010): GC_EXPLICIT freed 7074K, 33% free 26079K/38471K, paused 21ms+14ms, total 188ms
D/ClockAlarmWidgetService(17804): [ClockAlarmWidgetService] onReceive: action = android.intent.action.TIME_TICK
E/ClockAlarmWidget(17804): [AlarmWidgetIdManager] getListItem() : itemIndex=0, widgetID:1
E/ClockAlarmWidget(17804): [AlarmWidgetIdManager] getListItem() : ItemIndex exceed ListItemCount. itemIndex=1
E/ClockAlarmWidget(17804): [AlarmWidgetIdManager] getListItem() : itemIndex=1, widgetID:1
D/ClockAlarmDataProvider(17804): getAlarm() - too many same ID alarm data. nCount: 0
D/ClockWidget( 2010): refreshTime()
D/ClockWidget( 2010): TTS Message = It is 6 : 43 AM, Tuesday, April 16
E/MtpService(32371): In MTPAPP onReceive:android.intent.action.BATTERY_CHANGED
E/MtpService(32371): battPlugged Type : 2
D/InputReader( 2010): Input event: value=1
D/KeyguardViewMediator( 2010): onWakeKeyWhenKeyguardShowing(26)
D/KeyguardViewMediator( 2010): wakeWhenReadyLocked(26)
D/KeyguardViewMediator( 2010): handleWakeWhenReady(26)
D/LockPatternKeyguardView( 2010): onWakeKey
D/LockPatternKeyguardView( 2010): poking wake lock immediately
D/KeyguardViewMediator( 2010): pokeWakelock(10000)
D/ ( 2010):
D/ ( 2010): set_light_touchkey is called!!!
D/ ( 2010):
D/ ( 2010): light_touchkey on/off = 1
D/KeyguardViewMediator( 2010): onScreenTurnedOn, seq = 22
D/KeyguardViewMediator( 2010): notifyScreenOnLocked
D/SensorService( 2010): info.rates.add, set DEFAULT_EVENTS_PERIOD
D/ALPS_COMPASS( 2010): INV SENSOR ENABLE 0 -1
D/WindowManager( 2010): mSetIgnorePWR
D/KeyguardViewMediator( 2010): handleNotifyScreenOn
D/LockPatternKeyguardView( 2010): screen on
D/CircleLockScreen( 2010): onResume()
D/CircleUnlockRippleRenderer( 2010): onResume isUnlocked = false
D/ClockWidget( 2010): isServiceEnable = false cityId = null
D/ClockWidget( 2010): Weather Demon is not running, Set visibility to GONE
D/CircleShortcutWidget( 2010): onResume()
D/CircleLockScreen( 2010): mCallback.isShowingAndNotHidden()=true
V/LockPatternKeyguardView( 2010): *** dispatchDraw() time: 336356620
D/SurfaceFlinger( 1665): Screen about to return, flinger = 0x40e4acf0
I/power ( 2010): *** acquire_dvfs_lock : lockType : 1 freq : 1000000
D/ ( 2010): set_light_backlight is called!!!
D/SensorService( 2010): SensorDevice::activate (enable 1, disable 0) = 1
D/SensorService( 2010): activating sensor enable handle=0
D/SensorService( 2010): activating sensor enable, Done!
D/SensorService( 2010): SensorDevice::activating sensor handle=0 ns=200000000
D/SensorService( 2010): info.rates.add, set DEFAULT_EVENTS_PERIOD
D/SensorService( 2010): SensorDevice::activating sensor handle=0 ns=200000000
I/SensorService( 2010): info.selectDelay() ns=200000000
D/SensorService( 2010): SensorDevice::setDelay, Return(true 1, false 0) = 1
I/SensorService( 2010): info.selectDelay() ns=200000000
D/SensorManager( 2943): registerListener :: handle = 0 name= MPU-6050 Accelerometer delay= 200000 Listener= android.view.OrientationEventListener$SensorEventListenerImpl@4229fac0
D/SensorService( 2010): SensorDevice::setDelay, Return(true 1, false 0) = 1
D/SensorManager( 2010): registerListener :: handle = 0 name= MPU-6050 Accelerometer delay= 200000 Listener= android.view.WindowOrientationListener$SensorEventListenerImpl@426b02c8
D/InputReader( 2010): Input event: value=0
W/WindowManager( 2010): ignore screen on : false
D/LockPatternUtils( 2010): isPcwEnable = null
I/sec_anm_ahi( 1672): setParameters() - screen_state=on
D/tms_audio_hw/AudioTmsIpc( 1672): adev_set_parameters : Enter
D/tms_audio_hw/AudioTmsIpc( 1672): adev_set_parameters : Exit
D/ ( 2010): set_light_backlight = 1
D/ ( 2010): set_light_backlight is called!!!
D/ ( 2010): set_light_backlight = 160
D/ ( 2010): set_light_backlight is called!!!
D/ ( 2010): set_light_backlight = 170
I/power ( 2010): *** release_dvfs_lock : lockType : 1
E/WifiHW ( 2010): ##################### set firmware type 0 #####################
D/WifiStateMachine( 2010): setWifiEnabled : WifiNative.setFwType(0)
D/com.samsung.app( 2592): [MSC_HERO_Accu_JB]>>> WCS:251 [0:0] BR act = androidintentactionSCREEN_ON
D/widget ( 2290): [MSC_HERO_Accu_JB]>>> SM:1288 [0:0] bTCC WCV = 100
D/widget ( 2290): [MSC_HERO_Accu_JB]>>> WC:1664 [0:0] drw 1nd Tm dt = 0643
D/ClockAlarmWidgetService(17804): [ClockAlarmWidgetService] onReceive: action = android.intent.action.SCREEN_ON
E/ClockAlarmWidget(17804): [AlarmWidgetIdManager] getListItem() : itemIndex=0, widgetID:1
E/ClockAlarmWidget(17804): [AlarmWidgetIdManager] getListItem() : ItemIndex exceed ListItemCount. itemIndex=1
E/ClockAlarmWidget(17804): [AlarmWidgetIdManager] getListItem() : itemIndex=1, widgetID:1
D/ClockAlarmDataProvider(17804): getAlarm() - too many same ID alarm data. nCount: 0
D/dalvikvm( 2010): WAIT_FOR_CONCURRENT_GC blocked 0ms
I/InputReader( 2010): Touch event's action is 0x0 (deviceType=0) [pCnt=1, s=0.439 ]
I/InputDispatcher( 2010): Delivering touch to current input target: action: 0x0
I/InputDispatcher( 2010): Delivering touch to current input target: action: 0x0
I/InputDispatcher( 2010): Delivering touch to current input target: action: 0x0
D/CircleUnlockRipple( 2010): handleTouchEvent event : 0
D/CircleUnlockRipple( 2010): pokeWakelockWithTimeCheck time diffence = 651
D/KeyguardViewMediator( 2010): pokeWakelock(10000)
D/CircleUnlockRippleRenderer( 2010): RENDERMODE_WHEN_DIRTY!!!
D/dalvikvm( 2010): GC_EXPLICIT freed 272K, 33% free 26104K/38471K, paused 5ms+14ms, total 157ms
D/CircleUnlockRipple( 2010): pokeWakelockWithTimeCheck mCallback.pokeWakelock(AWAKE_INTERVAL_DEFAULT_MS)
D/CircleUnlockRippleRenderer( 2010): handleTouchEvent event : 0, view = null
V/audio_policy_anm( 1672): audio_io_handle_t android::ap_get_output(audio_policy*, audio_stream_type_t, uint32_t, audio_format_t, uint32_t, audio_output_flags_t): tid 1985
V/AudioPolicyManagerBase( 1672): getOutput() stream 1, samplingRate 0, format 0, channelMask 3, flags 0
V/AudioPolicyManagerBase( 1672): getOutput() returns output 2
V/audio_policy_anm( 1672): audio_io_handle_t android::ap_get_output(audio_policy*, audio_stream_type_t, uint32_t, audio_format_t, uint32_t, audio_output_flags_t): tid 1672
V/AudioPolicyManagerBase( 1672): getOutput() stream 1, samplingRate 0, format 0, channelMask 3, flags 0
V/AudioPolicyManagerBase( 1672): getOutput() returns output 2
V/audio_policy_anm( 1672): audio_io_handle_t android::ap_get_output(audio_policy*, audio_stream_type_t, uint32_t, audio_format_t, uint32_t, audio_output_flags_t): tid 2004
V/AudioPolicyManagerBase( 1672): getOutput() stream 1, samplingRate 44100, format 1, channelMask 3, flags 4
V/AudioPolicyManagerBase( 1672): getOutput() returns output 2
V/AudioPolicyManagerBase( 1672): startOutput() output 2, stream 1, session 546
V/AudioPolicyManagerBase( 1672): changeRefCount() stream 1, count 1
V/AudioPolicyManagerBase( 1672): getNewDevice() selected device 2
V/AudioPolicyManagerBase( 1672): setOutputDevice() output 2 device 0002 force 0 delayMs 0
V/AudioPolicyManagerBase( 1672): setOutputDevice() prevDevice 0002
V/AudioPolicyManagerBase( 1672): setOutputDevice() setting same device 0002 or null device for output 2
D/WindowManager( 2010): mUnSetIgnorePWR
D/CircleUnlockRipple( 2010): handleTouchEvent event : 2
D/CircleUnlockRipple( 2010): pokeWakelockWithTimeCheck time diffence = 766
D/KeyguardViewMediator( 2010): pokeWakelock(10000)
D/CircleUnlockRipple( 2010): pokeWakelockWithTimeCheck mCallback.pokeWakelock(AWAKE_INTERVAL_DEFAULT_MS)
D/CircleUnlockRippleRenderer( 2010): handleTouchEvent event : 2, view = null
V/audio_policy_anm( 1672): audio_io_handle_t android::ap_get_output(audio_policy*, audio_stream_type_t, uint32_t, audio_format_t, uint32_t, audio_output_flags_t): tid 1985
V/AudioPolicyManagerBase( 1672): getOutput() stream 1, samplingRate 0, format 0, channelMask 3, flags 0
V/AudioPolicyManagerBase( 1672): getOutput() returns output 2
V/audio_policy_anm( 1672): audio_io_handle_t android::ap_get_output(audio_policy*, audio_stream_type_t, uint32_t, audio_format_t, uint32_t, audio_output_flags_t): tid 1672
V/AudioPolicyManagerBase( 1672): getOutput() stream 1, samplingRate 0, format 0, channelMask 3, flags 0
V/AudioPolicyManagerBase( 1672): getOutput() returns output 2
V/audio_policy_anm( 1672): audio_io_handle_t android::ap_get_output(audio_policy*, audio_stream_type_t, uint32_t, audio_format_t, uint32_t, audio_output_flags_t): tid 2004
V/AudioPolicyManagerBase( 1672): getOutput() stream 1, samplingRate 48000, format 1, channelMask 1, flags 4
V/AudioPolicyManagerBase( 1672): getOutput() returns output 2
V/AudioPolicyManagerBase( 1672): startOutput() output 2, stream 1, session 547
V/AudioPolicyManagerBase( 1672): changeRefCount() stream 1, count 2
I/AudioMixer( 1672): AudioMixer::track_t::setResampler channelCount 1
I/AudioResampler( 1672): AudioResampler::AudioResampler() 16 bits, 1 channels
I/AudioResampler( 1672): new MM resampler(48000 -> 44100, 1)
I/sec_anm_ahi_output( 1672): openDevices()
V/sec_anm_organ_switcher( 1672): already: Speaker -> REF_Speaker_Playback_Music
I/sec_anm_ahi_output( 1672): adm_api: ste_adm_client_open_device(Speaker)
I/ADM ( 1694): 9: 72388121753: [STATUS] api_devset:457 Open device 'Speaker', 44100 Hz, format=2, 3 x 3904 bytes bufs
I/ADM ( 1694): 5: 72388122119: [INFO] dev:378 >>> ENTER dev_open(Speaker, vc=0, alloc_buffers=0, format=2)
I/ADM ( 1694): 7: 72388122241: [INFO] dev:306 setting /data/local/tmp/rme_act_adm to 1
I/ADM ( 1694): 1: 72388122454: [INFO] dev:347 rme alp tracker /data/local/tmp/rme_act_alp set to 0: proceeding
I/ADM ( 1694): 2: 72388122516: [INFO] dev:1684 rescan_hw_handler
I/ADM ( 1694): 3: 72388122546: [INFO] hw_handler_u8500:423 AddD2DConnections ENTER
I/ADM ( 1694): 4: 72388123187: [INFO] dev:1675 hw_handler_dev_next_d2d: DONE
I/ADM ( 1694): 8: 72388123431: [INFO] dev:1654 hw_handler_dev_next: DONE
I/ADM ( 1694): 4: 72388123828: [INFO] hw_handler_u8500:810 Query: SELECT * FROM HW_Settings WHERE (Platform = 'AB8500') AND ('REF_Speaker_Playback_Music' IN (Dev1, Dev2, Dev3, Dev4, Dev5, Dev6))ORDER BY rowid LIMIT 1
I/InputReader( 2010): Touch event's action is 0x1 (deviceType=0) [pCnt=1, s=]
I/InputDispatcher( 2010): Delivering touch to current input target: action: 0x1
I/InputDispatcher( 2010): Delivering touch to current input target: action: 0x1
I/InputDispatcher( 2010): Delivering touch to current input target: action: 0x1
D/CircleUnlockRipple( 2010): handleTouchEvent event : 2
D/CircleUnlockRipple( 2010): pokeWakelockWithTimeCheck time diffence = 821
D/KeyguardViewMediator( 2010): pokeWakelock(10000)
D/CircleUnlockRipple( 2010): pokeWakelockWithTimeCheck mCallback.pokeWakelock(AWAKE_INTERVAL_DEFAULT_MS)
D/CircleUnlockRippleRenderer( 2010): handleTouchEvent event : 2, view = null
D/CircleUnlockRipple( 2010): handleTouchEvent event : 1
D/CircleUnlockRipple( 2010): pokeWakelockWithTimeCheck time diffence = 821
D/KeyguardViewMediator( 2010): pokeWakelock(10000)
D/CircleUnlockRipple( 2010): pokeWakelockWithTimeCheck mCallback.pokeWakelock(AWAKE_INTERVAL_DEFAULT_MS)
D/CircleUnlockRippleRenderer( 2010): handleTouchEvent event : 1, view = null
D/LockPatternUtils( 2010): isPcwEnable = null
D/KeyguardViewMediator( 2010): keyguardDone(true)
D/KeyguardViewMediator( 2010): handleKeyguardDone
D/KeyguardViewMediator( 2010): handleHide
V/audio_policy_anm( 1672): audio_io_handle_t android::ap_get_output(audio_policy*, audio_stream_type_t, uint32_t, audio_format_t, uint32_t, audio_output_flags_t): tid 1985
V/AudioPolicyManagerBase( 1672): getOutput() stream 1, samplingRate 0, format 0, channelMask 3, flags 0
V/AudioPolicyManagerBase( 1672): getOutput() returns output 2
V/audio_policy_anm( 1672): audio_io_handle_t android::ap_get_output(audio_policy*, audio_stream_type_t, uint32_t, audio_format_t, uint32_t, audio_output_flags_t): tid 1672
V/AudioPolicyManagerBase( 1672): getOutput() stream 1, samplingRate 0, format 0, channelMask 3, flags 0
V/AudioPolicyManagerBase( 1672): getOutput() returns output 2
V/audio_policy_anm( 1672): audio_io_handle_t android::ap_get_output(audio_policy*, audio_stream_type_t, uint32_t, audio_format_t, uint32_t, audio_output_flags_t): tid 2004
V/AudioPolicyManagerBase( 1672): getOutput() stream 1, samplingRate 44100, format 1, channelMask 1, flags 4
V/AudioPolicyManagerBase( 1672): getOutput() returns output 2
V/AudioPolicyManagerBase( 1672): startOutput() output 2, stream 1, session 548
V/AudioPolicyManagerBase( 1672): changeRefCount() stream 1, count 3
V/AudioPolicyManagerBase( 1672): releaseOutput() 2
I/power ( 2010): *** acquire_dvfs_lock : lockType : 1 freq : 1000000
D/dalvikvm(17853): GC_CONCURRENT freed 404K, 10% free 10696K/11783K, paused 18ms+10ms, total 95ms
I/TiRootActivity(21901): (main) [0,0] checkpoint, on root activity resume. activity = com.androidproject.AndroidprojectActivity@421cab50
I/ADM ( 1694): 0: 72388217913: [INFO] hw_handler_u8500:922 ste_adm_hw_handler_u8500: Found matching HW-settings: devices = ('REF_Speaker_Playback_Music', '', '', '', '', ''), d2dlogical-connections = ('', '', '', '').
D/KeyguardViewMediator( 2010): setHidden false
D/KeyguardViewMediator( 2010): setHidden false
D/KeyguardViewMediator( 2010): adjustUserActivityLocked mShowing: false mHidden: false
D/LockPatternUtils( 2010): isPcwEnable = null
D/KeyguardViewMediator( 2010): adjustStatusBarLocked: mShowing=false mHidden=false isSecure=false --> flags=0x0
E/KeyguardViewMediator( 2010): 3. Lockscreen unlock
D/KeyguardViewMediator( 2010): setHidden false
E/KeyguardViewMediator( 2010): Phone is boot completed. so can broadcast
D/ ( 2010):
D/ ( 2010): set_light_touchkey is called!!!
D/ ( 2010):
D/ ( 2010): light_touchkey on/off = 0
E/KeyguardViewMediator( 2010): Phone is boot completed. so can broadcast
I/ADM ( 1694): 0: 72388263873: [INFO] dev:429 Device Speaker is OUTPUT
I/ADM ( 1694): 1: 72388263965: [INFO] dev_omx:1276 Enter dev_omx_setup_graph - device=Speaker, samplerate=44100, format=2, alloc_buffers=0, is_vc=0, bufsz=0
I/ADM ( 1694): 1: 72388264544: [OMXIL] omx_log:256 45A76DC8: GetHandle 'OMX.ST.AFM.mixer' pAD=416C64B0 pCB=4013BD60 OK
I/ADM ( 1694): 2: 72388264605: [INFO] dev_omx_graph:123 il_tool_create_component returned 0x45A76DC8 for OMX.ST.AFM.mixer (Common Mixer)
I/ADM ( 1694): 6: 72388264819: [OMXIL] omx_log:256 414B0008: GetHandle 'ADM.mixer' pAD=458644B0 pCB=4013BD60 OK
I/ADM ( 1694): 7: 72388264880: [INFO] dev_omx_graph:144 il_tool_create_component returned 0x414B0008 for ADM.mixer (App Mixer)
I/ADM ( 1694): 8: 72388264911: [INFO] dev_omx:900 Extracting components for chain 0, dev ='Speaker'
I/ADM ( 1694): 1: 72388278704: [OMXIL] omx_log:256 45781F68: GetHandle 'OMX.ST.AFM.pcmprocessing.spl' pAD=40FEA008 pCB=4013BD60 OK
I/ADM ( 1694): 2: 72388278766: [INFO] dev_omx:940 adm_create_component returned 0x45781F68 for OMX.ST.AFM.pcmprocessing.spl
I/ADM ( 1694): 5: 72388278918: [OMXIL] omx_log:887 45781F68 [ocessing.spl]: SetParameter idx=AudioPcm
I/ADM ( 1694): 6: 72388278979: [OMXIL] omx_log:293 port=0 channels=1 eNumData=0 endian=1 interleave=1 bits=16 samplerate=48000
I/ADM ( 1694): 7: 72388279040: [OMXIL] omx_log:293 pcmMode=0 map[0]=3 map[1]=0 map[2]=0, map[3]=0, map[4]=0, map[5]=0
I/ADM ( 1694): 2: 72388279345: [OMXIL] omx_log:887 45781F68 [ocessing.spl]: SetParameter idx=AudioPcm
I/ADM ( 1694): 4: 72388279406: [OMXIL] omx_log:293 port=1 channels=1 eNumData=0 endian=1 interleave=1 bits=16 samplerate=48000
I/ADM ( 1694): 4: 72388279437: [OMXIL] omx_log:293 pcmMode=0 map[0]=3 map[1]=0 map[2]=0, map[3]=0, map[4]=0, map[5]=0
I/ADM ( 1694): 9: 72388279773: [OMXIL] omx_log:887 45781F68 [ocessing.spl]: SetParameter idx=AFM_IndexParamSpl
I/ADM ( 1694): 3: 72388279986: [OMXIL] omx_log:913 45781F68 [ocessing.spl]: SetConfig idx=OMX_IndexConfigSpllimit
I/ADM ( 1694): 7: 72388284900: [OMXIL] omx_log:913 45781F68 [ocessing.spl]: SetConfig idx=Volume
I/ADM ( 1694): 8: 72388284991: [OMXIL] omx_log:293 port=0 linear=0 volume=600 mB
I/ADM ( 1694): 2: 72388285205: [OMXIL] omx_log:913 45781F68 [ocessing.spl]: SetConfig idx=AFM_IndexConfigPcmProbe
I/ADM ( 1694): 5: 72388285418: [OMXIL] omx_log:887 45781F68 [ocessing.spl]: SetParameter idx=AFM_IndexParamHostMpcSync
I/ADM ( 1694): 6: 72388285479: [OMXIL] omx_log:293 nPortIndex=0 enabled=1
I/ADM ( 1694): 9: 72388285663: [INFO] dev_omx:900 Extracting components for chain 2, dev ='Speaker'
D/WindowManager( 2010): PhoneWindowManager: focusChangedLw
I/ADM ( 1694): 0: 72388286334: [OMXIL] omx_log:256 4447F5C8: GetHandle 'OMX.ST.AFM.pcmprocessing.spl' pAD=41076008 pCB=4013BD60 OK
I/ADM ( 1694): 2: 72388286395: [INFO] dev_omx:940 adm_create_component returned 0x4447F5C8 for OMX.ST.AFM.pcmprocessing.spl
I/ADM ( 1694): 4: 72388286486: [OMXIL] omx_log:887 4447F5C8 [ocessing.spl]: SetParameter idx=AudioPcm
I/ADM ( 1694): 5: 72388286548: [OMXIL] omx_log:293 port=0 channels=1 eNumData=0 endian=1 interleave=1 bits=16 samplerate=48000
I/ADM ( 1694): 5: 72388286578: [OMXIL] omx_log:293 pcmMode=0 map[0]=3 map[1]=0 map[2]=0, map[3]=0, map[4]=0, map[5]=0
D/KeyguardViewMediator( 2010): setHidden false
I/ADM ( 1694): 0: 72388286914: [OMXIL] omx_log:887 4447F5C8 [ocessing.spl]: SetParameter idx=AudioPcm
I/ADM ( 1694): 1: 72388286975: [OMXIL] omx_log:293 port=1 channels=1 eNumData=0 endian=1 interleave=1 bits=16 samplerate=48000
I/ADM ( 1694): 2: 72388287005: [OMXIL] omx_log:293 pcmMode=0 map[0]=3 map[1]=0 map[2]=0, map[3]=0, map[4]=0, map[5]=0
I/ADM ( 1694): 8: 72388287341: [OMXIL] omx_log:887 4447F5C8 [ocessing.spl]: SetParameter idx=AFM_IndexParamSpl
I/ADM ( 1694): 1: 72388287524: [OMXIL] omx_log:913 4447F5C8 [ocessing.spl]: SetConfig idx=OMX_IndexConfigSpllimit
I/ADM ( 1694): 4: 72388287738: [OMXIL] omx_log:913 4447F5C8 [ocessing.spl]: SetConfig idx=Volume
I/ADM ( 1694): 5: 72388287799: [OMXIL] omx_log:293 port=0 linear=0 volume=200 mB
I/ADM ( 1694): 9: 72388287982: [OMXIL] omx_log:913 4447F5C8 [ocessing.spl]: SetConfig idx=AFM_IndexConfigPcmProbe
D/LockPatternKeyguardView( 2010): unfocused
D/CircleLockScreen( 2010): unfocused
E/MTPRx (32371): In MtpReceiverandroid.intent.action.USER_PRESENT
E/MTPRx (32371): check value of boot_completed is1
E/MTPRx (32371): check booting is completed_sys.boot_completed
E/MTPRx (32371): Sd-Card path/storage/extSdCard
E/MTPRx (32371): Status for mount/Unmount :removed
E/MTPRx (32371): SDcard is not available
E/MTPRx (32371): The value of first_boot is 1
E/MTPRx (32371): [ 662] The value of first_boot is 1NORMAL SEQUENCE
D/WindowManager( 2010): PhoneWindowManager: focusChangedLw
D/KeyguardViewMediator( 2010): setHidden false
I/ADM ( 1694): 0: 72388311663: [OMXIL] omx_log:256 43460E58: GetHandle 'OMX.ST.AFM.IHF' pAD=453BA958 pCB=4013BD60 OK
I/ADM ( 1694): 3: 72388311816: [OMXIL] omx_log:957 43460E58 [X.ST.AFM.IHF]: SendCommand PortDisable 1
I/ADM ( 1694): 5: 72388313128: [OMXIL] omx_log:256 43460E58 [X.ST.AFM.IHF]: CB CmdComplete PortDisable 1
I/ADM ( 1694): 0: 72388313403: [OMXIL] omx_log:887 43460E58 [X.ST.AFM.IHF]: SetParameter idx=AudioPcm
I/ADM ( 1694): 1: 72388313464: [OMXIL] omx_log:293 port=0 channels=1 eNumData=0 endian=1 interleave=1 bits=16 samplerate=48000
I/ADM ( 1694): 2: 72388313495: [OMXIL] omx_log:293 pcmMode=0 map[0]=3 map[1]=0 map[2]=0, map[3]=0, map[4]=0, map[5]=0
I/ADM ( 1694): 8: 72388313891: [OMXIL] omx_log:913 43460E58 [X.ST.AFM.IHF]: SetConfig idx=AFM_IndexConfigPcmProbe
I/ADM ( 1694): 2: 72388314135: [INFO] dev_omx:2119 2 ports on IO handle
I/ADM ( 1694): 3: 72388314166: [OMXIL] omx_log:913 43460E58 [X.ST.AFM.IHF]: SetConfig idx=AFM_IndexConfigPcmProbe
I/ADM ( 1694): 7: 72388314380: [OMXIL] omx_log:887 45A76DC8 [ST.AFM.mixer]: SetParameter idx=AFM_IndexParamBindingMemoryType
I/ADM ( 1694): 7: 72388314441: [OMXIL] omx_log:293 nPortIndex=1 memoryType=TCMX
I/ADM ( 1694): 0: 72388314593: [OMXIL] omx_log:887 45A76DC8 [ST.AFM.mixer]: SetParameter idx=AFM_IndexParamBindingMemoryType
I/ADM ( 1694): 1: 72388314654: [OMXIL] omx_log:293 nPortIndex=0 memoryType=TCMX
I/ADM ( 1694): 5: 72388314898: [OMXIL] omx_log:887 45A76DC8 [ST.AFM.mixer]: SetParameter idx=AudioPcm
