I/ADM ( 1694): 4: 70957126843: [INFO] dev_omx_graph:123 il_tool_create_component returned 0x4374DE80 for OMX.ST.AFM.mixer (Common Mixer)
I/ADM ( 1694): 8: 70957127057: [OMXIL] omx_log:256 414B0008: GetHandle 'ADM.mixer' pAD=458644B0 pCB=4013BD60 OK
I/ADM ( 1694): 9: 70957127118: [INFO] dev_omx_graph:144 il_tool_create_component returned 0x414B0008 for ADM.mixer (App Mixer)
I/ADM ( 1694): 0: 70957127148: [INFO] dev_omx:900 Extracting components for chain 0, dev ='Speaker'
D/CircleUnlockRipple( 2010): handleTouchEvent event : 2
D/CircleUnlockRipple( 2010): pokeWakelockWithTimeCheck time diffence = 1535
D/KeyguardViewMediator( 2010): pokeWakelock(10000)
D/CircleUnlockRipple( 2010): pokeWakelockWithTimeCheck mCallback.pokeWakelock(AWAKE_INTERVAL_DEFAULT_MS)
D/CircleUnlockRippleRenderer( 2010): handleTouchEvent event : 2, view = null
V/audio_policy_anm( 1672): audio_io_handle_t android::ap_get_output(audio_policy*, audio_stream_type_t, uint32_t, audio_format_t, uint32_t, audio_output_flags_t): tid 1985
V/AudioPolicyManagerBase( 1672): getOutput() stream 1, samplingRate 0, format 0, channelMask 3, flags 0
V/AudioPolicyManagerBase( 1672): getOutput() returns output 2
V/audio_policy_anm( 1672): audio_io_handle_t android::ap_get_output(audio_policy*, audio_stream_type_t, uint32_t, audio_format_t, uint32_t, audio_output_flags_t): tid 2004
V/AudioPolicyManagerBase( 1672): getOutput() stream 1, samplingRate 0, format 0, channelMask 3, flags 0
V/AudioPolicyManagerBase( 1672): getOutput() returns output 2
V/audio_policy_anm( 1672): audio_io_handle_t android::ap_get_output(audio_policy*, audio_stream_type_t, uint32_t, audio_format_t, uint32_t, audio_output_flags_t): tid 1672
V/AudioPolicyManagerBase( 1672): getOutput() stream 1, samplingRate 48000, format 1, channelMask 1, flags 4
V/AudioPolicyManagerBase( 1672): getOutput() returns output 2
V/AudioPolicyManagerBase( 1672): startOutput() output 2, stream 1, session 540
V/AudioPolicyManagerBase( 1672): changeRefCount() stream 1, count 2
I/ADM ( 1694): 8: 70957143140: [OMXIL] omx_log:256 45781F68: GetHandle 'OMX.ST.AFM.pcmprocessing.spl' pAD=40FEA008 pCB=4013BD60 OK
I/ADM ( 1694): 9: 70957143658: [INFO] dev_omx:940 adm_create_component returned 0x45781F68 for OMX.ST.AFM.pcmprocessing.spl
I/ADM ( 1694): 2: 70957143811: [OMXIL] omx_log:887 45781F68 [ocessing.spl]: SetParameter idx=AudioPcm
I/ADM ( 1694): 3: 70957143872: [OMXIL] omx_log:293 port=0 channels=1 eNumData=0 endian=1 interleave=1 bits=16 samplerate=48000
I/ADM ( 1694): 4: 70957143903: [OMXIL] omx_log:293 pcmMode=0 map[0]=3 map[1]=0 map[2]=0, map[3]=0, map[4]=0, map[5]=0
I/ADM ( 1694): 0: 70957144299: [OMXIL] omx_log:887 45781F68 [ocessing.spl]: SetParameter idx=AudioPcm
I/ADM ( 1694): 1: 70957144360: [OMXIL] omx_log:293 port=1 channels=1 eNumData=0 endian=1 interleave=1 bits=16 samplerate=48000
I/ADM ( 1694): 2: 70957144391: [OMXIL] omx_log:293 pcmMode=0 map[0]=3 map[1]=0 map[2]=0, map[3]=0, map[4]=0, map[5]=0
I/ADM ( 1694): 7: 70957144665: [OMXIL] omx_log:887 45781F68 [ocessing.spl]: SetParameter idx=AFM_IndexParamSpl
I/ADM ( 1694): 0: 70957144849: [OMXIL] omx_log:913 45781F68 [ocessing.spl]: SetConfig idx=OMX_IndexConfigSpllimit
I/ADM ( 1694): 3: 70957145062: [OMXIL] omx_log:913 45781F68 [ocessing.spl]: SetConfig idx=Volume
I/ADM ( 1694): 4: 70957145093: [OMXIL] omx_log:293 port=0 linear=0 volume=600 mB
I/ADM ( 1694): 7: 70957145306: [OMXIL] omx_log:913 45781F68 [ocessing.spl]: SetConfig idx=AFM_IndexConfigPcmProbe
I/ADM ( 1694): 5: 70957146374: [OMXIL] omx_log:887 45781F68 [ocessing.spl]: SetParameter idx=AFM_IndexParamHostMpcSync
I/ADM ( 1694): 7: 70957146436: [OMXIL] omx_log:293 nPortIndex=0 enabled=1
I/ADM ( 1694): 9: 70957146619: [INFO] dev_omx:900 Extracting components for chain 2, dev ='Speaker'
I/ADM ( 1694): 2: 70957147351: [OMXIL] omx_log:256 4447F5C8: GetHandle 'OMX.ST.AFM.pcmprocessing.spl' pAD=41076008 pCB=4013BD60 OK
I/ADM ( 1694): 3: 70957147382: [INFO] dev_omx:940 adm_create_component returned 0x4447F5C8 for OMX.ST.AFM.pcmprocessing.spl
I/ADM ( 1694): 4: 70957147504: [OMXIL] omx_log:887 4447F5C8 [ocessing.spl]: SetParameter idx=AudioPcm
I/ADM ( 1694): 6: 70957147565: [OMXIL] omx_log:293 port=0 channels=1 eNumData=0 endian=1 interleave=1 bits=16 samplerate=48000
I/ADM ( 1694): 6: 70957147595: [OMXIL] omx_log:293 pcmMode=0 map[0]=3 map[1]=0 map[2]=0, map[3]=0, map[4]=0, map[5]=0
I/ADM ( 1694): 1: 70957147870: [OMXIL] omx_log:887 4447F5C8 [ocessing.spl]: SetParameter idx=AudioPcm
I/ADM ( 1694): 2: 70957147931: [OMXIL] omx_log:293 port=1 channels=1 eNumData=0 endian=1 interleave=1 bits=16 samplerate=48000
I/ADM ( 1694): 3: 70957147961: [OMXIL] omx_log:293 pcmMode=0 map[0]=3 map[1]=0 map[2]=0, map[3]=0, map[4]=0, map[5]=0
I/ADM ( 1694): 7: 70957148236: [OMXIL] omx_log:887 4447F5C8 [ocessing.spl]: SetParameter idx=AFM_IndexParamSpl
I/ADM ( 1694): 0: 70957148389: [OMXIL] omx_log:913 4447F5C8 [ocessing.spl]: SetConfig idx=OMX_IndexConfigSpllimit
I/ADM ( 1694): 3: 70957148572: [OMXIL] omx_log:913 4447F5C8 [ocessing.spl]: SetConfig idx=Volume
I/ADM ( 1694): 4: 70957148602: [OMXIL] omx_log:293 port=0 linear=0 volume=200 mB
I/ADM ( 1694): 6: 70957148755: [OMXIL] omx_log:913 4447F5C8 [ocessing.spl]: SetConfig idx=AFM_IndexConfigPcmProbe
I/ADM ( 1694): 3: 70957155682: [OMXIL] omx_log:256 4009A018: GetHandle 'OMX.ST.AFM.IHF' pAD=453BA958 pCB=4013BD60 OK
I/ADM ( 1694): 5: 70957155804: [OMXIL] omx_log:957 4009A018 [X.ST.AFM.IHF]: SendCommand PortDisable 1
I/ADM ( 1694): 9: 70957156018: [OMXIL] omx_log:256 4009A018 [X.ST.AFM.IHF]: CB CmdComplete PortDisable 1
I/ADM ( 1694): 2: 70957156232: [OMXIL] omx_log:887 4009A018 [X.ST.AFM.IHF]: SetParameter idx=AudioPcm
I/ADM ( 1694): 4: 70957156293: [OMXIL] omx_log:293 port=0 channels=1 eNumData=0 endian=1 interleave=1 bits=16 samplerate=48000
I/ADM ( 1694): 5: 70957156323: [OMXIL] omx_log:293 pcmMode=0 map[0]=3 map[1]=0 map[2]=0, map[3]=0, map[4]=0, map[5]=0
I/ADM ( 1694): 0: 70957156689: [OMXIL] omx_log:913 4009A018 [X.ST.AFM.IHF]: SetConfig idx=AFM_IndexConfigPcmProbe
I/ADM ( 1694): 4: 70957156934: [INFO] dev_omx:2119 2 ports on IO handle
I/ADM ( 1694): 5: 70957156964: [OMXIL] omx_log:913 4009A018 [X.ST.AFM.IHF]: SetConfig idx=AFM_IndexConfigPcmProbe
I/ADM ( 1694): 9: 70957157178: [OMXIL] omx_log:887 4374DE80 [ST.AFM.mixer]: SetParameter idx=AFM_IndexParamBindingMemoryType
I/ADM ( 1694): 0: 70957157239: [OMXIL] omx_log:293 nPortIndex=1 memoryType=TCMX
I/ADM ( 1694): 3: 70957157391: [OMXIL] omx_log:887 4374DE80 [ST.AFM.mixer]: SetParameter idx=AFM_IndexParamBindingMemoryType
I/ADM ( 1694): 3: 70957157452: [OMXIL] omx_log:293 nPortIndex=0 memoryType=TCMX
I/ADM ( 1694): 5: 70957158093: [OMXIL] omx_log:887 4374DE80 [ST.AFM.mixer]: SetParameter idx=AudioPcm
I/ADM ( 1694): 5: 70957158154: [OMXIL] omx_log:293 port=0 channels=1 eNumData=0 endian=1 interleave=1 bits=16 samplerate=48000
I/ADM ( 1694): 6: 70957158185: [OMXIL] omx_log:293 pcmMode=0 map[0]=3 map[1]=0 map[2]=0, map[3]=0, map[4]=0, map[5]=0
I/ADM ( 1694): 1: 70957158490: [OMXIL] omx_log:913 4374DE80 [ST.AFM.mixer]: SetConfig idx=AFM_IndexConfigPcmProbe
I/ADM ( 1694): 4: 70957158673: [OMXIL] omx_log:887 4374DE80 [ST.AFM.mixer]: SetParameter idx=AudioPcm
I/ADM ( 1694): 5: 70957158734: [OMXIL] omx_log:293 port=1 channels=1 eNumData=0 endian=1 interleave=1 bits=16 samplerate=48000
I/ADM ( 1694): 6: 70957158765: [OMXIL] omx_log:293 pcmMode=0 map[0]=3 map[1]=0 map[2]=0, map[3]=0, map[4]=0, map[5]=0
I/ADM ( 1694): 1: 70957159039: [OMXIL] omx_log:913 4374DE80 [ST.AFM.mixer]: SetConfig idx=AFM_IndexConfigPcmProbe
I/ADM ( 1694): 4: 70957159222: [OMXIL] omx_log:887 4374DE80 [ST.AFM.mixer]: SetParameter idx=AudioPcm
I/ADM ( 1694): 4: 70957159283: [OMXIL] omx_log:293 port=2 channels=2 eNumData=0 endian=1 interleave=1 bits=16 samplerate=44100
I/ADM ( 1694): 5: 70957159314: [OMXIL] omx_log:293 pcmMode=0 map[0]=1 map[1]=2 map[2]=0, map[3]=0, map[4]=0, map[5]=0
I/ADM ( 1694): 0: 70957159619: [OMXIL] omx_log:913 4374DE80 [ST.AFM.mixer]: SetConfig idx=AFM_IndexConfigPcmProbe
I/ADM ( 1694): 5: 70957159863: [OMXIL] omx_log:957 4374DE80 [ST.AFM.mixer]: SendCommand PortDisable 1
I/ADM ( 1694): 2: 70957160321: [OMXIL] omx_log:256 4374DE80 [ST.AFM.mixer]: CB CmdComplete PortDisable 1
I/ADM ( 1694): 4: 70957160443: [OMXIL] omx_log:957 4374DE80 [ST.AFM.mixer]: SendCommand PortDisable 2
I/ADM ( 1694): 8: 70957160657: [OMXIL] omx_log:256 4374DE80 [ST.AFM.mixer]: CB CmdComplete PortDisable 2
I/ADM ( 1694): 9: 70957160748: [OMXIL] omx_log:957 4374DE80 [ST.AFM.mixer]: SendCommand PortDisable 3
I/ADM ( 1694): 3: 70957160962: [OMXIL] omx_log:256 4374DE80 [ST.AFM.mixer]: CB CmdComplete PortDisable 3
I/ADM ( 1694): 4: 70957161053: [OMXIL] omx_log:957 4374DE80 [ST.AFM.mixer]: SendCommand PortDisable 4
I/ADM ( 1694): 8: 70957161267: [OMXIL] omx_log:256 4374DE80 [ST.AFM.mixer]: CB CmdComplete PortDisable 4
I/ADM ( 1694): 9: 70957161328: [OMXIL] omx_log:957 4374DE80 [ST.AFM.mixer]: SendCommand PortDisable 5
I/ADM ( 1694): 3: 70957161542: [OMXIL] omx_log:256 4374DE80 [ST.AFM.mixer]: CB CmdComplete PortDisable 5
I/ADM ( 1694): 5: 70957161633: [OMXIL] omx_log:957 4374DE80 [ST.AFM.mixer]: SendCommand PortDisable 6
I/ADM ( 1694): 8: 70957161847: [OMXIL] omx_log:256 4374DE80 [ST.AFM.mixer]: CB CmdComplete PortDisable 6
I/ADM ( 1694): 0: 70957161938: [OMXIL] omx_log:957 4374DE80 [ST.AFM.mixer]: SendCommand PortDisable 7
I/ADM ( 1694): 0: 70957162549: [OMXIL] omx_log:256 4374DE80 [ST.AFM.mixer]: CB CmdComplete PortDisable 7
I/ADM ( 1694): 2: 70957162640: [OMXIL] omx_log:957 4374DE80 [ST.AFM.mixer]: SendCommand PortDisable 8
I/ADM ( 1694): 6: 70957162946: [OMXIL] omx_log:256 4374DE80 [ST.AFM.mixer]: CB CmdComplete PortDisable 8
I/ADM ( 1694): 0: 70957163129: [OMXIL] omx_log:887 414B0008 [ADM.mixer ]: SetParameter idx=AudioPcm
I/ADM ( 1694): 1: 70957163190: [OMXIL] omx_log:293 port=0 channels=1 eNumData=0 endian=1 interleave=1 bits=16 samplerate=48000
I/ADM ( 1694): 2: 70957163251: [OMXIL] omx_log:293 pcmMode=0 map[0]=3 map[1]=0 map[2]=0, map[3]=0, map[4]=0, map[5]=0
I/ADM ( 1694): 3: 70957163281: [OMXIL] omx_log:913 414B0008 [ADM.mixer ]: SetConfig idx=AFM_IndexConfigPcmProbe
I/ADM ( 1694): 4: 70957163342: [OMXIL] omx_log:887 414B0008 [ADM.mixer ]: SetParameter idx=AFM_IndexParamSrcMode
I/ADM ( 1694): 4: 70957163403: [OMXIL] omx_log:293 nPortIndex=0 nSrcMode=Custom1
I/ADM ( 1694): 6: 70957163495: [OMXIL] omx_log:887 414B0008 [ADM.mixer ]: SetParameter idx=AudioPcm
I/ADM ( 1694): 7: 70957163525: [OMXIL] omx_log:293 port=1 channels=2 eNumData=0 endian=1 interleave=1 bits=16 samplerate=44100
I/ADM ( 1694): 7: 70957163586: [OMXIL] omx_log:293 pcmMode=0 map[0]=1 map[1]=2 map[2]=0, map[3]=0, map[4]=0, map[5]=0
I/ADM ( 1694): 8: 70957163617: [OMXIL] omx_log:913 414B0008 [ADM.mixer ]: SetConfig idx=AFM_IndexConfigPcmProbe
I/ADM ( 1694): 9: 70957163678: [OMXIL] omx_log:887 414B0008 [ADM.mixer ]: SetParameter idx=AFM_IndexParamSrcMode
I/ADM ( 1694): 0: 70957163708: [OMXIL] omx_log:293 nPortIndex=1 nSrcMode=Custom1
I/ADM ( 1694): 0: 70957164136: [OMXIL] omx_log:887 414B0008 [ADM.mixer ]: SetParameter idx=OMX_IndexParamAudioSynchronized
I/ADM ( 1694): 8: 70957164227: [OMXIL] omx_log:293 port=1 bIsSynchronized=1
I/ADM ( 1694): 0: 70957164349: [OMXIL] omx_log:887 414B0008 [ADM.mixer ]: SetParameter idx=AudioPcm
I/ADM ( 1694): 1: 70957164380: [OMXIL] omx_log:293 port=2 channels=2 eNumData=0 endian=1 interleave=1 bits=16 samplerate=44100
I/ADM ( 1694): 2: 70957164441: [OMXIL] omx_log:293 pcmMode=0 map[0]=1 map[1]=2 map[2]=0, map[3]=0, map[4]=0, map[5]=0
I/ADM ( 1694): 3: 70957164471: [OMXIL] omx_log:913 414B0008 [ADM.mixer ]: SetConfig idx=AFM_IndexConfigPcmProbe
I/ADM ( 1694): 3: 70957164532: [OMXIL] omx_log:887 414B0008 [ADM.mixer ]: SetParameter idx=AFM_IndexParamSrcMode
I/ADM ( 1694): 4: 70957164563: [OMXIL] omx_log:293 nPortIndex=2 nSrcMode=Custom1
I/ADM ( 1694): 5: 70957164593: [OMXIL] omx_log:887 414B0008 [ADM.mixer ]: SetParameter idx=OMX_IndexParamAudioSynchronized
I/ADM ( 1694): 5: 70957164654: [OMXIL] omx_log:293 port=2 bIsSynchronized=1
I/ADM ( 1694): 7: 70957164716: [OMXIL] omx_log:887 414B0008 [ADM.mixer ]: SetParameter idx=AudioPcm
I/ADM ( 1694): 7: 70957164777: [OMXIL] omx_log:293 port=3 channels=2 eNumData=0 endian=1 interleave=1 bits=16 samplerate=44100
I/ADM ( 1694): 8: 70957164807: [OMXIL] omx_log:293 pcmMode=0 map[0]=1 map[1]=2 map[2]=0, map[3]=0, map[4]=0, map[5]=0
I/ADM ( 1694): 9: 70957164838: [OMXIL] omx_log:913 414B0008 [ADM.mixer ]: SetConfig idx=AFM_IndexConfigPcmProbe
I/ADM ( 1694): 9: 70957164899: [OMXIL] omx_log:887 414B0008 [ADM.mixer ]: SetParameter idx=AFM_IndexParamSrcMode
I/ADM ( 1694): 1: 70957164929: [OMXIL] omx_log:293 nPortIndex=3 nSrcMode=Custom1
I/ADM ( 1694): 1: 70957164960: [OMXIL] omx_log:887 414B0008 [ADM.mixer ]: SetParameter idx=OMX_IndexParamAudioSynchronized
I/ADM ( 1694): 2: 70957164990: [OMXIL] omx_log:293 port=3 bIsSynchronized=1
I/ADM ( 1694): 3: 70957165082: [OMXIL] omx_log:887 414B0008 [ADM.mixer ]: SetParameter idx=AudioPcm
I/ADM ( 1694): 4: 70957165112: [OMXIL] omx_log:293 port=4 channels=2 eNumData=0 endian=1 interleave=1 bits=16 samplerate=44100
I/ADM ( 1694): 4: 70957165173: [OMXIL] omx_log:293 pcmMode=0 map[0]=1 map[1]=2 map[2]=0, map[3]=0, map[4]=0, map[5]=0
I/ADM ( 1694): 5: 70957165204: [OMXIL] omx_log:913 414B0008 [ADM.mixer ]: SetConfig idx=AFM_IndexConfigPcmProbe
I/ADM ( 1694): 6: 70957165234: [OMXIL] omx_log:887 414B0008 [ADM.mixer ]: SetParameter idx=AFM_IndexParamSrcMode
I/ADM ( 1694): 6: 70957165295: [OMXIL] omx_log:293 nPortIndex=4 nSrcMode=Custom1
I/ADM ( 1694): 7: 70957165326: [OMXIL] omx_log:887 414B0008 [ADM.mixer ]: SetParameter idx=OMX_IndexParamAudioSynchronized
I/ADM ( 1694): 7: 70957165356: [OMXIL] omx_log:293 port=4 bIsSynchronized=1
I/ADM ( 1694): 9: 70957165448: [OMXIL] omx_log:887 414B0008 [ADM.mixer ]: SetParameter idx=AudioPcm
I/ADM ( 1694): 0: 70957165478: [OMXIL] omx_log:293 port=5 channels=2 eNumData=0 endian=1 interleave=1 bits=16 samplerate=44100
I/ADM ( 1694): 0: 70957165509: [OMXIL] omx_log:293 pcmMode=0 map[0]=1 map[1]=2 map[2]=0, map[3]=0, map[4]=0, map[5]=0
I/ADM ( 1694): 1: 70957165570: [OMXIL] omx_log:913 414B0008 [ADM.mixer ]: SetConfig idx=AFM_IndexConfigPcmProbe
I/ADM ( 1694): 2: 70957165601: [OMXIL] omx_log:887 414B0008 [ADM.mixer ]: SetParameter idx=AFM_IndexParamSrcMode
I/ADM ( 1694): 2: 70957165631: [OMXIL] omx_log:293 nPortIndex=5 nSrcMode=Custom1
I/ADM ( 1694): 3: 70957165692: [OMXIL] omx_log:887 414B0008 [ADM.mixer ]: SetParameter idx=OMX_IndexParamAudioSynchronized
I/ADM ( 1694): 3: 70957165723: [OMXIL] omx_log:293 port=5 bIsSynchronized=1
I/ADM ( 1694): 5: 70957165784: [OMXIL] omx_log:887 414B0008 [ADM.mixer ]: SetParameter idx=AudioPcm
I/ADM ( 1694): 6: 70957165845: [OMXIL] omx_log:293 port=6 channels=2 eNumData=0 endian=1 interleave=1 bits=16 samplerate=44100
I/ADM ( 1694): 7: 70957165875: [OMXIL] omx_log:293 pcmMode=0 map[0]=1 map[1]=2 map[2]=0, map[3]=0, map[4]=0, map[5]=0
I/ADM ( 1694): 7: 70957165906: [OMXIL] omx_log:913 414B0008 [ADM.mixer ]: SetConfig idx=AFM_IndexConfigPcmProbe
I/ADM ( 1694): 8: 70957166119: [OMXIL] omx_log:887 414B0008 [ADM.mixer ]: SetParameter idx=AFM_IndexParamSrcMode
I/ADM ( 1694): 2: 70957166211: [OMXIL] omx_log:293 nPortIndex=6 nSrcMode=Custom1
I/ADM ( 1694): 3: 70957166241: [OMXIL] omx_log:887 414B0008 [ADM.mixer ]: SetParameter idx=OMX_IndexParamAudioSynchronized
I/ADM ( 1694): 5: 70957166425: [OMXIL] omx_log:293 port=6 bIsSynchronized=1
I/ADM ( 1694): 7: 70957166516: [OMXIL] omx_log:887 414B0008 [ADM.mixer ]: SetParameter idx=AudioPcm
I/ADM ( 1694): 8: 70957166577: [OMXIL] omx_log:293 port=7 channels=2 eNumData=0 endian=1 interleave=1 bits=16 samplerate=44100
I/ADM ( 1694): 8: 70957166608: [OMXIL] omx_log:293 pcmMode=0 map[0]=1 map[1]=2 map[2]=0, map[3]=0, map[4]=0, map[5]=0
I/ADM ( 1694): 0: 70957166638: [OMXIL] omx_log:913 414B0008 [ADM.mixer ]: SetConfig idx=AFM_IndexConfigPcmProbe
I/ADM ( 1694): 0: 70957166699: [OMXIL] omx_log:887 414B0008 [ADM.mixer ]: SetParameter idx=AFM_IndexParamSrcMode
I/ADM ( 1694): 1: 70957166730: [OMXIL] omx_log:293 nPortIndex=7 nSrcMode=Custom1
I/ADM ( 1694): 2: 70957166791: [OMXIL] omx_log:887 414B0008 [ADM.mixer ]: SetParameter idx=OMX_IndexParamAudioSynchronized
I/ADM ( 1694): 2: 70957166821: [OMXIL] omx_log:293 port=7 bIsSynchronized=1
I/ADM ( 1694): 4: 70957166882: [OMXIL] omx_log:887 414B0008 [ADM.mixer ]: SetParameter idx=AudioPcm
I/ADM ( 1694): 4: 70957166943: [OMXIL] omx_log:293 port=8 channels=2 eNumData=0 endian=1 interleave=1 bits=16 samplerate=44100
I/ADM ( 1694): 5: 70957166974: [OMXIL] omx_log:293 pcmMode=0 map[0]=1 map[1]=2 map[2]=0, map[3]=0, map[4]=0, map[5]=0
I/ADM ( 1694): 6: 70957167035: [OMXIL] omx_log:913 414B0008 [ADM.mixer ]: SetConfig idx=AFM_IndexConfigPcmProbe
I/ADM ( 1694): 7: 70957167065: [OMXIL] omx_log:887 414B0008 [ADM.mixer ]: SetParameter idx=AFM_IndexParamSrcMode
I/ADM ( 1694): 7: 70957167096: [OMXIL] omx_log:293 nPortIndex=8 nSrcMode=Custom1
I/ADM ( 1694): 8: 70957167157: [OMXIL] omx_log:887 414B0008 [ADM.mixer ]: SetParameter idx=OMX_IndexParamAudioSynchronized
I/ADM ( 1694): 8: 70957167187: [OMXIL] omx_log:293 port=8 bIsSynchronized=1
I/ADM ( 1694): 9: 70957167218: [OMXIL] omx_log:957 414B0008 [ADM.mixer ]: SendCommand PortDisable 1
I/ADM ( 1694): 0: 70957167279: [OMXIL] omx_log:256 414B0008 [ADM.mixer ]: CB CmdComplete PortDisable 1
I/ADM ( 1694): 1: 70957167340: [OMXIL] omx_log:957 414B0008 [ADM.mixer ]: SendCommand PortDisable 2
I/ADM ( 1694): 2: 70957167371: [OMXIL] omx_log:256 414B0008 [ADM.mixer ]: CB CmdComplete PortDisable 2
I/ADM ( 1694): 3: 70957167432: [OMXIL] omx_log:957 414B0008 [ADM.mixer ]: SendCommand PortDisable 3
I/ADM ( 1694): 3: 70957167462: [OMXIL] omx_log:256 414B0008 [ADM.mixer ]: CB CmdComplete PortDisable 3
I/ADM ( 1694): 5: 70957167523: [OMXIL] omx_log:957 414B0008 [ADM.mixer ]: SendCommand PortDisable 4
I/ADM ( 1694): 5: 70957167554: [OMXIL] omx_log:256 414B0008 [ADM.mixer ]: CB CmdComplete PortDisable 4
I/ADM ( 1694): 6: 70957167615: [OMXIL] omx_log:957 414B0008 [ADM.mixer ]: SendCommand PortDisable 5
I/ADM ( 1694): 7: 70957167645: [OMXIL] omx_log:256 414B0008 [ADM.mixer ]: CB CmdComplete PortDisable 5
I/ADM ( 1694): 7: 70957167706: [OMXIL] omx_log:957 414B0008 [ADM.mixer ]: SendCommand PortDisable 6
I/ADM ( 1694): 8: 70957167737: [OMXIL] omx_log:256 414B0008 [ADM.mixer ]: CB CmdComplete PortDisable 6
I/ADM ( 1694): 9: 70957167798: [OMXIL] omx_log:957 414B0008 [ADM.mixer ]: SendCommand PortDisable 7
I/ADM ( 1694): 9: 70957167828: [OMXIL] omx_log:256 414B0008 [ADM.mixer ]: CB CmdComplete PortDisable 7
I/ADM ( 1694): 0: 70957167859: [OMXIL] omx_log:957 414B0008 [ADM.mixer ]: SendCommand PortDisable 8
I/ADM ( 1694): 1: 70957167920: [OMXIL] omx_log:256 414B0008 [ADM.mixer ]: CB CmdComplete PortDisable 8
I/ADM ( 1694): 2: 70957167950: [OMXIL] omx_log:887 414B0008 [ADM.mixer ]: SetParameter idx=PortDefinition
I/ADM ( 1694): 2: 70957168011: [OMXIL] omx_log:293 port=0 dir=1 act=3 min=3 sz=3072 enabled=1 pop=0 domain=0 bcont=0 align=0
I/ADM ( 1694): 3: 70957168042: [OMXIL] omx_log:293 mime=(null) natread=0 conceal=0 encoding=2
I/ADM ( 1694): 5: 70957168164: [OMXIL] omx_log:887 45781F68 [ocessing.spl]: SetParameter idx=PortDefinition
I/ADM ( 1694): 6: 70957168225: [OMXIL] omx_log:293 port=0 dir=0 act=2 min=2 sz=3072 enabled=1 pop=0 domain=0 bcont=0 align=1150562064
I/ADM ( 1694): 6: 70957168256: [OMXIL] omx_log:293 mime=(null) natread=0 conceal=0 encoding=2
I/ADM ( 1694): 3: 70957168622: [OMXIL] omx_log:887 45781F68 [ocessing.spl]: SetParameter idx=PortDefinition
I/ADM ( 1694): 4: 70957168683: [OMXIL] omx_log:293 port=1 dir=1 act=2 min=2 sz=3072 enabled=1 pop=0 domain=0 bcont=0 align=112
I/ADM ( 1694): 5: 70957168713: [OMXIL] omx_log:293 mime=(null) natread=0 conceal=0 encoding=2
I/ADM ( 1694): 0: 70957169080: [OMXIL] omx_log:887 4374DE80 [ST.AFM.mixer]: SetParameter idx=PortDefinition
I/ADM ( 1694): 1: 70957169110: [OMXIL] omx_log:293 port=1 dir=0 act=3 min=2 sz=3072 enabled=0 pop=0 domain=0 bcont=0 align=64
I/ADM ( 1694): 2: 70957169171: [OMXIL] omx_log:293 mime=(null) natread=0 conceal=0 encoding=2
E/ENSWrapper( 1694): return OMX_ErrorNotImplemented - GetExtensionIndex OMX.ST.AFM.pcmprocessing.spl h=0x45781f68 cParameterName=STE.ADM IndexType=unknown OMX_INDEXTYPE [ 0x7212df47 ]
I/ADM ( 1694): 4: 70957170514: [OMXIL] omx_log:256 SetupTunnel 414B0008[ADM.mixer].0 -> 45781F68[ocessing.spl].0 --> OK
I/ADM ( 1694): 7: 70957170636: [OMXIL] omx_log:957 45781F68 [ocessing.spl]: SendCommand PortDisable 1
I/ADM ( 1694): 2: 70957170941: [OMXIL] omx_log:256 45781F68 [ocessing.spl]: CB CmdComplete PortDisable 1
I/ADM ( 1694): 6: 70957172314: [OMXIL] omx_log:256 SetupTunnel 4447F5C8[ocessing.spl].1 -> 4009A018[X.ST.AFM.IHF].0 --> OK
I/ADM ( 1694): 7: 70957174176: [OMXIL] omx_log:256 SetupTunnel 4374DE80[ST.AFM.mixer].0 -> 4447F5C8[ocessing.spl].0 --> OK
I/ADM ( 1694): 8: 70957174237: [OMXIL] omx_log:954 4009A018 [X.ST.AFM.IHF]: SendCommand StateSet StateIdle
I/ADM ( 1694): 3: 70957178204: [OMXIL] omx_log:954 4447F5C8 [ocessing.spl]: SendCommand StateSet StateIdle
I/ADM ( 1694): 0: 70957179089: [OMXIL] omx_log:954 4374DE80 [ST.AFM.mixer]: SendCommand StateSet StateIdle
I/ADM ( 1694): 9: 70957179639: [OMXIL] omx_log:954 45781F68 [ocessing.spl]: SendCommand StateSet StateIdle
I/ADM ( 1694): 3: 70957179822: [OMXIL] omx_log:954 414B0008 [ADM.mixer ]: SendCommand StateSet StateIdle
I/ADM ( 1694): 0: 70957180798: [OMXIL] omx_log:256 414B0008 [ADM.mixer ]: CB CmdComplete StateSet StateIdle
D/CircleUnlockRipple( 2010): handleTouchEvent event : 2
D/CircleUnlockRipple( 2010): pokeWakelockWithTimeCheck time diffence = 1621
D/KeyguardViewMediator( 2010): pokeWakelock(10000)
D/CircleUnlockRipple( 2010): pokeWakelockWithTimeCheck mCallback.pokeWakelock(AWAKE_INTERVAL_DEFAULT_MS)
D/CircleUnlockRippleRenderer( 2010): handleTouchEvent event : 2, view = null
I/InputReader( 2010): Touch event's action is 0x1 (deviceType=0) [pCnt=1, s=]
I/InputDispatcher( 2010): Delivering touch to current input target: action: 0x1
I/InputDispatcher( 2010): Delivering touch to current input target: action: 0x1
I/InputDispatcher( 2010): Delivering touch to current input target: action: 0x1
D/CircleUnlockRipple( 2010): handleTouchEvent event : 1
D/CircleUnlockRipple( 2010): pokeWakelockWithTimeCheck time diffence = 1623
D/KeyguardViewMediator( 2010): pokeWakelock(10000)
D/CircleUnlockRipple( 2010): pokeWakelockWithTimeCheck mCallback.pokeWakelock(AWAKE_INTERVAL_DEFAULT_MS)
D/CircleUnlockRippleRenderer( 2010): handleTouchEvent event : 1, view = null
D/LockPatternUtils( 2010): isPcwEnable = null
I/ADM ( 1694): 8: 70957221417: [OMXIL] omx_log:256 4009A018 [X.ST.AFM.IHF]: CB CmdComplete StateSet StateIdle
D/KeyguardViewMediator( 2010): keyguardDone(true)
D/KeyguardViewMediator( 2010): handleKeyguardDone
D/KeyguardViewMediator( 2010): handleHide
V/audio_policy_anm( 1672): audio_io_handle_t android::ap_get_output(audio_policy*, audio_stream_type_t, uint32_t, audio_format_t, uint32_t, audio_output_flags_t): tid 1985
V/AudioPolicyManagerBase( 1672): getOutput() stream 1, samplingRate 0, format 0, channelMask 3, flags 0
V/AudioPolicyManagerBase( 1672): getOutput() returns output 2
V/audio_policy_anm( 1672): audio_io_handle_t android::ap_get_output(audio_policy*, audio_stream_type_t, uint32_t, audio_format_t, uint32_t, audio_output_flags_t): tid 2004
V/AudioPolicyManagerBase( 1672): getOutput() stream 1, samplingRate 0, format 0, channelMask 3, flags 0
V/AudioPolicyManagerBase( 1672): getOutput() returns output 2
V/audio_policy_anm( 1672): audio_io_handle_t android::ap_get_output(audio_policy*, audio_stream_type_t, uint32_t, audio_format_t, uint32_t, audio_output_flags_t): tid 1672
V/AudioPolicyManagerBase( 1672): getOutput() stream 1, samplingRate 44100, format 1, channelMask 1, flags 4
V/AudioPolicyManagerBase( 1672): getOutput() returns output 2
V/AudioPolicyManagerBase( 1672): startOutput() output 2, stream 1, session 541
V/AudioPolicyManagerBase( 1672): changeRefCount() stream 1, count 3
I/ADM ( 1694): 1: 70957235730: [OMXIL] omx_log:256 4447F5C8 [ocessing.spl]: CB CmdComplete StateSet StateIdle
V/AudioPolicyManagerBase( 1672): releaseOutput() 2
I/power ( 2010): *** acquire_dvfs_lock : lockType : 1 freq : 1000000
I/ADM ( 1694): 3: 70957251782: [OMXIL] omx_log:256 4374DE80 [ST.AFM.mixer]: CB CmdComplete StateSet StateIdle
D/KeyguardViewMediator( 2010): setHidden false
I/TiRootActivity(18458): (main) [0,0] checkpoint, on root activity resume. activity = com.androidproject.AndroidprojectActivity@421c9f98
D/KeyguardViewMediator( 2010): setHidden false
D/KeyguardViewMediator( 2010): adjustUserActivityLocked mShowing: false mHidden: false
D/LockPatternUtils( 2010): isPcwEnable = null
D/KeyguardViewMediator( 2010): adjustStatusBarLocked: mShowing=false mHidden=false isSecure=false --> flags=0x0
I/ADM ( 1694): 2: 70957281781: [OMXIL] omx_log:256 45781F68 [ocessing.spl]: CB CmdComplete StateSet StateIdle
E/KeyguardViewMediator( 2010): 3. Lockscreen unlock
E/KeyguardViewMediator( 2010): Phone is boot completed. so can broadcast
I/ADM ( 1694): 9: 70957282178: [OMXIL] omx_log:954 4009A018 [X.ST.AFM.IHF]: SendCommand StateSet StateExecuting
I/ADM ( 1694): 0: 70957284650: [OMXIL] omx_log:256 4009A018 [X.ST.AFM.IHF]: CB CmdComplete StateSet StateExecuting
I/ADM ( 1694): 3: 70957284802: [OMXIL] omx_log:954 4447F5C8 [ocessing.spl]: SendCommand StateSet StateExecuting
I/ADM ( 1694): 2: 70957285382: [OMXIL] omx_log:256 4447F5C8 [ocessing.spl]: CB CmdComplete StateSet StateExecuting
D/ ( 2010):
D/ ( 2010): set_light_touchkey is called!!!
D/ ( 2010):
D/ ( 2010): light_touchkey on/off = 0
E/KeyguardViewMediator( 2010): Phone is boot completed. so can broadcast
I/ADM ( 1694): 2: 70957286633: [OMXIL] omx_log:954 4374DE80 [ST.AFM.mixer]: SendCommand StateSet StateExecuting
I/ADM ( 1694): 5: 70957287305: [OMXIL] omx_log:256 4374DE80 [ST.AFM.mixer]: CB CmdComplete StateSet StateExecuting
I/ADM ( 1694): 4: 70957287366: [OMXIL] omx_log:954 45781F68 [ocessing.spl]: SendCommand StateSet StateExecuting
I/ADM ( 1694): 5: 70957287884: [OMXIL] omx_log:256 45781F68 [ocessing.spl]: CB CmdComplete StateSet StateExecuting
I/ADM ( 1694): 9: 70957288098: [OMXIL] omx_log:954 414B0008 [ADM.mixer ]: SendCommand StateSet StateExecuting
I/ADM ( 1694): 1: 70957288159: [OMXIL] omx_log:256 414B0008 [ADM.mixer ]: CB CmdComplete StateSet StateExecuting
I/ADM ( 1694): 6: 70957288464: [OMXIL] omx_log:887 4374DE80 [ST.AFM.mixer]: SetParameter idx=OMX_IndexParamAudioSynchronized
I/ADM ( 1694): 6: 70957288525: [OMXIL] omx_log:293 port=1 bIsSynchronized=1
D/KeyguardViewMediator( 2010): setHidden false
I/ADM ( 1694): 3: 70957298260: [OMXIL] omx_log:887 45781F68 [ocessing.spl]: SetParameter idx=AudioPcm
I/ADM ( 1694): 3: 70957298352: [OMXIL] omx_log:293 port=1 channels=1 eNumData=0 endian=1 interleave=1 bits=16 samplerate=48000
I/ADM ( 1694): 4: 70957298413: [OMXIL] omx_log:293 pcmMode=0 map[0]=3 map[1]=0 map[2]=0, map[3]=0, map[4]=0, map[5]=0
I/ADM ( 1694): 0: 70957298718: [OMXIL] omx_log:887 4374DE80 [ST.AFM.mixer]: SetParameter idx=AudioPcm
I/ADM ( 1694): 1: 70957298779: [OMXIL] omx_log:293 port=1 channels=1 eNumData=0 endian=1 interleave=1 bits=16 samplerate=48000
I/ADM ( 1694): 1: 70957298810: [OMXIL] omx_log:293 pcmMode=0 map[0]=3 map[1]=0 map[2]=0, map[3]=0, map[4]=0, map[5]=0
I/ADM ( 1694): 9: 70957299878: [OMXIL] omx_log:256 SetupTunnel 45781F68[ocessing.spl].1 -> 4374DE80[ST.AFM.mixer].1 --> OK
I/ADM ( 1694): 1: 70957299969: [OMXIL] omx_log:957 4374DE80 [ST.AFM.mixer]: SendCommand PortEnable 1
I/ADM ( 1694): 0: 70957308179: [OMXIL] omx_log:256 4374DE80 [ST.AFM.mixer]: CB CmdComplete PortEnable 1
I/ADM ( 1694): 3: 70957308362: [OMXIL] omx_log:957 45781F68 [ocessing.spl]: SendCommand PortEnable 1
D/WindowManager( 2010): PhoneWindowManager: focusChangedLw
D/KeyguardViewMediator( 2010): setHidden false
D/LockPatternKeyguardView( 2010): unfocused
D/CircleLockScreen( 2010): unfocused
E/MTPRx (32371): In MtpReceiverandroid.intent.action.USER_PRESENT
E/MTPRx (32371): check value of boot_completed is1
E/MTPRx (32371): check booting is completed_sys.boot_completed
E/MTPRx (32371): Sd-Card path/storage/extSdCard
E/MTPRx (32371): Status for mount/Unmount :removed
E/MTPRx (32371): SDcard is not available
E/MTPRx (32371): The value of first_boot is 1
E/MTPRx (32371): [ 662] The value of first_boot is 1NORMAL SEQUENCE
I/ADM ( 1694): 9: 70957332898: [OMXIL] omx_log:256 45781F68 [ocessing.spl]: CB CmdComplete PortEnable 1
I/ADM ( 1694): 2: 70957333081: [OMXIL] omx_log:573 Unknown index (not all mapped): 0x7F00600B
I/ADM ( 1694): 3: 70957333142: [INFO] dev:501 open dev OK, device handle: 101
I/ADM ( 1694): 4: 70957333173: [INFO] dev:512 >>> LEAVE dev_open(Speaker, 0) --> 101 0
I/ADM ( 1694): 5: 70957333264: [INFO] dev:306 setting /data/local/tmp/rme_act_adm to 0
I/ADM ( 1694): 4: 70957334393: [OMXIL] omx_log:256 40FF2008: GetHandle 'ADM.splitter' pAD=40049958 pCB=4013BD60 OK
I/ADM ( 1694): 6: 70957334485: [OMXIL] omx_log:887 40FF2008 [ADM.splitter]: SetParameter idx=AudioPcm
I/ADM ( 1694): 7: 70957334546: [OMXIL] omx_log:293 port=0 channels=2 eNumData=0 endian=1 interleave=1 bits=16 samplerate=44100
I/ADM ( 1694): 8: 70957334576: [OMXIL] omx_log:293 pcmMode=0 map[0]=1 map[1]=2 map[2]=0, map[3]=0, map[4]=0, map[5]=0
I/ADM ( 1694): 8: 70957334637: [OMXIL] omx_log:887 40FF2008 [ADM.splitter]: SetParameter idx=AudioPcm
I/ADM ( 1694): 9: 70957334668: [OMXIL] omx_log:293 port=1 channels=2 eNumData=0 endian=1 interleave=1 bits=16 samplerate=44100
I/ADM ( 1694): 0: 70957334698: [OMXIL] omx_log:293 pcmMode=0 map[0]=1 map[1]=2 map[2]=0, map[3]=0, map[4]=0, map[5]=0
I/ADM ( 1694): 1: 70957334759: [OMXIL] omx_log:957 40FF2008 [ADM.splitter]: SendCommand PortDisable 0
I/ADM ( 1694): 1: 70957334821: [OMXIL] omx_log:256 40FF2008 [ADM.splitter]: CB CmdComplete PortDisable 0
I/ADM ( 1694): 2: 70957334882: [OMXIL] omx_log:957 40FF2008 [ADM.splitter]: SendCommand PortDisable 1
I/ADM ( 1694): 3: 70957334912: [OMXIL] omx_log:256 40FF2008 [ADM.splitter]: CB CmdComplete PortDisable 1
I/ADM ( 1694): 4: 70957334973: [OMXIL] omx_log:957 40FF2008 [ADM.splitter]: SendCommand PortDisable 2
I/ADM ( 1694): 5: 70957335004: [OMXIL] omx_log:256 40FF2008 [ADM.splitter]: CB CmdComplete PortDisable 2
I/ADM ( 1694): 6: 70957335065: [OMXIL] omx_log:887 40FF2008 [ADM.splitter]: SetParameter idx=OMX_IndexParamAudioSynchronized
I/ADM ( 1694): 7: 70957335095: [OMXIL] omx_log:293 port=1 bIsSynchronized=1
I/ADM ( 1694): 7: 70957335126: [OMXIL] omx_log:887 40FF2008 [ADM.splitter]: SetParameter idx=OMX_IndexParamAudioSynchronized
I/ADM ( 1694): 8: 70957335187: [OMXIL] omx_log:293 port=2 bIsSynchronized=1
I/ADM ( 1694): 9: 70957335217: [OMXIL] omx_log:954 40FF2008 [ADM.splitter]: SendCommand StateSet StateIdle
I/ADM ( 1694): 9: 70957335278: [OMXIL] omx_log:256 40FF2008 [ADM.splitter]: CB CmdComplete StateSet StateIdle
I/ADM ( 1694): 0: 70957335309: [OMXIL] omx_log:954 40FF2008 [ADM.splitter]: SendCommand StateSet StateExecuting
I/ADM ( 1694): 1: 70957335370: [OMXIL] omx_log:256 40FF2008 [ADM.splitter]: CB CmdComplete StateSet StateExecuting
I/ADM ( 1694): 2: 70957335431: [OMXIL] omx_log:887 40FF2008 [ADM.splitter]: SetParameter idx=PortDefinition
I/ADM ( 1694): 3: 70957335461: [OMXIL] omx_log:293 port=0 dir=0 act=3 min=3 sz=3904 enabled=0 pop=0 domain=0 bcont=0 align=0
I/ADM ( 1694): 3: 70957335492: [OMXIL] omx_log:293 mime=(null) natread=0 conceal=0 encoding=2
I/ADM ( 1694): 4: 70957335553: [OMXIL] omx_log:887 40FF2008 [ADM.splitter]: SetParameter idx=OMX_IndexParamAudioSynchronized
I/ADM ( 1694): 4: 70957335583: [OMXIL] omx_log:293 port=0 bIsSynchronized=0
I/ADM ( 1694): 5: 70957335614: [OMXIL] omx_log:957 40FF2008 [ADM.splitter]: SendCommand PortEnable 0
I/ADM ( 1694): 8: 70957335797: [OMXIL] omx_log:1160 40FF2008 [ADM.splitter]: UseBuffer hdr=0 port=0 priv=0 bytes=3904 buf=40045000
I/ADM ( 1694): 9: 70957335858: [OMXIL] omx_log:1160 40FF2008 [ADM.splitter]: UseBuffer hdr=0 port=0 priv=0 bytes=3904 buf=40045F40
I/ADM ( 1694): 0: 70957335919: [OMXIL] omx_log:1160 40FF2008 [ADM.splitter]: UseBuffer hdr=0 port=0 priv=0 bytes=3904 buf=40046E80
I/ADM ( 1694): 5: 70957336224: [OMXIL] omx_log:256 40FF2008 [ADM.splitter]: CB CmdComplete PortEnable 0
I/ADM ( 1694): 7: 70957336285: [OMXIL] omx_log:887 414B0008 [ADM.mixer ]: SetParameter idx=AudioPcm
I/ADM ( 1694): 7: 70957336346: [OMXIL] omx_log:293 port=1 channels=2 eNumData=0 endian=1 interleave=1 bits=16 samplerate=44100
I/ADM ( 1694): 8: 70957336377: [OMXIL] omx_log:293 pcmMode=0 map[0]=1 map[1]=2 map[2]=0, map[3]=0, map[4]=0, map[5]=0
I/ADM ( 1694): 9: 70957336438: [OMXIL] omx_log:256 SetupTunnel 40FF2008[ADM.splitter].1 -> 414B0008[ADM.mixer].1 --> OK
I/ADM ( 1694): 0: 70957336468: [OMXIL] omx_log:957 414B0008 [ADM.mixer ]: SendCommand PortEnable 1
I/ADM ( 1694): 1: 70957336529: [OMXIL] omx_log:256 414B0008 [ADM.mixer ]: CB CmdComplete PortEnable 1
I/ADM ( 1694): 1: 70957336591: [OMXIL] omx_log:957 40FF2008 [ADM.splitter]: SendCommand PortEnable 1
I/ADM ( 1694): 2: 70957336621: [OMXIL] omx_log:256 40FF2008 [ADM.splitter]: CB CmdComplete PortEnable 1
I/ADM ( 1694): 3: 70957336682: [OMXIL] omx_log:913 40FF2008 [ADM.splitter]: SetConfig idx=OMX_IndexParamAudioSynchronized
I/ADM ( 1694): 4: 70957336743: [OMXIL] omx_log:293 port=0 bIsSynchronized=1
I/ADM ( 1694): 5: 70957336774: [STATUS] api_devset:615 API LEAVE: Opened new device 'Speaker', handle = 101
I/sec_anm_ahi_output( 1672): adm_api: opened device. bufsz=3904 num_bufs=3 bufp=42C40000
I/AudioMixer( 1672): AudioMixer::track_t::setResampler channelCount 1
I/AudioResampler( 1672): AudioResampler::AudioResampler() 16 bits, 1 channels
I/AudioResampler( 1672): new MM resampler(48000 -> 44100, 1)
D/WindowManager( 2010): PhoneWindowManager: focusChangedLw
D/KeyguardViewMediator( 2010): setHidden false
E/SpannableStringBuilder(18458): SPAN_EXCLUSIVE_EXCLUSIVE spans cannot have a zero length
E/SpannableStringBuilder(18458): SPAN_EXCLUSIVE_EXCLUSIVE spans cannot have a zero length
V/PhoneStatusBar( 2113): setLightsOn(true)
D/KeyguardViewMediator( 2010): setHidden false
D/KeyguardViewMediator( 2010): setHidden false
D/KeyguardViewMediator( 2010): setHidden false
D/KeyguardViewMediator( 2010): setHidden false
D/KeyguardViewMediator( 2010): setHidden false
D/KeyguardViewMediator( 2010): setHidden false
D/KeyguardViewMediator( 2010): setHidden false
D/KeyguardViewMediator( 2010): setHidden false
D/KeyguardViewMediator( 2010): setHidden false
D/KeyguardViewMediator( 2010): setHidden false
D/KeyguardViewMediator( 2010): setHidden false
D/KeyguardViewMediator( 2010): setHidden false
D/KeyguardViewMediator( 2010): setHidden false
D/KeyguardViewMediator( 2010): setHidden false
D/KeyguardViewMediator( 2010): setHidden false
D/KeyguardViewMediator( 2010): setHidden false
D/KeyguardViewMediator( 2010): setHidden false
D/KeyguardViewMediator( 2010): setHidden false
D/KeyguardViewMediator( 2010): setHidden false
D/KeyguardViewMediator( 2010): setHidden false
D/KeyguardViewMediator( 2010): setHidden false
D/CircleLockScreen( 2010): onPause()
D/CircleShortcutWidget( 2010): onPause()
D/CircleLockScreen( 2010): cleanUp()
V/SoundPoolThread( 2010): Got message m=1, mData=0
V/SoundPoolThread( 2010): goodbye
V/SoundPoolThread( 2010): return from quit
V/AudioPolicyManagerBase( 1672): stopOutput() output 2, stream 1, session 540
V/AudioPolicyManagerBase( 1672): changeRefCount() stream 1, count 2
V/AudioPolicyManagerBase( 1672): releaseOutput() 2
V/AudioPolicyManagerBase( 1672): stopOutput() output 2, stream 1, session 539
V/AudioPolicyManagerBase( 1672): changeRefCount() stream 1, count 1
D/KeyguardViewMediator( 2010): setHidden false
V/AudioPolicyManagerBase( 1672): releaseOutput() 2
V/SoundPoolThread( 2010): return from quit
D/CircleShortcutWidget( 2010): cleanUp()
D/KeyguardViewMediator( 2010): setHidden false
V/AudioPolicyManagerBase( 1672): stopOutput() output 2, stream 1, session 541
V/AudioPolicyManagerBase( 1672): changeRefCount() stream 1, count 0
V/AudioPolicyManagerBase( 1672): getNewDevice() selected device 0
V/AudioPolicyManagerBase( 1672): setOutputDevice() output 2 device 0000 force 0 delayMs 88
V/AudioPolicyManagerBase( 1672): setOutputDevice() prevDevice 0002
V/AudioPolicyManagerBase( 1672): setOutputDevice() setting same device 0000 or null device for output 2
D/KeyguardViewMediator( 2010): setHidden false
D/KeyguardViewMediator( 2010): setHidden false
D/KeyguardViewMediator( 2010): setHidden false
W/SurfaceView( 2010): CHECK surface infomation creating=false formatChanged=false sizeChanged=false visible=false visibleChanged=true surfaceChanged=true realSizeChanged=false redrawNeeded=false left=false top=false
D/KeyguardViewMediator( 2010): setHidden false
D/KeyguardViewMediator( 2010): setHidden false
D/KeyguardViewMediator( 2010): setHidden false
D/WallpaperWidget( 2010): cleanUp()
D/KeyguardViewMediator( 2010): setHidden false
D/LockPatternUtils( 2010): isPcwEnable = null
D/KeyguardViewMediator( 2010): adjustStatusBarLocked: mShowing=false mHidden=false isSecure=false --> flags=0x0
I/libblt_hw( 1665): Library closed (handle = 2, fd = 47)
W/SignalStrength( 2010): getGsmLevel=1
W/SignalStrength( 2010): getLevel=1 (SignalStrength: 99 -1 -1 -1 -1 -1 -1 -1 -1 -1 -1 -1 gsm|lte 1)
W/SignalStrength( 2113): getGsmLevel=1
W/SignalStrength( 2113): getLevel=1 (SignalStrength: 99 -1 -1 -1 -1 -1 -1 -1 -1 -1 -1 -1 gsm|lte 1)
W/SignalStrength( 2113): getGsmLevel=1
W/SignalStrength( 2113): getLevel=1 (SignalStrength: 99 -1 -1 -1 -1 -1 -1 -1 -1 -1 -1 -1 gsm|lte 1)
W/SignalStrength( 2010): getGsmDbm=-1
W/SignalStrength( 2010): getDbm=-1
W/SignalStrength( 2010): getGsmAsuLevel=99
W/SignalStrength( 2010): getAsuLevel=99
D/KeyguardViewMediator( 2010): setHidden false
D/KeyguardViewMediator( 2010): setHidden false
I/libblt_hw( 1665): Library closed (handle = 1, fd = 43)
I/power ( 2010): *** release_dvfs_lock : lockType : 1
E/MtpService(32371): In MTPAPP onReceive:android.intent.action.BATTERY_CHANGED
E/MtpService(32371): battPlugged Type : 2
I/sec_anm_ahi_output( 1672): standby() called
I/sec_anm_ahi_output( 1672): Trying to drain devices
I/ADM ( 1694): 8: 70960766919: [INFO] api_devset:824 devapi_drain, draining 40FF2008.0
I/ADM ( 1694): 9: 70960808850: [INFO] omx_io:651 il_tool_io_empty_buffer_done: Idle callback requested, issuing..
I/ADM ( 1694): 3: 70960809033: [INFO] api_devset:835 Drain complete, sending reply msg
I/sec_anm_ahi_output( 1672): Drain devices done
I/sec_anm_ahi_output( 1672): adm_api: ste_adm_close_device(Speaker)
I/ADM ( 1694): 7: 70960809827: [STATUS] api_devset:316 Close device 'Speaker'
I/ADM ( 1694): 4: 70960810254: [OMXIL] omx_log:957 40FF2008 [ADM.splitter]: SendCommand PortDisable 0
I/ADM ( 1694): 8: 70960810498: [INFO] omx_io:410 il_tool_io_wait_until_idle: 40049958.0 idle, returning
I/ADM ( 1694): 1: 70960810681: [OMXIL] omx_log:1113 40FF2008 [ADM.splitter]: FreeBuf port=0 pBuf=41C89E70
I/ADM ( 1694): 5: 70960810864: [OMXIL] omx_log:1113 40FF2008 [ADM.splitter]: FreeBuf port=0 pBuf=41C89EC8
I/ADM ( 1694): 8: 70960811047: [OMXIL] omx_log:1113 40FF2008 [ADM.splitter]: FreeBuf port=0 pBuf=41C89F20
I/ADM ( 1694): 1: 70960811261: [OMXIL] omx_log:256 40FF2008 [ADM.splitter]: CB CmdComplete PortDisable 0
I/ADM ( 1694): 7: 70960811658: [OMXIL] omx_log:957 40FF2008 [ADM.splitter]: SendCommand PortDisable 1
I/ADM ( 1694): 2: 70960811871: [OMXIL] omx_log:256 40FF2008 [ADM.splitter]: CB CmdComplete PortDisable 1
I/ADM ( 1694): 5: 70960812085: [OMXIL] omx_log:957 414B0008 [ADM.mixer ]: SendCommand PortDisable 1
I/ADM ( 1694): 9: 70960812299: [OMXIL] omx_log:256 414B0008 [ADM.mixer ]: CB CmdComplete PortDisable 1
I/ADM ( 1694): 4: 70960812604: [INFO] dev:519 >>> ENTER dev_close(101)
I/ADM ( 1694): 9: 70960812878: [INFO] dev:306 setting /data/local/tmp/rme_act_adm to 1
I/ADM ( 1694): 9: 70960813489: [INFO] dev:347 rme alp tracker /data/local/tmp/rme_act_alp set to 0: proceeding
I/ADM ( 1694): 3: 70960813733: [INFO] dev_omx:1517 Enter dev_omx_close_graph - logical_handle=1 dealloc_buffers=0
I/ADM ( 1694): 6: 70960813916: [INFO] dev_omx:1534 Closing last device. Request audiocodec to ramp down audio
I/ADM ( 1694): 9: 70960814099: [OMXIL] omx_log:913 4009A018 [X.ST.AFM.IHF]: SetConfig idx=Mute
I/ADM ( 1694): 3: 70960814282: [OMXIL] omx_log:293 port=0 mute=1
I/ADM ( 1694): 5: 70960848096: [OMXIL] omx_log:256 4009A018 [X.ST.AFM.IHF]: CB EventIndexSettingChanged port=67108901 index=OMX_ALL
I/ADM ( 1694): 0: 70960848340: [OMXIL] omx_log:256 4009A018 [X.ST.AFM.IHF]: CB EventIndexSettingChanged port=-1 index=Mute
I/ADM ( 1694): 6: 70960848737: [INFO] dev_omx_graph:1181 Enter graph_disconnect_app_effects_from_common_mix_split
I/ADM ( 1694): 3: 70960850873: [OMXIL] omx_log:957 45781F68 [ocessing.spl]: SendCommand PortDisable 1
I/ADM ( 1694): 0: 70960852490: [OMXIL] omx_log:957 4374DE80 [ST.AFM.mixer]: SendCommand PortDisable 1
I/ADM ( 1694): 6: 70960858838: [OMXIL] omx_log:256 45781F68 [ocessing.spl]: CB CmdComplete PortDisable 1
I/ADM ( 1694): 4: 70960861584: [OMXIL] omx_log:256 4374DE80 [ST.AFM.mixer]: CB CmdComplete PortDisable 1
I/ADM ( 1694): 1: 70960861981: [OMXIL] omx_log:954 414B0008 [ADM.mixer ]: SendCommand StateSet StateIdle
I/ADM ( 1694): 5: 70960862195: [OMXIL] omx_log:954 45781F68 [ocessing.spl]: SendCommand StateSet StateIdle
I/ADM ( 1694): 9: 70960863049: [OMXIL] omx_log:256 414B0008 [ADM.mixer ]: CB CmdComplete StateSet StateIdle
I/ADM ( 1694): 7: 70960864117: [OMXIL] omx_log:256 45781F68 [ocessing.spl]: CB CmdComplete StateSet StateIdle
I/ADM ( 1694): 4: 70960864300: [OMXIL] omx_log:954 4374DE80 [ST.AFM.mixer]: SendCommand StateSet StateIdle
I/ADM ( 1694): 8: 70960865918: [OMXIL] omx_log:256 4374DE80 [ST.AFM.mixer]: CB CmdComplete StateSet StateIdle
I/ADM ( 1694): 5: 70960865704: [OMXIL] omx_log:954 4447F5C8 [ocessing.spl]: SendCommand StateSet StateIdle
I/ADM ( 1694): 8: 70960867688: [OMXIL] omx_log:256 4447F5C8 [ocessing.spl]: CB CmdComplete StateSet StateIdle
I/ADM ( 1694): 5: 70960867902: [OMXIL] omx_log:954 4009A018 [X.ST.AFM.IHF]: SendCommand StateSet StateIdle
I/ADM ( 1694): 0: 70960874280: [OMXIL] omx_log:256 4009A018 [X.ST.AFM.IHF]: CB CmdComplete StateSet StateIdle
I/ADM ( 1694): 8: 70960875317: [OMXIL] omx_log:954 4009A018 [X.ST.AFM.IHF]: SendCommand StateSet StateLoaded
I/ADM ( 1694): 1: 70960902600: [OMXIL] omx_log:256 4009A018 [X.ST.AFM.IHF]: CB CmdComplete StateSet StateLoaded
I/ADM ( 1694): 3: 70960902722: [OMXIL] omx_log:954 4447F5C8 [ocessing.spl]: SendCommand StateSet StateLoaded
I/ADM ( 1694): 2: 70960907391: [OMXIL] omx_log:256 4447F5C8 [ocessing.spl]: CB CmdComplete StateSet StateLoaded
I/ADM ( 1694): 4: 70960907544: [OMXIL] omx_log:954 4374DE80 [ST.AFM.mixer]: SendCommand StateSet StateLoaded
I/ADM ( 1694): 8: 70960912457: [OMXIL] omx_log:256 4374DE80 [ST.AFM.mixer]: CB CmdComplete StateSet StateLoaded
I/ADM ( 1694): 0: 70960912579: [OMXIL] omx_log:954 45781F68 [ocessing.spl]: SendCommand StateSet StateLoaded
I/ADM ( 1694): 7: 70960918317: [OMXIL] omx_log:954 414B0008 [ADM.mixer ]: SendCommand StateSet StateLoaded
I/ADM ( 1694): 9: 70960918408: [OMXIL] omx_log:256 414B0008 [ADM.mixer ]: CB CmdComplete StateSet StateLoaded
I/ADM ( 1694): 9: 70960919019: [OMXIL] omx_log:256 45781F68 [ocessing.spl]: CB CmdComplete StateSet StateLoaded
I/ADM ( 1694): 5: 70960919293: [OMXIL] omx_log:256 45781F68 [ocessing.spl]: FreeHandle
I/ADM ( 1694): 9: 70960919537: [OMXIL] omx_log:256 414B0008 [ADM.mixer ]: FreeHandle
I/ADM ( 1694): 0: 70960919629: [OMXIL] omx_log:256 4447F5C8 [ocessing.spl]: FreeHandle
I/ADM ( 1694): 6: 70960919965: [OMXIL] omx_log:256 4009A018 [X.ST.AFM.IHF]: FreeHandle
I/ADM ( 1694): 5: 70960920544: [OMXIL] omx_log:256 4374DE80 [ST.AFM.mixer]: FreeHandle
I/ADM ( 1694): 9: 70960920758: [INFO] dev_omx:1646 All OMX handles freed successfully
I/ADM ( 1694): 0: 70960920789: [INFO] dev_omx:1722 Graph closed successfully! ref_cnt = 0
I/ADM ( 1694): 0: 70960920850: [INFO] dev:1684 rescan_hw_handler
I/ADM ( 1694): 1: 70960920880: [INFO] hw_handler_u8500:423 AddD2DConnections ENTER
I/ADM ( 1694): 2: 70960921551: [INFO] dev:1675 hw_handler_dev_next_d2d: DONE
I/ADM ( 1694): 4: 70960921643: [INFO] dev:1654 hw_handler_dev_next: DONE
I/ADM ( 1694): 1: 70960922040: [INFO] hw_handler_u8500:810 Query: SELECT * FROM HW_Settings WHERE (Platform = 'AB8500') AND (Dev1 ='')ORDER BY rowid LIMIT 1
I/ADM ( 1694): 1: 70960923260: [INFO] hw_handler_u8500:922 ste_adm_hw_handler_u8500: Found matching HW-settings: devices = ('', '', '', '', '', ''), d2dlogical-connections = ('', '', '', '').
I/ADM ( 1694): 3: 70960937543: [INFO] dev:834 Updating event subscriptions for device Speaker
I/ADM ( 1694): 5: 70960937604: [INFO] dev:579 >>> LEAVE dev_close(101)
I/ADM ( 1694): 7: 70960937695: [INFO] dev:306 setting /data/local/tmp/rme_act_adm to 0
I/ADM ( 1694): 0: 70960937909: [INFO] api_devset:392 Releasing splitter; no longer used
I/ADM ( 1694): 1: 70960937970: [OMXIL] omx_log:954 40FF2008 [ADM.splitter]: SendCommand StateSet StateIdle
I/ADM ( 1694): 2: 70960938031: [OMXIL] omx_log:256 40FF2008 [ADM.splitter]: CB CmdComplete StateSet StateIdle
I/ADM ( 1694): 3: 70960938092: [OMXIL] omx_log:954 40FF2008 [ADM.splitter]: SendCommand StateSet StateLoaded
I/ADM ( 1694): 4: 70960938153: [OMXIL] omx_log:256 40FF2008 [ADM.splitter]: CB CmdComplete StateSet StateLoaded
I/ADM ( 1694): 5: 70960938214: [OMXIL] omx_log:256 40FF2008 [ADM.splitter]: FreeHandle
I/ADM ( 1694): 6: 70960938275: [INFO] api_devset:408 CloseDevice(Speaker) OK
I/InputReader( 2010): Reconfiguring input devices. changes=0x00000004
I/InputReader( 2010): Device reconfigured: id=9, name='sec_touchscreen', surface size is now 480x800, mode is 1
D/PhoneApp( 2235): updateProximitySensorMode: lock already released.
D/KeyguardViewMediator( 2010): setHidden false
D/dalvikvm(18458): GC_FOR_ALLOC freed 1510K, 18% free 11203K/13575K, paused 67ms, total 68ms
I/dalvikvm-heap(18458): Grow heap (frag case) to 13.013MB for 1536016-byte allocation
D/ClockAlarmWidgetService(17804): [ClockAlarmWidgetService] onReceive: action = android.intent.action.CONFIGURATION_CHANGED
E/ClockAlarmWidget(17804): [AlarmWidgetIdManager] getListItem() : itemIndex=0, widgetID:1
E/ClockAlarmWidget(17804): [AlarmWidgetIdManager] getListItem() : ItemIndex exceed ListItemCount. itemIndex=1
E/ClockAlarmWidget(17804): [AlarmWidgetIdManager] getListItem() : itemIndex=1, widgetID:1
D/ClockAlarmDataProvider(17804): getAlarm() - too many same ID alarm data. nCount: 0
D/dalvikvm(18458): GC_CONCURRENT freed <1K, 7% free 12703K/13575K, paused 13ms+2ms, total 77ms
D/dalvikvm(18458): WAIT_FOR_CONCURRENT_GC blocked 61ms
D/dalvikvm(17804): GC_CONCURRENT freed 366K, 11% free 9390K/10439K, paused 3ms+3ms, total 55ms
D/KeyguardViewMediator( 2010): setHidden false
D/KeyguardViewMediator( 2010): setHidden false
I/libblt_hw( 1665): Library opened (handle = 1, fd = 27)
D/KeyguardViewMediator( 2010): setHidden false
I/libblt_hw( 1665): Library closed (handle = 0, fd = 28)
D/KeyguardViewMediator( 2010): setHidden false
D/KeyguardViewMediator( 2010): setHidden false
D/KeyguardViewMediator( 2010): setHidden false
D/KeyguardViewMediator( 2010): setHidden false
D/KeyguardViewMediator( 2010): setHidden false
D/KeyguardViewMediator( 2010): setHidden false
I/InputReader( 2010): Reconfiguring input devices. changes=0x00000004
I/InputReader( 2010): Device reconfigured: id=9, name='sec_touchscreen', surface size is now 480x800, mode is 1
D/PhoneApp( 2235): updateProximitySensorMode: lock already released.
D/dalvikvm(18458): GC_FOR_ALLOC freed 1502K, 18% free 11203K/13575K, paused 68ms, total 68ms
I/dalvikvm-heap(18458): Grow heap (frag case) to 13.013MB for 1536016-byte allocation
D/KeyguardViewMediator( 2010): setHidden false
D/ClockAlarmWidgetService(17804): [ClockAlarmWidgetService] onReceive: action = android.intent.action.CONFIGURATION_CHANGED
E/ClockAlarmWidget(17804): [AlarmWidgetIdManager] getListItem() : itemIndex=0, widgetID:1
E/ClockAlarmWidget(17804): [AlarmWidgetIdManager] getListItem() : ItemIndex exceed ListItemCount. itemIndex=1
E/ClockAlarmWidget(17804): [AlarmWidgetIdManager] getListItem() : itemIndex=1, widgetID:1
D/dalvikvm(17396): GC_CONCURRENT freed 348K, 10% free 9337K/10311K, paused 3ms+25ms, total 99ms
D/ClockAlarmDataProvider(17804): getAlarm() - too many same ID alarm data. nCount: 0
D/KeyguardViewMediator( 2010): setHidden false
D/KeyguardViewMediator( 2010): setHidden false
D/dalvikvm(18458): GC_CONCURRENT freed <1K, 7% free 12703K/13575K, paused 22ms+3ms, total 101ms
D/dalvikvm(18458): WAIT_FOR_CONCURRENT_GC blocked 79ms
D/KeyguardViewMediator( 2010): setHidden false
D/KeyguardViewMediator( 2010): setHidden false
I/libblt_hw( 1665): Library opened (handle = 0, fd = 39)
D/KeyguardViewMediator( 2010): setHidden false
I/libblt_hw( 1665): Library closed (handle = 1, fd = 27)
D/KeyguardViewMediator( 2010): setHidden false
D/KeyguardViewMediator( 2010): setHidden false
D/KeyguardViewMediator( 2010): setHidden false
D/KeyguardViewMediator( 2010): setHidden false
I/InputReader( 2010): Reconfiguring input devices. changes=0x00000004
I/InputReader( 2010): Device reconfigured: id=9, name='sec_touchscreen', surface size is now 480x800, mode is 1
D/PhoneApp( 2235): updateProximitySensorMode: lock already released.
D/KeyguardViewMediator( 2010): setHidden false
D/dalvikvm(18458): GC_FOR_ALLOC freed 1502K, 18% free 11203K/13575K, paused 78ms, total 79ms
I/dalvikvm-heap(18458): Grow heap (frag case) to 13.013MB for 1536016-byte allocation
D/ClockAlarmWidgetService(17804): [ClockAlarmWidgetService] onReceive: action = android.intent.action.CONFIGURATION_CHANGED
E/ClockAlarmWidget(17804): [AlarmWidgetIdManager] getListItem() : itemIndex=0, widgetID:1
E/ClockAlarmWidget(17804): [AlarmWidgetIdManager] getListItem() : ItemIndex exceed ListItemCount. itemIndex=1
E/ClockAlarmWidget(17804): [AlarmWidgetIdManager] getListItem() : itemIndex=1, widgetID:1
D/ClockAlarmDataProvider(17804): getAlarm() - too many same ID alarm data. nCount: 0
D/KeyguardViewMediator( 2010): setHidden false
D/KeyguardViewMediator( 2010): setHidden false
