I/ADM ( 1694): 7: 69715306388: [OMXIL] omx_log:256 414B0008 [ADM.mixer ]: CB CmdComplete PortDisable 4
I/ADM ( 1694): 8: 69715306449: [OMXIL] omx_log:957 414B0008 [ADM.mixer ]: SendCommand PortDisable 5
I/ADM ( 1694): 9: 69715306480: [OMXIL] omx_log:256 414B0008 [ADM.mixer ]: CB CmdComplete PortDisable 5
I/ADM ( 1694): 9: 69715306541: [OMXIL] omx_log:957 414B0008 [ADM.mixer ]: SendCommand PortDisable 6
I/ADM ( 1694): 0: 69715306571: [OMXIL] omx_log:256 414B0008 [ADM.mixer ]: CB CmdComplete PortDisable 6
I/ADM ( 1694): 1: 69715306632: [OMXIL] omx_log:957 414B0008 [ADM.mixer ]: SendCommand PortDisable 7
I/ADM ( 1694): 1: 69715306663: [OMXIL] omx_log:256 414B0008 [ADM.mixer ]: CB CmdComplete PortDisable 7
I/ADM ( 1694): 2: 69715306724: [OMXIL] omx_log:957 414B0008 [ADM.mixer ]: SendCommand PortDisable 8
I/ADM ( 1694): 3: 69715306755: [OMXIL] omx_log:256 414B0008 [ADM.mixer ]: CB CmdComplete PortDisable 8
I/ADM ( 1694): 4: 69715306816: [OMXIL] omx_log:887 414B0008 [ADM.mixer ]: SetParameter idx=PortDefinition
I/ADM ( 1694): 5: 69715306846: [OMXIL] omx_log:293 port=0 dir=1 act=3 min=3 sz=3072 enabled=1 pop=0 domain=0 bcont=0 align=0
I/ADM ( 1694): 5: 69715306877: [OMXIL] omx_log:293 mime=(null) natread=0 conceal=0 encoding=2
I/ADM ( 1694): 7: 69715307029: [OMXIL] omx_log:887 45781F68 [ocessing.spl]: SetParameter idx=PortDefinition
I/ADM ( 1694): 8: 69715307060: [OMXIL] omx_log:293 port=0 dir=0 act=2 min=2 sz=3072 enabled=1 pop=0 domain=0 bcont=0 align=112
I/ADM ( 1694): 9: 69715307090: [OMXIL] omx_log:293 mime=(null) natread=0 conceal=0 encoding=2
I/ADM ( 1694): 5: 69715307487: [OMXIL] omx_log:887 45781F68 [ocessing.spl]: SetParameter idx=PortDefinition
I/ADM ( 1694): 6: 69715307517: [OMXIL] omx_log:293 port=1 dir=1 act=2 min=2 sz=3072 enabled=1 pop=0 domain=0 bcont=0 align=0
I/ADM ( 1694): 7: 69715307548: [OMXIL] omx_log:293 mime=(null) natread=0 conceal=0 encoding=2
I/ADM ( 1694): 2: 69715307884: [OMXIL] omx_log:887 43460E58 [ST.AFM.mixer]: SetParameter idx=PortDefinition
I/ADM ( 1694): 3: 69715307945: [OMXIL] omx_log:293 port=1 dir=0 act=3 min=2 sz=3072 enabled=0 pop=0 domain=0 bcont=0 align=1150561952
I/ADM ( 1694): 4: 69715307975: [OMXIL] omx_log:293 mime=(null) natread=0 conceal=0 encoding=2
E/ENSWrapper( 1694): return OMX_ErrorNotImplemented - GetExtensionIndex OMX.ST.AFM.pcmprocessing.spl h=0x45781f68 cParameterName=STE.ADM IndexType=unknown OMX_INDEXTYPE [ 0x7212df47 ]
I/ADM ( 1694): 8: 69715308830: [OMXIL] omx_log:256 SetupTunnel 414B0008[ADM.mixer].0 -> 45781F68[ocessing.spl].0 --> OK
I/ADM ( 1694): 0: 69715308921: [OMXIL] omx_log:957 45781F68 [ocessing.spl]: SendCommand PortDisable 1
I/ADM ( 1694): 4: 69715309196: [OMXIL] omx_log:256 45781F68 [ocessing.spl]: CB CmdComplete PortDisable 1
I/ADM ( 1694): 3: 69715310325: [OMXIL] omx_log:256 SetupTunnel 4374DE80[ocessing.spl].1 -> 4374DF30[X.ST.AFM.IHF].0 --> OK
I/ADM ( 1694): 0: 69715311302: [OMXIL] omx_log:256 SetupTunnel 43460E58[ST.AFM.mixer].0 -> 4374DE80[ocessing.spl].0 --> OK
I/ADM ( 1694): 1: 69715311363: [OMXIL] omx_log:954 4374DF30 [X.ST.AFM.IHF]: SendCommand StateSet StateIdle
I/ADM ( 1694): 5: 69715315238: [OMXIL] omx_log:954 4374DE80 [ocessing.spl]: SendCommand StateSet StateIdle
I/ADM ( 1694): 9: 69715315971: [OMXIL] omx_log:954 43460E58 [ST.AFM.mixer]: SendCommand StateSet StateIdle
I/ADM ( 1694): 9: 69715316551: [OMXIL] omx_log:954 45781F68 [ocessing.spl]: SendCommand StateSet StateIdle
I/ADM ( 1694): 3: 69715316734: [OMXIL] omx_log:954 414B0008 [ADM.mixer ]: SendCommand StateSet StateIdle
I/ADM ( 1694): 5: 69715317497: [OMXIL] omx_log:256 414B0008 [ADM.mixer ]: CB CmdComplete StateSet StateIdle
I/power ( 2010): *** acquire_dvfs_lock : lockType : 1 freq : 1000000
I/ADM ( 1694): 6: 69715346427: [OMXIL] omx_log:256 4374DF30 [X.ST.AFM.IHF]: CB CmdComplete StateSet StateIdle
D/KeyguardViewMediator( 2010): setHidden false
I/ADM ( 1694): 7: 69715356498: [OMXIL] omx_log:256 4374DE80 [ocessing.spl]: CB CmdComplete StateSet StateIdle
I/ADM ( 1694): 9: 69715370780: [OMXIL] omx_log:256 43460E58 [ST.AFM.mixer]: CB CmdComplete StateSet StateIdle
I/WifiEnabler(32385): Resume : 3
I/ADM ( 1694): 3: 69715382804: [OMXIL] omx_log:256 45781F68 [ocessing.spl]: CB CmdComplete StateSet StateIdle
I/ADM ( 1694): 8: 69715383110: [OMXIL] omx_log:954 4374DF30 [X.ST.AFM.IHF]: SendCommand StateSet StateExecuting
I/ADM ( 1694): 1: 69715385673: [OMXIL] omx_log:256 4374DF30 [X.ST.AFM.IHF]: CB CmdComplete StateSet StateExecuting
I/ADM ( 1694): 4: 69715385795: [OMXIL] omx_log:954 4374DE80 [ocessing.spl]: SendCommand StateSet StateExecuting
I/ADM ( 1694): 3: 69715386314: [OMXIL] omx_log:256 4374DE80 [ocessing.spl]: CB CmdComplete StateSet StateExecuting
I/ADM ( 1694): 2: 69715386405: [OMXIL] omx_log:954 43460E58 [ST.AFM.mixer]: SendCommand StateSet StateExecuting
I/ADM ( 1694): 2: 69715386894: [OMXIL] omx_log:256 43460E58 [ST.AFM.mixer]: CB CmdComplete StateSet StateExecuting
I/ADM ( 1694): 1: 69715386955: [OMXIL] omx_log:954 45781F68 [ocessing.spl]: SendCommand StateSet StateExecuting
I/ADM ( 1694): 1: 69715387413: [OMXIL] omx_log:256 45781F68 [ocessing.spl]: CB CmdComplete StateSet StateExecuting
I/ADM ( 1694): 0: 69715387474: [OMXIL] omx_log:954 414B0008 [ADM.mixer ]: SendCommand StateSet StateExecuting
I/ADM ( 1694): 3: 69715387535: [OMXIL] omx_log:256 414B0008 [ADM.mixer ]: CB CmdComplete StateSet StateExecuting
I/ADM ( 1694): 8: 69715387809: [OMXIL] omx_log:887 43460E58 [ST.AFM.mixer]: SetParameter idx=OMX_IndexParamAudioSynchronized
I/ADM ( 1694): 9: 69715387840: [OMXIL] omx_log:293 port=1 bIsSynchronized=1
I/ADM ( 1694): 4: 69715388145: [OMXIL] omx_log:887 45781F68 [ocessing.spl]: SetParameter idx=AudioPcm
I/ADM ( 1694): 4: 69715388206: [OMXIL] omx_log:293 port=1 channels=1 eNumData=0 endian=1 interleave=1 bits=16 samplerate=48000
I/ADM ( 1694): 5: 69715388236: [OMXIL] omx_log:293 pcmMode=0 map[0]=3 map[1]=0 map[2]=0, map[3]=0, map[4]=0, map[5]=0
I/ADM ( 1694): 9: 69715388481: [OMXIL] omx_log:887 43460E58 [ST.AFM.mixer]: SetParameter idx=AudioPcm
I/ADM ( 1694): 0: 69715388511: [OMXIL] omx_log:293 port=1 channels=1 eNumData=0 endian=1 interleave=1 bits=16 samplerate=48000
I/ADM ( 1694): 0: 69715388572: [OMXIL] omx_log:293 pcmMode=0 map[0]=3 map[1]=0 map[2]=0, map[3]=0, map[4]=0, map[5]=0
I/ADM ( 1694): 7: 69715389518: [OMXIL] omx_log:256 SetupTunnel 45781F68[ocessing.spl].1 -> 43460E58[ST.AFM.mixer].1 --> OK
I/ADM ( 1694): 8: 69715389610: [OMXIL] omx_log:957 43460E58 [ST.AFM.mixer]: SendCommand PortEnable 1
I/ADM ( 1694): 8: 69715390800: [OMXIL] omx_log:256 43460E58 [ST.AFM.mixer]: CB CmdComplete PortEnable 1
I/ADM ( 1694): 8: 69715390800: [OMXIL] omx_log:957 45781F68 [ocessing.spl]: SendCommand PortEnable 1
I/ADM ( 1694): 7: 69715394279: [OMXIL] omx_log:256 45781F68 [ocessing.spl]: CB CmdComplete PortEnable 1
I/ADM ( 1694): 1: 69715394462: [OMXIL] omx_log:573 Unknown index (not all mapped): 0x7F00600B
I/ADM ( 1694): 2: 69715394523: [INFO] dev:501 open dev OK, device handle: 101
I/ADM ( 1694): 2: 69715394584: [INFO] dev:512 >>> LEAVE dev_open(Speaker, 0) --> 101 0
I/ADM ( 1694): 4: 69715394645: [INFO] dev:306 setting /data/local/tmp/rme_act_adm to 0
I/ADM ( 1694): 3: 69715395774: [OMXIL] omx_log:256 40FF2008: GetHandle 'ADM.splitter' pAD=40049958 pCB=4013BD60 OK
I/ADM ( 1694): 4: 69715395866: [OMXIL] omx_log:887 40FF2008 [ADM.splitter]: SetParameter idx=AudioPcm
I/ADM ( 1694): 5: 69715395896: [OMXIL] omx_log:293 port=0 channels=2 eNumData=0 endian=1 interleave=1 bits=16 samplerate=44100
I/ADM ( 1694): 6: 69715395957: [OMXIL] omx_log:293 pcmMode=0 map[0]=1 map[1]=2 map[2]=0, map[3]=0, map[4]=0, map[5]=0
I/ADM ( 1694): 7: 69715395988: [OMXIL] omx_log:887 40FF2008 [ADM.splitter]: SetParameter idx=AudioPcm
I/ADM ( 1694): 7: 69715396049: [OMXIL] omx_log:293 port=1 channels=2 eNumData=0 endian=1 interleave=1 bits=16 samplerate=44100
I/ADM ( 1694): 8: 69715396080: [OMXIL] omx_log:293 pcmMode=0 map[0]=1 map[1]=2 map[2]=0, map[3]=0, map[4]=0, map[5]=0
I/ADM ( 1694): 9: 69715396141: [OMXIL] omx_log:957 40FF2008 [ADM.splitter]: SendCommand PortDisable 0
I/ADM ( 1694): 0: 69715396171: [OMXIL] omx_log:256 40FF2008 [ADM.splitter]: CB CmdComplete PortDisable 0
I/ADM ( 1694): 1: 69715396263: [OMXIL] omx_log:957 40FF2008 [ADM.splitter]: SendCommand PortDisable 1
I/ADM ( 1694): 2: 69715396293: [OMXIL] omx_log:256 40FF2008 [ADM.splitter]: CB CmdComplete PortDisable 1
I/ADM ( 1694): 3: 69715396354: [OMXIL] omx_log:957 40FF2008 [ADM.splitter]: SendCommand PortDisable 2
I/ADM ( 1694): 3: 69715396415: [OMXIL] omx_log:256 40FF2008 [ADM.splitter]: CB CmdComplete PortDisable 2
I/ADM ( 1694): 4: 69715396476: [OMXIL] omx_log:887 40FF2008 [ADM.splitter]: SetParameter idx=OMX_IndexParamAudioSynchronized
I/ADM ( 1694): 6: 69715396507: [OMXIL] omx_log:293 port=1 bIsSynchronized=1
I/ADM ( 1694): 6: 69715396568: [OMXIL] omx_log:887 40FF2008 [ADM.splitter]: SetParameter idx=OMX_IndexParamAudioSynchronized
I/ADM ( 1694): 7: 69715396598: [OMXIL] omx_log:293 port=2 bIsSynchronized=1
I/ADM ( 1694): 8: 69715396629: [OMXIL] omx_log:954 40FF2008 [ADM.splitter]: SendCommand StateSet StateIdle
I/ADM ( 1694): 8: 69715396690: [OMXIL] omx_log:256 40FF2008 [ADM.splitter]: CB CmdComplete StateSet StateIdle
I/ADM ( 1694): 9: 69715396720: [OMXIL] omx_log:954 40FF2008 [ADM.splitter]: SendCommand StateSet StateExecuting
I/ADM ( 1694): 0: 69715396781: [OMXIL] omx_log:256 40FF2008 [ADM.splitter]: CB CmdComplete StateSet StateExecuting
I/ADM ( 1694): 1: 69715396842: [OMXIL] omx_log:887 40FF2008 [ADM.splitter]: SetParameter idx=PortDefinition
I/ADM ( 1694): 2: 69715396873: [OMXIL] omx_log:293 port=0 dir=0 act=3 min=3 sz=3904 enabled=0 pop=0 domain=0 bcont=0 align=0
I/ADM ( 1694): 2: 69715396903: [OMXIL] omx_log:293 mime=(null) natread=0 conceal=0 encoding=2
I/ADM ( 1694): 3: 69715396965: [OMXIL] omx_log:887 40FF2008 [ADM.splitter]: SetParameter idx=OMX_IndexParamAudioSynchronized
I/ADM ( 1694): 4: 69715396995: [OMXIL] omx_log:293 port=0 bIsSynchronized=0
I/ADM ( 1694): 4: 69715397026: [OMXIL] omx_log:957 40FF2008 [ADM.splitter]: SendCommand PortEnable 0
I/ADM ( 1694): 8: 69715397300: [OMXIL] omx_log:1160 40FF2008 [ADM.splitter]: UseBuffer hdr=0 port=0 priv=0 bytes=3904 buf=410A1000
I/ADM ( 1694): 9: 69715397361: [OMXIL] omx_log:1160 40FF2008 [ADM.splitter]: UseBuffer hdr=0 port=0 priv=0 bytes=3904 buf=410A1F40
I/ADM ( 1694): 1: 69715397392: [OMXIL] omx_log:1160 40FF2008 [ADM.splitter]: UseBuffer hdr=0 port=0 priv=0 bytes=3904 buf=410A2E80
I/ADM ( 1694): 1: 69715397453: [OMXIL] omx_log:256 40FF2008 [ADM.splitter]: CB CmdComplete PortEnable 0
I/ADM ( 1694): 3: 69715397514: [OMXIL] omx_log:887 414B0008 [ADM.mixer ]: SetParameter idx=AudioPcm
I/ADM ( 1694): 3: 69715397575: [OMXIL] omx_log:293 port=1 channels=2 eNumData=0 endian=1 interleave=1 bits=16 samplerate=44100
I/ADM ( 1694): 4: 69715397605: [OMXIL] omx_log:293 pcmMode=0 map[0]=1 map[1]=2 map[2]=0, map[3]=0, map[4]=0, map[5]=0
I/ADM ( 1694): 5: 69715397666: [OMXIL] omx_log:256 SetupTunnel 40FF2008[ADM.splitter].1 -> 414B0008[ADM.mixer].1 --> OK
I/ADM ( 1694): 6: 69715397697: [OMXIL] omx_log:957 414B0008 [ADM.mixer ]: SendCommand PortEnable 1
I/ADM ( 1694): 6: 69715397758: [OMXIL] omx_log:256 414B0008 [ADM.mixer ]: CB CmdComplete PortEnable 1
I/ADM ( 1694): 7: 69715397819: [OMXIL] omx_log:957 40FF2008 [ADM.splitter]: SendCommand PortEnable 1
I/ADM ( 1694): 8: 69715397850: [OMXIL] omx_log:256 40FF2008 [ADM.splitter]: CB CmdComplete PortEnable 1
I/ADM ( 1694): 9: 69715397941: [OMXIL] omx_log:913 40FF2008 [ADM.splitter]: SetConfig idx=OMX_IndexParamAudioSynchronized
I/ADM ( 1694): 0: 69715397972: [OMXIL] omx_log:293 port=0 bIsSynchronized=1
I/ADM ( 1694): 1: 69715398033: [STATUS] api_devset:615 API LEAVE: Opened new device 'Speaker', handle = 101
I/sec_anm_ahi_output( 1672): adm_api: opened device. bufsz=3904 num_bufs=3 bufp=42C40000
I/BluetoothPolicyService( 2010): isBluetoothEnabled
I/libblt_hw( 1665): Library opened (handle = 1, fd = 47)
D/WindowManager( 2010): PhoneWindowManager: focusChangedLw
D/KeyguardViewMediator( 2010): setHidden false
W/ResourceType(32385): Failure getting entry for 0x7f02016a (t=1 e=362) in package 0 (error -75)
W/ResourceType(32385): Failure getting entry for 0x7f020157 (t=1 e=343) in package 0 (error -75)
W/ResourceType(32385): Failure getting entry for 0x7f02016c (t=1 e=364) in package 0 (error -75)
W/ResourceType(32385): Failure getting entry for 0x7f020166 (t=1 e=358) in package 0 (error -75)
W/ResourceType(32385): Failure getting entry for 0x7f020173 (t=1 e=371) in package 0 (error -75)
W/ResourceType(32385): Failure getting entry for 0x7f020180 (t=1 e=384) in package 0 (error -75)
W/ResourceType(32385): Failure getting entry for 0x7f020180 (t=1 e=384) in package 0 (error -75)
W/System.err(32385): Removed 2131428295
W/System.err(32385): Removed 2131428309
D/InputReader( 2010): Input event: value=1
I/InputDispatcher( 2010): Delivering key to current input target: action: 0x0
I/InputDispatcher( 2010): Delivering key to current input target: action: 0x0
I/InputDispatcher( 2010): Delivering key to current input target: action: 0x0
I/AudioPolicyManagerBase( 1672): getSituationVolume: isBTConnected:0 isHeadConnected:0
V/AudioPolicyManagerBase( 1672): getParamFromPolicy deviceInt = 0, situationInt = 1, situationVolume = 1.000000
V/audio_policy_anm( 1672): audio_io_handle_t android::ap_get_output(audio_policy*, audio_stream_type_t, uint32_t, audio_format_t, uint32_t, audio_output_flags_t): tid 1985
V/AudioPolicyManagerBase( 1672): getOutput() stream 1, samplingRate 0, format 0, channelMask 3, flags 0
V/AudioPolicyManagerBase( 1672): getOutput() returns output 2
V/audio_policy_anm( 1672): audio_io_handle_t android::ap_get_output(audio_policy*, audio_stream_type_t, uint32_t, audio_format_t, uint32_t, audio_output_flags_t): tid 2004
V/AudioPolicyManagerBase( 1672): getOutput() stream 1, samplingRate 0, format 0, channelMask 3, flags 0
V/AudioPolicyManagerBase( 1672): getOutput() returns output 2
V/audio_policy_anm( 1672): audio_io_handle_t android::ap_get_output(audio_policy*, audio_stream_type_t, uint32_t, audio_format_t, uint32_t, audio_output_flags_t): tid 1672
V/AudioPolicyManagerBase( 1672): getOutput() stream 1, samplingRate 44100, format 1, channelMask 3, flags 4
V/AudioPolicyManagerBase( 1672): getOutput() returns output 2
W/ResourceType(32385): Failure getting entry for 0x010802be (t=7 e=702) in package 0 (error -75)
W/ResourceType(32385): Failure getting entry for 0x010802be (t=7 e=702) in package 0 (error -75)
V/AudioPolicyManagerBase( 1672): startOutput() output 2, stream 1, session 473
V/AudioPolicyManagerBase( 1672): changeRefCount() stream 1, count 2
V/AudioPolicyManagerBase( 1672): releaseOutput() 2
W/ResourceType(32385): Failure getting entry for 0x010802be (t=7 e=702) in package 0 (error -75)
V/AudioPolicyManagerBase( 1672): stopOutput() output 2, stream 1, session 472
V/AudioPolicyManagerBase( 1672): changeRefCount() stream 1, count 1
D/KeyguardViewMediator( 2010): setHidden false
D/dalvikvm(17645): GC_CONCURRENT freed 221K, 8% free 9850K/10695K, paused 12ms+3ms, total 51ms
D/dalvikvm(17645): WAIT_FOR_CONCURRENT_GC blocked 26ms
D/KeyguardViewMediator( 2010): setHidden false
I/ClipboardServiceEx( 2010): Send intent for dismiss clipboard dialog inside hideCurrentInputLocked() !
D/KeyguardViewMediator( 2010): setHidden false
D/InputReader( 2010): Input event: value=0
I/InputDispatcher( 2010): Delivering key to current input target: action: 0x1
I/InputDispatcher( 2010): Delivering key to current input target: action: 0x1
I/InputDispatcher( 2010): Delivering key to current input target: action: 0x1
D/KeyguardViewMediator( 2010): setHidden false
E/SpannableStringBuilder(32385): SPAN_EXCLUSIVE_EXCLUSIVE spans cannot have a zero length
E/SpannableStringBuilder(32385): SPAN_EXCLUSIVE_EXCLUSIVE spans cannot have a zero length
I/WifiEnabler(32385): Pause : 3
I/BluetoothPolicyService( 2010): isBluetoothEnabled
D/WindowManager( 2010): PhoneWindowManager: focusChangedLw
D/KeyguardViewMediator( 2010): setHidden false
D/InputReader( 2010): Input event: value=1
I/AudioPolicyManagerBase( 1672): getSituationVolume: isBTConnected:0 isHeadConnected:0
V/AudioPolicyManagerBase( 1672): getParamFromPolicy deviceInt = 0, situationInt = 1, situationVolume = 1.000000
V/audio_policy_anm( 1672): audio_io_handle_t android::ap_get_output(audio_policy*, audio_stream_type_t, uint32_t, audio_format_t, uint32_t, audio_output_flags_t): tid 1672
V/AudioPolicyManagerBase( 1672): getOutput() stream 1, samplingRate 0, format 0, channelMask 3, flags 0
V/AudioPolicyManagerBase( 1672): getOutput() returns output 2
V/audio_policy_anm( 1672): audio_io_handle_t android::ap_get_output(audio_policy*, audio_stream_type_t, uint32_t, audio_format_t, uint32_t, audio_output_flags_t): tid 1985
V/AudioPolicyManagerBase( 1672): getOutput() stream 1, samplingRate 0, format 0, channelMask 3, flags 0
V/AudioPolicyManagerBase( 1672): getOutput() returns output 2
V/audio_policy_anm( 1672): audio_io_handle_t android::ap_get_output(audio_policy*, audio_stream_type_t, uint32_t, audio_format_t, uint32_t, audio_output_flags_t): tid 2004
V/AudioPolicyManagerBase( 1672): getOutput() stream 1, samplingRate 44100, format 1, channelMask 3, flags 4
V/AudioPolicyManagerBase( 1672): getOutput() returns output 2
V/AudioPolicyManagerBase( 1672): startOutput() output 2, stream 1, session 474
V/AudioPolicyManagerBase( 1672): changeRefCount() stream 1, count 2
V/AudioPolicyManagerBase( 1672): releaseOutput() 2
D/Launcher( 2290): onRestart, Launcher: 1109032568
D/Launcher( 2290): onStart, Launcher: 1109032568
D/Launcher.HomeFragment( 2290): onStart
D/Launcher( 2290): onResume, Launcher: 1109032568
D/KeyguardViewMediator( 2010): setHidden false
V/AudioPolicyManagerBase( 1672): stopOutput() output 2, stream 1, session 473
V/AudioPolicyManagerBase( 1672): changeRefCount() stream 1, count 1
D/dalvikvm(17645): GC_CONCURRENT freed 135K, 8% free 10134K/10951K, paused 3ms+7ms, total 53ms
D/InputReader( 2010): Input event: value=0
D/comsamsunglog( 2290): [MSC_HERO_Accu_JB]>>> ====================================================================================================================
D/comsamsunglog( 2290): [MSC_HERO_Accu_JB]>>> widgetappapheroaccuweatherwidget [Version : 12101501] [ 1 ]
D/comsamsunglog( 2290): [MSC_HERO_Accu_JB]>>> Header set to : ===> "widget" <===
D/comsamsunglog( 2290): [MSC_HERO_Accu_JB]>>> ====================================================================================================================
D/widget ( 2290): [MSC_HERO_Accu_JB]>>> WC:917 [0:0] onResume :: fU = true cEUi = true
D/widget ( 2290): [MSC_HERO_Accu_JB]>>> WC:953 [0:0] onResume :: mFAR = false, cC = false, cEUI = true
D/widget ( 2290): [MSC_HERO_Accu_JB]>>> WC:1265 [0:0] cUI : cnt = 0, mRC = true
D/widget ( 2290): [MSC_HERO_Accu_JB]>>> WC:1293 [0:0] composeEmptyCityUI : true
D/widget ( 2290): [MSC_HERO_Accu_JB]>>> SM:446 [0:0] IR : false, IPR : false
D/widget ( 2290): [MSC_HERO_Accu_JB]>>> SM:1288 [0:0] bTCC WCV = 100
D/widget ( 2290): [MSC_HERO_Accu_JB]>>> WC:1664 [0:0] drw 1nd Tm dt = 0558
E/Launcher( 2290): Error finding setting, default accessibility to not found: accessibility_enabled
D/Launcher.HomeFragment( 2290): onResume
D/MenuAppsGridFragment( 2290): onResume
D/Launcher.MenuAppsGrid( 2290): StateObj::getAppsList() item count = 37
D/CellLayoutChildren( 2290): setCellDimensions. width: 117, height: 126, gapX: 0, gapY: 0
D/CellLayout( 2290): setGridSize(4, 5)
D/CellLayoutChildren( 2290): setCellDimensions. width: 117, height: 126, gapX: 0, gapY: 0
D/CellLayout( 2290): setGridSize(4, 5)
D/AlarmWidget( 3673): [AlarmWidgetProvider] onReceive()@@@ com.sec.android.intent.action.HOME_RESUME
D/AlarmWidget( 3673): [AlarmWidgetProvider] widgetId = -1, selectId =-1
D/AlarmWidget( 3673): [AlarmWidgetProvider] ACTION_ALARM_APPWIDGET_UPDATE
V/TaskCloserActivity(17396): TaskCloserActivity onReceive() - com.sec.android.intent.action.HOME_RESUME
D/KeyguardViewMediator( 2010): setHidden false
D/KeyguardViewMediator( 2010): setHidden false
I/libblt_hw( 1665): Library closed (handle = 0, fd = 43)
I/libblt_hw( 1665): Library opened (handle = 0, fd = 29)
D/WindowManager( 2010): PhoneWindowManager: focusChangedLw
D/KeyguardViewMediator( 2010): setHidden false
I/InputDispatcher( 2010): Delivering key to current input target: action: 0x0
I/InputDispatcher( 2010): Delivering key to current input target: action: 0x0
I/InputDispatcher( 2010): Delivering key to current input target: action: 0x0
D/InputReader( 2010): Input event: value=1
I/AudioPolicyManagerBase( 1672): getSituationVolume: isBTConnected:0 isHeadConnected:0
V/AudioPolicyManagerBase( 1672): getParamFromPolicy deviceInt = 0, situationInt = 1, situationVolume = 1.000000
V/audio_policy_anm( 1672): audio_io_handle_t android::ap_get_output(audio_policy*, audio_stream_type_t, uint32_t, audio_format_t, uint32_t, audio_output_flags_t): tid 2004
V/AudioPolicyManagerBase( 1672): getOutput() stream 1, samplingRate 0, format 0, channelMask 3, flags 0
V/AudioPolicyManagerBase( 1672): getOutput() returns output 2
V/audio_policy_anm( 1672): audio_io_handle_t android::ap_get_output(audio_policy*, audio_stream_type_t, uint32_t, audio_format_t, uint32_t, audio_output_flags_t): tid 1672
V/AudioPolicyManagerBase( 1672): getOutput() stream 1, samplingRate 0, format 0, channelMask 3, flags 0
V/AudioPolicyManagerBase( 1672): getOutput() returns output 2
V/audio_policy_anm( 1672): audio_io_handle_t android::ap_get_output(audio_policy*, audio_stream_type_t, uint32_t, audio_format_t, uint32_t, audio_output_flags_t): tid 1985
V/AudioPolicyManagerBase( 1672): getOutput() stream 1, samplingRate 44100, format 1, channelMask 3, flags 4
V/AudioPolicyManagerBase( 1672): getOutput() returns output 2
V/AudioPolicyManagerBase( 1672): startOutput() output 2, stream 1, session 475
V/AudioPolicyManagerBase( 1672): changeRefCount() stream 1, count 2
V/AudioPolicyManagerBase( 1672): releaseOutput() 2
V/AudioPolicyManagerBase( 1672): stopOutput() output 2, stream 1, session 474
V/AudioPolicyManagerBase( 1672): changeRefCount() stream 1, count 1
D/InputReader( 2010): Input event: value=0
D/Finsky (17645): [1] 5.onFinished: Installation state replication succeeded.
D/KeyguardViewMediator( 2010): setHidden false
D/KeyguardViewMediator( 2010): setHidden false
I/ClipboardServiceEx( 2010): Send intent for dismiss clipboard dialog inside hideCurrentInputLocked() !
I/InputDispatcher( 2010): Delivering key to current input target: action: 0x1
I/InputDispatcher( 2010): Delivering key to current input target: action: 0x1
I/InputDispatcher( 2010): Delivering key to current input target: action: 0x1
D/KeyguardViewMediator( 2010): setHidden false
D/KeyguardViewMediator( 2010): setHidden false
I/InputDispatcher( 2010): Delivering key to current input target: action: 0x0
I/InputDispatcher( 2010): Delivering key to current input target: action: 0x0
I/InputDispatcher( 2010): Delivering key to current input target: action: 0x0
V/AudioPolicyManagerBase( 1672): stopOutput() output 2, stream 1, session 475
V/AudioPolicyManagerBase( 1672): changeRefCount() stream 1, count 0
V/AudioPolicyManagerBase( 1672): getNewDevice() selected device 0
V/AudioPolicyManagerBase( 1672): setOutputDevice() output 2 device 0000 force 0 delayMs 88
V/AudioPolicyManagerBase( 1672): setOutputDevice() prevDevice 0002
V/AudioPolicyManagerBase( 1672): setOutputDevice() setting same device 0000 or null device for output 2
I/InputDispatcher( 2010): Delivering key to current input target: action: 0x1
I/InputDispatcher( 2010): Delivering key to current input target: action: 0x1
I/InputDispatcher( 2010): Delivering key to current input target: action: 0x1
I/power ( 2010): *** release_dvfs_lock : lockType : 1
D/KeyguardViewMediator( 2010): setHidden false
D/KeyguardViewMediator( 2010): setHidden false
I/libblt_hw( 1665): Library closed (handle = 1, fd = 47)
D/KeyguardViewMediator( 2010): setHidden false
D/KeyguardViewMediator( 2010): setHidden false
D/KeyguardViewMediator( 2010): setHidden false
D/KeyguardViewMediator( 2010): setHidden false
D/ ( 2010):
D/ ( 2010): set_light_touchkey is called!!!
D/ ( 2010):
D/ ( 2010): light_touchkey on/off = 0
I/sec_anm_ahi_output( 1672): standby() called
I/sec_anm_ahi_output( 1672): Trying to drain devices
I/ADM ( 1694): 9: 69719192802: [INFO] api_devset:824 devapi_drain, draining 40FF2008.0
I/ADM ( 1694): 0: 69719220115: [INFO] omx_io:651 il_tool_io_empty_buffer_done: Idle callback requested, issuing..
I/ADM ( 1694): 7: 69719220359: [INFO] api_devset:835 Drain complete, sending reply msg
I/sec_anm_ahi_output( 1672): Drain devices done
I/sec_anm_ahi_output( 1672): adm_api: ste_adm_close_device(Speaker)
I/ADM ( 1694): 9: 69719221092: [STATUS] api_devset:316 Close device 'Speaker'
I/ADM ( 1694): 6: 69719221488: [OMXIL] omx_log:957 40FF2008 [ADM.splitter]: SendCommand PortDisable 0
I/ADM ( 1694): 0: 69719221733: [INFO] omx_io:410 il_tool_io_wait_until_idle: 40049958.0 idle, returning
I/ADM ( 1694): 3: 69719221916: [OMXIL] omx_log:1113 40FF2008 [ADM.splitter]: FreeBuf port=0 pBuf=444AEE70
I/ADM ( 1694): 7: 69719222099: [OMXIL] omx_log:1113 40FF2008 [ADM.splitter]: FreeBuf port=0 pBuf=444AEEC8
I/ADM ( 1694): 0: 69719222282: [OMXIL] omx_log:1113 40FF2008 [ADM.splitter]: FreeBuf port=0 pBuf=444AEF20
I/ADM ( 1694): 3: 69719222465: [OMXIL] omx_log:256 40FF2008 [ADM.splitter]: CB CmdComplete PortDisable 0
I/ADM ( 1694): 9: 69719222862: [OMXIL] omx_log:957 40FF2008 [ADM.splitter]: SendCommand PortDisable 1
I/ADM ( 1694): 3: 69719223075: [OMXIL] omx_log:256 40FF2008 [ADM.splitter]: CB CmdComplete PortDisable 1
I/ADM ( 1694): 6: 69719223289: [OMXIL] omx_log:957 414B0008 [ADM.mixer ]: SendCommand PortDisable 1
I/ADM ( 1694): 0: 69719223503: [OMXIL] omx_log:256 414B0008 [ADM.mixer ]: CB CmdComplete PortDisable 1
I/ADM ( 1694): 5: 69719223777: [INFO] dev:519 >>> ENTER dev_close(101)
I/ADM ( 1694): 4: 69719224296: [INFO] dev:306 setting /data/local/tmp/rme_act_adm to 1
I/ADM ( 1694): 2: 69719226615: [INFO] dev:347 rme alp tracker /data/local/tmp/rme_act_alp set to 0: proceeding
I/ADM ( 1694): 7: 69719226829: [INFO] dev_omx:1517 Enter dev_omx_close_graph - logical_handle=1 dealloc_buffers=0
I/ADM ( 1694): 0: 69719227012: [INFO] dev_omx:1534 Closing last device. Request audiocodec to ramp down audio
I/ADM ( 1694): 3: 69719227195: [OMXIL] omx_log:913 4374DF30 [X.ST.AFM.IHF]: SetConfig idx=Mute
I/ADM ( 1694): 6: 69719227378: [OMXIL] omx_log:293 port=0 mute=1
I/ADM ( 1694): 7: 69719261070: [OMXIL] omx_log:256 4374DF30 [X.ST.AFM.IHF]: CB EventIndexSettingChanged port=67108901 index=OMX_ALL
I/ADM ( 1694): 2: 69719261314: [OMXIL] omx_log:256 4374DF30 [X.ST.AFM.IHF]: CB EventIndexSettingChanged port=-1 index=Mute
I/ADM ( 1694): 3: 69719263816: [INFO] dev_omx_graph:1181 Enter graph_disconnect_app_effects_from_common_mix_split
I/ADM ( 1694): 2: 69719264274: [OMXIL] omx_log:957 45781F68 [ocessing.spl]: SendCommand PortDisable 1
I/ADM ( 1694): 7: 69719265769: [OMXIL] omx_log:957 43460E58 [ST.AFM.mixer]: SendCommand PortDisable 1
I/ADM ( 1694): 5: 69719269859: [OMXIL] omx_log:256 43460E58 [ST.AFM.mixer]: CB CmdComplete PortDisable 1
I/ADM ( 1694): 8: 69719275901: [OMXIL] omx_log:256 45781F68 [ocessing.spl]: CB CmdComplete PortDisable 1
I/ADM ( 1694): 0: 69719276512: [OMXIL] omx_log:954 414B0008 [ADM.mixer ]: SendCommand StateSet StateIdle
I/ADM ( 1694): 1: 69719276573: [OMXIL] omx_log:954 45781F68 [ocessing.spl]: SendCommand StateSet StateIdle
I/ADM ( 1694): 8: 69719277000: [OMXIL] omx_log:256 414B0008 [ADM.mixer ]: CB CmdComplete StateSet StateIdle
I/ADM ( 1694): 4: 69719277305: [OMXIL] omx_log:256 45781F68 [ocessing.spl]: CB CmdComplete StateSet StateIdle
I/ADM ( 1694): 7: 69719277549: [OMXIL] omx_log:954 43460E58 [ST.AFM.mixer]: SendCommand StateSet StateIdle
I/ADM ( 1694): 8: 69719278160: [OMXIL] omx_log:256 43460E58 [ST.AFM.mixer]: CB CmdComplete StateSet StateIdle
I/ADM ( 1694): 1: 69719278343: [OMXIL] omx_log:954 4374DE80 [ocessing.spl]: SendCommand StateSet StateIdle
I/ADM ( 1694): 1: 69719278892: [OMXIL] omx_log:256 4374DE80 [ocessing.spl]: CB CmdComplete StateSet StateIdle
I/ADM ( 1694): 3: 69719279075: [OMXIL] omx_log:954 4374DF30 [X.ST.AFM.IHF]: SendCommand StateSet StateIdle
I/ADM ( 1694): 8: 69719281700: [OMXIL] omx_log:256 4374DF30 [X.ST.AFM.IHF]: CB CmdComplete StateSet StateIdle
I/ADM ( 1694): 4: 69719282035: [OMXIL] omx_log:954 4374DF30 [X.ST.AFM.IHF]: SendCommand StateSet StateLoaded
I/ADM ( 1694): 6: 69719291007: [OMXIL] omx_log:256 4374DF30 [X.ST.AFM.IHF]: CB CmdComplete StateSet StateLoaded
I/ADM ( 1694): 8: 69719291160: [OMXIL] omx_log:954 4374DE80 [ocessing.spl]: SendCommand StateSet StateLoaded
I/ADM ( 1694): 9: 69719295890: [OMXIL] omx_log:256 4374DE80 [ocessing.spl]: CB CmdComplete StateSet StateLoaded
I/ADM ( 1694): 1: 69719296012: [OMXIL] omx_log:954 43460E58 [ST.AFM.mixer]: SendCommand StateSet StateLoaded
I/ADM ( 1694): 5: 69719300987: [OMXIL] omx_log:256 43460E58 [ST.AFM.mixer]: CB CmdComplete StateSet StateLoaded
I/ADM ( 1694): 7: 69719301109: [OMXIL] omx_log:954 45781F68 [ocessing.spl]: SendCommand StateSet StateLoaded
I/ADM ( 1694): 3: 69719306755: [OMXIL] omx_log:954 414B0008 [ADM.mixer ]: SendCommand StateSet StateLoaded
I/ADM ( 1694): 4: 69719306846: [OMXIL] omx_log:256 414B0008 [ADM.mixer ]: CB CmdComplete StateSet StateLoaded
I/ADM ( 1694): 5: 69719307456: [OMXIL] omx_log:256 45781F68 [ocessing.spl]: CB CmdComplete StateSet StateLoaded
I/ADM ( 1694): 9: 69719307731: [OMXIL] omx_log:256 45781F68 [ocessing.spl]: FreeHandle
I/ADM ( 1694): 4: 69719307975: [OMXIL] omx_log:256 414B0008 [ADM.mixer ]: FreeHandle
I/ADM ( 1694): 5: 69719308067: [OMXIL] omx_log:256 4374DE80 [ocessing.spl]: FreeHandle
I/ADM ( 1694): 1: 69719308402: [OMXIL] omx_log:256 4374DF30 [X.ST.AFM.IHF]: FreeHandle
I/ADM ( 1694): 6: 69719308708: [OMXIL] omx_log:256 43460E58 [ST.AFM.mixer]: FreeHandle
I/ADM ( 1694): 0: 69719308952: [INFO] dev_omx:1646 All OMX handles freed successfully
I/ADM ( 1694): 1: 69719308982: [INFO] dev_omx:1722 Graph closed successfully! ref_cnt = 0
I/ADM ( 1694): 2: 69719309013: [INFO] dev:1684 rescan_hw_handler
I/ADM ( 1694): 2: 69719309074: [INFO] hw_handler_u8500:423 AddD2DConnections ENTER
I/ADM ( 1694): 2: 69719309684: [INFO] dev:1675 hw_handler_dev_next_d2d: DONE
I/ADM ( 1694): 5: 69719309776: [INFO] dev:1654 hw_handler_dev_next: DONE
I/ADM ( 1694): 4: 69719310447: [INFO] hw_handler_u8500:810 Query: SELECT * FROM HW_Settings WHERE (Platform = 'AB8500') AND (Dev1 ='')ORDER BY rowid LIMIT 1
I/ADM ( 1694): 8: 69719311790: [INFO] hw_handler_u8500:922 ste_adm_hw_handler_u8500: Found matching HW-settings: devices = ('', '', '', '', '', ''), d2dlogical-connections = ('', '', '', '').
I/ADM ( 1694): 9: 69719328910: [INFO] dev:834 Updating event subscriptions for device Speaker
I/ADM ( 1694): 0: 69719328971: [INFO] dev:579 >>> LEAVE dev_close(101)
I/ADM ( 1694): 2: 69719329093: [INFO] dev:306 setting /data/local/tmp/rme_act_adm to 0
I/ADM ( 1694): 7: 69719330162: [INFO] api_devset:392 Releasing splitter; no longer used
I/ADM ( 1694): 1: 69719330253: [OMXIL] omx_log:954 40FF2008 [ADM.splitter]: SendCommand StateSet StateIdle
I/ADM ( 1694): 2: 69719330314: [OMXIL] omx_log:256 40FF2008 [ADM.splitter]: CB CmdComplete StateSet StateIdle
I/ADM ( 1694): 4: 69719330375: [OMXIL] omx_log:954 40FF2008 [ADM.splitter]: SendCommand StateSet StateLoaded
I/ADM ( 1694): 5: 69719330436: [OMXIL] omx_log:256 40FF2008 [ADM.splitter]: CB CmdComplete StateSet StateLoaded
I/ADM ( 1694): 6: 69719330497: [OMXIL] omx_log:256 40FF2008 [ADM.splitter]: FreeHandle
I/ADM ( 1694): 8: 69719330619: [INFO] api_devset:408 CloseDevice(Speaker) OK
D/KeyguardViewMediator( 2010): setHidden false
E/MtpService(32371): In MTPAPP onReceive:android.intent.action.BATTERY_CHANGED
E/MtpService(32371): battPlugged Type : 2
W/SignalStrength( 2113): getGsmLevel=1
W/SignalStrength( 2113): getLevel=1 (SignalStrength: 99 -1 -1 -1 -1 -1 -1 -1 -1 -1 -1 -1 gsm|lte 1)
W/SignalStrength( 2113): getGsmLevel=1
W/SignalStrength( 2113): getLevel=1 (SignalStrength: 99 -1 -1 -1 -1 -1 -1 -1 -1 -1 -1 -1 gsm|lte 1)
W/SignalStrength( 2010): getGsmLevel=1
W/SignalStrength( 2010): getLevel=1 (SignalStrength: 99 -1 -1 -1 -1 -1 -1 -1 -1 -1 -1 -1 gsm|lte 1)
W/SignalStrength( 2010): getGsmDbm=-1
W/SignalStrength( 2010): getDbm=-1
W/SignalStrength( 2010): getGsmAsuLevel=99
W/SignalStrength( 2010): getAsuLevel=99
E/MtpService(32371): In MTPAPP onReceive:android.intent.action.BATTERY_CHANGED
E/MtpService(32371): battPlugged Type : 2
D/dalvikvm( 2113): GC_CONCURRENT freed 1246K, 16% free 13784K/16327K, paused 2ms+8ms, total 49ms
W/SignalStrength( 2010): getGsmLevel=2
W/SignalStrength( 2010): getLevel=2 (SignalStrength: 99 -1 -1 -1 -1 -1 -1 -1 -1 -1 -1 -1 gsm|lte 2)
W/SignalStrength( 2113): getGsmLevel=2
W/SignalStrength( 2113): getLevel=2 (SignalStrength: 99 -1 -1 -1 -1 -1 -1 -1 -1 -1 -1 -1 gsm|lte 2)
W/SignalStrength( 2113): getGsmLevel=2
W/SignalStrength( 2113): getLevel=2 (SignalStrength: 99 -1 -1 -1 -1 -1 -1 -1 -1 -1 -1 -1 gsm|lte 2)
W/SignalStrength( 2010): getGsmDbm=-1
W/SignalStrength( 2010): getDbm=-1
W/SignalStrength( 2010): getGsmAsuLevel=99
W/SignalStrength( 2010): getAsuLevel=99
D/widget ( 2290): [MSC_HERO_Accu_JB]>>> SM:1288 [0:0] bTCC WCV = 100
D/widget ( 2290): [MSC_HERO_Accu_JB]>>> WC:1664 [0:0] drw 1nd Tm dt = 0559
D/ClockAlarmWidgetService(17804): [ClockAlarmWidgetService] onReceive: action = android.intent.action.TIME_TICK
E/ClockAlarmWidget(17804): [AlarmWidgetIdManager] getListItem() : itemIndex=0, widgetID:1
E/ClockAlarmWidget(17804): [AlarmWidgetIdManager] getListItem() : ItemIndex exceed ListItemCount. itemIndex=1
E/ClockAlarmWidget(17804): [AlarmWidgetIdManager] getListItem() : itemIndex=1, widgetID:1
D/ClockAlarmDataProvider(17804): getAlarm() - too many same ID alarm data. nCount: 0
E/MtpService(32371): In MTPAPP onReceive:android.intent.action.BATTERY_CHANGED
E/MtpService(32371): battPlugged Type : 2
E/MtpService(32371): In MTPAPP onReceive:android.intent.action.BATTERY_CHANGED
E/MtpService(32371): battPlugged Type : 2
E/MtpService(32371): In MTPAPP onReceive:android.intent.action.BATTERY_CHANGED
E/MtpService(32371): battPlugged Type : 2
D/AndroidRuntime(18091):
D/AndroidRuntime(18091): >>>>>> AndroidRuntime START com.android.internal.os.RuntimeInit <<<<<<
D/AndroidRuntime(18091): CheckJNI is OFF
D/AndroidRuntime(18091): setted country_code = PANAMA
D/AndroidRuntime(18091): setted countryiso_code = PA
D/AndroidRuntime(18091): setted sales_code = TPA
D/AndroidRuntime(18091): readGMSProperty: start
D/AndroidRuntime(18091): readGMSProperty: already setted!!
D/AndroidRuntime(18091): readGMSProperty: end
D/dalvikvm(18091): Trying to load lib libjavacore.so 0x0
D/dalvikvm(18091): Added shared lib libjavacore.so 0x0
D/dalvikvm(18091): Trying to load lib libnativehelper.so 0x0
D/dalvikvm(18091): Added shared lib libnativehelper.so 0x0
D/AndroidRuntime(18091): Calling main entry com.android.commands.pm.Pm
D/dalvikvm(17461): GC_CONCURRENT freed 418K, 11% free 9303K/10375K, paused 2ms+2ms, total 22ms
D/dalvikvm( 2010): GC_CONCURRENT freed 1883K, 50% free 19518K/38471K, paused 19ms+12ms, total 156ms
D/dalvikvm(18102): DexOpt: 'Lorg/apache/commons/codec/binary/Base64;' has an earlier definition; blocking out
D/dalvikvm(18102): DexOpt: 'Lorg/apache/commons/codec/binary/Hex;' has an earlier definition; blocking out
D/dalvikvm(18102): DexOpt: 'Lorg/w3c/dom/UserDataHandler;' has an earlier definition; blocking out
D/dalvikvm(18102): DexOpt: not verifying/optimizing 'Lorg/apache/commons/codec/binary/Base64;': multiple definitions
D/dalvikvm(18102): DexOpt: not verifying/optimizing 'Lorg/apache/commons/codec/binary/Hex;': multiple definitions
I/dalvikvm(18102): DexOpt: not resolving ambiguous class 'Lorg/apache/commons/codec/binary/Hex;'
I/dalvikvm(18102): DexOpt: not resolving ambiguous class 'Lorg/apache/commons/codec/binary/Base64;'
I/dalvikvm(18102): DexOpt: not resolving ambiguous class 'Lorg/apache/commons/codec/binary/Base64;'
D/dalvikvm(18102): DexOpt: not verifying/optimizing 'Lorg/w3c/dom/UserDataHandler;': multiple definitions
I/dalvikvm(18102): DexOpt: not resolving ambiguous class 'Lorg/apache/commons/codec/binary/Hex;'
D/dalvikvm(18102): DexOpt: load 131ms, verify+opt 471ms, 1923284 bytes
D/dalvikvm( 2010): WAIT_FOR_CONCURRENT_GC blocked 0ms
I/InputReader( 2010): Reconfiguring input devices. changes=0x00000010
I/BackGroundService( 2919): BackGroundService:패키지 설치 BR 수신 처리 시작
D/CapabilityManagerService(17577): Receiver Broadcast:android.intent.action.PACKAGE_ADDED
W/ResourceType( 2943): Failure getting entry for 0x7f020426 (t=1 e=1062) in package 0 (error -75)
D/Launcher.MenuAppsGrid( 2290): StateObj::getAppsList() item count = 38
D/CellLayoutChildren( 2290): setCellDimensions. width: 117, height: 126, gapX: 0, gapY: 0
D/CellLayout( 2290): setGridSize(4, 5)
D/CellLayoutChildren( 2290): setCellDimensions. width: 117, height: 126, gapX: 0, gapY: 0
D/CellLayout( 2290): setGridSize(4, 5)
I/PCWCLIENTTRACE_SPPReceiver(17632): [onReceive] - android.intent.action.PACKAGE_ADDED
D/dalvikvm( 2010): GC_EXPLICIT freed 1926K, 50% free 19582K/38471K, paused 46ms+32ms, total 489ms
D/AndroidRuntime(18091): Shutting down VM
D/dalvikvm(18091): GC_CONCURRENT freed 101K, 87% free 546K/4096K, paused 1ms+1ms, total 6ms
I/AndroidRuntime(18091): NOTE: attach of thread 'Binder_3' failed
I/SA (26388): [SUR] onReceive log=[SA = 1.3.050 V = 16 HWD = 800X480 1.5 SIZE = 2 LOCALE = en_US CSC = TPA MCC = 0 MNC 0 T = user DEVICE = golden P = goldenub I = JRO03H M = GT-I8190L OKLEFT false DIS JRO03H.I8190LUBALK4 ]
I/SA (26388): [SUR] onReceive Intent=[ android.intent.action.PACKAGE_ADDED package ]
W/System.err(27132): java.lang.NullPointerException
W/System.err(27132): at com.google.android.apps.plus.content.EsDatabaseHelper.getDatabaseHelper(EsDatabaseHelper.java:85)
W/System.err(27132): at com.google.android.apps.plus.content.EsDeepLinkInstallsData.getByPackageName(EsDeepLinkInstallsData.java:126)
W/System.err(27132): at com.google.android.apps.plus.service.EsService.processIntent2$751513a6(EsService.java:4580)
W/System.err(27132): at com.google.android.apps.plus.service.EsService.processIntent(EsService.java:3149)
W/System.err(27132): at com.google.android.apps.plus.service.ServiceThread$1.run(ServiceThread.java:50)
W/System.err(27132): at android.os.Handler.handleCallback(Handler.java:615)
W/System.err(27132): at android.os.Handler.dispatchMessage(Handler.java:92)
W/System.err(27132): at android.os.Looper.loop(Looper.java:137)
W/System.err(27132): at com.google.android.apps.plus.service.ServiceThread.run(ServiceThread.java:122)
D/AndroidRuntime(18115):
D/AndroidRuntime(18115): >>>>>> AndroidRuntime START com.android.internal.os.RuntimeInit <<<<<<
D/AndroidRuntime(18115): CheckJNI is OFF
D/AndroidRuntime(18115): setted country_code = PANAMA
D/AndroidRuntime(18115): setted countryiso_code = PA
D/AndroidRuntime(18115): setted sales_code = TPA
D/AndroidRuntime(18115): readGMSProperty: start
D/AndroidRuntime(18115): readGMSProperty: already setted!!
D/AndroidRuntime(18115): readGMSProperty: end
D/dalvikvm(18115): Trying to load lib libjavacore.so 0x0
D/dalvikvm(18115): Added shared lib libjavacore.so 0x0
D/dalvikvm(18115): Trying to load lib libnativehelper.so 0x0
D/dalvikvm(18115): Added shared lib libnativehelper.so 0x0
D/AndroidRuntime(18115): Calling main entry com.android.commands.am.Am
I/power ( 2010): *** acquire_dvfs_lock : lockType : 1 freq : 1000000
D/Launcher.HomeFragment( 2290): onPause
D/Launcher( 2290): onPause, Launcher: 1109032568
D/widget ( 2290): [MSC_HERO_Accu_JB]>>> WC:1028 [0:0] onPause
V/TaskCloserActivity(17396): TaskCloserActivity onReceive() - com.sec.android.intent.action.HOME_PAUSE
I/libblt_hw( 1665): Library opened (handle = 1, fd = 27)
D/KeyguardViewMediator( 2010): setHidden false
D/AndroidRuntime(18115): Shutting down VM
I/AndroidRuntime(18115): NOTE: attach of thread 'Binder_3' failed
D/dalvikvm(18115): GC_CONCURRENT freed 103K, 86% free 585K/4096K, paused 1ms+1ms, total 10ms
I/dalvikvm(18127): Turning on JNI app bug workarounds for target SDK version 8...
D/KeyguardViewMediator( 2010): setHidden false
D/WindowManager( 2010): PhoneWindowManager: focusChangedLw
D/Launcher( 2290): onTrimMemory. Level: 20
D/KeyguardViewMediator( 2010): setHidden false
D/KeyguardViewMediator( 2010): setHidden false
E/Trace (18127): error opening trace file: No such file or directory (2)
D/KeyguardViewMediator( 2010): setHidden false
D/KeyguardViewMediator( 2010): setHidden false
I/TiApplication(18127): (main) [1,1] checkpoint, app created.
I/TiApplication(18127): (main) [41,42] Titanium 3.1.0 (2013/04/15 01:43 40d2055)
D/dalvikvm( 2010): GC_CONCURRENT freed 443K, 46% free 21097K/38471K, paused 14ms+13ms, total 222ms
D/dalvikvm(18127): GC_CONCURRENT freed 311K, 10% free 9410K/10375K, paused 15ms+2ms, total 51ms
I/TiDbHelper(18127): (main) [239,281] No value in database for platform key: 'unique_machine_id' returning supplied default ''
D/KeyguardViewMediator( 2010): setHidden false
I/TiDbHelper(18127): (main) [8,289] No value in database for platform key: 'hardware_machine_id' returning supplied default ''
D/KeyguardViewMediator( 2010): setHidden false
I/libblt_hw( 1665): Library closed (handle = 0, fd = 29)
D/dalvikvm(18127): Trying to load lib /data/data/com.androidproject/lib/libstlport_shared.so 0x421ad7f8
I/TiApplication(18127): (main) [45,334] Titanium Javascript runtime: v8
D/dalvikvm(18127): Added shared lib /data/data/com.androidproject/lib/libstlport_shared.so 0x421ad7f8
D/dalvikvm(18127): No JNI_OnLoad found in /data/data/com.androidproject/lib/libstlport_shared.so 0x421ad7f8, skipping init
D/dalvikvm(18127): Trying to load lib /data/data/com.androidproject/lib/libkroll-v8.so 0x421ad7f8
D/AndroidmoduleModule(18127): (main) [8,342] inside onAppCreate
D/dalvikvm(18127): Added shared lib /data/data/com.androidproject/lib/libkroll-v8.so 0x421ad7f8
I/TiRootActivity(18127): (main) [0,0] checkpoint, on root activity create, savedInstanceState: null
I/TiAnalyticsDb(18127): (main) [36,36] Upgrading Database from 1 to 4
E/TiApplication(18127): (KrollRuntimeThread) [204,240] APP PROXY: ti.modules.titanium.app.AppModule@42222e70
D/dalvikvm(18127): Trying to load lib /data/data/com.androidproject/lib/libti.androidmodule.so 0x421ad7f8
D/dalvikvm(18127): Added shared lib /data/data/com.androidproject/lib/libti.androidmodule.so 0x421ad7f8
D/dalvikvm(18127): No JNI_OnLoad found in /data/data/com.androidproject/lib/libti.androidmodule.so 0x421ad7f8, skipping init
D/dalvikvm(18127): GC_CONCURRENT freed 262K, 10% free 9555K/10503K, paused 12ms+2ms, total 30ms
I/TiAPI (18127): module is => [object Object]
D/AndroidmoduleModule(18127): (KrollRuntimeThread) [185,425] example called
D/AndroidmoduleModule(18127): (KrollRuntimeThread) [1,426] get example property
I/TiAPI (18127): module exampleProp is => hello world
D/AndroidmoduleModule(18127): (KrollRuntimeThread) [0,426] set example property: This is a test value
D/ExampleProxy(18127): (KrollRuntimeThread) [5,431] example created with message: Creating an example Proxy
D/ExampleProxy(18127): (KrollRuntimeThread) [0,431] printing message: Hello world!
D/ExampleProxy(18127): (KrollRuntimeThread) [0,431] Tried setting module message to: Hi world!. It's me again.
D/ExampleProxy(18127): (KrollRuntimeThread) [0,431] printing message: Hello world!
I/power ( 2010): *** release_dvfs_lock : lockType : 1
D/dalvikvm(18127): GC_FOR_ALLOC freed 88K, 9% free 9612K/10503K, paused 16ms, total 17ms
I/dalvikvm-heap(18127): Grow heap (frag case) to 11.459MB for 1536016-byte allocation
D/dalvikvm(18127): GC_CONCURRENT freed 8K, 8% free 11104K/12039K, paused 12ms+2ms, total 37ms
D/dalvikvm(18127): Trying to load lib /data/data/com.androidproject/lib/libtiverify.so 0x421ad7f8
D/dalvikvm(18127): Added shared lib /data/data/com.androidproject/lib/libtiverify.so 0x421ad7f8
I/TiRootActivity(18127): (main) [0,0] checkpoint, on root activity resume. activity = com.androidproject.AndroidprojectActivity@421e7a50
I/libblt_hw( 1665): Library opened (handle = 0, fd = 29)
D/WindowManager( 2010): PhoneWindowManager: focusChangedLw
D/KeyguardViewMediator( 2010): setHidden false
V/PhoneStatusBar( 2113): setLightsOn(true)
I/ClipboardServiceEx( 2010): Send intent for dismiss clipboard dialog inside hideCurrentInputLocked() !
D/KeyguardViewMediator( 2010): setHidden false
D/KeyguardViewMediator( 2010): setHidden false
D/Launcher.HomeFragment( 2290): onStop
D/Launcher( 2290): onStop, Launcher: 1109032568
D/KeyguardViewMediator( 2010): setHidden false
D/KeyguardViewMediator( 2010): setHidden false
D/KeyguardViewMediator( 2010): setHidden false
D/KeyguardViewMediator( 2010): setHidden false
I/libblt_hw( 1665): Library closed (handle = 1, fd = 27)
E/MtpService(32371): In MTPAPP onReceive:android.intent.action.BATTERY_CHANGED
E/MtpService(32371): battPlugged Type : 2
W/TiVerify(18127): (Timer-0) [5008,5008] Verifying module licenses...
I/TiVerify(18127): (Timer-0) [4657,9665] Succesfully verified module licenses
E/MtpService(32371): In MTPAPP onReceive:android.intent.action.BATTERY_CHANGED
E/MtpService(32371): battPlugged Type : 2
D/dalvikvm(17645): GC_CONCURRENT freed 592K, 11% free 10053K/11271K, paused 3ms+2ms, total 31ms
D/dalvikvm(17645): WAIT_FOR_CONCURRENT_GC blocked 14ms
D/dalvikvm(17645): GC_CONCURRENT freed 236K, 10% free 10217K/11271K, paused 2ms+3ms, total 25ms
D/Finsky (17645): [1] 5.onFinished: Installation state replication succeeded.
D/dalvikvm( 2010): WAIT_FOR_CONCURRENT_GC blocked 1ms
D/dalvikvm( 2010): GC_EXPLICIT freed 267K, 46% free 21095K/38471K, paused 7ms+12ms, total 141ms
I/TiAnalyticsSvc(18127): (Thread-1673) [20099,29764] Analytics Service Started
D/dalvikvm(18127): GC_CONCURRENT freed 320K, 9% free 11303K/12295K, paused 12ms+2ms, total 35ms
D/widget ( 2290): [MSC_HERO_Accu_JB]>>> SM:1288 [0:0] bTCC WCV = 100
D/widget ( 2290): [MSC_HERO_Accu_JB]>>> WC:1664 [0:0] drw 1nd Tm dt = 0600
D/ClockAlarmWidgetService(17804): [ClockAlarmWidgetService] onReceive: action = android.intent.action.TIME_TICK
E/ClockAlarmWidget(17804): [AlarmWidgetIdManager] getListItem() : itemIndex=0, widgetID:1
E/ClockAlarmWidget(17804): [AlarmWidgetIdManager] getListItem() : ItemIndex exceed ListItemCount. itemIndex=1
E/ClockAlarmWidget(17804): [AlarmWidgetIdManager] getListItem() : itemIndex=1, widgetID:1
D/ClockAlarmDataProvider(17804): getAlarm() - too many same ID alarm data. nCount: 0
I/TiAnalyticsSvc(18127): (Thread-1673) [1123,30887] Stopping Analytics Service
E/MtpService(32371): In MTPAPP onReceive:android.intent.action.BATTERY_CHANGED
E/MtpService(32371): battPlugged Type : 2
E/MtpService(32371): In MTPAPP onReceive:android.intent.action.BATTERY_CHANGED
E/MtpService(32371): battPlugged Type : 2
W/SignalStrength( 2010): getGsmLevel=1
W/SignalStrength( 2113): getGsmLevel=1
W/SignalStrength( 2010): getLevel=1 (SignalStrength: 99 -1 -1 -1 -1 -1 -1 -1 -1 -1 -1 -1 gsm|lte 1)
W/SignalStrength( 2113): getLevel=1 (SignalStrength: 99 -1 -1 -1 -1 -1 -1 -1 -1 -1 -1 -1 gsm|lte 1)
W/SignalStrength( 2113): getGsmLevel=1
W/SignalStrength( 2113): getLevel=1 (SignalStrength: 99 -1 -1 -1 -1 -1 -1 -1 -1 -1 -1 -1 gsm|lte 1)
W/SignalStrength( 2010): getGsmDbm=-1
W/SignalStrength( 2010): getDbm=-1
W/SignalStrength( 2010): getGsmAsuLevel=99
W/SignalStrength( 2010): getAsuLevel=99
E/MtpService(32371): In MTPAPP onReceive:android.intent.action.BATTERY_CHANGED
E/MtpService(32371): battPlugged Type : 2
I/InputReader( 2010): Touch event's action is 0x0 (deviceType=0) [pCnt=1, s=0.365 ]
I/InputDispatcher( 2010): Delivering touch to current input target: action: 0x0
I/InputDispatcher( 2010): Delivering touch to current input target: action: 0x0
I/InputDispatcher( 2010): Delivering touch to current input target: action: 0x0
I/InputReader( 2010): Touch event's action is 0x1 (deviceType=0) [pCnt=1, s=]
I/InputDispatcher( 2010): Delivering touch to current input target: action: 0x1
I/InputDispatcher( 2010): Delivering touch to current input target: action: 0x1
I/InputDispatcher( 2010): Delivering touch to current input target: action: 0x1
I/AudioPolicyManagerBase( 1672): getSituationVolume: isBTConnected:0 isHeadConnected:0
V/AudioPolicyManagerBase( 1672): getParamFromPolicy deviceInt = 0, situationInt = 1, situationVolume = 1.000000
V/audio_policy_anm( 1672): audio_io_handle_t android::ap_get_output(audio_policy*, audio_stream_type_t, uint32_t, audio_format_t, uint32_t, audio_output_flags_t): tid 1672
V/AudioPolicyManagerBase( 1672): getOutput() stream 1, samplingRate 0, format 0, channelMask 3, flags 0
V/AudioPolicyManagerBase( 1672): getOutput() returns output 2
V/audio_policy_anm( 1672): audio_io_handle_t android::ap_get_output(audio_policy*, audio_stream_type_t, uint32_t, audio_format_t, uint32_t, audio_output_flags_t): tid 1985
V/AudioPolicyManagerBase( 1672): getOutput() stream 1, samplingRate 0, format 0, channelMask 3, flags 0
V/AudioPolicyManagerBase( 1672): getOutput() returns output 2
V/audio_policy_anm( 1672): audio_io_handle_t android::ap_get_output(audio_policy*, audio_stream_type_t, uint32_t, audio_format_t, uint32_t, audio_output_flags_t): tid 2004
V/AudioPolicyManagerBase( 1672): getOutput() stream 1, samplingRate 44100, format 1, channelMask 3, flags 4
V/AudioPolicyManagerBase( 1672): getOutput() returns output 2
V/AudioPolicyManagerBase( 1672): startOutput() output 2, stream 1, session 476
V/AudioPolicyManagerBase( 1672): changeRefCount() stream 1, count 1
V/AudioPolicyManagerBase( 1672): getNewDevice() selected device 2
V/AudioPolicyManagerBase( 1672): setOutputDevice() output 2 device 0002 force 0 delayMs 0
V/AudioPolicyManagerBase( 1672): setOutputDevice() prevDevice 0002
V/AudioPolicyManagerBase( 1672): setOutputDevice() setting same device 0002 or null device for output 2
I/sec_anm_ahi_output( 1672): openDevices()
V/sec_anm_organ_switcher( 1672): already: Speaker -> REF_Speaker_Playback_Music
I/sec_anm_ahi_output( 1672): adm_api: ste_adm_client_open_device(Speaker)
V/AudioPolicyManagerBase( 1672): releaseOutput() 2
