I/ADM ( 1694): 5: 69649145749: [OMXIL] omx_log:887 414B0008 [ADM.mixer ]: SetParameter idx=AudioPcm
I/ADM ( 1694): 6: 69649145779: [OMXIL] omx_log:293 port=6 channels=2 eNumData=0 endian=1 interleave=1 bits=16 samplerate=44100
I/ADM ( 1694): 7: 69649145810: [OMXIL] omx_log:293 pcmMode=0 map[0]=1 map[1]=2 map[2]=0, map[3]=0, map[4]=0, map[5]=0
I/ADM ( 1694): 7: 69649145840: [OMXIL] omx_log:913 414B0008 [ADM.mixer ]: SetConfig idx=AFM_IndexConfigPcmProbe
I/ADM ( 1694): 8: 69649145901: [OMXIL] omx_log:887 414B0008 [ADM.mixer ]: SetParameter idx=AFM_IndexParamSrcMode
I/ADM ( 1694): 9: 69649145932: [OMXIL] omx_log:293 nPortIndex=6 nSrcMode=Custom1
I/ADM ( 1694): 9: 69649145962: [OMXIL] omx_log:887 414B0008 [ADM.mixer ]: SetParameter idx=OMX_IndexParamAudioSynchronized
I/ADM ( 1694): 0: 69649146023: [OMXIL] omx_log:293 port=6 bIsSynchronized=1
I/ADM ( 1694): 2: 69649146145: [OMXIL] omx_log:887 414B0008 [ADM.mixer ]: SetParameter idx=AudioPcm
I/ADM ( 1694): 3: 69649146206: [OMXIL] omx_log:293 port=7 channels=2 eNumData=0 endian=1 interleave=1 bits=16 samplerate=44100
I/ADM ( 1694): 3: 69649146237: [OMXIL] omx_log:293 pcmMode=0 map[0]=1 map[1]=2 map[2]=0, map[3]=0, map[4]=0, map[5]=0
I/ADM ( 1694): 4: 69649146267: [OMXIL] omx_log:913 414B0008 [ADM.mixer ]: SetConfig idx=AFM_IndexConfigPcmProbe
I/ADM ( 1694): 5: 69649146328: [OMXIL] omx_log:887 414B0008 [ADM.mixer ]: SetParameter idx=AFM_IndexParamSrcMode
I/ADM ( 1694): 5: 69649146359: [OMXIL] omx_log:293 nPortIndex=7 nSrcMode=Custom1
I/ADM ( 1694): 6: 69649146390: [OMXIL] omx_log:887 414B0008 [ADM.mixer ]: SetParameter idx=OMX_IndexParamAudioSynchronized
I/ADM ( 1694): 7: 69649146420: [OMXIL] omx_log:293 port=7 bIsSynchronized=1
I/ADM ( 1694): 8: 69649146512: [OMXIL] omx_log:887 414B0008 [ADM.mixer ]: SetParameter idx=AudioPcm
I/ADM ( 1694): 9: 69649146542: [OMXIL] omx_log:293 port=8 channels=2 eNumData=0 endian=1 interleave=1 bits=16 samplerate=44100
I/ADM ( 1694): 9: 69649146603: [OMXIL] omx_log:293 pcmMode=0 map[0]=1 map[1]=2 map[2]=0, map[3]=0, map[4]=0, map[5]=0
I/ADM ( 1694): 1: 69649146634: [OMXIL] omx_log:913 414B0008 [ADM.mixer ]: SetConfig idx=AFM_IndexConfigPcmProbe
I/ADM ( 1694): 1: 69649146695: [OMXIL] omx_log:887 414B0008 [ADM.mixer ]: SetParameter idx=AFM_IndexParamSrcMode
I/ADM ( 1694): 2: 69649146725: [OMXIL] omx_log:293 nPortIndex=8 nSrcMode=Custom1
I/ADM ( 1694): 4: 69649146817: [OMXIL] omx_log:887 414B0008 [ADM.mixer ]: SetParameter idx=OMX_IndexParamAudioSynchronized
I/ADM ( 1694): 4: 69649146878: [OMXIL] omx_log:293 port=8 bIsSynchronized=1
I/ADM ( 1694): 5: 69649146908: [OMXIL] omx_log:957 414B0008 [ADM.mixer ]: SendCommand PortDisable 1
I/ADM ( 1694): 6: 69649146969: [OMXIL] omx_log:256 414B0008 [ADM.mixer ]: CB CmdComplete PortDisable 1
I/ADM ( 1694): 7: 69649147030: [OMXIL] omx_log:957 414B0008 [ADM.mixer ]: SendCommand PortDisable 2
I/ADM ( 1694): 8: 69649147061: [OMXIL] omx_log:256 414B0008 [ADM.mixer ]: CB CmdComplete PortDisable 2
I/ADM ( 1694): 0: 69649147244: [OMXIL] omx_log:957 414B0008 [ADM.mixer ]: SendCommand PortDisable 3
I/ADM ( 1694): 1: 69649147275: [OMXIL] omx_log:256 414B0008 [ADM.mixer ]: CB CmdComplete PortDisable 3
I/ADM ( 1694): 2: 69649147336: [OMXIL] omx_log:957 414B0008 [ADM.mixer ]: SendCommand PortDisable 4
I/ADM ( 1694): 3: 69649147397: [OMXIL] omx_log:256 414B0008 [ADM.mixer ]: CB CmdComplete PortDisable 4
I/ADM ( 1694): 4: 69649147427: [OMXIL] omx_log:957 414B0008 [ADM.mixer ]: SendCommand PortDisable 5
I/ADM ( 1694): 4: 69649147488: [OMXIL] omx_log:256 414B0008 [ADM.mixer ]: CB CmdComplete PortDisable 5
I/ADM ( 1694): 6: 69649147519: [OMXIL] omx_log:957 414B0008 [ADM.mixer ]: SendCommand PortDisable 6
I/ADM ( 1694): 6: 69649147580: [OMXIL] omx_log:256 414B0008 [ADM.mixer ]: CB CmdComplete PortDisable 6
I/ADM ( 1694): 7: 69649147610: [OMXIL] omx_log:957 414B0008 [ADM.mixer ]: SendCommand PortDisable 7
I/ADM ( 1694): 8: 69649147671: [OMXIL] omx_log:256 414B0008 [ADM.mixer ]: CB CmdComplete PortDisable 7
I/ADM ( 1694): 9: 69649147702: [OMXIL] omx_log:957 414B0008 [ADM.mixer ]: SendCommand PortDisable 8
I/ADM ( 1694): 9: 69649147763: [OMXIL] omx_log:256 414B0008 [ADM.mixer ]: CB CmdComplete PortDisable 8
I/ADM ( 1694): 0: 69649147824: [OMXIL] omx_log:887 414B0008 [ADM.mixer ]: SetParameter idx=PortDefinition
I/ADM ( 1694): 1: 69649147854: [OMXIL] omx_log:293 port=0 dir=1 act=3 min=3 sz=3072 enabled=1 pop=0 domain=0 bcont=0 align=0
I/ADM ( 1694): 2: 69649147885: [OMXIL] omx_log:293 mime=(null) natread=0 conceal=0 encoding=2
I/ADM ( 1694): 4: 69649148037: [OMXIL] omx_log:887 45781F68 [ocessing.spl]: SetParameter idx=PortDefinition
I/ADM ( 1694): 5: 69649148099: [OMXIL] omx_log:293 port=0 dir=0 act=2 min=2 sz=3072 enabled=1 pop=0 domain=0 bcont=0 align=112
I/ADM ( 1694): 6: 69649148129: [OMXIL] omx_log:293 mime=(null) natread=0 conceal=0 encoding=2
I/ADM ( 1694): 3: 69649148526: [OMXIL] omx_log:887 45781F68 [ocessing.spl]: SetParameter idx=PortDefinition
I/ADM ( 1694): 3: 69649148587: [OMXIL] omx_log:293 port=1 dir=1 act=2 min=2 sz=3072 enabled=1 pop=0 domain=0 bcont=0 align=112
I/ADM ( 1694): 4: 69649148648: [OMXIL] omx_log:293 mime=(null) natread=0 conceal=0 encoding=2
I/ADM ( 1694): 0: 69649149014: [OMXIL] omx_log:887 45A76DC8 [ST.AFM.mixer]: SetParameter idx=PortDefinition
I/ADM ( 1694): 1: 69649149075: [OMXIL] omx_log:293 port=1 dir=0 act=3 min=2 sz=3072 enabled=0 pop=0 domain=0 bcont=0 align=1135345320
I/ADM ( 1694): 2: 69649149106: [OMXIL] omx_log:293 mime=(null) natread=0 conceal=0 encoding=2
E/ENSWrapper( 1694): return OMX_ErrorNotImplemented - GetExtensionIndex OMX.ST.AFM.pcmprocessing.spl h=0x45781f68 cParameterName=STE.ADM IndexType=unknown OMX_INDEXTYPE [ 0x7212df47 ]
I/ADM ( 1694): 1: 69649149655: [OMXIL] omx_log:256 SetupTunnel 414B0008[ADM.mixer].0 -> 45781F68[ocessing.spl].0 --> OK
I/ADM ( 1694): 3: 69649149777: [OMXIL] omx_log:957 45781F68 [ocessing.spl]: SendCommand PortDisable 1
I/ADM ( 1694): 0: 69649150143: [OMXIL] omx_log:256 45781F68 [ocessing.spl]: CB CmdComplete PortDisable 1
I/ADM ( 1694): 1: 69649151425: [OMXIL] omx_log:256 SetupTunnel 43460E58[ocessing.spl].1 -> 4126A098[X.ST.AFM.IHF].0 --> OK
I/ADM ( 1694): 0: 69649153073: [OMXIL] omx_log:256 SetupTunnel 45A76DC8[ST.AFM.mixer].0 -> 43460E58[ocessing.spl].0 --> OK
I/ADM ( 1694): 1: 69649153134: [OMXIL] omx_log:954 4126A098 [X.ST.AFM.IHF]: SendCommand StateSet StateIdle
I/ADM ( 1694): 1: 69649153897: [OMXIL] omx_log:954 43460E58 [ocessing.spl]: SendCommand StateSet StateIdle
I/ADM ( 1694): 9: 69649160733: [OMXIL] omx_log:954 45A76DC8 [ST.AFM.mixer]: SendCommand StateSet StateIdle
I/ADM ( 1694): 1: 69649161435: [OMXIL] omx_log:954 45781F68 [ocessing.spl]: SendCommand StateSet StateIdle
I/ADM ( 1694): 2: 69649162076: [OMXIL] omx_log:954 414B0008 [ADM.mixer ]: SendCommand StateSet StateIdle
I/ADM ( 1694): 6: 69649166440: [OMXIL] omx_log:256 414B0008 [ADM.mixer ]: CB CmdComplete StateSet StateIdle
I/ADM ( 1694): 6: 69649188839: [OMXIL] omx_log:256 4126A098 [X.ST.AFM.IHF]: CB CmdComplete StateSet StateIdle
I/ADM ( 1694): 7: 69649198361: [OMXIL] omx_log:256 45A76DC8 [ST.AFM.mixer]: CB CmdComplete StateSet StateIdle
I/ADM ( 1694): 2: 69649208066: [OMXIL] omx_log:256 43460E58 [ocessing.spl]: CB CmdComplete StateSet StateIdle
I/ADM ( 1694): 8: 69649219601: [OMXIL] omx_log:256 45781F68 [ocessing.spl]: CB CmdComplete StateSet StateIdle
I/ADM ( 1694): 3: 69649219906: [OMXIL] omx_log:954 4126A098 [X.ST.AFM.IHF]: SendCommand StateSet StateExecuting
I/ADM ( 1694): 1: 69649222134: [OMXIL] omx_log:256 4126A098 [X.ST.AFM.IHF]: CB CmdComplete StateSet StateExecuting
I/ADM ( 1694): 5: 69649222378: [OMXIL] omx_log:954 43460E58 [ocessing.spl]: SendCommand StateSet StateExecuting
I/ADM ( 1694): 3: 69649222897: [OMXIL] omx_log:256 43460E58 [ocessing.spl]: CB CmdComplete StateSet StateExecuting
I/ADM ( 1694): 5: 69649222989: [OMXIL] omx_log:954 45A76DC8 [ST.AFM.mixer]: SendCommand StateSet StateExecuting
I/ADM ( 1694): 3: 69649223477: [OMXIL] omx_log:256 45A76DC8 [ST.AFM.mixer]: CB CmdComplete StateSet StateExecuting
I/ADM ( 1694): 3: 69649223660: [OMXIL] omx_log:954 45781F68 [ocessing.spl]: SendCommand StateSet StateExecuting
I/ADM ( 1694): 5: 69649224331: [OMXIL] omx_log:256 45781F68 [ocessing.spl]: CB CmdComplete StateSet StateExecuting
I/ADM ( 1694): 4: 69649224423: [OMXIL] omx_log:954 414B0008 [ADM.mixer ]: SendCommand StateSet StateExecuting
I/ADM ( 1694): 0: 69649224453: [OMXIL] omx_log:256 414B0008 [ADM.mixer ]: CB CmdComplete StateSet StateExecuting
I/ADM ( 1694): 6: 69649224789: [OMXIL] omx_log:887 45A76DC8 [ST.AFM.mixer]: SetParameter idx=OMX_IndexParamAudioSynchronized
I/ADM ( 1694): 7: 69649224850: [OMXIL] omx_log:293 port=1 bIsSynchronized=1
I/ADM ( 1694): 2: 69649225186: [OMXIL] omx_log:887 45781F68 [ocessing.spl]: SetParameter idx=AudioPcm
I/ADM ( 1694): 3: 69649225216: [OMXIL] omx_log:293 port=1 channels=1 eNumData=0 endian=1 interleave=1 bits=16 samplerate=48000
I/ADM ( 1694): 4: 69649225277: [OMXIL] omx_log:293 pcmMode=0 map[0]=3 map[1]=0 map[2]=0, map[3]=0, map[4]=0, map[5]=0
I/ADM ( 1694): 8: 69649225522: [OMXIL] omx_log:887 45A76DC8 [ST.AFM.mixer]: SetParameter idx=AudioPcm
I/ADM ( 1694): 9: 69649225583: [OMXIL] omx_log:293 port=1 channels=1 eNumData=0 endian=1 interleave=1 bits=16 samplerate=48000
I/ADM ( 1694): 0: 69649225613: [OMXIL] omx_log:293 pcmMode=0 map[0]=3 map[1]=0 map[2]=0, map[3]=0, map[4]=0, map[5]=0
I/ADM ( 1694): 8: 69649226681: [OMXIL] omx_log:256 SetupTunnel 45781F68[ocessing.spl].1 -> 45A76DC8[ST.AFM.mixer].1 --> OK
I/ADM ( 1694): 9: 69649226773: [OMXIL] omx_log:957 45A76DC8 [ST.AFM.mixer]: SendCommand PortEnable 1
I/ADM ( 1694): 9: 69649228482: [OMXIL] omx_log:256 45A76DC8 [ST.AFM.mixer]: CB CmdComplete PortEnable 1
I/ADM ( 1694): 0: 69649228604: [OMXIL] omx_log:957 45781F68 [ocessing.spl]: SendCommand PortEnable 1
I/ADM ( 1694): 1: 69649233975: [OMXIL] omx_log:256 45781F68 [ocessing.spl]: CB CmdComplete PortEnable 1
I/ADM ( 1694): 5: 69649234189: [OMXIL] omx_log:573 Unknown index (not all mapped): 0x7F00600B
I/ADM ( 1694): 6: 69649234250: [INFO] dev:501 open dev OK, device handle: 101
I/ADM ( 1694): 7: 69649234280: [INFO] dev:512 >>> LEAVE dev_open(Speaker, 0) --> 101 0
I/ADM ( 1694): 9: 69649234402: [INFO] dev:306 setting /data/local/tmp/rme_act_adm to 0
I/ADM ( 1694): 4: 69649234707: [OMXIL] omx_log:256 40FF2008: GetHandle 'ADM.splitter' pAD=40049958 pCB=4013BD60 OK
I/ADM ( 1694): 5: 69649234799: [OMXIL] omx_log:887 40FF2008 [ADM.splitter]: SetParameter idx=AudioPcm
I/ADM ( 1694): 6: 69649234829: [OMXIL] omx_log:293 port=0 channels=2 eNumData=0 endian=1 interleave=1 bits=16 samplerate=44100
I/ADM ( 1694): 7: 69649234890: [OMXIL] omx_log:293 pcmMode=0 map[0]=1 map[1]=2 map[2]=0, map[3]=0, map[4]=0, map[5]=0
I/ADM ( 1694): 8: 69649234921: [OMXIL] omx_log:887 40FF2008 [ADM.splitter]: SetParameter idx=AudioPcm
I/ADM ( 1694): 8: 69649234982: [OMXIL] omx_log:293 port=1 channels=2 eNumData=0 endian=1 interleave=1 bits=16 samplerate=44100
I/ADM ( 1694): 9: 69649235013: [OMXIL] omx_log:293 pcmMode=0 map[0]=1 map[1]=2 map[2]=0, map[3]=0, map[4]=0, map[5]=0
I/ADM ( 1694): 0: 69649235043: [OMXIL] omx_log:957 40FF2008 [ADM.splitter]: SendCommand PortDisable 0
I/ADM ( 1694): 1: 69649235104: [OMXIL] omx_log:256 40FF2008 [ADM.splitter]: CB CmdComplete PortDisable 0
I/ADM ( 1694): 1: 69649235165: [OMXIL] omx_log:957 40FF2008 [ADM.splitter]: SendCommand PortDisable 1
I/ADM ( 1694): 3: 69649235196: [OMXIL] omx_log:256 40FF2008 [ADM.splitter]: CB CmdComplete PortDisable 1
I/ADM ( 1694): 4: 69649235257: [OMXIL] omx_log:957 40FF2008 [ADM.splitter]: SendCommand PortDisable 2
I/ADM ( 1694): 4: 69649235287: [OMXIL] omx_log:256 40FF2008 [ADM.splitter]: CB CmdComplete PortDisable 2
I/ADM ( 1694): 5: 69649235348: [OMXIL] omx_log:887 40FF2008 [ADM.splitter]: SetParameter idx=OMX_IndexParamAudioSynchronized
I/ADM ( 1694): 6: 69649235379: [OMXIL] omx_log:293 port=1 bIsSynchronized=1
I/ADM ( 1694): 6: 69649235440: [OMXIL] omx_log:887 40FF2008 [ADM.splitter]: SetParameter idx=OMX_IndexParamAudioSynchronized
I/ADM ( 1694): 7: 69649235470: [OMXIL] omx_log:293 port=2 bIsSynchronized=1
I/ADM ( 1694): 8: 69649235501: [OMXIL] omx_log:954 40FF2008 [ADM.splitter]: SendCommand StateSet StateIdle
I/ADM ( 1694): 8: 69649235531: [OMXIL] omx_log:256 40FF2008 [ADM.splitter]: CB CmdComplete StateSet StateIdle
I/ADM ( 1694): 9: 69649235592: [OMXIL] omx_log:954 40FF2008 [ADM.splitter]: SendCommand StateSet StateExecuting
I/ADM ( 1694): 0: 69649235623: [OMXIL] omx_log:256 40FF2008 [ADM.splitter]: CB CmdComplete StateSet StateExecuting
I/ADM ( 1694): 1: 69649235684: [OMXIL] omx_log:887 40FF2008 [ADM.splitter]: SetParameter idx=PortDefinition
I/ADM ( 1694): 1: 69649235745: [OMXIL] omx_log:293 port=0 dir=0 act=3 min=3 sz=3904 enabled=0 pop=0 domain=0 bcont=0 align=0
I/ADM ( 1694): 2: 69649235776: [OMXIL] omx_log:293 mime=(null) natread=0 conceal=0 encoding=2
I/ADM ( 1694): 3: 69649235806: [OMXIL] omx_log:887 40FF2008 [ADM.splitter]: SetParameter idx=OMX_IndexParamAudioSynchronized
I/ADM ( 1694): 3: 69649235867: [OMXIL] omx_log:293 port=0 bIsSynchronized=0
I/ADM ( 1694): 4: 69649235898: [OMXIL] omx_log:957 40FF2008 [ADM.splitter]: SendCommand PortEnable 0
I/ADM ( 1694): 8: 69649236081: [OMXIL] omx_log:1160 40FF2008 [ADM.splitter]: UseBuffer hdr=0 port=0 priv=0 bytes=3904 buf=40042000
I/ADM ( 1694): 9: 69649236142: [OMXIL] omx_log:1160 40FF2008 [ADM.splitter]: UseBuffer hdr=0 port=0 priv=0 bytes=3904 buf=40042F40
I/ADM ( 1694): 9: 69649236203: [OMXIL] omx_log:1160 40FF2008 [ADM.splitter]: UseBuffer hdr=0 port=0 priv=0 bytes=3904 buf=40043E80
I/ADM ( 1694): 0: 69649236233: [OMXIL] omx_log:256 40FF2008 [ADM.splitter]: CB CmdComplete PortEnable 0
I/ADM ( 1694): 1: 69649236294: [OMXIL] omx_log:887 414B0008 [ADM.mixer ]: SetParameter idx=AudioPcm
I/ADM ( 1694): 2: 69649236355: [OMXIL] omx_log:293 port=1 channels=2 eNumData=0 endian=1 interleave=1 bits=16 samplerate=44100
I/ADM ( 1694): 2: 69649236386: [OMXIL] omx_log:293 pcmMode=0 map[0]=1 map[1]=2 map[2]=0, map[3]=0, map[4]=0, map[5]=0
I/ADM ( 1694): 3: 69649236416: [OMXIL] omx_log:256 SetupTunnel 40FF2008[ADM.splitter].1 -> 414B0008[ADM.mixer].1 --> OK
I/ADM ( 1694): 4: 69649236477: [OMXIL] omx_log:957 414B0008 [ADM.mixer ]: SendCommand PortEnable 1
I/ADM ( 1694): 5: 69649236508: [OMXIL] omx_log:256 414B0008 [ADM.mixer ]: CB CmdComplete PortEnable 1
I/ADM ( 1694): 5: 69649236569: [OMXIL] omx_log:957 40FF2008 [ADM.splitter]: SendCommand PortEnable 1
I/ADM ( 1694): 6: 69649236599: [OMXIL] omx_log:256 40FF2008 [ADM.splitter]: CB CmdComplete PortEnable 1
I/ADM ( 1694): 7: 69649236661: [OMXIL] omx_log:913 40FF2008 [ADM.splitter]: SetConfig idx=OMX_IndexParamAudioSynchronized
I/ADM ( 1694): 8: 69649236722: [OMXIL] omx_log:293 port=0 bIsSynchronized=1
I/ADM ( 1694): 9: 69649236752: [STATUS] api_devset:615 API LEAVE: Opened new device 'Speaker', handle = 101
I/sec_anm_ahi_output( 1672): adm_api: opened device. bufsz=3904 num_bufs=3 bufp=42C40000
I/ApplicationPolicy( 2010): getApplicationUninstallationEnabled
V/AudioPolicyManagerBase( 1672): stopOutput() output 2, stream 1, session 429
V/AudioPolicyManagerBase( 1672): changeRefCount() stream 1, count 0
V/AudioPolicyManagerBase( 1672): getNewDevice() selected device 0
V/AudioPolicyManagerBase( 1672): setOutputDevice() output 2 device 0000 force 0 delayMs 88
V/AudioPolicyManagerBase( 1672): setOutputDevice() prevDevice 0002
V/AudioPolicyManagerBase( 1672): setOutputDevice() setting same device 0000 or null device for output 2
I/libblt_hw( 1665): Library opened (handle = 1, fd = 42)
D/WindowManager( 2010): PhoneWindowManager: focusChangedLw
D/KeyguardViewMediator( 2010): setHidden false
D/dalvikvm(32385): GC_CONCURRENT freed 383K, 5% free 22372K/23431K, paused 12ms+17ms, total 123ms
W/ResourceType(32385): Failure getting entry for 0x7f02016a (t=1 e=362) in package 0 (error -75)
W/ResourceType(32385): Failure getting entry for 0x7f020157 (t=1 e=343) in package 0 (error -75)
W/ResourceType(32385): Failure getting entry for 0x7f02016c (t=1 e=364) in package 0 (error -75)
W/ResourceType(32385): Failure getting entry for 0x7f020166 (t=1 e=358) in package 0 (error -75)
W/ResourceType(32385): Failure getting entry for 0x7f020173 (t=1 e=371) in package 0 (error -75)
W/ResourceType(32385): Failure getting entry for 0x7f020180 (t=1 e=384) in package 0 (error -75)
W/ResourceType(32385): Failure getting entry for 0x7f020180 (t=1 e=384) in package 0 (error -75)
W/System.err(32385): Removed 2131428295
W/System.err(32385): Removed 2131428309
D/KeyguardViewMediator( 2010): setHidden false
D/KeyguardViewMediator( 2010): setHidden false
D/KeyguardViewMediator( 2010): setHidden false
I/ClipboardServiceEx( 2010): Send intent for dismiss clipboard dialog inside hideCurrentInputLocked() !
W/IInputConnectionWrapper(32385): getSelectedText on inactive InputConnection
W/ResourceType(32385): Failure getting entry for 0x7f02016a (t=1 e=362) in package 0 (error -75)
W/ResourceType(32385): Failure getting entry for 0x7f020157 (t=1 e=343) in package 0 (error -75)
W/ResourceType(32385): Failure getting entry for 0x7f02016c (t=1 e=364) in package 0 (error -75)
W/ResourceType(32385): Failure getting entry for 0x7f020166 (t=1 e=358) in package 0 (error -75)
W/ResourceType(32385): Failure getting entry for 0x7f020173 (t=1 e=371) in package 0 (error -75)
W/ResourceType(32385): Failure getting entry for 0x7f020180 (t=1 e=384) in package 0 (error -75)
W/ResourceType(32385): Failure getting entry for 0x7f020180 (t=1 e=384) in package 0 (error -75)
W/System.err(32385): Removed 2131428295
W/System.err(32385): Removed 2131428309
D/KeyguardViewMediator( 2010): setHidden false
W/IInputConnectionWrapper(32385): setComposingText on inactive InputConnection
W/IInputConnectionWrapper(32385): getExtractedText on inactive InputConnection
I/power ( 2010): *** release_dvfs_lock : lockType : 1
D/KeyguardViewMediator( 2010): setHidden false
D/KeyguardViewMediator( 2010): setHidden false
I/libblt_hw( 1665): Library closed (handle = 0, fd = 47)
D/KeyguardViewMediator( 2010): setHidden false
E/MtpService(32371): In MTPAPP onReceive:android.intent.action.BATTERY_CHANGED
E/MtpService(32371): battPlugged Type : 2
D/dalvikvm(17461): GC_CONCURRENT freed 421K, 11% free 9268K/10375K, paused 4ms+3ms, total 34ms
I/InputReader( 2010): Touch event's action is 0x0 (deviceType=0) [pCnt=1, s=0.316 ]
I/InputDispatcher( 2010): Delivering touch to current input target: action: 0x0
I/InputDispatcher( 2010): Delivering touch to current input target: action: 0x0
I/InputDispatcher( 2010): Delivering touch to current input target: action: 0x0
I/InputReader( 2010): Touch event's action is 0x1 (deviceType=0) [pCnt=1, s=]
I/InputDispatcher( 2010): Delivering touch to current input target: action: 0x1
I/InputDispatcher( 2010): Delivering touch to current input target: action: 0x1
I/InputDispatcher( 2010): Delivering touch to current input target: action: 0x1
I/AudioPolicyManagerBase( 1672): getSituationVolume: isBTConnected:0 isHeadConnected:0
V/AudioPolicyManagerBase( 1672): getParamFromPolicy deviceInt = 0, situationInt = 1, situationVolume = 1.000000
V/audio_policy_anm( 1672): audio_io_handle_t android::ap_get_output(audio_policy*, audio_stream_type_t, uint32_t, audio_format_t, uint32_t, audio_output_flags_t): tid 1985
V/AudioPolicyManagerBase( 1672): getOutput() stream 1, samplingRate 0, format 0, channelMask 3, flags 0
V/AudioPolicyManagerBase( 1672): getOutput() returns output 2
V/audio_policy_anm( 1672): audio_io_handle_t android::ap_get_output(audio_policy*, audio_stream_type_t, uint32_t, audio_format_t, uint32_t, audio_output_flags_t): tid 1672
V/AudioPolicyManagerBase( 1672): getOutput() stream 1, samplingRate 0, format 0, channelMask 3, flags 0
V/AudioPolicyManagerBase( 1672): getOutput() returns output 2
V/audio_policy_anm( 1672): audio_io_handle_t android::ap_get_output(audio_policy*, audio_stream_type_t, uint32_t, audio_format_t, uint32_t, audio_output_flags_t): tid 2004
V/AudioPolicyManagerBase( 1672): getOutput() stream 1, samplingRate 44100, format 1, channelMask 3, flags 4
V/AudioPolicyManagerBase( 1672): getOutput() returns output 2
V/AudioPolicyManagerBase( 1672): startOutput() output 2, stream 1, session 430
V/AudioPolicyManagerBase( 1672): changeRefCount() stream 1, count 1
V/AudioPolicyManagerBase( 1672): getNewDevice() selected device 2
V/AudioPolicyManagerBase( 1672): setOutputDevice() output 2 device 0002 force 0 delayMs 0
V/AudioPolicyManagerBase( 1672): setOutputDevice() prevDevice 0002
V/AudioPolicyManagerBase( 1672): setOutputDevice() setting same device 0002 or null device for output 2
V/AudioPolicyManagerBase( 1672): releaseOutput() 2
W/ResourceType(32385): Failure getting entry for 0x010802be (t=7 e=702) in package 0 (error -75)
D/WindowManager( 2010): PhoneWindowManager: focusChangedLw
I/libblt_hw( 1665): Library opened (handle = 0, fd = 47)
D/KeyguardViewMediator( 2010): setHidden false
D/KeyguardViewMediator( 2010): setHidden false
D/KeyguardViewMediator( 2010): setHidden false
V/AudioPolicyManagerBase( 1672): stopOutput() output 2, stream 1, session 430
V/AudioPolicyManagerBase( 1672): changeRefCount() stream 1, count 0
V/AudioPolicyManagerBase( 1672): getNewDevice() selected device 0
V/AudioPolicyManagerBase( 1672): setOutputDevice() output 2 device 0000 force 0 delayMs 88
V/AudioPolicyManagerBase( 1672): setOutputDevice() prevDevice 0002
V/AudioPolicyManagerBase( 1672): setOutputDevice() setting same device 0000 or null device for output 2
D/KeyguardViewMediator( 2010): setHidden false
D/KeyguardViewMediator( 2010): setHidden false
I/InputReader( 2010): Touch event's action is 0x0 (deviceType=0) [pCnt=1, s=0.317 ]
I/InputDispatcher( 2010): Delivering touch to current input target: action: 0x0
I/InputDispatcher( 2010): Delivering touch to current input target: action: 0x0
I/InputDispatcher( 2010): Delivering touch to current input target: action: 0x0
I/InputReader( 2010): Touch event's action is 0x1 (deviceType=0) [pCnt=1, s=]
I/InputDispatcher( 2010): Delivering touch to current input target: action: 0x1
I/InputDispatcher( 2010): Delivering touch to current input target: action: 0x1
I/InputDispatcher( 2010): Delivering touch to current input target: action: 0x1
I/AudioPolicyManagerBase( 1672): getSituationVolume: isBTConnected:0 isHeadConnected:0
V/AudioPolicyManagerBase( 1672): getParamFromPolicy deviceInt = 0, situationInt = 1, situationVolume = 1.000000
V/audio_policy_anm( 1672): audio_io_handle_t android::ap_get_output(audio_policy*, audio_stream_type_t, uint32_t, audio_format_t, uint32_t, audio_output_flags_t): tid 2004
V/AudioPolicyManagerBase( 1672): getOutput() stream 1, samplingRate 0, format 0, channelMask 3, flags 0
V/AudioPolicyManagerBase( 1672): getOutput() returns output 2
V/audio_policy_anm( 1672): audio_io_handle_t android::ap_get_output(audio_policy*, audio_stream_type_t, uint32_t, audio_format_t, uint32_t, audio_output_flags_t): tid 1985
V/AudioPolicyManagerBase( 1672): getOutput() stream 1, samplingRate 0, format 0, channelMask 3, flags 0
V/AudioPolicyManagerBase( 1672): getOutput() returns output 2
V/audio_policy_anm( 1672): audio_io_handle_t android::ap_get_output(audio_policy*, audio_stream_type_t, uint32_t, audio_format_t, uint32_t, audio_output_flags_t): tid 1672
V/AudioPolicyManagerBase( 1672): getOutput() stream 1, samplingRate 44100, format 1, channelMask 3, flags 4
V/AudioPolicyManagerBase( 1672): getOutput() returns output 2
V/AudioPolicyManagerBase( 1672): startOutput() output 2, stream 1, session 431
V/AudioPolicyManagerBase( 1672): changeRefCount() stream 1, count 1
V/AudioPolicyManagerBase( 1672): getNewDevice() selected device 2
V/AudioPolicyManagerBase( 1672): setOutputDevice() output 2 device 0002 force 0 delayMs 0
V/AudioPolicyManagerBase( 1672): setOutputDevice() prevDevice 0002
V/AudioPolicyManagerBase( 1672): setOutputDevice() setting same device 0002 or null device for output 2
V/AudioPolicyManagerBase( 1672): releaseOutput() 2
E/Trace (17496): error opening trace file: No such file or directory (2)
D/dalvikvm(17496): WAIT_FOR_CONCURRENT_GC blocked 0ms
D/WindowManager( 2010): PhoneWindowManager: focusChangedLw
D/KeyguardViewMediator( 2010): setHidden false
I/ActivityThread(17496): Pub com.google.android.googlequicksearchbox.AudioProvider: com.google.android.voicesearch.AudioProvider
I/ActivityThread(17496): Pub com.google.android.googlequicksearchbox.google: com.google.android.searchcommon.google.GoogleSuggestionProvider
V/AudioPolicyManagerBase( 1672): stopOutput() output 2, stream 1, session 431
V/AudioPolicyManagerBase( 1672): changeRefCount() stream 1, count 0
V/AudioPolicyManagerBase( 1672): getNewDevice() selected device 0
V/AudioPolicyManagerBase( 1672): setOutputDevice() output 2 device 0000 force 0 delayMs 88
V/AudioPolicyManagerBase( 1672): setOutputDevice() prevDevice 0002
V/AudioPolicyManagerBase( 1672): setOutputDevice() setting same device 0000 or null device for output 2
D/dalvikvm(17496): GC_CONCURRENT freed 169K, 8% free 9583K/10375K, paused 14ms+3ms, total 49ms
D/dalvikvm(17496): WAIT_FOR_CONCURRENT_GC blocked 25ms
D/dalvikvm(17496): WAIT_FOR_CONCURRENT_GC blocked 25ms
D/dalvikvm(17496): WAIT_FOR_CONCURRENT_GC blocked 25ms
V/audio_policy_anm( 1672): audio_io_handle_t android::ap_get_output(audio_policy*, audio_stream_type_t, uint32_t, audio_format_t, uint32_t, audio_output_flags_t): tid 2004
V/AudioPolicyManagerBase( 1672): getOutput() stream 1, samplingRate 0, format 0, channelMask 3, flags 0
V/AudioPolicyManagerBase( 1672): getOutput() returns output 2
V/audio_policy_anm( 1672): audio_io_handle_t android::ap_get_output(audio_policy*, audio_stream_type_t, uint32_t, audio_format_t, uint32_t, audio_output_flags_t): tid 2004
V/AudioPolicyManagerBase( 1672): getOutput() stream 1, samplingRate 0, format 0, channelMask 3, flags 0
V/AudioPolicyManagerBase( 1672): getOutput() returns output 2
V/audio_policy_anm( 1672): audio_io_handle_t android::ap_get_output(audio_policy*, audio_stream_type_t, uint32_t, audio_format_t, uint32_t, audio_output_flags_t): tid 1985
V/AudioPolicyManagerBase( 1672): getOutput() stream 1, samplingRate 16000, format 1, channelMask 1, flags 0
V/AudioPolicyManagerBase( 1672): getOutput() returns output 2
V/audio_policy_anm( 1672): audio_io_handle_t android::ap_get_output(audio_policy*, audio_stream_type_t, uint32_t, audio_format_t, uint32_t, audio_output_flags_t): tid 1672
V/AudioPolicyManagerBase( 1672): getOutput() stream 1, samplingRate 0, format 0, channelMask 3, flags 0
V/AudioPolicyManagerBase( 1672): getOutput() returns output 2
V/audio_policy_anm( 1672): audio_io_handle_t android::ap_get_output(audio_policy*, audio_stream_type_t, uint32_t, audio_format_t, uint32_t, audio_output_flags_t): tid 1985
V/AudioPolicyManagerBase( 1672): getOutput() stream 1, samplingRate 0, format 0, channelMask 3, flags 0
V/AudioPolicyManagerBase( 1672): getOutput() returns output 2
V/audio_policy_anm( 1672): audio_io_handle_t android::ap_get_output(audio_policy*, audio_stream_type_t, uint32_t, audio_format_t, uint32_t, audio_output_flags_t): tid 2004
V/AudioPolicyManagerBase( 1672): getOutput() stream 1, samplingRate 16000, format 1, channelMask 1, flags 0
V/AudioPolicyManagerBase( 1672): getOutput() returns output 2
V/audio_policy_anm( 1672): audio_io_handle_t android::ap_get_output(audio_policy*, audio_stream_type_t, uint32_t, audio_format_t, uint32_t, audio_output_flags_t): tid 2004
V/AudioPolicyManagerBase( 1672): getOutput() stream 1, samplingRate 0, format 0, channelMask 3, flags 0
V/AudioPolicyManagerBase( 1672): getOutput() returns output 2
V/audio_policy_anm( 1672): audio_io_handle_t android::ap_get_output(audio_policy*, audio_stream_type_t, uint32_t, audio_format_t, uint32_t, audio_output_flags_t): tid 1672
V/AudioPolicyManagerBase( 1672): getOutput() stream 1, samplingRate 0, format 0, channelMask 3, flags 0
V/AudioPolicyManagerBase( 1672): getOutput() returns output 2
V/audio_policy_anm( 1672): audio_io_handle_t android::ap_get_output(audio_policy*, audio_stream_type_t, uint32_t, audio_format_t, uint32_t, audio_output_flags_t): tid 1985
V/AudioPolicyManagerBase( 1672): getOutput() stream 1, samplingRate 16000, format 1, channelMask 1, flags 0
V/AudioPolicyManagerBase( 1672): getOutput() returns output 2
V/audio_policy_anm( 1672): audio_io_handle_t android::ap_get_output(audio_policy*, audio_stream_type_t, uint32_t, audio_format_t, uint32_t, audio_output_flags_t): tid 1985
V/AudioPolicyManagerBase( 1672): getOutput() stream 1, samplingRate 0, format 0, channelMask 3, flags 0
V/AudioPolicyManagerBase( 1672): getOutput() returns output 2
V/audio_policy_anm( 1672): audio_io_handle_t android::ap_get_output(audio_policy*, audio_stream_type_t, uint32_t, audio_format_t, uint32_t, audio_output_flags_t): tid 2004
V/AudioPolicyManagerBase( 1672): getOutput() stream 1, samplingRate 0, format 0, channelMask 3, flags 0
V/AudioPolicyManagerBase( 1672): getOutput() returns output 2
V/audio_policy_anm( 1672): audio_io_handle_t android::ap_get_output(audio_policy*, audio_stream_type_t, uint32_t, audio_format_t, uint32_t, audio_output_flags_t): tid 1672
V/AudioPolicyManagerBase( 1672): getOutput() stream 1, samplingRate 16000, format 1, channelMask 1, flags 0
V/AudioPolicyManagerBase( 1672): getOutput() returns output 2
D/dalvikvm(17496): GC_CONCURRENT freed 406K, 10% free 9730K/10759K, paused 20ms+3ms, total 50ms
D/dalvikvm(17496): WAIT_FOR_CONCURRENT_GC blocked 20ms
D/dalvikvm(17496): WAIT_FOR_CONCURRENT_GC blocked 15ms
I/VoiceImeLanguageUpdaterImpl(17496): #internalUpdateLanguages #73
D/dalvikvm(17496): WAIT_FOR_CONCURRENT_GC blocked 18ms
D/KeyguardViewMediator( 2010): setHidden false
D/KeyguardViewMediator( 2010): setHidden false
D/KeyguardViewMediator( 2010): setHidden false
I/libblt_hw( 1665): Library closed (handle = 0, fd = 47)
E/Trace (17522): error opening trace file: No such file or directory (2)
I/ActivityThread(17522): Pub com.google.android.partnersetup.rlzprovider: com.google.android.partnersetup.RlzProvider
I/ActivityThread(17522): Pub com.google.android.partnersetup.rlzappprovider: com.google.android.partnersetup.RlzAppProvider
D/dalvikvm( 2010): WAIT_FOR_CONCURRENT_GC blocked 0ms
D/dalvikvm(17496): GC_CONCURRENT freed 320K, 10% free 9824K/10823K, paused 14ms+12ms, total 47ms
D/dalvikvm( 2010): GC_EXPLICIT freed 6118K, 50% free 19366K/38471K, paused 6ms+14ms, total 152ms
E/Trace (17541): error opening trace file: No such file or directory (2)
W/SignalStrength( 2010): getGsmLevel=0
W/SignalStrength( 2010): getLevel=0 (SignalStrength: 99 -1 -1 -1 -1 -1 -1 -1 -1 -1 -1 -1 gsm|lte 0)
W/SignalStrength( 2010): getGsmDbm=-1
W/SignalStrength( 2010): getDbm=-1
W/SignalStrength( 2010): getGsmAsuLevel=99
W/SignalStrength( 2010): getAsuLevel=99
W/SignalStrength( 2113): getGsmLevel=0
W/SignalStrength( 2113): getLevel=0 (SignalStrength: 99 -1 -1 -1 -1 -1 -1 -1 -1 -1 -1 -1 gsm|lte 0)
W/SignalStrength( 2113): getGsmLevel=0
W/SignalStrength( 2113): getLevel=0 (SignalStrength: 99 -1 -1 -1 -1 -1 -1 -1 -1 -1 -1 -1 gsm|lte 0)
I/ActivityThread(17541): Pub com.google.android.gms.plus;com.google.android.gms.plus.action: com.google.android.gms.plus.provider.PlusProvider
D/dalvikvm(17496): GC_CONCURRENT freed 454K, 11% free 9899K/11015K, paused 2ms+2ms, total 34ms
I/InputReader( 2010): Touch event's action is 0x0 (deviceType=0) [pCnt=1, s=0.318 ]
I/InputDispatcher( 2010): Delivering touch to current input target: action: 0x0
I/InputDispatcher( 2010): Delivering touch to current input target: action: 0x0
I/InputDispatcher( 2010): Delivering touch to current input target: action: 0x0
I/InputReader( 2010): Touch event's action is 0x1 (deviceType=0) [pCnt=1, s=]
I/InputDispatcher( 2010): Delivering touch to current input target: action: 0x1
I/InputDispatcher( 2010): Delivering touch to current input target: action: 0x1
I/InputDispatcher( 2010): Delivering touch to current input target: action: 0x1
I/AudioPolicyManagerBase( 1672): getSituationVolume: isBTConnected:0 isHeadConnected:0
V/AudioPolicyManagerBase( 1672): getParamFromPolicy deviceInt = 0, situationInt = 1, situationVolume = 1.000000
V/audio_policy_anm( 1672): audio_io_handle_t android::ap_get_output(audio_policy*, audio_stream_type_t, uint32_t, audio_format_t, uint32_t, audio_output_flags_t): tid 1672
V/AudioPolicyManagerBase( 1672): getOutput() stream 1, samplingRate 0, format 0, channelMask 3, flags 0
V/AudioPolicyManagerBase( 1672): getOutput() returns output 2
V/audio_policy_anm( 1672): audio_io_handle_t android::ap_get_output(audio_policy*, audio_stream_type_t, uint32_t, audio_format_t, uint32_t, audio_output_flags_t): tid 1985
V/AudioPolicyManagerBase( 1672): getOutput() stream 1, samplingRate 0, format 0, channelMask 3, flags 0
V/AudioPolicyManagerBase( 1672): getOutput() returns output 2
V/audio_policy_anm( 1672): audio_io_handle_t android::ap_get_output(audio_policy*, audio_stream_type_t, uint32_t, audio_format_t, uint32_t, audio_output_flags_t): tid 2004
V/AudioPolicyManagerBase( 1672): getOutput() stream 1, samplingRate 44100, format 1, channelMask 3, flags 4
V/AudioPolicyManagerBase( 1672): getOutput() returns output 2
I/power ( 2010): *** acquire_dvfs_lock : lockType : 1 freq : 1000000
V/AudioPolicyManagerBase( 1672): startOutput() output 2, stream 1, session 436
V/AudioPolicyManagerBase( 1672): changeRefCount() stream 1, count 1
V/AudioPolicyManagerBase( 1672): getNewDevice() selected device 2
V/AudioPolicyManagerBase( 1672): setOutputDevice() output 2 device 0002 force 0 delayMs 0
V/AudioPolicyManagerBase( 1672): setOutputDevice() prevDevice 0002
V/AudioPolicyManagerBase( 1672): setOutputDevice() setting same device 0002 or null device for output 2
V/AudioPolicyManagerBase( 1672): releaseOutput() 2
D/WindowManager( 2010): PhoneWindowManager: focusChangedLw
D/KeyguardViewMediator( 2010): setHidden false
E/Trace (17556): error opening trace file: No such file or directory (2)
I/libblt_hw( 1665): Library opened (handle = 0, fd = 47)
D/KeyguardViewMediator( 2010): setHidden false
D/KeyguardViewMediator( 2010): setHidden false
D/KeyguardViewMediator( 2010): setHidden false
D/dalvikvm(17556): GC_FOR_ALLOC freed 75K, 8% free 9450K/10247K, paused 25ms, total 26ms
V/AudioPolicyManagerBase( 1672): stopOutput() output 2, stream 1, session 436
V/AudioPolicyManagerBase( 1672): changeRefCount() stream 1, count 0
V/AudioPolicyManagerBase( 1672): getNewDevice() selected device 0
V/AudioPolicyManagerBase( 1672): setOutputDevice() output 2 device 0000 force 0 delayMs 88
V/AudioPolicyManagerBase( 1672): setOutputDevice() prevDevice 0002
V/AudioPolicyManagerBase( 1672): setOutputDevice() setting same device 0000 or null device for output 2
I/libblt_hw( 1665): Library opened (handle = 2, fd = 50)
D/WindowManager( 2010): PhoneWindowManager: focusChangedLw
D/KeyguardViewMediator( 2010): setHidden false
D/libEGL (17556): loaded /system/lib/egl/libEGL_mali.so
D/libEGL (17556): loaded /system/lib/egl/libGLESv1_CM_mali.so
D/libEGL (17556): loaded /system/lib/egl/libGLESv2_mali.so
D/OpenGLRenderer(17556): Enabling debug mode 0
I/ClipboardServiceEx( 2010): Send intent for dismiss clipboard dialog inside hideCurrentInputLocked() !
D/KeyguardViewMediator( 2010): setHidden false
D/KeyguardViewMediator( 2010): setHidden false
D/KeyguardViewMediator( 2010): setHidden false
D/KeyguardViewMediator( 2010): setHidden false
I/power ( 2010): *** release_dvfs_lock : lockType : 1
D/KeyguardViewMediator( 2010): setHidden false
I/libblt_hw( 1665): Library closed (handle = 1, fd = 42)
D/KeyguardViewMediator( 2010): setHidden false
D/KeyguardViewMediator( 2010): setHidden false
D/KeyguardViewMediator( 2010): setHidden false
I/InputReader( 2010): Touch event's action is 0x0 (deviceType=0) [pCnt=1, s=0.319 ]
I/InputDispatcher( 2010): Delivering touch to current input target: action: 0x0
I/InputDispatcher( 2010): Delivering touch to current input target: action: 0x0
I/InputDispatcher( 2010): Delivering touch to current input target: action: 0x0
I/InputReader( 2010): Touch event's action is 0x1 (deviceType=0) [pCnt=1, s=]
I/InputDispatcher( 2010): Delivering touch to current input target: action: 0x1
I/InputDispatcher( 2010): Delivering touch to current input target: action: 0x1
I/InputDispatcher( 2010): Delivering touch to current input target: action: 0x1
I/AudioPolicyManagerBase( 1672): getSituationVolume: isBTConnected:0 isHeadConnected:0
V/AudioPolicyManagerBase( 1672): getParamFromPolicy deviceInt = 0, situationInt = 1, situationVolume = 1.000000
V/audio_policy_anm( 1672): audio_io_handle_t android::ap_get_output(audio_policy*, audio_stream_type_t, uint32_t, audio_format_t, uint32_t, audio_output_flags_t): tid 2004
V/AudioPolicyManagerBase( 1672): getOutput() stream 1, samplingRate 0, format 0, channelMask 3, flags 0
V/AudioPolicyManagerBase( 1672): getOutput() returns output 2
V/audio_policy_anm( 1672): audio_io_handle_t android::ap_get_output(audio_policy*, audio_stream_type_t, uint32_t, audio_format_t, uint32_t, audio_output_flags_t): tid 1985
V/AudioPolicyManagerBase( 1672): getOutput() stream 1, samplingRate 0, format 0, channelMask 3, flags 0
V/AudioPolicyManagerBase( 1672): getOutput() returns output 2
V/audio_policy_anm( 1672): audio_io_handle_t android::ap_get_output(audio_policy*, audio_stream_type_t, uint32_t, audio_format_t, uint32_t, audio_output_flags_t): tid 1672
V/AudioPolicyManagerBase( 1672): getOutput() stream 1, samplingRate 44100, format 1, channelMask 3, flags 4
V/AudioPolicyManagerBase( 1672): getOutput() returns output 2
V/AudioPolicyManagerBase( 1672): startOutput() output 2, stream 1, session 437
V/AudioPolicyManagerBase( 1672): changeRefCount() stream 1, count 1
V/AudioPolicyManagerBase( 1672): getNewDevice() selected device 2
V/AudioPolicyManagerBase( 1672): setOutputDevice() output 2 device 0002 force 0 delayMs 0
V/AudioPolicyManagerBase( 1672): setOutputDevice() prevDevice 0002
V/AudioPolicyManagerBase( 1672): setOutputDevice() setting same device 0002 or null device for output 2
V/AudioPolicyManagerBase( 1672): releaseOutput() 2
I/power ( 2010): *** acquire_dvfs_lock : lockType : 1 freq : 1000000
D/WindowManager( 2010): PhoneWindowManager: focusChangedLw
D/KeyguardViewMediator( 2010): setHidden false
D/KeyguardViewMediator( 2010): setHidden false
D/KeyguardViewMediator( 2010): setHidden false
I/ApplicationPolicy( 2010): getApplicationUninstallationEnabled
I/PackageManager( 2010): Removing non-system package:com.alloyproject
D/KeyguardViewMediator( 2010): setHidden false
I/libblt_hw( 1665): Library opened (handle = 1, fd = 42)
D/WindowManager( 2010): PhoneWindowManager: focusChangedLw
D/KeyguardViewMediator( 2010): setHidden false
D/dalvikvm(17556): GC_CONCURRENT freed 88K, 8% free 9801K/10631K, paused 19ms+4ms, total 50ms
V/AudioPolicyManagerBase( 1672): stopOutput() output 2, stream 1, session 437
V/AudioPolicyManagerBase( 1672): changeRefCount() stream 1, count 0
V/AudioPolicyManagerBase( 1672): getNewDevice() selected device 0
V/AudioPolicyManagerBase( 1672): setOutputDevice() output 2 device 0000 force 0 delayMs 88
V/AudioPolicyManagerBase( 1672): setOutputDevice() prevDevice 0002
V/AudioPolicyManagerBase( 1672): setOutputDevice() setting same device 0000 or null device for output 2
D/KeyguardViewMediator( 2010): setHidden false
D/KeyguardViewMediator( 2010): setHidden false
D/KeyguardViewMediator( 2010): setHidden false
D/KeyguardViewMediator( 2010): setHidden false
I/ClipboardServiceEx( 2010): Send intent for dismiss clipboard dialog inside hideCurrentInputLocked() !
D/KeyguardViewMediator( 2010): setHidden false
E/SpannableStringBuilder(17556): SPAN_EXCLUSIVE_EXCLUSIVE spans cannot have a zero length
E/SpannableStringBuilder(17556): SPAN_EXCLUSIVE_EXCLUSIVE spans cannot have a zero length
D/dalvikvm(17556): WAIT_FOR_CONCURRENT_GC blocked 0ms
D/dalvikvm(32385): WAIT_FOR_CONCURRENT_GC blocked 0ms
D/dalvikvm(17556): GC_EXPLICIT freed 17K, 8% free 9792K/10631K, paused 4ms+2ms, total 43ms
D/dalvikvm( 2010): WAIT_FOR_CONCURRENT_GC blocked 0ms
I/InputReader( 2010): Reconfiguring input devices. changes=0x00000010
I/BackGroundService( 2919): BackGroundService:패키지 삭제 BR 수신 처리 오류
W/System.err( 2919): android.database.sqlite.SQLiteConstraintException: column packagename is not unique (code 19)
W/System.err( 2919): at android.database.sqlite.SQLiteConnection.nativeExecuteForChangedRowCount(Native Method)
W/System.err( 2919): at android.database.sqlite.SQLiteConnection.executeForChangedRowCount(SQLiteConnection.java:858)
W/System.err( 2919): at android.database.sqlite.SQLiteSession.executeForChangedRowCount(SQLiteSession.java:754)
W/System.err( 2919): at android.database.sqlite.SQLiteStatement.executeUpdateDelete(SQLiteStatement.java:64)
W/System.err( 2919): at android.database.sqlite.SQLiteDatabase.executeSql(SQLiteDatabase.java:1665)
W/System.err( 2919): at android.database.sqlite.SQLiteDatabase.execSQL(SQLiteDatabase.java:1594)
W/System.err( 2919): at com.tgrape.android.radar.service.BackGroundService.handleReceiveDeletePackage(BackGroundService.java:707)
W/System.err( 2919): at com.tgrape.android.radar.service.BackGroundService.access$5(BackGroundService.java:690)
W/System.err( 2919): at com.tgrape.android.radar.service.BackGroundService$3.onReceive(BackGroundService.java:137)
W/System.err( 2919): at android.app.LoadedApk$ReceiverDispatcher$Args.run(LoadedApk.java:755)
W/System.err( 2919): at android.os.Handler.handleCallback(Handler.java:615)
W/System.err( 2919): at android.os.Handler.dispatchMessage(Handler.java:92)
W/System.err( 2919): at android.os.Looper.loop(Looper.java:137)
W/System.err( 2919): at android.app.ActivityThread.main(ActivityThread.java:4856)
W/System.err( 2919): at java.lang.reflect.Method.invokeNative(Native Method)
W/System.err( 2919): at java.lang.reflect.Method.invoke(Method.java:511)
W/System.err( 2919): at com.android.internal.os.ZygoteInit$MethodAndArgsCaller.run(ZygoteInit.java:1007)
W/System.err( 2919): at com.android.internal.os.ZygoteInit.main(ZygoteInit.java:774)
W/System.err( 2919): at dalvik.system.NativeStart.main(Native Method)
W/ResourceType( 2943): Failure getting entry for 0x7f020426 (t=1 e=1062) in package 0 (error -75)
D/dalvikvm(32385): GC_EXPLICIT freed 783K, 6% free 22533K/23943K, paused 3ms+8ms, total 129ms
D/KeyguardViewMediator( 2010): setHidden false
I/libblt_hw( 1665): Library closed (handle = 2, fd = 50)
I/power ( 2010): *** release_dvfs_lock : lockType : 1
D/KeyguardViewMediator( 2010): setHidden false
D/KeyguardViewMediator( 2010): setHidden false
I/libblt_hw( 1665): Library closed (handle = 0, fd = 47)
E/Trace (17577): error opening trace file: No such file or directory (2)
D/CapabilityManagerService(17577): Receiver Broadcast:android.intent.action.PACKAGE_REMOVED
D/CapabilityManagerService(17577): The package(com.alloyproject) removed
D/dalvikvm( 2010): GC_EXPLICIT freed 1269K, 50% free 19485K/38471K, paused 36ms+16ms, total 279ms
D/dalvikvm( 2010): WAIT_FOR_CONCURRENT_GC blocked 141ms
E/Trace (17589): error opening trace file: No such file or directory (2)
D/dalvikvm(17589): WAIT_FOR_CONCURRENT_GC blocked 0ms
D/KeyguardViewMediator( 2010): setHidden false
D/dalvikvm(17589): GC_CONCURRENT freed 176K, 8% free 9576K/10375K, paused 18ms+6ms, total 61ms
D/dalvikvm(17589): WAIT_FOR_CONCURRENT_GC blocked 29ms
D/dalvikvm(17589): GC_CONCURRENT freed 156K, 8% free 9966K/10759K, paused 12ms+2ms, total 48ms
D/dalvikvm(17589): WAIT_FOR_CONCURRENT_GC blocked 5ms
I/ActivityThread(17589): Pub com.develop.sec.chaton.provider: com.sec.chaton.trunk.database.TrunkContentProvider
I/ActivityThread(17589): Pub com.sec.chaton.provider: com.sec.chaton.provider.ChatONProvider
I/ActivityThread(17589): Pub com.sec.chaton.provider2: com.sec.chaton.provider.ChatONProvider2
I/ActivityThread(17589): Pub com.sec.chaton.access_token.provider: com.sec.chaton.access_token.AccessTokenProvider
D/dalvikvm( 2010): GC_EXPLICIT freed 242K, 50% free 19420K/38471K, paused 39ms+19ms, total 360ms
I/ChatON (17589): [MessageDatabaseHelper]updateAllSendingMsgToFail() - count:0
D/dalvikvm( 1666): WAIT_FOR_CONCURRENT_GC blocked 0ms
E/Trace (17605): error opening trace file: No such file or directory (2)
D/dalvikvm( 1666): GC_EXPLICIT freed 38K, 9% free 9247K/10115K, paused 3ms+3ms, total 40ms
D/dalvikvm( 1666): WAIT_FOR_CONCURRENT_GC blocked 0ms
D/dalvikvm( 1666): GC_EXPLICIT freed <1K, 9% free 9247K/10115K, paused 3ms+2ms, total 34ms
D/dalvikvm( 1666): WAIT_FOR_CONCURRENT_GC blocked 0ms
D/dalvikvm( 1666): GC_EXPLICIT freed <1K, 9% free 9247K/10115K, paused 2ms+2ms, total 30ms
E/Trace (17619): error opening trace file: No such file or directory (2)
D/GpsLocationProvider( 2010): GPS status listener died
I/dalvikvm(17632): Turning on JNI app bug workarounds for target SDK version 8...
E/Trace (17632): error opening trace file: No such file or directory (2)
I/PCWCLIENTTRACE_LOG(17632): DEFAULT_LOGON : true
I/PCWCLIENTTRACE_LOG(17632): DEFAULT_LOGLEVEL : 3
I/PCWCLIENTTRACE_SPPReceiver(17632): [onReceive] - android.intent.action.PACKAGE_REMOVED
E/Trace (17645): error opening trace file: No such file or directory (2)
D/dalvikvm( 2493): GC_CONCURRENT freed 222K, 11% free 9822K/10951K, paused 3ms+5ms, total 72ms
I/ActivityThread(17645): Pub com.google.android.finsky.QSBSuggestionsProvider2: com.google.android.finsky.providers.QSBSuggestionsProvider
I/ActivityThread(17645): Pub com.google.android.finsky.AppIconProvider: com.google.android.finsky.providers.AppIconProvider
I/ActivityThread(17645): Pub com.google.android.finsky.RecentSuggestionsProvider: com.google.android.finsky.providers.RecentSuggestionsProvider
D/dalvikvm(17645): GC_CONCURRENT freed 192K, 8% free 9560K/10375K, paused 19ms+3ms, total 64ms
D/dalvikvm(17645): WAIT_FOR_CONCURRENT_GC blocked 8ms
D/Finsky (17645): [1] DailyHygiene.goMakeHygieneIfDirty: Dirty, need more hygiene.
W/Finsky (17645): [1] FinskyApp.getCurrentAccount: No account configured on this device.
W/Finsky (17645): [1] FinskyApp.getDfeApi: No account configured on this device.
E/Trace (17676): error opening trace file: No such file or directory (2)
I/SA (26388): [SUR] onReceive log=[SA = 1.3.050 V = 16 HWD = 800X480 1.5 SIZE = 2 LOCALE = en_US CSC = TPA MCC = 0 MNC 0 T = user DEVICE = golden P = goldenub I = JRO03H M = GT-I8190L OKLEFT false DIS JRO03H.I8190LUBALK4 ]
I/SA (26388): [SUR] onReceive Intent=[ action_PACKAGE_REPLACED package ]
D/VoicemailCleanupService( 2493): Cleaning up data for package: com.alloyproject
E/Trace (17689): error opening trace file: No such file or directory (2)
D/dalvikvm(17689): WAIT_FOR_CONCURRENT_GC blocked 0ms
I/ActivityThread(17689): Pub com.sec.android.gallery3d.picasa.contentprovider: com.sec.android.gallery3d.picasa.PicasaContentProvider
D/dalvikvm(17689): GC_CONCURRENT freed 329K, 10% free 9423K/10375K, paused 2ms+2ms, total 23ms
D/dalvikvm(17689): WAIT_FOR_CONCURRENT_GC blocked 15ms
I/ActivityThread(17689): Pub com.sec.android.gallery3d.provider: com.sec.android.gallery3d.provider.GalleryProvider
D/AllShareSource(17689): AllShare Source Create!
D/AllShareContext(17689): AllShare Context Create!
D/AllShareClient(17689): Create!
D/AspSource(17689): init AspSource
I/ActivityThread(17689): Pub com.sec.android.gallery3d.sns.contentprovider: com.sec.android.gallery3d.sns.SNSContentProvider
I/dalvikvm(17689): Could not find method android.sec.multiwindow.MultiWindow.createInstance, referenced from method com.sec.android.gallery3d.util.GalleryUtils.createMultiWindowManager
W/dalvikvm(17689): VFY: unable to resolve static method 954: Landroid/sec/multiwindow/MultiWindow;.createInstance (Landroid/app/Activity;)Landroid/sec/multiwindow/MultiWindow;
D/dalvikvm(17689): VFY: replacing opcode 0x71 at 0x0000
W/dalvikvm(17689): VFY: unable to find class referenced in signature (Landroid/sec/multiwindow/MultiWindow;)
I/dalvikvm(17689): Could not find method android.sec.multiwindow.MultiWindow.getRect, referenced from method com.sec.android.gallery3d.util.GalleryUtils.getMultiWindowRect
W/dalvikvm(17689): VFY: unable to resolve virtual method 955: Landroid/sec/multiwindow/MultiWindow;.getRect ()Landroid/graphics/Rect;
D/dalvikvm(17689): VFY: replacing opcode 0x6e at 0x0007
W/dalvikvm(17689): VFY: unable to find class referenced in signature (Landroid/sec/multiwindow/MultiWindow;)
I/dalvikvm(17689): Could not find method android.sec.multiwindow.MultiWindow.isMultiWindow, referenced from method com.sec.android.gallery3d.util.GalleryUtils.isMultiWindow
W/dalvikvm(17689): VFY: unable to resolve virtual method 956: Landroid/sec/multiwindow/MultiWindow;.isMultiWindow ()Z
D/dalvikvm(17689): VFY: replacing opcode 0x6e at 0x0004
W/dalvikvm(17689): VFY: unable to find class referenced in signature (Landroid/sec/multiwindow/MultiWindow;)
W/dalvikvm(17689): VFY: unable to find class referenced in signature (Landroid/sec/multiwindow/MultiWindow;)
W/dalvikvm(17689): VFY: unable to find class referenced in signature (Landroid/sec/multiwindow/MultiWindow;)
W/dalvikvm(17689): VFY: unable to find class referenced in signature (Landroid/sec/multiwindow/MultiWindow;)
W/dalvikvm(17689): VFY: unable to find class referenced in signature (Landroid/sec/multiwindow/MultiWindow;)
W/dalvikvm(17689): VFY: unable to find class referenced in signature (Landroid/sec/multiwindow/MultiWindow;)
D/ContactProvider(17689): getAllContactInfoList Start
D/ContactProvider(17689): getAllContactInfoList End
I/syncContacts(17689): thread: 1, sync time = 41
D/dalvikvm(17689): GC_CONCURRENT freed 250K, 9% free 9566K/10503K, paused 14ms+3ms, total 49ms
E/Trace (17703): error opening trace file: No such file or directory (2)
E/ParseService(17703): onStartCommand() - return START_STICKY
I/InputReader( 2010): Touch event's action is 0x0 (deviceType=0) [pCnt=1, s=0.320 ]
I/InputDispatcher( 2010): Delivering touch to current input target: action: 0x0
I/InputDispatcher( 2010): Delivering touch to current input target: action: 0x0
I/InputDispatcher( 2010): Delivering touch to current input target: action: 0x0
D/dalvikvm(17703): GC_CONCURRENT freed 325K, 10% free 9365K/10375K, paused 20ms+2ms, total 42ms
