D/STATUSBAR-PhoneStatusBar( 2113): ACTION_BATTERY_CHANGED
D/STATUSBAR-PhoneStatusBar( 2113): NORMAL_BATTERY
D/BatteryService( 2010): update start
D/BatteryService( 2010): level:64 scale:100 status:2 health:2 present:true voltage: 4092 temperature: 296 technology: Li-ion AC powered:false USB powered:true icon:17303233 invalid charger:0
E/MtpService(32371): In MTPAPP onReceive:android.intent.action.BATTERY_CHANGED
E/MtpService(32371): battPlugged Type : 2
D/STATUSBAR-BatteryController( 2113): onReceive() - ACTION_BATTERY_CHANGED
D/STATUSBAR-BatteryController( 2113): onReceive() - level:64
D/STATUSBAR-BatteryController( 2113): onReceive() - plugged:2
D/STATUSBAR-BatteryController( 2113): onReceive() - BATTERY_STATUS_CHARGING:
D/STATUSBAR-PhoneStatusBar( 2113): ACTION_BATTERY_CHANGED
D/STATUSBAR-PhoneStatusBar( 2113): NORMAL_BATTERY
D/BatteryService( 2010): turn on LED for charging
E/Watchdog( 2010): !@Sync 2454
D/BatteryService( 2010): update start
W/SignalStrength( 2010): getGsmLevel=0
W/SignalStrength( 2010): getLevel=0 (SignalStrength: 99 -1 -1 -1 -1 -1 -1 -1 -1 -1 -1 -1 gsm|lte 0)
W/SignalStrength( 2113): getGsmLevel=0
W/SignalStrength( 2113): getLevel=0 (SignalStrength: 99 -1 -1 -1 -1 -1 -1 -1 -1 -1 -1 -1 gsm|lte 0)
W/SignalStrength( 2010): getGsmDbm=-1
W/SignalStrength( 2010): getDbm=-1
W/SignalStrength( 2010): getGsmAsuLevel=99
W/SignalStrength( 2010): getAsuLevel=99
W/SignalStrength( 2113): getGsmLevel=0
W/SignalStrength( 2113): getLevel=0 (SignalStrength: 99 -1 -1 -1 -1 -1 -1 -1 -1 -1 -1 -1 gsm|lte 0)
D/STATUSBAR-NetworkController( 2113): onSignalStrengthsChanged signalStrength=SignalStrength: 99 -1 -1 -1 -1 -1 -1 -1 -1 -1 -1 -1 gsm|lte 0 level=0
D/STATUSBAR-NetworkController( 2113): refreshSignalCluster: data=-1 bt=false
D/STATUSBAR-SignalClusterView( 2113): mSeparateMobileGroup=8
D/STATUSBAR-SignalClusterView( 2113): mSeparateMobileGroup=8
D/STATUSBAR-SignalClusterView( 2113): mSeparateMobileGroup=8
D/BatteryService( 2010): update start
D/CircleLockScreen( 2010): onRefreshBatteryInfo() showPatteryInfo: true pluggedIn: true batteryLevel: 65
D/BatteryService( 2010): level:65 scale:100 status:2 health:2 present:true voltage: 4092 temperature: 296 technology: Li-ion AC powered:false USB powered:true icon:17303233 invalid charger:0
D/STATUSBAR-BatteryController( 2113): onReceive() - ACTION_BATTERY_CHANGED
D/STATUSBAR-BatteryController( 2113): onReceive() - level:65
D/STATUSBAR-BatteryController( 2113): onReceive() - plugged:2
D/STATUSBAR-BatteryController( 2113): onReceive() - BATTERY_STATUS_CHARGING:
D/STATUSBAR-PhoneStatusBar( 2113): ACTION_BATTERY_CHANGED
E/MtpService(32371): In MTPAPP onReceive:android.intent.action.BATTERY_CHANGED
E/MtpService(32371): battPlugged Type : 2
D/BatteryService( 2010): turn on LED for charging
D/STATUSBAR-PhoneStatusBar( 2113): NORMAL_BATTERY
D/BatteryService( 2010): update start
E/MtpService(32371): In MTPAPP onReceive:android.intent.action.BATTERY_CHANGED
E/MtpService(32371): battPlugged Type : 2
D/BatteryService( 2010): level:65 scale:100 status:2 health:2 present:true voltage: 4095 temperature: 296 technology: Li-ion AC powered:false USB powered:true icon:17303233 invalid charger:0
D/STATUSBAR-BatteryController( 2113): onReceive() - ACTION_BATTERY_CHANGED
D/STATUSBAR-BatteryController( 2113): onReceive() - level:65
D/STATUSBAR-BatteryController( 2113): onReceive() - plugged:2
D/STATUSBAR-BatteryController( 2113): onReceive() - BATTERY_STATUS_CHARGING:
D/STATUSBAR-PhoneStatusBar( 2113): ACTION_BATTERY_CHANGED
D/STATUSBAR-PhoneStatusBar( 2113): NORMAL_BATTERY
D/BatteryService( 2010): turn on LED for charging
W/SignalStrength( 2010): getGsmLevel=1
W/SignalStrength( 2010): getLevel=1 (SignalStrength: 99 -1 -1 -1 -1 -1 -1 -1 -1 -1 -1 -1 gsm|lte 1)
W/SignalStrength( 2113): getGsmLevel=1
W/SignalStrength( 2113): getLevel=1 (SignalStrength: 99 -1 -1 -1 -1 -1 -1 -1 -1 -1 -1 -1 gsm|lte 1)
W/SignalStrength( 2113): getGsmLevel=1
W/SignalStrength( 2113): getLevel=1 (SignalStrength: 99 -1 -1 -1 -1 -1 -1 -1 -1 -1 -1 -1 gsm|lte 1)
W/SignalStrength( 2010): getGsmDbm=-1
W/SignalStrength( 2010): getDbm=-1
W/SignalStrength( 2010): getGsmAsuLevel=99
W/SignalStrength( 2010): getAsuLevel=99
D/STATUSBAR-NetworkController( 2113): onSignalStrengthsChanged signalStrength=SignalStrength: 99 -1 -1 -1 -1 -1 -1 -1 -1 -1 -1 -1 gsm|lte 1 level=1
D/STATUSBAR-NetworkController( 2113): refreshSignalCluster: data=-1 bt=false
D/STATUSBAR-SignalClusterView( 2113): mSeparateMobileGroup=8
D/STATUSBAR-SignalClusterView( 2113): mSeparateMobileGroup=8
D/STATUSBAR-SignalClusterView( 2113): mSeparateMobileGroup=8
V/AlarmManager( 2010): waitForAlarm result :8
V/AlarmManager( 2010): ClockReceiver onReceive() ACTION_TIME_TICK
W/AlarmManager( 2010): FACTORY_ON= 0
D/STATUSBAR-Clock( 2113): onReceive() - ACTION_TIME_TICK
D/STATUSBAR-Clock( 2113): onReceive() - ACTION_TIME_TICK
D/ClockAlarmWidgetService(17804): [ClockAlarmWidgetService] onReceive: action = android.intent.action.TIME_TICK
E/ClockAlarmWidget(17804): [AlarmWidgetIdManager] getListItem() : itemIndex=0, widgetID:1
E/ClockAlarmWidget(17804): [AlarmWidgetIdManager] getListItem() : ItemIndex exceed ListItemCount. itemIndex=1
E/ClockAlarmWidget(17804): [AlarmWidgetIdManager] getListItem() : itemIndex=1, widgetID:1
D/dalvikvm( 3673): WAIT_FOR_CONCURRENT_GC blocked 0ms
D/dalvikvm( 3673): GC_EXPLICIT freed 268K, 9% free 9851K/10823K, paused 3ms+5ms, total 47ms
D/ClockAlarmDataProvider(17804): getAlarm() - too many same ID alarm data. nCount: 0
D/ClockWidget( 2010): refreshTime()
D/ClockWidget( 2010): TTS Message = It is 7 : 5 AM, Tuesday, April 16
E/Watchdog( 2010): !@Sync 2455
W/SignalStrength( 2010): getGsmLevel=0
W/SignalStrength( 2010): getLevel=0 (SignalStrength: 99 -1 -1 -1 -1 -1 -1 -1 -1 -1 -1 -1 gsm|lte 0)
W/SignalStrength( 2113): getGsmLevel=0
W/SignalStrength( 2113): getLevel=0 (SignalStrength: 99 -1 -1 -1 -1 -1 -1 -1 -1 -1 -1 -1 gsm|lte 0)
W/SignalStrength( 2113): getGsmLevel=0
W/SignalStrength( 2113): getLevel=0 (SignalStrength: 99 -1 -1 -1 -1 -1 -1 -1 -1 -1 -1 -1 gsm|lte 0)
D/STATUSBAR-NetworkController( 2113): onSignalStrengthsChanged signalStrength=SignalStrength: 99 -1 -1 -1 -1 -1 -1 -1 -1 -1 -1 -1 gsm|lte 0 level=0
D/STATUSBAR-NetworkController( 2113): refreshSignalCluster: data=-1 bt=false
D/STATUSBAR-SignalClusterView( 2113): mSeparateMobileGroup=8
W/SignalStrength( 2010): getGsmDbm=-1
W/SignalStrength( 2010): getDbm=-1
W/SignalStrength( 2010): getGsmAsuLevel=99
W/SignalStrength( 2010): getAsuLevel=99
D/STATUSBAR-SignalClusterView( 2113): mSeparateMobileGroup=8
D/STATUSBAR-SignalClusterView( 2113): mSeparateMobileGroup=8
D/BatteryService( 2010): update start
W/SignalStrength( 2010): getGsmLevel=1
W/SignalStrength( 2010): getLevel=1 (SignalStrength: 99 -1 -1 -1 -1 -1 -1 -1 -1 -1 -1 -1 gsm|lte 1)
W/SignalStrength( 2113): getGsmLevel=1
W/SignalStrength( 2113): getLevel=1 (SignalStrength: 99 -1 -1 -1 -1 -1 -1 -1 -1 -1 -1 -1 gsm|lte 1)
W/SignalStrength( 2113): getGsmLevel=1
W/SignalStrength( 2113): getLevel=1 (SignalStrength: 99 -1 -1 -1 -1 -1 -1 -1 -1 -1 -1 -1 gsm|lte 1)
W/SignalStrength( 2010): getGsmDbm=-1
W/SignalStrength( 2010): getDbm=-1
W/SignalStrength( 2010): getGsmAsuLevel=99
W/SignalStrength( 2010): getAsuLevel=99
D/STATUSBAR-NetworkController( 2113): onSignalStrengthsChanged signalStrength=SignalStrength: 99 -1 -1 -1 -1 -1 -1 -1 -1 -1 -1 -1 gsm|lte 1 level=1
D/STATUSBAR-NetworkController( 2113): refreshSignalCluster: data=-1 bt=false
D/STATUSBAR-SignalClusterView( 2113): mSeparateMobileGroup=8
D/STATUSBAR-SignalClusterView( 2113): mSeparateMobileGroup=8
D/STATUSBAR-SignalClusterView( 2113): mSeparateMobileGroup=8
D/BatteryService( 2010): update start
E/MtpService(32371): In MTPAPP onReceive:android.intent.action.BATTERY_CHANGED
E/MtpService(32371): battPlugged Type : 2
D/BatteryService( 2010): level:65 scale:100 status:2 health:2 present:true voltage: 4097 temperature: 296 technology: Li-ion AC powered:false USB powered:true icon:17303233 invalid charger:0
D/STATUSBAR-BatteryController( 2113): onReceive() - ACTION_BATTERY_CHANGED
D/STATUSBAR-BatteryController( 2113): onReceive() - level:65
D/STATUSBAR-BatteryController( 2113): onReceive() - plugged:2
D/STATUSBAR-BatteryController( 2113): onReceive() - BATTERY_STATUS_CHARGING:
D/STATUSBAR-PhoneStatusBar( 2113): ACTION_BATTERY_CHANGED
D/STATUSBAR-PhoneStatusBar( 2113): NORMAL_BATTERY
D/BatteryService( 2010): turn on LED for charging
D/BatteryService( 2010): update start
D/BatteryService( 2010): level:65 scale:100 status:2 health:2 present:true voltage: 4095 temperature: 296 technology: Li-ion AC powered:false USB powered:true icon:17303233 invalid charger:0
D/BatteryService( 2010): turn on LED for charging
E/MtpService(32371): In MTPAPP onReceive:android.intent.action.BATTERY_CHANGED
E/MtpService(32371): battPlugged Type : 2
D/STATUSBAR-BatteryController( 2113): onReceive() - ACTION_BATTERY_CHANGED
D/STATUSBAR-BatteryController( 2113): onReceive() - level:65
D/STATUSBAR-BatteryController( 2113): onReceive() - plugged:2
D/STATUSBAR-BatteryController( 2113): onReceive() - BATTERY_STATUS_CHARGING:
D/STATUSBAR-PhoneStatusBar( 2113): ACTION_BATTERY_CHANGED
D/STATUSBAR-PhoneStatusBar( 2113): NORMAL_BATTERY
E/Watchdog( 2010): !@Sync 2456
D/BatteryService( 2010): update start
D/BatteryService( 2010): level:65 scale:100 status:2 health:2 present:true voltage: 4097 temperature: 296 technology: Li-ion AC powered:false USB powered:true icon:17303233 invalid charger:0
D/BatteryService( 2010): turn on LED for charging
D/STATUSBAR-BatteryController( 2113): onReceive() - ACTION_BATTERY_CHANGED
D/STATUSBAR-BatteryController( 2113): onReceive() - level:65
D/STATUSBAR-BatteryController( 2113): onReceive() - plugged:2
D/STATUSBAR-BatteryController( 2113): onReceive() - BATTERY_STATUS_CHARGING:
D/STATUSBAR-PhoneStatusBar( 2113): ACTION_BATTERY_CHANGED
D/STATUSBAR-PhoneStatusBar( 2113): NORMAL_BATTERY
E/MtpService(32371): In MTPAPP onReceive:android.intent.action.BATTERY_CHANGED
E/MtpService(32371): battPlugged Type : 2
W/SignalStrength( 2010): getGsmLevel=0
W/SignalStrength( 2010): getLevel=0 (SignalStrength: 99 -1 -1 -1 -1 -1 -1 -1 -1 -1 -1 -1 gsm|lte 0)
W/SignalStrength( 2113): getGsmLevel=0
W/SignalStrength( 2113): getLevel=0 (SignalStrength: 99 -1 -1 -1 -1 -1 -1 -1 -1 -1 -1 -1 gsm|lte 0)
W/SignalStrength( 2113): getGsmLevel=0
D/STATUSBAR-NetworkController( 2113): onSignalStrengthsChanged signalStrength=SignalStrength: 99 -1 -1 -1 -1 -1 -1 -1 -1 -1 -1 -1 gsm|lte 0 level=0
W/SignalStrength( 2113): getLevel=0 (SignalStrength: 99 -1 -1 -1 -1 -1 -1 -1 -1 -1 -1 -1 gsm|lte 0)
W/SignalStrength( 2010): getGsmDbm=-1
W/SignalStrength( 2010): getDbm=-1
W/SignalStrength( 2010): getGsmAsuLevel=99
W/SignalStrength( 2010): getAsuLevel=99
D/STATUSBAR-NetworkController( 2113): refreshSignalCluster: data=-1 bt=false
D/STATUSBAR-SignalClusterView( 2113): mSeparateMobileGroup=8
D/STATUSBAR-SignalClusterView( 2113): mSeparateMobileGroup=8
D/STATUSBAR-SignalClusterView( 2113): mSeparateMobileGroup=8
D/BatteryService( 2010): update start
D/BatteryService( 2010): level:65 scale:100 status:2 health:2 present:true voltage: 4097 temperature: 294 technology: Li-ion AC powered:false USB powered:true icon:17303233 invalid charger:0
D/BatteryService( 2010): turn on LED for charging
D/STATUSBAR-BatteryController( 2113): onReceive() - ACTION_BATTERY_CHANGED
D/STATUSBAR-BatteryController( 2113): onReceive() - level:65
D/STATUSBAR-BatteryController( 2113): onReceive() - plugged:2
D/STATUSBAR-BatteryController( 2113): onReceive() - BATTERY_STATUS_CHARGING:
D/STATUSBAR-PhoneStatusBar( 2113): ACTION_BATTERY_CHANGED
E/MtpService(32371): In MTPAPP onReceive:android.intent.action.BATTERY_CHANGED
E/MtpService(32371): battPlugged Type : 2
D/STATUSBAR-PhoneStatusBar( 2113): NORMAL_BATTERY
D/BatteryService( 2010): update start
D/BatteryService( 2010): level:65 scale:100 status:2 health:2 present:true voltage: 4095 temperature: 294 technology: Li-ion AC powered:false USB powered:true icon:17303233 invalid charger:0
D/BatteryService( 2010): turn on LED for charging
D/STATUSBAR-BatteryController( 2113): onReceive() - ACTION_BATTERY_CHANGED
D/STATUSBAR-BatteryController( 2113): onReceive() - level:65
D/STATUSBAR-BatteryController( 2113): onReceive() - plugged:2
D/STATUSBAR-BatteryController( 2113): onReceive() - BATTERY_STATUS_CHARGING:
D/STATUSBAR-PhoneStatusBar( 2113): ACTION_BATTERY_CHANGED
D/STATUSBAR-PhoneStatusBar( 2113): NORMAL_BATTERY
E/MtpService(32371): In MTPAPP onReceive:android.intent.action.BATTERY_CHANGED
E/MtpService(32371): battPlugged Type : 2
V/AlarmManager( 2010): waitForAlarm result :8
V/AlarmManager( 2010): ClockReceiver onReceive() ACTION_TIME_TICK
W/AlarmManager( 2010): FACTORY_ON= 0
D/STATUSBAR-Clock( 2113): onReceive() - ACTION_TIME_TICK
D/STATUSBAR-Clock( 2113): onReceive() - ACTION_TIME_TICK
D/ClockAlarmWidgetService(17804): [ClockAlarmWidgetService] onReceive: action = android.intent.action.TIME_TICK
E/ClockAlarmWidget(17804): [AlarmWidgetIdManager] getListItem() : itemIndex=0, widgetID:1
E/ClockAlarmWidget(17804): [AlarmWidgetIdManager] getListItem() : ItemIndex exceed ListItemCount. itemIndex=1
E/ClockAlarmWidget(17804): [AlarmWidgetIdManager] getListItem() : itemIndex=1, widgetID:1
D/ClockAlarmDataProvider(17804): getAlarm() - too many same ID alarm data. nCount: 0
D/ClockWidget( 2010): refreshTime()
D/ClockWidget( 2010): TTS Message = It is 7 : 6 AM, Tuesday, April 16
E/Watchdog( 2010): !@Sync 2457
D/BatteryService( 2010): update start
D/BatteryService( 2010): level:65 scale:100 status:2 health:2 present:true voltage: 4097 temperature: 294 technology: Li-ion AC powered:false USB powered:true icon:17303233 invalid charger:0
D/BatteryService( 2010): turn on LED for charging
D/STATUSBAR-BatteryController( 2113): onReceive() - ACTION_BATTERY_CHANGED
D/STATUSBAR-BatteryController( 2113): onReceive() - level:65
D/STATUSBAR-BatteryController( 2113): onReceive() - plugged:2
D/STATUSBAR-BatteryController( 2113): onReceive() - BATTERY_STATUS_CHARGING:
D/STATUSBAR-PhoneStatusBar( 2113): ACTION_BATTERY_CHANGED
E/MtpService(32371): In MTPAPP onReceive:android.intent.action.BATTERY_CHANGED
E/MtpService(32371): battPlugged Type : 2
D/STATUSBAR-PhoneStatusBar( 2113): NORMAL_BATTERY
D/BatteryService( 2010): update start
D/BatteryService( 2010): level:65 scale:100 status:2 health:2 present:true voltage: 4092 temperature: 294 technology: Li-ion AC powered:false USB powered:true icon:17303233 invalid charger:0
D/BatteryService( 2010): turn on LED for charging
D/STATUSBAR-BatteryController( 2113): onReceive() - ACTION_BATTERY_CHANGED
D/STATUSBAR-BatteryController( 2113): onReceive() - level:65
D/STATUSBAR-BatteryController( 2113): onReceive() - plugged:2
D/STATUSBAR-BatteryController( 2113): onReceive() - BATTERY_STATUS_CHARGING:
D/STATUSBAR-PhoneStatusBar( 2113): ACTION_BATTERY_CHANGED
D/STATUSBAR-PhoneStatusBar( 2113): NORMAL_BATTERY
E/MtpService(32371): In MTPAPP onReceive:android.intent.action.BATTERY_CHANGED
E/MtpService(32371): battPlugged Type : 2
D/BatteryService( 2010): update start
D/BatteryService( 2010): level:65 scale:100 status:2 health:2 present:true voltage: 4095 temperature: 294 technology: Li-ion AC powered:false USB powered:true icon:17303233 invalid charger:0
D/BatteryService( 2010): turn on LED for charging
D/STATUSBAR-BatteryController( 2113): onReceive() - ACTION_BATTERY_CHANGED
D/STATUSBAR-BatteryController( 2113): onReceive() - level:65
D/STATUSBAR-BatteryController( 2113): onReceive() - plugged:2
D/STATUSBAR-BatteryController( 2113): onReceive() - BATTERY_STATUS_CHARGING:
D/STATUSBAR-PhoneStatusBar( 2113): ACTION_BATTERY_CHANGED
D/STATUSBAR-PhoneStatusBar( 2113): NORMAL_BATTERY
E/MtpService(32371): In MTPAPP onReceive:android.intent.action.BATTERY_CHANGED
E/MtpService(32371): battPlugged Type : 2
E/Watchdog( 2010): !@Sync 2458
D/BatteryService( 2010): update start
D/BatteryService( 2010): level:65 scale:100 status:2 health:2 present:true voltage: 4095 temperature: 293 technology: Li-ion AC powered:false USB powered:true icon:17303233 invalid charger:0
D/STATUSBAR-BatteryController( 2113): onReceive() - ACTION_BATTERY_CHANGED
D/STATUSBAR-BatteryController( 2113): onReceive() - level:65
D/STATUSBAR-BatteryController( 2113): onReceive() - plugged:2
D/STATUSBAR-BatteryController( 2113): onReceive() - BATTERY_STATUS_CHARGING:
D/STATUSBAR-PhoneStatusBar( 2113): ACTION_BATTERY_CHANGED
D/STATUSBAR-PhoneStatusBar( 2113): NORMAL_BATTERY
E/MtpService(32371): In MTPAPP onReceive:android.intent.action.BATTERY_CHANGED
E/MtpService(32371): battPlugged Type : 2
D/BatteryService( 2010): turn on LED for charging
W/SignalStrength( 2010): getGsmLevel=1
W/SignalStrength( 2010): getLevel=1 (SignalStrength: 99 -1 -1 -1 -1 -1 -1 -1 -1 -1 -1 -1 gsm|lte 1)
W/SignalStrength( 2113): getGsmLevel=1
W/SignalStrength( 2113): getLevel=1 (SignalStrength: 99 -1 -1 -1 -1 -1 -1 -1 -1 -1 -1 -1 gsm|lte 1)
W/SignalStrength( 2113): getGsmLevel=1
W/SignalStrength( 2113): getLevel=1 (SignalStrength: 99 -1 -1 -1 -1 -1 -1 -1 -1 -1 -1 -1 gsm|lte 1)
D/STATUSBAR-NetworkController( 2113): onSignalStrengthsChanged signalStrength=SignalStrength: 99 -1 -1 -1 -1 -1 -1 -1 -1 -1 -1 -1 gsm|lte 1 level=1
W/SignalStrength( 2010): getGsmDbm=-1
W/SignalStrength( 2010): getDbm=-1
W/SignalStrength( 2010): getGsmAsuLevel=99
W/SignalStrength( 2010): getAsuLevel=99
D/STATUSBAR-NetworkController( 2113): refreshSignalCluster: data=-1 bt=false
D/STATUSBAR-SignalClusterView( 2113): mSeparateMobileGroup=8
D/STATUSBAR-SignalClusterView( 2113): mSeparateMobileGroup=8
D/STATUSBAR-SignalClusterView( 2113): mSeparateMobileGroup=8
D/BatteryService( 2010): update start
D/BatteryService( 2010): level:66 scale:100 status:2 health:2 present:true voltage: 4102 temperature: 293 technology: Li-ion AC powered:false USB powered:true icon:17303233 invalid charger:0
D/CircleLockScreen( 2010): onRefreshBatteryInfo() showPatteryInfo: true pluggedIn: true batteryLevel: 66
D/STATUSBAR-BatteryController( 2113): onReceive() - ACTION_BATTERY_CHANGED
D/STATUSBAR-BatteryController( 2113): onReceive() - level:66
D/STATUSBAR-BatteryController( 2113): onReceive() - plugged:2
D/STATUSBAR-BatteryController( 2113): onReceive() - BATTERY_STATUS_CHARGING:
D/STATUSBAR-PhoneStatusBar( 2113): ACTION_BATTERY_CHANGED
D/STATUSBAR-PhoneStatusBar( 2113): NORMAL_BATTERY
E/MtpService(32371): In MTPAPP onReceive:android.intent.action.BATTERY_CHANGED
E/MtpService(32371): battPlugged Type : 2
D/BatteryService( 2010): turn on LED for charging
W/SignalStrength( 2010): getGsmLevel=0
W/SignalStrength( 2010): getLevel=0 (SignalStrength: 99 -1 -1 -1 -1 -1 -1 -1 -1 -1 -1 -1 gsm|lte 0)
W/SignalStrength( 2113): getGsmLevel=0
W/SignalStrength( 2113): getLevel=0 (SignalStrength: 99 -1 -1 -1 -1 -1 -1 -1 -1 -1 -1 -1 gsm|lte 0)
W/SignalStrength( 2113): getGsmLevel=0
W/SignalStrength( 2113): getLevel=0 (SignalStrength: 99 -1 -1 -1 -1 -1 -1 -1 -1 -1 -1 -1 gsm|lte 0)
D/STATUSBAR-NetworkController( 2113): onSignalStrengthsChanged signalStrength=SignalStrength: 99 -1 -1 -1 -1 -1 -1 -1 -1 -1 -1 -1 gsm|lte 0 level=0
W/SignalStrength( 2010): getGsmDbm=-1
W/SignalStrength( 2010): getDbm=-1
W/SignalStrength( 2010): getGsmAsuLevel=99
W/SignalStrength( 2010): getAsuLevel=99
D/STATUSBAR-NetworkController( 2113): refreshSignalCluster: data=-1 bt=false
D/STATUSBAR-SignalClusterView( 2113): mSeparateMobileGroup=8
D/STATUSBAR-SignalClusterView( 2113): mSeparateMobileGroup=8
D/STATUSBAR-SignalClusterView( 2113): mSeparateMobileGroup=8
D/BatteryService( 2010): update start
D/BatteryService( 2010): level:66 scale:100 status:2 health:2 present:true voltage: 4100 temperature: 293 technology: Li-ion AC powered:false USB powered:true icon:17303233 invalid charger:0
D/STATUSBAR-BatteryController( 2113): onReceive() - ACTION_BATTERY_CHANGED
D/STATUSBAR-BatteryController( 2113): onReceive() - level:66
D/STATUSBAR-BatteryController( 2113): onReceive() - plugged:2
D/STATUSBAR-BatteryController( 2113): onReceive() - BATTERY_STATUS_CHARGING:
D/STATUSBAR-PhoneStatusBar( 2113): ACTION_BATTERY_CHANGED
D/STATUSBAR-PhoneStatusBar( 2113): NORMAL_BATTERY
D/BatteryService( 2010): turn on LED for charging
E/MtpService(32371): In MTPAPP onReceive:android.intent.action.BATTERY_CHANGED
E/MtpService(32371): battPlugged Type : 2
V/AlarmManager( 2010): waitForAlarm result :8
V/AlarmManager( 2010): ClockReceiver onReceive() ACTION_TIME_TICK
W/AlarmManager( 2010): FACTORY_ON= 0
D/STATUSBAR-Clock( 2113): onReceive() - ACTION_TIME_TICK
D/STATUSBAR-Clock( 2113): onReceive() - ACTION_TIME_TICK
D/ClockAlarmWidgetService(17804): [ClockAlarmWidgetService] onReceive: action = android.intent.action.TIME_TICK
E/ClockAlarmWidget(17804): [AlarmWidgetIdManager] getListItem() : itemIndex=0, widgetID:1
E/ClockAlarmWidget(17804): [AlarmWidgetIdManager] getListItem() : ItemIndex exceed ListItemCount. itemIndex=1
E/ClockAlarmWidget(17804): [AlarmWidgetIdManager] getListItem() : itemIndex=1, widgetID:1
D/ClockAlarmDataProvider(17804): getAlarm() - too many same ID alarm data. nCount: 0
D/ClockWidget( 2010): refreshTime()
D/ClockWidget( 2010): TTS Message = It is 7 : 7 AM, Tuesday, April 16
E/Watchdog( 2010): !@Sync 2459
D/BatteryService( 2010): update start
D/BatteryService( 2010): level:66 scale:100 status:2 health:2 present:true voltage: 4102 temperature: 293 technology: Li-ion AC powered:false USB powered:true icon:17303233 invalid charger:0
D/BatteryService( 2010): turn on LED for charging
D/STATUSBAR-BatteryController( 2113): onReceive() - ACTION_BATTERY_CHANGED
D/STATUSBAR-BatteryController( 2113): onReceive() - level:66
D/STATUSBAR-BatteryController( 2113): onReceive() - plugged:2
D/STATUSBAR-BatteryController( 2113): onReceive() - BATTERY_STATUS_CHARGING:
E/MtpService(32371): In MTPAPP onReceive:android.intent.action.BATTERY_CHANGED
E/MtpService(32371): battPlugged Type : 2
D/STATUSBAR-PhoneStatusBar( 2113): ACTION_BATTERY_CHANGED
D/STATUSBAR-PhoneStatusBar( 2113): NORMAL_BATTERY
D/BatteryService( 2010): update start
D/BatteryService( 2010): level:66 scale:100 status:2 health:2 present:true voltage: 4105 temperature: 293 technology: Li-ion AC powered:false USB powered:true icon:17303233 invalid charger:0
D/BatteryService( 2010): turn on LED for charging
D/STATUSBAR-BatteryController( 2113): onReceive() - ACTION_BATTERY_CHANGED
D/STATUSBAR-BatteryController( 2113): onReceive() - level:66
D/STATUSBAR-BatteryController( 2113): onReceive() - plugged:2
D/STATUSBAR-BatteryController( 2113): onReceive() - BATTERY_STATUS_CHARGING:
D/STATUSBAR-PhoneStatusBar( 2113): ACTION_BATTERY_CHANGED
D/STATUSBAR-PhoneStatusBar( 2113): NORMAL_BATTERY
E/MtpService(32371): In MTPAPP onReceive:android.intent.action.BATTERY_CHANGED
E/MtpService(32371): battPlugged Type : 2
W/SignalStrength( 2010): getGsmLevel=1
W/SignalStrength( 2010): getLevel=1 (SignalStrength: 99 -1 -1 -1 -1 -1 -1 -1 -1 -1 -1 -1 gsm|lte 1)
W/SignalStrength( 2113): getGsmLevel=1
W/SignalStrength( 2113): getLevel=1 (SignalStrength: 99 -1 -1 -1 -1 -1 -1 -1 -1 -1 -1 -1 gsm|lte 1)
W/SignalStrength( 2113): getGsmLevel=1
W/SignalStrength( 2113): getLevel=1 (SignalStrength: 99 -1 -1 -1 -1 -1 -1 -1 -1 -1 -1 -1 gsm|lte 1)
D/STATUSBAR-NetworkController( 2113): onSignalStrengthsChanged signalStrength=SignalStrength: 99 -1 -1 -1 -1 -1 -1 -1 -1 -1 -1 -1 gsm|lte 1 level=1
W/SignalStrength( 2010): getGsmDbm=-1
W/SignalStrength( 2010): getDbm=-1
W/SignalStrength( 2010): getGsmAsuLevel=99
W/SignalStrength( 2010): getAsuLevel=99
D/STATUSBAR-NetworkController( 2113): refreshSignalCluster: data=-1 bt=false
D/STATUSBAR-SignalClusterView( 2113): mSeparateMobileGroup=8
D/STATUSBAR-SignalClusterView( 2113): mSeparateMobileGroup=8
D/STATUSBAR-SignalClusterView( 2113): mSeparateMobileGroup=8
W/SignalStrength( 2010): getGsmLevel=0
W/SignalStrength( 2010): getLevel=0 (SignalStrength: 99 -1 -1 -1 -1 -1 -1 -1 -1 -1 -1 -1 gsm|lte 0)
W/SignalStrength( 2113): getGsmLevel=0
W/SignalStrength( 2113): getLevel=0 (SignalStrength: 99 -1 -1 -1 -1 -1 -1 -1 -1 -1 -1 -1 gsm|lte 0)
W/SignalStrength( 2113): getGsmLevel=0
W/SignalStrength( 2113): getLevel=0 (SignalStrength: 99 -1 -1 -1 -1 -1 -1 -1 -1 -1 -1 -1 gsm|lte 0)
D/STATUSBAR-NetworkController( 2113): onSignalStrengthsChanged signalStrength=SignalStrength: 99 -1 -1 -1 -1 -1 -1 -1 -1 -1 -1 -1 gsm|lte 0 level=0
W/SignalStrength( 2010): getGsmDbm=-1
W/SignalStrength( 2010): getDbm=-1
W/SignalStrength( 2010): getGsmAsuLevel=99
W/SignalStrength( 2010): getAsuLevel=99
D/STATUSBAR-NetworkController( 2113): refreshSignalCluster: data=-1 bt=false
D/STATUSBAR-SignalClusterView( 2113): mSeparateMobileGroup=8
D/STATUSBAR-SignalClusterView( 2113): mSeparateMobileGroup=8
D/STATUSBAR-SignalClusterView( 2113): mSeparateMobileGroup=8
D/BatteryService( 2010): update start
D/BatteryService( 2010): level:66 scale:100 status:2 health:2 present:true voltage: 4100 temperature: 293 technology: Li-ion AC powered:false USB powered:true icon:17303233 invalid charger:0
D/BatteryService( 2010): turn on LED for charging
D/STATUSBAR-BatteryController( 2113): onReceive() - ACTION_BATTERY_CHANGED
D/STATUSBAR-BatteryController( 2113): onReceive() - level:66
D/STATUSBAR-BatteryController( 2113): onReceive() - plugged:2
D/STATUSBAR-BatteryController( 2113): onReceive() - BATTERY_STATUS_CHARGING:
D/STATUSBAR-PhoneStatusBar( 2113): ACTION_BATTERY_CHANGED
D/STATUSBAR-PhoneStatusBar( 2113): NORMAL_BATTERY
E/MtpService(32371): In MTPAPP onReceive:android.intent.action.BATTERY_CHANGED
E/MtpService(32371): battPlugged Type : 2
E/Watchdog( 2010): !@Sync 2460
W/SignalStrength( 2010): getGsmLevel=1
W/SignalStrength( 2010): getLevel=1 (SignalStrength: 99 -1 -1 -1 -1 -1 -1 -1 -1 -1 -1 -1 gsm|lte 1)
W/SignalStrength( 2113): getGsmLevel=1
W/SignalStrength( 2113): getLevel=1 (SignalStrength: 99 -1 -1 -1 -1 -1 -1 -1 -1 -1 -1 -1 gsm|lte 1)
W/SignalStrength( 2113): getGsmLevel=1
W/SignalStrength( 2113): getLevel=1 (SignalStrength: 99 -1 -1 -1 -1 -1 -1 -1 -1 -1 -1 -1 gsm|lte 1)
D/STATUSBAR-NetworkController( 2113): onSignalStrengthsChanged signalStrength=SignalStrength: 99 -1 -1 -1 -1 -1 -1 -1 -1 -1 -1 -1 gsm|lte 1 level=1
D/STATUSBAR-NetworkController( 2113): refreshSignalCluster: data=-1 bt=false
D/STATUSBAR-SignalClusterView( 2113): mSeparateMobileGroup=8
W/SignalStrength( 2010): getGsmDbm=-1
W/SignalStrength( 2010): getDbm=-1
W/SignalStrength( 2010): getGsmAsuLevel=99
W/SignalStrength( 2010): getAsuLevel=99
D/STATUSBAR-SignalClusterView( 2113): mSeparateMobileGroup=8
D/STATUSBAR-SignalClusterView( 2113): mSeparateMobileGroup=8
D/BatteryService( 2010): update start
W/SignalStrength( 2010): getGsmLevel=0
W/SignalStrength( 2113): getGsmLevel=0
W/SignalStrength( 2010): getLevel=0 (SignalStrength: 99 -1 -1 -1 -1 -1 -1 -1 -1 -1 -1 -1 gsm|lte 0)
W/SignalStrength( 2113): getLevel=0 (SignalStrength: 99 -1 -1 -1 -1 -1 -1 -1 -1 -1 -1 -1 gsm|lte 0)
W/SignalStrength( 2113): getGsmLevel=0
W/SignalStrength( 2113): getLevel=0 (SignalStrength: 99 -1 -1 -1 -1 -1 -1 -1 -1 -1 -1 -1 gsm|lte 0)
D/STATUSBAR-NetworkController( 2113): onSignalStrengthsChanged signalStrength=SignalStrength: 99 -1 -1 -1 -1 -1 -1 -1 -1 -1 -1 -1 gsm|lte 0 level=0
W/SignalStrength( 2010): getGsmDbm=-1
W/SignalStrength( 2010): getDbm=-1
W/SignalStrength( 2010): getGsmAsuLevel=99
W/SignalStrength( 2010): getAsuLevel=99
D/STATUSBAR-NetworkController( 2113): refreshSignalCluster: data=-1 bt=false
D/STATUSBAR-SignalClusterView( 2113): mSeparateMobileGroup=8
D/STATUSBAR-SignalClusterView( 2113): mSeparateMobileGroup=8
D/STATUSBAR-SignalClusterView( 2113): mSeparateMobileGroup=8
D/BatteryService( 2010): update start
W/SignalStrength( 2010): getGsmLevel=1
W/SignalStrength( 2010): getLevel=1 (SignalStrength: 99 -1 -1 -1 -1 -1 -1 -1 -1 -1 -1 -1 gsm|lte 1)
W/SignalStrength( 2113): getGsmLevel=1
W/SignalStrength( 2113): getLevel=1 (SignalStrength: 99 -1 -1 -1 -1 -1 -1 -1 -1 -1 -1 -1 gsm|lte 1)
W/SignalStrength( 2113): getGsmLevel=1
W/SignalStrength( 2113): getLevel=1 (SignalStrength: 99 -1 -1 -1 -1 -1 -1 -1 -1 -1 -1 -1 gsm|lte 1)
W/SignalStrength( 2010): getGsmDbm=-1
W/SignalStrength( 2010): getDbm=-1
W/SignalStrength( 2010): getGsmAsuLevel=99
W/SignalStrength( 2010): getAsuLevel=99
D/STATUSBAR-NetworkController( 2113): onSignalStrengthsChanged signalStrength=SignalStrength: 99 -1 -1 -1 -1 -1 -1 -1 -1 -1 -1 -1 gsm|lte 1 level=1
D/STATUSBAR-NetworkController( 2113): refreshSignalCluster: data=-1 bt=false
D/STATUSBAR-SignalClusterView( 2113): mSeparateMobileGroup=8
D/STATUSBAR-SignalClusterView( 2113): mSeparateMobileGroup=8
D/STATUSBAR-SignalClusterView( 2113): mSeparateMobileGroup=8
D/BatteryService( 2010): update start
V/AlarmManager( 2010): waitForAlarm result :8
V/AlarmManager( 2010): ClockReceiver onReceive() ACTION_TIME_TICK
W/AlarmManager( 2010): FACTORY_ON= 0
D/STATUSBAR-Clock( 2113): onReceive() - ACTION_TIME_TICK
D/STATUSBAR-Clock( 2113): onReceive() - ACTION_TIME_TICK
D/ClockAlarmWidgetService(17804): [ClockAlarmWidgetService] onReceive: action = android.intent.action.TIME_TICK
E/ClockAlarmWidget(17804): [AlarmWidgetIdManager] getListItem() : itemIndex=0, widgetID:1
E/ClockAlarmWidget(17804): [AlarmWidgetIdManager] getListItem() : ItemIndex exceed ListItemCount. itemIndex=1
E/ClockAlarmWidget(17804): [AlarmWidgetIdManager] getListItem() : itemIndex=1, widgetID:1
D/ClockAlarmDataProvider(17804): getAlarm() - too many same ID alarm data. nCount: 0
D/ClockWidget( 2010): refreshTime()
D/ClockWidget( 2010): TTS Message = It is 7 : 8 AM, Tuesday, April 16
E/Watchdog( 2010): !@Sync 2461
V/AlarmManager( 2010): waitForAlarm result :4
V/AlarmManager( 2010): trigger ELAPSED_REALTIME_WAKEUP or RTC_WAKEUP
W/AlarmManager( 2010): FACTORY_ON= 0
W/AlarmManager( 2010): FACTORY_ON= 0
D/BatteryService( 2010): update start
D/BatteryService( 2010): level:66 scale:100 status:2 health:2 present:true voltage: 4110 temperature: 293 technology: Li-ion AC powered:false USB powered:true icon:17303233 invalid charger:0
D/STATUSBAR-BatteryController( 2113): onReceive() - ACTION_BATTERY_CHANGED
D/BatteryService( 2010): turn on LED for charging
D/STATUSBAR-BatteryController( 2113): onReceive() - level:66
D/STATUSBAR-BatteryController( 2113): onReceive() - plugged:2
D/STATUSBAR-BatteryController( 2113): onReceive() - BATTERY_STATUS_CHARGING:
D/STATUSBAR-PhoneStatusBar( 2113): ACTION_BATTERY_CHANGED
D/STATUSBAR-PhoneStatusBar( 2113): NORMAL_BATTERY
E/MtpService(32371): In MTPAPP onReceive:android.intent.action.BATTERY_CHANGED
E/MtpService(32371): battPlugged Type : 2
W/SignalStrength( 2010): getGsmLevel=0
W/SignalStrength( 2113): getGsmLevel=0
W/SignalStrength( 2010): getLevel=0 (SignalStrength: 99 -1 -1 -1 -1 -1 -1 -1 -1 -1 -1 -1 gsm|lte 0)
W/SignalStrength( 2113): getLevel=0 (SignalStrength: 99 -1 -1 -1 -1 -1 -1 -1 -1 -1 -1 -1 gsm|lte 0)
W/SignalStrength( 2113): getGsmLevel=0
W/SignalStrength( 2113): getLevel=0 (SignalStrength: 99 -1 -1 -1 -1 -1 -1 -1 -1 -1 -1 -1 gsm|lte 0)
D/STATUSBAR-NetworkController( 2113): onSignalStrengthsChanged signalStrength=SignalStrength: 99 -1 -1 -1 -1 -1 -1 -1 -1 -1 -1 -1 gsm|lte 0 level=0
D/STATUSBAR-NetworkController( 2113): refreshSignalCluster: data=-1 bt=false
D/STATUSBAR-SignalClusterView( 2113): mSeparateMobileGroup=8
W/SignalStrength( 2010): getGsmDbm=-1
W/SignalStrength( 2010): getDbm=-1
W/SignalStrength( 2010): getGsmAsuLevel=99
W/SignalStrength( 2010): getAsuLevel=99
D/STATUSBAR-SignalClusterView( 2113): mSeparateMobileGroup=8
D/STATUSBAR-SignalClusterView( 2113): mSeparateMobileGroup=8
D/BatteryService( 2010): update start
D/BatteryService( 2010): level:66 scale:100 status:2 health:2 present:true voltage: 4107 temperature: 293 technology: Li-ion AC powered:false USB powered:true icon:17303233 invalid charger:0
D/STATUSBAR-BatteryController( 2113): onReceive() - ACTION_BATTERY_CHANGED
D/STATUSBAR-BatteryController( 2113): onReceive() - level:66
D/STATUSBAR-BatteryController( 2113): onReceive() - plugged:2
D/STATUSBAR-BatteryController( 2113): onReceive() - BATTERY_STATUS_CHARGING:
D/STATUSBAR-PhoneStatusBar( 2113): ACTION_BATTERY_CHANGED
D/STATUSBAR-PhoneStatusBar( 2113): NORMAL_BATTERY
E/MtpService(32371): In MTPAPP onReceive:android.intent.action.BATTERY_CHANGED
E/MtpService(32371): battPlugged Type : 2
D/BatteryService( 2010): turn on LED for charging
D/BatteryService( 2010): update start
D/BatteryService( 2010): level:66 scale:100 status:2 health:2 present:true voltage: 4110 temperature: 293 technology: Li-ion AC powered:false USB powered:true icon:17303233 invalid charger:0
D/STATUSBAR-BatteryController( 2113): onReceive() - ACTION_BATTERY_CHANGED
D/STATUSBAR-BatteryController( 2113): onReceive() - level:66
D/STATUSBAR-BatteryController( 2113): onReceive() - plugged:2
D/STATUSBAR-BatteryController( 2113): onReceive() - BATTERY_STATUS_CHARGING:
D/STATUSBAR-PhoneStatusBar( 2113): ACTION_BATTERY_CHANGED
D/STATUSBAR-PhoneStatusBar( 2113): NORMAL_BATTERY
E/MtpService(32371): In MTPAPP onReceive:android.intent.action.BATTERY_CHANGED
E/MtpService(32371): battPlugged Type : 2
D/BatteryService( 2010): turn on LED for charging
E/Watchdog( 2010): !@Sync 2462
D/BatteryService( 2010): update start
D/BatteryService( 2010): level:66 scale:100 status:2 health:2 present:true voltage: 4112 temperature: 293 technology: Li-ion AC powered:false USB powered:true icon:17303233 invalid charger:0
E/MtpService(32371): In MTPAPP onReceive:android.intent.action.BATTERY_CHANGED
D/STATUSBAR-BatteryController( 2113): onReceive() - ACTION_BATTERY_CHANGED
D/STATUSBAR-BatteryController( 2113): onReceive() - level:66
D/STATUSBAR-BatteryController( 2113): onReceive() - plugged:2
D/STATUSBAR-BatteryController( 2113): onReceive() - BATTERY_STATUS_CHARGING:
D/STATUSBAR-PhoneStatusBar( 2113): ACTION_BATTERY_CHANGED
D/STATUSBAR-PhoneStatusBar( 2113): NORMAL_BATTERY
D/BatteryService( 2010): turn on LED for charging
E/MtpService(32371): battPlugged Type : 2
W/SignalStrength( 2010): getGsmLevel=1
W/SignalStrength( 2010): getLevel=1 (SignalStrength: 99 -1 -1 -1 -1 -1 -1 -1 -1 -1 -1 -1 gsm|lte 1)
W/SignalStrength( 2113): getGsmLevel=1
W/SignalStrength( 2113): getLevel=1 (SignalStrength: 99 -1 -1 -1 -1 -1 -1 -1 -1 -1 -1 -1 gsm|lte 1)
W/SignalStrength( 2113): getGsmLevel=1
D/STATUSBAR-NetworkController( 2113): onSignalStrengthsChanged signalStrength=SignalStrength: 99 -1 -1 -1 -1 -1 -1 -1 -1 -1 -1 -1 gsm|lte 1 level=1
W/SignalStrength( 2113): getLevel=1 (SignalStrength: 99 -1 -1 -1 -1 -1 -1 -1 -1 -1 -1 -1 gsm|lte 1)
W/SignalStrength( 2010): getGsmDbm=-1
W/SignalStrength( 2010): getDbm=-1
W/SignalStrength( 2010): getGsmAsuLevel=99
W/SignalStrength( 2010): getAsuLevel=99
D/STATUSBAR-NetworkController( 2113): refreshSignalCluster: data=-1 bt=false
D/STATUSBAR-SignalClusterView( 2113): mSeparateMobileGroup=8
D/STATUSBAR-SignalClusterView( 2113): mSeparateMobileGroup=8
D/STATUSBAR-SignalClusterView( 2113): mSeparateMobileGroup=8
V/AlarmManager( 2010): waitForAlarm result :8
W/ThrottleService( 2010): unable to find stats for iface rmnet0
W/AlarmManager( 2010): FACTORY_ON= 0
W/SignalStrength( 2010): getGsmLevel=2
W/SignalStrength( 2010): getLevel=2 (SignalStrength: 99 -1 -1 -1 -1 -1 -1 -1 -1 -1 -1 -1 gsm|lte 2)
W/SignalStrength( 2113): getGsmLevel=2
W/SignalStrength( 2113): getLevel=2 (SignalStrength: 99 -1 -1 -1 -1 -1 -1 -1 -1 -1 -1 -1 gsm|lte 2)
W/SignalStrength( 2113): getGsmLevel=2
W/SignalStrength( 2113): getLevel=2 (SignalStrength: 99 -1 -1 -1 -1 -1 -1 -1 -1 -1 -1 -1 gsm|lte 2)
W/SignalStrength( 2010): getGsmDbm=-1
W/SignalStrength( 2010): getDbm=-1
W/SignalStrength( 2010): getGsmAsuLevel=99
W/SignalStrength( 2010): getAsuLevel=99
D/STATUSBAR-NetworkController( 2113): onSignalStrengthsChanged signalStrength=SignalStrength: 99 -1 -1 -1 -1 -1 -1 -1 -1 -1 -1 -1 gsm|lte 2 level=2
D/STATUSBAR-NetworkController( 2113): refreshSignalCluster: data=-1 bt=false
D/STATUSBAR-SignalClusterView( 2113): mSeparateMobileGroup=8
D/STATUSBAR-SignalClusterView( 2113): mSeparateMobileGroup=8
D/STATUSBAR-SignalClusterView( 2113): mSeparateMobileGroup=8
D/BatteryService( 2010): update start
D/BatteryService( 2010): level:66 scale:100 status:2 health:2 present:true voltage: 4110 temperature: 292 technology: Li-ion AC powered:false USB powered:true icon:17303233 invalid charger:0
D/BatteryService( 2010): turn on LED for charging
D/STATUSBAR-BatteryController( 2113): onReceive() - ACTION_BATTERY_CHANGED
D/STATUSBAR-BatteryController( 2113): onReceive() - level:66
D/STATUSBAR-BatteryController( 2113): onReceive() - plugged:2
D/STATUSBAR-BatteryController( 2113): onReceive() - BATTERY_STATUS_CHARGING:
D/STATUSBAR-PhoneStatusBar( 2113): ACTION_BATTERY_CHANGED
D/STATUSBAR-PhoneStatusBar( 2113): NORMAL_BATTERY
E/MtpService(32371): In MTPAPP onReceive:android.intent.action.BATTERY_CHANGED
E/MtpService(32371): battPlugged Type : 2
W/SignalStrength( 2010): getGsmLevel=1
W/SignalStrength( 2010): getLevel=1 (SignalStrength: 99 -1 -1 -1 -1 -1 -1 -1 -1 -1 -1 -1 gsm|lte 1)
W/SignalStrength( 2113): getGsmLevel=1
W/SignalStrength( 2113): getLevel=1 (SignalStrength: 99 -1 -1 -1 -1 -1 -1 -1 -1 -1 -1 -1 gsm|lte 1)
W/SignalStrength( 2113): getGsmLevel=1
W/SignalStrength( 2113): getLevel=1 (SignalStrength: 99 -1 -1 -1 -1 -1 -1 -1 -1 -1 -1 -1 gsm|lte 1)
D/STATUSBAR-NetworkController( 2113): onSignalStrengthsChanged signalStrength=SignalStrength: 99 -1 -1 -1 -1 -1 -1 -1 -1 -1 -1 -1 gsm|lte 1 level=1
D/STATUSBAR-NetworkController( 2113): refreshSignalCluster: data=-1 bt=false
D/STATUSBAR-SignalClusterView( 2113): mSeparateMobileGroup=8
D/STATUSBAR-SignalClusterView( 2113): mSeparateMobileGroup=8
D/STATUSBAR-SignalClusterView( 2113): mSeparateMobileGroup=8
W/SignalStrength( 2010): getGsmDbm=-1
W/SignalStrength( 2010): getDbm=-1
W/SignalStrength( 2010): getGsmAsuLevel=99
W/SignalStrength( 2010): getAsuLevel=99
V/AlarmManager( 2010): waitForAlarm result :8
V/AlarmManager( 2010): ClockReceiver onReceive() ACTION_TIME_TICK
W/AlarmManager( 2010): FACTORY_ON= 0
D/STATUSBAR-Clock( 2113): onReceive() - ACTION_TIME_TICK
D/STATUSBAR-Clock( 2113): onReceive() - ACTION_TIME_TICK
D/BatteryService( 2010): update start
D/BatteryService( 2010): level:66 scale:100 status:2 health:2 present:true voltage: 4107 temperature: 292 technology: Li-ion AC powered:false USB powered:true icon:17303233 invalid charger:0
D/BatteryService( 2010): turn on LED for charging
E/MtpService(32371): In MTPAPP onReceive:android.intent.action.BATTERY_CHANGED
E/MtpService(32371): battPlugged Type : 2
D/STATUSBAR-BatteryController( 2113): onReceive() - ACTION_BATTERY_CHANGED
D/STATUSBAR-BatteryController( 2113): onReceive() - level:66
D/STATUSBAR-BatteryController( 2113): onReceive() - plugged:2
D/STATUSBAR-BatteryController( 2113): onReceive() - BATTERY_STATUS_CHARGING:
D/STATUSBAR-PhoneStatusBar( 2113): ACTION_BATTERY_CHANGED
D/STATUSBAR-PhoneStatusBar( 2113): NORMAL_BATTERY
D/ClockAlarmWidgetService(17804): [ClockAlarmWidgetService] onReceive: action = android.intent.action.TIME_TICK
E/ClockAlarmWidget(17804): [AlarmWidgetIdManager] getListItem() : itemIndex=0, widgetID:1
E/ClockAlarmWidget(17804): [AlarmWidgetIdManager] getListItem() : ItemIndex exceed ListItemCount. itemIndex=1
E/ClockAlarmWidget(17804): [AlarmWidgetIdManager] getListItem() : itemIndex=1, widgetID:1
D/ClockAlarmDataProvider(17804): getAlarm() - too many same ID alarm data. nCount: 0
D/ClockWidget( 2010): refreshTime()
D/ClockWidget( 2010): TTS Message = It is 7 : 9 AM, Tuesday, April 16
E/Watchdog( 2010): !@Sync 2463
V/AlarmManager( 2010): waitForAlarm result :4
D/BatteryService( 2010): update start
D/BatteryService( 2010): level:67 scale:100 status:2 health:2 present:true voltage: 4107 temperature: 293 technology: Li-ion AC powered:false USB powered:true icon:17303233 invalid charger:0
D/BatteryService( 2010): turn on LED for charging
D/CircleLockScreen( 2010): onRefreshBatteryInfo() showPatteryInfo: true pluggedIn: true batteryLevel: 67
D/STATUSBAR-BatteryController( 2113): onReceive() - ACTION_BATTERY_CHANGED
D/STATUSBAR-BatteryController( 2113): onReceive() - level:67
D/STATUSBAR-BatteryController( 2113): onReceive() - plugged:2
D/STATUSBAR-BatteryController( 2113): onReceive() - BATTERY_STATUS_CHARGING:
D/STATUSBAR-PhoneStatusBar( 2113): ACTION_BATTERY_CHANGED
D/STATUSBAR-PhoneStatusBar( 2113): NORMAL_BATTERY
E/MtpService(32371): In MTPAPP onReceive:android.intent.action.BATTERY_CHANGED
E/MtpService(32371): battPlugged Type : 2
D/BatteryService( 2010): update start
D/BatteryService( 2010): level:67 scale:100 status:2 health:2 present:true voltage: 4115 temperature: 293 technology: Li-ion AC powered:false USB powered:true icon:17303233 invalid charger:0
D/BatteryService( 2010): turn on LED for charging
D/STATUSBAR-BatteryController( 2113): onReceive() - ACTION_BATTERY_CHANGED
D/STATUSBAR-BatteryController( 2113): onReceive() - level:67
D/STATUSBAR-BatteryController( 2113): onReceive() - plugged:2
D/STATUSBAR-BatteryController( 2113): onReceive() - BATTERY_STATUS_CHARGING:
D/STATUSBAR-PhoneStatusBar( 2113): ACTION_BATTERY_CHANGED
D/STATUSBAR-PhoneStatusBar( 2113): NORMAL_BATTERY
E/MtpService(32371): In MTPAPP onReceive:android.intent.action.BATTERY_CHANGED
E/MtpService(32371): battPlugged Type : 2
D/BatteryService( 2010): update start
D/BatteryService( 2010): level:67 scale:100 status:2 health:2 present:true voltage: 4107 temperature: 292 technology: Li-ion AC powered:false USB powered:true icon:17303233 invalid charger:0
D/BatteryService( 2010): turn on LED for charging
D/STATUSBAR-BatteryController( 2113): onReceive() - ACTION_BATTERY_CHANGED
D/STATUSBAR-BatteryController( 2113): onReceive() - level:67
D/STATUSBAR-BatteryController( 2113): onReceive() - plugged:2
D/STATUSBAR-BatteryController( 2113): onReceive() - BATTERY_STATUS_CHARGING:
E/MtpService(32371): In MTPAPP onReceive:android.intent.action.BATTERY_CHANGED
E/MtpService(32371): battPlugged Type : 2
D/STATUSBAR-PhoneStatusBar( 2113): ACTION_BATTERY_CHANGED
D/STATUSBAR-PhoneStatusBar( 2113): NORMAL_BATTERY
E/Watchdog( 2010): !@Sync 2464
W/SignalStrength( 2010): getGsmLevel=2
W/SignalStrength( 2010): getLevel=2 (SignalStrength: 99 -1 -1 -1 -1 -1 -1 -1 -1 -1 -1 -1 gsm|lte 2)
W/SignalStrength( 2113): getGsmLevel=2
W/SignalStrength( 2113): getLevel=2 (SignalStrength: 99 -1 -1 -1 -1 -1 -1 -1 -1 -1 -1 -1 gsm|lte 2)
W/SignalStrength( 2113): getGsmLevel=2
W/SignalStrength( 2113): getLevel=2 (SignalStrength: 99 -1 -1 -1 -1 -1 -1 -1 -1 -1 -1 -1 gsm|lte 2)
W/SignalStrength( 2010): getGsmDbm=-1
W/SignalStrength( 2010): getDbm=-1
D/STATUSBAR-NetworkController( 2113): onSignalStrengthsChanged signalStrength=SignalStrength: 99 -1 -1 -1 -1 -1 -1 -1 -1 -1 -1 -1 gsm|lte 2 level=2
D/STATUSBAR-NetworkController( 2113): refreshSignalCluster: data=-1 bt=false
D/STATUSBAR-SignalClusterView( 2113): mSeparateMobileGroup=8
D/STATUSBAR-SignalClusterView( 2113): mSeparateMobileGroup=8
D/STATUSBAR-SignalClusterView( 2113): mSeparateMobileGroup=8
W/SignalStrength( 2010): getGsmAsuLevel=99
W/SignalStrength( 2010): getAsuLevel=99
D/BatteryService( 2010): update start
D/BatteryService( 2010): level:67 scale:100 status:2 health:2 present:true voltage: 4105 temperature: 293 technology: Li-ion AC powered:false USB powered:true icon:17303233 invalid charger:0
D/BatteryService( 2010): turn on LED for charging
D/STATUSBAR-BatteryController( 2113): onReceive() - ACTION_BATTERY_CHANGED
D/STATUSBAR-BatteryController( 2113): onReceive() - level:67
D/STATUSBAR-BatteryController( 2113): onReceive() - plugged:2
D/STATUSBAR-BatteryController( 2113): onReceive() - BATTERY_STATUS_CHARGING:
D/STATUSBAR-PhoneStatusBar( 2113): ACTION_BATTERY_CHANGED
D/STATUSBAR-PhoneStatusBar( 2113): NORMAL_BATTERY
E/MtpService(32371): In MTPAPP onReceive:android.intent.action.BATTERY_CHANGED
E/MtpService(32371): battPlugged Type : 2
W/SignalStrength( 2010): getGsmLevel=1
W/SignalStrength( 2010): getLevel=1 (SignalStrength: 99 -1 -1 -1 -1 -1 -1 -1 -1 -1 -1 -1 gsm|lte 1)
W/SignalStrength( 2113): getGsmLevel=1
W/SignalStrength( 2113): getLevel=1 (SignalStrength: 99 -1 -1 -1 -1 -1 -1 -1 -1 -1 -1 -1 gsm|lte 1)
W/SignalStrength( 2113): getGsmLevel=1
W/SignalStrength( 2113): getLevel=1 (SignalStrength: 99 -1 -1 -1 -1 -1 -1 -1 -1 -1 -1 -1 gsm|lte 1)
D/STATUSBAR-NetworkController( 2113): onSignalStrengthsChanged signalStrength=SignalStrength: 99 -1 -1 -1 -1 -1 -1 -1 -1 -1 -1 -1 gsm|lte 1 level=1
W/SignalStrength( 2010): getGsmDbm=-1
W/SignalStrength( 2010): getDbm=-1
W/SignalStrength( 2010): getGsmAsuLevel=99
W/SignalStrength( 2010): getAsuLevel=99
D/STATUSBAR-NetworkController( 2113): refreshSignalCluster: data=-1 bt=false
D/STATUSBAR-SignalClusterView( 2113): mSeparateMobileGroup=8
D/STATUSBAR-SignalClusterView( 2113): mSeparateMobileGroup=8
D/STATUSBAR-SignalClusterView( 2113): mSeparateMobileGroup=8
W/SignalStrength( 2010): getGsmLevel=0
W/SignalStrength( 2010): getLevel=0 (SignalStrength: 99 -1 -1 -1 -1 -1 -1 -1 -1 -1 -1 -1 gsm|lte 0)
W/SignalStrength( 2113): getGsmLevel=0
W/SignalStrength( 2113): getLevel=0 (SignalStrength: 99 -1 -1 -1 -1 -1 -1 -1 -1 -1 -1 -1 gsm|lte 0)
W/SignalStrength( 2113): getGsmLevel=0
W/SignalStrength( 2113): getLevel=0 (SignalStrength: 99 -1 -1 -1 -1 -1 -1 -1 -1 -1 -1 -1 gsm|lte 0)
W/SignalStrength( 2010): getGsmDbm=-1
W/SignalStrength( 2010): getDbm=-1
W/SignalStrength( 2010): getGsmAsuLevel=99
W/SignalStrength( 2010): getAsuLevel=99
D/STATUSBAR-NetworkController( 2113): onSignalStrengthsChanged signalStrength=SignalStrength: 99 -1 -1 -1 -1 -1 -1 -1 -1 -1 -1 -1 gsm|lte 0 level=0
D/STATUSBAR-NetworkController( 2113): refreshSignalCluster: data=-1 bt=false
D/STATUSBAR-SignalClusterView( 2113): mSeparateMobileGroup=8
D/STATUSBAR-SignalClusterView( 2113): mSeparateMobileGroup=8
D/STATUSBAR-SignalClusterView( 2113): mSeparateMobileGroup=8
D/BatteryService( 2010): update start
D/BatteryService( 2010): level:67 scale:100 status:2 health:2 present:true voltage: 4110 temperature: 292 technology: Li-ion AC powered:false USB powered:true icon:17303233 invalid charger:0
D/STATUSBAR-BatteryController( 2113): onReceive() - ACTION_BATTERY_CHANGED
D/STATUSBAR-BatteryController( 2113): onReceive() - level:67
D/STATUSBAR-BatteryController( 2113): onReceive() - plugged:2
D/STATUSBAR-BatteryController( 2113): onReceive() - BATTERY_STATUS_CHARGING:
D/STATUSBAR-PhoneStatusBar( 2113): ACTION_BATTERY_CHANGED
D/STATUSBAR-PhoneStatusBar( 2113): NORMAL_BATTERY
E/MtpService(32371): In MTPAPP onReceive:android.intent.action.BATTERY_CHANGED
E/MtpService(32371): battPlugged Type : 2
D/BatteryService( 2010): turn on LED for charging
V/AlarmManager( 2010): waitForAlarm result :8
V/AlarmManager( 2010): ClockReceiver onReceive() ACTION_TIME_TICK
W/AlarmManager( 2010): FACTORY_ON= 0
D/STATUSBAR-Clock( 2113): onReceive() - ACTION_TIME_TICK
D/STATUSBAR-Clock( 2113): onReceive() - ACTION_TIME_TICK
D/ClockAlarmWidgetService(17804): [ClockAlarmWidgetService] onReceive: action = android.intent.action.TIME_TICK
E/ClockAlarmWidget(17804): [AlarmWidgetIdManager] getListItem() : itemIndex=0, widgetID:1
E/ClockAlarmWidget(17804): [AlarmWidgetIdManager] getListItem() : ItemIndex exceed ListItemCount. itemIndex=1
E/ClockAlarmWidget(17804): [AlarmWidgetIdManager] getListItem() : itemIndex=1, widgetID:1
D/ClockAlarmDataProvider(17804): getAlarm() - too many same ID alarm data. nCount: 0
D/ClockWidget( 2010): refreshTime()
D/ClockWidget( 2010): TTS Message = It is 7 : 10 AM, Tuesday, April 16
D/BatteryService( 2010): update start
E/Watchdog( 2010): !@Sync 2465
D/BatteryService( 2010): update start
W/SignalStrength( 2010): getGsmLevel=1
W/SignalStrength( 2113): getGsmLevel=1
W/SignalStrength( 2010): getLevel=1 (SignalStrength: 99 -1 -1 -1 -1 -1 -1 -1 -1 -1 -1 -1 gsm|lte 1)
W/SignalStrength( 2113): getLevel=1 (SignalStrength: 99 -1 -1 -1 -1 -1 -1 -1 -1 -1 -1 -1 gsm|lte 1)
W/SignalStrength( 2113): getGsmLevel=1
W/SignalStrength( 2113): getLevel=1 (SignalStrength: 99 -1 -1 -1 -1 -1 -1 -1 -1 -1 -1 -1 gsm|lte 1)
D/STATUSBAR-NetworkController( 2113): onSignalStrengthsChanged signalStrength=SignalStrength: 99 -1 -1 -1 -1 -1 -1 -1 -1 -1 -1 -1 gsm|lte 1 level=1
D/STATUSBAR-NetworkController( 2113): refreshSignalCluster: data=-1 bt=false
D/STATUSBAR-SignalClusterView( 2113): mSeparateMobileGroup=8
W/SignalStrength( 2010): getGsmDbm=-1
W/SignalStrength( 2010): getDbm=-1
W/SignalStrength( 2010): getGsmAsuLevel=99
W/SignalStrength( 2010): getAsuLevel=99
D/STATUSBAR-SignalClusterView( 2113): mSeparateMobileGroup=8
D/STATUSBAR-SignalClusterView( 2113): mSeparateMobileGroup=8
D/BatteryService( 2010): update start
D/BatteryService( 2010): level:67 scale:100 status:2 health:2 present:true voltage: 4117 temperature: 292 technology: Li-ion AC powered:false USB powered:true icon:17303233 invalid charger:0
D/BatteryService( 2010): turn on LED for charging
D/STATUSBAR-BatteryController( 2113): onReceive() - ACTION_BATTERY_CHANGED
D/STATUSBAR-BatteryController( 2113): onReceive() - level:67
D/STATUSBAR-BatteryController( 2113): onReceive() - plugged:2
D/STATUSBAR-BatteryController( 2113): onReceive() - BATTERY_STATUS_CHARGING:
D/STATUSBAR-PhoneStatusBar( 2113): ACTION_BATTERY_CHANGED
D/STATUSBAR-PhoneStatusBar( 2113): NORMAL_BATTERY
E/MtpService(32371): In MTPAPP onReceive:android.intent.action.BATTERY_CHANGED
E/MtpService(32371): battPlugged Type : 2
E/Watchdog( 2010): !@Sync 2466
D/BatteryService( 2010): update start
D/BatteryService( 2010): level:67 scale:100 status:2 health:2 present:true voltage: 4115 temperature: 292 technology: Li-ion AC powered:false USB powered:true icon:17303233 invalid charger:0
D/BatteryService( 2010): turn on LED for charging
D/STATUSBAR-BatteryController( 2113): onReceive() - ACTION_BATTERY_CHANGED
D/STATUSBAR-BatteryController( 2113): onReceive() - level:67
D/STATUSBAR-BatteryController( 2113): onReceive() - plugged:2
D/STATUSBAR-BatteryController( 2113): onReceive() - BATTERY_STATUS_CHARGING:
D/STATUSBAR-PhoneStatusBar( 2113): ACTION_BATTERY_CHANGED
E/MtpService(32371): In MTPAPP onReceive:android.intent.action.BATTERY_CHANGED
E/MtpService(32371): battPlugged Type : 2
D/STATUSBAR-PhoneStatusBar( 2113): NORMAL_BATTERY
I/wpa_supplicant( 2796): State: COMPLETED -> GROUP_HANDSHAKE
