Last login: Mon Apr 15 16:31:57 on ttys000 DHydeMBP:~ dhyde$ adb kill-server DHydeMBP:~ dhyde$ adb logcat * daemon not running. starting it now on port 5037 * * daemon started successfully * - waiting for device - --------- beginning of /dev/log/main
I/ADM ( 1694): 6: 69637275509: [OMXIL] omx_log:293 port=7 bIsSynchronized=1
I/ADM ( 1694): 7: 69637275570: [OMXIL] omx_log:887 414B0008 [ADM.mixer ]: SetParameter idx=AudioPcm
I/ADM ( 1694): 8: 69637275631: [OMXIL] omx_log:293 port=8 channels=2 eNumData=0 endian=1 interleave=1 bits=16 samplerate=44100
I/ADM ( 1694): 8: 69637275662: [OMXIL] omx_log:293 pcmMode=0 map[0]=1 map[1]=2 map[2]=0, map[3]=0, map[4]=0, map[5]=0
I/ADM ( 1694): 9: 69637275692: [OMXIL] omx_log:913 414B0008 [ADM.mixer ]: SetConfig idx=AFM_IndexConfigPcmProbe
I/ADM ( 1694): 0: 69637275723: [OMXIL] omx_log:887 414B0008 [ADM.mixer ]: SetParameter idx=AFM_IndexParamSrcMode
I/ADM ( 1694): 0: 69637275784: [OMXIL] omx_log:293 nPortIndex=8 nSrcMode=Custom1
I/ADM ( 1694): 1: 69637275815: [OMXIL] omx_log:887 414B0008 [ADM.mixer ]: SetParameter idx=OMX_IndexParamAudioSynchronized
I/ADM ( 1694): 1: 69637275845: [OMXIL] omx_log:293 port=8 bIsSynchronized=1
I/ADM ( 1694): 2: 69637275876: [OMXIL] omx_log:957 414B0008 [ADM.mixer ]: SendCommand PortDisable 1
I/ADM ( 1694): 3: 69637275937: [OMXIL] omx_log:256 414B0008 [ADM.mixer ]: CB CmdComplete PortDisable 1
I/ADM ( 1694): 4: 69637275967: [OMXIL] omx_log:957 414B0008 [ADM.mixer ]: SendCommand PortDisable 2
I/ADM ( 1694): 5: 69637276028: [OMXIL] omx_log:256 414B0008 [ADM.mixer ]: CB CmdComplete PortDisable 2
I/ADM ( 1694): 6: 69637276059: [OMXIL] omx_log:957 414B0008 [ADM.mixer ]: SendCommand PortDisable 3
I/ADM ( 1694): 6: 69637276120: [OMXIL] omx_log:256 414B0008 [ADM.mixer ]: CB CmdComplete PortDisable 3
I/ADM ( 1694): 7: 69637276150: [OMXIL] omx_log:957 414B0008 [ADM.mixer ]: SendCommand PortDisable 4
I/ADM ( 1694): 8: 69637276181: [OMXIL] omx_log:256 414B0008 [ADM.mixer ]: CB CmdComplete PortDisable 4
I/ADM ( 1694): 8: 69637276242: [OMXIL] omx_log:957 414B0008 [ADM.mixer ]: SendCommand PortDisable 5
I/ADM ( 1694): 9: 69637276272: [OMXIL] omx_log:256 414B0008 [ADM.mixer ]: CB CmdComplete PortDisable 5
I/ADM ( 1694): 0: 69637276333: [OMXIL] omx_log:957 414B0008 [ADM.mixer ]: SendCommand PortDisable 6
I/ADM ( 1694): 1: 69637276364: [OMXIL] omx_log:256 414B0008 [ADM.mixer ]: CB CmdComplete PortDisable 6
I/ADM ( 1694): 1: 69637276425: [OMXIL] omx_log:957 414B0008 [ADM.mixer ]: SendCommand PortDisable 7
I/ADM ( 1694): 2: 69637276486: [OMXIL] omx_log:256 414B0008 [ADM.mixer ]: CB CmdComplete PortDisable 7
I/ADM ( 1694): 3: 69637276547: [OMXIL] omx_log:957 414B0008 [ADM.mixer ]: SendCommand PortDisable 8
I/ADM ( 1694): 4: 69637276578: [OMXIL] omx_log:256 414B0008 [ADM.mixer ]: CB CmdComplete PortDisable 8
I/ADM ( 1694): 5: 69637276639: [OMXIL] omx_log:887 414B0008 [ADM.mixer ]: SetParameter idx=PortDefinition
I/ADM ( 1694): 5: 69637276669: [OMXIL] omx_log:293 port=0 dir=1 act=3 min=3 sz=3072 enabled=1 pop=0 domain=0 bcont=0 align=0
I/ADM ( 1694): 6: 69637276700: [OMXIL] omx_log:293 mime=(null) natread=0 conceal=0 encoding=2
I/ADM ( 1694): 8: 69637276822: [OMXIL] omx_log:887 45781F68 [ocessing.spl]: SetParameter idx=PortDefinition
I/ADM ( 1694): 9: 69637276883: [OMXIL] omx_log:293 port=0 dir=0 act=2 min=2 sz=3072 enabled=1 pop=0 domain=0 bcont=0 align=1133510344
I/ADM ( 1694): 0: 69637276913: [OMXIL] omx_log:293 mime=(null) natread=0 conceal=0 encoding=2
I/ADM ( 1694): 6: 69637277249: [OMXIL] omx_log:887 45781F68 [ocessing.spl]: SetParameter idx=PortDefinition
I/ADM ( 1694): 6: 69637277310: [OMXIL] omx_log:293 port=1 dir=1 act=2 min=2 sz=3072 enabled=1 pop=0 domain=0 bcont=3 align=1157762608
I/ADM ( 1694): 7: 69637277340: [OMXIL] omx_log:293 mime=(null) natread=0 conceal=0 encoding=2
I/ADM ( 1694): 3: 69637277676: [OMXIL] omx_log:887 4374DE80 [ST.AFM.mixer]: SetParameter idx=PortDefinition
I/ADM ( 1694): 4: 69637277737: [OMXIL] omx_log:293 port=1 dir=0 act=3 min=2 sz=3072 enabled=0 pop=0 domain=0 bcont=0 align=1095433928
I/ADM ( 1694): 5: 69637277768: [OMXIL] omx_log:293 mime=(null) natread=0 conceal=0 encoding=2
E/ENSWrapper( 1694): return OMX_ErrorNotImplemented - GetExtensionIndex OMX.ST.AFM.pcmprocessing.spl h=0x45781f68 cParameterName=STE.ADM IndexType=unknown OMX_INDEXTYPE [ 0x7212df47 ]
I/ADM ( 1694): 9: 69637278592: [OMXIL] omx_log:256 SetupTunnel 414B0008[ADM.mixer].0 -> 45781F68[ocessing.spl].0 --> OK
I/ADM ( 1694): 0: 69637278714: [OMXIL] omx_log:957 45781F68 [ocessing.spl]: SendCommand PortDisable 1
I/ADM ( 1694): 4: 69637278958: [OMXIL] omx_log:256 45781F68 [ocessing.spl]: CB CmdComplete PortDisable 1
I/ADM ( 1694): 5: 69637280179: [OMXIL] omx_log:256 SetupTunnel 45A76DC8[ocessing.spl].1 -> 4126A098[X.ST.AFM.IHF].0 --> OK
I/ADM ( 1694): 2: 69637281155: [OMXIL] omx_log:256 SetupTunnel 4374DE80[ST.AFM.mixer].0 -> 45A76DC8[ocessing.spl].0 --> OK
I/ADM ( 1694): 3: 69637281216: [OMXIL] omx_log:954 4126A098 [X.ST.AFM.IHF]: SendCommand StateSet StateIdle
I/ADM ( 1694): 0: 69637281735: [OMXIL] omx_log:954 45A76DC8 [ocessing.spl]: SendCommand StateSet StateIdle
I/ADM ( 1694): 0: 69637285794: [OMXIL] omx_log:954 4374DE80 [ST.AFM.mixer]: SendCommand StateSet StateIdle
I/ADM ( 1694): 7: 69637286343: [OMXIL] omx_log:954 45781F68 [ocessing.spl]: SendCommand StateSet StateIdle
I/ADM ( 1694): 3: 69637286526: [OMXIL] omx_log:954 414B0008 [ADM.mixer ]: SendCommand StateSet StateIdle
I/ADM ( 1694): 3: 69637287259: [OMXIL] omx_log:256 414B0008 [ADM.mixer ]: CB CmdComplete StateSet StateIdle
D/InputReader( 2010): Input event: value=0
I/InputDispatcher( 2010): Delivering key to current input target: action: 0x1
I/InputDispatcher( 2010): Delivering key to current input target: action: 0x1
I/InputDispatcher( 2010): Delivering key to current input target: action: 0x1
I/ADM ( 1694): 1: 69637317685: [OMXIL] omx_log:256 4126A098 [X.ST.AFM.IHF]: CB CmdComplete StateSet StateIdle
I/ADM ( 1694): 2: 69637329556: [OMXIL] omx_log:256 45A76DC8 [ocessing.spl]: CB CmdComplete StateSet StateIdle
I/ADM ( 1694): 8: 69637339901: [OMXIL] omx_log:256 4374DE80 [ST.AFM.mixer]: CB CmdComplete StateSet StateIdle
I/ADM ( 1694): 1: 69637351895: [OMXIL] omx_log:256 45781F68 [ocessing.spl]: CB CmdComplete StateSet StateIdle
I/ADM ( 1694): 0: 69637352383: [OMXIL] omx_log:954 4126A098 [X.ST.AFM.IHF]: SendCommand StateSet StateExecuting
I/ADM ( 1694): 2: 69637355465: [OMXIL] omx_log:256 4126A098 [X.ST.AFM.IHF]: CB CmdComplete StateSet StateExecuting
I/ADM ( 1694): 8: 69637355832: [OMXIL] omx_log:954 45A76DC8 [ocessing.spl]: SendCommand StateSet StateExecuting
I/ADM ( 1694): 1: 69637356595: [OMXIL] omx_log:256 45A76DC8 [ocessing.spl]: CB CmdComplete StateSet StateExecuting
I/ADM ( 1694): 2: 69637357266: [OMXIL] omx_log:954 4374DE80 [ST.AFM.mixer]: SendCommand StateSet StateExecuting
I/ADM ( 1694): 5: 69637358029: [OMXIL] omx_log:256 4374DE80 [ST.AFM.mixer]: CB CmdComplete StateSet StateExecuting
I/ADM ( 1694): 9: 69637358243: [OMXIL] omx_log:954 45781F68 [ocessing.spl]: SendCommand StateSet StateExecuting
I/ADM ( 1694): 1: 69637358914: [OMXIL] omx_log:256 45781F68 [ocessing.spl]: CB CmdComplete StateSet StateExecuting
I/ADM ( 1694): 2: 69637359616: [OMXIL] omx_log:954 414B0008 [ADM.mixer ]: SendCommand StateSet StateExecuting
I/ADM ( 1694): 4: 69637359707: [OMXIL] omx_log:256 414B0008 [ADM.mixer ]: CB CmdComplete StateSet StateExecuting
I/ADM ( 1694): 1: 69637360165: [OMXIL] omx_log:887 4374DE80 [ST.AFM.mixer]: SetParameter idx=OMX_IndexParamAudioSynchronized
I/ADM ( 1694): 3: 69637360196: [OMXIL] omx_log:293 port=1 bIsSynchronized=1
I/ADM ( 1694): 9: 69637360623: [OMXIL] omx_log:887 45781F68 [ocessing.spl]: SetParameter idx=AudioPcm
I/ADM ( 1694): 0: 69637360653: [OMXIL] omx_log:293 port=1 channels=1 eNumData=0 endian=1 interleave=1 bits=16 samplerate=48000
I/ADM ( 1694): 1: 69637360714: [OMXIL] omx_log:293 pcmMode=0 map[0]=3 map[1]=0 map[2]=0, map[3]=0, map[4]=0, map[5]=0
I/ADM ( 1694): 6: 69637360989: [OMXIL] omx_log:887 4374DE80 [ST.AFM.mixer]: SetParameter idx=AudioPcm
I/ADM ( 1694): 6: 69637361050: [OMXIL] omx_log:293 port=1 channels=1 eNumData=0 endian=1 interleave=1 bits=16 samplerate=48000
I/ADM ( 1694): 8: 69637361142: [OMXIL] omx_log:293 pcmMode=0 map[0]=3 map[1]=0 map[2]=0, map[3]=0, map[4]=0, map[5]=0
I/ADM ( 1694): 1: 69637363064: [OMXIL] omx_log:256 SetupTunnel 45781F68[ocessing.spl].1 -> 4374DE80[ST.AFM.mixer].1 --> OK
I/ADM ( 1694): 3: 69637363186: [OMXIL] omx_log:957 4374DE80 [ST.AFM.mixer]: SendCommand PortEnable 1
I/ADM ( 1694): 9: 69637364682: [OMXIL] omx_log:957 45781F68 [ocessing.spl]: SendCommand PortEnable 1
I/ADM ( 1694): 8: 69637364682: [OMXIL] omx_log:256 4374DE80 [ST.AFM.mixer]: CB CmdComplete PortEnable 1
I/ADM ( 1694): 4: 69637371487: [OMXIL] omx_log:256 45781F68 [ocessing.spl]: CB CmdComplete PortEnable 1
I/ADM ( 1694): 8: 69637371701: [OMXIL] omx_log:573 Unknown index (not all mapped): 0x7F00600B
I/ADM ( 1694): 9: 69637371762: [INFO] dev:501 open dev OK, device handle: 101
I/ADM ( 1694): 9: 69637371823: [INFO] dev:512 >>> LEAVE dev_open(Speaker, 0) --> 101 0
I/ADM ( 1694): 2: 69637371945: [INFO] dev:306 setting /data/local/tmp/rme_act_adm to 0
I/ADM ( 1694): 1: 69637372525: [OMXIL] omx_log:256 40FF2008: GetHandle 'ADM.splitter' pAD=40049958 pCB=4013BD60 OK
I/ADM ( 1694): 3: 69637372647: [OMXIL] omx_log:887 40FF2008 [ADM.splitter]: SetParameter idx=AudioPcm
I/ADM ( 1694): 4: 69637372708: [OMXIL] omx_log:293 port=0 channels=2 eNumData=0 endian=1 interleave=1 bits=16 samplerate=44100
I/ADM ( 1694): 5: 69637372769: [OMXIL] omx_log:293 pcmMode=0 map[0]=1 map[1]=2 map[2]=0, map[3]=0, map[4]=0, map[5]=0
I/ADM ( 1694): 6: 69637372799: [OMXIL] omx_log:887 40FF2008 [ADM.splitter]: SetParameter idx=AudioPcm
I/ADM ( 1694): 7: 69637372860: [OMXIL] omx_log:293 port=1 channels=2 eNumData=0 endian=1 interleave=1 bits=16 samplerate=44100
I/ADM ( 1694): 7: 69637372891: [OMXIL] omx_log:293 pcmMode=0 map[0]=1 map[1]=2 map[2]=0, map[3]=0, map[4]=0, map[5]=0
I/ADM ( 1694): 8: 69637372952: [OMXIL] omx_log:957 40FF2008 [ADM.splitter]: SendCommand PortDisable 0
I/ADM ( 1694): 9: 69637373013: [OMXIL] omx_log:256 40FF2008 [ADM.splitter]: CB CmdComplete PortDisable 0
I/ADM ( 1694): 1: 69637373074: [OMXIL] omx_log:957 40FF2008 [ADM.splitter]: SendCommand PortDisable 1
I/ADM ( 1694): 2: 69637373135: [OMXIL] omx_log:256 40FF2008 [ADM.splitter]: CB CmdComplete PortDisable 1
I/ADM ( 1694): 3: 69637373196: [OMXIL] omx_log:957 40FF2008 [ADM.splitter]: SendCommand PortDisable 2
I/ADM ( 1694): 4: 69637373257: [OMXIL] omx_log:256 40FF2008 [ADM.splitter]: CB CmdComplete PortDisable 2
I/ADM ( 1694): 5: 69637373288: [OMXIL] omx_log:887 40FF2008 [ADM.splitter]: SetParameter idx=OMX_IndexParamAudioSynchronized
I/ADM ( 1694): 5: 69637373349: [OMXIL] omx_log:293 port=1 bIsSynchronized=1
I/ADM ( 1694): 6: 69637373379: [OMXIL] omx_log:887 40FF2008 [ADM.splitter]: SetParameter idx=OMX_IndexParamAudioSynchronized
I/ADM ( 1694): 7: 69637373440: [OMXIL] omx_log:293 port=2 bIsSynchronized=1
I/ADM ( 1694): 8: 69637373471: [OMXIL] omx_log:954 40FF2008 [ADM.splitter]: SendCommand StateSet StateIdle
I/ADM ( 1694): 8: 69637373532: [OMXIL] omx_log:256 40FF2008 [ADM.splitter]: CB CmdComplete StateSet StateIdle
I/ADM ( 1694): 9: 69637373593: [OMXIL] omx_log:954 40FF2008 [ADM.splitter]: SendCommand StateSet StateExecuting
I/ADM ( 1694): 0: 69637373623: [OMXIL] omx_log:256 40FF2008 [ADM.splitter]: CB CmdComplete StateSet StateExecuting
I/ADM ( 1694): 1: 69637373684: [OMXIL] omx_log:887 40FF2008 [ADM.splitter]: SetParameter idx=PortDefinition
I/ADM ( 1694): 2: 69637373745: [OMXIL] omx_log:293 port=0 dir=0 act=3 min=3 sz=3904 enabled=0 pop=0 domain=0 bcont=0 align=0
I/ADM ( 1694): 3: 69637373776: [OMXIL] omx_log:293 mime=(null) natread=0 conceal=0 encoding=2
I/ADM ( 1694): 3: 69637373837: [OMXIL] omx_log:887 40FF2008 [ADM.splitter]: SetParameter idx=OMX_IndexParamAudioSynchronized
I/ADM ( 1694): 4: 69637373868: [OMXIL] omx_log:293 port=0 bIsSynchronized=0
I/ADM ( 1694): 5: 69637373898: [OMXIL] omx_log:957 40FF2008 [ADM.splitter]: SendCommand PortEnable 0
I/ADM ( 1694): 0: 69637374203: [OMXIL] omx_log:1160 40FF2008 [ADM.splitter]: UseBuffer hdr=0 port=0 priv=0 bytes=3904 buf=4007A000
I/ADM ( 1694): 1: 69637374264: [OMXIL] omx_log:1160 40FF2008 [ADM.splitter]: UseBuffer hdr=0 port=0 priv=0 bytes=3904 buf=4007AF40
I/ADM ( 1694): 2: 69637374325: [OMXIL] omx_log:1160 40FF2008 [ADM.splitter]: UseBuffer hdr=0 port=0 priv=0 bytes=3904 buf=4007BE80
I/ADM ( 1694): 3: 69637374386: [OMXIL] omx_log:256 40FF2008 [ADM.splitter]: CB CmdComplete PortEnable 0
I/ADM ( 1694): 0: 69637374814: [OMXIL] omx_log:887 414B0008 [ADM.mixer ]: SetParameter idx=AudioPcm
I/ADM ( 1694): 1: 69637374875: [OMXIL] omx_log:293 port=1 channels=2 eNumData=0 endian=1 interleave=1 bits=16 samplerate=44100
I/ADM ( 1694): 2: 69637374905: [OMXIL] omx_log:293 pcmMode=0 map[0]=1 map[1]=2 map[2]=0, map[3]=0, map[4]=0, map[5]=0
I/ADM ( 1694): 3: 69637374966: [OMXIL] omx_log:256 SetupTunnel 40FF2008[ADM.splitter].1 -> 414B0008[ADM.mixer].1 --> OK
I/ADM ( 1694): 4: 69637375027: [OMXIL] omx_log:957 414B0008 [ADM.mixer ]: SendCommand PortEnable 1
I/ADM ( 1694): 5: 69637375058: [OMXIL] omx_log:256 414B0008 [ADM.mixer ]: CB CmdComplete PortEnable 1
I/ADM ( 1694): 6: 69637375119: [OMXIL] omx_log:957 40FF2008 [ADM.splitter]: SendCommand PortEnable 1
I/ADM ( 1694): 6: 69637375180: [OMXIL] omx_log:256 40FF2008 [ADM.splitter]: CB CmdComplete PortEnable 1
I/ADM ( 1694): 8: 69637375241: [OMXIL] omx_log:913 40FF2008 [ADM.splitter]: SetConfig idx=OMX_IndexParamAudioSynchronized
I/ADM ( 1694): 8: 69637375271: [OMXIL] omx_log:293 port=0 bIsSynchronized=1
I/ADM ( 1694): 9: 69637375332: [STATUS] api_devset:615 API LEAVE: Opened new device 'Speaker', handle = 101
I/sec_anm_ahi_output( 1672): adm_api: opened device. bufsz=3904 num_bufs=3 bufp=42C40000
V/AudioPolicyManagerBase( 1672): stopOutput() output 2, stream 1, session 425
V/AudioPolicyManagerBase( 1672): changeRefCount() stream 1, count 0
V/AudioPolicyManagerBase( 1672): getNewDevice() selected device 0
V/AudioPolicyManagerBase( 1672): setOutputDevice() output 2 device 0000 force 0 delayMs 88
V/AudioPolicyManagerBase( 1672): setOutputDevice() prevDevice 0002
V/AudioPolicyManagerBase( 1672): setOutputDevice() setting same device 0000 or null device for output 2
I/InputReader( 2010): Touch event's action is 0x0 (deviceType=0) [pCnt=1, s=0.309 ]
I/InputDispatcher( 2010): Delivering touch to current input target: action: 0x0
I/InputDispatcher( 2010): Delivering touch to current input target: action: 0x0
I/InputDispatcher( 2010): Delivering touch to current input target: action: 0x0
I/InputDispatcher( 2010): Delivering touch to current input target: action: 0x0
I/TwDVFSBroadcastReceiver( 2265): onLauncherIntent
D/PowerManager( 2265): DVFSLock : acquire : timeout : 1000
I/power ( 2010): *** acquire_dvfs_lock : lockType : 1 freq : 1000000
I/InputReader( 2010): Touch event's action is 0x1 (deviceType=0) [pCnt=1, s=]
I/InputDispatcher( 2010): Delivering touch to current input target: action: 0x1
I/InputDispatcher( 2010): Delivering touch to current input target: action: 0x1
I/InputDispatcher( 2010): Delivering touch to current input target: action: 0x1
I/InputDispatcher( 2010): Delivering touch to current input target: action: 0x1
I/AudioPolicyManagerBase( 1672): getSituationVolume: isBTConnected:0 isHeadConnected:0
V/AudioPolicyManagerBase( 1672): getParamFromPolicy deviceInt = 0, situationInt = 1, situationVolume = 1.000000
D/Launcher.Workspace( 2290): exitWidgetResizeMode State: NORMAL, newDragStarted: false
V/audio_policy_anm( 1672): audio_io_handle_t android::ap_get_output(audio_policy*, audio_stream_type_t, uint32_t, audio_format_t, uint32_t, audio_output_flags_t): tid 1985
V/AudioPolicyManagerBase( 1672): getOutput() stream 1, samplingRate 0, format 0, channelMask 3, flags 0
V/AudioPolicyManagerBase( 1672): getOutput() returns output 2
V/audio_policy_anm( 1672): audio_io_handle_t android::ap_get_output(audio_policy*, audio_stream_type_t, uint32_t, audio_format_t, uint32_t, audio_output_flags_t): tid 1672
V/AudioPolicyManagerBase( 1672): getOutput() stream 1, samplingRate 0, format 0, channelMask 3, flags 0
V/AudioPolicyManagerBase( 1672): getOutput() returns output 2
V/audio_policy_anm( 1672): audio_io_handle_t android::ap_get_output(audio_policy*, audio_stream_type_t, uint32_t, audio_format_t, uint32_t, audio_output_flags_t): tid 2004
V/AudioPolicyManagerBase( 1672): getOutput() stream 1, samplingRate 44100, format 1, channelMask 3, flags 4
V/AudioPolicyManagerBase( 1672): getOutput() returns output 2
V/AudioPolicyManagerBase( 1672): startOutput() output 2, stream 1, session 426
V/AudioPolicyManagerBase( 1672): changeRefCount() stream 1, count 1
V/AudioPolicyManagerBase( 1672): getNewDevice() selected device 2
V/AudioPolicyManagerBase( 1672): setOutputDevice() output 2 device 0002 force 0 delayMs 0
V/AudioPolicyManagerBase( 1672): setOutputDevice() prevDevice 0002
V/AudioPolicyManagerBase( 1672): setOutputDevice() setting same device 0002 or null device for output 2
V/AudioPolicyManagerBase( 1672): releaseOutput() 2
V/AudioPolicyManagerBase( 1672): stopOutput() output 2, stream 1, session 426
V/AudioPolicyManagerBase( 1672): changeRefCount() stream 1, count 0
V/AudioPolicyManagerBase( 1672): getNewDevice() selected device 0
V/AudioPolicyManagerBase( 1672): setOutputDevice() output 2 device 0000 force 0 delayMs 88
V/AudioPolicyManagerBase( 1672): setOutputDevice() prevDevice 0002
V/AudioPolicyManagerBase( 1672): setOutputDevice() setting same device 0000 or null device for output 2
I/power ( 2010): *** release_dvfs_lock : lockType : 1
I/InputReader( 2010): Touch event's action is 0x0 (deviceType=0) [pCnt=1, s=0.310 ]
I/InputDispatcher( 2010): Delivering touch to current input target: action: 0x0
I/InputDispatcher( 2010): Delivering touch to current input target: action: 0x0
I/InputDispatcher( 2010): Delivering touch to current input target: action: 0x0
I/InputDispatcher( 2010): Delivering touch to current input target: action: 0x0
I/TwDVFSBroadcastReceiver( 2265): onLauncherIntent
D/PowerManager( 2265): DVFSLock : acquire : timeout : 1000
I/power ( 2010): *** acquire_dvfs_lock : lockType : 1 freq : 1000000
I/InputReader( 2010): Touch event's action is 0x1 (deviceType=0) [pCnt=1, s=]
I/InputDispatcher( 2010): Delivering touch to current input target: action: 0x1
I/InputDispatcher( 2010): Delivering touch to current input target: action: 0x1
I/InputDispatcher( 2010): Delivering touch to current input target: action: 0x1
I/InputDispatcher( 2010): Delivering touch to current input target: action: 0x1
I/power ( 2010): *** release_dvfs_lock : lockType : 1
I/InputReader( 2010): Touch event's action is 0x0 (deviceType=0) [pCnt=1, s=0.311 ]
I/InputDispatcher( 2010): Delivering touch to current input target: action: 0x0
I/InputDispatcher( 2010): Delivering touch to current input target: action: 0x0
I/InputDispatcher( 2010): Delivering touch to current input target: action: 0x0
I/InputDispatcher( 2010): Delivering touch to current input target: action: 0x0
I/TwDVFSBroadcastReceiver( 2265): onLauncherIntent
D/PowerManager( 2265): DVFSLock : acquire : timeout : 1000
I/power ( 2010): *** acquire_dvfs_lock : lockType : 1 freq : 1000000
I/InputReader( 2010): Touch event's action is 0x1 (deviceType=0) [pCnt=1, s=]
I/InputDispatcher( 2010): Delivering touch to current input target: action: 0x1
I/InputDispatcher( 2010): Delivering touch to current input target: action: 0x1
I/InputDispatcher( 2010): Delivering touch to current input target: action: 0x1
I/InputDispatcher( 2010): Delivering touch to current input target: action: 0x1
I/InputReader( 2010): Touch event's action is 0x0 (deviceType=0) [pCnt=1, s=0.312 ]
I/InputDispatcher( 2010): Delivering touch to current input target: action: 0x0
I/InputDispatcher( 2010): Delivering touch to current input target: action: 0x0
I/InputDispatcher( 2010): Delivering touch to current input target: action: 0x0
I/InputDispatcher( 2010): Delivering touch to current input target: action: 0x0
I/TwDVFSBroadcastReceiver( 2265): onLauncherIntent
D/PowerManager( 2265): DVFSLock : acquire : timeout : 1000
I/power ( 2010): *** acquire_dvfs_lock : lockType : 1 freq : 1000000
I/InputReader( 2010): Touch event's action is 0x1 (deviceType=0) [pCnt=1, s=]
I/InputDispatcher( 2010): Delivering touch to current input target: action: 0x1
I/InputDispatcher( 2010): Delivering touch to current input target: action: 0x1
I/InputDispatcher( 2010): Delivering touch to current input target: action: 0x1
I/InputDispatcher( 2010): Delivering touch to current input target: action: 0x1
I/AudioPolicyManagerBase( 1672): getSituationVolume: isBTConnected:0 isHeadConnected:0
V/AudioPolicyManagerBase( 1672): getParamFromPolicy deviceInt = 0, situationInt = 1, situationVolume = 1.000000
V/audio_policy_anm( 1672): audio_io_handle_t android::ap_get_output(audio_policy*, audio_stream_type_t, uint32_t, audio_format_t, uint32_t, audio_output_flags_t): tid 2004
V/AudioPolicyManagerBase( 1672): getOutput() stream 1, samplingRate 0, format 0, channelMask 3, flags 0
V/AudioPolicyManagerBase( 1672): getOutput() returns output 2
V/audio_policy_anm( 1672): audio_io_handle_t android::ap_get_output(audio_policy*, audio_stream_type_t, uint32_t, audio_format_t, uint32_t, audio_output_flags_t): tid 1672
V/AudioPolicyManagerBase( 1672): getOutput() stream 1, samplingRate 0, format 0, channelMask 3, flags 0
V/AudioPolicyManagerBase( 1672): getOutput() returns output 2
V/audio_policy_anm( 1672): audio_io_handle_t android::ap_get_output(audio_policy*, audio_stream_type_t, uint32_t, audio_format_t, uint32_t, audio_output_flags_t): tid 1985
V/AudioPolicyManagerBase( 1672): getOutput() stream 1, samplingRate 44100, format 1, channelMask 3, flags 4
V/AudioPolicyManagerBase( 1672): getOutput() returns output 2
V/AudioPolicyManagerBase( 1672): startOutput() output 2, stream 1, session 427
V/AudioPolicyManagerBase( 1672): changeRefCount() stream 1, count 1
V/AudioPolicyManagerBase( 1672): getNewDevice() selected device 2
V/AudioPolicyManagerBase( 1672): setOutputDevice() output 2 device 0002 force 0 delayMs 0
V/AudioPolicyManagerBase( 1672): setOutputDevice() prevDevice 0002
V/AudioPolicyManagerBase( 1672): setOutputDevice() setting same device 0002 or null device for output 2
V/AudioPolicyManagerBase( 1672): releaseOutput() 2
D/Launcher.HomeFragment( 2290): onPause
D/Launcher( 2290): onPause, Launcher: 1109032568
D/widget ( 2290): [MSC_HERO_Accu_JB]>>> WC:1028 [0:0] onPause
I/libblt_hw( 1665): Library opened (handle = 0, fd = 29)
D/KeyguardViewMediator( 2010): setHidden false
V/TaskCloserActivity(17396): TaskCloserActivity onReceive() - com.sec.android.intent.action.HOME_PAUSE
D/WindowManager( 2010): PhoneWindowManager: focusChangedLw
D/KeyguardViewMediator( 2010): setHidden false
D/KeyguardViewMediator( 2010): setHidden false
D/KeyguardViewMediator( 2010): setHidden false
D/KeyguardViewMediator( 2010): setHidden false
I/ApplicationUsage( 2010): handleMessage : MSG_UPDATE_USAGE_DB
I/ApplicationUsage( 2010): Updating Usage Statistics in DB @ 1366063042483
W/ResourceType(32385): Failure getting entry for 0x010802be (t=7 e=702) in package 0 (error -75)
D/Launcher( 2290): onTrimMemory. Level: 20
D/KeyguardViewMediator( 2010): setHidden false
D/KeyguardViewMediator( 2010): setHidden false
D/AbsListView(32385): Get MotionRecognitionManager
V/AudioPolicyManagerBase( 1672): stopOutput() output 2, stream 1, session 427
V/AudioPolicyManagerBase( 1672): changeRefCount() stream 1, count 0
V/AudioPolicyManagerBase( 1672): getNewDevice() selected device 0
V/AudioPolicyManagerBase( 1672): setOutputDevice() output 2 device 0000 force 0 delayMs 88
V/AudioPolicyManagerBase( 1672): setOutputDevice() prevDevice 0002
V/AudioPolicyManagerBase( 1672): setOutputDevice() setting same device 0000 or null device for output 2
W/ResourceType(32385): Failure getting entry for 0x7f02016a (t=1 e=362) in package 0 (error -75)
W/ResourceType(32385): Failure getting entry for 0x7f020157 (t=1 e=343) in package 0 (error -75)
W/ResourceType(32385): Failure getting entry for 0x7f02016c (t=1 e=364) in package 0 (error -75)
W/ResourceType(32385): Failure getting entry for 0x7f020166 (t=1 e=358) in package 0 (error -75)
W/ResourceType(32385): Failure getting entry for 0x7f020173 (t=1 e=371) in package 0 (error -75)
W/ResourceType(32385): Failure getting entry for 0x7f020180 (t=1 e=384) in package 0 (error -75)
W/ResourceType(32385): Failure getting entry for 0x7f020180 (t=1 e=384) in package 0 (error -75)
W/System.err(32385): Removed 2131428295
W/System.err(32385): Removed 2131428309
D/dalvikvm(32385): GC_CONCURRENT freed 97K, 7% free 10013K/10759K, paused 12ms+3ms, total 51ms
D/LocalBluetoothProfileManager(32385): PANU : true
D/LocalBluetoothProfileManager(32385): LocalBluetoothProfileManager construction complete
D/KeyguardViewMediator( 2010): setHidden false
D/KeyguardViewMediator( 2010): setHidden false
W/ResourceType(32385): Failure getting entry for 0x010802be (t=7 e=702) in package 0 (error -75)
I/WifiEnabler(32385): Resume : 3
I/libblt_hw( 1665): Library closed (handle = 1, fd = 42)
I/BluetoothPolicyService( 2010): isBluetoothEnabled
W/ResourceType(32385): Failure getting entry for 0x7f02016a (t=1 e=362) in package 0 (error -75)
W/ResourceType(32385): Failure getting entry for 0x7f020157 (t=1 e=343) in package 0 (error -75)
W/ResourceType(32385): Failure getting entry for 0x7f02016c (t=1 e=364) in package 0 (error -75)
W/ResourceType(32385): Failure getting entry for 0x7f020166 (t=1 e=358) in package 0 (error -75)
W/ResourceType(32385): Failure getting entry for 0x7f020173 (t=1 e=371) in package 0 (error -75)
W/ResourceType(32385): Failure getting entry for 0x7f020180 (t=1 e=384) in package 0 (error -75)
W/ResourceType(32385): Failure getting entry for 0x7f020180 (t=1 e=384) in package 0 (error -75)
W/System.err(32385): Removed 2131428295
W/System.err(32385): Removed 2131428309
I/libblt_hw( 1665): Library opened (handle = 1, fd = 27)
D/WindowManager( 2010): PhoneWindowManager: focusChangedLw
D/KeyguardViewMediator( 2010): setHidden false
D/libEGL (32385): loaded /system/lib/egl/libEGL_mali.so
D/libEGL (32385): loaded /system/lib/egl/libGLESv1_CM_mali.so
D/libEGL (32385): loaded /system/lib/egl/libGLESv2_mali.so
D/OpenGLRenderer(32385): Enabling debug mode 0
W/ResourceType(32385): Failure getting entry for 0x010802be (t=7 e=702) in package 0 (error -75)
W/ResourceType(32385): Failure getting entry for 0x010802be (t=7 e=702) in package 0 (error -75)
W/ResourceType(32385): Failure getting entry for 0x010802be (t=7 e=702) in package 0 (error -75)
I/BluetoothPolicyService( 2010): isBluetoothEnabled
W/ResourceType(32385): Failure getting entry for 0x010802be (t=7 e=702) in package 0 (error -75)
W/ResourceType(32385): Failure getting entry for 0x010802be (t=7 e=702) in package 0 (error -75)
W/ResourceType(32385): Failure getting entry for 0x010802be (t=7 e=702) in package 0 (error -75)
W/ResourceType(32385): Failure getting entry for 0x010802be (t=7 e=702) in package 0 (error -75)
W/ResourceType(32385): Failure getting entry for 0x010802be (t=7 e=702) in package 0 (error -75)
W/ResourceType(32385): Failure getting entry for 0x010802be (t=7 e=702) in package 0 (error -75)
D/dalvikvm(32385): GC_CONCURRENT freed 185K, 8% free 10311K/11143K, paused 14ms+15ms, total 60ms
D/KeyguardViewMediator( 2010): setHidden false
I/ClipboardServiceEx( 2010): Send intent for dismiss clipboard dialog inside hideCurrentInputLocked() !
D/KeyguardViewMediator( 2010): setHidden false
D/KeyguardViewMediator( 2010): setHidden false
W/ResourceType(32385): Failure getting entry for 0x010802be (t=7 e=702) in package 0 (error -75)
W/ResourceType(32385): Failure getting entry for 0x010802be (t=7 e=702) in package 0 (error -75)
W/ResourceType(32385): Failure getting entry for 0x010802be (t=7 e=702) in package 0 (error -75)
W/ResourceType(32385): Failure getting entry for 0x010802be (t=7 e=702) in package 0 (error -75)
W/ResourceType(32385): Failure getting entry for 0x010802be (t=7 e=702) in package 0 (error -75)
W/ResourceType(32385): Failure getting entry for 0x010802be (t=7 e=702) in package 0 (error -75)
I/power ( 2010): *** release_dvfs_lock : lockType : 1
W/ResourceType(32385): Failure getting entry for 0x010802be (t=7 e=702) in package 0 (error -75)
W/ResourceType(32385): Failure getting entry for 0x010802be (t=7 e=702) in package 0 (error -75)
W/ResourceType(32385): Failure getting entry for 0x010802be (t=7 e=702) in package 0 (error -75)
D/Launcher.HomeFragment( 2290): onStop
D/Launcher( 2290): onStop, Launcher: 1109032568
I/ApplicationUsage( 2010): Done Updating Usage Statistics in DB @ 1366063043385
D/KeyguardViewMediator( 2010): setHidden false
D/KeyguardViewMediator( 2010): setHidden false
I/libblt_hw( 1665): Library closed (handle = 0, fd = 29)
D/KeyguardViewMediator( 2010): setHidden false
D/ ( 2010):
D/ ( 2010): set_light_touchkey is called!!!
D/ ( 2010):
D/ ( 2010): light_touchkey on/off = 0
I/InputReader( 2010): Touch event's action is 0x0 (deviceType=0) [pCnt=1, s=0.313 ]
I/InputDispatcher( 2010): Delivering touch to current input target: action: 0x0
I/InputDispatcher( 2010): Delivering touch to current input target: action: 0x0
I/InputDispatcher( 2010): Delivering touch to current input target: action: 0x0
I/TwDVFSBroadcastReceiver( 2265): onListViewScrollIntent
D/PowerManager( 2265): DVFSLock : acquire : timeout : 15000
I/power ( 2010): *** acquire_dvfs_lock : lockType : 1 freq : 800000
W/ResourceType(32385): Failure getting entry for 0x010802be (t=7 e=702) in package 0 (error -75)
W/ResourceType(32385): Failure getting entry for 0x010802be (t=7 e=702) in package 0 (error -75)
W/ResourceType(32385): Failure getting entry for 0x010802be (t=7 e=702) in package 0 (error -75)
I/InputReader( 2010): Touch event's action is 0x1 (deviceType=0) [pCnt=1, s=]
I/InputDispatcher( 2010): Delivering touch to current input target: action: 0x1
I/InputDispatcher( 2010): Delivering touch to current input target: action: 0x1
I/InputDispatcher( 2010): Delivering touch to current input target: action: 0x1
I/power ( 2010): *** release_dvfs_lock : lockType : 1
I/InputReader( 2010): Touch event's action is 0x0 (deviceType=0) [pCnt=1, s=0.314 ]
I/InputDispatcher( 2010): Delivering touch to current input target: action: 0x0
I/InputDispatcher( 2010): Delivering touch to current input target: action: 0x0
I/InputDispatcher( 2010): Delivering touch to current input target: action: 0x0
I/InputReader( 2010): Touch event's action is 0x1 (deviceType=0) [pCnt=1, s=]
I/InputDispatcher( 2010): Delivering touch to current input target: action: 0x1
I/InputDispatcher( 2010): Delivering touch to current input target: action: 0x1
I/InputDispatcher( 2010): Delivering touch to current input target: action: 0x1
I/sec_anm_ahi_output( 1672): standby() called
I/sec_anm_ahi_output( 1672): Trying to drain devices
I/ADM ( 1694): 4: 69645245389: [INFO] api_devset:824 devapi_drain, draining 40FF2008.0
I/ADM ( 1694): 9: 69645262173: [INFO] omx_io:651 il_tool_io_empty_buffer_done: Idle callback requested, issuing..
I/ADM ( 1694): 1: 69645262265: [INFO] api_devset:835 Drain complete, sending reply msg
I/sec_anm_ahi_output( 1672): Drain devices done
I/sec_anm_ahi_output( 1672): adm_api: ste_adm_close_device(Speaker)
I/ADM ( 1694): 7: 69645262631: [STATUS] api_devset:316 Close device 'Speaker'
I/ADM ( 1694): 0: 69645262784: [OMXIL] omx_log:957 40FF2008 [ADM.splitter]: SendCommand PortDisable 0
I/ADM ( 1694): 1: 69645262845: [INFO] omx_io:410 il_tool_io_wait_until_idle: 40049958.0 idle, returning
I/ADM ( 1694): 2: 69645262906: [OMXIL] omx_log:1113 40FF2008 [ADM.splitter]: FreeBuf port=0 pBuf=45603EF8
I/ADM ( 1694): 3: 69645262967: [OMXIL] omx_log:1113 40FF2008 [ADM.splitter]: FreeBuf port=0 pBuf=45603F50
I/ADM ( 1694): 4: 69645262997: [OMXIL] omx_log:1113 40FF2008 [ADM.splitter]: FreeBuf port=0 pBuf=40049F18
I/ADM ( 1694): 5: 69645263058: [OMXIL] omx_log:256 40FF2008 [ADM.splitter]: CB CmdComplete PortDisable 0
I/ADM ( 1694): 8: 69645263241: [OMXIL] omx_log:957 40FF2008 [ADM.splitter]: SendCommand PortDisable 1
I/ADM ( 1694): 9: 69645263302: [OMXIL] omx_log:256 40FF2008 [ADM.splitter]: CB CmdComplete PortDisable 1
I/ADM ( 1694): 0: 69645263363: [OMXIL] omx_log:957 414B0008 [ADM.mixer ]: SendCommand PortDisable 1
I/ADM ( 1694): 1: 69645263424: [OMXIL] omx_log:256 414B0008 [ADM.mixer ]: CB CmdComplete PortDisable 1
I/ADM ( 1694): 3: 69645263516: [INFO] dev:519 >>> ENTER dev_close(101)
I/ADM ( 1694): 5: 69645263638: [INFO] dev:306 setting /data/local/tmp/rme_act_adm to 1
I/ADM ( 1694): 0: 69645263974: [INFO] dev:347 rme alp tracker /data/local/tmp/rme_act_alp set to 0: proceeding
I/ADM ( 1694): 1: 69645264035: [INFO] dev_omx:1517 Enter dev_omx_close_graph - logical_handle=1 dealloc_buffers=0
I/ADM ( 1694): 2: 69645264096: [INFO] dev_omx:1534 Closing last device. Request audiocodec to ramp down audio
I/ADM ( 1694): 3: 69645264126: [OMXIL] omx_log:913 4126A098 [X.ST.AFM.IHF]: SetConfig idx=Mute
I/ADM ( 1694): 4: 69645264187: [OMXIL] omx_log:293 port=0 mute=1
I/ADM ( 1694): 5: 69645297299: [OMXIL] omx_log:256 4126A098 [X.ST.AFM.IHF]: CB EventIndexSettingChanged port=67108901 index=OMX_ALL
I/ADM ( 1694): 7: 69645297390: [OMXIL] omx_log:256 4126A098 [X.ST.AFM.IHF]: CB EventIndexSettingChanged port=-1 index=Mute
I/ADM ( 1694): 9: 69645297543: [INFO] dev_omx_graph:1181 Enter graph_disconnect_app_effects_from_common_mix_split
I/ADM ( 1694): 1: 69645298794: [OMXIL] omx_log:957 45781F68 [ocessing.spl]: SendCommand PortDisable 1
I/ADM ( 1694): 2: 69645299405: [OMXIL] omx_log:957 4374DE80 [ST.AFM.mixer]: SendCommand PortDisable 1
I/ADM ( 1694): 0: 69645301114: [OMXIL] omx_log:256 4374DE80 [ST.AFM.mixer]: CB CmdComplete PortDisable 1
I/ADM ( 1694): 7: 69645303280: [OMXIL] omx_log:256 45781F68 [ocessing.spl]: CB CmdComplete PortDisable 1
I/ADM ( 1694): 9: 69645303433: [OMXIL] omx_log:954 414B0008 [ADM.mixer ]: SendCommand StateSet StateIdle
I/ADM ( 1694): 1: 69645303525: [OMXIL] omx_log:954 45781F68 [ocessing.spl]: SendCommand StateSet StateIdle
I/ADM ( 1694): 7: 69645303891: [OMXIL] omx_log:256 414B0008 [ADM.mixer ]: CB CmdComplete StateSet StateIdle
I/ADM ( 1694): 2: 69645304196: [OMXIL] omx_log:256 45781F68 [ocessing.spl]: CB CmdComplete StateSet StateIdle
I/ADM ( 1694): 2: 69645304257: [OMXIL] omx_log:954 4374DE80 [ST.AFM.mixer]: SendCommand StateSet StateIdle
I/ADM ( 1694): 4: 69645304837: [OMXIL] omx_log:256 4374DE80 [ST.AFM.mixer]: CB CmdComplete StateSet StateIdle
I/ADM ( 1694): 3: 69645304928: [OMXIL] omx_log:954 45A76DC8 [ocessing.spl]: SendCommand StateSet StateIdle
I/ADM ( 1694): 3: 69645305386: [OMXIL] omx_log:954 4126A098 [X.ST.AFM.IHF]: SendCommand StateSet StateIdle
I/ADM ( 1694): 6: 69645306729: [OMXIL] omx_log:256 45A76DC8 [ocessing.spl]: CB CmdComplete StateSet StateIdle
I/ADM ( 1694): 0: 69645308194: [OMXIL] omx_log:256 4126A098 [X.ST.AFM.IHF]: CB CmdComplete StateSet StateIdle
I/ADM ( 1694): 0: 69645308774: [OMXIL] omx_log:954 4126A098 [X.ST.AFM.IHF]: SendCommand StateSet StateLoaded
I/AudioPolicyManagerBase( 1672): getSituationVolume: isBTConnected:0 isHeadConnected:0
V/AudioPolicyManagerBase( 1672): getParamFromPolicy deviceInt = 0, situationInt = 1, situationVolume = 1.000000
V/audio_policy_anm( 1672): audio_io_handle_t android::ap_get_output(audio_policy*, audio_stream_type_t, uint32_t, audio_format_t, uint32_t, audio_output_flags_t): tid 2004
V/AudioPolicyManagerBase( 1672): getOutput() stream 1, samplingRate 0, format 0, channelMask 3, flags 0
V/AudioPolicyManagerBase( 1672): getOutput() returns output 2
V/audio_policy_anm( 1672): audio_io_handle_t android::ap_get_output(audio_policy*, audio_stream_type_t, uint32_t, audio_format_t, uint32_t, audio_output_flags_t): tid 1672
V/AudioPolicyManagerBase( 1672): getOutput() stream 1, samplingRate 0, format 0, channelMask 3, flags 0
V/AudioPolicyManagerBase( 1672): getOutput() returns output 2
V/audio_policy_anm( 1672): audio_io_handle_t android::ap_get_output(audio_policy*, audio_stream_type_t, uint32_t, audio_format_t, uint32_t, audio_output_flags_t): tid 1985
V/AudioPolicyManagerBase( 1672): getOutput() stream 1, samplingRate 44100, format 1, channelMask 3, flags 4
V/AudioPolicyManagerBase( 1672): getOutput() returns output 2
I/ADM ( 1694): 8: 69645326962: [OMXIL] omx_log:256 4126A098 [X.ST.AFM.IHF]: CB CmdComplete StateSet StateLoaded
I/ADM ( 1694): 1: 69645327145: [OMXIL] omx_log:954 45A76DC8 [ocessing.spl]: SendCommand StateSet StateLoaded
I/power ( 2010): *** acquire_dvfs_lock : lockType : 1 freq : 1000000
I/ADM ( 1694): 2: 69645338406: [OMXIL] omx_log:256 45A76DC8 [ocessing.spl]: CB CmdComplete StateSet StateLoaded
I/ADM ( 1694): 5: 69645338559: [OMXIL] omx_log:954 4374DE80 [ST.AFM.mixer]: SendCommand StateSet StateLoaded
I/ADM ( 1694): 8: 69645358792: [OMXIL] omx_log:256 4374DE80 [ST.AFM.mixer]: CB CmdComplete StateSet StateLoaded
I/ADM ( 1694): 2: 69645359005: [OMXIL] omx_log:954 45781F68 [ocessing.spl]: SendCommand StateSet StateLoaded
I/ADM ( 1694): 3: 69645364956: [OMXIL] omx_log:954 414B0008 [ADM.mixer ]: SendCommand StateSet StateLoaded
I/ADM ( 1694): 4: 69645365048: [OMXIL] omx_log:256 414B0008 [ADM.mixer ]: CB CmdComplete StateSet StateLoaded
I/ADM ( 1694): 4: 69645365597: [OMXIL] omx_log:256 45781F68 [ocessing.spl]: CB CmdComplete StateSet StateLoaded
I/ADM ( 1694): 9: 69645365933: [OMXIL] omx_log:256 45781F68 [ocessing.spl]: FreeHandle
I/ADM ( 1694): 3: 69645366147: [OMXIL] omx_log:256 414B0008 [ADM.mixer ]: FreeHandle
I/ADM ( 1694): 5: 69645366269: [OMXIL] omx_log:256 45A76DC8 [ocessing.spl]: FreeHandle
I/ADM ( 1694): 1: 69645366574: [OMXIL] omx_log:256 4126A098 [X.ST.AFM.IHF]: FreeHandle
I/ADM ( 1694): 6: 69645366879: [OMXIL] omx_log:256 4374DE80 [ST.AFM.mixer]: FreeHandle
I/ADM ( 1694): 9: 69645367093: [INFO] dev_omx:1646 All OMX handles freed successfully
I/ADM ( 1694): 0: 69645367123: [INFO] dev_omx:1722 Graph closed successfully! ref_cnt = 0
I/ADM ( 1694): 1: 69645367184: [INFO] dev:1684 rescan_hw_handler
I/ADM ( 1694): 2: 69645367215: [INFO] hw_handler_u8500:423 AddD2DConnections ENTER
I/ADM ( 1694): 1: 69645367825: [INFO] dev:1675 hw_handler_dev_next_d2d: DONE
I/ADM ( 1694): 3: 69645367917: [INFO] dev:1654 hw_handler_dev_next: DONE
I/ADM ( 1694): 9: 69645368283: [INFO] hw_handler_u8500:810 Query: SELECT * FROM HW_Settings WHERE (Platform = 'AB8500') AND (Dev1 ='')ORDER BY rowid LIMIT 1
I/ADM ( 1694): 7: 69645369381: [INFO] hw_handler_u8500:922 ste_adm_hw_handler_u8500: Found matching HW-settings: devices = ('', '', '', '', '', ''), d2dlogical-connections = ('', '', '', '').
I/ADM ( 1694): 7: 69645387600: [INFO] dev:834 Updating event subscriptions for device Speaker
I/ADM ( 1694): 8: 69645387692: [INFO] dev:579 >>> LEAVE dev_close(101)
I/ADM ( 1694): 0: 69645387784: [INFO] dev:306 setting /data/local/tmp/rme_act_adm to 0
I/ADM ( 1694): 4: 69645388638: [INFO] api_devset:392 Releasing splitter; no longer used
I/ADM ( 1694): 6: 69645388699: [OMXIL] omx_log:954 40FF2008 [ADM.splitter]: SendCommand StateSet StateIdle
I/ADM ( 1694): 7: 69645388760: [OMXIL] omx_log:256 40FF2008 [ADM.splitter]: CB CmdComplete StateSet StateIdle
I/ADM ( 1694): 8: 69645388821: [OMXIL] omx_log:954 40FF2008 [ADM.splitter]: SendCommand StateSet StateLoaded
I/ADM ( 1694): 9: 69645388882: [OMXIL] omx_log:256 40FF2008 [ADM.splitter]: CB CmdComplete StateSet StateLoaded
I/ADM ( 1694): 0: 69645388913: [OMXIL] omx_log:256 40FF2008 [ADM.splitter]: FreeHandle
I/ADM ( 1694): 1: 69645389004: [INFO] api_devset:408 CloseDevice(Speaker) OK
D/dalvikvm( 2010): GC_FOR_ALLOC freed 4384K, 39% free 23562K/38471K, paused 124ms, total 124ms
V/AudioPolicyManagerBase( 1672): startOutput() output 2, stream 1, session 428
V/AudioPolicyManagerBase( 1672): changeRefCount() stream 1, count 1
V/AudioPolicyManagerBase( 1672): getNewDevice() selected device 2
V/AudioPolicyManagerBase( 1672): setOutputDevice() output 2 device 0002 force 0 delayMs 0
V/AudioPolicyManagerBase( 1672): setOutputDevice() prevDevice 0002
V/AudioPolicyManagerBase( 1672): setOutputDevice() setting same device 0002 or null device for output 2
V/AudioPolicyManagerBase( 1672): releaseOutput() 2
I/WifiEnabler(32385): Pause : 3
I/sec_anm_ahi_output( 1672): openDevices()
V/sec_anm_organ_switcher( 1672): already: Speaker -> REF_Speaker_Playback_Music
I/sec_anm_ahi_output( 1672): adm_api: ste_adm_client_open_device(Speaker)
I/BluetoothPolicyService( 2010): isBluetoothEnabled
I/ADM ( 1694): 5: 69645523129: [STATUS] api_devset:457 Open device 'Speaker', 44100 Hz, format=2, 3 x 3904 bytes bufs
I/ADM ( 1694): 8: 69645523312: [INFO] dev:378 >>> ENTER dev_open(Speaker, vc=0, alloc_buffers=0, format=2)
I/ADM ( 1694): 1: 69645523434: [INFO] dev:306 setting /data/local/tmp/rme_act_adm to 1
I/ADM ( 1694): 4: 69645523648: [INFO] dev:347 rme alp tracker /data/local/tmp/rme_act_alp set to 0: proceeding
I/ADM ( 1694): 5: 69645523678: [INFO] dev:1684 rescan_hw_handler
I/ADM ( 1694): 6: 69645523739: [INFO] hw_handler_u8500:423 AddD2DConnections ENTER
I/ADM ( 1694): 8: 69645524441: [INFO] dev:1675 hw_handler_dev_next_d2d: DONE
I/ADM ( 1694): 3: 69645524746: [INFO] dev:1654 hw_handler_dev_next: DONE
I/ADM ( 1694): 1: 69645525235: [INFO] hw_handler_u8500:810 Query: SELECT * FROM HW_Settings WHERE (Platform = 'AB8500') AND ('REF_Speaker_Playback_Music' IN (Dev1, Dev2, Dev3, Dev4, Dev5, Dev6))ORDER BY rowid LIMIT 1
I/ADM ( 1694): 8: 69645574582: [INFO] hw_handler_u8500:922 ste_adm_hw_handler_u8500: Found matching HW-settings: devices = ('REF_Speaker_Playback_Music', '', '', '', '', ''), d2dlogical-connections = ('', '', '', '').
D/WindowManager( 2010): PhoneWindowManager: focusChangedLw
D/KeyguardViewMediator( 2010): setHidden false
I/ADM ( 1694): 4: 69645596737: [INFO] dev:429 Device Speaker is OUTPUT
I/ADM ( 1694): 5: 69645596829: [INFO] dev_omx:1276 Enter dev_omx_setup_graph - device=Speaker, samplerate=44100, format=2, alloc_buffers=0, is_vc=0, bufsz=0
I/ADM ( 1694): 6: 69645597470: [OMXIL] omx_log:256 4447F5C8: GetHandle 'OMX.ST.AFM.mixer' pAD=416C64B0 pCB=4013BD60 OK
I/ADM ( 1694): 7: 69645597531: [INFO] dev_omx_graph:123 il_tool_create_component returned 0x4447F5C8 for OMX.ST.AFM.mixer (Common Mixer)
I/ADM ( 1694): 0: 69645597714: [OMXIL] omx_log:256 414B0008: GetHandle 'ADM.mixer' pAD=458644B0 pCB=4013BD60 OK
I/ADM ( 1694): 1: 69645597775: [INFO] dev_omx_graph:144 il_tool_create_component returned 0x414B0008 for ADM.mixer (App Mixer)
I/ADM ( 1694): 2: 69645597806: [INFO] dev_omx:900 Extracting components for chain 0, dev ='Speaker'
I/ADM ( 1694): 0: 69645601224: [OMXIL] omx_log:256 45781F68: GetHandle 'OMX.ST.AFM.pcmprocessing.spl' pAD=40FEA008 pCB=4013BD60 OK
I/ADM ( 1694): 1: 69645601285: [INFO] dev_omx:940 adm_create_component returned 0x45781F68 for OMX.ST.AFM.pcmprocessing.spl
I/ADM ( 1694): 0: 69645601834: [OMXIL] omx_log:887 45781F68 [ocessing.spl]: SetParameter idx=AudioPcm
I/ADM ( 1694): 2: 69645601895: [OMXIL] omx_log:293 port=0 channels=1 eNumData=0 endian=1 interleave=1 bits=16 samplerate=48000
I/ADM ( 1694): 2: 69645601956: [OMXIL] omx_log:293 pcmMode=0 map[0]=3 map[1]=0 map[2]=0, map[3]=0, map[4]=0, map[5]=0
W/ResourceType(32385): Failure getting entry for 0x010802be (t=7 e=702) in package 0 (error -75)
I/ADM ( 1694): 8: 69645607602: [OMXIL] omx_log:887 45781F68 [ocessing.spl]: SetParameter idx=AudioPcm
I/ADM ( 1694): 0: 69645607663: [OMXIL] omx_log:293 port=1 channels=1 eNumData=0 endian=1 interleave=1 bits=16 samplerate=48000
I/ADM ( 1694): 0: 69645607724: [OMXIL] omx_log:293 pcmMode=0 map[0]=3 map[1]=0 map[2]=0, map[3]=0, map[4]=0, map[5]=0
I/ADM ( 1694): 6: 69645608029: [OMXIL] omx_log:887 45781F68 [ocessing.spl]: SetParameter idx=AFM_IndexParamSpl
I/ADM ( 1694): 9: 69645608243: [OMXIL] omx_log:913 45781F68 [ocessing.spl]: SetConfig idx=OMX_IndexConfigSpllimit
I/ADM ( 1694): 3: 69645608456: [OMXIL] omx_log:913 45781F68 [ocessing.spl]: SetConfig idx=Volume
I/ADM ( 1694): 4: 69645608517: [OMXIL] omx_log:293 port=0 linear=0 volume=600 mB
I/ADM ( 1694): 7: 69645608731: [OMXIL] omx_log:913 45781F68 [ocessing.spl]: SetConfig idx=AFM_IndexConfigPcmProbe
I/ADM ( 1694): 1: 69645608914: [OMXIL] omx_log:887 45781F68 [ocessing.spl]: SetParameter idx=AFM_IndexParamHostMpcSync
I/ADM ( 1694): 1: 69645608975: [OMXIL] omx_log:293 nPortIndex=0 enabled=1
I/ADM ( 1694): 4: 69645609128: [INFO] dev_omx:900 Extracting components for chain 2, dev ='Speaker'
I/ADM ( 1694): 5: 69645609768: [OMXIL] omx_log:256 43460E58: GetHandle 'OMX.ST.AFM.pcmprocessing.spl' pAD=41076008 pCB=4013BD60 OK
I/ADM ( 1694): 6: 69645609829: [INFO] dev_omx:940 adm_create_component returned 0x43460E58 for OMX.ST.AFM.pcmprocessing.spl
I/ADM ( 1694): 8: 69645609952: [OMXIL] omx_log:887 43460E58 [ocessing.spl]: SetParameter idx=AudioPcm
I/ADM ( 1694): 9: 69645609982: [OMXIL] omx_log:293 port=0 channels=1 eNumData=0 endian=1 interleave=1 bits=16 samplerate=48000
I/ADM ( 1694): 2: 69645613247: [OMXIL] omx_log:293 pcmMode=0 map[0]=3 map[1]=0 map[2]=0, map[3]=0, map[4]=0, map[5]=0
I/ADM ( 1694): 2: 69645613705: [OMXIL] omx_log:887 43460E58 [ocessing.spl]: SetParameter idx=AudioPcm
I/ADM ( 1694): 3: 69645613766: [OMXIL] omx_log:293 port=1 channels=1 eNumData=0 endian=1 interleave=1 bits=16 samplerate=48000
I/ADM ( 1694): 4: 69645613797: [OMXIL] omx_log:293 pcmMode=0 map[0]=3 map[1]=0 map[2]=0, map[3]=0, map[4]=0, map[5]=0
I/ADM ( 1694): 9: 69645614102: [OMXIL] omx_log:887 43460E58 [ocessing.spl]: SetParameter idx=AFM_IndexParamSpl
I/ADM ( 1694): 2: 69645614316: [OMXIL] omx_log:913 43460E58 [ocessing.spl]: SetConfig idx=OMX_IndexConfigSpllimit
I/ADM ( 1694): 5: 69645614529: [OMXIL] omx_log:913 43460E58 [ocessing.spl]: SetConfig idx=Volume
I/ADM ( 1694): 7: 69645614560: [OMXIL] omx_log:293 port=0 linear=0 volume=200 mB
I/ADM ( 1694): 0: 69645614773: [OMXIL] omx_log:913 43460E58 [ocessing.spl]: SetConfig idx=AFM_IndexConfigPcmProbe
I/ADM ( 1694): 8: 69645622891: [OMXIL] omx_log:256 4374DF30: GetHandle 'OMX.ST.AFM.IHF' pAD=453BA958 pCB=4013BD60 OK
I/ADM ( 1694): 0: 69645623013: [OMXIL] omx_log:957 4374DF30 [X.ST.AFM.IHF]: SendCommand PortDisable 1
I/ADM ( 1694): 5: 69645623349: [OMXIL] omx_log:256 4374DF30 [X.ST.AFM.IHF]: CB CmdComplete PortDisable 1
I/ADM ( 1694): 9: 69645623562: [OMXIL] omx_log:887 4374DF30 [X.ST.AFM.IHF]: SetParameter idx=AudioPcm
I/ADM ( 1694): 0: 69645623623: [OMXIL] omx_log:293 port=0 channels=1 eNumData=0 endian=1 interleave=1 bits=16 samplerate=48000
I/ADM ( 1694): 1: 69645623684: [OMXIL] omx_log:293 pcmMode=0 map[0]=3 map[1]=0 map[2]=0, map[3]=0, map[4]=0, map[5]=0
D/AbsListView(32385): Get MotionRecognitionManager
I/ADM ( 1694): 6: 69645624020: [OMXIL] omx_log:913 4374DF30 [X.ST.AFM.IHF]: SetConfig idx=AFM_IndexConfigPcmProbe
I/ADM ( 1694): 7: 69645624630: [INFO] dev_omx:2119 2 ports on IO handle
I/ADM ( 1694): 8: 69645624692: [OMXIL] omx_log:913 4374DF30 [X.ST.AFM.IHF]: SetConfig idx=AFM_IndexConfigPcmProbe
I/ADM ( 1694): 1: 69645624905: [OMXIL] omx_log:887 4447F5C8 [ST.AFM.mixer]: SetParameter idx=AFM_IndexParamBindingMemoryType
I/ADM ( 1694): 3: 69645624966: [OMXIL] omx_log:293 nPortIndex=1 memoryType=TCMX
I/ADM ( 1694): 5: 69645625119: [OMXIL] omx_log:887 4447F5C8 [ST.AFM.mixer]: SetParameter idx=AFM_IndexParamBindingMemoryType
I/ADM ( 1694): 6: 69645625149: [OMXIL] omx_log:293 nPortIndex=0 memoryType=TCMX
I/ADM ( 1694): 9: 69645625882: [OMXIL] omx_log:887 4447F5C8 [ST.AFM.mixer]: SetParameter idx=AudioPcm
I/ADM ( 1694): 0: 69645625943: [OMXIL] omx_log:293 port=0 channels=1 eNumData=0 endian=1 interleave=1 bits=16 samplerate=48000
I/ADM ( 1694): 0: 69645626004: [OMXIL] omx_log:293 pcmMode=0 map[0]=3 map[1]=0 map[2]=0, map[3]=0, map[4]=0, map[5]=0
I/ADM ( 1694): 5: 69645626309: [OMXIL] omx_log:913 4447F5C8 [ST.AFM.mixer]: SetConfig idx=AFM_IndexConfigPcmProbe
I/ADM ( 1694): 9: 69645626523: [OMXIL] omx_log:887 4447F5C8 [ST.AFM.mixer]: SetParameter idx=AudioPcm
I/ADM ( 1694): 0: 69645626553: [OMXIL] omx_log:293 port=1 channels=1 eNumData=0 endian=1 interleave=1 bits=16 samplerate=48000
I/ADM ( 1694): 0: 69645626614: [OMXIL] omx_log:293 pcmMode=0 map[0]=3 map[1]=0 map[2]=0, map[3]=0, map[4]=0, map[5]=0
I/ADM ( 1694): 5: 69645626858: [OMXIL] omx_log:913 4447F5C8 [ST.AFM.mixer]: SetConfig idx=AFM_IndexConfigPcmProbe
I/ADM ( 1694): 8: 69645627072: [OMXIL] omx_log:887 4447F5C8 [ST.AFM.mixer]: SetParameter idx=AudioPcm
I/ADM ( 1694): 9: 69645627102: [OMXIL] omx_log:293 port=2 channels=2 eNumData=0 endian=1 interleave=1 bits=16 samplerate=44100
I/ADM ( 1694): 0: 69645627163: [OMXIL] omx_log:293 pcmMode=0 map[0]=1 map[1]=2 map[2]=0, map[3]=0, map[4]=0, map[5]=0
I/ADM ( 1694): 4: 69645627408: [OMXIL] omx_log:913 4447F5C8 [ST.AFM.mixer]: SetConfig idx=AFM_IndexConfigPcmProbe
I/ADM ( 1694): 3: 69645627957: [OMXIL] omx_log:957 4447F5C8 [ST.AFM.mixer]: SendCommand PortDisable 1
I/ADM ( 1694): 9: 69645628262: [OMXIL] omx_log:256 4447F5C8 [ST.AFM.mixer]: CB CmdComplete PortDisable 1
I/ADM ( 1694): 0: 69645628384: [OMXIL] omx_log:957 4447F5C8 [ST.AFM.mixer]: SendCommand PortDisable 2
I/ADM ( 1694): 5: 69645628659: [OMXIL] omx_log:256 4447F5C8 [ST.AFM.mixer]: CB CmdComplete PortDisable 2
I/ADM ( 1694): 7: 69645629361: [OMXIL] omx_log:957 4447F5C8 [ST.AFM.mixer]: SendCommand PortDisable 3
I/ADM ( 1694): 2: 69645629666: [OMXIL] omx_log:256 4447F5C8 [ST.AFM.mixer]: CB CmdComplete PortDisable 3
I/ADM ( 1694): 9: 69645630093: [OMXIL] omx_log:957 4447F5C8 [ST.AFM.mixer]: SendCommand PortDisable 4
I/ADM ( 1694): 5: 69645630398: [OMXIL] omx_log:256 4447F5C8 [ST.AFM.mixer]: CB CmdComplete PortDisable 4
I/ADM ( 1694): 6: 69645630490: [OMXIL] omx_log:957 4447F5C8 [ST.AFM.mixer]: SendCommand PortDisable 5
I/ADM ( 1694): 0: 69645630703: [OMXIL] omx_log:256 4447F5C8 [ST.AFM.mixer]: CB CmdComplete PortDisable 5
I/ADM ( 1694): 1: 69645630795: [OMXIL] omx_log:957 4447F5C8 [ST.AFM.mixer]: SendCommand PortDisable 6
I/ADM ( 1694): 5: 69645631009: [OMXIL] omx_log:256 4447F5C8 [ST.AFM.mixer]: CB CmdComplete PortDisable 6
