I/ADM ( 1694): 4: 69824003614: [STATUS] api_devset:457 Open device 'Speaker', 44100 Hz, format=2, 3 x 3904 bytes bufs
I/ADM ( 1694): 4: 69824004163: [INFO] dev:378 >>> ENTER dev_open(Speaker, vc=0, alloc_buffers=0, format=2)
I/ADM ( 1694): 0: 69824004529: [INFO] dev:306 setting /data/local/tmp/rme_act_adm to 1
I/ADM ( 1694): 2: 69824005262: [INFO] dev:347 rme alp tracker /data/local/tmp/rme_act_alp set to 0: proceeding
I/ADM ( 1694): 6: 69824005475: [INFO] dev:1684 rescan_hw_handler
I/ADM ( 1694): 9: 69824005658: [INFO] hw_handler_u8500:423 AddD2DConnections ENTER
I/ADM ( 1694): 0: 69824007459: [INFO] dev:1675 hw_handler_dev_next_d2d: DONE
I/ADM ( 1694): 3: 69824008252: [INFO] dev:1654 hw_handler_dev_next: DONE
I/ADM ( 1694): 9: 69824009809: [INFO] hw_handler_u8500:810 Query: SELECT * FROM HW_Settings WHERE (Platform = 'AB8500') AND ('REF_Speaker_Playback_Music' IN (Dev1, Dev2, Dev3, Dev4, Dev5, Dev6))ORDER BY rowid LIMIT 1
I/ADM ( 1694): 3: 69824045362: [INFO] hw_handler_u8500:922 ste_adm_hw_handler_u8500: Found matching HW-settings: devices = ('REF_Speaker_Playback_Music', '', '', '', '', ''), d2dlogical-connections = ('', '', '', '').
I/ADM ( 1694): 0: 69824059919: [INFO] dev:429 Device Speaker is OUTPUT
I/ADM ( 1694): 2: 69824059980: [INFO] dev_omx:1276 Enter dev_omx_setup_graph - device=Speaker, samplerate=44100, format=2, alloc_buffers=0, is_vc=0, bufsz=0
I/ADM ( 1694): 4: 69824060712: [OMXIL] omx_log:256 45A76DC8: GetHandle 'OMX.ST.AFM.mixer' pAD=416C64B0 pCB=4013BD60 OK
I/ADM ( 1694): 5: 69824060773: [INFO] dev_omx_graph:123 il_tool_create_component returned 0x45A76DC8 for OMX.ST.AFM.mixer (Common Mixer)
I/ADM ( 1694): 8: 69824060956: [OMXIL] omx_log:256 414B0008: GetHandle 'ADM.mixer' pAD=458644B0 pCB=4013BD60 OK
I/ADM ( 1694): 9: 69824060987: [INFO] dev_omx_graph:144 il_tool_create_component returned 0x414B0008 for ADM.mixer (App Mixer)
I/ADM ( 1694): 9: 69824061048: [INFO] dev_omx:900 Extracting components for chain 0, dev ='Speaker'
I/ADM ( 1694): 4: 69824063672: [OMXIL] omx_log:256 45781F68: GetHandle 'OMX.ST.AFM.pcmprocessing.spl' pAD=40FEA008 pCB=4013BD60 OK
I/ADM ( 1694): 5: 69824063733: [INFO] dev_omx:940 adm_create_component returned 0x45781F68 for OMX.ST.AFM.pcmprocessing.spl
I/ADM ( 1694): 8: 69824063855: [OMXIL] omx_log:887 45781F68 [ocessing.spl]: SetParameter idx=AudioPcm
I/ADM ( 1694): 8: 69824063916: [OMXIL] omx_log:293 port=0 channels=1 eNumData=0 endian=1 interleave=1 bits=16 samplerate=48000
I/ADM ( 1694): 9: 69824063947: [OMXIL] omx_log:293 pcmMode=0 map[0]=3 map[1]=0 map[2]=0, map[3]=0, map[4]=0, map[5]=0
I/ADM ( 1694): 4: 69824064252: [OMXIL] omx_log:887 45781F68 [ocessing.spl]: SetParameter idx=AudioPcm
I/ADM ( 1694): 5: 69824064283: [OMXIL] omx_log:293 port=1 channels=1 eNumData=0 endian=1 interleave=1 bits=16 samplerate=48000
I/ADM ( 1694): 5: 69824064344: [OMXIL] omx_log:293 pcmMode=0 map[0]=3 map[1]=0 map[2]=0, map[3]=0, map[4]=0, map[5]=0
I/ADM ( 1694): 0: 69824064588: [OMXIL] omx_log:887 45781F68 [ocessing.spl]: SetParameter idx=AFM_IndexParamSpl
I/ADM ( 1694): 3: 69824064771: [OMXIL] omx_log:913 45781F68 [ocessing.spl]: SetConfig idx=OMX_IndexConfigSpllimit
I/ADM ( 1694): 6: 69824064954: [OMXIL] omx_log:913 45781F68 [ocessing.spl]: SetConfig idx=Volume
I/ADM ( 1694): 7: 69824064985: [OMXIL] omx_log:293 port=0 linear=0 volume=600 mB
I/ADM ( 1694): 9: 69824065168: [OMXIL] omx_log:913 45781F68 [ocessing.spl]: SetConfig idx=AFM_IndexConfigPcmProbe
I/ADM ( 1694): 2: 69824065320: [OMXIL] omx_log:887 45781F68 [ocessing.spl]: SetParameter idx=AFM_IndexParamHostMpcSync
I/ADM ( 1694): 3: 69824065381: [OMXIL] omx_log:293 nPortIndex=0 enabled=1
I/ADM ( 1694): 6: 69824065503: [INFO] dev_omx:900 Extracting components for chain 2, dev ='Speaker'
I/ADM ( 1694): 4: 69824066022: [OMXIL] omx_log:256 43460E58: GetHandle 'OMX.ST.AFM.pcmprocessing.spl' pAD=41076008 pCB=4013BD60 OK
I/ADM ( 1694): 5: 69824066053: [INFO] dev_omx:940 adm_create_component returned 0x43460E58 for OMX.ST.AFM.pcmprocessing.spl
I/ADM ( 1694): 6: 69824066175: [OMXIL] omx_log:887 43460E58 [ocessing.spl]: SetParameter idx=AudioPcm
I/ADM ( 1694): 7: 69824066205: [OMXIL] omx_log:293 port=0 channels=1 eNumData=0 endian=1 interleave=1 bits=16 samplerate=48000
I/ADM ( 1694): 8: 69824066236: [OMXIL] omx_log:293 pcmMode=0 map[0]=3 map[1]=0 map[2]=0, map[3]=0, map[4]=0, map[5]=0
I/ADM ( 1694): 3: 69824066510: [OMXIL] omx_log:887 43460E58 [ocessing.spl]: SetParameter idx=AudioPcm
I/ADM ( 1694): 3: 69824066572: [OMXIL] omx_log:293 port=1 channels=1 eNumData=0 endian=1 interleave=1 bits=16 samplerate=48000
I/ADM ( 1694): 4: 69824066602: [OMXIL] omx_log:293 pcmMode=0 map[0]=3 map[1]=0 map[2]=0, map[3]=0, map[4]=0, map[5]=0
I/ADM ( 1694): 8: 69824066877: [OMXIL] omx_log:887 43460E58 [ocessing.spl]: SetParameter idx=AFM_IndexParamSpl
I/ADM ( 1694): 1: 69824067029: [OMXIL] omx_log:913 43460E58 [ocessing.spl]: SetConfig idx=OMX_IndexConfigSpllimit
I/ADM ( 1694): 4: 69824067212: [OMXIL] omx_log:913 43460E58 [ocessing.spl]: SetConfig idx=Volume
I/ADM ( 1694): 4: 69824067243: [OMXIL] omx_log:293 port=0 linear=0 volume=200 mB
I/ADM ( 1694): 8: 69824067395: [OMXIL] omx_log:913 43460E58 [ocessing.spl]: SetConfig idx=AFM_IndexConfigPcmProbe
I/ADM ( 1694): 6: 69824073774: [OMXIL] omx_log:256 4374DF30: GetHandle 'OMX.ST.AFM.IHF' pAD=453BA958 pCB=4013BD60 OK
I/ADM ( 1694): 7: 69824073896: [OMXIL] omx_log:957 4374DF30 [X.ST.AFM.IHF]: SendCommand PortDisable 1
I/ADM ( 1694): 1: 69824074140: [OMXIL] omx_log:256 4374DF30 [X.ST.AFM.IHF]: CB CmdComplete PortDisable 1
I/ADM ( 1694): 5: 69824074354: [OMXIL] omx_log:887 4374DF30 [X.ST.AFM.IHF]: SetParameter idx=AudioPcm
I/ADM ( 1694): 6: 69824074415: [OMXIL] omx_log:293 port=0 channels=1 eNumData=0 endian=1 interleave=1 bits=16 samplerate=48000
I/ADM ( 1694): 7: 69824074445: [OMXIL] omx_log:293 pcmMode=0 map[0]=3 map[1]=0 map[2]=0, map[3]=0, map[4]=0, map[5]=0
I/ADM ( 1694): 2: 69824074750: [OMXIL] omx_log:913 4374DF30 [X.ST.AFM.IHF]: SetConfig idx=AFM_IndexConfigPcmProbe
I/ADM ( 1694): 5: 69824074933: [INFO] dev_omx:2119 2 ports on IO handle
I/ADM ( 1694): 6: 69824074994: [OMXIL] omx_log:913 4374DF30 [X.ST.AFM.IHF]: SetConfig idx=AFM_IndexConfigPcmProbe
I/ADM ( 1694): 9: 69824075177: [OMXIL] omx_log:887 45A76DC8 [ST.AFM.mixer]: SetParameter idx=AFM_IndexParamBindingMemoryType
I/ADM ( 1694): 0: 69824075208: [OMXIL] omx_log:293 nPortIndex=1 memoryType=TCMX
I/ADM ( 1694): 2: 69824075361: [OMXIL] omx_log:887 45A76DC8 [ST.AFM.mixer]: SetParameter idx=AFM_IndexParamBindingMemoryType
I/ADM ( 1694): 3: 69824075391: [OMXIL] omx_log:293 nPortIndex=0 memoryType=TCMX
I/ADM ( 1694): 7: 69824075605: [OMXIL] omx_log:887 45A76DC8 [ST.AFM.mixer]: SetParameter idx=AudioPcm
I/ADM ( 1694): 7: 69824075635: [OMXIL] omx_log:293 port=0 channels=1 eNumData=0 endian=1 interleave=1 bits=16 samplerate=48000
I/ADM ( 1694): 8: 69824075696: [OMXIL] omx_log:293 pcmMode=0 map[0]=3 map[1]=0 map[2]=0, map[3]=0, map[4]=0, map[5]=0
I/ADM ( 1694): 2: 69824075940: [OMXIL] omx_log:913 45A76DC8 [ST.AFM.mixer]: SetConfig idx=AFM_IndexConfigPcmProbe
I/ADM ( 1694): 5: 69824076093: [OMXIL] omx_log:887 45A76DC8 [ST.AFM.mixer]: SetParameter idx=AudioPcm
I/ADM ( 1694): 6: 69824076154: [OMXIL] omx_log:293 port=1 channels=1 eNumData=0 endian=1 interleave=1 bits=16 samplerate=48000
I/ADM ( 1694): 7: 69824076185: [OMXIL] omx_log:293 pcmMode=0 map[0]=3 map[1]=0 map[2]=0, map[3]=0, map[4]=0, map[5]=0
I/ADM ( 1694): 0: 69824076429: [OMXIL] omx_log:913 45A76DC8 [ST.AFM.mixer]: SetConfig idx=AFM_IndexConfigPcmProbe
I/ADM ( 1694): 3: 69824076612: [OMXIL] omx_log:887 45A76DC8 [ST.AFM.mixer]: SetParameter idx=AudioPcm
I/ADM ( 1694): 4: 69824076642: [OMXIL] omx_log:293 port=2 channels=2 eNumData=0 endian=1 interleave=1 bits=16 samplerate=44100
I/ADM ( 1694): 5: 69824076673: [OMXIL] omx_log:293 pcmMode=0 map[0]=1 map[1]=2 map[2]=0, map[3]=0, map[4]=0, map[5]=0
I/ADM ( 1694): 9: 69824076917: [OMXIL] omx_log:913 45A76DC8 [ST.AFM.mixer]: SetConfig idx=AFM_IndexConfigPcmProbe
I/ADM ( 1694): 2: 69824077100: [OMXIL] omx_log:957 45A76DC8 [ST.AFM.mixer]: SendCommand PortDisable 1
I/ADM ( 1694): 6: 69824077344: [OMXIL] omx_log:256 45A76DC8 [ST.AFM.mixer]: CB CmdComplete PortDisable 1
I/ADM ( 1694): 7: 69824077436: [OMXIL] omx_log:957 45A76DC8 [ST.AFM.mixer]: SendCommand PortDisable 2
I/ADM ( 1694): 1: 69824077649: [OMXIL] omx_log:256 45A76DC8 [ST.AFM.mixer]: CB CmdComplete PortDisable 2
I/ADM ( 1694): 3: 69824077710: [OMXIL] omx_log:957 45A76DC8 [ST.AFM.mixer]: SendCommand PortDisable 3
I/ADM ( 1694): 6: 69824077924: [OMXIL] omx_log:256 45A76DC8 [ST.AFM.mixer]: CB CmdComplete PortDisable 3
I/ADM ( 1694): 7: 69824077985: [OMXIL] omx_log:957 45A76DC8 [ST.AFM.mixer]: SendCommand PortDisable 4
I/ADM ( 1694): 1: 69824078199: [OMXIL] omx_log:256 45A76DC8 [ST.AFM.mixer]: CB CmdComplete PortDisable 4
I/ADM ( 1694): 2: 69824078260: [OMXIL] omx_log:957 45A76DC8 [ST.AFM.mixer]: SendCommand PortDisable 5
I/ADM ( 1694): 5: 69824078473: [OMXIL] omx_log:256 45A76DC8 [ST.AFM.mixer]: CB CmdComplete PortDisable 5
I/ADM ( 1694): 7: 69824078534: [OMXIL] omx_log:957 45A76DC8 [ST.AFM.mixer]: SendCommand PortDisable 6
I/ADM ( 1694): 0: 69824078748: [OMXIL] omx_log:256 45A76DC8 [ST.AFM.mixer]: CB CmdComplete PortDisable 6
I/ADM ( 1694): 1: 69824078809: [OMXIL] omx_log:957 45A76DC8 [ST.AFM.mixer]: SendCommand PortDisable 7
I/ADM ( 1694): 5: 69824079023: [OMXIL] omx_log:256 45A76DC8 [ST.AFM.mixer]: CB CmdComplete PortDisable 7
I/ADM ( 1694): 6: 69824079084: [OMXIL] omx_log:957 45A76DC8 [ST.AFM.mixer]: SendCommand PortDisable 8
I/ADM ( 1694): 9: 69824079297: [OMXIL] omx_log:256 45A76DC8 [ST.AFM.mixer]: CB CmdComplete PortDisable 8
I/ADM ( 1694): 1: 69824079419: [OMXIL] omx_log:887 414B0008 [ADM.mixer ]: SetParameter idx=AudioPcm
I/ADM ( 1694): 2: 69824079450: [OMXIL] omx_log:293 port=0 channels=1 eNumData=0 endian=1 interleave=1 bits=16 samplerate=48000
I/ADM ( 1694): 3: 69824079480: [OMXIL] omx_log:293 pcmMode=0 map[0]=3 map[1]=0 map[2]=0, map[3]=0, map[4]=0, map[5]=0
I/ADM ( 1694): 3: 69824079541: [OMXIL] omx_log:913 414B0008 [ADM.mixer ]: SetConfig idx=AFM_IndexConfigPcmProbe
I/ADM ( 1694): 4: 69824079572: [OMXIL] omx_log:887 414B0008 [ADM.mixer ]: SetParameter idx=AFM_IndexParamSrcMode
I/ADM ( 1694): 5: 69824079633: [OMXIL] omx_log:293 nPortIndex=0 nSrcMode=Custom1
I/ADM ( 1694): 6: 69824079694: [OMXIL] omx_log:887 414B0008 [ADM.mixer ]: SetParameter idx=AudioPcm
I/ADM ( 1694): 7: 69824079725: [OMXIL] omx_log:293 port=1 channels=2 eNumData=0 endian=1 interleave=1 bits=16 samplerate=44100
I/ADM ( 1694): 7: 69824079786: [OMXIL] omx_log:293 pcmMode=0 map[0]=1 map[1]=2 map[2]=0, map[3]=0, map[4]=0, map[5]=0
I/ADM ( 1694): 8: 69824079816: [OMXIL] omx_log:913 414B0008 [ADM.mixer ]: SetConfig idx=AFM_IndexConfigPcmProbe
I/ADM ( 1694): 9: 69824079847: [OMXIL] omx_log:887 414B0008 [ADM.mixer ]: SetParameter idx=AFM_IndexParamSrcMode
I/ADM ( 1694): 9: 69824079877: [OMXIL] omx_log:293 nPortIndex=1 nSrcMode=Custom1
I/ADM ( 1694): 0: 69824079938: [OMXIL] omx_log:887 414B0008 [ADM.mixer ]: SetParameter idx=OMX_IndexParamAudioSynchronized
I/ADM ( 1694): 0: 69824079969: [OMXIL] omx_log:293 port=1 bIsSynchronized=1
I/ADM ( 1694): 7: 69824080396: [OMXIL] omx_log:887 414B0008 [ADM.mixer ]: SetParameter idx=AudioPcm
I/ADM ( 1694): 9: 69824080457: [OMXIL] omx_log:293 port=2 channels=2 eNumData=0 endian=1 interleave=1 bits=16 samplerate=44100
I/ADM ( 1694): 0: 69824080488: [OMXIL] omx_log:293 pcmMode=0 map[0]=1 map[1]=2 map[2]=0, map[3]=0, map[4]=0, map[5]=0
I/ADM ( 1694): 0: 69824080549: [OMXIL] omx_log:913 414B0008 [ADM.mixer ]: SetConfig idx=AFM_IndexConfigPcmProbe
I/ADM ( 1694): 1: 69824080579: [OMXIL] omx_log:887 414B0008 [ADM.mixer ]: SetParameter idx=AFM_IndexParamSrcMode
I/ADM ( 1694): 4: 69824080762: [OMXIL] omx_log:293 nPortIndex=2 nSrcMode=Custom1
I/ADM ( 1694): 5: 69824080793: [OMXIL] omx_log:887 414B0008 [ADM.mixer ]: SetParameter idx=OMX_IndexParamAudioSynchronized
I/ADM ( 1694): 5: 69824080854: [OMXIL] omx_log:293 port=2 bIsSynchronized=1
I/ADM ( 1694): 7: 69824080945: [OMXIL] omx_log:887 414B0008 [ADM.mixer ]: SetParameter idx=AudioPcm
I/ADM ( 1694): 8: 69824081006: [OMXIL] omx_log:293 port=3 channels=2 eNumData=0 endian=1 interleave=1 bits=16 samplerate=44100
I/ADM ( 1694): 9: 69824081037: [OMXIL] omx_log:293 pcmMode=0 map[0]=1 map[1]=2 map[2]=0, map[3]=0, map[4]=0, map[5]=0
I/ADM ( 1694): 9: 69824081098: [OMXIL] omx_log:913 414B0008 [ADM.mixer ]: SetConfig idx=AFM_IndexConfigPcmProbe
I/ADM ( 1694): 1: 69824081128: [OMXIL] omx_log:887 414B0008 [ADM.mixer ]: SetParameter idx=AFM_IndexParamSrcMode
I/ADM ( 1694): 1: 69824081189: [OMXIL] omx_log:293 nPortIndex=3 nSrcMode=Custom1
I/ADM ( 1694): 2: 69824081220: [OMXIL] omx_log:887 414B0008 [ADM.mixer ]: SetParameter idx=OMX_IndexParamAudioSynchronized
I/ADM ( 1694): 3: 69824081281: [OMXIL] omx_log:293 port=3 bIsSynchronized=1
I/ADM ( 1694): 4: 69824081373: [OMXIL] omx_log:887 414B0008 [ADM.mixer ]: SetParameter idx=AudioPcm
I/ADM ( 1694): 5: 69824081403: [OMXIL] omx_log:293 port=4 channels=2 eNumData=0 endian=1 interleave=1 bits=16 samplerate=44100
I/ADM ( 1694): 6: 69824081464: [OMXIL] omx_log:293 pcmMode=0 map[0]=1 map[1]=2 map[2]=0, map[3]=0, map[4]=0, map[5]=0
I/ADM ( 1694): 7: 69824081495: [OMXIL] omx_log:913 414B0008 [ADM.mixer ]: SetConfig idx=AFM_IndexConfigPcmProbe
I/ADM ( 1694): 7: 69824081556: [OMXIL] omx_log:887 414B0008 [ADM.mixer ]: SetParameter idx=AFM_IndexParamSrcMode
I/ADM ( 1694): 8: 69824081586: [OMXIL] omx_log:293 nPortIndex=4 nSrcMode=Custom1
I/ADM ( 1694): 9: 69824081647: [OMXIL] omx_log:887 414B0008 [ADM.mixer ]: SetParameter idx=OMX_IndexParamAudioSynchronized
I/ADM ( 1694): 0: 69824081678: [OMXIL] omx_log:293 port=4 bIsSynchronized=1
I/ADM ( 1694): 1: 69824081769: [OMXIL] omx_log:887 414B0008 [ADM.mixer ]: SetParameter idx=AudioPcm
I/ADM ( 1694): 2: 69824081830: [OMXIL] omx_log:293 port=5 channels=2 eNumData=0 endian=1 interleave=1 bits=16 samplerate=44100
I/ADM ( 1694): 2: 69824081861: [OMXIL] omx_log:293 pcmMode=0 map[0]=1 map[1]=2 map[2]=0, map[3]=0, map[4]=0, map[5]=0
I/ADM ( 1694): 3: 69824081891: [OMXIL] omx_log:913 414B0008 [ADM.mixer ]: SetConfig idx=AFM_IndexConfigPcmProbe
I/ADM ( 1694): 4: 69824081952: [OMXIL] omx_log:887 414B0008 [ADM.mixer ]: SetParameter idx=AFM_IndexParamSrcMode
I/ADM ( 1694): 5: 69824082013: [OMXIL] omx_log:293 nPortIndex=5 nSrcMode=Custom1
I/ADM ( 1694): 6: 69824082044: [OMXIL] omx_log:887 414B0008 [ADM.mixer ]: SetParameter idx=OMX_IndexParamAudioSynchronized
I/ADM ( 1694): 7: 69824082074: [OMXIL] omx_log:293 port=5 bIsSynchronized=1
I/ADM ( 1694): 8: 69824082166: [OMXIL] omx_log:887 414B0008 [ADM.mixer ]: SetParameter idx=AudioPcm
I/ADM ( 1694): 9: 69824082227: [OMXIL] omx_log:293 port=6 channels=2 eNumData=0 endian=1 interleave=1 bits=16 samplerate=44100
I/ADM ( 1694): 0: 69824082258: [OMXIL] omx_log:293 pcmMode=0 map[0]=1 map[1]=2 map[2]=0, map[3]=0, map[4]=0, map[5]=0
I/ADM ( 1694): 0: 69824082319: [OMXIL] omx_log:913 414B0008 [ADM.mixer ]: SetConfig idx=AFM_IndexConfigPcmProbe
I/ADM ( 1694): 1: 69824082349: [OMXIL] omx_log:887 414B0008 [ADM.mixer ]: SetParameter idx=AFM_IndexParamSrcMode
I/ADM ( 1694): 2: 69824082410: [OMXIL] omx_log:293 nPortIndex=6 nSrcMode=Custom1
I/ADM ( 1694): 3: 69824082441: [OMXIL] omx_log:887 414B0008 [ADM.mixer ]: SetParameter idx=OMX_IndexParamAudioSynchronized
I/ADM ( 1694): 3: 69824082502: [OMXIL] omx_log:293 port=6 bIsSynchronized=1
I/ADM ( 1694): 5: 69824082593: [OMXIL] omx_log:887 414B0008 [ADM.mixer ]: SetParameter idx=AudioPcm
I/ADM ( 1694): 6: 69824082624: [OMXIL] omx_log:293 port=7 channels=2 eNumData=0 endian=1 interleave=1 bits=16 samplerate=44100
I/ADM ( 1694): 6: 69824082685: [OMXIL] omx_log:293 pcmMode=0 map[0]=1 map[1]=2 map[2]=0, map[3]=0, map[4]=0, map[5]=0
I/ADM ( 1694): 7: 69824082715: [OMXIL] omx_log:913 414B0008 [ADM.mixer ]: SetConfig idx=AFM_IndexConfigPcmProbe
I/ADM ( 1694): 8: 69824082776: [OMXIL] omx_log:887 414B0008 [ADM.mixer ]: SetParameter idx=AFM_IndexParamSrcMode
I/ADM ( 1694): 9: 69824082807: [OMXIL] omx_log:293 nPortIndex=7 nSrcMode=Custom1
I/ADM ( 1694): 9: 69824082868: [OMXIL] omx_log:887 414B0008 [ADM.mixer ]: SetParameter idx=OMX_IndexParamAudioSynchronized
I/ADM ( 1694): 0: 69824082898: [OMXIL] omx_log:293 port=7 bIsSynchronized=1
I/ADM ( 1694): 2: 69824082990: [OMXIL] omx_log:887 414B0008 [ADM.mixer ]: SetParameter idx=AudioPcm
I/ADM ( 1694): 3: 69824083020: [OMXIL] omx_log:293 port=8 channels=2 eNumData=0 endian=1 interleave=1 bits=16 samplerate=44100
I/ADM ( 1694): 3: 69824083082: [OMXIL] omx_log:293 pcmMode=0 map[0]=1 map[1]=2 map[2]=0, map[3]=0, map[4]=0, map[5]=0
I/ADM ( 1694): 4: 69824083112: [OMXIL] omx_log:913 414B0008 [ADM.mixer ]: SetConfig idx=AFM_IndexConfigPcmProbe
I/ADM ( 1694): 5: 69824083173: [OMXIL] omx_log:887 414B0008 [ADM.mixer ]: SetParameter idx=AFM_IndexParamSrcMode
I/ADM ( 1694): 6: 69824083204: [OMXIL] omx_log:293 nPortIndex=8 nSrcMode=Custom1
I/ADM ( 1694): 6: 69824083265: [OMXIL] omx_log:887 414B0008 [ADM.mixer ]: SetParameter idx=OMX_IndexParamAudioSynchronized
I/ADM ( 1694): 7: 69824083295: [OMXIL] omx_log:293 port=8 bIsSynchronized=1
I/ADM ( 1694): 8: 69824083356: [OMXIL] omx_log:957 414B0008 [ADM.mixer ]: SendCommand PortDisable 1
I/ADM ( 1694): 9: 69824083417: [OMXIL] omx_log:256 414B0008 [ADM.mixer ]: CB CmdComplete PortDisable 1
I/ADM ( 1694): 0: 69824083478: [OMXIL] omx_log:957 414B0008 [ADM.mixer ]: SendCommand PortDisable 2
I/ADM ( 1694): 1: 69824083509: [OMXIL] omx_log:256 414B0008 [ADM.mixer ]: CB CmdComplete PortDisable 2
I/ADM ( 1694): 2: 69824083570: [OMXIL] omx_log:957 414B0008 [ADM.mixer ]: SendCommand PortDisable 3
I/ADM ( 1694): 2: 69824083631: [OMXIL] omx_log:256 414B0008 [ADM.mixer ]: CB CmdComplete PortDisable 3
I/ADM ( 1694): 3: 69824083692: [OMXIL] omx_log:957 414B0008 [ADM.mixer ]: SendCommand PortDisable 4
I/ADM ( 1694): 4: 69824083722: [OMXIL] omx_log:256 414B0008 [ADM.mixer ]: CB CmdComplete PortDisable 4
I/ADM ( 1694): 6: 69824083783: [OMXIL] omx_log:957 414B0008 [ADM.mixer ]: SendCommand PortDisable 5
I/ADM ( 1694): 6: 69824083844: [OMXIL] omx_log:256 414B0008 [ADM.mixer ]: CB CmdComplete PortDisable 5
I/ADM ( 1694): 7: 69824083875: [OMXIL] omx_log:957 414B0008 [ADM.mixer ]: SendCommand PortDisable 6
I/ADM ( 1694): 8: 69824083936: [OMXIL] omx_log:256 414B0008 [ADM.mixer ]: CB CmdComplete PortDisable 6
I/ADM ( 1694): 9: 69824083997: [OMXIL] omx_log:957 414B0008 [ADM.mixer ]: SendCommand PortDisable 7
I/ADM ( 1694): 0: 69824084028: [OMXIL] omx_log:256 414B0008 [ADM.mixer ]: CB CmdComplete PortDisable 7
I/ADM ( 1694): 1: 69824084089: [OMXIL] omx_log:957 414B0008 [ADM.mixer ]: SendCommand PortDisable 8
I/ADM ( 1694): 1: 69824084150: [OMXIL] omx_log:256 414B0008 [ADM.mixer ]: CB CmdComplete PortDisable 8
I/ADM ( 1694): 2: 69824084211: [OMXIL] omx_log:887 414B0008 [ADM.mixer ]: SetParameter idx=PortDefinition
I/ADM ( 1694): 3: 69824084241: [OMXIL] omx_log:293 port=0 dir=1 act=3 min=3 sz=3072 enabled=1 pop=0 domain=0 bcont=0 align=0
I/ADM ( 1694): 4: 69824084302: [OMXIL] omx_log:293 mime=(null) natread=0 conceal=0 encoding=2
I/ADM ( 1694): 6: 69824084455: [OMXIL] omx_log:887 45781F68 [ocessing.spl]: SetParameter idx=PortDefinition
I/ADM ( 1694): 7: 69824084485: [OMXIL] omx_log:293 port=0 dir=0 act=2 min=2 sz=3072 enabled=1 pop=0 domain=0 bcont=0 align=112
I/ADM ( 1694): 8: 69824084546: [OMXIL] omx_log:293 mime=(null) natread=0 conceal=0 encoding=2
I/ADM ( 1694): 5: 69824084943: [OMXIL] omx_log:887 45781F68 [ocessing.spl]: SetParameter idx=PortDefinition
I/ADM ( 1694): 6: 69824085004: [OMXIL] omx_log:293 port=1 dir=1 act=2 min=2 sz=3072 enabled=1 pop=0 domain=0 bcont=0 align=1150562096
I/ADM ( 1694): 7: 69824085065: [OMXIL] omx_log:293 mime=(null) natread=0 conceal=0 encoding=2
I/ADM ( 1694): 3: 69824085431: [OMXIL] omx_log:887 45A76DC8 [ST.AFM.mixer]: SetParameter idx=PortDefinition
I/ADM ( 1694): 4: 69824085492: [OMXIL] omx_log:293 port=1 dir=0 act=3 min=2 sz=3072 enabled=0 pop=0 domain=0 bcont=0 align=0
I/ADM ( 1694): 5: 69824085523: [OMXIL] omx_log:293 mime=(null) natread=0 conceal=0 encoding=2
E/ENSWrapper( 1694): return OMX_ErrorNotImplemented - GetExtensionIndex OMX.ST.AFM.pcmprocessing.spl h=0x45781f68 cParameterName=STE.ADM IndexType=unknown OMX_INDEXTYPE [ 0x7212df47 ]
I/ADM ( 1694): 5: 69824086133: [OMXIL] omx_log:256 SetupTunnel 414B0008[ADM.mixer].0 -> 45781F68[ocessing.spl].0 --> OK
I/ADM ( 1694): 7: 69824086225: [OMXIL] omx_log:957 45781F68 [ocessing.spl]: SendCommand PortDisable 1
I/ADM ( 1694): 2: 69824086561: [OMXIL] omx_log:256 45781F68 [ocessing.spl]: CB CmdComplete PortDisable 1
I/ADM ( 1694): 0: 69824087598: [OMXIL] omx_log:256 SetupTunnel 43460E58[ocessing.spl].1 -> 4374DF30[X.ST.AFM.IHF].0 --> OK
I/ADM ( 1694): 6: 69824088544: [OMXIL] omx_log:256 SetupTunnel 45A76DC8[ST.AFM.mixer].0 -> 43460E58[ocessing.spl].0 --> OK
I/ADM ( 1694): 7: 69824088636: [OMXIL] omx_log:954 4374DF30 [X.ST.AFM.IHF]: SendCommand StateSet StateIdle
I/ADM ( 1694): 1: 69824088880: [OMXIL] omx_log:954 43460E58 [ocessing.spl]: SendCommand StateSet StateIdle
I/ADM ( 1694): 6: 69824089093: [OMXIL] omx_log:954 45A76DC8 [ST.AFM.mixer]: SendCommand StateSet StateIdle
I/ADM ( 1694): 0: 69824089338: [OMXIL] omx_log:954 45781F68 [ocessing.spl]: SendCommand StateSet StateIdle
I/ADM ( 1694): 3: 69824089582: [OMXIL] omx_log:954 414B0008 [ADM.mixer ]: SendCommand StateSet StateIdle
I/ADM ( 1694): 4: 69824090223: [OMXIL] omx_log:256 414B0008 [ADM.mixer ]: CB CmdComplete StateSet StateIdle
I/ADM ( 1694): 3: 69824124341: [OMXIL] omx_log:256 4374DF30 [X.ST.AFM.IHF]: CB CmdComplete StateSet StateIdle
I/ADM ( 1694): 7: 69824132856: [OMXIL] omx_log:256 43460E58 [ocessing.spl]: CB CmdComplete StateSet StateIdle
I/ADM ( 1694): 2: 69824141950: [OMXIL] omx_log:256 45781F68 [ocessing.spl]: CB CmdComplete StateSet StateIdle
I/ADM ( 1694): 0: 69824153058: [OMXIL] omx_log:256 45A76DC8 [ST.AFM.mixer]: CB CmdComplete StateSet StateIdle
I/ADM ( 1694): 6: 69824153394: [OMXIL] omx_log:954 4374DF30 [X.ST.AFM.IHF]: SendCommand StateSet StateExecuting
I/ADM ( 1694): 4: 69824155683: [OMXIL] omx_log:256 4374DF30 [X.ST.AFM.IHF]: CB CmdComplete StateSet StateExecuting
I/ADM ( 1694): 4: 69824155744: [OMXIL] omx_log:954 43460E58 [ocessing.spl]: SendCommand StateSet StateExecuting
I/ADM ( 1694): 4: 69824156232: [OMXIL] omx_log:256 43460E58 [ocessing.spl]: CB CmdComplete StateSet StateExecuting
I/ADM ( 1694): 4: 69824156324: [OMXIL] omx_log:954 45A76DC8 [ST.AFM.mixer]: SendCommand StateSet StateExecuting
I/ADM ( 1694): 3: 69824156781: [OMXIL] omx_log:256 45A76DC8 [ST.AFM.mixer]: CB CmdComplete StateSet StateExecuting
I/ADM ( 1694): 3: 69824156812: [OMXIL] omx_log:954 45781F68 [ocessing.spl]: SendCommand StateSet StateExecuting
I/ADM ( 1694): 1: 69824157270: [OMXIL] omx_log:256 45781F68 [ocessing.spl]: CB CmdComplete StateSet StateExecuting
I/ADM ( 1694): 1: 69824157331: [OMXIL] omx_log:954 414B0008 [ADM.mixer ]: SendCommand StateSet StateExecuting
I/ADM ( 1694): 3: 69824157392: [OMXIL] omx_log:256 414B0008 [ADM.mixer ]: CB CmdComplete StateSet StateExecuting
I/ADM ( 1694): 8: 69824157666: [OMXIL] omx_log:887 45A76DC8 [ST.AFM.mixer]: SetParameter idx=OMX_IndexParamAudioSynchronized
I/ADM ( 1694): 9: 69824157697: [OMXIL] omx_log:293 port=1 bIsSynchronized=1
I/ADM ( 1694): 4: 69824158002: [OMXIL] omx_log:887 45781F68 [ocessing.spl]: SetParameter idx=AudioPcm
I/ADM ( 1694): 5: 69824158063: [OMXIL] omx_log:293 port=1 channels=1 eNumData=0 endian=1 interleave=1 bits=16 samplerate=48000
I/ADM ( 1694): 6: 69824158094: [OMXIL] omx_log:293 pcmMode=0 map[0]=3 map[1]=0 map[2]=0, map[3]=0, map[4]=0, map[5]=0
I/ADM ( 1694): 9: 69824158338: [OMXIL] omx_log:887 45A76DC8 [ST.AFM.mixer]: SetParameter idx=AudioPcm
I/ADM ( 1694): 0: 69824158368: [OMXIL] omx_log:293 port=1 channels=1 eNumData=0 endian=1 interleave=1 bits=16 samplerate=48000
I/ADM ( 1694): 1: 69824158429: [OMXIL] omx_log:293 pcmMode=0 map[0]=3 map[1]=0 map[2]=0, map[3]=0, map[4]=0, map[5]=0
I/ADM ( 1694): 8: 69824159375: [OMXIL] omx_log:256 SetupTunnel 45781F68[ocessing.spl].1 -> 45A76DC8[ST.AFM.mixer].1 --> OK
I/ADM ( 1694): 9: 69824159467: [OMXIL] omx_log:957 45A76DC8 [ST.AFM.mixer]: SendCommand PortEnable 1
I/ADM ( 1694): 9: 69824160688: [OMXIL] omx_log:256 45A76DC8 [ST.AFM.mixer]: CB CmdComplete PortEnable 1
I/ADM ( 1694): 1: 69824160779: [OMXIL] omx_log:957 45781F68 [ocessing.spl]: SendCommand PortEnable 1
I/ADM ( 1694): 5: 69824163984: [OMXIL] omx_log:256 45781F68 [ocessing.spl]: CB CmdComplete PortEnable 1
I/ADM ( 1694): 8: 69824164136: [OMXIL] omx_log:573 Unknown index (not all mapped): 0x7F00600B
I/ADM ( 1694): 9: 69824164197: [INFO] dev:501 open dev OK, device handle: 101
I/ADM ( 1694): 9: 69824164228: [INFO] dev:512 >>> LEAVE dev_open(Speaker, 0) --> 101 0
I/ADM ( 1694): 1: 69824164319: [INFO] dev:306 setting /data/local/tmp/rme_act_adm to 0
I/ADM ( 1694): 7: 69824165296: [OMXIL] omx_log:256 40FF2008: GetHandle 'ADM.splitter' pAD=40049958 pCB=4013BD60 OK
I/ADM ( 1694): 9: 69824165357: [OMXIL] omx_log:887 40FF2008 [ADM.splitter]: SetParameter idx=AudioPcm
I/ADM ( 1694): 0: 69824165418: [OMXIL] omx_log:293 port=0 channels=2 eNumData=0 endian=1 interleave=1 bits=16 samplerate=44100
I/ADM ( 1694): 1: 69824165448: [OMXIL] omx_log:293 pcmMode=0 map[0]=1 map[1]=2 map[2]=0, map[3]=0, map[4]=0, map[5]=0
I/ADM ( 1694): 1: 69824165510: [OMXIL] omx_log:887 40FF2008 [ADM.splitter]: SetParameter idx=AudioPcm
I/ADM ( 1694): 2: 69824165540: [OMXIL] omx_log:293 port=1 channels=2 eNumData=0 endian=1 interleave=1 bits=16 samplerate=44100
I/ADM ( 1694): 3: 69824165571: [OMXIL] omx_log:293 pcmMode=0 map[0]=1 map[1]=2 map[2]=0, map[3]=0, map[4]=0, map[5]=0
I/ADM ( 1694): 3: 69824165632: [OMXIL] omx_log:957 40FF2008 [ADM.splitter]: SendCommand PortDisable 0
I/ADM ( 1694): 4: 69824165662: [OMXIL] omx_log:256 40FF2008 [ADM.splitter]: CB CmdComplete PortDisable 0
I/ADM ( 1694): 5: 69824165723: [OMXIL] omx_log:957 40FF2008 [ADM.splitter]: SendCommand PortDisable 1
I/ADM ( 1694): 6: 69824165784: [OMXIL] omx_log:256 40FF2008 [ADM.splitter]: CB CmdComplete PortDisable 1
I/ADM ( 1694): 7: 69824165815: [OMXIL] omx_log:957 40FF2008 [ADM.splitter]: SendCommand PortDisable 2
I/ADM ( 1694): 7: 69824165845: [OMXIL] omx_log:256 40FF2008 [ADM.splitter]: CB CmdComplete PortDisable 2
I/ADM ( 1694): 8: 69824165906: [OMXIL] omx_log:887 40FF2008 [ADM.splitter]: SetParameter idx=OMX_IndexParamAudioSynchronized
I/ADM ( 1694): 9: 69824165937: [OMXIL] omx_log:293 port=1 bIsSynchronized=1
I/ADM ( 1694): 9: 69824165998: [OMXIL] omx_log:887 40FF2008 [ADM.splitter]: SetParameter idx=OMX_IndexParamAudioSynchronized
I/ADM ( 1694): 0: 69824166028: [OMXIL] omx_log:293 port=2 bIsSynchronized=1
I/ADM ( 1694): 1: 69824166059: [OMXIL] omx_log:954 40FF2008 [ADM.splitter]: SendCommand StateSet StateIdle
I/ADM ( 1694): 1: 69824166089: [OMXIL] omx_log:256 40FF2008 [ADM.splitter]: CB CmdComplete StateSet StateIdle
I/ADM ( 1694): 2: 69824166150: [OMXIL] omx_log:954 40FF2008 [ADM.splitter]: SendCommand StateSet StateExecuting
I/ADM ( 1694): 3: 69824166181: [OMXIL] omx_log:256 40FF2008 [ADM.splitter]: CB CmdComplete StateSet StateExecuting
I/ADM ( 1694): 4: 69824166242: [OMXIL] omx_log:887 40FF2008 [ADM.splitter]: SetParameter idx=PortDefinition
I/ADM ( 1694): 5: 69824166272: [OMXIL] omx_log:293 port=0 dir=0 act=3 min=3 sz=3904 enabled=0 pop=0 domain=0 bcont=0 align=0
I/ADM ( 1694): 5: 69824166303: [OMXIL] omx_log:293 mime=(null) natread=0 conceal=0 encoding=2
I/ADM ( 1694): 6: 69824166364: [OMXIL] omx_log:887 40FF2008 [ADM.splitter]: SetParameter idx=OMX_IndexParamAudioSynchronized
I/ADM ( 1694): 6: 69824166395: [OMXIL] omx_log:293 port=0 bIsSynchronized=0
I/ADM ( 1694): 7: 69824166425: [OMXIL] omx_log:957 40FF2008 [ADM.splitter]: SendCommand PortEnable 0
I/ADM ( 1694): 1: 69824166669: [OMXIL] omx_log:1160 40FF2008 [ADM.splitter]: UseBuffer hdr=0 port=0 priv=0 bytes=3904 buf=410A2000
I/ADM ( 1694): 2: 69824166730: [OMXIL] omx_log:1160 40FF2008 [ADM.splitter]: UseBuffer hdr=0 port=0 priv=0 bytes=3904 buf=410A2F40
I/ADM ( 1694): 2: 69824166761: [OMXIL] omx_log:1160 40FF2008 [ADM.splitter]: UseBuffer hdr=0 port=0 priv=0 bytes=3904 buf=410A3E80
I/ADM ( 1694): 3: 69824166791: [OMXIL] omx_log:256 40FF2008 [ADM.splitter]: CB CmdComplete PortEnable 0
I/ADM ( 1694): 4: 69824166852: [OMXIL] omx_log:887 414B0008 [ADM.mixer ]: SetParameter idx=AudioPcm
I/ADM ( 1694): 5: 69824166913: [OMXIL] omx_log:293 port=1 channels=2 eNumData=0 endian=1 interleave=1 bits=16 samplerate=44100
I/ADM ( 1694): 5: 69824166944: [OMXIL] omx_log:293 pcmMode=0 map[0]=1 map[1]=2 map[2]=0, map[3]=0, map[4]=0, map[5]=0
I/ADM ( 1694): 6: 69824166974: [OMXIL] omx_log:256 SetupTunnel 40FF2008[ADM.splitter].1 -> 414B0008[ADM.mixer].1 --> OK
I/ADM ( 1694): 7: 69824167035: [OMXIL] omx_log:957 414B0008 [ADM.mixer ]: SendCommand PortEnable 1
I/ADM ( 1694): 8: 69824167066: [OMXIL] omx_log:256 414B0008 [ADM.mixer ]: CB CmdComplete PortEnable 1
I/ADM ( 1694): 9: 69824167127: [OMXIL] omx_log:957 40FF2008 [ADM.splitter]: SendCommand PortEnable 1
I/ADM ( 1694): 0: 69824167157: [OMXIL] omx_log:256 40FF2008 [ADM.splitter]: CB CmdComplete PortEnable 1
I/ADM ( 1694): 1: 69824167218: [OMXIL] omx_log:913 40FF2008 [ADM.splitter]: SetConfig idx=OMX_IndexParamAudioSynchronized
I/ADM ( 1694): 1: 69824167249: [OMXIL] omx_log:293 port=0 bIsSynchronized=1
I/ADM ( 1694): 2: 69824167310: [STATUS] api_devset:615 API LEAVE: Opened new device 'Speaker', handle = 101
I/sec_anm_ahi_output( 1672): adm_api: opened device. bufsz=3904 num_bufs=3 bufp=42C40000
V/AudioPolicyManagerBase( 1672): stopOutput() output 2, stream 1, session 476
V/AudioPolicyManagerBase( 1672): changeRefCount() stream 1, count 0
V/AudioPolicyManagerBase( 1672): getNewDevice() selected device 0
V/AudioPolicyManagerBase( 1672): setOutputDevice() output 2 device 0000 force 0 delayMs 88
V/AudioPolicyManagerBase( 1672): setOutputDevice() prevDevice 0002
V/AudioPolicyManagerBase( 1672): setOutputDevice() setting same device 0000 or null device for output 2
I/InputReader( 2010): Touch event's action is 0x0 (deviceType=0) [pCnt=1, s=0.366 ]
I/InputDispatcher( 2010): Delivering touch to current input target: action: 0x0
I/InputDispatcher( 2010): Delivering touch to current input target: action: 0x0
I/InputDispatcher( 2010): Delivering touch to current input target: action: 0x0
I/InputReader( 2010): Touch event's action is 0x1 (deviceType=0) [pCnt=1, s=]
I/InputDispatcher( 2010): Delivering touch to current input target: action: 0x1
I/InputDispatcher( 2010): Delivering touch to current input target: action: 0x1
I/InputDispatcher( 2010): Delivering touch to current input target: action: 0x1
I/AudioPolicyManagerBase( 1672): getSituationVolume: isBTConnected:0 isHeadConnected:0
V/AudioPolicyManagerBase( 1672): getParamFromPolicy deviceInt = 0, situationInt = 1, situationVolume = 1.000000
V/audio_policy_anm( 1672): audio_io_handle_t android::ap_get_output(audio_policy*, audio_stream_type_t, uint32_t, audio_format_t, uint32_t, audio_output_flags_t): tid 2004
V/AudioPolicyManagerBase( 1672): getOutput() stream 1, samplingRate 0, format 0, channelMask 3, flags 0
V/AudioPolicyManagerBase( 1672): getOutput() returns output 2
V/audio_policy_anm( 1672): audio_io_handle_t android::ap_get_output(audio_policy*, audio_stream_type_t, uint32_t, audio_format_t, uint32_t, audio_output_flags_t): tid 1985
V/AudioPolicyManagerBase( 1672): getOutput() stream 1, samplingRate 0, format 0, channelMask 3, flags 0
V/AudioPolicyManagerBase( 1672): getOutput() returns output 2
V/audio_policy_anm( 1672): audio_io_handle_t android::ap_get_output(audio_policy*, audio_stream_type_t, uint32_t, audio_format_t, uint32_t, audio_output_flags_t): tid 1672
V/AudioPolicyManagerBase( 1672): getOutput() stream 1, samplingRate 44100, format 1, channelMask 3, flags 4
V/AudioPolicyManagerBase( 1672): getOutput() returns output 2
V/AudioPolicyManagerBase( 1672): startOutput() output 2, stream 1, session 477
V/AudioPolicyManagerBase( 1672): changeRefCount() stream 1, count 1
V/AudioPolicyManagerBase( 1672): getNewDevice() selected device 2
V/AudioPolicyManagerBase( 1672): setOutputDevice() output 2 device 0002 force 0 delayMs 0
V/AudioPolicyManagerBase( 1672): setOutputDevice() prevDevice 0002
V/AudioPolicyManagerBase( 1672): setOutputDevice() setting same device 0002 or null device for output 2
V/AudioPolicyManagerBase( 1672): releaseOutput() 2
W/SignalStrength( 2010): getGsmLevel=2
W/SignalStrength( 2010): getLevel=2 (SignalStrength: 99 -1 -1 -1 -1 -1 -1 -1 -1 -1 -1 -1 gsm|lte 2)
W/SignalStrength( 2113): getGsmLevel=2
W/SignalStrength( 2113): getLevel=2 (SignalStrength: 99 -1 -1 -1 -1 -1 -1 -1 -1 -1 -1 -1 gsm|lte 2)
W/SignalStrength( 2113): getGsmLevel=2
W/SignalStrength( 2113): getLevel=2 (SignalStrength: 99 -1 -1 -1 -1 -1 -1 -1 -1 -1 -1 -1 gsm|lte 2)
W/SignalStrength( 2010): getGsmDbm=-1
W/SignalStrength( 2010): getDbm=-1
W/SignalStrength( 2010): getGsmAsuLevel=99
W/SignalStrength( 2010): getAsuLevel=99
I/InputReader( 2010): Touch event's action is 0x0 (deviceType=0) [pCnt=1, s=0.367 ]
I/InputDispatcher( 2010): Delivering touch to current input target: action: 0x0
I/InputDispatcher( 2010): Delivering touch to current input target: action: 0x0
I/InputDispatcher( 2010): Delivering touch to current input target: action: 0x0
I/InputReader( 2010): Touch event's action is 0x1 (deviceType=0) [pCnt=1, s=]
I/InputDispatcher( 2010): Delivering touch to current input target: action: 0x1
I/InputDispatcher( 2010): Delivering touch to current input target: action: 0x1
I/InputDispatcher( 2010): Delivering touch to current input target: action: 0x1
I/InputReader( 2010): Touch event's action is 0x0 (deviceType=0) [pCnt=1, s=0.368 ]
I/InputDispatcher( 2010): Delivering touch to current input target: action: 0x0
I/InputDispatcher( 2010): Delivering touch to current input target: action: 0x0
I/InputDispatcher( 2010): Delivering touch to current input target: action: 0x0
I/AudioPolicyManagerBase( 1672): getSituationVolume: isBTConnected:0 isHeadConnected:0
V/AudioPolicyManagerBase( 1672): getParamFromPolicy deviceInt = 0, situationInt = 1, situationVolume = 1.000000
V/audio_policy_anm( 1672): audio_io_handle_t android::ap_get_output(audio_policy*, audio_stream_type_t, uint32_t, audio_format_t, uint32_t, audio_output_flags_t): tid 2004
V/AudioPolicyManagerBase( 1672): getOutput() stream 1, samplingRate 0, format 0, channelMask 3, flags 0
V/AudioPolicyManagerBase( 1672): getOutput() returns output 2
V/audio_policy_anm( 1672): audio_io_handle_t android::ap_get_output(audio_policy*, audio_stream_type_t, uint32_t, audio_format_t, uint32_t, audio_output_flags_t): tid 1672
V/AudioPolicyManagerBase( 1672): getOutput() stream 1, samplingRate 0, format 0, channelMask 3, flags 0
V/AudioPolicyManagerBase( 1672): getOutput() returns output 2
V/audio_policy_anm( 1672): audio_io_handle_t android::ap_get_output(audio_policy*, audio_stream_type_t, uint32_t, audio_format_t, uint32_t, audio_output_flags_t): tid 1985
V/AudioPolicyManagerBase( 1672): getOutput() stream 1, samplingRate 44100, format 1, channelMask 3, flags 4
V/AudioPolicyManagerBase( 1672): getOutput() returns output 2
V/AudioPolicyManagerBase( 1672): startOutput() output 2, stream 1, session 478
V/AudioPolicyManagerBase( 1672): changeRefCount() stream 1, count 2
V/AudioPolicyManagerBase( 1672): releaseOutput() 2
V/AudioPolicyManagerBase( 1672): stopOutput() output 2, stream 1, session 477
V/AudioPolicyManagerBase( 1672): changeRefCount() stream 1, count 1
I/InputReader( 2010): Touch event's action is 0x1 (deviceType=0) [pCnt=1, s=]
I/InputDispatcher( 2010): Delivering touch to current input target: action: 0x1
I/InputDispatcher( 2010): Delivering touch to current input target: action: 0x1
I/InputDispatcher( 2010): Delivering touch to current input target: action: 0x1
V/AudioPolicyManagerBase( 1672): stopOutput() output 2, stream 1, session 478
V/AudioPolicyManagerBase( 1672): changeRefCount() stream 1, count 0
V/AudioPolicyManagerBase( 1672): getNewDevice() selected device 0
V/AudioPolicyManagerBase( 1672): setOutputDevice() output 2 device 0000 force 0 delayMs 88
V/AudioPolicyManagerBase( 1672): setOutputDevice() prevDevice 0002
V/AudioPolicyManagerBase( 1672): setOutputDevice() setting same device 0000 or null device for output 2
I/sec_anm_ahi_output( 1672): standby() called
I/sec_anm_ahi_output( 1672): Trying to drain devices
I/ADM ( 1694): 1: 69828532941: [INFO] api_devset:824 devapi_drain, draining 40FF2008.0
I/ADM ( 1694): 2: 69828557172: [INFO] omx_io:651 il_tool_io_empty_buffer_done: Idle callback requested, issuing..
I/ADM ( 1694): 6: 69828557386: [INFO] api_devset:835 Drain complete, sending reply msg
I/sec_anm_ahi_output( 1672): Drain devices done
I/sec_anm_ahi_output( 1672): adm_api: ste_adm_close_device(Speaker)
I/ADM ( 1694): 9: 69828558118: [STATUS] api_devset:316 Close device 'Speaker'
I/ADM ( 1694): 4: 69828558393: [OMXIL] omx_log:957 40FF2008 [ADM.splitter]: SendCommand PortDisable 0
I/ADM ( 1694): 7: 69828558637: [INFO] omx_io:410 il_tool_io_wait_until_idle: 40049958.0 idle, returning
I/ADM ( 1694): 1: 69828558820: [OMXIL] omx_log:1113 40FF2008 [ADM.splitter]: FreeBuf port=0 pBuf=44C9DE70
I/ADM ( 1694): 4: 69828559003: [OMXIL] omx_log:1113 40FF2008 [ADM.splitter]: FreeBuf port=0 pBuf=44C9DEC8
I/ADM ( 1694): 7: 69828559186: [OMXIL] omx_log:1113 40FF2008 [ADM.splitter]: FreeBuf port=0 pBuf=44C9DF20
I/ADM ( 1694): 0: 69828559369: [OMXIL] omx_log:256 40FF2008 [ADM.splitter]: CB CmdComplete PortDisable 0
I/ADM ( 1694): 7: 69828559766: [OMXIL] omx_log:957 40FF2008 [ADM.splitter]: SendCommand PortDisable 1
I/ADM ( 1694): 1: 69828559980: [OMXIL] omx_log:256 40FF2008 [ADM.splitter]: CB CmdComplete PortDisable 1
I/ADM ( 1694): 2: 69828560651: [OMXIL] omx_log:957 414B0008 [ADM.mixer ]: SendCommand PortDisable 1
I/ADM ( 1694): 6: 69828560895: [OMXIL] omx_log:256 414B0008 [ADM.mixer ]: CB CmdComplete PortDisable 1
I/ADM ( 1694): 1: 69828561200: [INFO] dev:519 >>> ENTER dev_close(101)
I/ADM ( 1694): 6: 69828561475: [INFO] dev:306 setting /data/local/tmp/rme_act_adm to 1
I/ADM ( 1694): 5: 69828562024: [INFO] dev:347 rme alp tracker /data/local/tmp/rme_act_alp set to 0: proceeding
I/ADM ( 1694): 9: 69828562269: [INFO] dev_omx:1517 Enter dev_omx_close_graph - logical_handle=1 dealloc_buffers=0
I/ADM ( 1694): 2: 69828562452: [INFO] dev_omx:1534 Closing last device. Request audiocodec to ramp down audio
I/ADM ( 1694): 6: 69828562635: [OMXIL] omx_log:913 4374DF30 [X.ST.AFM.IHF]: SetConfig idx=Mute
I/ADM ( 1694): 8: 69828562818: [OMXIL] omx_log:293 port=0 mute=1
I/ADM ( 1694): 3: 69828597303: [OMXIL] omx_log:256 4374DF30 [X.ST.AFM.IHF]: CB EventIndexSettingChanged port=67108901 index=OMX_ALL
I/ADM ( 1694): 7: 69828597547: [OMXIL] omx_log:256 4374DF30 [X.ST.AFM.IHF]: CB EventIndexSettingChanged port=-1 index=Mute
I/ADM ( 1694): 4: 69828597913: [INFO] dev_omx_graph:1181 Enter graph_disconnect_app_effects_from_common_mix_split
I/ADM ( 1694): 0: 69828600232: [OMXIL] omx_log:957 45781F68 [ocessing.spl]: SendCommand PortDisable 1
I/ADM ( 1694): 6: 69828601606: [OMXIL] omx_log:957 45A76DC8 [ST.AFM.mixer]: SendCommand PortDisable 1
I/ADM ( 1694): 0: 69828605390: [OMXIL] omx_log:256 45A76DC8 [ST.AFM.mixer]: CB CmdComplete PortDisable 1
I/ADM ( 1694): 6: 69828611036: [OMXIL] omx_log:256 45781F68 [ocessing.spl]: CB CmdComplete PortDisable 1
I/ADM ( 1694): 3: 69828611432: [OMXIL] omx_log:954 414B0008 [ADM.mixer ]: SendCommand StateSet StateIdle
I/ADM ( 1694): 7: 69828611646: [OMXIL] omx_log:954 45781F68 [ocessing.spl]: SendCommand StateSet StateIdle
I/ADM ( 1694): 2: 69828612531: [OMXIL] omx_log:256 414B0008 [ADM.mixer ]: CB CmdComplete StateSet StateIdle
I/ADM ( 1694): 9: 69828613538: [OMXIL] omx_log:256 45781F68 [ocessing.spl]: CB CmdComplete StateSet StateIdle
I/ADM ( 1694): 6: 69828613752: [OMXIL] omx_log:954 45A76DC8 [ST.AFM.mixer]: SendCommand StateSet StateIdle
I/ADM ( 1694): 0: 69828615339: [OMXIL] omx_log:256 45A76DC8 [ST.AFM.mixer]: CB CmdComplete StateSet StateIdle
I/ADM ( 1694): 6: 69828615156: [OMXIL] omx_log:954 43460E58 [ocessing.spl]: SendCommand StateSet StateIdle
I/ADM ( 1694): 8: 69828617048: [OMXIL] omx_log:256 43460E58 [ocessing.spl]: CB CmdComplete StateSet StateIdle
I/ADM ( 1694): 5: 69828617261: [OMXIL] omx_log:954 4374DF30 [X.ST.AFM.IHF]: SendCommand StateSet StateIdle
I/ADM ( 1694): 1: 69828623731: [OMXIL] omx_log:256 4374DF30 [X.ST.AFM.IHF]: CB CmdComplete StateSet StateIdle
I/ADM ( 1694): 9: 69828624769: [OMXIL] omx_log:954 4374DF30 [X.ST.AFM.IHF]: SendCommand StateSet StateLoaded
I/ADM ( 1694): 5: 69828656934: [OMXIL] omx_log:256 4374DF30 [X.ST.AFM.IHF]: CB CmdComplete StateSet StateLoaded
I/ADM ( 1694): 2: 69828657361: [OMXIL] omx_log:954 43460E58 [ocessing.spl]: SendCommand StateSet StateLoaded
I/ADM ( 1694): 8: 69828674238: [OMXIL] omx_log:256 43460E58 [ocessing.spl]: CB CmdComplete StateSet StateLoaded
I/ADM ( 1694): 5: 69828674665: [OMXIL] omx_log:954 45A76DC8 [ST.AFM.mixer]: SendCommand StateSet StateLoaded
I/ADM ( 1694): 5: 69828691724: [OMXIL] omx_log:256 45A76DC8 [ST.AFM.mixer]: CB CmdComplete StateSet StateLoaded
I/ADM ( 1694): 2: 69828692151: [OMXIL] omx_log:954 45781F68 [ocessing.spl]: SendCommand StateSet StateLoaded
I/ADM ( 1694): 3: 69828712842: [OMXIL] omx_log:954 414B0008 [ADM.mixer ]: SendCommand StateSet StateLoaded
I/ADM ( 1694): 8: 69828713117: [OMXIL] omx_log:256 414B0008 [ADM.mixer ]: CB CmdComplete StateSet StateLoaded
I/ADM ( 1694): 0: 69828715009: [OMXIL] omx_log:256 45781F68 [ocessing.spl]: CB CmdComplete StateSet StateLoaded
I/ADM ( 1694): 0: 69828716169: [OMXIL] omx_log:256 45781F68 [ocessing.spl]: FreeHandle
I/ADM ( 1694): 4: 69828717023: [OMXIL] omx_log:256 414B0008 [ADM.mixer ]: FreeHandle
I/ADM ( 1694): 1: 69828717420: [OMXIL] omx_log:256 43460E58 [ocessing.spl]: FreeHandle
I/ADM ( 1694): 1: 69828718610: [OMXIL] omx_log:256 4374DF30 [X.ST.AFM.IHF]: FreeHandle
I/ADM ( 1694): 2: 69828719831: [OMXIL] omx_log:256 45A76DC8 [ST.AFM.mixer]: FreeHandle
I/ADM ( 1694): 7: 69828720777: [INFO] dev_omx:1646 All OMX handles freed successfully
I/ADM ( 1694): 1: 69828720960: [INFO] dev_omx:1722 Graph closed successfully! ref_cnt = 0
I/ADM ( 1694): 4: 69828721143: [INFO] dev:1684 rescan_hw_handler
I/ADM ( 1694): 7: 69828721326: [INFO] hw_handler_u8500:423 AddD2DConnections ENTER
I/ADM ( 1694): 4: 69828722944: [INFO] dev:1675 hw_handler_dev_next_d2d: DONE
I/ADM ( 1694): 0: 69828723310: [INFO] dev:1654 hw_handler_dev_next: DONE
I/ADM ( 1694): 3: 69828724653: [INFO] hw_handler_u8500:810 Query: SELECT * FROM HW_Settings WHERE (Platform = 'AB8500') AND (Dev1 ='')ORDER BY rowid LIMIT 1
I/ADM ( 1694): 6: 69828727186: [INFO] hw_handler_u8500:922 ste_adm_hw_handler_u8500: Found matching HW-settings: devices = ('', '', '', '', '', ''), d2dlogical-connections = ('', '', '', '').
I/ADM ( 1694): 2: 69828744550: [INFO] dev:834 Updating event subscriptions for device Speaker
I/ADM ( 1694): 3: 69828744611: [INFO] dev:579 >>> LEAVE dev_close(101)
I/ADM ( 1694): 5: 69828744733: [INFO] dev:306 setting /data/local/tmp/rme_act_adm to 0
I/ADM ( 1694): 8: 69828744916: [INFO] api_devset:392 Releasing splitter; no longer used
I/ADM ( 1694): 9: 69828744977: [OMXIL] omx_log:954 40FF2008 [ADM.splitter]: SendCommand StateSet StateIdle
I/ADM ( 1694): 0: 69828745038: [OMXIL] omx_log:256 40FF2008 [ADM.splitter]: CB CmdComplete StateSet StateIdle
I/ADM ( 1694): 1: 69828745099: [OMXIL] omx_log:954 40FF2008 [ADM.splitter]: SendCommand StateSet StateLoaded
I/ADM ( 1694): 2: 69828745160: [OMXIL] omx_log:256 40FF2008 [ADM.splitter]: CB CmdComplete StateSet StateLoaded
I/ADM ( 1694): 3: 69828745221: [OMXIL] omx_log:256 40FF2008 [ADM.splitter]: FreeHandle
I/ADM ( 1694): 5: 69828745282: [INFO] api_devset:408 CloseDevice(Speaker) OK
E/MtpService(32371): In MTPAPP onReceive:android.intent.action.BATTERY_CHANGED
E/MtpService(32371): battPlugged Type : 2
E/MtpService(32371): In MTPAPP onReceive:android.intent.action.BATTERY_CHANGED
E/MtpService(32371): battPlugged Type : 2
D/widget ( 2290): [MSC_HERO_Accu_JB]>>> SM:1288 [0:0] bTCC WCV = 100
D/widget ( 2290): [MSC_HERO_Accu_JB]>>> WC:1664 [0:0] drw 1nd Tm dt = 0601
D/ClockAlarmWidgetService(17804): [ClockAlarmWidgetService] onReceive: action = android.intent.action.TIME_TICK
E/ClockAlarmWidget(17804): [AlarmWidgetIdManager] getListItem() : itemIndex=0, widgetID:1
E/ClockAlarmWidget(17804): [AlarmWidgetIdManager] getListItem() : ItemIndex exceed ListItemCount. itemIndex=1
E/ClockAlarmWidget(17804): [AlarmWidgetIdManager] getListItem() : itemIndex=1, widgetID:1
D/ClockAlarmDataProvider(17804): getAlarm() - too many same ID alarm data. nCount: 0
E/MtpService(32371): In MTPAPP onReceive:android.intent.action.BATTERY_CHANGED
E/MtpService(32371): battPlugged Type : 2
E/MtpService(32371): In MTPAPP onReceive:android.intent.action.BATTERY_CHANGED
E/MtpService(32371): battPlugged Type : 2
W/SignalStrength( 2010): getGsmLevel=3
W/SignalStrength( 2010): getLevel=3 (SignalStrength: 99 -1 -1 -1 -1 -1 -1 -1 -1 -1 -1 -1 gsm|lte 3)
W/SignalStrength( 2010): getGsmDbm=-1
W/SignalStrength( 2010): getDbm=-1
W/SignalStrength( 2010): getGsmAsuLevel=99
W/SignalStrength( 2010): getAsuLevel=99
W/SignalStrength( 2113): getGsmLevel=3
W/SignalStrength( 2113): getLevel=3 (SignalStrength: 99 -1 -1 -1 -1 -1 -1 -1 -1 -1 -1 -1 gsm|lte 3)
W/SignalStrength( 2113): getGsmLevel=3
W/SignalStrength( 2113): getLevel=3 (SignalStrength: 99 -1 -1 -1 -1 -1 -1 -1 -1 -1 -1 -1 gsm|lte 3)
I/InputReader( 2010): Reconfiguring input devices. changes=0x00000004
I/InputReader( 2010): Device reconfigured: id=9, name='sec_touchscreen', surface size is now 480x800, mode is 1
D/PhoneApp( 2235): updateProximitySensorMode: lock already released.
D/KeyguardViewMediator( 2010): setHidden false
D/ClockAlarmWidgetService(17804): [ClockAlarmWidgetService] onReceive: action = android.intent.action.CONFIGURATION_CHANGED
E/ClockAlarmWidget(17804): [AlarmWidgetIdManager] getListItem() : itemIndex=0, widgetID:1
E/ClockAlarmWidget(17804): [AlarmWidgetIdManager] getListItem() : ItemIndex exceed ListItemCount. itemIndex=1
E/ClockAlarmWidget(17804): [AlarmWidgetIdManager] getListItem() : itemIndex=1, widgetID:1
D/ClockAlarmDataProvider(17804): getAlarm() - too many same ID alarm data. nCount: 0
D/dalvikvm(18127): GC_FOR_ALLOC freed 83K, 9% free 11257K/12295K, paused 93ms, total 96ms
I/dalvikvm-heap(18127): Grow heap (frag case) to 13.065MB for 1536016-byte allocation
D/KeyguardViewMediator( 2010): setHidden false
D/KeyguardViewMediator( 2010): setHidden false
D/dalvikvm(18127): GC_FOR_ALLOC freed 4K, 8% free 12752K/13831K, paused 50ms, total 50ms
D/KeyguardViewMediator( 2010): setHidden false
D/KeyguardViewMediator( 2010): setHidden false
D/dalvikvm(18127): GC_CONCURRENT freed 32K, 9% free 12721K/13831K, paused 14ms+2ms, total 48ms
I/libblt_hw( 1665): Library opened (handle = 1, fd = 30)
D/KeyguardViewMediator( 2010): setHidden false
I/libblt_hw( 1665): Library closed (handle = 0, fd = 29)
D/KeyguardViewMediator( 2010): setHidden false
D/KeyguardViewMediator( 2010): setHidden false
D/KeyguardViewMediator( 2010): setHidden false
D/KeyguardViewMediator( 2010): setHidden false
D/dalvikvm( 2010): WAIT_FOR_CONCURRENT_GC blocked 0ms
D/dalvikvm( 2010): GC_EXPLICIT freed 1928K, 50% free 19565K/38471K, paused 19ms+11ms, total 167ms
W/SignalStrength( 2010): getGsmLevel=2
W/SignalStrength( 2010): getLevel=2 (SignalStrength: 99 -1 -1 -1 -1 -1 -1 -1 -1 -1 -1 -1 gsm|lte 2)
W/SignalStrength( 2113): getGsmLevel=2
W/SignalStrength( 2113): getLevel=2 (SignalStrength: 99 -1 -1 -1 -1 -1 -1 -1 -1 -1 -1 -1 gsm|lte 2)
W/SignalStrength( 2113): getGsmLevel=2
W/SignalStrength( 2113): getLevel=2 (SignalStrength: 99 -1 -1 -1 -1 -1 -1 -1 -1 -1 -1 -1 gsm|lte 2)
W/SignalStrength( 2010): getGsmDbm=-1
W/SignalStrength( 2010): getDbm=-1
W/SignalStrength( 2010): getGsmAsuLevel=99
W/SignalStrength( 2010): getAsuLevel=99
E/MtpService(32371): In MTPAPP onReceive:android.intent.action.BATTERY_CHANGED
E/MtpService(32371): battPlugged Type : 2
W/SignalStrength( 2010): getGsmLevel=1
W/SignalStrength( 2113): getGsmLevel=1
W/SignalStrength( 2010): getLevel=1 (SignalStrength: 99 -1 -1 -1 -1 -1 -1 -1 -1 -1 -1 -1 gsm|lte 1)
W/SignalStrength( 2113): getLevel=1 (SignalStrength: 99 -1 -1 -1 -1 -1 -1 -1 -1 -1 -1 -1 gsm|lte 1)
W/SignalStrength( 2113): getGsmLevel=1
W/SignalStrength( 2113): getLevel=1 (SignalStrength: 99 -1 -1 -1 -1 -1 -1 -1 -1 -1 -1 -1 gsm|lte 1)
W/SignalStrength( 2010): getGsmDbm=-1
W/SignalStrength( 2010): getDbm=-1
W/SignalStrength( 2010): getGsmAsuLevel=99
W/SignalStrength( 2010): getAsuLevel=99
W/SignalStrength( 2010): getGsmLevel=2
W/SignalStrength( 2010): getLevel=2 (SignalStrength: 99 -1 -1 -1 -1 -1 -1 -1 -1 -1 -1 -1 gsm|lte 2)
W/SignalStrength( 2113): getGsmLevel=2
W/SignalStrength( 2113): getLevel=2 (SignalStrength: 99 -1 -1 -1 -1 -1 -1 -1 -1 -1 -1 -1 gsm|lte 2)
W/SignalStrength( 2113): getGsmLevel=2
W/SignalStrength( 2113): getLevel=2 (SignalStrength: 99 -1 -1 -1 -1 -1 -1 -1 -1 -1 -1 -1 gsm|lte 2)
W/SignalStrength( 2010): getGsmDbm=-1
W/SignalStrength( 2010): getDbm=-1
W/SignalStrength( 2010): getGsmAsuLevel=99
W/SignalStrength( 2010): getAsuLevel=99
E/MtpService(32371): In MTPAPP onReceive:android.intent.action.BATTERY_CHANGED
E/MtpService(32371): battPlugged Type : 2
E/MtpService(32371): In MTPAPP onReceive:android.intent.action.BATTERY_CHANGED
E/MtpService(32371): battPlugged Type : 2
W/SignalStrength( 2010): getGsmLevel=1
W/SignalStrength( 2010): getLevel=1 (SignalStrength: 99 -1 -1 -1 -1 -1 -1 -1 -1 -1 -1 -1 gsm|lte 1)
W/SignalStrength( 2113): getGsmLevel=1
W/SignalStrength( 2113): getLevel=1 (SignalStrength: 99 -1 -1 -1 -1 -1 -1 -1 -1 -1 -1 -1 gsm|lte 1)
W/SignalStrength( 2113): getGsmLevel=1
W/SignalStrength( 2113): getLevel=1 (SignalStrength: 99 -1 -1 -1 -1 -1 -1 -1 -1 -1 -1 -1 gsm|lte 1)
W/SignalStrength( 2010): getGsmDbm=-1
W/SignalStrength( 2010): getDbm=-1
W/SignalStrength( 2010): getGsmAsuLevel=99
W/SignalStrength( 2010): getAsuLevel=99
E/MtpService(32371): In MTPAPP onReceive:android.intent.action.BATTERY_CHANGED
E/MtpService(32371): battPlugged Type : 2
W/SignalStrength( 2010): getGsmLevel=2
