D/KeyguardViewMediator( 2010): setHidden false
V/PhoneStatusBar( 2113): setLightsOn(true)
I/ClipboardServiceEx( 2010): Send intent for dismiss clipboard dialog inside hideCurrentInputLocked() !
D/KeyguardViewMediator( 2010): setHidden false
D/KeyguardViewMediator( 2010): setHidden false
D/KeyguardViewMediator( 2010): setHidden false
D/Launcher.HomeFragment( 2290): onStop
D/Launcher( 2290): onStop, Launcher: 1109032568
D/KeyguardViewMediator( 2010): setHidden false
D/KeyguardViewMediator( 2010): setHidden false
D/KeyguardViewMediator( 2010): setHidden false
I/libblt_hw( 1665): Library closed (handle = 1, fd = 39)
E/MtpService(32371): In MTPAPP onReceive:android.intent.action.BATTERY_CHANGED
E/MtpService(32371): battPlugged Type : 2
D/dalvikvm( 2352): GC_CONCURRENT freed 371K, 10% free 10498K/11655K, paused 3ms+4ms, total 31ms
D/dalvikvm(17645): GC_FOR_ALLOC freed 668K, 12% free 10039K/11399K, paused 21ms, total 22ms
D/dalvikvm(17645): GC_CONCURRENT freed 16K, 11% free 10169K/11399K, paused 13ms+9ms, total 49ms
D/Finsky (17645): [1] 5.onFinished: Installation state replication succeeded.
D/dalvikvm( 2010): GC_CONCURRENT freed 249K, 46% free 21049K/38471K, paused 6ms+10ms, total 121ms
D/dalvikvm( 2113): GC_CONCURRENT freed 1124K, 20% free 14028K/17415K, paused 31ms+8ms, total 88ms
W/SignalStrength( 2010): getGsmLevel=1
W/SignalStrength( 2010): getLevel=1 (SignalStrength: 99 -1 -1 -1 -1 -1 -1 -1 -1 -1 -1 -1 gsm|lte 1)
W/SignalStrength( 2113): getGsmLevel=1
W/SignalStrength( 2113): getLevel=1 (SignalStrength: 99 -1 -1 -1 -1 -1 -1 -1 -1 -1 -1 -1 gsm|lte 1)
W/SignalStrength( 2010): getGsmDbm=-1
W/SignalStrength( 2010): getDbm=-1
W/SignalStrength( 2010): getGsmAsuLevel=99
W/SignalStrength( 2010): getAsuLevel=99
W/SignalStrength( 2113): getGsmLevel=1
W/SignalStrength( 2113): getLevel=1 (SignalStrength: 99 -1 -1 -1 -1 -1 -1 -1 -1 -1 -1 -1 gsm|lte 1)
I/TiAnalyticsSvc(22286): (Thread-1714) [29548,29548] Analytics Service Started
E/MtpService(32371): In MTPAPP onReceive:android.intent.action.BATTERY_CHANGED
E/MtpService(32371): battPlugged Type : 2
I/TiAnalyticsSvc(22286): (Thread-1714) [920,30468] Stopping Analytics Service
W/SignalStrength( 2010): getGsmLevel=2
W/SignalStrength( 2010): getLevel=2 (SignalStrength: 99 -1 -1 -1 -1 -1 -1 -1 -1 -1 -1 -1 gsm|lte 2)
W/SignalStrength( 2113): getGsmLevel=2
W/SignalStrength( 2113): getLevel=2 (SignalStrength: 99 -1 -1 -1 -1 -1 -1 -1 -1 -1 -1 -1 gsm|lte 2)
W/SignalStrength( 2113): getGsmLevel=2
W/SignalStrength( 2113): getLevel=2 (SignalStrength: 99 -1 -1 -1 -1 -1 -1 -1 -1 -1 -1 -1 gsm|lte 2)
W/SignalStrength( 2010): getGsmDbm=-1
W/SignalStrength( 2010): getDbm=-1
W/SignalStrength( 2010): getGsmAsuLevel=99
W/SignalStrength( 2010): getAsuLevel=99
D/ClockAlarmWidgetService(17804): [ClockAlarmWidgetService] onReceive: action = android.intent.action.TIME_TICK
E/ClockAlarmWidget(17804): [AlarmWidgetIdManager] getListItem() : itemIndex=0, widgetID:1
E/ClockAlarmWidget(17804): [AlarmWidgetIdManager] getListItem() : ItemIndex exceed ListItemCount. itemIndex=1
E/ClockAlarmWidget(17804): [AlarmWidgetIdManager] getListItem() : itemIndex=1, widgetID:1
D/widget ( 2290): [MSC_HERO_Accu_JB]>>> SM:1288 [0:0] bTCC WCV = 100
D/widget ( 2290): [MSC_HERO_Accu_JB]>>> WC:1664 [0:0] drw 1nd Tm dt = 0644
D/ClockAlarmDataProvider(17804): getAlarm() - too many same ID alarm data. nCount: 0
E/MtpService(32371): In MTPAPP onReceive:android.intent.action.BATTERY_CHANGED
E/MtpService(32371): battPlugged Type : 2
E/MtpService(32371): In MTPAPP onReceive:android.intent.action.BATTERY_CHANGED
E/MtpService(32371): battPlugged Type : 2
W/SignalStrength( 2010): getGsmLevel=1
W/SignalStrength( 2010): getLevel=1 (SignalStrength: 99 -1 -1 -1 -1 -1 -1 -1 -1 -1 -1 -1 gsm|lte 1)
W/SignalStrength( 2113): getGsmLevel=1
W/SignalStrength( 2113): getLevel=1 (SignalStrength: 99 -1 -1 -1 -1 -1 -1 -1 -1 -1 -1 -1 gsm|lte 1)
W/SignalStrength( 2113): getGsmLevel=1
W/SignalStrength( 2113): getLevel=1 (SignalStrength: 99 -1 -1 -1 -1 -1 -1 -1 -1 -1 -1 -1 gsm|lte 1)
W/SignalStrength( 2010): getGsmDbm=-1
W/SignalStrength( 2010): getDbm=-1
W/SignalStrength( 2010): getGsmAsuLevel=99
W/SignalStrength( 2010): getAsuLevel=99
W/SignalStrength( 2010): getGsmLevel=2
W/SignalStrength( 2113): getGsmLevel=2
W/SignalStrength( 2113): getLevel=2 (SignalStrength: 99 -1 -1 -1 -1 -1 -1 -1 -1 -1 -1 -1 gsm|lte 2)
W/SignalStrength( 2113): getGsmLevel=2
W/SignalStrength( 2113): getLevel=2 (SignalStrength: 99 -1 -1 -1 -1 -1 -1 -1 -1 -1 -1 -1 gsm|lte 2)
W/SignalStrength( 2010): getLevel=2 (SignalStrength: 99 -1 -1 -1 -1 -1 -1 -1 -1 -1 -1 -1 gsm|lte 2)
W/SignalStrength( 2010): getGsmDbm=-1
W/SignalStrength( 2010): getDbm=-1
W/SignalStrength( 2010): getGsmAsuLevel=99
W/SignalStrength( 2010): getAsuLevel=99
E/MtpService(32371): In MTPAPP onReceive:android.intent.action.BATTERY_CHANGED
E/MtpService(32371): battPlugged Type : 2
E/MtpService(32371): In MTPAPP onReceive:android.intent.action.BATTERY_CHANGED
E/MtpService(32371): battPlugged Type : 2
D/dalvikvm( 2235): GC_CONCURRENT freed 378K, 13% free 10351K/11783K, paused 4ms+3ms, total 30ms
W/SignalStrength( 2010): getGsmLevel=1
W/SignalStrength( 2010): getLevel=1 (SignalStrength: 99 -1 -1 -1 -1 -1 -1 -1 -1 -1 -1 -1 gsm|lte 1)
W/SignalStrength( 2113): getGsmLevel=1
W/SignalStrength( 2113): getLevel=1 (SignalStrength: 99 -1 -1 -1 -1 -1 -1 -1 -1 -1 -1 -1 gsm|lte 1)
W/SignalStrength( 2113): getGsmLevel=1
W/SignalStrength( 2113): getLevel=1 (SignalStrength: 99 -1 -1 -1 -1 -1 -1 -1 -1 -1 -1 -1 gsm|lte 1)
W/SignalStrength( 2010): getGsmDbm=-1
W/SignalStrength( 2010): getDbm=-1
W/SignalStrength( 2010): getGsmAsuLevel=99
W/SignalStrength( 2010): getAsuLevel=99
W/SignalStrength( 2010): getGsmLevel=2
W/SignalStrength( 2010): getLevel=2 (SignalStrength: 99 -1 -1 -1 -1 -1 -1 -1 -1 -1 -1 -1 gsm|lte 2)
W/SignalStrength( 2113): getGsmLevel=2
W/SignalStrength( 2113): getLevel=2 (SignalStrength: 99 -1 -1 -1 -1 -1 -1 -1 -1 -1 -1 -1 gsm|lte 2)
W/SignalStrength( 2113): getGsmLevel=2
W/SignalStrength( 2113): getLevel=2 (SignalStrength: 99 -1 -1 -1 -1 -1 -1 -1 -1 -1 -1 -1 gsm|lte 2)
W/SignalStrength( 2010): getGsmDbm=-1
W/SignalStrength( 2010): getDbm=-1
W/SignalStrength( 2010): getGsmAsuLevel=99
W/SignalStrength( 2010): getAsuLevel=99
D/widget ( 2290): [MSC_HERO_Accu_JB]>>> SM:1288 [0:0] bTCC WCV = 100
D/widget ( 2290): [MSC_HERO_Accu_JB]>>> WC:1664 [0:0] drw 1nd Tm dt = 0645
D/ClockAlarmWidgetService(17804): [ClockAlarmWidgetService] onReceive: action = android.intent.action.TIME_TICK
E/ClockAlarmWidget(17804): [AlarmWidgetIdManager] getListItem() : itemIndex=0, widgetID:1
E/ClockAlarmWidget(17804): [AlarmWidgetIdManager] getListItem() : ItemIndex exceed ListItemCount. itemIndex=1
E/ClockAlarmWidget(17804): [AlarmWidgetIdManager] getListItem() : itemIndex=1, widgetID:1
D/ClockAlarmDataProvider(17804): getAlarm() - too many same ID alarm data. nCount: 0
E/MtpService(32371): In MTPAPP onReceive:android.intent.action.BATTERY_CHANGED
E/MtpService(32371): battPlugged Type : 2
W/SignalStrength( 2010): getGsmLevel=1
W/SignalStrength( 2113): getGsmLevel=1
W/SignalStrength( 2010): getLevel=1 (SignalStrength: 99 -1 -1 -1 -1 -1 -1 -1 -1 -1 -1 -1 gsm|lte 1)
W/SignalStrength( 2113): getLevel=1 (SignalStrength: 99 -1 -1 -1 -1 -1 -1 -1 -1 -1 -1 -1 gsm|lte 1)
W/SignalStrength( 2113): getGsmLevel=1
W/SignalStrength( 2113): getLevel=1 (SignalStrength: 99 -1 -1 -1 -1 -1 -1 -1 -1 -1 -1 -1 gsm|lte 1)
W/SignalStrength( 2010): getGsmDbm=-1
W/SignalStrength( 2010): getDbm=-1
W/SignalStrength( 2010): getGsmAsuLevel=99
W/SignalStrength( 2010): getAsuLevel=99
E/MtpService(32371): In MTPAPP onReceive:android.intent.action.BATTERY_CHANGED
E/MtpService(32371): battPlugged Type : 2
W/SignalStrength( 2010): getGsmLevel=2
W/SignalStrength( 2010): getLevel=2 (SignalStrength: 99 -1 -1 -1 -1 -1 -1 -1 -1 -1 -1 -1 gsm|lte 2)
W/SignalStrength( 2113): getGsmLevel=2
W/SignalStrength( 2113): getLevel=2 (SignalStrength: 99 -1 -1 -1 -1 -1 -1 -1 -1 -1 -1 -1 gsm|lte 2)
W/SignalStrength( 2113): getGsmLevel=2
W/SignalStrength( 2113): getLevel=2 (SignalStrength: 99 -1 -1 -1 -1 -1 -1 -1 -1 -1 -1 -1 gsm|lte 2)
W/SignalStrength( 2010): getGsmDbm=-1
W/SignalStrength( 2010): getDbm=-1
W/SignalStrength( 2010): getGsmAsuLevel=99
W/SignalStrength( 2010): getAsuLevel=99
E/MtpService(32371): In MTPAPP onReceive:android.intent.action.BATTERY_CHANGED
E/MtpService(32371): battPlugged Type : 2
W/SignalStrength( 2010): getGsmLevel=1
W/SignalStrength( 2010): getLevel=1 (SignalStrength: 99 -1 -1 -1 -1 -1 -1 -1 -1 -1 -1 -1 gsm|lte 1)
W/SignalStrength( 2113): getGsmLevel=1
W/SignalStrength( 2113): getLevel=1 (SignalStrength: 99 -1 -1 -1 -1 -1 -1 -1 -1 -1 -1 -1 gsm|lte 1)
W/SignalStrength( 2113): getGsmLevel=1
W/SignalStrength( 2113): getLevel=1 (SignalStrength: 99 -1 -1 -1 -1 -1 -1 -1 -1 -1 -1 -1 gsm|lte 1)
W/SignalStrength( 2010): getGsmDbm=-1
W/SignalStrength( 2010): getDbm=-1
W/SignalStrength( 2010): getGsmAsuLevel=99
W/SignalStrength( 2010): getAsuLevel=99
W/SignalStrength( 2010): getGsmLevel=2
W/SignalStrength( 2010): getLevel=2 (SignalStrength: 99 -1 -1 -1 -1 -1 -1 -1 -1 -1 -1 -1 gsm|lte 2)
W/SignalStrength( 2113): getGsmLevel=2
W/SignalStrength( 2113): getLevel=2 (SignalStrength: 99 -1 -1 -1 -1 -1 -1 -1 -1 -1 -1 -1 gsm|lte 2)
W/SignalStrength( 2113): getGsmLevel=2
W/SignalStrength( 2113): getLevel=2 (SignalStrength: 99 -1 -1 -1 -1 -1 -1 -1 -1 -1 -1 -1 gsm|lte 2)
W/SignalStrength( 2010): getGsmDbm=-1
W/SignalStrength( 2010): getDbm=-1
W/SignalStrength( 2010): getGsmAsuLevel=99
W/SignalStrength( 2010): getAsuLevel=99
E/MtpService(32371): In MTPAPP onReceive:android.intent.action.BATTERY_CHANGED
E/MtpService(32371): battPlugged Type : 2
D/widget ( 2290): [MSC_HERO_Accu_JB]>>> SM:1288 [0:0] bTCC WCV = 100
D/widget ( 2290): [MSC_HERO_Accu_JB]>>> WC:1664 [0:0] drw 1nd Tm dt = 0646
D/ClockAlarmWidgetService(17804): [ClockAlarmWidgetService] onReceive: action = android.intent.action.TIME_TICK
E/ClockAlarmWidget(17804): [AlarmWidgetIdManager] getListItem() : itemIndex=0, widgetID:1
E/ClockAlarmWidget(17804): [AlarmWidgetIdManager] getListItem() : ItemIndex exceed ListItemCount. itemIndex=1
E/ClockAlarmWidget(17804): [AlarmWidgetIdManager] getListItem() : itemIndex=1, widgetID:1
D/ClockAlarmDataProvider(17804): getAlarm() - too many same ID alarm data. nCount: 0
E/MtpService(32371): In MTPAPP onReceive:android.intent.action.BATTERY_CHANGED
E/MtpService(32371): battPlugged Type : 2
W/SignalStrength( 2010): getGsmLevel=1
W/SignalStrength( 2010): getLevel=1 (SignalStrength: 99 -1 -1 -1 -1 -1 -1 -1 -1 -1 -1 -1 gsm|lte 1)
W/SignalStrength( 2010): getGsmDbm=-1
W/SignalStrength( 2010): getDbm=-1
W/SignalStrength( 2010): getGsmAsuLevel=99
W/SignalStrength( 2010): getAsuLevel=99
W/SignalStrength( 2113): getGsmLevel=1
W/SignalStrength( 2113): getLevel=1 (SignalStrength: 99 -1 -1 -1 -1 -1 -1 -1 -1 -1 -1 -1 gsm|lte 1)
W/SignalStrength( 2113): getGsmLevel=1
W/SignalStrength( 2113): getLevel=1 (SignalStrength: 99 -1 -1 -1 -1 -1 -1 -1 -1 -1 -1 -1 gsm|lte 1)
E/MtpService(32371): In MTPAPP onReceive:android.intent.action.BATTERY_CHANGED
E/MtpService(32371): battPlugged Type : 2
E/MtpService(32371): In MTPAPP onReceive:android.intent.action.BATTERY_CHANGED
E/MtpService(32371): battPlugged Type : 2
D/dalvikvm(32371): GC_CONCURRENT freed 604K, 12% free 9725K/11015K, paused 3ms+2ms, total 24ms
E/MtpService(32371): In MTPAPP onReceive:android.intent.action.BATTERY_CHANGED
E/MtpService(32371): battPlugged Type : 2
E/MtpService(32371): In MTPAPP onReceive:android.intent.action.BATTERY_CHANGED
E/MtpService(32371): battPlugged Type : 2
W/SignalStrength( 2010): getGsmLevel=2
W/SignalStrength( 2010): getLevel=2 (SignalStrength: 99 -1 -1 -1 -1 -1 -1 -1 -1 -1 -1 -1 gsm|lte 2)
W/SignalStrength( 2113): getGsmLevel=2
W/SignalStrength( 2113): getLevel=2 (SignalStrength: 99 -1 -1 -1 -1 -1 -1 -1 -1 -1 -1 -1 gsm|lte 2)
W/SignalStrength( 2113): getGsmLevel=2
W/SignalStrength( 2113): getLevel=2 (SignalStrength: 99 -1 -1 -1 -1 -1 -1 -1 -1 -1 -1 -1 gsm|lte 2)
W/SignalStrength( 2010): getGsmDbm=-1
W/SignalStrength( 2010): getDbm=-1
W/SignalStrength( 2010): getGsmAsuLevel=99
W/SignalStrength( 2010): getAsuLevel=99
E/MtpService(32371): In MTPAPP onReceive:android.intent.action.BATTERY_CHANGED
E/MtpService(32371): battPlugged Type : 2
D/widget ( 2290): [MSC_HERO_Accu_JB]>>> SM:1288 [0:0] bTCC WCV = 100
D/widget ( 2290): [MSC_HERO_Accu_JB]>>> WC:1664 [0:0] drw 1nd Tm dt = 0647
D/ClockAlarmWidgetService(17804): [ClockAlarmWidgetService] onReceive: action = android.intent.action.TIME_TICK
E/ClockAlarmWidget(17804): [AlarmWidgetIdManager] getListItem() : itemIndex=0, widgetID:1
E/ClockAlarmWidget(17804): [AlarmWidgetIdManager] getListItem() : ItemIndex exceed ListItemCount. itemIndex=1
E/ClockAlarmWidget(17804): [AlarmWidgetIdManager] getListItem() : itemIndex=1, widgetID:1
D/ClockAlarmDataProvider(17804): getAlarm() - too many same ID alarm data. nCount: 0
W/SignalStrength( 2010): getGsmLevel=1
W/SignalStrength( 2010): getLevel=1 (SignalStrength: 99 -1 -1 -1 -1 -1 -1 -1 -1 -1 -1 -1 gsm|lte 1)
W/SignalStrength( 2113): getGsmLevel=1
W/SignalStrength( 2113): getLevel=1 (SignalStrength: 99 -1 -1 -1 -1 -1 -1 -1 -1 -1 -1 -1 gsm|lte 1)
W/SignalStrength( 2113): getGsmLevel=1
W/SignalStrength( 2113): getLevel=1 (SignalStrength: 99 -1 -1 -1 -1 -1 -1 -1 -1 -1 -1 -1 gsm|lte 1)
W/SignalStrength( 2010): getGsmDbm=-1
W/SignalStrength( 2010): getDbm=-1
W/SignalStrength( 2010): getGsmAsuLevel=99
W/SignalStrength( 2010): getAsuLevel=99
E/MtpService(32371): In MTPAPP onReceive:android.intent.action.BATTERY_CHANGED
E/MtpService(32371): battPlugged Type : 2
E/MtpService(32371): In MTPAPP onReceive:android.intent.action.BATTERY_CHANGED
E/MtpService(32371): battPlugged Type : 2
W/SignalStrength( 2010): getGsmLevel=2
W/SignalStrength( 2010): getLevel=2 (SignalStrength: 99 -1 -1 -1 -1 -1 -1 -1 -1 -1 -1 -1 gsm|lte 2)
W/SignalStrength( 2113): getGsmLevel=2
W/SignalStrength( 2113): getLevel=2 (SignalStrength: 99 -1 -1 -1 -1 -1 -1 -1 -1 -1 -1 -1 gsm|lte 2)
W/SignalStrength( 2113): getGsmLevel=2
W/SignalStrength( 2113): getLevel=2 (SignalStrength: 99 -1 -1 -1 -1 -1 -1 -1 -1 -1 -1 -1 gsm|lte 2)
W/SignalStrength( 2010): getGsmDbm=-1
W/SignalStrength( 2010): getDbm=-1
W/SignalStrength( 2010): getGsmAsuLevel=99
W/SignalStrength( 2010): getAsuLevel=99
E/MtpService(32371): In MTPAPP onReceive:android.intent.action.BATTERY_CHANGED
E/MtpService(32371): battPlugged Type : 2
W/SignalStrength( 2010): getGsmLevel=1
W/SignalStrength( 2010): getLevel=1 (SignalStrength: 99 -1 -1 -1 -1 -1 -1 -1 -1 -1 -1 -1 gsm|lte 1)
W/SignalStrength( 2113): getGsmLevel=1
W/SignalStrength( 2113): getLevel=1 (SignalStrength: 99 -1 -1 -1 -1 -1 -1 -1 -1 -1 -1 -1 gsm|lte 1)
W/SignalStrength( 2113): getGsmLevel=1
W/SignalStrength( 2113): getLevel=1 (SignalStrength: 99 -1 -1 -1 -1 -1 -1 -1 -1 -1 -1 -1 gsm|lte 1)
W/SignalStrength( 2010): getGsmDbm=-1
W/SignalStrength( 2010): getDbm=-1
W/SignalStrength( 2010): getGsmAsuLevel=99
W/SignalStrength( 2010): getAsuLevel=99
E/MtpService(32371): In MTPAPP onReceive:android.intent.action.BATTERY_CHANGED
E/MtpService(32371): battPlugged Type : 2
W/SignalStrength( 2010): getGsmLevel=0
W/SignalStrength( 2010): getLevel=0 (SignalStrength: 99 -1 -1 -1 -1 -1 -1 -1 -1 -1 -1 -1 gsm|lte 0)
W/SignalStrength( 2113): getGsmLevel=0
W/SignalStrength( 2113): getLevel=0 (SignalStrength: 99 -1 -1 -1 -1 -1 -1 -1 -1 -1 -1 -1 gsm|lte 0)
W/SignalStrength( 2113): getGsmLevel=0
W/SignalStrength( 2113): getLevel=0 (SignalStrength: 99 -1 -1 -1 -1 -1 -1 -1 -1 -1 -1 -1 gsm|lte 0)
W/SignalStrength( 2010): getGsmDbm=-1
W/SignalStrength( 2010): getDbm=-1
W/SignalStrength( 2010): getGsmAsuLevel=99
W/SignalStrength( 2010): getAsuLevel=99
W/SignalStrength( 2010): getGsmLevel=1
W/SignalStrength( 2010): getLevel=1 (SignalStrength: 99 -1 -1 -1 -1 -1 -1 -1 -1 -1 -1 -1 gsm|lte 1)
W/SignalStrength( 2113): getGsmLevel=1
W/SignalStrength( 2113): getLevel=1 (SignalStrength: 99 -1 -1 -1 -1 -1 -1 -1 -1 -1 -1 -1 gsm|lte 1)
W/SignalStrength( 2010): getGsmDbm=-1
W/SignalStrength( 2010): getDbm=-1
W/SignalStrength( 2010): getGsmAsuLevel=99
W/SignalStrength( 2010): getAsuLevel=99
W/SignalStrength( 2113): getGsmLevel=1
W/SignalStrength( 2113): getLevel=1 (SignalStrength: 99 -1 -1 -1 -1 -1 -1 -1 -1 -1 -1 -1 gsm|lte 1)
E/MtpService(32371): In MTPAPP onReceive:android.intent.action.BATTERY_CHANGED
E/MtpService(32371): battPlugged Type : 2
D/widget ( 2290): [MSC_HERO_Accu_JB]>>> SM:1288 [0:0] bTCC WCV = 100
D/widget ( 2290): [MSC_HERO_Accu_JB]>>> WC:1664 [0:0] drw 1nd Tm dt = 0648
D/ClockAlarmWidgetService(17804): [ClockAlarmWidgetService] onReceive: action = android.intent.action.TIME_TICK
E/ClockAlarmWidget(17804): [AlarmWidgetIdManager] getListItem() : itemIndex=0, widgetID:1
E/ClockAlarmWidget(17804): [AlarmWidgetIdManager] getListItem() : ItemIndex exceed ListItemCount. itemIndex=1
E/ClockAlarmWidget(17804): [AlarmWidgetIdManager] getListItem() : itemIndex=1, widgetID:1
D/ClockAlarmDataProvider(17804): getAlarm() - too many same ID alarm data. nCount: 0
E/MtpService(32371): In MTPAPP onReceive:android.intent.action.BATTERY_CHANGED
E/MtpService(32371): battPlugged Type : 2
W/SignalStrength( 2010): getGsmLevel=0
W/SignalStrength( 2010): getLevel=0 (SignalStrength: 99 -1 -1 -1 -1 -1 -1 -1 -1 -1 -1 -1 gsm|lte 0)
W/SignalStrength( 2113): getGsmLevel=0
W/SignalStrength( 2113): getLevel=0 (SignalStrength: 99 -1 -1 -1 -1 -1 -1 -1 -1 -1 -1 -1 gsm|lte 0)
W/SignalStrength( 2113): getGsmLevel=0
W/SignalStrength( 2113): getLevel=0 (SignalStrength: 99 -1 -1 -1 -1 -1 -1 -1 -1 -1 -1 -1 gsm|lte 0)
W/SignalStrength( 2010): getGsmDbm=-1
W/SignalStrength( 2010): getDbm=-1
W/SignalStrength( 2010): getGsmAsuLevel=99
W/SignalStrength( 2010): getAsuLevel=99
W/SignalStrength( 2010): getGsmLevel=1
W/SignalStrength( 2113): getGsmLevel=1
W/SignalStrength( 2010): getLevel=1 (SignalStrength: 99 -1 -1 -1 -1 -1 -1 -1 -1 -1 -1 -1 gsm|lte 1)
W/SignalStrength( 2113): getLevel=1 (SignalStrength: 99 -1 -1 -1 -1 -1 -1 -1 -1 -1 -1 -1 gsm|lte 1)
W/SignalStrength( 2113): getGsmLevel=1
W/SignalStrength( 2113): getLevel=1 (SignalStrength: 99 -1 -1 -1 -1 -1 -1 -1 -1 -1 -1 -1 gsm|lte 1)
W/SignalStrength( 2010): getGsmDbm=-1
W/SignalStrength( 2010): getDbm=-1
W/SignalStrength( 2010): getGsmAsuLevel=99
W/SignalStrength( 2010): getAsuLevel=99
E/MtpService(32371): In MTPAPP onReceive:android.intent.action.BATTERY_CHANGED
E/MtpService(32371): battPlugged Type : 2
E/MtpService(32371): In MTPAPP onReceive:android.intent.action.BATTERY_CHANGED
E/MtpService(32371): battPlugged Type : 2
W/SignalStrength( 2010): getGsmLevel=0
W/SignalStrength( 2010): getLevel=0 (SignalStrength: 99 -1 -1 -1 -1 -1 -1 -1 -1 -1 -1 -1 gsm|lte 0)
W/SignalStrength( 2010): getGsmDbm=-1
W/SignalStrength( 2010): getDbm=-1
W/SignalStrength( 2010): getGsmAsuLevel=99
W/SignalStrength( 2010): getAsuLevel=99
W/SignalStrength( 2113): getGsmLevel=0
W/SignalStrength( 2113): getLevel=0 (SignalStrength: 99 -1 -1 -1 -1 -1 -1 -1 -1 -1 -1 -1 gsm|lte 0)
W/SignalStrength( 2113): getGsmLevel=0
W/SignalStrength( 2113): getLevel=0 (SignalStrength: 99 -1 -1 -1 -1 -1 -1 -1 -1 -1 -1 -1 gsm|lte 0)
E/MtpService(32371): In MTPAPP onReceive:android.intent.action.BATTERY_CHANGED
E/MtpService(32371): battPlugged Type : 2
E/MtpService(32371): In MTPAPP onReceive:android.intent.action.BATTERY_CHANGED
E/MtpService(32371): battPlugged Type : 2
D/widget ( 2290): [MSC_HERO_Accu_JB]>>> SM:1288 [0:0] bTCC WCV = 100
D/widget ( 2290): [MSC_HERO_Accu_JB]>>> WC:1664 [0:0] drw 1nd Tm dt = 0649
D/ClockAlarmWidgetService(17804): [ClockAlarmWidgetService] onReceive: action = android.intent.action.TIME_TICK
E/ClockAlarmWidget(17804): [AlarmWidgetIdManager] getListItem() : itemIndex=0, widgetID:1
E/ClockAlarmWidget(17804): [AlarmWidgetIdManager] getListItem() : ItemIndex exceed ListItemCount. itemIndex=1
E/ClockAlarmWidget(17804): [AlarmWidgetIdManager] getListItem() : itemIndex=1, widgetID:1
D/ClockAlarmDataProvider(17804): getAlarm() - too many same ID alarm data. nCount: 0
E/MtpService(32371): In MTPAPP onReceive:android.intent.action.BATTERY_CHANGED
E/MtpService(32371): battPlugged Type : 2
E/MtpService(32371): In MTPAPP onReceive:android.intent.action.BATTERY_CHANGED
E/MtpService(32371): battPlugged Type : 2
W/SignalStrength( 2010): getGsmLevel=1
W/SignalStrength( 2113): getGsmLevel=1
W/SignalStrength( 2010): getLevel=1 (SignalStrength: 99 -1 -1 -1 -1 -1 -1 -1 -1 -1 -1 -1 gsm|lte 1)
W/SignalStrength( 2113): getLevel=1 (SignalStrength: 99 -1 -1 -1 -1 -1 -1 -1 -1 -1 -1 -1 gsm|lte 1)
W/SignalStrength( 2113): getGsmLevel=1
W/SignalStrength( 2113): getLevel=1 (SignalStrength: 99 -1 -1 -1 -1 -1 -1 -1 -1 -1 -1 -1 gsm|lte 1)
W/SignalStrength( 2010): getGsmDbm=-1
W/SignalStrength( 2010): getDbm=-1
W/SignalStrength( 2010): getGsmAsuLevel=99
W/SignalStrength( 2010): getAsuLevel=99
E/MtpService(32371): In MTPAPP onReceive:android.intent.action.BATTERY_CHANGED
E/MtpService(32371): battPlugged Type : 2
E/MtpService(32371): In MTPAPP onReceive:android.intent.action.BATTERY_CHANGED
E/MtpService(32371): battPlugged Type : 2
E/MtpService(32371): In MTPAPP onReceive:android.intent.action.BATTERY_CHANGED
E/MtpService(32371): battPlugged Type : 2
E/MtpService(32371): In MTPAPP onReceive:android.intent.action.BATTERY_CHANGED
E/MtpService(32371): battPlugged Type : 2
D/widget ( 2290): [MSC_HERO_Accu_JB]>>> SM:1288 [0:0] bTCC WCV = 100
D/widget ( 2290): [MSC_HERO_Accu_JB]>>> WC:1664 [0:0] drw 1nd Tm dt = 0650
D/ClockAlarmWidgetService(17804): [ClockAlarmWidgetService] onReceive: action = android.intent.action.TIME_TICK
E/ClockAlarmWidget(17804): [AlarmWidgetIdManager] getListItem() : itemIndex=0, widgetID:1
E/ClockAlarmWidget(17804): [AlarmWidgetIdManager] getListItem() : ItemIndex exceed ListItemCount. itemIndex=1
E/ClockAlarmWidget(17804): [AlarmWidgetIdManager] getListItem() : itemIndex=1, widgetID:1
D/ClockAlarmDataProvider(17804): getAlarm() - too many same ID alarm data. nCount: 0
W/SignalStrength( 2113): getGsmLevel=0
W/SignalStrength( 2010): getGsmLevel=0
W/SignalStrength( 2113): getLevel=0 (SignalStrength: 99 -1 -1 -1 -1 -1 -1 -1 -1 -1 -1 -1 gsm|lte 0)
W/SignalStrength( 2113): getGsmLevel=0
W/SignalStrength( 2010): getLevel=0 (SignalStrength: 99 -1 -1 -1 -1 -1 -1 -1 -1 -1 -1 -1 gsm|lte 0)
W/SignalStrength( 2113): getLevel=0 (SignalStrength: 99 -1 -1 -1 -1 -1 -1 -1 -1 -1 -1 -1 gsm|lte 0)
W/SignalStrength( 2010): getGsmDbm=-1
W/SignalStrength( 2010): getDbm=-1
W/SignalStrength( 2010): getGsmAsuLevel=99
W/SignalStrength( 2010): getAsuLevel=99
E/MtpService(32371): In MTPAPP onReceive:android.intent.action.BATTERY_CHANGED
E/MtpService(32371): battPlugged Type : 2
W/SignalStrength( 2010): getGsmLevel=1
W/SignalStrength( 2010): getLevel=1 (SignalStrength: 99 -1 -1 -1 -1 -1 -1 -1 -1 -1 -1 -1 gsm|lte 1)
W/SignalStrength( 2113): getGsmLevel=1
W/SignalStrength( 2113): getLevel=1 (SignalStrength: 99 -1 -1 -1 -1 -1 -1 -1 -1 -1 -1 -1 gsm|lte 1)
W/SignalStrength( 2113): getGsmLevel=1
W/SignalStrength( 2113): getLevel=1 (SignalStrength: 99 -1 -1 -1 -1 -1 -1 -1 -1 -1 -1 -1 gsm|lte 1)
W/SignalStrength( 2010): getGsmDbm=-1
W/SignalStrength( 2010): getDbm=-1
W/SignalStrength( 2010): getGsmAsuLevel=99
W/SignalStrength( 2010): getAsuLevel=99
E/MtpService(32371): In MTPAPP onReceive:android.intent.action.BATTERY_CHANGED
E/MtpService(32371): battPlugged Type : 2
E/MtpService(32371): In MTPAPP onReceive:android.intent.action.BATTERY_CHANGED
E/MtpService(32371): battPlugged Type : 2
E/MtpService(32371): In MTPAPP onReceive:android.intent.action.BATTERY_CHANGED
E/MtpService(32371): battPlugged Type : 2
E/MtpService(32371): In MTPAPP onReceive:android.intent.action.BATTERY_CHANGED
E/MtpService(32371): battPlugged Type : 2
D/widget ( 2290): [MSC_HERO_Accu_JB]>>> SM:1288 [0:0] bTCC WCV = 100
D/widget ( 2290): [MSC_HERO_Accu_JB]>>> WC:1664 [0:0] drw 1nd Tm dt = 0651
D/ClockAlarmWidgetService(17804): [ClockAlarmWidgetService] onReceive: action = android.intent.action.TIME_TICK
E/ClockAlarmWidget(17804): [AlarmWidgetIdManager] getListItem() : itemIndex=0, widgetID:1
E/ClockAlarmWidget(17804): [AlarmWidgetIdManager] getListItem() : ItemIndex exceed ListItemCount. itemIndex=1
E/ClockAlarmWidget(17804): [AlarmWidgetIdManager] getListItem() : itemIndex=1, widgetID:1
D/ClockAlarmDataProvider(17804): getAlarm() - too many same ID alarm data. nCount: 0
E/MtpService(32371): In MTPAPP onReceive:android.intent.action.BATTERY_CHANGED
E/MtpService(32371): battPlugged Type : 2
W/SignalStrength( 2010): getGsmLevel=0
W/SignalStrength( 2010): getLevel=0 (SignalStrength: 99 -1 -1 -1 -1 -1 -1 -1 -1 -1 -1 -1 gsm|lte 0)
W/SignalStrength( 2113): getGsmLevel=0
W/SignalStrength( 2113): getLevel=0 (SignalStrength: 99 -1 -1 -1 -1 -1 -1 -1 -1 -1 -1 -1 gsm|lte 0)
W/SignalStrength( 2113): getGsmLevel=0
W/SignalStrength( 2113): getLevel=0 (SignalStrength: 99 -1 -1 -1 -1 -1 -1 -1 -1 -1 -1 -1 gsm|lte 0)
W/SignalStrength( 2010): getGsmDbm=-1
W/SignalStrength( 2010): getDbm=-1
W/SignalStrength( 2010): getGsmAsuLevel=99
W/SignalStrength( 2010): getAsuLevel=99
E/MtpService(32371): In MTPAPP onReceive:android.intent.action.BATTERY_CHANGED
E/MtpService(32371): battPlugged Type : 2
W/SignalStrength( 2010): getGsmLevel=1
W/SignalStrength( 2010): getLevel=1 (SignalStrength: 99 -1 -1 -1 -1 -1 -1 -1 -1 -1 -1 -1 gsm|lte 1)
W/SignalStrength( 2113): getGsmLevel=1
W/SignalStrength( 2113): getLevel=1 (SignalStrength: 99 -1 -1 -1 -1 -1 -1 -1 -1 -1 -1 -1 gsm|lte 1)
W/SignalStrength( 2113): getGsmLevel=1
W/SignalStrength( 2113): getLevel=1 (SignalStrength: 99 -1 -1 -1 -1 -1 -1 -1 -1 -1 -1 -1 gsm|lte 1)
W/SignalStrength( 2010): getGsmDbm=-1
W/SignalStrength( 2010): getDbm=-1
W/SignalStrength( 2010): getGsmAsuLevel=99
W/SignalStrength( 2010): getAsuLevel=99
E/MtpService(32371): In MTPAPP onReceive:android.intent.action.BATTERY_CHANGED
E/MtpService(32371): battPlugged Type : 2
E/MtpService(32371): In MTPAPP onReceive:android.intent.action.BATTERY_CHANGED
E/MtpService(32371): battPlugged Type : 2
W/SignalStrength( 2010): getGsmLevel=2
W/SignalStrength( 2010): getLevel=2 (SignalStrength: 99 -1 -1 -1 -1 -1 -1 -1 -1 -1 -1 -1 gsm|lte 2)
W/SignalStrength( 2113): getGsmLevel=2
W/SignalStrength( 2113): getLevel=2 (SignalStrength: 99 -1 -1 -1 -1 -1 -1 -1 -1 -1 -1 -1 gsm|lte 2)
W/SignalStrength( 2113): getGsmLevel=2
W/SignalStrength( 2113): getLevel=2 (SignalStrength: 99 -1 -1 -1 -1 -1 -1 -1 -1 -1 -1 -1 gsm|lte 2)
W/SignalStrength( 2010): getGsmDbm=-1
W/SignalStrength( 2010): getDbm=-1
W/SignalStrength( 2010): getGsmAsuLevel=99
W/SignalStrength( 2010): getAsuLevel=99
E/MtpService(32371): In MTPAPP onReceive:android.intent.action.BATTERY_CHANGED
E/MtpService(32371): battPlugged Type : 2
D/dalvikvm( 2113): GC_CONCURRENT freed 1794K, 22% free 13714K/17415K, paused 13ms+4ms, total 51ms
W/SignalStrength( 2010): getGsmLevel=1
W/SignalStrength( 2010): getLevel=1 (SignalStrength: 99 -1 -1 -1 -1 -1 -1 -1 -1 -1 -1 -1 gsm|lte 1)
W/SignalStrength( 2010): getGsmDbm=-1
W/SignalStrength( 2010): getDbm=-1
W/SignalStrength( 2010): getGsmAsuLevel=99
W/SignalStrength( 2010): getAsuLevel=99
W/SignalStrength( 2113): getGsmLevel=1
W/SignalStrength( 2113): getLevel=1 (SignalStrength: 99 -1 -1 -1 -1 -1 -1 -1 -1 -1 -1 -1 gsm|lte 1)
W/SignalStrength( 2113): getGsmLevel=1
W/SignalStrength( 2113): getLevel=1 (SignalStrength: 99 -1 -1 -1 -1 -1 -1 -1 -1 -1 -1 -1 gsm|lte 1)
D/widget ( 2290): [MSC_HERO_Accu_JB]>>> SM:1288 [0:0] bTCC WCV = 100
D/widget ( 2290): [MSC_HERO_Accu_JB]>>> WC:1664 [0:0] drw 1nd Tm dt = 0652
D/ClockAlarmWidgetService(17804): [ClockAlarmWidgetService] onReceive: action = android.intent.action.TIME_TICK
E/ClockAlarmWidget(17804): [AlarmWidgetIdManager] getListItem() : itemIndex=0, widgetID:1
E/ClockAlarmWidget(17804): [AlarmWidgetIdManager] getListItem() : ItemIndex exceed ListItemCount. itemIndex=1
E/ClockAlarmWidget(17804): [AlarmWidgetIdManager] getListItem() : itemIndex=1, widgetID:1
D/ClockAlarmDataProvider(17804): getAlarm() - too many same ID alarm data. nCount: 0
W/SignalStrength( 2010): getGsmLevel=0
W/SignalStrength( 2010): getLevel=0 (SignalStrength: 99 -1 -1 -1 -1 -1 -1 -1 -1 -1 -1 -1 gsm|lte 0)
W/SignalStrength( 2113): getGsmLevel=0
W/SignalStrength( 2113): getLevel=0 (SignalStrength: 99 -1 -1 -1 -1 -1 -1 -1 -1 -1 -1 -1 gsm|lte 0)
W/SignalStrength( 2113): getGsmLevel=0
W/SignalStrength( 2010): getGsmDbm=-1
W/SignalStrength( 2010): getDbm=-1
W/SignalStrength( 2010): getGsmAsuLevel=99
W/SignalStrength( 2010): getAsuLevel=99
W/SignalStrength( 2113): getLevel=0 (SignalStrength: 99 -1 -1 -1 -1 -1 -1 -1 -1 -1 -1 -1 gsm|lte 0)
E/MtpService(32371): In MTPAPP onReceive:android.intent.action.BATTERY_CHANGED
E/MtpService(32371): battPlugged Type : 2
D/dalvikvm( 2010): GC_CONCURRENT freed 3352K, 49% free 19624K/38471K, paused 17ms+13ms, total 145ms
W/SignalStrength( 2010): getGsmLevel=1
W/SignalStrength( 2010): getLevel=1 (SignalStrength: 99 -1 -1 -1 -1 -1 -1 -1 -1 -1 -1 -1 gsm|lte 1)
W/SignalStrength( 2113): getGsmLevel=1
W/SignalStrength( 2113): getLevel=1 (SignalStrength: 99 -1 -1 -1 -1 -1 -1 -1 -1 -1 -1 -1 gsm|lte 1)
W/SignalStrength( 2113): getGsmLevel=1
W/SignalStrength( 2113): getLevel=1 (SignalStrength: 99 -1 -1 -1 -1 -1 -1 -1 -1 -1 -1 -1 gsm|lte 1)
W/SignalStrength( 2010): getGsmDbm=-1
W/SignalStrength( 2010): getDbm=-1
W/SignalStrength( 2010): getGsmAsuLevel=99
W/SignalStrength( 2010): getAsuLevel=99
E/MtpService(32371): In MTPAPP onReceive:android.intent.action.BATTERY_CHANGED
E/MtpService(32371): battPlugged Type : 2
W/SignalStrength( 2010): getGsmLevel=0
W/SignalStrength( 2010): getLevel=0 (SignalStrength: 99 -1 -1 -1 -1 -1 -1 -1 -1 -1 -1 -1 gsm|lte 0)
W/SignalStrength( 2113): getGsmLevel=0
W/SignalStrength( 2113): getLevel=0 (SignalStrength: 99 -1 -1 -1 -1 -1 -1 -1 -1 -1 -1 -1 gsm|lte 0)
W/SignalStrength( 2113): getGsmLevel=0
W/SignalStrength( 2113): getLevel=0 (SignalStrength: 99 -1 -1 -1 -1 -1 -1 -1 -1 -1 -1 -1 gsm|lte 0)
W/SignalStrength( 2010): getGsmDbm=-1
W/SignalStrength( 2010): getDbm=-1
W/SignalStrength( 2010): getGsmAsuLevel=99
W/SignalStrength( 2010): getAsuLevel=99
E/MtpService(32371): In MTPAPP onReceive:android.intent.action.BATTERY_CHANGED
E/MtpService(32371): battPlugged Type : 2
E/MtpService(32371): In MTPAPP onReceive:android.intent.action.BATTERY_CHANGED
E/MtpService(32371): battPlugged Type : 2
E/MtpService(32371): In MTPAPP onReceive:android.intent.action.BATTERY_CHANGED
E/MtpService(32371): battPlugged Type : 2
E/MtpService(32371): In MTPAPP onReceive:android.intent.action.BATTERY_CHANGED
E/MtpService(32371): battPlugged Type : 2
D/widget ( 2290): [MSC_HERO_Accu_JB]>>> SM:1288 [0:0] bTCC WCV = 100
D/widget ( 2290): [MSC_HERO_Accu_JB]>>> WC:1664 [0:0] drw 1nd Tm dt = 0653
D/ClockAlarmWidgetService(17804): [ClockAlarmWidgetService] onReceive: action = android.intent.action.TIME_TICK
E/ClockAlarmWidget(17804): [AlarmWidgetIdManager] getListItem() : itemIndex=0, widgetID:1
E/ClockAlarmWidget(17804): [AlarmWidgetIdManager] getListItem() : ItemIndex exceed ListItemCount. itemIndex=1
E/ClockAlarmWidget(17804): [AlarmWidgetIdManager] getListItem() : itemIndex=1, widgetID:1
D/ClockAlarmDataProvider(17804): getAlarm() - too many same ID alarm data. nCount: 0
W/SignalStrength( 2010): getGsmLevel=1
W/SignalStrength( 2010): getLevel=1 (SignalStrength: 99 -1 -1 -1 -1 -1 -1 -1 -1 -1 -1 -1 gsm|lte 1)
W/SignalStrength( 2113): getGsmLevel=1
W/SignalStrength( 2113): getLevel=1 (SignalStrength: 99 -1 -1 -1 -1 -1 -1 -1 -1 -1 -1 -1 gsm|lte 1)
W/SignalStrength( 2113): getGsmLevel=1
W/SignalStrength( 2113): getLevel=1 (SignalStrength: 99 -1 -1 -1 -1 -1 -1 -1 -1 -1 -1 -1 gsm|lte 1)
W/SignalStrength( 2010): getGsmDbm=-1
W/SignalStrength( 2010): getDbm=-1
W/SignalStrength( 2010): getGsmAsuLevel=99
W/SignalStrength( 2010): getAsuLevel=99
I/power ( 2010): *** acquire_dvfs_lock : lockType : 1 freq : 1000000
D/ ( 2010): set_light_backlight is called!!!
D/ ( 2010): set_light_backlight = 169
D/ ( 2010): set_light_backlight is called!!!
D/ ( 2010): set_light_backlight = 168
D/ ( 2010): set_light_backlight is called!!!
D/ ( 2010): set_light_backlight = 156
D/ ( 2010): set_light_backlight is called!!!
D/ ( 2010): set_light_backlight = 143
D/ ( 2010): set_light_backlight is called!!!
D/ ( 2010): set_light_backlight = 131
D/ ( 2010): set_light_backlight is called!!!
D/ ( 2010): set_light_backlight = 118
D/ ( 2010): set_light_backlight is called!!!
D/ ( 2010): set_light_backlight = 106
D/ ( 2010): set_light_backlight is called!!!
D/ ( 2010): set_light_backlight = 93
D/ ( 2010): set_light_backlight is called!!!
D/ ( 2010): set_light_backlight = 80
D/ ( 2010): set_light_backlight is called!!!
D/ ( 2010): set_light_backlight = 67
D/ ( 2010): set_light_backlight is called!!!
D/ ( 2010): set_light_backlight = 55
D/ ( 2010): set_light_backlight is called!!!
D/ ( 2010): set_light_backlight = 43
D/ ( 2010): set_light_backlight is called!!!
D/ ( 2010): set_light_backlight = 30
D/ ( 2010): set_light_backlight is called!!!
D/ ( 2010): set_light_backlight = 20
I/power ( 2010): *** release_dvfs_lock : lockType : 1
E/MtpService(32371): In MTPAPP onReceive:android.intent.action.BATTERY_CHANGED
E/MtpService(32371): battPlugged Type : 2
D/ ( 2010):
D/ ( 2010): set_light_touchkey is called!!!
D/ ( 2010):
D/ ( 2010): light_touchkey on/off = 0
I/power ( 2010): *** acquire_dvfs_lock : lockType : 1 freq : 1000000
D/WindowManager( 2010): mSetIgnore
D/KeyguardViewMediator( 2010): onScreenTurnedOff(3)
D/KeyguardViewMediator( 2010): setting alarm to turn off keyguard, seq = 22
D/SensorManager( 2010): unregisterListener:: Listener= android.view.WindowOrientationListener$SensorEventListenerImpl@426b02c8
D/Sensors ( 2010): Remain listener = Sending .. normal delay 200ms
I/Sensors ( 2010): sendDelay --- 200000000
I/SensorService( 2010): info.selectDelay() ns=200000000
D/ ( 2010): set_light_backlight is called!!!
D/ ( 2010): set_light_backlight = 19
D/SensorService( 2010): SensorDevice::setDelay, Return(true 1, false 0) = 1
D/SensorManager( 2010): JNI - sendDelay
I/SensorManager( 2010): Set normal delay = true
D/SensorService( 2010): SensorDevice::activating sensor handle=0 ns=200000000
D/SurfaceFlinger( 1665): About to give-up screen, flinger = 0x40e4acf0
D/ ( 2010): set_light_backlight is called!!!
D/SensorManager( 2943): unregisterListener:: Listener= android.view.OrientationEventListener$SensorEventListenerImpl@4229fac0
D/Sensors ( 2943): Remain listener = Sending .. normal delay 200ms
I/Sensors ( 2943): sendDelay --- 200000000
I/SensorService( 2010): info.selectDelay() ns=200000000
D/SensorService( 2010): SensorDevice::setDelay, Return(true 1, false 0) = 1
D/SensorManager( 2943): JNI - sendDelay
I/SensorManager( 2943): Set normal delay = true
D/ALPS_COMPASS( 2010): INV SENSOR ENABLE 0 -0
D/SensorService( 2010): SensorDevice::activate (enable 1, disable 0) = 0
D/SensorService( 2010): activating sensor disable handle=0
D/SensorService( 2010): activating sensor disable, Done!
D/SensorService( 2010): SensorDevice::activating sensor handle=0 ns=200000000
I/ClipboardServiceEx( 2010): Send intent for dismiss clipboard dialog inside hideCurrentInputLocked() !
W/IInputConnectionWrapper(22286): getSelectedText on inactive InputConnection
W/IInputConnectionWrapper(22286): setComposingText on inactive InputConnection
W/IInputConnectionWrapper(22286): getExtractedText on inactive InputConnection
I/sec_anm_ahi( 1672): setParameters() - screen_state=off
D/tms_audio_hw/AudioTmsIpc( 1672): adev_set_parameters : Enter
D/tms_audio_hw/AudioTmsIpc( 1672): adev_set_parameters : Exit
D/Launcher.Workspace( 2290): exitWidgetResizeMode State: NORMAL, newDragStarted: false
D/ ( 2010): set_light_backlight = 18
D/ ( 2010): set_light_backlight is called!!!
D/ ( 2010): set_light_backlight = 4
D/com.samsung.app( 2592): [MSC_HERO_Accu_JB]>>> WCS:251 [0:0] BR act = androidintentactionSCREEN_OFF
D/ ( 2010): set_light_backlight is called!!!
D/ ( 2010): set_light_backlight = 3
D/ ( 2010): set_light_backlight is called!!!
D/ ( 2010): set_light_backlight = 2
D/ ( 2010): set_light_backlight is called!!!
D/ ( 2010): set_light_backlight = 0
I/power ( 2010): *** release_dvfs_lock : lockType : 1
D/WindowManager( 2010): mUnSetIgnore, show = false
W/SignalStrength( 2010): getGsmLevel=0
W/SignalStrength( 2010): getLevel=0 (SignalStrength: 99 -1 -1 -1 -1 -1 -1 -1 -1 -1 -1 -1 gsm|lte 0)
W/SignalStrength( 2113): getGsmLevel=0
W/SignalStrength( 2113): getLevel=0 (SignalStrength: 99 -1 -1 -1 -1 -1 -1 -1 -1 -1 -1 -1 gsm|lte 0)
W/SignalStrength( 2113): getGsmLevel=0
W/SignalStrength( 2113): getLevel=0 (SignalStrength: 99 -1 -1 -1 -1 -1 -1 -1 -1 -1 -1 -1 gsm|lte 0)
W/SignalStrength( 2010): getGsmDbm=-1
W/SignalStrength( 2010): getDbm=-1
W/SignalStrength( 2010): getGsmAsuLevel=99
W/SignalStrength( 2010): getAsuLevel=99
D/KeyguardViewMediator( 2010): received DELAYED_KEYGUARD_ACTION with seq = 22, mDelayedShowingSequence = 22
D/SamsungLockScreenProperties( 2010): Not factory mode. isFactoryMode() returend false
D/LockPatternUtils( 2010): isPcwEnable = null
D/KeyguardViewMediator( 2010): doKeyguard: showing the lock screen
D/KeyguardViewMediator( 2010): KeyguardGetAudioService.dismissVolumePanel() run
D/VolumePanel( 2010): call forceTimeout
D/KeyguardViewMediator( 2010): showLocked
D/KeyguardViewMediator( 2010): handleShow
D/LockPatternKeyguardView( 2010): phone state: 0
V/LockPatternKeyguardView( 2010): Set visibility on com.android.internal.policy.impl.LockPatternKeyguardView$4@42a77ca0 to 0
D/LockPatternKeyguardView( 2010): onCsSimStateChanged: 0
E/LockPatternKeyguardView( 2010): mIsVoiceUnlockOn=false
D/LockPatternKeyguardView( 2010): mIsTalkbackDrvModeOn=false
D/LockPatternUtils( 2010): isPcwEnable = null
D/CircleLockScreen( 2010): drv mode off
D/CircleLockScreen( 2010): mTalkbackEnabled =false
D/CircleLockScreen( 2010): explore by touch mode off
V/SoundPoolThread( 2010): beginThread
V/SoundPoolThread( 2010): run
V/SoundPoolThread( 2010): Got message m=2, mData=1
V/MediaPlayer( 2010): decode(338, 14753804, 11571)
V/MediaPlayerService( 1672): decode(58, 14753804, 11571)
V/MediaPlayerService( 1672): player type = 3
V/MediaPlayerService( 1672): create StagefrightPlayer
V/AwesomePlayer( 1672): setDefault
V/AwesomePlayer( 1672): constructor
V/AwesomePlayer( 1672): setDefault
I/AwesomePlayer( 1672): reset
V/AwesomePlayer( 1672): reset_l() cancel player events
V/AwesomePlayer( 1672): cancelPlayerEvents (keepNotifications=0)
V/AwesomePlayer( 1672): mAudioTrackVector clear
V/AwesomePlayer( 1672): reset_l() mAudioPlayer successfully deleted
V/StagefrightPlayer( 1672): StagefrightPlayer
V/AwesomePlayer( 1672): setListener
V/StagefrightPlayer( 1672): initCheck
V/StagefrightPlayer( 1672): setAudioSink
V/AwesomePlayer( 1672): setAudioSink
V/StagefrightPlayer( 1672): setDataSource(58, 14753804, 11571)
V/AwesomePlayer( 1672): reset_l() cancel player events
V/AwesomePlayer( 1672): cancelPlayerEvents (keepNotifications=0)
V/AwesomePlayer( 1672): mAudioTrackVector clear
V/AwesomePlayer( 1672): reset_l() mAudioPlayer successfully deleted
V/AwesomePlayer( 1672): track of type 'audio/vorbis' does not publish bitrate
V/AwesomePlayer( 1672): mBitrate = -1 bits/sec
V/AwesomePlayer( 1672): setAudioSource
V/AwesomePlayer( 1672): current audio track index (0) is added to vector
V/AwesomePlayer( 1672): setDataSource_l: Audio(1), Video(0)
V/MediaPlayerService( 1672): prepare
V/StagefrightPlayer( 1672): prepareAsync
V/AwesomePlayer( 1672): prepareAsync
V/MediaPlayerService( 1672): wait for prepare
V/AwesomePlayer( 1672): onPrepareAsyncEvent
V/AwesomePlayer( 1672): initAudioDecoder
I/OMXCodec( 1672): OMXCodec::Create mime (audio/vorbis), flags (0), matchComponentName ((null)), createEncoder (0)
I/OMXCodec( 1672): Attempting to allocate OMX node 'OMX.google.vorbis.decoder'
I/OMXCodec( 1672): Successfully allocated OMX node 'OMX.google.vorbis.decoder'
I/OMXCodec( 1672): [OMX.google.vorbis.decoder] allocating 4 buffers of size 8192 on input port
I/OMXCodec( 1672): [OMX.google.vorbis.decoder] allocating 4 buffers of size 32768 on output port
V/AwesomePlayer( 1672): finishAsyncPrepare_l
V/AwesomePlayer( 1672): notifyListener_l() msg (5-MEDIA_SET_VIDEO_SIZE), ext1 (0), ext2 (0)
V/AudioCache( 1672): notify(0x428055e8, 5, 0, 0)
V/AudioCache( 1672): ignored
V/AwesomePlayer( 1672): notifyListener_l() msg (1-MEDIA_PREPARED), ext1 (0), ext2 (0)
V/AudioCache( 1672): notify(0x428055e8, 1, 0, 0)
V/AudioCache( 1672): prepared
V/AudioCache( 1672): wait - success
V/MediaPlayerService( 1672): start
V/StagefrightPlayer( 1672): start
V/AwesomePlayer( 1672): play
V/AwesomePlayer( 1672): AwesomePlayer::play_l():: This is not a DRM content
V/AwesomePlayer( 1672): startAudioPlayer_l, sendErrorNotification (0)
I/OMXCodec( 1672): [OMX.google.vorbis.decoder] allocating 4 buffers of size 32768 on output port
I/AudioPlayer( 1672): Audioplayer kKeyAudioPCMFormat:1, 2, 0
I/AudioPlayer( 1672): Audioplayer1 (2, 1)
V/AudioCache( 1672): open(44100, 2, 0x0, 1, 4)
V/AwesomePlayer( 1672): addBatteryData
V/MediaPlayerService( 1672): wait for playback complete
V/AudioCache( 1672): write(0x42d48b90, 4096)
V/AudioCache( 1672): memcpy(0x44cdb000, 0x42d48b90, 4096)
V/AudioCache( 1672): write(0x42d48b90, 4096)
V/AudioCache( 1672): memcpy(0x44cdc000, 0x42d48b90, 4096)
V/AudioCache( 1672): write(0x42d48b90, 4096)
V/AudioCache( 1672): memcpy(0x44cdd000, 0x42d48b90, 4096)
V/AudioCache( 1672): write(0x42d48b90, 4096)
V/AudioCache( 1672): memcpy(0x44cde000, 0x42d48b90, 4096)
V/AudioCache( 1672): write(0x42d48b90, 4096)
V/AudioCache( 1672): memcpy(0x44cdf000, 0x42d48b90, 4096)
V/AudioCache( 1672): write(0x42d48b90, 4096)
V/AudioCache( 1672): memcpy(0x44ce0000, 0x42d48b90, 4096)
V/AudioCache( 1672): write(0x42d48b90, 4096)
V/AudioCache( 1672): memcpy(0x44ce1000, 0x42d48b90, 4096)
V/AudioCache( 1672): write(0x42d48b90, 4096)
V/AudioCache( 1672): memcpy(0x44ce2000, 0x42d48b90, 4096)
V/AudioCache( 1672): write(0x42d48b90, 4096)
V/AudioCache( 1672): memcpy(0x44ce3000, 0x42d48b90, 4096)
V/AudioCache( 1672): write(0x42d48b90, 4096)
V/AudioCache( 1672): memcpy(0x44ce4000, 0x42d48b90, 4096)
V/AudioCache( 1672): write(0x42d48b90, 4096)
V/AudioCache( 1672): memcpy(0x44ce5000, 0x42d48b90, 4096)
V/AudioCache( 1672): write(0x42d48b90, 4096)
V/AudioCache( 1672): memcpy(0x44ce6000, 0x42d48b90, 4096)
V/AudioCache( 1672): write(0x42d48b90, 4096)
V/AudioCache( 1672): memcpy(0x44ce7000, 0x42d48b90, 4096)
V/AudioCache( 1672): write(0x42d48b90, 4096)
V/AudioCache( 1672): memcpy(0x44ce8000, 0x42d48b90, 4096)
V/AudioCache( 1672): write(0x42d48b90, 4096)
V/AudioCache( 1672): memcpy(0x44ce9000, 0x42d48b90, 4096)
V/AudioCache( 1672): write(0x42d48b90, 4096)
V/AudioCache( 1672): memcpy(0x44cea000, 0x42d48b90, 4096)
D/CircleMissedEventWidget( 2010): portrait mode
V/AudioCache( 1672): write(0x42d48b90, 4096)
V/AudioCache( 1672): memcpy(0x44ceb000, 0x42d48b90, 4096)
V/AudioCache( 1672): write(0x42d48b90, 4096)
V/AudioCache( 1672): memcpy(0x44cec000, 0x42d48b90, 4096)
V/AudioCache( 1672): write(0x42d48b90, 4096)
V/AudioCache( 1672): memcpy(0x44ced000, 0x42d48b90, 4096)
V/AudioCache( 1672): write(0x42d48b90, 4096)
V/AudioCache( 1672): memcpy(0x44cee000, 0x42d48b90, 4096)
V/AudioCache( 1672): write(0x42d48b90, 4096)
V/AudioCache( 1672): memcpy(0x44cef000, 0x42d48b90, 4096)
V/AudioCache( 1672): write(0x42d48b90, 4096)
V/AudioCache( 1672): memcpy(0x44cf0000, 0x42d48b90, 4096)
V/AudioCache( 1672): write(0x42d48b90, 4096)
V/AudioCache( 1672): memcpy(0x44cf1000, 0x42d48b90, 4096)
V/AudioCache( 1672): write(0x42d48b90, 4096)
V/AudioCache( 1672): memcpy(0x44cf2000, 0x42d48b90, 4096)
V/AudioCache( 1672): write(0x42d48b90, 4096)
V/AudioCache( 1672): memcpy(0x44cf3000, 0x42d48b90, 4096)
E/OMXCodec( 1672): [OMX.google.vorbis.decoder] err = -1011
V/AudioCache( 1672): write(0x42d48b90, 4096)
V/AudioCache( 1672): memcpy(0x44cf4000, 0x42d48b90, 4096)
V/AudioCache( 1672): write(0x42d48b90, 4096)
V/AudioCache( 1672): memcpy(0x44cf5000, 0x42d48b90, 4096)
V/AudioCache( 1672): write(0x42d48b90, 4096)
V/AudioCache( 1672): memcpy(0x44cf6000, 0x42d48b90, 4096)
V/AudioCache( 1672): write(0x42d48b90, 4096)
V/AudioCache( 1672): memcpy(0x44cf7000, 0x42d48b90, 4096)
V/AwesomePlayer( 1672): postAudioEOS delayUs (0)
V/AudioCache( 1672): write(0x42d48b90, 1256)
V/AudioCache( 1672): memcpy(0x44cf8000, 0x42d48b90, 1256)
V/AwesomePlayer( 1672): onCheckAudioStatus
V/AwesomePlayer( 1672): onCheckAudioStatus() set AUDIO_AT_EOS flag
V/AwesomePlayer( 1672): onStreamDone
V/AwesomePlayer( 1672): MEDIA_PLAYBACK_COMPLETE
V/AwesomePlayer( 1672): notifyListener_l() msg (2-MEDIA_PLAYBACK_COMPLETE), ext1 (0), ext2 (0)
V/AudioCache( 1672): notify(0x428055e8, 2, 0, 0)
V/AudioCache( 1672): playback complete - thread will wake up later
V/AwesomePlayer( 1672): cancelPlayerEvents (keepNotifications=1)
V/AwesomePlayer( 1672): addBatteryData
V/AudioCache( 1672): wait - success
V/StagefrightPlayer( 1672): reset
I/AwesomePlayer( 1672): reset
V/AwesomePlayer( 1672): reset_l() cancel player events
V/AwesomePlayer( 1672): cancelPlayerEvents (keepNotifications=0)
V/AwesomePlayer( 1672): mAudioTrackVector clear
I/OMXCodec( 1672): [OMX.google.vorbis.decoder] stop() sendCommand(0x57, OMX_CommandStateSet, OMX_StateIdle)
V/AwesomePlayer( 1672): reset_l() mAudioPlayer successfully deleted
V/StagefrightPlayer( 1672): ~StagefrightPlayer
V/StagefrightPlayer( 1672): reset
I/AwesomePlayer( 1672): reset
V/AwesomePlayer( 1672): reset_l() cancel player events
V/AwesomePlayer( 1672): cancelPlayerEvents (keepNotifications=0)
V/AwesomePlayer( 1672): mAudioTrackVector clear
V/AwesomePlayer( 1672): reset_l() mAudioPlayer successfully deleted
V/AwesomePlayer( 1672): destructor
I/AwesomePlayer( 1672): reset
V/AwesomePlayer( 1672): reset_l() cancel player events
V/AwesomePlayer( 1672): cancelPlayerEvents (keepNotifications=0)
V/AwesomePlayer( 1672): mAudioTrackVector clear
V/AwesomePlayer( 1672): reset_l() mAudioPlayer successfully deleted
V/AwesomePlayer( 1672): ~AwesomePlayer()
D/CircleMissedEventWidget( 2010): explore by touch mode off
V/SoundPoolThread( 2010): Got message m=2, mData=2
V/MediaPlayer( 2010): decode(342, 15238372, 20394)
V/MediaPlayerService( 1672): decode(58, 15238372, 20394)
V/MediaPlayerService( 1672): player type = 3
V/MediaPlayerService( 1672): create StagefrightPlayer
V/AwesomePlayer( 1672): setDefault
V/AwesomePlayer( 1672): constructor
V/AwesomePlayer( 1672): setDefault
I/AwesomePlayer( 1672): reset
V/AwesomePlayer( 1672): reset_l() cancel player events
V/AwesomePlayer( 1672): cancelPlayerEvents (keepNotifications=0)
V/AwesomePlayer( 1672): mAudioTrackVector clear
V/AwesomePlayer( 1672): reset_l() mAudioPlayer successfully deleted
V/StagefrightPlayer( 1672): StagefrightPlayer
V/AwesomePlayer( 1672): setListener
V/StagefrightPlayer( 1672): initCheck
V/StagefrightPlayer( 1672): setAudioSink
V/AwesomePlayer( 1672): setAudioSink
V/StagefrightPlayer( 1672): setDataSource(58, 15238372, 20394)
V/AwesomePlayer( 1672): reset_l() cancel player events
V/AwesomePlayer( 1672): cancelPlayerEvents (keepNotifications=0)
V/AwesomePlayer( 1672): mAudioTrackVector clear
V/AwesomePlayer( 1672): reset_l() mAudioPlayer successfully deleted
V/AwesomePlayer( 1672): track of type 'audio/vorbis' does not publish bitrate
V/AwesomePlayer( 1672): mBitrate = -1 bits/sec
V/AwesomePlayer( 1672): setAudioSource
V/AwesomePlayer( 1672): current audio track index (0) is added to vector
V/AwesomePlayer( 1672): setDataSource_l: Audio(1), Video(0)
V/MediaPlayerService( 1672): prepare
V/StagefrightPlayer( 1672): prepareAsync
V/AwesomePlayer( 1672): prepareAsync
V/MediaPlayerService( 1672): wait for prepare
V/AwesomePlayer( 1672): onPrepareAsyncEvent
V/AwesomePlayer( 1672): initAudioDecoder
I/OMXCodec( 1672): OMXCodec::Create mime (audio/vorbis), flags (0), matchComponentName ((null)), createEncoder (0)
I/OMXCodec( 1672): Attempting to allocate OMX node 'OMX.google.vorbis.decoder'
I/OMXCodec( 1672): Successfully allocated OMX node 'OMX.google.vorbis.decoder'
I/OMXCodec( 1672): [OMX.google.vorbis.decoder] allocating 4 buffers of size 8192 on input port
I/OMXCodec( 1672): [OMX.google.vorbis.decoder] allocating 4 buffers of size 32768 on output port
V/AwesomePlayer( 1672): finishAsyncPrepare_l
V/AwesomePlayer( 1672): notifyListener_l() msg (5-MEDIA_SET_VIDEO_SIZE), ext1 (0), ext2 (0)
V/AudioCache( 1672): notify(0x428055e8, 5, 0, 0)
V/AudioCache( 1672): ignored
V/AwesomePlayer( 1672): notifyListener_l() msg (1-MEDIA_PREPARED), ext1 (0), ext2 (0)
V/AudioCache( 1672): notify(0x428055e8, 1, 0, 0)
V/AudioCache( 1672): prepared
V/AudioCache( 1672): wait - success
V/MediaPlayerService( 1672): start
V/StagefrightPlayer( 1672): start
V/AwesomePlayer( 1672): play
V/AwesomePlayer( 1672): AwesomePlayer::play_l():: This is not a DRM content
V/AwesomePlayer( 1672): startAudioPlayer_l, sendErrorNotification (0)
I/OMXCodec( 1672): [OMX.google.vorbis.decoder] allocating 4 buffers of size 32768 on output port
I/AudioPlayer( 1672): Audioplayer kKeyAudioPCMFormat:1, 1, 0
I/AudioPlayer( 1672): Audioplayer1 (1, 1)
V/AudioCache( 1672): open(48000, 1, 0x0, 1, 4)
V/AwesomePlayer( 1672): addBatteryData
V/MediaPlayerService( 1672): wait for playback complete
V/AudioCache( 1672): write(0x42ee3810, 2048)
V/AudioCache( 1672): memcpy(0x45505000, 0x42ee3810, 2048)
V/AudioCache( 1672): write(0x42ee3810, 2048)
V/AudioCache( 1672): memcpy(0x45505800, 0x42ee3810, 2048)
V/AudioCache( 1672): write(0x42ee3810, 2048)
V/AudioCache( 1672): memcpy(0x45506000, 0x42ee3810, 2048)
E/CircleShortcutWidget( 2010): density = 240
D/CircleShortcutWidget( 2010): explore by touch mode off
E/CircleShortcutWidget( 2010): pkg name =com.sec.chaton, activityName=com.sec.chaton.HomeActivity
V/AudioCache( 1672): write(0x42ee3810, 2048)
V/AudioCache( 1672): memcpy(0x45506800, 0x42ee3810, 2048)
D/CircleShortcutWidget( 2010): mIconWidth =72
V/AudioCache( 1672): write(0x42ee3810, 2048)
V/AudioCache( 1672): memcpy(0x45507000, 0x42ee3810, 2048)
V/AudioCache( 1672): write(0x42ee3810, 2048)
V/AudioCache( 1672): memcpy(0x45507800, 0x42ee3810, 2048)
V/AudioCache( 1672): write(0x42ee3810, 2048)
V/AudioCache( 1672): memcpy(0x45508000, 0x42ee3810, 2048)
V/AudioCache( 1672): write(0x42ee3810, 2048)
