W/SignalStrength( 2010): getLevel=2 (SignalStrength: 99 -1 -1 -1 -1 -1 -1 -1 -1 -1 -1 -1 gsm|lte 2)
W/SignalStrength( 2010): getGsmDbm=-1
W/SignalStrength( 2010): getDbm=-1
W/SignalStrength( 2113): getGsmLevel=2
W/SignalStrength( 2010): getGsmAsuLevel=99
W/SignalStrength( 2010): getAsuLevel=99
W/SignalStrength( 2113): getLevel=2 (SignalStrength: 99 -1 -1 -1 -1 -1 -1 -1 -1 -1 -1 -1 gsm|lte 2)
W/SignalStrength( 2113): getGsmLevel=2
W/SignalStrength( 2113): getLevel=2 (SignalStrength: 99 -1 -1 -1 -1 -1 -1 -1 -1 -1 -1 -1 gsm|lte 2)
D/widget ( 2290): [MSC_HERO_Accu_JB]>>> SM:1288 [0:0] bTCC WCV = 100
D/widget ( 2290): [MSC_HERO_Accu_JB]>>> WC:1664 [0:0] drw 1nd Tm dt = 0602
D/ClockAlarmWidgetService(17804): [ClockAlarmWidgetService] onReceive: action = android.intent.action.TIME_TICK
E/ClockAlarmWidget(17804): [AlarmWidgetIdManager] getListItem() : itemIndex=0, widgetID:1
E/ClockAlarmWidget(17804): [AlarmWidgetIdManager] getListItem() : ItemIndex exceed ListItemCount. itemIndex=1
E/ClockAlarmWidget(17804): [AlarmWidgetIdManager] getListItem() : itemIndex=1, widgetID:1
D/ClockAlarmDataProvider(17804): getAlarm() - too many same ID alarm data. nCount: 0
E/MtpService(32371): In MTPAPP onReceive:android.intent.action.BATTERY_CHANGED
E/MtpService(32371): battPlugged Type : 2
E/MtpService(32371): In MTPAPP onReceive:android.intent.action.BATTERY_CHANGED
E/MtpService(32371): battPlugged Type : 2
E/MtpService(32371): In MTPAPP onReceive:android.intent.action.BATTERY_CHANGED
E/MtpService(32371): battPlugged Type : 2
E/MtpService(32371): In MTPAPP onReceive:android.intent.action.BATTERY_CHANGED
E/MtpService(32371): battPlugged Type : 2
E/MtpService(32371): In MTPAPP onReceive:android.intent.action.BATTERY_CHANGED
E/MtpService(32371): battPlugged Type : 2
D/widget ( 2290): [MSC_HERO_Accu_JB]>>> SM:1288 [0:0] bTCC WCV = 100
D/widget ( 2290): [MSC_HERO_Accu_JB]>>> WC:1664 [0:0] drw 1nd Tm dt = 0603
D/ClockAlarmWidgetService(17804): [ClockAlarmWidgetService] onReceive: action = android.intent.action.TIME_TICK
E/ClockAlarmWidget(17804): [AlarmWidgetIdManager] getListItem() : itemIndex=0, widgetID:1
E/ClockAlarmWidget(17804): [AlarmWidgetIdManager] getListItem() : ItemIndex exceed ListItemCount. itemIndex=1
E/ClockAlarmWidget(17804): [AlarmWidgetIdManager] getListItem() : itemIndex=1, widgetID:1
D/ClockAlarmDataProvider(17804): getAlarm() - too many same ID alarm data. nCount: 0
E/MtpService(32371): In MTPAPP onReceive:android.intent.action.BATTERY_CHANGED
E/MtpService(32371): battPlugged Type : 2
D/dalvikvm( 2235): GC_CONCURRENT freed 382K, 13% free 10349K/11783K, paused 2ms+2ms, total 30ms
D/AndroidRuntime(18415):
D/AndroidRuntime(18415): >>>>>> AndroidRuntime START com.android.internal.os.RuntimeInit <<<<<<
D/AndroidRuntime(18415): CheckJNI is OFF
D/AndroidRuntime(18415): setted country_code = PANAMA
D/AndroidRuntime(18415): setted countryiso_code = PA
D/AndroidRuntime(18415): setted sales_code = TPA
D/AndroidRuntime(18415): readGMSProperty: start
D/AndroidRuntime(18415): readGMSProperty: already setted!!
D/AndroidRuntime(18415): readGMSProperty: end
D/dalvikvm(18415): Trying to load lib libjavacore.so 0x0
D/dalvikvm(18415): Added shared lib libjavacore.so 0x0
D/dalvikvm(18415): Trying to load lib libnativehelper.so 0x0
D/dalvikvm(18415): Added shared lib libnativehelper.so 0x0
D/AndroidRuntime(18415): Calling main entry com.android.commands.pm.Pm
I/PackageManager( 2010): Removing non-system package:com.androidproject
D/WindowManager( 2010): PhoneWindowManager: focusChangedLw
D/KeyguardViewMediator( 2010): setHidden false
D/KeyguardViewMediator( 2010): setHidden false
I/libblt_hw( 1665): Library closed (handle = 1, fd = 30)
I/InputReader( 2010): Reconfiguring input devices. changes=0x00000004
I/InputReader( 2010): Device reconfigured: id=9, name='sec_touchscreen', surface size is now 480x800, mode is 1
D/PhoneApp( 2235): updateProximitySensorMode: lock already released.
D/KeyguardViewMediator( 2010): setHidden false
D/KeyguardViewMediator( 2010): setHidden false
D/Launcher( 2290): onRestart, Launcher: 1109032568
D/Launcher( 2290): onStart, Launcher: 1109032568
D/Launcher.HomeFragment( 2290): onStart
D/Launcher( 2290): onResume, Launcher: 1109032568
D/KeyguardViewMediator( 2010): setHidden false
D/ClockAlarmWidgetService(17804): [ClockAlarmWidgetService] onReceive: action = android.intent.action.CONFIGURATION_CHANGED
E/ClockAlarmWidget(17804): [AlarmWidgetIdManager] getListItem() : itemIndex=0, widgetID:1
E/ClockAlarmWidget(17804): [AlarmWidgetIdManager] getListItem() : ItemIndex exceed ListItemCount. itemIndex=1
E/ClockAlarmWidget(17804): [AlarmWidgetIdManager] getListItem() : itemIndex=1, widgetID:1
D/ClockAlarmDataProvider(17804): getAlarm() - too many same ID alarm data. nCount: 0
D/KeyguardViewMediator( 2010): setHidden false
D/comsamsunglog( 2290): [MSC_HERO_Accu_JB]>>> ====================================================================================================================
D/comsamsunglog( 2290): [MSC_HERO_Accu_JB]>>> widgetappapheroaccuweatherwidget [Version : 12101501] [ 1 ]
D/comsamsunglog( 2290): [MSC_HERO_Accu_JB]>>> Header set to : ===> "widget" <===
D/comsamsunglog( 2290): [MSC_HERO_Accu_JB]>>> ====================================================================================================================
D/widget ( 2290): [MSC_HERO_Accu_JB]>>> WC:917 [0:0] onResume :: fU = true cEUi = true
D/widget ( 2290): [MSC_HERO_Accu_JB]>>> WC:953 [0:0] onResume :: mFAR = false, cC = false, cEUI = true
D/KeyguardViewMediator( 2010): setHidden false
D/widget ( 2290): [MSC_HERO_Accu_JB]>>> WC:1265 [0:0] cUI : cnt = 0, mRC = true
D/widget ( 2290): [MSC_HERO_Accu_JB]>>> WC:1293 [0:0] composeEmptyCityUI : true
D/widget ( 2290): [MSC_HERO_Accu_JB]>>> SM:446 [0:0] IR : false, IPR : false
D/widget ( 2290): [MSC_HERO_Accu_JB]>>> SM:1288 [0:0] bTCC WCV = 100
D/widget ( 2290): [MSC_HERO_Accu_JB]>>> WC:1664 [0:0] drw 1nd Tm dt = 0603
E/Launcher( 2290): Error finding setting, default accessibility to not found: accessibility_enabled
D/Launcher.HomeFragment( 2290): onResume
D/MenuAppsGridFragment( 2290): onResume
I/libblt_hw( 1665): Library opened (handle = 0, fd = 30)
D/WindowManager( 2010): PhoneWindowManager: focusChangedLw
D/KeyguardViewMediator( 2010): setHidden false
D/AlarmWidget( 3673): [AlarmWidgetProvider] onReceive()@@@ com.sec.android.intent.action.HOME_RESUME
D/AlarmWidget( 3673): [AlarmWidgetProvider] widgetId = -1, selectId =-1
D/AlarmWidget( 3673): [AlarmWidgetProvider] ACTION_ALARM_APPWIDGET_UPDATE
V/TaskCloserActivity(17396): TaskCloserActivity onReceive() - com.sec.android.intent.action.HOME_RESUME
D/KeyguardViewMediator( 2010): setHidden false
D/KeyguardViewMediator( 2010): setHidden false
D/KeyguardViewMediator( 2010): setHidden false
D/KeyguardViewMediator( 2010): setHidden false
D/KeyguardViewMediator( 2010): setHidden false
I/ClipboardServiceEx( 2010): Send intent for dismiss clipboard dialog inside hideCurrentInputLocked() !
D/dalvikvm( 2010): GC_CONCURRENT freed 2064K, 50% free 19516K/38471K, paused 6ms+16ms, total 283ms
D/dalvikvm(18426): DexOpt: 'Lorg/apache/commons/codec/binary/Base64;' has an earlier definition; blocking out
D/dalvikvm(18426): DexOpt: 'Lorg/apache/commons/codec/binary/Hex;' has an earlier definition; blocking out
D/dalvikvm(18426): DexOpt: 'Lorg/w3c/dom/UserDataHandler;' has an earlier definition; blocking out
D/dalvikvm(18426): DexOpt: not verifying/optimizing 'Lorg/apache/commons/codec/binary/Base64;': multiple definitions
D/dalvikvm(18426): DexOpt: not verifying/optimizing 'Lorg/apache/commons/codec/binary/Hex;': multiple definitions
I/dalvikvm(18426): DexOpt: not resolving ambiguous class 'Lorg/apache/commons/codec/binary/Hex;'
D/KeyguardViewMediator( 2010): setHidden false
D/KeyguardViewMediator( 2010): setHidden false
I/dalvikvm(18426): DexOpt: not resolving ambiguous class 'Lorg/apache/commons/codec/binary/Base64;'
I/dalvikvm(18426): DexOpt: not resolving ambiguous class 'Lorg/apache/commons/codec/binary/Base64;'
D/dalvikvm(18426): DexOpt: not verifying/optimizing 'Lorg/w3c/dom/UserDataHandler;': multiple definitions
I/dalvikvm(18426): DexOpt: not resolving ambiguous class 'Lorg/apache/commons/codec/binary/Hex;'
D/dalvikvm(18426): DexOpt: load 165ms, verify+opt 509ms, 1923284 bytes
I/InputReader( 2010): Reconfiguring input devices. changes=0x00000010
W/ResourceType( 2943): Failure getting entry for 0x7f020426 (t=1 e=1062) in package 0 (error -75)
D/CapabilityManagerService(17577): Receiver Broadcast:android.intent.action.PACKAGE_REMOVED
D/CapabilityManagerService(17577): The package(com.androidproject) updated
I/InputReader( 2010): Reconfiguring input devices. changes=0x00000010
W/ResourceType( 2943): Failure getting entry for 0x7f020426 (t=1 e=1062) in package 0 (error -75)
I/BackGroundService( 2919): BackGroundService:패키지 설치 BR 수신 처리 시작
D/Launcher.MenuAppsGrid( 2290): StateObj::getAppsList() item count = 38
D/CellLayoutChildren( 2290): setCellDimensions. width: 117, height: 126, gapX: 0, gapY: 0
D/CellLayout( 2290): setGridSize(4, 5)
D/CellLayoutChildren( 2290): setCellDimensions. width: 117, height: 126, gapX: 0, gapY: 0
D/CellLayout( 2290): setGridSize(4, 5)
D/dalvikvm( 2290): GC_CONCURRENT freed 1833K, 17% free 20733K/24711K, paused 18ms+10ms, total 95ms
D/dalvikvm( 2010): WAIT_FOR_CONCURRENT_GC blocked 0ms
I/PCWCLIENTTRACE_SPPReceiver(17632): [onReceive] - android.intent.action.PACKAGE_REMOVED
I/SA (26388): [SUR] onReceive log=[SA = 1.3.050 V = 16 HWD = 800X480 1.5 SIZE = 2 LOCALE = en_US CSC = TPA MCC = 0 MNC 0 T = user DEVICE = golden P = goldenub I = JRO03H M = GT-I8190L OKLEFT false DIS JRO03H.I8190LUBALK4 ]
I/SA (26388): [SUR] onReceive Intent=[ action_PACKAGE_REPLACED package ]
D/dalvikvm( 2010): GC_EXPLICIT freed 1701K, 50% free 19479K/38471K, paused 33ms+17ms, total 376ms
D/AndroidRuntime(18415): Shutting down VM
I/AndroidRuntime(18415): NOTE: attach of thread 'Binder_3' failed
D/dalvikvm(18415): GC_CONCURRENT freed 101K, 87% free 546K/4096K, paused 0ms+1ms, total 4ms
D/CapabilityManagerService(17577): Receiver Broadcast:android.intent.action.PACKAGE_ADDED
I/PCWCLIENTTRACE_SPPReceiver(17632): [onReceive] - android.intent.action.PACKAGE_ADDED
D/dalvikvm( 2010): WAIT_FOR_CONCURRENT_GC blocked 0ms
D/dalvikvm(27132): GC_CONCURRENT freed 698K, 10% free 12568K/13895K, paused 14ms+5ms, total 62ms
D/dalvikvm(27132): WAIT_FOR_CONCURRENT_GC blocked 36ms
D/dalvikvm( 2010): GC_EXPLICIT freed 504K, 50% free 19366K/38471K, paused 17ms+14ms, total 200ms
W/System.err(27132): java.lang.NullPointerException
W/System.err(27132): at com.google.android.apps.plus.content.EsDatabaseHelper.getDatabaseHelper(EsDatabaseHelper.java:85)
W/System.err(27132): at com.google.android.apps.plus.content.EsDeepLinkInstallsData.getByPackageName(EsDeepLinkInstallsData.java:126)
W/System.err(27132): at com.google.android.apps.plus.service.EsService.processIntent2$751513a6(EsService.java:4580)
W/System.err(27132): at com.google.android.apps.plus.service.EsService.processIntent(EsService.java:3149)
W/System.err(27132): at com.google.android.apps.plus.service.ServiceThread$1.run(ServiceThread.java:50)
W/System.err(27132): at android.os.Handler.handleCallback(Handler.java:615)
W/System.err(27132): at android.os.Handler.dispatchMessage(Handler.java:92)
W/System.err(27132): at android.os.Looper.loop(Looper.java:137)
W/System.err(27132): at com.google.android.apps.plus.service.ServiceThread.run(ServiceThread.java:122)
I/SA (26388): [SUR] onReceive log=[SA = 1.3.050 V = 16 HWD = 800X480 1.5 SIZE = 2 LOCALE = en_US CSC = TPA MCC = 0 MNC 0 T = user DEVICE = golden P = goldenub I = JRO03H M = GT-I8190L OKLEFT false DIS JRO03H.I8190LUBALK4 ]
I/SA (26388): [SUR] onReceive Intent=[ android.intent.action.PACKAGE_ADDED package ]
D/dalvikvm( 2493): GC_CONCURRENT freed 391K, 12% free 9714K/10951K, paused 12ms+4ms, total 34ms
D/AndroidRuntime(18443):
D/AndroidRuntime(18443): >>>>>> AndroidRuntime START com.android.internal.os.RuntimeInit <<<<<<
D/AndroidRuntime(18443): CheckJNI is OFF
D/AndroidRuntime(18443): setted country_code = PANAMA
D/AndroidRuntime(18443): setted countryiso_code = PA
D/AndroidRuntime(18443): setted sales_code = TPA
D/AndroidRuntime(18443): readGMSProperty: start
D/AndroidRuntime(18443): readGMSProperty: already setted!!
D/AndroidRuntime(18443): readGMSProperty: end
D/dalvikvm(18443): Trying to load lib libjavacore.so 0x0
D/dalvikvm(18443): Added shared lib libjavacore.so 0x0
D/dalvikvm(18443): Trying to load lib libnativehelper.so 0x0
D/dalvikvm(18443): Added shared lib libnativehelper.so 0x0
I/SA (26388): [SUR] onReceive log=[SA = 1.3.050 V = 16 HWD = 800X480 1.5 SIZE = 2 LOCALE = en_US CSC = TPA MCC = 0 MNC 0 T = user DEVICE = golden P = goldenub I = JRO03H M = GT-I8190L OKLEFT false DIS JRO03H.I8190LUBALK4 ]
I/SA (26388): [SUR] onReceive Intent=[ action_PACKAGE_REPLACED package ]
D/AndroidRuntime(18443): Calling main entry com.android.commands.am.Am
I/power ( 2010): *** acquire_dvfs_lock : lockType : 1 freq : 1000000
I/libblt_hw( 1665): Library opened (handle = 1, fd = 43)
D/KeyguardViewMediator( 2010): setHidden false
D/KeyguardViewMediator( 2010): setHidden false
D/dalvikvm( 2010): GC_CONCURRENT freed 439K, 46% free 20884K/38471K, paused 31ms+12ms, total 155ms
D/dalvikvm( 2010): WAIT_FOR_CONCURRENT_GC blocked 114ms
D/Launcher.HomeFragment( 2290): onPause
D/Launcher( 2290): onPause, Launcher: 1109032568
D/widget ( 2290): [MSC_HERO_Accu_JB]>>> WC:1028 [0:0] onPause
D/AndroidRuntime(18443): Shutting down VM
D/dalvikvm(18443): GC_CONCURRENT freed 103K, 86% free 585K/4096K, paused 1ms+1ms, total 7ms
I/AndroidRuntime(18443): NOTE: attach of thread 'Binder_3' failed
V/TaskCloserActivity(17396): TaskCloserActivity onReceive() - com.sec.android.intent.action.HOME_PAUSE
I/dalvikvm(18458): Turning on JNI app bug workarounds for target SDK version 8...
D/Launcher( 2290): onTrimMemory. Level: 20
D/WindowManager( 2010): PhoneWindowManager: focusChangedLw
D/KeyguardViewMediator( 2010): setHidden false
D/KeyguardViewMediator( 2010): setHidden false
E/Trace (18458): error opening trace file: No such file or directory (2)
D/KeyguardViewMediator( 2010): setHidden false
D/KeyguardViewMediator( 2010): setHidden false
I/TiApplication(18458): (main) [0,0] checkpoint, app created.
I/TiApplication(18458): (main) [38,38] Titanium 3.1.0 (2013/04/15 01:43 40d2055)
D/dalvikvm(18458): GC_CONCURRENT freed 308K, 10% free 9431K/10375K, paused 2ms+2ms, total 31ms
D/dalvikvm(18458): WAIT_FOR_CONCURRENT_GC blocked 22ms
I/TiApplication(18458): (main) [110,148] Titanium Javascript runtime: v8
D/dalvikvm(18458): Trying to load lib /data/data/com.androidproject/lib/libstlport_shared.so 0x421aeaf8
D/dalvikvm(18458): Added shared lib /data/data/com.androidproject/lib/libstlport_shared.so 0x421aeaf8
D/dalvikvm(18458): No JNI_OnLoad found in /data/data/com.androidproject/lib/libstlport_shared.so 0x421aeaf8, skipping init
D/dalvikvm(18458): Trying to load lib /data/data/com.androidproject/lib/libkroll-v8.so 0x421aeaf8
D/AndroidmoduleModule(18458): (main) [8,156] inside onAppCreate
D/dalvikvm(18458): Added shared lib /data/data/com.androidproject/lib/libkroll-v8.so 0x421aeaf8
I/TiRootActivity(18458): (main) [0,0] checkpoint, on root activity create, savedInstanceState: null
D/KeyguardViewMediator( 2010): setHidden false
D/KeyguardViewMediator( 2010): setHidden false
I/libblt_hw( 1665): Library closed (handle = 0, fd = 30)
E/TiApplication(18458): (KrollRuntimeThread) [281,281] APP PROXY: ti.modules.titanium.app.AppModule@421c6ca8
D/dalvikvm(18458): Trying to load lib /data/data/com.androidproject/lib/libti.androidmodule.so 0x421aeaf8
D/dalvikvm(18458): Added shared lib /data/data/com.androidproject/lib/libti.androidmodule.so 0x421aeaf8
D/dalvikvm(18458): No JNI_OnLoad found in /data/data/com.androidproject/lib/libti.androidmodule.so 0x421aeaf8, skipping init
I/TiAPI (18458): module is => [object Object]
D/AndroidmoduleModule(18458): (KrollRuntimeThread) [188,469] example called
D/AndroidmoduleModule(18458): (KrollRuntimeThread) [13,482] get example property
I/TiAPI (18458): module exampleProp is => hello world
D/AndroidmoduleModule(18458): (KrollRuntimeThread) [0,482] set example property: This is a test value
D/ExampleProxy(18458): (KrollRuntimeThread) [9,491] example created with message: Creating an example Proxy
D/ExampleProxy(18458): (KrollRuntimeThread) [1,492] printing message: Hello world!
D/ExampleProxy(18458): (KrollRuntimeThread) [0,492] Tried setting module message to: Hi world!. It's me again.
D/ExampleProxy(18458): (KrollRuntimeThread) [0,492] printing message: Hello world!
D/dalvikvm(18458): GC_CONCURRENT freed 275K, 10% free 9558K/10503K, paused 12ms+2ms, total 32ms
D/dalvikvm(18458): GC_FOR_ALLOC freed 29K, 9% free 9593K/10503K, paused 15ms, total 15ms
I/dalvikvm-heap(18458): Grow heap (frag case) to 11.441MB for 1536016-byte allocation
D/dalvikvm(18458): GC_CONCURRENT freed 3K, 8% free 11090K/12039K, paused 2ms+1ms, total 18ms
I/power ( 2010): *** release_dvfs_lock : lockType : 1
D/dalvikvm(18458): Trying to load lib /data/data/com.androidproject/lib/libtiverify.so 0x421aeaf8
D/dalvikvm(18458): Added shared lib /data/data/com.androidproject/lib/libtiverify.so 0x421aeaf8
I/TiRootActivity(18458): (main) [0,0] checkpoint, on root activity resume. activity = com.androidproject.AndroidprojectActivity@421c9f98
I/libblt_hw( 1665): Library opened (handle = 0, fd = 27)
D/WindowManager( 2010): PhoneWindowManager: focusChangedLw
D/KeyguardViewMediator( 2010): setHidden false
V/PhoneStatusBar( 2113): setLightsOn(true)
I/ClipboardServiceEx( 2010): Send intent for dismiss clipboard dialog inside hideCurrentInputLocked() !
D/KeyguardViewMediator( 2010): setHidden false
D/KeyguardViewMediator( 2010): setHidden false
D/KeyguardViewMediator( 2010): setHidden false
D/Launcher.HomeFragment( 2290): onStop
D/Launcher( 2290): onStop, Launcher: 1109032568
E/MtpService(32371): In MTPAPP onReceive:android.intent.action.BATTERY_CHANGED
E/MtpService(32371): battPlugged Type : 2
D/KeyguardViewMediator( 2010): setHidden false
D/KeyguardViewMediator( 2010): setHidden false
I/libblt_hw( 1665): Library closed (handle = 1, fd = 43)
D/KeyguardViewMediator( 2010): setHidden false
E/MtpService(32371): In MTPAPP onReceive:android.intent.action.BATTERY_CHANGED
E/MtpService(32371): battPlugged Type : 2
D/MDnsDS ( 1677): MDnsSdListener::Monitor poll timed out
D/MDnsDS ( 1677): Going to poll with pollCount 1
D/dalvikvm(17645): GC_CONCURRENT freed 592K, 11% free 10175K/11399K, paused 3ms+2ms, total 32ms
D/Finsky (17645): [1] 5.onFinished: Installation state replication succeeded.
I/InputReader( 2010): Touch event's action is 0x0 (deviceType=0) [pCnt=1, s=0.369 ]
I/InputDispatcher( 2010): Delivering touch to current input target: action: 0x0
I/InputDispatcher( 2010): Delivering touch to current input target: action: 0x0
I/InputDispatcher( 2010): Delivering touch to current input target: action: 0x0
I/InputReader( 2010): Touch event's action is 0x1 (deviceType=0) [pCnt=1, s=]
I/InputDispatcher( 2010): Delivering touch to current input target: action: 0x1
I/InputDispatcher( 2010): Delivering touch to current input target: action: 0x1
I/InputDispatcher( 2010): Delivering touch to current input target: action: 0x1
I/AudioPolicyManagerBase( 1672): getSituationVolume: isBTConnected:0 isHeadConnected:0
V/AudioPolicyManagerBase( 1672): getParamFromPolicy deviceInt = 0, situationInt = 1, situationVolume = 1.000000
V/audio_policy_anm( 1672): audio_io_handle_t android::ap_get_output(audio_policy*, audio_stream_type_t, uint32_t, audio_format_t, uint32_t, audio_output_flags_t): tid 2004
V/AudioPolicyManagerBase( 1672): getOutput() stream 1, samplingRate 0, format 0, channelMask 3, flags 0
V/AudioPolicyManagerBase( 1672): getOutput() returns output 2
V/audio_policy_anm( 1672): audio_io_handle_t android::ap_get_output(audio_policy*, audio_stream_type_t, uint32_t, audio_format_t, uint32_t, audio_output_flags_t): tid 1985
V/AudioPolicyManagerBase( 1672): getOutput() stream 1, samplingRate 0, format 0, channelMask 3, flags 0
V/AudioPolicyManagerBase( 1672): getOutput() returns output 2
V/audio_policy_anm( 1672): audio_io_handle_t android::ap_get_output(audio_policy*, audio_stream_type_t, uint32_t, audio_format_t, uint32_t, audio_output_flags_t): tid 1672
V/AudioPolicyManagerBase( 1672): getOutput() stream 1, samplingRate 44100, format 1, channelMask 3, flags 4
V/AudioPolicyManagerBase( 1672): getOutput() returns output 2
V/AudioPolicyManagerBase( 1672): startOutput() output 2, stream 1, session 479
V/AudioPolicyManagerBase( 1672): changeRefCount() stream 1, count 1
V/AudioPolicyManagerBase( 1672): getNewDevice() selected device 2
V/AudioPolicyManagerBase( 1672): setOutputDevice() output 2 device 0002 force 0 delayMs 0
V/AudioPolicyManagerBase( 1672): setOutputDevice() prevDevice 0002
V/AudioPolicyManagerBase( 1672): setOutputDevice() setting same device 0002 or null device for output 2
I/TiAPI (18458): win_click
V/AudioPolicyManagerBase( 1672): releaseOutput() 2
I/sec_anm_ahi_output( 1672): openDevices()
V/sec_anm_organ_switcher( 1672): already: Speaker -> REF_Speaker_Playback_Music
I/sec_anm_ahi_output( 1672): adm_api: ste_adm_client_open_device(Speaker)
I/ADM ( 1694): 5: 70011013762: [STATUS] api_devset:457 Open device 'Speaker', 44100 Hz, format=2, 3 x 3904 bytes bufs
I/ADM ( 1694): 0: 70011014006: [INFO] dev:378 >>> ENTER dev_open(Speaker, vc=0, alloc_buffers=0, format=2)
I/ADM ( 1694): 3: 70011014128: [INFO] dev:306 setting /data/local/tmp/rme_act_adm to 1
I/ADM ( 1694): 8: 70011014494: [INFO] dev:347 rme alp tracker /data/local/tmp/rme_act_alp set to 0: proceeding
I/ADM ( 1694): 9: 70011014555: [INFO] dev:1684 rescan_hw_handler
I/ADM ( 1694): 0: 70011014616: [INFO] hw_handler_u8500:423 AddD2DConnections ENTER
I/ADM ( 1694): 2: 70011015318: [INFO] dev:1675 hw_handler_dev_next_d2d: DONE
I/ADM ( 1694): 7: 70011015593: [INFO] dev:1654 hw_handler_dev_next: DONE
I/ADM ( 1694): 5: 70011016050: [INFO] hw_handler_u8500:810 Query: SELECT * FROM HW_Settings WHERE (Platform = 'AB8500') AND ('REF_Speaker_Playback_Music' IN (Dev1, Dev2, Dev3, Dev4, Dev5, Dev6))ORDER BY rowid LIMIT 1
I/InputReader( 2010): Reconfiguring input devices. changes=0x00000004
I/InputReader( 2010): Device reconfigured: id=9, name='sec_touchscreen', surface size is now 480x800, mode is 1
D/PhoneApp( 2235): updateProximitySensorMode: lock already released.
I/ADM ( 1694): 5: 70011095091: [INFO] hw_handler_u8500:922 ste_adm_hw_handler_u8500: Found matching HW-settings: devices = ('REF_Speaker_Playback_Music', '', '', '', '', ''), d2dlogical-connections = ('', '', '', '').
D/KeyguardViewMediator( 2010): setHidden false
D/dalvikvm(18458): GC_FOR_ALLOC freed 31K, 8% free 11117K/12039K, paused 66ms, total 66ms
I/dalvikvm-heap(18458): Grow heap (frag case) to 12.928MB for 1536016-byte allocation
D/ClockAlarmWidgetService(17804): [ClockAlarmWidgetService] onReceive: action = android.intent.action.CONFIGURATION_CHANGED
E/ClockAlarmWidget(17804): [AlarmWidgetIdManager] getListItem() : itemIndex=0, widgetID:1
E/ClockAlarmWidget(17804): [AlarmWidgetIdManager] getListItem() : ItemIndex exceed ListItemCount. itemIndex=1
E/ClockAlarmWidget(17804): [AlarmWidgetIdManager] getListItem() : itemIndex=1, widgetID:1
D/ClockAlarmDataProvider(17804): getAlarm() - too many same ID alarm data. nCount: 0
I/ADM ( 1694): 5: 70011182341: [INFO] dev:429 Device Speaker is OUTPUT
I/ADM ( 1694): 6: 70011182432: [INFO] dev_omx:1276 Enter dev_omx_setup_graph - device=Speaker, samplerate=44100, format=2, alloc_buffers=0, is_vc=0, bufsz=0
I/ADM ( 1694): 7: 70011183043: [OMXIL] omx_log:256 45781F68: GetHandle 'OMX.ST.AFM.mixer' pAD=458644B0 pCB=4013BD60 OK
I/ADM ( 1694): 8: 70011183104: [INFO] dev_omx_graph:123 il_tool_create_component returned 0x45781F68 for OMX.ST.AFM.mixer (Common Mixer)
I/ADM ( 1694): 5: 70011183531: [OMXIL] omx_log:256 414B0008: GetHandle 'ADM.mixer' pAD=416C64B0 pCB=4013BD60 OK
I/ADM ( 1694): 7: 70011183622: [INFO] dev_omx_graph:144 il_tool_create_component returned 0x414B0008 for ADM.mixer (App Mixer)
I/ADM ( 1694): 8: 70011183683: [INFO] dev_omx:900 Extracting components for chain 0, dev ='Speaker'
I/ADM ( 1694): 4: 70011186430: [OMXIL] omx_log:256 4447F5C8: GetHandle 'OMX.ST.AFM.pcmprocessing.spl' pAD=40FEA008 pCB=4013BD60 OK
I/ADM ( 1694): 6: 70011186491: [INFO] dev_omx:940 adm_create_component returned 0x4447F5C8 for OMX.ST.AFM.pcmprocessing.spl
I/ADM ( 1694): 8: 70011186644: [OMXIL] omx_log:887 4447F5C8 [ocessing.spl]: SetParameter idx=AudioPcm
I/ADM ( 1694): 9: 70011186705: [OMXIL] omx_log:293 port=0 channels=1 eNumData=0 endian=1 interleave=1 bits=16 samplerate=48000
I/ADM ( 1694): 0: 70011186735: [OMXIL] omx_log:293 pcmMode=0 map[0]=3 map[1]=0 map[2]=0, map[3]=0, map[4]=0, map[5]=0
I/ADM ( 1694): 6: 70011187071: [OMXIL] omx_log:887 4447F5C8 [ocessing.spl]: SetParameter idx=AudioPcm
I/ADM ( 1694): 6: 70011187132: [OMXIL] omx_log:293 port=1 channels=1 eNumData=0 endian=1 interleave=1 bits=16 samplerate=48000
I/ADM ( 1694): 7: 70011187162: [OMXIL] omx_log:293 pcmMode=0 map[0]=3 map[1]=0 map[2]=0, map[3]=0, map[4]=0, map[5]=0
I/ADM ( 1694): 2: 70011187498: [OMXIL] omx_log:887 4447F5C8 [ocessing.spl]: SetParameter idx=AFM_IndexParamSpl
I/ADM ( 1694): 5: 70011187681: [OMXIL] omx_log:913 4447F5C8 [ocessing.spl]: SetConfig idx=OMX_IndexConfigSpllimit
I/ADM ( 1694): 9: 70011187864: [OMXIL] omx_log:913 4447F5C8 [ocessing.spl]: SetConfig idx=Volume
I/ADM ( 1694): 0: 70011187925: [OMXIL] omx_log:293 port=0 linear=0 volume=600 mB
I/ADM ( 1694): 3: 70011188109: [OMXIL] omx_log:913 4447F5C8 [ocessing.spl]: SetConfig idx=AFM_IndexConfigPcmProbe
I/ADM ( 1694): 6: 70011188322: [OMXIL] omx_log:887 4447F5C8 [ocessing.spl]: SetParameter idx=AFM_IndexParamHostMpcSync
I/ADM ( 1694): 7: 70011188353: [OMXIL] omx_log:293 nPortIndex=0 enabled=1
I/ADM ( 1694): 0: 70011188505: [INFO] dev_omx:900 Extracting components for chain 2, dev ='Speaker'
I/ADM ( 1694): 0: 70011189116: [OMXIL] omx_log:256 4374DE80: GetHandle 'OMX.ST.AFM.pcmprocessing.spl' pAD=41076008 pCB=4013BD60 OK
I/ADM ( 1694): 1: 70011189177: [INFO] dev_omx:940 adm_create_component returned 0x4374DE80 for OMX.ST.AFM.pcmprocessing.spl
I/ADM ( 1694): 3: 70011189329: [OMXIL] omx_log:887 4374DE80 [ocessing.spl]: SetParameter idx=AudioPcm
I/ADM ( 1694): 4: 70011189360: [OMXIL] omx_log:293 port=0 channels=1 eNumData=0 endian=1 interleave=1 bits=16 samplerate=48000
I/ADM ( 1694): 5: 70011189421: [OMXIL] omx_log:293 pcmMode=0 map[0]=3 map[1]=0 map[2]=0, map[3]=0, map[4]=0, map[5]=0
I/ADM ( 1694): 1: 70011189756: [OMXIL] omx_log:887 4374DE80 [ocessing.spl]: SetParameter idx=AudioPcm
I/ADM ( 1694): 2: 70011189817: [OMXIL] omx_log:293 port=1 channels=1 eNumData=0 endian=1 interleave=1 bits=16 samplerate=48000
I/ADM ( 1694): 2: 70011189848: [OMXIL] omx_log:293 pcmMode=0 map[0]=3 map[1]=0 map[2]=0, map[3]=0, map[4]=0, map[5]=0
D/KeyguardViewMediator( 2010): setHidden false
I/ADM ( 1694): 8: 70011203154: [OMXIL] omx_log:887 4374DE80 [ocessing.spl]: SetParameter idx=AFM_IndexParamSpl
I/ADM ( 1694): 2: 70011203398: [OMXIL] omx_log:913 4374DE80 [ocessing.spl]: SetConfig idx=OMX_IndexConfigSpllimit
I/ADM ( 1694): 6: 70011203611: [OMXIL] omx_log:913 4374DE80 [ocessing.spl]: SetConfig idx=Volume
I/ADM ( 1694): 7: 70011203672: [OMXIL] omx_log:293 port=0 linear=0 volume=200 mB
I/ADM ( 1694): 0: 70011203856: [OMXIL] omx_log:913 4374DE80 [ocessing.spl]: SetConfig idx=AFM_IndexConfigPcmProbe
D/KeyguardViewMediator( 2010): setHidden false
D/dalvikvm(18458): GC_FOR_ALLOC freed <1K, 8% free 12616K/13575K, paused 74ms, total 74ms
I/ADM ( 1694): 8: 70011230864: [OMXIL] omx_log:256 4374DF30: GetHandle 'OMX.ST.AFM.IHF' pAD=453BA958 pCB=4013BD60 OK
I/ADM ( 1694): 0: 70011230986: [OMXIL] omx_log:957 4374DF30 [X.ST.AFM.IHF]: SendCommand PortDisable 1
I/ADM ( 1694): 5: 70011231260: [OMXIL] omx_log:256 4374DF30 [X.ST.AFM.IHF]: CB CmdComplete PortDisable 1
I/ADM ( 1694): 8: 70011231474: [OMXIL] omx_log:887 4374DF30 [X.ST.AFM.IHF]: SetParameter idx=AudioPcm
I/ADM ( 1694): 9: 70011231504: [OMXIL] omx_log:293 port=0 channels=1 eNumData=0 endian=1 interleave=1 bits=16 samplerate=48000
I/ADM ( 1694): 0: 70011231566: [OMXIL] omx_log:293 pcmMode=0 map[0]=3 map[1]=0 map[2]=0, map[3]=0, map[4]=0, map[5]=0
I/ADM ( 1694): 5: 70011231901: [OMXIL] omx_log:913 4374DF30 [X.ST.AFM.IHF]: SetConfig idx=AFM_IndexConfigPcmProbe
I/ADM ( 1694): 0: 70011232115: [INFO] dev_omx:2119 2 ports on IO handle
I/ADM ( 1694): 0: 70011232176: [OMXIL] omx_log:913 4374DF30 [X.ST.AFM.IHF]: SetConfig idx=AFM_IndexConfigPcmProbe
I/ADM ( 1694): 4: 70011232359: [OMXIL] omx_log:887 45781F68 [ST.AFM.mixer]: SetParameter idx=AFM_IndexParamBindingMemoryType
I/ADM ( 1694): 4: 70011232420: [OMXIL] omx_log:293 nPortIndex=1 memoryType=TCMX
I/ADM ( 1694): 7: 70011232573: [OMXIL] omx_log:887 45781F68 [ST.AFM.mixer]: SetParameter idx=AFM_IndexParamBindingMemoryType
I/ADM ( 1694): 8: 70011232603: [OMXIL] omx_log:293 nPortIndex=0 memoryType=TCMX
I/ADM ( 1694): 2: 70011232847: [OMXIL] omx_log:887 45781F68 [ST.AFM.mixer]: SetParameter idx=AudioPcm
I/ADM ( 1694): 3: 70011232908: [OMXIL] omx_log:293 port=0 channels=1 eNumData=0 endian=1 interleave=1 bits=16 samplerate=48000
I/ADM ( 1694): 3: 70011232939: [OMXIL] omx_log:293 pcmMode=0 map[0]=3 map[1]=0 map[2]=0, map[3]=0, map[4]=0, map[5]=0
I/ADM ( 1694): 8: 70011233213: [OMXIL] omx_log:913 45781F68 [ST.AFM.mixer]: SetConfig idx=AFM_IndexConfigPcmProbe
I/ADM ( 1694): 1: 70011233397: [OMXIL] omx_log:887 45781F68 [ST.AFM.mixer]: SetParameter idx=AudioPcm
I/ADM ( 1694): 2: 70011233458: [OMXIL] omx_log:293 port=1 channels=1 eNumData=0 endian=1 interleave=1 bits=16 samplerate=48000
I/ADM ( 1694): 3: 70011233488: [OMXIL] omx_log:293 pcmMode=0 map[0]=3 map[1]=0 map[2]=0, map[3]=0, map[4]=0, map[5]=0
I/ADM ( 1694): 7: 70011233763: [OMXIL] omx_log:913 45781F68 [ST.AFM.mixer]: SetConfig idx=AFM_IndexConfigPcmProbe
I/ADM ( 1694): 1: 70011233976: [OMXIL] omx_log:887 45781F68 [ST.AFM.mixer]: SetParameter idx=AudioPcm
I/ADM ( 1694): 2: 70011234007: [OMXIL] omx_log:293 port=2 channels=2 eNumData=0 endian=1 interleave=1 bits=16 samplerate=44100
I/ADM ( 1694): 2: 70011234037: [OMXIL] omx_log:293 pcmMode=0 map[0]=1 map[1]=2 map[2]=0, map[3]=0, map[4]=0, map[5]=0
I/ADM ( 1694): 7: 70011234312: [OMXIL] omx_log:913 45781F68 [ST.AFM.mixer]: SetConfig idx=AFM_IndexConfigPcmProbe
I/ADM ( 1694): 1: 70011234587: [OMXIL] omx_log:957 45781F68 [ST.AFM.mixer]: SendCommand PortDisable 1
I/ADM ( 1694): 5: 70011234800: [OMXIL] omx_log:256 45781F68 [ST.AFM.mixer]: CB CmdComplete PortDisable 1
D/KeyguardViewMediator( 2010): setHidden false
I/ADM ( 1694): 1: 70011238707: [OMXIL] omx_log:957 45781F68 [ST.AFM.mixer]: SendCommand PortDisable 2
I/ADM ( 1694): 6: 70011239012: [OMXIL] omx_log:256 45781F68 [ST.AFM.mixer]: CB CmdComplete PortDisable 2
I/ADM ( 1694): 7: 70011240233: [OMXIL] omx_log:957 45781F68 [ST.AFM.mixer]: SendCommand PortDisable 3
I/ADM ( 1694): 9: 70011250364: [OMXIL] omx_log:256 45781F68 [ST.AFM.mixer]: CB CmdComplete PortDisable 3
I/ADM ( 1694): 6: 70011256132: [OMXIL] omx_log:957 45781F68 [ST.AFM.mixer]: SendCommand PortDisable 4
I/ADM ( 1694): 7: 70011256743: [OMXIL] omx_log:256 45781F68 [ST.AFM.mixer]: CB CmdComplete PortDisable 4
I/ADM ( 1694): 9: 70011256834: [OMXIL] omx_log:957 45781F68 [ST.AFM.mixer]: SendCommand PortDisable 5
I/ADM ( 1694): 2: 70011257078: [OMXIL] omx_log:256 45781F68 [ST.AFM.mixer]: CB CmdComplete PortDisable 5
I/ADM ( 1694): 4: 70011257170: [OMXIL] omx_log:957 45781F68 [ST.AFM.mixer]: SendCommand PortDisable 6
I/ADM ( 1694): 8: 70011257383: [OMXIL] omx_log:256 45781F68 [ST.AFM.mixer]: CB CmdComplete PortDisable 6
I/ADM ( 1694): 9: 70011257475: [OMXIL] omx_log:957 45781F68 [ST.AFM.mixer]: SendCommand PortDisable 7
I/ADM ( 1694): 3: 70011257658: [OMXIL] omx_log:256 45781F68 [ST.AFM.mixer]: CB CmdComplete PortDisable 7
I/ADM ( 1694): 4: 70011257750: [OMXIL] omx_log:957 45781F68 [ST.AFM.mixer]: SendCommand PortDisable 8
I/ADM ( 1694): 7: 70011257963: [OMXIL] omx_log:256 45781F68 [ST.AFM.mixer]: CB CmdComplete PortDisable 8
I/ADM ( 1694): 1: 70011258146: [OMXIL] omx_log:887 414B0008 [ADM.mixer ]: SetParameter idx=AudioPcm
I/ADM ( 1694): 2: 70011258177: [OMXIL] omx_log:293 port=0 channels=1 eNumData=0 endian=1 interleave=1 bits=16 samplerate=48000
D/KeyguardViewMediator( 2010): setHidden false
I/ADM ( 1694): 3: 70011258238: [OMXIL] omx_log:293 pcmMode=0 map[0]=3 map[1]=0 map[2]=0, map[3]=0, map[4]=0, map[5]=0
I/ADM ( 1694): 3: 70011258299: [OMXIL] omx_log:913 414B0008 [ADM.mixer ]: SetConfig idx=AFM_IndexConfigPcmProbe
I/ADM ( 1694): 4: 70011258360: [OMXIL] omx_log:887 414B0008 [ADM.mixer ]: SetParameter idx=AFM_IndexParamSrcMode
I/ADM ( 1694): 5: 70011258390: [OMXIL] omx_log:293 nPortIndex=0 nSrcMode=Custom1
I/ADM ( 1694): 7: 70011258482: [OMXIL] omx_log:887 414B0008 [ADM.mixer ]: SetParameter idx=AudioPcm
I/ADM ( 1694): 7: 70011258543: [OMXIL] omx_log:293 port=1 channels=2 eNumData=0 endian=1 interleave=1 bits=16 samplerate=44100
I/ADM ( 1694): 8: 70011258574: [OMXIL] omx_log:293 pcmMode=0 map[0]=1 map[1]=2 map[2]=0, map[3]=0, map[4]=0, map[5]=0
I/ADM ( 1694): 9: 70011258635: [OMXIL] omx_log:913 414B0008 [ADM.mixer ]: SetConfig idx=AFM_IndexConfigPcmProbe
I/ADM ( 1694): 0: 70011258665: [OMXIL] omx_log:887 414B0008 [ADM.mixer ]: SetParameter idx=AFM_IndexParamSrcMode
I/ADM ( 1694): 0: 70011258726: [OMXIL] omx_log:293 nPortIndex=1 nSrcMode=Custom1
I/ADM ( 1694): 1: 70011258757: [OMXIL] omx_log:887 414B0008 [ADM.mixer ]: SetParameter idx=OMX_IndexParamAudioSynchronized
I/ADM ( 1694): 2: 70011258787: [OMXIL] omx_log:293 port=1 bIsSynchronized=1
I/ADM ( 1694): 4: 70011258879: [OMXIL] omx_log:887 414B0008 [ADM.mixer ]: SetParameter idx=AudioPcm
I/ADM ( 1694): 4: 70011258940: [OMXIL] omx_log:293 port=2 channels=2 eNumData=0 endian=1 interleave=1 bits=16 samplerate=44100
I/ADM ( 1694): 5: 70011258970: [OMXIL] omx_log:293 pcmMode=0 map[0]=1 map[1]=2 map[2]=0, map[3]=0, map[4]=0, map[5]=0
I/ADM ( 1694): 6: 70011259001: [OMXIL] omx_log:913 414B0008 [ADM.mixer ]: SetConfig idx=AFM_IndexConfigPcmProbe
I/ADM ( 1694): 6: 70011259062: [OMXIL] omx_log:887 414B0008 [ADM.mixer ]: SetParameter idx=AFM_IndexParamSrcMode
I/ADM ( 1694): 7: 70011259092: [OMXIL] omx_log:293 nPortIndex=2 nSrcMode=Custom1
I/ADM ( 1694): 8: 70011259123: [OMXIL] omx_log:887 414B0008 [ADM.mixer ]: SetParameter idx=OMX_IndexParamAudioSynchronized
I/ADM ( 1694): 8: 70011259153: [OMXIL] omx_log:293 port=2 bIsSynchronized=1
I/ADM ( 1694): 0: 70011259245: [OMXIL] omx_log:887 414B0008 [ADM.mixer ]: SetParameter idx=AudioPcm
I/ADM ( 1694): 0: 70011259275: [OMXIL] omx_log:293 port=3 channels=2 eNumData=0 endian=1 interleave=1 bits=16 samplerate=44100
I/ADM ( 1694): 1: 70011259337: [OMXIL] omx_log:293 pcmMode=0 map[0]=1 map[1]=2 map[2]=0, map[3]=0, map[4]=0, map[5]=0
I/ADM ( 1694): 2: 70011259367: [OMXIL] omx_log:913 414B0008 [ADM.mixer ]: SetConfig idx=AFM_IndexConfigPcmProbe
I/ADM ( 1694): 2: 70011259428: [OMXIL] omx_log:887 414B0008 [ADM.mixer ]: SetParameter idx=AFM_IndexParamSrcMode
I/ADM ( 1694): 3: 70011259459: [OMXIL] omx_log:293 nPortIndex=3 nSrcMode=Custom1
I/ADM ( 1694): 4: 70011259489: [OMXIL] omx_log:887 414B0008 [ADM.mixer ]: SetParameter idx=OMX_IndexParamAudioSynchronized
I/ADM ( 1694): 4: 70011259550: [OMXIL] omx_log:293 port=3 bIsSynchronized=1
I/ADM ( 1694): 6: 70011259611: [OMXIL] omx_log:887 414B0008 [ADM.mixer ]: SetParameter idx=AudioPcm
I/ADM ( 1694): 6: 70011259672: [OMXIL] omx_log:293 port=4 channels=2 eNumData=0 endian=1 interleave=1 bits=16 samplerate=44100
I/ADM ( 1694): 7: 70011259703: [OMXIL] omx_log:293 pcmMode=0 map[0]=1 map[1]=2 map[2]=0, map[3]=0, map[4]=0, map[5]=0
I/ADM ( 1694): 8: 70011259764: [OMXIL] omx_log:913 414B0008 [ADM.mixer ]: SetConfig idx=AFM_IndexConfigPcmProbe
I/ADM ( 1694): 9: 70011259794: [OMXIL] omx_log:887 414B0008 [ADM.mixer ]: SetParameter idx=AFM_IndexParamSrcMode
I/ADM ( 1694): 0: 70011259825: [OMXIL] omx_log:293 nPortIndex=4 nSrcMode=Custom1
I/ADM ( 1694): 0: 70011259886: [OMXIL] omx_log:887 414B0008 [ADM.mixer ]: SetParameter idx=OMX_IndexParamAudioSynchronized
I/ADM ( 1694): 1: 70011259916: [OMXIL] omx_log:293 port=4 bIsSynchronized=1
I/ADM ( 1694): 5: 70011260161: [OMXIL] omx_log:887 414B0008 [ADM.mixer ]: SetParameter idx=AudioPcm
I/ADM ( 1694): 6: 70011260222: [OMXIL] omx_log:293 port=5 channels=2 eNumData=0 endian=1 interleave=1 bits=16 samplerate=44100
I/ADM ( 1694): 7: 70011260252: [OMXIL] omx_log:293 pcmMode=0 map[0]=1 map[1]=2 map[2]=0, map[3]=0, map[4]=0, map[5]=0
I/ADM ( 1694): 7: 70011260283: [OMXIL] omx_log:913 414B0008 [ADM.mixer ]: SetConfig idx=AFM_IndexConfigPcmProbe
I/ADM ( 1694): 8: 70011260344: [OMXIL] omx_log:887 414B0008 [ADM.mixer ]: SetParameter idx=AFM_IndexParamSrcMode
I/ADM ( 1694): 9: 70011260374: [OMXIL] omx_log:293 nPortIndex=5 nSrcMode=Custom1
I/ADM ( 1694): 9: 70011260435: [OMXIL] omx_log:887 414B0008 [ADM.mixer ]: SetParameter idx=OMX_IndexParamAudioSynchronized
I/ADM ( 1694): 0: 70011260466: [OMXIL] omx_log:293 port=5 bIsSynchronized=1
I/ADM ( 1694): 1: 70011260557: [OMXIL] omx_log:887 414B0008 [ADM.mixer ]: SetParameter idx=AudioPcm
I/ADM ( 1694): 2: 70011260588: [OMXIL] omx_log:293 port=6 channels=2 eNumData=0 endian=1 interleave=1 bits=16 samplerate=44100
I/ADM ( 1694): 3: 70011260618: [OMXIL] omx_log:293 pcmMode=0 map[0]=1 map[1]=2 map[2]=0, map[3]=0, map[4]=0, map[5]=0
I/ADM ( 1694): 4: 70011260649: [OMXIL] omx_log:913 414B0008 [ADM.mixer ]: SetConfig idx=AFM_IndexConfigPcmProbe
I/ADM ( 1694): 4: 70011260710: [OMXIL] omx_log:887 414B0008 [ADM.mixer ]: SetParameter idx=AFM_IndexParamSrcMode
I/ADM ( 1694): 5: 70011260740: [OMXIL] omx_log:293 nPortIndex=6 nSrcMode=Custom1
I/ADM ( 1694): 6: 70011260771: [OMXIL] omx_log:887 414B0008 [ADM.mixer ]: SetParameter idx=OMX_IndexParamAudioSynchronized
I/ADM ( 1694): 6: 70011260801: [OMXIL] omx_log:293 port=6 bIsSynchronized=1
I/ADM ( 1694): 7: 70011260893: [OMXIL] omx_log:887 414B0008 [ADM.mixer ]: SetParameter idx=AudioPcm
I/ADM ( 1694): 8: 70011260923: [OMXIL] omx_log:293 port=7 channels=2 eNumData=0 endian=1 interleave=1 bits=16 samplerate=44100
I/ADM ( 1694): 9: 70011260954: [OMXIL] omx_log:293 pcmMode=0 map[0]=1 map[1]=2 map[2]=0, map[3]=0, map[4]=0, map[5]=0
I/ADM ( 1694): 9: 70011261015: [OMXIL] omx_log:913 414B0008 [ADM.mixer ]: SetConfig idx=AFM_IndexConfigPcmProbe
I/ADM ( 1694): 0: 70011261046: [OMXIL] omx_log:887 414B0008 [ADM.mixer ]: SetParameter idx=AFM_IndexParamSrcMode
I/ADM ( 1694): 1: 70011261076: [OMXIL] omx_log:293 nPortIndex=7 nSrcMode=Custom1
I/ADM ( 1694): 1: 70011261137: [OMXIL] omx_log:887 414B0008 [ADM.mixer ]: SetParameter idx=OMX_IndexParamAudioSynchronized
I/ADM ( 1694): 2: 70011261168: [OMXIL] omx_log:293 port=7 bIsSynchronized=1
I/ADM ( 1694): 3: 70011261229: [OMXIL] omx_log:887 414B0008 [ADM.mixer ]: SetParameter idx=AudioPcm
I/ADM ( 1694): 4: 70011261259: [OMXIL] omx_log:293 port=8 channels=2 eNumData=0 endian=1 interleave=1 bits=16 samplerate=44100
I/ADM ( 1694): 4: 70011261320: [OMXIL] omx_log:293 pcmMode=0 map[0]=1 map[1]=2 map[2]=0, map[3]=0, map[4]=0, map[5]=0
I/ADM ( 1694): 5: 70011261351: [OMXIL] omx_log:913 414B0008 [ADM.mixer ]: SetConfig idx=AFM_IndexConfigPcmProbe
I/ADM ( 1694): 6: 70011261381: [OMXIL] omx_log:887 414B0008 [ADM.mixer ]: SetParameter idx=AFM_IndexParamSrcMode
I/ADM ( 1694): 6: 70011261442: [OMXIL] omx_log:293 nPortIndex=8 nSrcMode=Custom1
I/ADM ( 1694): 7: 70011261473: [OMXIL] omx_log:887 414B0008 [ADM.mixer ]: SetParameter idx=OMX_IndexParamAudioSynchronized
I/ADM ( 1694): 8: 70011261503: [OMXIL] omx_log:293 port=8 bIsSynchronized=1
I/ADM ( 1694): 9: 70011261534: [OMXIL] omx_log:957 414B0008 [ADM.mixer ]: SendCommand PortDisable 1
I/ADM ( 1694): 0: 70011261595: [OMXIL] omx_log:256 414B0008 [ADM.mixer ]: CB CmdComplete PortDisable 1
I/ADM ( 1694): 0: 70011261656: [OMXIL] omx_log:957 414B0008 [ADM.mixer ]: SendCommand PortDisable 2
I/ADM ( 1694): 1: 70011261686: [OMXIL] omx_log:256 414B0008 [ADM.mixer ]: CB CmdComplete PortDisable 2
I/ADM ( 1694): 2: 70011261747: [OMXIL] omx_log:957 414B0008 [ADM.mixer ]: SendCommand PortDisable 3
I/ADM ( 1694): 3: 70011261778: [OMXIL] omx_log:256 414B0008 [ADM.mixer ]: CB CmdComplete PortDisable 3
I/ADM ( 1694): 3: 70011261839: [OMXIL] omx_log:957 414B0008 [ADM.mixer ]: SendCommand PortDisable 4
I/ADM ( 1694): 4: 70011261869: [OMXIL] omx_log:256 414B0008 [ADM.mixer ]: CB CmdComplete PortDisable 4
I/ADM ( 1694): 5: 70011261900: [OMXIL] omx_log:957 414B0008 [ADM.mixer ]: SendCommand PortDisable 5
I/ADM ( 1694): 5: 70011261961: [OMXIL] omx_log:256 414B0008 [ADM.mixer ]: CB CmdComplete PortDisable 5
I/ADM ( 1694): 6: 70011261992: [OMXIL] omx_log:957 414B0008 [ADM.mixer ]: SendCommand PortDisable 6
I/ADM ( 1694): 7: 70011262053: [OMXIL] omx_log:256 414B0008 [ADM.mixer ]: CB CmdComplete PortDisable 6
I/ADM ( 1694): 8: 70011262083: [OMXIL] omx_log:957 414B0008 [ADM.mixer ]: SendCommand PortDisable 7
I/ADM ( 1694): 8: 70011262144: [OMXIL] omx_log:256 414B0008 [ADM.mixer ]: CB CmdComplete PortDisable 7
I/ADM ( 1694): 9: 70011262175: [OMXIL] omx_log:957 414B0008 [ADM.mixer ]: SendCommand PortDisable 8
I/ADM ( 1694): 0: 70011262236: [OMXIL] omx_log:256 414B0008 [ADM.mixer ]: CB CmdComplete PortDisable 8
I/ADM ( 1694): 1: 70011262266: [OMXIL] omx_log:887 414B0008 [ADM.mixer ]: SetParameter idx=PortDefinition
I/ADM ( 1694): 1: 70011262327: [OMXIL] omx_log:293 port=0 dir=1 act=3 min=3 sz=3072 enabled=1 pop=0 domain=0 bcont=0 align=0
I/ADM ( 1694): 3: 70011262358: [OMXIL] omx_log:293 mime=(null) natread=0 conceal=0 encoding=2
I/ADM ( 1694): 5: 70011262480: [OMXIL] omx_log:887 4447F5C8 [ocessing.spl]: SetParameter idx=PortDefinition
I/ADM ( 1694): 5: 70011262510: [OMXIL] omx_log:293 port=0 dir=0 act=2 min=2 sz=3072 enabled=1 pop=0 domain=0 bcont=0 align=112
I/ADM ( 1694): 6: 70011262571: [OMXIL] omx_log:293 mime=(null) natread=0 conceal=0 encoding=2
I/ADM ( 1694): 2: 70011262938: [OMXIL] omx_log:887 4447F5C8 [ocessing.spl]: SetParameter idx=PortDefinition
I/ADM ( 1694): 3: 70011262999: [OMXIL] omx_log:293 port=1 dir=1 act=2 min=2 sz=3072 enabled=1 pop=0 domain=0 bcont=0 align=112
I/ADM ( 1694): 3: 70011263029: [OMXIL] omx_log:293 mime=(null) natread=0 conceal=0 encoding=2
I/ADM ( 1694): 9: 70011263334: [OMXIL] omx_log:887 45781F68 [ST.AFM.mixer]: SetParameter idx=PortDefinition
I/ADM ( 1694): 0: 70011263395: [OMXIL] omx_log:293 port=1 dir=0 act=3 min=2 sz=3072 enabled=0 pop=0 domain=0 bcont=0 align=1095433912
I/ADM ( 1694): 1: 70011263426: [OMXIL] omx_log:293 mime=(null) natread=0 conceal=0 encoding=2
E/ENSWrapper( 1694): return OMX_ErrorNotImplemented - GetExtensionIndex OMX.ST.AFM.pcmprocessing.spl h=0x4447f5c8 cParameterName=STE.ADM IndexType=unknown OMX_INDEXTYPE [ 0x7212df47 ]
D/dalvikvm(18458): GC_CONCURRENT freed 2K, 8% free 12614K/13575K, paused 13ms+2ms, total 48ms
I/ADM ( 1694): 8: 70011278685: [OMXIL] omx_log:256 SetupTunnel 414B0008[ADM.mixer].0 -> 4447F5C8[ocessing.spl].0 --> OK
I/ADM ( 1694): 1: 70011278776: [OMXIL] omx_log:957 4447F5C8 [ocessing.spl]: SendCommand PortDisable 1
I/ADM ( 1694): 5: 70011279020: [OMXIL] omx_log:256 4447F5C8 [ocessing.spl]: CB CmdComplete PortDisable 1
I/ADM ( 1694): 7: 70011280363: [OMXIL] omx_log:256 SetupTunnel 4374DE80[ocessing.spl].1 -> 4374DF30[X.ST.AFM.IHF].0 --> OK
I/ADM ( 1694): 4: 70011281370: [OMXIL] omx_log:256 SetupTunnel 45781F68[ST.AFM.mixer].0 -> 4374DE80[ocessing.spl].0 --> OK
I/ADM ( 1694): 5: 70011281431: [OMXIL] omx_log:954 4374DF30 [X.ST.AFM.IHF]: SendCommand StateSet StateIdle
I/ADM ( 1694): 2: 70011281920: [OMXIL] omx_log:954 4374DE80 [ocessing.spl]: SendCommand StateSet StateIdle
I/ADM ( 1694): 1: 70011286009: [OMXIL] omx_log:954 45781F68 [ST.AFM.mixer]: SendCommand StateSet StateIdle
I/ADM ( 1694): 5: 70011287870: [OMXIL] omx_log:954 4447F5C8 [ocessing.spl]: SendCommand StateSet StateIdle
I/ADM ( 1694): 9: 70011288145: [OMXIL] omx_log:954 414B0008 [ADM.mixer ]: SendCommand StateSet StateIdle
I/ADM ( 1694): 7: 70011289213: [OMXIL] omx_log:256 414B0008 [ADM.mixer ]: CB CmdComplete StateSet StateIdle
I/libblt_hw( 1665): Library opened (handle = 1, fd = 29)
D/KeyguardViewMediator( 2010): setHidden false
I/libblt_hw( 1665): Library closed (handle = 0, fd = 27)
D/KeyguardViewMediator( 2010): setHidden false
D/KeyguardViewMediator( 2010): setHidden false
I/ADM ( 1694): 7: 70011329283: [OMXIL] omx_log:256 4374DF30 [X.ST.AFM.IHF]: CB CmdComplete StateSet StateIdle
I/ADM ( 1694): 4: 70011340330: [OMXIL] omx_log:256 4374DE80 [ocessing.spl]: CB CmdComplete StateSet StateIdle
I/ADM ( 1694): 9: 70011349455: [OMXIL] omx_log:256 45781F68 [ST.AFM.mixer]: CB CmdComplete StateSet StateIdle
I/ADM ( 1694): 0: 70011359526: [OMXIL] omx_log:256 4447F5C8 [ocessing.spl]: CB CmdComplete StateSet StateIdle
I/ADM ( 1694): 6: 70011359831: [OMXIL] omx_log:954 4374DF30 [X.ST.AFM.IHF]: SendCommand StateSet StateExecuting
I/ADM ( 1694): 7: 70011362272: [OMXIL] omx_log:256 4374DF30 [X.ST.AFM.IHF]: CB CmdComplete StateSet StateExecuting
I/ADM ( 1694): 6: 70011362364: [OMXIL] omx_log:954 4374DE80 [ocessing.spl]: SendCommand StateSet StateExecuting
I/ADM ( 1694): 6: 70011362852: [OMXIL] omx_log:256 4374DE80 [ocessing.spl]: CB CmdComplete StateSet StateExecuting
I/ADM ( 1694): 5: 70011362913: [OMXIL] omx_log:954 45781F68 [ST.AFM.mixer]: SendCommand StateSet StateExecuting
I/ADM ( 1694): 5: 70011363371: [OMXIL] omx_log:256 45781F68 [ST.AFM.mixer]: CB CmdComplete StateSet StateExecuting
I/ADM ( 1694): 5: 70011363432: [OMXIL] omx_log:954 4447F5C8 [ocessing.spl]: SendCommand StateSet StateExecuting
I/ADM ( 1694): 3: 70011363859: [OMXIL] omx_log:256 4447F5C8 [ocessing.spl]: CB CmdComplete StateSet StateExecuting
I/ADM ( 1694): 2: 70011363920: [OMXIL] omx_log:954 414B0008 [ADM.mixer ]: SendCommand StateSet StateExecuting
I/ADM ( 1694): 6: 70011363981: [OMXIL] omx_log:256 414B0008 [ADM.mixer ]: CB CmdComplete StateSet StateExecuting
I/ADM ( 1694): 0: 70011364256: [OMXIL] omx_log:887 45781F68 [ST.AFM.mixer]: SetParameter idx=OMX_IndexParamAudioSynchronized
I/ADM ( 1694): 1: 70011364286: [OMXIL] omx_log:293 port=1 bIsSynchronized=1
I/ADM ( 1694): 6: 70011364592: [OMXIL] omx_log:887 4447F5C8 [ocessing.spl]: SetParameter idx=AudioPcm
I/ADM ( 1694): 7: 70011364653: [OMXIL] omx_log:293 port=1 channels=1 eNumData=0 endian=1 interleave=1 bits=16 samplerate=48000
I/ADM ( 1694): 7: 70011364683: [OMXIL] omx_log:293 pcmMode=0 map[0]=3 map[1]=0 map[2]=0, map[3]=0, map[4]=0, map[5]=0
I/ADM ( 1694): 2: 70011364927: [OMXIL] omx_log:887 45781F68 [ST.AFM.mixer]: SetParameter idx=AudioPcm
I/ADM ( 1694): 3: 70011364958: [OMXIL] omx_log:293 port=1 channels=1 eNumData=0 endian=1 interleave=1 bits=16 samplerate=48000
I/ADM ( 1694): 3: 70011365019: [OMXIL] omx_log:293 pcmMode=0 map[0]=3 map[1]=0 map[2]=0, map[3]=0, map[4]=0, map[5]=0
I/ADM ( 1694): 0: 70011365965: [OMXIL] omx_log:256 SetupTunnel 4447F5C8[ocessing.spl].1 -> 45781F68[ST.AFM.mixer].1 --> OK
I/ADM ( 1694): 1: 70011366056: [OMXIL] omx_log:957 45781F68 [ST.AFM.mixer]: SendCommand PortEnable 1
I/ADM ( 1694): 8: 70011367064: [OMXIL] omx_log:256 45781F68 [ST.AFM.mixer]: CB CmdComplete PortEnable 1
I/ADM ( 1694): 9: 70011367155: [OMXIL] omx_log:957 4447F5C8 [ocessing.spl]: SendCommand PortEnable 1
I/ADM ( 1694): 4: 70011370359: [OMXIL] omx_log:256 4447F5C8 [ocessing.spl]: CB CmdComplete PortEnable 1
I/ADM ( 1694): 4: 70011372129: [OMXIL] omx_log:573 Unknown index (not all mapped): 0x7F00600B
I/ADM ( 1694): 5: 70011372191: [INFO] dev:501 open dev OK, device handle: 101
I/ADM ( 1694): 6: 70011372221: [INFO] dev:512 >>> LEAVE dev_open(Speaker, 0) --> 101 0
I/ADM ( 1694): 7: 70011372313: [INFO] dev:306 setting /data/local/tmp/rme_act_adm to 0
I/ADM ( 1694): 3: 70011373228: [OMXIL] omx_log:256 40FF2008: GetHandle 'ADM.splitter' pAD=40049958 pCB=4013BD60 OK
I/ADM ( 1694): 4: 70011373320: [OMXIL] omx_log:887 40FF2008 [ADM.splitter]: SetParameter idx=AudioPcm
I/ADM ( 1694): 5: 70011373350: [OMXIL] omx_log:293 port=0 channels=2 eNumData=0 endian=1 interleave=1 bits=16 samplerate=44100
I/ADM ( 1694): 5: 70011373411: [OMXIL] omx_log:293 pcmMode=0 map[0]=1 map[1]=2 map[2]=0, map[3]=0, map[4]=0, map[5]=0
I/ADM ( 1694): 7: 70011373442: [OMXIL] omx_log:887 40FF2008 [ADM.splitter]: SetParameter idx=AudioPcm
I/ADM ( 1694): 7: 70011373472: [OMXIL] omx_log:293 port=1 channels=2 eNumData=0 endian=1 interleave=1 bits=16 samplerate=44100
I/ADM ( 1694): 8: 70011373533: [OMXIL] omx_log:293 pcmMode=0 map[0]=1 map[1]=2 map[2]=0, map[3]=0, map[4]=0, map[5]=0
I/ADM ( 1694): 9: 70011373564: [OMXIL] omx_log:957 40FF2008 [ADM.splitter]: SendCommand PortDisable 0
I/ADM ( 1694): 9: 70011373625: [OMXIL] omx_log:256 40FF2008 [ADM.splitter]: CB CmdComplete PortDisable 0
I/ADM ( 1694): 0: 70011373655: [OMXIL] omx_log:957 40FF2008 [ADM.splitter]: SendCommand PortDisable 1
I/ADM ( 1694): 1: 70011373716: [OMXIL] omx_log:256 40FF2008 [ADM.splitter]: CB CmdComplete PortDisable 1
I/ADM ( 1694): 2: 70011373777: [OMXIL] omx_log:957 40FF2008 [ADM.splitter]: SendCommand PortDisable 2
I/ADM ( 1694): 2: 70011373808: [OMXIL] omx_log:256 40FF2008 [ADM.splitter]: CB CmdComplete PortDisable 2
I/ADM ( 1694): 3: 70011373838: [OMXIL] omx_log:887 40FF2008 [ADM.splitter]: SetParameter idx=OMX_IndexParamAudioSynchronized
I/ADM ( 1694): 4: 70011373900: [OMXIL] omx_log:293 port=1 bIsSynchronized=1
I/ADM ( 1694): 4: 70011373930: [OMXIL] omx_log:887 40FF2008 [ADM.splitter]: SetParameter idx=OMX_IndexParamAudioSynchronized
I/ADM ( 1694): 5: 70011373961: [OMXIL] omx_log:293 port=2 bIsSynchronized=1
I/ADM ( 1694): 6: 70011373991: [OMXIL] omx_log:954 40FF2008 [ADM.splitter]: SendCommand StateSet StateIdle
I/ADM ( 1694): 6: 70011374052: [OMXIL] omx_log:256 40FF2008 [ADM.splitter]: CB CmdComplete StateSet StateIdle
I/ADM ( 1694): 7: 70011374083: [OMXIL] omx_log:954 40FF2008 [ADM.splitter]: SendCommand StateSet StateExecuting
I/ADM ( 1694): 8: 70011374144: [OMXIL] omx_log:256 40FF2008 [ADM.splitter]: CB CmdComplete StateSet StateExecuting
I/ADM ( 1694): 9: 70011374174: [OMXIL] omx_log:887 40FF2008 [ADM.splitter]: SetParameter idx=PortDefinition
