05-15 07:26:56.774: E/LocSvc_adapter(397): I/Exiting int32 loc_event_cb(void*, rpc_loc_client_handle_type, rpc_loc_event_mask_type, const rpc_loc_event_payload_u_type*) line 73 0
05-15 07:26:56.774: D/RPC(397): 3100008c:327681 sending RPC reply (XID 112924)
05-15 07:26:56.904: D/FStest(690): check default
05-15 07:26:56.914: E/LocSvc_adapter(397): I/<--- int32 loc_event_cb(void*, rpc_loc_client_handle_type, rpc_loc_event_mask_type, const rpc_loc_event_payload_u_type*) line 70 RPC_LOC_EVENT_PARSED_POSITION_REPORT
05-15 07:26:56.914: E/LocSvc_api_rpc_glue(397): D/Session status: RPC_LOC_SESS_STATUS_IN_PROGESS Valid mask: 0x61ED
05-15 07:26:56.914: E/LocSvc_api_rpc_glue(397): D/Accuracy: 0.0000000
05-15 07:26:56.914: E/LocSvc_adapter(397): I/Exiting int32 loc_event_cb(void*, rpc_loc_client_handle_type, rpc_loc_event_mask_type, const rpc_loc_event_payload_u_type*) line 73 0
05-15 07:26:56.914: E/LocSvc_eng(397): D/void loc_eng_deferred_action_thread(void*):1383] received msg_id = LOC_ENG_MSG_REPORT_POSITION context = 0x1dcb910
05-15 07:26:56.914: D/RPC(397): 3000008c:00050000 received CALL.
05-15 07:26:56.914: D/RPC(397): 3000008c:00050000 dispatching RPC call (XID 112925, xdr 0x1cd52c8) for callback client 3100008c:00050001.
05-15 07:26:56.914: D/RPC(397): 3100008c:327681 sending RPC reply (XID 112925)
05-15 07:26:57.084: D/STATUSBAR-NetworkController(515): onReceive() - RSSI_CHANGED_ACTION, WIFI_STATE, NETWORK_STATE
05-15 07:26:57.685: D/RPC(397): 3000008c:00050000 received CALL.
05-15 07:26:57.735: D/RPC(397): 3000008c:00050000 dispatching RPC call (XID 112926, xdr 0x1cd52c8) for callback client 3100008c:00050001.
05-15 07:26:57.745: D/FStest(690): check default
05-15 07:26:57.745: E/LocSvc_adapter(397): I/<--- int32 loc_event_cb(void*, rpc_loc_client_handle_type, rpc_loc_event_mask_type, const rpc_loc_event_payload_u_type*) line 70 RPC_LOC_EVENT_NMEA_1HZ_REPORT
05-15 07:26:57.745: E/LocSvc_eng(397): D/void loc_eng_deferred_action_thread(void*):1383] received msg_id = LOC_ENG_MSG_REPORT_NMEA context = 0x1dcb910
05-15 07:26:57.745: E/LocSvc_eng(397): I/<=== nmea_cb line 1559 0x2370960
05-15 07:26:57.755: E/LocSvc_adapter(397): D/loc_eng_report_nmea: $GSV
05-15 07:26:57.755: E/LocSvc_adapter(397): I/Exiting int32 loc_event_cb(void*, rpc_loc_client_handle_type, rpc_loc_event_mask_type, const rpc_loc_event_payload_u_type*) line 73 0
05-15 07:26:57.755: E/LocSvc_adapter(397): I/<--- int32 loc_event_cb(void*, rpc_loc_client_handle_type, rpc_loc_event_mask_type, const rpc_loc_event_payload_u_type*) line 70 RPC_LOC_EVENT_NMEA_1HZ_REPORT
05-15 07:26:57.755: E/LocSvc_eng(397): D/void loc_eng_deferred_action_thread(void*):1383] received msg_id = LOC_ENG_MSG_REPORT_NMEA context = 0x1dcb910
05-15 07:26:57.755: E/LocSvc_eng(397): I/<=== nmea_cb line 1559 0x2370960
05-15 07:26:57.755: D/RPC(397): 3100008c:327681 sending RPC reply (XID 112926)
05-15 07:26:57.755: D/RPC(397): 3000008c:00050000 received CALL.
05-15 07:26:57.755: D/RPC(397): 3000008c:00050000 dispatching RPC call (XID 112927, xdr 0x1cd52c8) for callback client 3100008c:00050001.
05-15 07:26:57.765: E/LocSvc_adapter(397): D/loc_eng_report_nmea: $GSV
05-15 07:26:57.765: E/LocSvc_adapter(397): I/Exiting int32 loc_event_cb(void*, rpc_loc_client_handle_type, rpc_loc_event_mask_type, const rpc_loc_event_payload_u_type*) line 73 0
05-15 07:26:57.765: D/RPC(397): 3100008c:327681 sending RPC reply (XID 112927)
05-15 07:26:57.775: D/RPC(397): 3000008c:00050000 received CALL.
05-15 07:26:57.775: E/LocSvc_adapter(397): I/<--- int32 loc_event_cb(void*, rpc_loc_client_handle_type, rpc_loc_event_mask_type, const rpc_loc_event_payload_u_type*) line 70 RPC_LOC_EVENT_NMEA_1HZ_REPORT
05-15 07:26:57.775: E/LocSvc_eng(397): D/void loc_eng_deferred_action_thread(void*):1383] received msg_id = LOC_ENG_MSG_REPORT_NMEA context = 0x1dcb910
05-15 07:26:57.775: E/LocSvc_eng(397): I/<=== nmea_cb line 1559 0x22d98f0
05-15 07:26:57.775: E/LocSvc_adapter(397): D/loc_eng_report_nmea: $GSV
05-15 07:26:57.775: E/LocSvc_adapter(397): I/Exiting int32 loc_event_cb(void*, rpc_loc_client_handle_type, rpc_loc_event_mask_type, const rpc_loc_event_payload_u_type*) line 73 0
05-15 07:26:57.775: E/LocSvc_adapter(397): I/<--- int32 loc_event_cb(void*, rpc_loc_client_handle_type, rpc_loc_event_mask_type, const rpc_loc_event_payload_u_type*) line 70 RPC_LOC_EVENT_NMEA_1HZ_REPORT
05-15 07:26:57.775: D/RPC(397): 3000008c:00050000 dispatching RPC call (XID 112928, xdr 0x1cd52c8) for callback client 3100008c:00050001.
05-15 07:26:57.775: D/RPC(397): 3100008c:327681 sending RPC reply (XID 112928)
05-15 07:26:57.775: D/RPC(397): 3000008c:00050000 received CALL.
05-15 07:26:57.775: D/RPC(397): 3000008c:00050000 dispatching RPC call (XID 112929, xdr 0x1cd52c8) for callback client 3100008c:00050001.
05-15 07:26:57.785: E/LocSvc_eng(397): D/void loc_eng_deferred_action_thread(void*):1383] received msg_id = LOC_ENG_MSG_REPORT_NMEA context = 0x1dcb910
05-15 07:26:57.785: E/LocSvc_eng(397): I/<=== nmea_cb line 1559 0x22d9528
05-15 07:26:57.785: E/LocSvc_adapter(397): D/loc_eng_report_nmea: $GSV
05-15 07:26:57.785: E/LocSvc_adapter(397): I/Exiting int32 loc_event_cb(void*, rpc_loc_client_handle_type, rpc_loc_event_mask_type, const rpc_loc_event_payload_u_type*) line 73 0
05-15 07:26:57.785: D/RPC(397): 3100008c:327681 sending RPC reply (XID 112929)
05-15 07:26:57.795: D/RPC(397): 3000008c:00050000 received CALL.
05-15 07:26:57.795: E/LocSvc_adapter(397): I/<--- int32 loc_event_cb(void*, rpc_loc_client_handle_type, rpc_loc_event_mask_type, const rpc_loc_event_payload_u_type*) line 70 RPC_LOC_EVENT_NMEA_1HZ_REPORT
05-15 07:26:57.795: E/LocSvc_eng(397): D/void loc_eng_deferred_action_thread(void*):1383] received msg_id = LOC_ENG_MSG_REPORT_NMEA context = 0x1dcb910
05-15 07:26:57.795: E/LocSvc_eng(397): I/<=== nmea_cb line 1559 0x2370960
05-15 07:26:57.795: E/LocSvc_adapter(397): D/loc_eng_report_nmea: $GSV
05-15 07:26:57.795: E/LocSvc_adapter(397): I/Exiting int32 loc_event_cb(void*, rpc_loc_client_handle_type, rpc_loc_event_mask_type, const rpc_loc_event_payload_u_type*) line 73 0
05-15 07:26:57.795: E/LocSvc_adapter(397): I/<--- int32 loc_event_cb(void*, rpc_loc_client_handle_type, rpc_loc_event_mask_type, const rpc_loc_event_payload_u_type*) line 70 RPC_LOC_EVENT_NMEA_1HZ_REPORT
05-15 07:26:57.795: D/RPC(397): 3000008c:00050000 dispatching RPC call (XID 112930, xdr 0x1cd52c8) for callback client 3100008c:00050001.
05-15 07:26:57.795: D/RPC(397): 3100008c:327681 sending RPC reply (XID 112930)
05-15 07:26:57.795: D/RPC(397): 3000008c:00050000 received CALL.
05-15 07:26:57.795: D/RPC(397): 3000008c:00050000 dispatching RPC call (XID 112931, xdr 0x1cd52c8) for callback client 3100008c:00050001.
05-15 07:26:57.805: E/LocSvc_eng(397): D/void loc_eng_deferred_action_thread(void*):1383] received msg_id = LOC_ENG_MSG_REPORT_NMEA context = 0x1dcb910
05-15 07:26:57.805: E/LocSvc_eng(397): I/<=== nmea_cb line 1559 0x2370960
05-15 07:26:57.805: E/LocSvc_adapter(397): D/loc_eng_report_nmea: $GSV
05-15 07:26:57.805: E/LocSvc_adapter(397): I/Exiting int32 loc_event_cb(void*, rpc_loc_client_handle_type, rpc_loc_event_mask_type, const rpc_loc_event_payload_u_type*) line 73 0
05-15 07:26:57.805: E/LocSvc_adapter(397): I/<--- int32 loc_event_cb(void*, rpc_loc_client_handle_type, rpc_loc_event_mask_type, const rpc_loc_event_payload_u_type*) line 70 RPC_LOC_EVENT_NMEA_1HZ_REPORT
05-15 07:26:57.805: E/LocSvc_eng(397): D/void loc_eng_deferred_action_thread(void*):1383] received msg_id = LOC_ENG_MSG_REPORT_NMEA context = 0x1dcb910
05-15 07:26:57.805: E/LocSvc_eng(397): I/<=== nmea_cb line 1559 0x22d98f0
05-15 07:26:57.805: D/RPC(397): 3100008c:327681 sending RPC reply (XID 112931)
05-15 07:26:57.805: D/RPC(397): 3000008c:00050000 received CALL.
05-15 07:26:57.805: D/RPC(397): 3000008c:00050000 dispatching RPC call (XID 112932, xdr 0x1cd52c8) for callback client 3100008c:00050001.
05-15 07:26:57.815: E/LocSvc_adapter(397): D/loc_eng_report_nmea: $GSV
05-15 07:26:57.815: E/LocSvc_adapter(397): I/Exiting int32 loc_event_cb(void*, rpc_loc_client_handle_type, rpc_loc_event_mask_type, const rpc_loc_event_payload_u_type*) line 73 0
05-15 07:26:57.815: E/LocSvc_adapter(397): I/<--- int32 loc_event_cb(void*, rpc_loc_client_handle_type, rpc_loc_event_mask_type, const rpc_loc_event_payload_u_type*) line 70 RPC_LOC_EVENT_NMEA_1HZ_REPORT
05-15 07:26:57.815: E/LocSvc_eng(397): D/void loc_eng_deferred_action_thread(void*):1383] received msg_id = LOC_ENG_MSG_REPORT_NMEA context = 0x1dcb910
05-15 07:26:57.815: E/LocSvc_eng(397): I/<=== nmea_cb line 1559 0x1fca170
05-15 07:26:57.815: D/RPC(397): 3100008c:327681 sending RPC reply (XID 112932)
05-15 07:26:57.815: D/RPC(397): 3000008c:00050000 received CALL.
05-15 07:26:57.815: D/RPC(397): 3000008c:00050000 dispatching RPC call (XID 112933, xdr 0x1cd52c8) for callback client 3100008c:00050001.
05-15 07:26:57.825: E/LocSvc_adapter(397): D/loc_eng_report_nmea: $GGA
05-15 07:26:57.825: E/LocSvc_adapter(397): I/Exiting int32 loc_event_cb(void*, rpc_loc_client_handle_type, rpc_loc_event_mask_type, const rpc_loc_event_payload_u_type*) line 73 0
05-15 07:26:57.825: E/LocSvc_adapter(397): I/<--- int32 loc_event_cb(void*, rpc_loc_client_handle_type, rpc_loc_event_mask_type, const rpc_loc_event_payload_u_type*) line 70 RPC_LOC_EVENT_NMEA_1HZ_REPORT
05-15 07:26:57.825: E/LocSvc_eng(397): D/void loc_eng_deferred_action_thread(void*):1383] received msg_id = LOC_ENG_MSG_REPORT_NMEA context = 0x1dcb910
05-15 07:26:57.825: E/LocSvc_eng(397): I/<=== nmea_cb line 1559 0x1fca170
05-15 07:26:57.825: E/LocSvc_adapter(397): D/loc_eng_report_nmea: $GNS
05-15 07:26:57.825: E/LocSvc_adapter(397): I/Exiting int32 loc_event_cb(void*, rpc_loc_client_handle_type, rpc_loc_event_mask_type, const rpc_loc_event_payload_u_type*) line 73 0
05-15 07:26:57.825: D/RPC(397): 3100008c:327681 sending RPC reply (XID 112933)
05-15 07:26:57.825: D/RPC(397): 3000008c:00050000 received CALL.
05-15 07:26:57.825: D/RPC(397): 3000008c:00050000 dispatching RPC call (XID 112934, xdr 0x1cd52c8) for callback client 3100008c:00050001.
05-15 07:26:57.825: D/RPC(397): 3100008c:327681 sending RPC reply (XID 112934)
05-15 07:26:57.825: D/RPC(397): 3000008c:00050000 received CALL.
05-15 07:26:57.835: E/LocSvc_adapter(397): I/<--- int32 loc_event_cb(void*, rpc_loc_client_handle_type, rpc_loc_event_mask_type, const rpc_loc_event_payload_u_type*) line 70 RPC_LOC_EVENT_NMEA_1HZ_REPORT
05-15 07:26:57.835: E/LocSvc_eng(397): D/void loc_eng_deferred_action_thread(void*):1383] received msg_id = LOC_ENG_MSG_REPORT_NMEA context = 0x1dcb910
05-15 07:26:57.835: E/LocSvc_eng(397): I/<=== nmea_cb line 1559 0x1fca170
05-15 07:26:57.835: E/LocSvc_adapter(397): D/loc_eng_report_nmea: $VTG
05-15 07:26:57.835: E/LocSvc_adapter(397): I/Exiting int32 loc_event_cb(void*, rpc_loc_client_handle_type, rpc_loc_event_mask_type, const rpc_loc_event_payload_u_type*) line 73 0
05-15 07:26:57.835: E/LocSvc_adapter(397): I/<--- int32 loc_event_cb(void*, rpc_loc_client_handle_type, rpc_loc_event_mask_type, const rpc_loc_event_payload_u_type*) line 70 RPC_LOC_EVENT_NMEA_1HZ_REPORT
05-15 07:26:57.835: E/LocSvc_eng(397): D/void loc_eng_deferred_action_thread(void*):1383] received msg_id = LOC_ENG_MSG_REPORT_NMEA context = 0x1dcb910
05-15 07:26:57.835: E/LocSvc_eng(397): I/<=== nmea_cb line 1559 0x1fca170
05-15 07:26:57.835: D/RPC(397): 3000008c:00050000 dispatching RPC call (XID 112935, xdr 0x1cd52c8) for callback client 3100008c:00050001.
05-15 07:26:57.835: D/RPC(397): 3100008c:327681 sending RPC reply (XID 112935)
05-15 07:26:57.835: D/RPC(397): 3000008c:00050000 received CALL.
05-15 07:26:57.835: D/RPC(397): 3000008c:00050000 dispatching RPC call (XID 112936, xdr 0x1cd52c8) for callback client 3100008c:00050001.
05-15 07:26:57.845: E/LocSvc_adapter(397): D/loc_eng_report_nmea: $RMC
05-15 07:26:57.845: E/LocSvc_adapter(397): I/Exiting int32 loc_event_cb(void*, rpc_loc_client_handle_type, rpc_loc_event_mask_type, const rpc_loc_event_payload_u_type*) line 73 0
05-15 07:26:57.845: E/LocSvc_adapter(397): I/<--- int32 loc_event_cb(void*, rpc_loc_client_handle_type, rpc_loc_event_mask_type, const rpc_loc_event_payload_u_type*) line 70 RPC_LOC_EVENT_NMEA_1HZ_REPORT
05-15 07:26:57.845: E/LocSvc_eng(397): D/void loc_eng_deferred_action_thread(void*):1383] received msg_id = LOC_ENG_MSG_REPORT_NMEA context = 0x1dcb910
05-15 07:26:57.845: E/LocSvc_eng(397): I/<=== nmea_cb line 1559 0x1fca170
05-15 07:26:57.845: E/LocSvc_adapter(397): D/loc_eng_report_nmea: $GSA
05-15 07:26:57.845: D/RPC(397): 3100008c:327681 sending RPC reply (XID 112936)
05-15 07:26:57.845: D/RPC(397): 3000008c:00050000 received CALL.
05-15 07:26:57.845: D/RPC(397): 3000008c:00050000 dispatching RPC call (XID 112937, xdr 0x1cd52c8) for callback client 3100008c:00050001.
05-15 07:26:57.855: E/LocSvc_adapter(397): I/Exiting int32 loc_event_cb(void*, rpc_loc_client_handle_type, rpc_loc_event_mask_type, const rpc_loc_event_payload_u_type*) line 73 0
05-15 07:26:57.855: E/LocSvc_adapter(397): I/<--- int32 loc_event_cb(void*, rpc_loc_client_handle_type, rpc_loc_event_mask_type, const rpc_loc_event_payload_u_type*) line 70 RPC_LOC_EVENT_NMEA_1HZ_REPORT
05-15 07:26:57.855: E/LocSvc_eng(397): D/void loc_eng_deferred_action_thread(void*):1383] received msg_id = LOC_ENG_MSG_REPORT_NMEA context = 0x1dcb910
05-15 07:26:57.855: E/LocSvc_eng(397): I/<=== nmea_cb line 1559 0x1fca170
05-15 07:26:57.855: E/LocSvc_adapter(397): D/loc_eng_report_nmea: $GSA
05-15 07:26:57.855: E/LocSvc_adapter(397): I/Exiting int32 loc_event_cb(void*, rpc_loc_client_handle_type, rpc_loc_event_mask_type, const rpc_loc_event_payload_u_type*) line 73 0
05-15 07:26:57.855: D/RPC(397): 3100008c:327681 sending RPC reply (XID 112937)
05-15 07:26:57.855: D/RPC(397): 3000008c:00050000 received CALL.
05-15 07:26:57.855: D/RPC(397): 3000008c:00050000 dispatching RPC call (XID 112938, xdr 0x1cd52c8) for callback client 3100008c:00050001.
05-15 07:26:57.855: D/RPC(397): 3100008c:327681 sending RPC reply (XID 112938)
05-15 07:26:57.865: E/LocSvc_adapter(397): I/<--- int32 loc_event_cb(void*, rpc_loc_client_handle_type, rpc_loc_event_mask_type, const rpc_loc_event_payload_u_type*) line 70 RPC_LOC_EVENT_SATELLITE_REPORT
05-15 07:26:57.865: E/LocSvc_api_rpc_glue(397): D/sv count: 25
05-15 07:26:57.865: E/LocSvc_adapter(397): I/num sv: 25
05-15 07:26:57.865: E/LocSvc_adapter(397): ephemeris mask: 0xn almanac mask: c16e2c25
05-15 07:26:57.865: E/LocSvc_adapter(397): used in fix mask: 0
05-15 07:26:57.865: E/LocSvc_adapter(397): sv: prn snr elevation azimuth
05-15 07:26:57.865: E/LocSvc_adapter(397): I/ 0: 1 0.000000 37.000000 309.000000
05-15 07:26:57.865: E/LocSvc_adapter(397): I/ 1: 3 0.000000 3.000000 209.000000
05-15 07:26:57.865: D/RPC(397): 3000008c:00050000 received CALL.
05-15 07:26:57.865: D/RPC(397): 3000008c:00050000 dispatching RPC call (XID 112939, xdr 0x1cd52c8) for callback client 3100008c:00050001.
05-15 07:26:57.875: E/LocSvc_adapter(397): I/ 2: 6 0.000000 0.000000 0.000000
05-15 07:26:57.875: E/LocSvc_adapter(397): I/ 3: 11 0.000000 47.000000 278.000000
05-15 07:26:57.875: E/LocSvc_adapter(397): I/ 4: 12 0.000000 0.000000 0.000000
05-15 07:26:57.875: E/LocSvc_adapter(397): I/ 5: 14 0.000000 52.000000 40.000000
05-15 07:26:57.875: E/LocSvc_adapter(397): I/ 6: 18 0.000000 6.000000 98.000000
05-15 07:26:57.875: E/LocSvc_adapter(397): I/ 7: 19 0.000000 20.000000 227.000000
05-15 07:26:57.875: E/LocSvc_adapter(397): I/ 8: 20 0.000000 6.000000 291.000000
05-15 07:26:57.875: E/LocSvc_adapter(397): I/ 9: 22 0.000000 36.000000 87.000000
05-15 07:26:57.875: E/LocSvc_adapter(397): I/ 10: 23 0.000000 0.000000 0.000000
05-15 07:26:57.885: E/LocSvc_adapter(397): I/ 11: 25 0.000000 0.000000 0.000000
05-15 07:26:57.885: E/LocSvc_adapter(397): I/ 12: 31 0.000000 43.000000 147.000000
05-15 07:26:57.885: E/LocSvc_adapter(397): I/ 13: 32 0.000000 34.000000 296.000000
05-15 07:26:57.885: E/LocSvc_adapter(397): I/ 14: 74 0.000000 40.000000 68.000000
05-15 07:26:57.885: E/LocSvc_adapter(397): I/ 15: 66 0.000000 6.000000 284.000000
05-15 07:26:57.885: E/LocSvc_adapter(397): I/ 16: 73 0.000000 9.000000 23.000000
05-15 07:26:57.885: E/LocSvc_adapter(397): I/ 17: 76 0.000000 0.000000 0.000000
05-15 07:26:57.885: E/LocSvc_adapter(397): I/ 18: 75 0.000000 32.000000 139.000000
05-15 07:26:57.885: E/LocSvc_adapter(397): I/ 19: 65 0.000000 47.000000 323.000000
05-15 07:26:57.885: E/LocSvc_adapter(397): I/ 20: 88 0.000000 37.000000 265.000000
05-15 07:26:57.885: E/LocSvc_adapter(397): I/ 21: 87 0.000000 19.000000 210.000000
05-15 07:26:57.885: E/LocSvc_adapter(397): I/ 22: 81 0.000000 17.000000 324.000000
05-15 07:26:57.885: E/LocSvc_adapter(397): I/ 23: 71 0.000000 2.000000 82.000000
05-15 07:26:57.885: E/LocSvc_adapter(397): I/ 24: 72 0.000000 42.000000 49.000000
05-15 07:26:57.885: E/LocSvc_eng(397): D/void loc_eng_deferred_action_thread(void*):1383] received msg_id = LOC_ENG_MSG_REPORT_SV context = 0x1dcb910
05-15 07:26:57.885: E/LocSvc_afw(397): I/Entering void sv_cb(GpsSvStatus*, void*) line 929
05-15 07:26:57.885: E/LocSvc_afw(397): I/<=== sv_status_cb - line 931 25
05-15 07:26:57.885: E/LocSvc_afw(397): I/Exiting void sv_cb(GpsSvStatus*, void*) line 934 None
05-15 07:26:57.895: E/LocSvc_adapter(397): I/Exiting int32 loc_event_cb(void*, rpc_loc_client_handle_type, rpc_loc_event_mask_type, const rpc_loc_event_payload_u_type*) line 73 0
05-15 07:26:57.895: D/RPC(397): 3100008c:327681 sending RPC reply (XID 112939)
05-15 07:26:57.905: D/RPC(397): 3000008c:00050000 received CALL.
05-15 07:26:57.905: E/LocSvc_adapter(397): I/<--- int32 loc_event_cb(void*, rpc_loc_client_handle_type, rpc_loc_event_mask_type, const rpc_loc_event_payload_u_type*) line 70 RPC_LOC_EVENT_PARSED_POSITION_REPORT
05-15 07:26:57.905: E/LocSvc_api_rpc_glue(397): D/Session status: RPC_LOC_SESS_STATUS_IN_PROGESS Valid mask: 0x61ED
05-15 07:26:57.905: E/LocSvc_api_rpc_glue(397): D/Accuracy: 0.0000000
05-15 07:26:57.905: E/LocSvc_eng(397): D/void loc_eng_deferred_action_thread(void*):1383] received msg_id = LOC_ENG_MSG_REPORT_POSITION context = 0x1dcb910
05-15 07:26:57.905: D/RPC(397): 3000008c:00050000 dispatching RPC call (XID 112940, xdr 0x1cd52c8) for callback client 3100008c:00050001.
05-15 07:26:57.915: D/FStest(690): check default
05-15 07:26:57.915: E/LocSvc_adapter(397): I/Exiting int32 loc_event_cb(void*, rpc_loc_client_handle_type, rpc_loc_event_mask_type, const rpc_loc_event_payload_u_type*) line 73 0
05-15 07:26:57.915: D/RPC(397): 3100008c:327681 sending RPC reply (XID 112940)
05-15 07:26:58.526: D/BatteryService(397): update start
05-15 07:26:58.526: D/BatteryService(397): level:90 scale:100 status:2 health:2 present:true voltage: 4073 temperature: 238 technology: Li-ion AC powered:false USB powered:true icon:17302840 invalid charger:0
05-15 07:26:58.536: D/KeyguardUpdateMonitor(397): received broadcast android.intent.action.BATTERY_CHANGED
05-15 07:26:58.536: D/KeyguardUpdateMonitor(397): handleBatteryUpdate
05-15 07:26:58.536: D/UiModeManager(397): mLastBroadcastState = 0mCarModeEnabled = falseisDeskDockState(mDockState) = false
05-15 07:26:58.536: V/UiModeManager(397): updateLocked: null action, mDockState=0, firing homeIntent: null
05-15 07:26:58.536: D/UiModeManager(397): updateConfigurationLocked: mDockState=0; mCarMode=false; mNightMode=0; uiMode=17
05-15 07:26:58.536: D/WifiService(397): ACTION_BATTERY_CHANGED pluggedType: 2
05-15 07:26:58.536: D/STATUSBAR-BatteryController(515): onReceive() - ACTION_BATTERY_CHANGED
05-15 07:26:58.536: D/STATUSBAR-BatteryController(515): onReceive() - level:90
05-15 07:26:58.536: D/STATUSBAR-BatteryController(515): onReceive() - plugged:2
05-15 07:26:58.536: D/STATUSBAR-BatteryController(515): onReceive() - BATTERY_STATUS_CHARGING:
05-15 07:26:58.686: D/RPC(397): 3000008c:00050000 received CALL.
05-15 07:26:58.686: E/LocSvc_adapter(397): I/<--- int32 loc_event_cb(void*, rpc_loc_client_handle_type, rpc_loc_event_mask_type, const rpc_loc_event_payload_u_type*) line 70 RPC_LOC_EVENT_NMEA_1HZ_REPORT
05-15 07:26:58.686: E/LocSvc_eng(397): D/void loc_eng_deferred_action_thread(void*):1383] received msg_id = LOC_ENG_MSG_REPORT_NMEA context = 0x1dcb910
05-15 07:26:58.686: E/LocSvc_eng(397): I/<=== nmea_cb line 1559 0x2370960
05-15 07:26:58.686: E/LocSvc_adapter(397): D/loc_eng_report_nmea: $GSV
05-15 07:26:58.686: E/LocSvc_adapter(397): I/Exiting int32 loc_event_cb(void*, rpc_loc_client_handle_type, rpc_loc_event_mask_type, const rpc_loc_event_payload_u_type*) line 73 0
05-15 07:26:58.686: D/RPC(397): 3000008c:00050000 dispatching RPC call (XID 112941, xdr 0x1cd52c8) for callback client 3100008c:00050001.
05-15 07:26:58.686: D/RPC(397): 3100008c:327681 sending RPC reply (XID 112941)
05-15 07:26:58.696: E/LocSvc_adapter(397): I/<--- int32 loc_event_cb(void*, rpc_loc_client_handle_type, rpc_loc_event_mask_type, const rpc_loc_event_payload_u_type*) line 70 RPC_LOC_EVENT_NMEA_1HZ_REPORT
05-15 07:26:58.696: E/LocSvc_eng(397): D/void loc_eng_deferred_action_thread(void*):1383] received msg_id = LOC_ENG_MSG_REPORT_NMEA context = 0x1dcb910
05-15 07:26:58.696: E/LocSvc_eng(397): I/<=== nmea_cb line 1559 0x2370960
05-15 07:26:58.696: E/LocSvc_adapter(397): D/loc_eng_report_nmea: $GSV
05-15 07:26:58.696: E/LocSvc_adapter(397): I/Exiting int32 loc_event_cb(void*, rpc_loc_client_handle_type, rpc_loc_event_mask_type, const rpc_loc_event_payload_u_type*) line 73 0
05-15 07:26:58.696: E/LocSvc_adapter(397): I/<--- int32 loc_event_cb(void*, rpc_loc_client_handle_type, rpc_loc_event_mask_type, const rpc_loc_event_payload_u_type*) line 70 RPC_LOC_EVENT_NMEA_1HZ_REPORT
05-15 07:26:58.696: E/LocSvc_eng(397): D/void loc_eng_deferred_action_thread(void*):1383] received msg_id = LOC_ENG_MSG_REPORT_NMEA context = 0x1dcb910
05-15 07:26:58.696: E/LocSvc_eng(397): I/<=== nmea_cb line 1559 0x22d98f0
05-15 07:26:58.696: E/LocSvc_adapter(397): D/loc_eng_report_nmea: $GSV
05-15 07:26:58.696: E/LocSvc_adapter(397): I/Exiting int32 loc_event_cb(void*, rpc_loc_client_handle_type, rpc_loc_event_mask_type, const rpc_loc_event_payload_u_type*) line 73 0
05-15 07:26:58.696: E/LocSvc_adapter(397): I/<--- int32 loc_event_cb(void*, rpc_loc_client_handle_type, rpc_loc_event_mask_type, const rpc_loc_event_payload_u_type*) line 70 RPC_LOC_EVENT_NMEA_1HZ_REPORT
05-15 07:26:58.696: D/RPC(397): 3000008c:00050000 received CALL.
05-15 07:26:58.696: D/RPC(397): 3000008c:00050000 dispatching RPC call (XID 112942, xdr 0x1cd52c8) for callback client 3100008c:00050001.
05-15 07:26:58.696: D/RPC(397): 3100008c:327681 sending RPC reply (XID 112942)
05-15 07:26:58.696: D/RPC(397): 3000008c:00050000 received CALL.
05-15 07:26:58.696: D/RPC(397): 3000008c:00050000 dispatching RPC call (XID 112943, xdr 0x1cd52c8) for callback client 3100008c:00050001.
05-15 07:26:58.696: D/RPC(397): 3100008c:327681 sending RPC reply (XID 112943)
05-15 07:26:58.696: D/RPC(397): 3000008c:00050000 received CALL.
05-15 07:26:58.696: D/RPC(397): 3000008c:00050000 dispatching RPC call (XID 112944, xdr 0x1cd52c8) for callback client 3100008c:00050001.
05-15 07:26:58.706: E/LocSvc_eng(397): D/void loc_eng_deferred_action_thread(void*):1383] received msg_id = LOC_ENG_MSG_REPORT_NMEA context = 0x1dcb910
05-15 07:26:58.706: E/LocSvc_eng(397): I/<=== nmea_cb line 1559 0x22d9528
05-15 07:26:58.736: E/LocSvc_adapter(397): D/loc_eng_report_nmea: $GSV
05-15 07:26:58.736: E/LocSvc_adapter(397): I/Exiting int32 loc_event_cb(void*, rpc_loc_client_handle_type, rpc_loc_event_mask_type, const rpc_loc_event_payload_u_type*) line 73 0
05-15 07:26:58.756: D/FStest(690): check default
05-15 07:26:58.756: E/LocSvc_adapter(397): I/<--- int32 loc_event_cb(void*, rpc_loc_client_handle_type, rpc_loc_event_mask_type, const rpc_loc_event_payload_u_type*) line 70 RPC_LOC_EVENT_NMEA_1HZ_REPORT
05-15 07:26:58.756: E/LocSvc_eng(397): D/void loc_eng_deferred_action_thread(void*):1383] received msg_id = LOC_ENG_MSG_REPORT_NMEA context = 0x1dcb910
05-15 07:26:58.756: E/LocSvc_eng(397): I/<=== nmea_cb line 1559 0x2370960
05-15 07:26:58.756: E/LocSvc_adapter(397): D/loc_eng_report_nmea: $GSV
05-15 07:26:58.756: D/RPC(397): 3100008c:327681 sending RPC reply (XID 112944)
05-15 07:26:58.756: D/RPC(397): 3000008c:00050000 received CALL.
05-15 07:26:58.756: D/RPC(397): 3000008c:00050000 dispatching RPC call (XID 112945, xdr 0x1cd52c8) for callback client 3100008c:00050001.
05-15 07:26:58.806: E/LocSvc_adapter(397): I/Exiting int32 loc_event_cb(void*, rpc_loc_client_handle_type, rpc_loc_event_mask_type, const rpc_loc_event_payload_u_type*) line 73 0
05-15 07:26:58.806: E/LocSvc_adapter(397): I/<--- int32 loc_event_cb(void*, rpc_loc_client_handle_type, rpc_loc_event_mask_type, const rpc_loc_event_payload_u_type*) line 70 RPC_LOC_EVENT_NMEA_1HZ_REPORT
05-15 07:26:58.806: D/RPC(397): 3100008c:327681 sending RPC reply (XID 112945)
05-15 07:26:58.806: D/RPC(397): 3000008c:00050000 received CALL.
05-15 07:26:58.806: D/RPC(397): 3000008c:00050000 dispatching RPC call (XID 112946, xdr 0x1cd52c8) for callback client 3100008c:00050001.
05-15 07:26:58.816: E/LocSvc_eng(397): D/void loc_eng_deferred_action_thread(void*):1383] received msg_id = LOC_ENG_MSG_REPORT_NMEA context = 0x1dcb910
05-15 07:26:58.816: E/LocSvc_eng(397): I/<=== nmea_cb line 1559 0x2370960
05-15 07:26:58.816: E/LocSvc_adapter(397): D/loc_eng_report_nmea: $GSV
05-15 07:26:58.816: E/LocSvc_adapter(397): I/Exiting int32 loc_event_cb(void*, rpc_loc_client_handle_type, rpc_loc_event_mask_type, const rpc_loc_event_payload_u_type*) line 73 0
05-15 07:26:58.816: E/LocSvc_adapter(397): I/<--- int32 loc_event_cb(void*, rpc_loc_client_handle_type, rpc_loc_event_mask_type, const rpc_loc_event_payload_u_type*) line 70 RPC_LOC_EVENT_NMEA_1HZ_REPORT
05-15 07:26:58.816: E/LocSvc_eng(397): D/void loc_eng_deferred_action_thread(void*):1383] received msg_id = LOC_ENG_MSG_REPORT_NMEA context = 0x1dcb910
05-15 07:26:58.816: E/LocSvc_eng(397): I/<=== nmea_cb line 1559 0x22d98f0
05-15 07:26:58.816: E/LocSvc_adapter(397): D/loc_eng_report_nmea: $GSV
05-15 07:26:58.816: D/RPC(397): 3100008c:327681 sending RPC reply (XID 112946)
05-15 07:26:58.816: D/RPC(397): 3000008c:00050000 received CALL.
05-15 07:26:58.816: D/RPC(397): 3000008c:00050000 dispatching RPC call (XID 112947, xdr 0x1cd52c8) for callback client 3100008c:00050001.
05-15 07:26:58.826: E/LocSvc_adapter(397): I/Exiting int32 loc_event_cb(void*, rpc_loc_client_handle_type, rpc_loc_event_mask_type, const rpc_loc_event_payload_u_type*) line 73 0
05-15 07:26:58.826: E/LocSvc_adapter(397): I/<--- int32 loc_event_cb(void*, rpc_loc_client_handle_type, rpc_loc_event_mask_type, const rpc_loc_event_payload_u_type*) line 70 RPC_LOC_EVENT_NMEA_1HZ_REPORT
05-15 07:26:58.826: E/LocSvc_eng(397): D/void loc_eng_deferred_action_thread(void*):1383] received msg_id = LOC_ENG_MSG_REPORT_NMEA context = 0x1dcb910
05-15 07:26:58.826: E/LocSvc_eng(397): I/<=== nmea_cb line 1559 0x1fca170
05-15 07:26:58.826: E/LocSvc_adapter(397): D/loc_eng_report_nmea: $GGA
05-15 07:26:58.826: E/LocSvc_adapter(397): I/Exiting int32 loc_event_cb(void*, rpc_loc_client_handle_type, rpc_loc_event_mask_type, const rpc_loc_event_payload_u_type*) line 73 0
05-15 07:26:58.826: D/RPC(397): 3100008c:327681 sending RPC reply (XID 112947)
05-15 07:26:58.826: D/RPC(397): 3000008c:00050000 received CALL.
05-15 07:26:58.826: D/RPC(397): 3000008c:00050000 dispatching RPC call (XID 112948, xdr 0x1cd52c8) for callback client 3100008c:00050001.
05-15 07:26:58.826: D/RPC(397): 3100008c:327681 sending RPC reply (XID 112948)
05-15 07:26:58.836: E/LocSvc_adapter(397): I/<--- int32 loc_event_cb(void*, rpc_loc_client_handle_type, rpc_loc_event_mask_type, const rpc_loc_event_payload_u_type*) line 70 RPC_LOC_EVENT_NMEA_1HZ_REPORT
05-15 07:26:58.836: E/LocSvc_eng(397): D/void loc_eng_deferred_action_thread(void*):1383] received msg_id = LOC_ENG_MSG_REPORT_NMEA context = 0x1dcb910
05-15 07:26:58.836: E/LocSvc_eng(397): I/<=== nmea_cb line 1559 0x1fca170
05-15 07:26:58.836: E/LocSvc_adapter(397): D/loc_eng_report_nmea: $GNS
05-15 07:26:58.836: E/LocSvc_adapter(397): I/Exiting int32 loc_event_cb(void*, rpc_loc_client_handle_type, rpc_loc_event_mask_type, const rpc_loc_event_payload_u_type*) line 73 0
05-15 07:26:58.836: E/LocSvc_adapter(397): I/<--- int32 loc_event_cb(void*, rpc_loc_client_handle_type, rpc_loc_event_mask_type, const rpc_loc_event_payload_u_type*) line 70 RPC_LOC_EVENT_NMEA_1HZ_REPORT
05-15 07:26:58.836: E/LocSvc_eng(397): D/void loc_eng_deferred_action_thread(void*):1383] received msg_id = LOC_ENG_MSG_REPORT_NMEA context = 0x1dcb910
05-15 07:26:58.836: E/LocSvc_eng(397): I/<=== nmea_cb line 1559 0x1fca170
05-15 07:26:58.836: D/RPC(397): 3000008c:00050000 received CALL.
05-15 07:26:58.836: D/RPC(397): 3000008c:00050000 dispatching RPC call (XID 112949, xdr 0x1cd52c8) for callback client 3100008c:00050001.
05-15 07:26:58.836: D/RPC(397): 3100008c:327681 sending RPC reply (XID 112949)
05-15 07:26:58.836: D/RPC(397): 3000008c:00050000 received CALL.
05-15 07:26:58.836: D/RPC(397): 3000008c:00050000 dispatching RPC call (XID 112950, xdr 0x1cd52c8) for callback client 3100008c:00050001.
05-15 07:26:58.846: E/LocSvc_adapter(397): D/loc_eng_report_nmea: $VTG
05-15 07:26:58.846: E/LocSvc_adapter(397): I/Exiting int32 loc_event_cb(void*, rpc_loc_client_handle_type, rpc_loc_event_mask_type, const rpc_loc_event_payload_u_type*) line 73 0
05-15 07:26:58.846: E/LocSvc_adapter(397): I/<--- int32 loc_event_cb(void*, rpc_loc_client_handle_type, rpc_loc_event_mask_type, const rpc_loc_event_payload_u_type*) line 70 RPC_LOC_EVENT_NMEA_1HZ_REPORT
05-15 07:26:58.846: E/LocSvc_eng(397): D/void loc_eng_deferred_action_thread(void*):1383] received msg_id = LOC_ENG_MSG_REPORT_NMEA context = 0x1dcb910
05-15 07:26:58.846: E/LocSvc_eng(397): I/<=== nmea_cb line 1559 0x1fca170
05-15 07:26:58.846: E/LocSvc_adapter(397): D/loc_eng_report_nmea: $RMC
05-15 07:26:58.846: E/LocSvc_adapter(397): I/Exiting int32 loc_event_cb(void*, rpc_loc_client_handle_type, rpc_loc_event_mask_type, const rpc_loc_event_payload_u_type*) line 73 0
05-15 07:26:58.846: D/RPC(397): 3100008c:327681 sending RPC reply (XID 112950)
05-15 07:26:58.846: D/RPC(397): 3000008c:00050000 received CALL.
05-15 07:26:58.846: D/RPC(397): 3000008c:00050000 dispatching RPC call (XID 112951, xdr 0x1cd52c8) for callback client 3100008c:00050001.
05-15 07:26:58.846: D/RPC(397): 3100008c:327681 sending RPC reply (XID 112951)
05-15 07:26:58.856: E/LocSvc_adapter(397): I/<--- int32 loc_event_cb(void*, rpc_loc_client_handle_type, rpc_loc_event_mask_type, const rpc_loc_event_payload_u_type*) line 70 RPC_LOC_EVENT_NMEA_1HZ_REPORT
05-15 07:26:58.856: E/LocSvc_eng(397): D/void loc_eng_deferred_action_thread(void*):1383] received msg_id = LOC_ENG_MSG_REPORT_NMEA context = 0x1dcb910
05-15 07:26:58.856: E/LocSvc_eng(397): I/<=== nmea_cb line 1559 0x1fca170
05-15 07:26:58.856: E/LocSvc_adapter(397): D/loc_eng_report_nmea: $GSA
05-15 07:26:58.856: E/LocSvc_adapter(397): I/Exiting int32 loc_event_cb(void*, rpc_loc_client_handle_type, rpc_loc_event_mask_type, const rpc_loc_event_payload_u_type*) line 73 0
05-15 07:26:58.856: E/LocSvc_adapter(397): I/<--- int32 loc_event_cb(void*, rpc_loc_client_handle_type, rpc_loc_event_mask_type, const rpc_loc_event_payload_u_type*) line 70 RPC_LOC_EVENT_NMEA_1HZ_REPORT
05-15 07:26:58.856: D/RPC(397): 3000008c:00050000 received CALL.
05-15 07:26:58.856: D/RPC(397): 3000008c:00050000 dispatching RPC call (XID 112952, xdr 0x1cd52c8) for callback client 3100008c:00050001.
05-15 07:26:58.856: D/RPC(397): 3100008c:327681 sending RPC reply (XID 112952)
05-15 07:26:58.856: D/RPC(397): 3000008c:00050000 received CALL.
05-15 07:26:58.856: D/RPC(397): 3000008c:00050000 dispatching RPC call (XID 112953, xdr 0x1cd52c8) for callback client 3100008c:00050001.
05-15 07:26:58.866: E/LocSvc_eng(397): D/void loc_eng_deferred_action_thread(void*):1383] received msg_id = LOC_ENG_MSG_REPORT_NMEA context = 0x1dcb910
05-15 07:26:58.866: E/LocSvc_eng(397): I/<=== nmea_cb line 1559 0x1fca170
05-15 07:26:58.876: E/LocSvc_adapter(397): D/loc_eng_report_nmea: $GSA
05-15 07:26:58.876: E/LocSvc_adapter(397): I/Exiting int32 loc_event_cb(void*, rpc_loc_client_handle_type, rpc_loc_event_mask_type, const rpc_loc_event_payload_u_type*) line 73 0
05-15 07:26:58.876: E/LocSvc_adapter(397): I/<--- int32 loc_event_cb(void*, rpc_loc_client_handle_type, rpc_loc_event_mask_type, const rpc_loc_event_payload_u_type*) line 70 RPC_LOC_EVENT_SATELLITE_REPORT
05-15 07:26:58.876: E/LocSvc_api_rpc_glue(397): D/sv count: 25
05-15 07:26:58.876: E/LocSvc_adapter(397): I/num sv: 25
05-15 07:26:58.876: E/LocSvc_adapter(397): ephemeris mask: 0xn almanac mask: c16e2c25
05-15 07:26:58.876: E/LocSvc_adapter(397): used in fix mask: 0
05-15 07:26:58.876: E/LocSvc_adapter(397): sv: prn snr elevation azimuth
05-15 07:26:58.876: E/LocSvc_adapter(397): I/ 0: 1 0.000000 37.000000 309.000000
05-15 07:26:58.876: E/LocSvc_adapter(397): I/ 1: 3 0.000000 3.000000 209.000000
05-15 07:26:58.876: E/LocSvc_adapter(397): I/ 2: 6 0.000000 0.000000 0.000000
05-15 07:26:58.876: D/RPC(397): 3100008c:327681 sending RPC reply (XID 112953)
05-15 07:26:58.876: D/RPC(397): 3000008c:00050000 received CALL.
05-15 07:26:58.876: D/RPC(397): 3000008c:00050000 dispatching RPC call (XID 112954, xdr 0x1cd52c8) for callback client 3100008c:00050001.
05-15 07:26:58.886: E/LocSvc_adapter(397): I/ 3: 11 0.000000 47.000000 278.000000
05-15 07:26:58.886: E/LocSvc_adapter(397): I/ 4: 12 0.000000 0.000000 0.000000
05-15 07:26:58.886: E/LocSvc_adapter(397): I/ 5: 14 0.000000 52.000000 40.000000
05-15 07:26:58.886: E/LocSvc_adapter(397): I/ 6: 18 0.000000 6.000000 98.000000
05-15 07:26:58.886: E/LocSvc_adapter(397): I/ 7: 19 0.000000 20.000000 227.000000
05-15 07:26:58.886: E/LocSvc_adapter(397): I/ 8: 20 0.000000 6.000000 291.000000
05-15 07:26:58.886: E/LocSvc_adapter(397): I/ 9: 22 0.000000 36.000000 87.000000
05-15 07:26:58.886: E/LocSvc_adapter(397): I/ 10: 23 0.000000 0.000000 0.000000
05-15 07:26:58.886: E/LocSvc_adapter(397): I/ 11: 25 0.000000 0.000000 0.000000
05-15 07:26:58.886: E/LocSvc_adapter(397): I/ 12: 31 0.000000 43.000000 147.000000
05-15 07:26:58.886: E/LocSvc_adapter(397): I/ 13: 32 0.000000 34.000000 296.000000
05-15 07:26:58.886: E/LocSvc_adapter(397): I/ 14: 74 0.000000 40.000000 68.000000
05-15 07:26:58.886: E/LocSvc_adapter(397): I/ 15: 66 0.000000 6.000000 284.000000
05-15 07:26:58.886: E/LocSvc_adapter(397): I/ 16: 73 0.000000 9.000000 23.000000
05-15 07:26:58.886: E/LocSvc_adapter(397): I/ 17: 76 0.000000 0.000000 0.000000
05-15 07:26:58.886: E/LocSvc_adapter(397): I/ 18: 75 0.000000 32.000000 139.000000
05-15 07:26:58.886: E/LocSvc_adapter(397): I/ 19: 65 0.000000 47.000000 323.000000
05-15 07:26:58.886: E/LocSvc_adapter(397): I/ 20: 88 0.000000 37.000000 265.000000
05-15 07:26:58.886: E/LocSvc_adapter(397): I/ 21: 87 0.000000 19.000000 210.000000
05-15 07:26:58.886: E/LocSvc_adapter(397): I/ 22: 81 0.000000 17.000000 324.000000
05-15 07:26:58.886: E/LocSvc_adapter(397): I/ 23: 71 0.000000 2.000000 82.000000
05-15 07:26:58.886: E/LocSvc_adapter(397): I/ 24: 72 0.000000 42.000000 49.000000
05-15 07:26:58.886: E/LocSvc_eng(397): D/void loc_eng_deferred_action_thread(void*):1383] received msg_id = LOC_ENG_MSG_REPORT_SV context = 0x1dcb910
05-15 07:26:58.886: E/LocSvc_afw(397): I/Entering void sv_cb(GpsSvStatus*, void*) line 929
05-15 07:26:58.886: E/LocSvc_afw(397): I/<=== sv_status_cb - line 931 25
05-15 07:26:58.886: E/LocSvc_afw(397): I/Exiting void sv_cb(GpsSvStatus*, void*) line 934 None
05-15 07:26:58.886: E/LocSvc_adapter(397): I/Exiting int32 loc_event_cb(void*, rpc_loc_client_handle_type, rpc_loc_event_mask_type, const rpc_loc_event_payload_u_type*) line 73 0
05-15 07:26:58.896: D/RPC(397): 3100008c:327681 sending RPC reply (XID 112954)
05-15 07:26:58.906: D/RPC(397): 3000008c:00050000 received CALL.
05-15 07:26:58.906: E/LocSvc_adapter(397): I/<--- int32 loc_event_cb(void*, rpc_loc_client_handle_type, rpc_loc_event_mask_type, const rpc_loc_event_payload_u_type*) line 70 RPC_LOC_EVENT_PARSED_POSITION_REPORT
05-15 07:26:58.906: E/LocSvc_api_rpc_glue(397): D/Session status: RPC_LOC_SESS_STATUS_IN_PROGESS Valid mask: 0x61ED
05-15 07:26:58.906: E/LocSvc_api_rpc_glue(397): D/Accuracy: 0.0000000
05-15 07:26:58.906: E/LocSvc_eng(397): D/void loc_eng_deferred_action_thread(void*):1383] received msg_id = LOC_ENG_MSG_REPORT_POSITION context = 0x1dcb910
05-15 07:26:58.906: E/LocSvc_adapter(397): I/Exiting int32 loc_event_cb(void*, rpc_loc_client_handle_type, rpc_loc_event_mask_type, const rpc_loc_event_payload_u_type*) line 73 0
05-15 07:26:58.906: D/RPC(397): 3000008c:00050000 dispatching RPC call (XID 112955, xdr 0x1cd52c8) for callback client 3100008c:00050001.
05-15 07:26:58.906: D/RPC(397): 3100008c:327681 sending RPC reply (XID 112955)
05-15 07:26:58.926: D/FStest(690): check default
05-15 07:26:59.406: D/comsamsungapp(1603): [MSC_Accu]>>> WWP:382 [0:0] onReceive@ androidnetwifiSCAN_RESULTS
05-15 07:26:59.416: D/comsamsungapp(1603): [MSC_Accu]>>> WIM:53 [0:0] AccuWeatherClockWidgetID_Length
05-15 07:26:59.416: D/comsamsungapp(1603): [MSC_Accu]>>> WIM:54 [0:0] getPrefIDs@lngth:0
05-15 07:26:59.436: D/comsamsungapp(1603): [MSC_Accu]>>> WWP:2480 [0:0] mHandler is null!!
05-15 07:26:59.436: D/comsamsungapp(1603): [MSC_Accu]>>> WWP:375 [0:0] refreshhandler is null!!
05-15 07:26:59.436: D/comsamsungapp(1603): [MSC_Accu]>>> WWP:415 [0:0] The widget does not exist in idle!!
05-15 07:26:59.597: E/AlarmManagerService(397): android_server_AlarmManagerService_set to type=2, 507276.780000000
05-15 07:26:59.597: D/WifiService(397): releaseWifiLockLocked: WifiLock{NlpWifiLock type=2 binder=android.os.BinderProxy@434c8a90}
05-15 07:26:59.687: D/RPC(397): 3000008c:00050000 received CALL.
05-15 07:26:59.687: E/LocSvc_adapter(397): I/<--- int32 loc_event_cb(void*, rpc_loc_client_handle_type, rpc_loc_event_mask_type, const rpc_loc_event_payload_u_type*) line 70 RPC_LOC_EVENT_NMEA_1HZ_REPORT
05-15 07:26:59.687: E/LocSvc_eng(397): D/void loc_eng_deferred_action_thread(void*):1383] received msg_id = LOC_ENG_MSG_REPORT_NMEA context = 0x1dcb910
05-15 07:26:59.687: E/LocSvc_eng(397): I/<=== nmea_cb line 1559 0x22d9c20
05-15 07:26:59.687: E/LocSvc_adapter(397): D/loc_eng_report_nmea: $GSV
05-15 07:26:59.687: E/LocSvc_adapter(397): I/Exiting int32 loc_event_cb(void*, rpc_loc_client_handle_type, rpc_loc_event_mask_type, const rpc_loc_event_payload_u_type*) line 73 0
05-15 07:26:59.687: E/LocSvc_adapter(397): I/<--- int32 loc_event_cb(void*, rpc_loc_client_handle_type, rpc_loc_event_mask_type, const rpc_loc_event_payload_u_type*) line 70 RPC_LOC_EVENT_NMEA_1HZ_REPORT
05-15 07:26:59.687: E/LocSvc_eng(397): D/void loc_eng_deferred_action_thread(void*):1383] received msg_id = LOC_ENG_MSG_REPORT_NMEA context = 0x1dcb910
05-15 07:26:59.687: E/LocSvc_eng(397): I/<=== nmea_cb line 1559 0x22d9c20
05-15 07:26:59.687: E/LocSvc_adapter(397): D/loc_eng_report_nmea: $GSV
05-15 07:26:59.687: E/LocSvc_adapter(397): I/Exiting int32 loc_event_cb(void*, rpc_loc_client_handle_type, rpc_loc_event_mask_type, const rpc_loc_event_payload_u_type*) line 73 0
05-15 07:26:59.687: D/RPC(397): 3000008c:00050000 dispatching RPC call (XID 112956, xdr 0x1cd52c8) for callback client 3100008c:00050001.
05-15 07:26:59.687: D/RPC(397): 3100008c:327681 sending RPC reply (XID 112956)
05-15 07:26:59.687: D/RPC(397): 3000008c:00050000 received CALL.
05-15 07:26:59.687: D/RPC(397): 3000008c:00050000 dispatching RPC call (XID 112957, xdr 0x1cd52c8) for callback client 3100008c:00050001.
05-15 07:26:59.687: D/RPC(397): 3100008c:327681 sending RPC reply (XID 112957)
05-15 07:26:59.697: E/LocSvc_adapter(397): I/<--- int32 loc_event_cb(void*, rpc_loc_client_handle_type, rpc_loc_event_mask_type, const rpc_loc_event_payload_u_type*) line 70 RPC_LOC_EVENT_NMEA_1HZ_REPORT
05-15 07:26:59.697: E/LocSvc_eng(397): D/void loc_eng_deferred_action_thread(void*):1383] received msg_id = LOC_ENG_MSG_REPORT_NMEA context = 0x1dcb910
05-15 07:26:59.697: E/LocSvc_eng(397): I/<=== nmea_cb line 1559 0x22d9c20
05-15 07:26:59.697: E/LocSvc_adapter(397): D/loc_eng_report_nmea: $GSV
05-15 07:26:59.697: E/LocSvc_adapter(397): I/Exiting int32 loc_event_cb(void*, rpc_loc_client_handle_type, rpc_loc_event_mask_type, const rpc_loc_event_payload_u_type*) line 73 0
05-15 07:26:59.697: E/LocSvc_adapter(397): I/<--- int32 loc_event_cb(void*, rpc_loc_client_handle_type, rpc_loc_event_mask_type, const rpc_loc_event_payload_u_type*) line 70 RPC_LOC_EVENT_NMEA_1HZ_REPORT
05-15 07:26:59.697: E/LocSvc_eng(397): D/void loc_eng_deferred_action_thread(void*):1383] received msg_id = LOC_ENG_MSG_REPORT_NMEA context = 0x1dcb910
05-15 07:26:59.697: E/LocSvc_eng(397): I/<=== nmea_cb line 1559 0x22db400
05-15 07:26:59.697: E/LocSvc_adapter(397): D/loc_eng_report_nmea: $GSV
05-15 07:26:59.697: E/LocSvc_adapter(397): I/Exiting int32 loc_event_cb(void*, rpc_loc_client_handle_type, rpc_loc_event_mask_type, const rpc_loc_event_payload_u_type*) line 73 0
05-15 07:26:59.697: E/LocSvc_adapter(397): I/<--- int32 loc_event_cb(void*, rpc_loc_client_handle_type, rpc_loc_event_mask_type, const rpc_loc_event_payload_u_type*) line 70 RPC_LOC_EVENT_NMEA_1HZ_REPORT
05-15 07:26:59.697: D/RPC(397): 3000008c:00050000 received CALL.
05-15 07:26:59.697: D/RPC(397): 3000008c:00050000 dispatching RPC call (XID 112958, xdr 0x1cd52c8) for callback client 3100008c:00050001.
05-15 07:26:59.697: D/RPC(397): 3100008c:327681 sending RPC reply (XID 112958)
05-15 07:26:59.697: D/RPC(397): 3000008c:00050000 received CALL.
05-15 07:26:59.697: D/RPC(397): 3000008c:00050000 dispatching RPC call (XID 112959, xdr 0x1cd52c8) for callback client 3100008c:00050001.
05-15 07:26:59.697: D/RPC(397): 3100008c:327681 sending RPC reply (XID 112959)
05-15 07:26:59.697: D/RPC(397): 3000008c:00050000 received CALL.
05-15 07:26:59.697: D/RPC(397): 3000008c:00050000 dispatching RPC call (XID 112960, xdr 0x1cd52c8) for callback client 3100008c:00050001.
05-15 07:26:59.707: E/LocSvc_eng(397): D/void loc_eng_deferred_action_thread(void*):1383] received msg_id = LOC_ENG_MSG_REPORT_NMEA context = 0x1dcb910
05-15 07:26:59.707: E/LocSvc_eng(397): I/<=== nmea_cb line 1559 0x22d9c20
05-15 07:26:59.707: E/LocSvc_adapter(397): D/loc_eng_report_nmea: $GSV
05-15 07:26:59.707: E/LocSvc_adapter(397): I/Exiting int32 loc_event_cb(void*, rpc_loc_client_handle_type, rpc_loc_event_mask_type, const rpc_loc_event_payload_u_type*) line 73 0
05-15 07:26:59.707: E/LocSvc_adapter(397): I/<--- int32 loc_event_cb(void*, rpc_loc_client_handle_type, rpc_loc_event_mask_type, const rpc_loc_event_payload_u_type*) line 70 RPC_LOC_EVENT_NMEA_1HZ_REPORT
05-15 07:26:59.707: E/LocSvc_eng(397): D/void loc_eng_deferred_action_thread(void*):1383] received msg_id = LOC_ENG_MSG_REPORT_NMEA context = 0x1dcb910
05-15 07:26:59.707: E/LocSvc_eng(397): I/<=== nmea_cb line 1559 0x2368270
05-15 07:26:59.707: E/LocSvc_adapter(397): D/loc_eng_report_nmea: $GSV
05-15 07:26:59.707: E/LocSvc_adapter(397): I/Exiting int32 loc_event_cb(void*, rpc_loc_client_handle_type, rpc_loc_event_mask_type, const rpc_loc_event_payload_u_type*) line 73 0
05-15 07:26:59.707: D/RPC(397): 3100008c:327681 sending RPC reply (XID 112960)
05-15 07:26:59.707: D/RPC(397): 3000008c:00050000 received CALL.
05-15 07:26:59.707: D/RPC(397): 3000008c:00050000 dispatching RPC call (XID 112961, xdr 0x1cd52c8) for callback client 3100008c:00050001.
05-15 07:26:59.707: D/RPC(397): 3100008c:327681 sending RPC reply (XID 112961)
05-15 07:26:59.717: E/LocSvc_adapter(397): I/<--- int32 loc_event_cb(void*, rpc_loc_client_handle_type, rpc_loc_event_mask_type, const rpc_loc_event_payload_u_type*) line 70 RPC_LOC_EVENT_NMEA_1HZ_REPORT
05-15 07:26:59.717: E/LocSvc_eng(397): D/void loc_eng_deferred_action_thread(void*):1383] received msg_id = LOC_ENG_MSG_REPORT_NMEA context = 0x1dcb910
05-15 07:26:59.717: E/LocSvc_eng(397): I/<=== nmea_cb line 1559 0x22d9c20
05-15 07:26:59.717: E/LocSvc_adapter(397): D/loc_eng_report_nmea: $GSV
05-15 07:26:59.717: E/LocSvc_adapter(397): I/Exiting int32 loc_event_cb(void*, rpc_loc_client_handle_type, rpc_loc_event_mask_type, const rpc_loc_event_payload_u_type*) line 73 0
05-15 07:26:59.717: E/LocSvc_adapter(397): I/<--- int32 loc_event_cb(void*, rpc_loc_client_handle_type, rpc_loc_event_mask_type, const rpc_loc_event_payload_u_type*) line 70 RPC_LOC_EVENT_NMEA_1HZ_REPORT
05-15 07:26:59.717: E/LocSvc_eng(397): D/void loc_eng_deferred_action_thread(void*):1383] received msg_id = LOC_ENG_MSG_REPORT_NMEA context = 0x1dcb910
05-15 07:26:59.717: E/LocSvc_eng(397): I/<=== nmea_cb line 1559 0x203c0f0
05-15 07:26:59.717: D/RPC(397): 3000008c:00050000 received CALL.
05-15 07:26:59.717: D/RPC(397): 3000008c:00050000 dispatching RPC call (XID 112962, xdr 0x1cd52c8) for callback client 3100008c:00050001.
05-15 07:26:59.717: D/RPC(397): 3100008c:327681 sending RPC reply (XID 112962)
05-15 07:26:59.717: D/RPC(397): 3000008c:00050000 received CALL.
05-15 07:26:59.717: D/RPC(397): 3000008c:00050000 dispatching RPC call (XID 112963, xdr 0x1cd52c8) for callback client 3100008c:00050001.
05-15 07:26:59.727: E/LocSvc_adapter(397): D/loc_eng_report_nmea: $GGA
05-15 07:26:59.727: E/LocSvc_adapter(397): I/Exiting int32 loc_event_cb(void*, rpc_loc_client_handle_type, rpc_loc_event_mask_type, const rpc_loc_event_payload_u_type*) line 73 0
05-15 07:26:59.727: E/LocSvc_adapter(397): I/<--- int32 loc_event_cb(void*, rpc_loc_client_handle_type, rpc_loc_event_mask_type, const rpc_loc_event_payload_u_type*) line 70 RPC_LOC_EVENT_NMEA_1HZ_REPORT
05-15 07:26:59.727: E/LocSvc_eng(397): D/void loc_eng_deferred_action_thread(void*):1383] received msg_id = LOC_ENG_MSG_REPORT_NMEA context = 0x1dcb910
05-15 07:26:59.727: E/LocSvc_eng(397): I/<=== nmea_cb line 1559 0x203c0f0
05-15 07:26:59.727: E/LocSvc_adapter(397): D/loc_eng_report_nmea: $GNS
05-15 07:26:59.727: E/LocSvc_adapter(397): I/Exiting int32 loc_event_cb(void*, rpc_loc_client_handle_type, rpc_loc_event_mask_type, const rpc_loc_event_payload_u_type*) line 73 0
05-15 07:26:59.727: E/LocSvc_adapter(397): I/<--- int32 loc_event_cb(void*, rpc_loc_client_handle_type, rpc_loc_event_mask_type, const rpc_loc_event_payload_u_type*) line 70 RPC_LOC_EVENT_NMEA_1HZ_REPORT
05-15 07:26:59.727: E/LocSvc_eng(397): D/void loc_eng_deferred_action_thread(void*):1383] received msg_id = LOC_ENG_MSG_REPORT_NMEA context = 0x1dcb910
05-15 07:26:59.727: E/LocSvc_eng(397): I/<=== nmea_cb line 1559 0x203c0f0
05-15 07:26:59.727: D/RPC(397): 3100008c:327681 sending RPC reply (XID 112963)
05-15 07:26:59.727: D/RPC(397): 3000008c:00050000 received CALL.
05-15 07:26:59.727: D/RPC(397): 3000008c:00050000 dispatching RPC call (XID 112964, xdr 0x1cd52c8) for callback client 3100008c:00050001.
05-15 07:26:59.727: D/RPC(397): 3100008c:327681 sending RPC reply (XID 112964)
05-15 07:26:59.727: D/RPC(397): 3000008c:00050000 received CALL.
05-15 07:26:59.727: D/RPC(397): 3000008c:00050000 dispatching RPC call (XID 112965, xdr 0x1cd52c8) for callback client 3100008c:00050001.
05-15 07:26:59.737: E/LocSvc_adapter(397): D/loc_eng_report_nmea: $VTG
05-15 07:26:59.737: E/LocSvc_adapter(397): I/Exiting int32 loc_event_cb(void*, rpc_loc_client_handle_type, rpc_loc_event_mask_type, const rpc_loc_event_payload_u_type*) line 73 0
05-15 07:26:59.737: E/LocSvc_adapter(397): I/<--- int32 loc_event_cb(void*, rpc_loc_client_handle_type, rpc_loc_event_mask_type, const rpc_loc_event_payload_u_type*) line 70 RPC_LOC_EVENT_NMEA_1HZ_REPORT
05-15 07:26:59.737: E/LocSvc_eng(397): D/void loc_eng_deferred_action_thread(void*):1383] received msg_id = LOC_ENG_MSG_REPORT_NMEA context = 0x1dcb910
05-15 07:26:59.737: E/LocSvc_eng(397): I/<=== nmea_cb line 1559 0x203c0f0
05-15 07:26:59.737: E/LocSvc_adapter(397): D/loc_eng_report_nmea: $RMC
05-15 07:26:59.737: E/LocSvc_adapter(397): I/Exiting int32 loc_event_cb(void*, rpc_loc_client_handle_type, rpc_loc_event_mask_type, const rpc_loc_event_payload_u_type*) line 73 0
05-15 07:26:59.737: D/RPC(397): 3100008c:327681 sending RPC reply (XID 112965)
05-15 07:26:59.737: D/RPC(397): 3000008c:00050000 received CALL.
05-15 07:26:59.737: D/RPC(397): 3000008c:00050000 dispatching RPC call (XID 112966, xdr 0x1cd52c8) for callback client 3100008c:00050001.
05-15 07:26:59.737: D/RPC(397): 3100008c:327681 sending RPC reply (XID 112966)
05-15 07:26:59.747: E/LocSvc_adapter(397): I/<--- int32 loc_event_cb(void*, rpc_loc_client_handle_type, rpc_loc_event_mask_type, const rpc_loc_event_payload_u_type*) line 70 RPC_LOC_EVENT_NMEA_1HZ_REPORT
05-15 07:26:59.747: E/LocSvc_eng(397): D/void loc_eng_deferred_action_thread(void*):1383] received msg_id = LOC_ENG_MSG_REPORT_NMEA context = 0x1dcb910
05-15 07:26:59.747: E/LocSvc_eng(397): I/<=== nmea_cb line 1559 0x203c0f0
05-15 07:26:59.747: E/LocSvc_adapter(397): D/loc_eng_report_nmea: $GSA
05-15 07:26:59.747: E/LocSvc_adapter(397): I/Exiting int32 loc_event_cb(void*, rpc_loc_client_handle_type, rpc_loc_event_mask_type, const rpc_loc_event_payload_u_type*) line 73 0
05-15 07:26:59.747: E/LocSvc_adapter(397): I/<--- int32 loc_event_cb(void*, rpc_loc_client_handle_type, rpc_loc_event_mask_type, const rpc_loc_event_payload_u_type*) line 70 RPC_LOC_EVENT_NMEA_1HZ_REPORT
05-15 07:26:59.747: E/LocSvc_eng(397): D/void loc_eng_deferred_action_thread(void*):1383] received msg_id = LOC_ENG_MSG_REPORT_NMEA context = 0x1dcb910
05-15 07:26:59.747: E/LocSvc_eng(397): I/<=== nmea_cb line 1559 0x203c0f0
05-15 07:26:59.747: E/LocSvc_adapter(397): D/loc_eng_report_nmea: $GSA
05-15 07:26:59.747: E/LocSvc_adapter(397): I/Exiting int32 loc_event_cb(void*, rpc_loc_client_handle_type, rpc_loc_event_mask_type, const rpc_loc_event_payload_u_type*) line 73 0
05-15 07:26:59.747: D/RPC(397): 3000008c:00050000 received CALL.
05-15 07:26:59.747: D/RPC(397): 3000008c:00050000 dispatching RPC call (XID 112967, xdr 0x1cd52c8) for callback client 3100008c:00050001.
05-15 07:26:59.747: D/RPC(397): 3100008c:327681 sending RPC reply (XID 112967)
05-15 07:26:59.747: D/RPC(397): 3000008c:00050000 received CALL.
