05-15 07:26:46.704: E/LocSvc_adapter(397): I/<--- int32 loc_event_cb(void*, rpc_loc_client_handle_type, rpc_loc_event_mask_type, const rpc_loc_event_payload_u_type*) line 70 RPC_LOC_EVENT_NMEA_1HZ_REPORT
05-15 07:26:46.704: E/LocSvc_eng(397): D/void loc_eng_deferred_action_thread(void*):1383] received msg_id = LOC_ENG_MSG_REPORT_NMEA context = 0x1dcb910
05-15 07:26:46.704: E/LocSvc_eng(397): I/<=== nmea_cb line 1559 0x1fc5a58
05-15 07:26:46.704: E/LocSvc_adapter(397): D/loc_eng_report_nmea: $GSV
05-15 07:26:46.704: E/LocSvc_adapter(397): I/Exiting int32 loc_event_cb(void*, rpc_loc_client_handle_type, rpc_loc_event_mask_type, const rpc_loc_event_payload_u_type*) line 73 0
05-15 07:26:46.704: D/RPC(397): 3000008c:00050000 received CALL.
05-15 07:26:46.704: D/RPC(397): 3000008c:00050000 dispatching RPC call (XID 112763, xdr 0x1cd52c8) for callback client 3100008c:00050001.
05-15 07:26:46.704: D/RPC(397): 3100008c:327681 sending RPC reply (XID 112763)
05-15 07:26:46.704: D/RPC(397): 3000008c:00050000 received CALL.
05-15 07:26:46.704: D/RPC(397): 3000008c:00050000 dispatching RPC call (XID 112764, xdr 0x1cd52c8) for callback client 3100008c:00050001.
05-15 07:26:46.704: D/RPC(397): 3100008c:327681 sending RPC reply (XID 112764)
05-15 07:26:46.714: E/LocSvc_adapter(397): I/<--- int32 loc_event_cb(void*, rpc_loc_client_handle_type, rpc_loc_event_mask_type, const rpc_loc_event_payload_u_type*) line 70 RPC_LOC_EVENT_NMEA_1HZ_REPORT
05-15 07:26:46.714: E/LocSvc_eng(397): D/void loc_eng_deferred_action_thread(void*):1383] received msg_id = LOC_ENG_MSG_REPORT_NMEA context = 0x1dcb910
05-15 07:26:46.714: E/LocSvc_eng(397): I/<=== nmea_cb line 1559 0x1c03318
05-15 07:26:46.714: D/RPC(397): 3000008c:00050000 received CALL.
05-15 07:26:46.714: D/RPC(397): 3000008c:00050000 dispatching RPC call (XID 112765, xdr 0x1cd52c8) for callback client 3100008c:00050001.
05-15 07:26:46.724: E/LocSvc_adapter(397): D/loc_eng_report_nmea: $GSV
05-15 07:26:46.724: E/LocSvc_adapter(397): I/Exiting int32 loc_event_cb(void*, rpc_loc_client_handle_type, rpc_loc_event_mask_type, const rpc_loc_event_payload_u_type*) line 73 0
05-15 07:26:46.724: E/LocSvc_adapter(397): I/<--- int32 loc_event_cb(void*, rpc_loc_client_handle_type, rpc_loc_event_mask_type, const rpc_loc_event_payload_u_type*) line 70 RPC_LOC_EVENT_NMEA_1HZ_REPORT
05-15 07:26:46.724: E/LocSvc_eng(397): D/void loc_eng_deferred_action_thread(void*):1383] received msg_id = LOC_ENG_MSG_REPORT_NMEA context = 0x1dcb910
05-15 07:26:46.724: E/LocSvc_eng(397): I/<=== nmea_cb line 1559 0x1c03318
05-15 07:26:46.724: E/LocSvc_adapter(397): D/loc_eng_report_nmea: $GSV
05-15 07:26:46.724: E/LocSvc_adapter(397): I/Exiting int32 loc_event_cb(void*, rpc_loc_client_handle_type, rpc_loc_event_mask_type, const rpc_loc_event_payload_u_type*) line 73 0
05-15 07:26:46.724: E/LocSvc_adapter(397): I/<--- int32 loc_event_cb(void*, rpc_loc_client_handle_type, rpc_loc_event_mask_type, const rpc_loc_event_payload_u_type*) line 70 RPC_LOC_EVENT_NMEA_1HZ_REPORT
05-15 07:26:46.724: E/LocSvc_eng(397): D/void loc_eng_deferred_action_thread(void*):1383] received msg_id = LOC_ENG_MSG_REPORT_NMEA context = 0x1dcb910
05-15 07:26:46.724: E/LocSvc_eng(397): I/<=== nmea_cb line 1559 0x22d0088
05-15 07:26:46.724: E/LocSvc_adapter(397): D/loc_eng_report_nmea: $GSV
05-15 07:26:46.724: E/LocSvc_adapter(397): I/Exiting int32 loc_event_cb(void*, rpc_loc_client_handle_type, rpc_loc_event_mask_type, const rpc_loc_event_payload_u_type*) line 73 0
05-15 07:26:46.724: D/RPC(397): 3100008c:327681 sending RPC reply (XID 112765)
05-15 07:26:46.724: D/RPC(397): 3000008c:00050000 received CALL.
05-15 07:26:46.724: D/RPC(397): 3000008c:00050000 dispatching RPC call (XID 112766, xdr 0x1cd52c8) for callback client 3100008c:00050001.
05-15 07:26:46.724: D/RPC(397): 3100008c:327681 sending RPC reply (XID 112766)
05-15 07:26:46.724: D/RPC(397): 3000008c:00050000 received CALL.
05-15 07:26:46.724: D/RPC(397): 3000008c:00050000 dispatching RPC call (XID 112767, xdr 0x1cd52c8) for callback client 3100008c:00050001.
05-15 07:26:46.724: D/RPC(397): 3100008c:327681 sending RPC reply (XID 112767)
05-15 07:26:46.724: D/RPC(397): 3000008c:00050000 received CALL.
05-15 07:26:46.724: D/RPC(397): 3000008c:00050000 dispatching RPC call (XID 112768, xdr 0x1cd52c8) for callback client 3100008c:00050001.
05-15 07:26:46.734: E/LocSvc_adapter(397): I/<--- int32 loc_event_cb(void*, rpc_loc_client_handle_type, rpc_loc_event_mask_type, const rpc_loc_event_payload_u_type*) line 70 RPC_LOC_EVENT_NMEA_1HZ_REPORT
05-15 07:26:46.734: I/InputReader(397): Touch event's action is 0x1 (deviceType=0) [pCnt=1, pending(waiting finished signal)=0, s=]
05-15 07:26:46.734: I/InputDispatcher(397): Delivering touch to current input target: action: 0x1
05-15 07:26:46.734: I/InputDispatcher(397): Delivering touch to current input target: action: 0x1
05-15 07:26:46.734: I/InputDispatcher(397): Delivering touch to current input target: action: 0x1
05-15 07:26:46.734: W/SIP(606): IInputMethodWrapper. mCaller.executeOrSendMessage(MSG_UPDATE_WACOM_STATE)
05-15 07:26:46.734: W/SIP(606): IInputMethodWrapper. inputMethod.updateWacomState(msg.arg1). arg1 =0
05-15 07:26:46.744: E/LocSvc_eng(397): D/void loc_eng_deferred_action_thread(void*):1383] received msg_id = LOC_ENG_MSG_REPORT_NMEA context = 0x1dcb910
05-15 07:26:46.744: E/LocSvc_eng(397): I/<=== nmea_cb line 1559 0x1a8abe0
05-15 07:26:46.744: E/LocSvc_adapter(397): D/loc_eng_report_nmea: $GGA
05-15 07:26:46.744: E/LocSvc_adapter(397): I/Exiting int32 loc_event_cb(void*, rpc_loc_client_handle_type, rpc_loc_event_mask_type, const rpc_loc_event_payload_u_type*) line 73 0
05-15 07:26:46.744: E/LocSvc_adapter(397): I/<--- int32 loc_event_cb(void*, rpc_loc_client_handle_type, rpc_loc_event_mask_type, const rpc_loc_event_payload_u_type*) line 70 RPC_LOC_EVENT_NMEA_1HZ_REPORT
05-15 07:26:46.744: E/LocSvc_eng(397): D/void loc_eng_deferred_action_thread(void*):1383] received msg_id = LOC_ENG_MSG_REPORT_NMEA context = 0x1dcb910
05-15 07:26:46.744: D/RPC(397): 3100008c:327681 sending RPC reply (XID 112768)
05-15 07:26:46.744: D/RPC(397): 3000008c:00050000 received CALL.
05-15 07:26:46.744: D/RPC(397): 3000008c:00050000 dispatching RPC call (XID 112769, xdr 0x1cd52c8) for callback client 3100008c:00050001.
05-15 07:26:46.754: E/LocSvc_eng(397): I/<=== nmea_cb line 1559 0x1a8abe0
05-15 07:26:46.754: E/LocSvc_adapter(397): D/loc_eng_report_nmea: $GNS
05-15 07:26:46.754: E/LocSvc_adapter(397): I/Exiting int32 loc_event_cb(void*, rpc_loc_client_handle_type, rpc_loc_event_mask_type, const rpc_loc_event_payload_u_type*) line 73 0
05-15 07:26:46.754: E/LocSvc_adapter(397): I/<--- int32 loc_event_cb(void*, rpc_loc_client_handle_type, rpc_loc_event_mask_type, const rpc_loc_event_payload_u_type*) line 70 RPC_LOC_EVENT_NMEA_1HZ_REPORT
05-15 07:26:46.754: E/LocSvc_eng(397): D/void loc_eng_deferred_action_thread(void*):1383] received msg_id = LOC_ENG_MSG_REPORT_NMEA context = 0x1dcb910
05-15 07:26:46.754: E/LocSvc_eng(397): I/<=== nmea_cb line 1559 0x1a8abe0
05-15 07:26:46.754: E/LocSvc_adapter(397): D/loc_eng_report_nmea: $VTG
05-15 07:26:46.754: E/LocSvc_adapter(397): I/Exiting int32 loc_event_cb(void*, rpc_loc_client_handle_type, rpc_loc_event_mask_type, const rpc_loc_event_payload_u_type*) line 73 0
05-15 07:26:46.754: D/RPC(397): 3100008c:327681 sending RPC reply (XID 112769)
05-15 07:26:46.754: D/RPC(397): 3000008c:00050000 received CALL.
05-15 07:26:46.754: D/RPC(397): 3000008c:00050000 dispatching RPC call (XID 112770, xdr 0x1cd52c8) for callback client 3100008c:00050001.
05-15 07:26:46.764: E/LocSvc_adapter(397): I/<--- int32 loc_event_cb(void*, rpc_loc_client_handle_type, rpc_loc_event_mask_type, const rpc_loc_event_payload_u_type*) line 70 RPC_LOC_EVENT_NMEA_1HZ_REPORT
05-15 07:26:46.764: E/LocSvc_eng(397): D/void loc_eng_deferred_action_thread(void*):1383] received msg_id = LOC_ENG_MSG_REPORT_NMEA context = 0x1dcb910
05-15 07:26:46.764: E/LocSvc_eng(397): I/<=== nmea_cb line 1559 0x1a8abe0
05-15 07:26:46.764: E/LocSvc_adapter(397): D/loc_eng_report_nmea: $RMC
05-15 07:26:46.764: D/RPC(397): 3100008c:327681 sending RPC reply (XID 112770)
05-15 07:26:46.764: D/RPC(397): 3000008c:00050000 received CALL.
05-15 07:26:46.764: D/RPC(397): 3000008c:00050000 dispatching RPC call (XID 112771, xdr 0x1cd52c8) for callback client 3100008c:00050001.
05-15 07:26:46.774: E/LocSvc_adapter(397): I/Exiting int32 loc_event_cb(void*, rpc_loc_client_handle_type, rpc_loc_event_mask_type, const rpc_loc_event_payload_u_type*) line 73 0
05-15 07:26:46.774: E/LocSvc_adapter(397): I/<--- int32 loc_event_cb(void*, rpc_loc_client_handle_type, rpc_loc_event_mask_type, const rpc_loc_event_payload_u_type*) line 70 RPC_LOC_EVENT_NMEA_1HZ_REPORT
05-15 07:26:46.774: E/LocSvc_eng(397): D/void loc_eng_deferred_action_thread(void*):1383] received msg_id = LOC_ENG_MSG_REPORT_NMEA context = 0x1dcb910
05-15 07:26:46.774: E/LocSvc_eng(397): I/<=== nmea_cb line 1559 0x1b3d138
05-15 07:26:46.774: D/RPC(397): 3100008c:327681 sending RPC reply (XID 112771)
05-15 07:26:46.774: D/RPC(397): 3000008c:00050000 received CALL.
05-15 07:26:46.774: D/RPC(397): 3000008c:00050000 dispatching RPC call (XID 112772, xdr 0x1cd52c8) for callback client 3100008c:00050001.
05-15 07:26:46.784: E/LocSvc_adapter(397): D/loc_eng_report_nmea: $GSA
05-15 07:26:46.784: E/LocSvc_adapter(397): I/Exiting int32 loc_event_cb(void*, rpc_loc_client_handle_type, rpc_loc_event_mask_type, const rpc_loc_event_payload_u_type*) line 73 0
05-15 07:26:46.784: E/LocSvc_adapter(397): I/<--- int32 loc_event_cb(void*, rpc_loc_client_handle_type, rpc_loc_event_mask_type, const rpc_loc_event_payload_u_type*) line 70 RPC_LOC_EVENT_NMEA_1HZ_REPORT
05-15 07:26:46.784: E/LocSvc_eng(397): D/void loc_eng_deferred_action_thread(void*):1383] received msg_id = LOC_ENG_MSG_REPORT_NMEA context = 0x1dcb910
05-15 07:26:46.784: E/LocSvc_eng(397): I/<=== nmea_cb line 1559 0x1b3d138
05-15 07:26:46.784: E/LocSvc_adapter(397): D/loc_eng_report_nmea: $GSA
05-15 07:26:46.784: E/LocSvc_adapter(397): I/Exiting int32 loc_event_cb(void*, rpc_loc_client_handle_type, rpc_loc_event_mask_type, const rpc_loc_event_payload_u_type*) line 73 0
05-15 07:26:46.784: D/RPC(397): 3100008c:327681 sending RPC reply (XID 112772)
05-15 07:26:46.784: D/RPC(397): 3000008c:00050000 received CALL.
05-15 07:26:46.784: D/RPC(397): 3000008c:00050000 dispatching RPC call (XID 112773, xdr 0x1cd52c8) for callback client 3100008c:00050001.
05-15 07:26:46.784: D/RPC(397): 3100008c:327681 sending RPC reply (XID 112773)
05-15 07:26:46.794: E/LocSvc_adapter(397): I/<--- int32 loc_event_cb(void*, rpc_loc_client_handle_type, rpc_loc_event_mask_type, const rpc_loc_event_payload_u_type*) line 70 RPC_LOC_EVENT_SATELLITE_REPORT
05-15 07:26:46.794: E/LocSvc_api_rpc_glue(397): D/sv count: 25
05-15 07:26:46.794: D/RPC(397): 3000008c:00050000 received CALL.
05-15 07:26:46.794: D/RPC(397): 3000008c:00050000 dispatching RPC call (XID 112774, xdr 0x1cd52c8) for callback client 3100008c:00050001.
05-15 07:26:46.804: E/LocSvc_adapter(397): I/num sv: 25
05-15 07:26:46.804: E/LocSvc_adapter(397): ephemeris mask: 0xn almanac mask: c16e2c25
05-15 07:26:46.804: E/LocSvc_adapter(397): used in fix mask: 0
05-15 07:26:46.804: E/LocSvc_adapter(397): sv: prn snr elevation azimuth
05-15 07:26:46.804: E/LocSvc_adapter(397): I/ 0: 1 0.000000 37.000000 309.000000
05-15 07:26:46.804: E/LocSvc_adapter(397): I/ 1: 3 0.000000 3.000000 209.000000
05-15 07:26:46.804: E/LocSvc_adapter(397): I/ 2: 6 0.000000 0.000000 0.000000
05-15 07:26:46.804: E/LocSvc_adapter(397): I/ 3: 11 0.000000 47.000000 278.000000
05-15 07:26:46.804: E/LocSvc_adapter(397): I/ 4: 12 0.000000 0.000000 0.000000
05-15 07:26:46.804: E/LocSvc_adapter(397): I/ 5: 14 0.000000 52.000000 40.000000
05-15 07:26:46.804: E/LocSvc_adapter(397): I/ 6: 18 0.000000 6.000000 98.000000
05-15 07:26:46.804: E/LocSvc_adapter(397): I/ 7: 19 0.000000 20.000000 227.000000
05-15 07:26:46.804: E/LocSvc_adapter(397): I/ 8: 20 0.000000 6.000000 291.000000
05-15 07:26:46.804: E/LocSvc_adapter(397): I/ 9: 22 0.000000 36.000000 87.000000
05-15 07:26:46.804: E/LocSvc_adapter(397): I/ 10: 23 0.000000 0.000000 0.000000
05-15 07:26:46.804: E/LocSvc_adapter(397): I/ 11: 25 0.000000 0.000000 0.000000
05-15 07:26:46.804: E/LocSvc_adapter(397): I/ 12: 31 0.000000 43.000000 147.000000
05-15 07:26:46.804: E/LocSvc_adapter(397): I/ 13: 32 0.000000 34.000000 296.000000
05-15 07:26:46.804: E/LocSvc_adapter(397): I/ 14: 74 0.000000 40.000000 68.000000
05-15 07:26:46.804: E/LocSvc_adapter(397): I/ 15: 66 0.000000 6.000000 284.000000
05-15 07:26:46.804: E/LocSvc_adapter(397): I/ 16: 73 0.000000 9.000000 23.000000
05-15 07:26:46.804: E/LocSvc_adapter(397): I/ 17: 76 0.000000 0.000000 0.000000
05-15 07:26:46.804: E/LocSvc_adapter(397): I/ 18: 75 0.000000 32.000000 139.000000
05-15 07:26:46.804: E/LocSvc_adapter(397): I/ 19: 65 0.000000 47.000000 323.000000
05-15 07:26:46.804: E/LocSvc_adapter(397): I/ 20: 88 0.000000 37.000000 265.000000
05-15 07:26:46.804: E/LocSvc_adapter(397): I/ 21: 87 0.000000 19.000000 210.000000
05-15 07:26:46.804: E/LocSvc_adapter(397): I/ 22: 81 0.000000 17.000000 324.000000
05-15 07:26:46.804: E/LocSvc_adapter(397): I/ 23: 71 0.000000 2.000000 82.000000
05-15 07:26:46.804: E/LocSvc_adapter(397): I/ 24: 72 0.000000 42.000000 49.000000
05-15 07:26:46.804: E/LocSvc_eng(397): D/void loc_eng_deferred_action_thread(void*):1383] received msg_id = LOC_ENG_MSG_REPORT_SV context = 0x1dcb910
05-15 07:26:46.804: E/LocSvc_afw(397): I/Entering void sv_cb(GpsSvStatus*, void*) line 929
05-15 07:26:46.804: E/LocSvc_afw(397): I/<=== sv_status_cb - line 931 25
05-15 07:26:46.804: E/LocSvc_afw(397): I/Exiting void sv_cb(GpsSvStatus*, void*) line 934 None
05-15 07:26:46.804: E/LocSvc_adapter(397): I/Exiting int32 loc_event_cb(void*, rpc_loc_client_handle_type, rpc_loc_event_mask_type, const rpc_loc_event_payload_u_type*) line 73 0
05-15 07:26:46.814: D/FStest(690): check default
05-15 07:26:46.814: D/RPC(397): 3100008c:327681 sending RPC reply (XID 112774)
05-15 07:26:46.824: I/APACHE HTTP (thCr=13015) - NafHttpAuthStrategyDefault(1702): (thUse=13024) cached value : gbaSupportIsPossible=false
05-15 07:26:46.824: I/APACHE HTTP (thCr=13015) - NafHttpAuthStrategyDefault(1702): (thUse=13024) It is impossible to support GBA now (many possible reasons: no Android Context, current client is GBA service, etc.), then it will be just usual HTTP.
05-15 07:26:46.824: I/APACHE HTTP (thCr=13024) - NafRequestExecutorWrapperRedirectionHandler(1702): (thUse=13024) It isn't GBA flow, redirection responses are not handled.
05-15 07:26:46.824: I/AndroidHttpClient$2(1702): executeRequestSending() director.getClass()=class org.apache.http.impl.client.DefaultRequestDirector
05-15 07:26:46.904: D/RPC(397): 3000008c:00050000 received CALL.
05-15 07:26:46.904: E/LocSvc_adapter(397): I/<--- int32 loc_event_cb(void*, rpc_loc_client_handle_type, rpc_loc_event_mask_type, const rpc_loc_event_payload_u_type*) line 70 RPC_LOC_EVENT_PARSED_POSITION_REPORT
05-15 07:26:46.904: E/LocSvc_api_rpc_glue(397): D/Session status: RPC_LOC_SESS_STATUS_IN_PROGESS Valid mask: 0x61ED
05-15 07:26:46.904: E/LocSvc_api_rpc_glue(397): D/Accuracy: 0.0000000
05-15 07:26:46.904: I/AndroidHttpClient$2(1702): execute() finalHttpResponse.getStatusLine()=HTTP/1.1 200 OK
05-15 07:26:46.904: I/AndroidHttpClient$2(1702): execute()#finished
05-15 07:26:46.904: D/RPC(397): 3000008c:00050000 dispatching RPC call (XID 112775, xdr 0x1cd52c8) for callback client 3100008c:00050001.
05-15 07:26:46.914: E/LocSvc_eng(397): D/void loc_eng_deferred_action_thread(void*):1383] received msg_id = LOC_ENG_MSG_REPORT_POSITION context = 0x1dcb910
05-15 07:26:46.914: E/LocSvc_adapter(397): I/Exiting int32 loc_event_cb(void*, rpc_loc_client_handle_type, rpc_loc_event_mask_type, const rpc_loc_event_payload_u_type*) line 73 0
05-15 07:26:46.914: D/RPC(397): 3100008c:327681 sending RPC reply (XID 112775)
05-15 07:26:47.024: I/APACHE HTTP (thCr=13015) - NafHttpAuthStrategyDefault(1702): (thUse=13025) cached value : gbaSupportIsPossible=false
05-15 07:26:47.024: I/APACHE HTTP (thCr=13015) - NafHttpAuthStrategyDefault(1702): (thUse=13025) It is impossible to support GBA now (many possible reasons: no Android Context, current client is GBA service, etc.), then it will be just usual HTTP.
05-15 07:26:47.034: I/APACHE HTTP (thCr=13025) - NafRequestExecutorWrapperRedirectionHandler(1702): (thUse=13025) It isn't GBA flow, redirection responses are not handled.
05-15 07:26:47.034: I/AndroidHttpClient$2(1702): executeRequestSending() director.getClass()=class org.apache.http.impl.client.DefaultRequestDirector
05-15 07:26:47.235: I/AndroidHttpClient$2(1702): execute() finalHttpResponse.getStatusLine()=HTTP/1.1 200 OK
05-15 07:26:47.235: I/AndroidHttpClient$2(1702): execute()#finished
05-15 07:26:47.585: D/FStest(690): check default
05-15 07:26:47.685: D/RPC(397): 3000008c:00050000 received CALL.
05-15 07:26:47.685: E/LocSvc_adapter(397): I/<--- int32 loc_event_cb(void*, rpc_loc_client_handle_type, rpc_loc_event_mask_type, const rpc_loc_event_payload_u_type*) line 70 RPC_LOC_EVENT_NMEA_1HZ_REPORT
05-15 07:26:47.685: E/LocSvc_eng(397): D/void loc_eng_deferred_action_thread(void*):1383] received msg_id = LOC_ENG_MSG_REPORT_NMEA context = 0x1dcb910
05-15 07:26:47.685: E/LocSvc_eng(397): I/<=== nmea_cb line 1559 0x2371940
05-15 07:26:47.685: E/LocSvc_adapter(397): D/loc_eng_report_nmea: $GSV
05-15 07:26:47.685: E/LocSvc_adapter(397): I/Exiting int32 loc_event_cb(void*, rpc_loc_client_handle_type, rpc_loc_event_mask_type, const rpc_loc_event_payload_u_type*) line 73 0
05-15 07:26:47.685: E/LocSvc_adapter(397): I/<--- int32 loc_event_cb(void*, rpc_loc_client_handle_type, rpc_loc_event_mask_type, const rpc_loc_event_payload_u_type*) line 70 RPC_LOC_EVENT_NMEA_1HZ_REPORT
05-15 07:26:47.685: D/RPC(397): 3000008c:00050000 dispatching RPC call (XID 112776, xdr 0x1cd52c8) for callback client 3100008c:00050001.
05-15 07:26:47.685: D/RPC(397): 3100008c:327681 sending RPC reply (XID 112776)
05-15 07:26:47.685: D/RPC(397): 3000008c:00050000 received CALL.
05-15 07:26:47.685: D/RPC(397): 3000008c:00050000 dispatching RPC call (XID 112777, xdr 0x1cd52c8) for callback client 3100008c:00050001.
05-15 07:26:47.695: E/LocSvc_eng(397): D/void loc_eng_deferred_action_thread(void*):1383] received msg_id = LOC_ENG_MSG_REPORT_NMEA context = 0x1dcb910
05-15 07:26:47.695: E/LocSvc_eng(397): I/<=== nmea_cb line 1559 0x2371940
05-15 07:26:47.695: E/LocSvc_adapter(397): D/loc_eng_report_nmea: $GSV
05-15 07:26:47.695: E/LocSvc_adapter(397): I/Exiting int32 loc_event_cb(void*, rpc_loc_client_handle_type, rpc_loc_event_mask_type, const rpc_loc_event_payload_u_type*) line 73 0
05-15 07:26:47.695: D/RPC(397): 3100008c:327681 sending RPC reply (XID 112777)
05-15 07:26:47.705: D/RPC(397): 3000008c:00050000 received CALL.
05-15 07:26:47.705: E/LocSvc_adapter(397): I/<--- int32 loc_event_cb(void*, rpc_loc_client_handle_type, rpc_loc_event_mask_type, const rpc_loc_event_payload_u_type*) line 70 RPC_LOC_EVENT_NMEA_1HZ_REPORT
05-15 07:26:47.705: E/LocSvc_eng(397): D/void loc_eng_deferred_action_thread(void*):1383] received msg_id = LOC_ENG_MSG_REPORT_NMEA context = 0x1dcb910
05-15 07:26:47.705: E/LocSvc_eng(397): I/<=== nmea_cb line 1559 0x22d0088
05-15 07:26:47.705: E/LocSvc_adapter(397): D/loc_eng_report_nmea: $GSV
05-15 07:26:47.705: E/LocSvc_adapter(397): I/Exiting int32 loc_event_cb(void*, rpc_loc_client_handle_type, rpc_loc_event_mask_type, const rpc_loc_event_payload_u_type*) line 73 0
05-15 07:26:47.705: E/LocSvc_adapter(397): I/<--- int32 loc_event_cb(void*, rpc_loc_client_handle_type, rpc_loc_event_mask_type, const rpc_loc_event_payload_u_type*) line 70 RPC_LOC_EVENT_NMEA_1HZ_REPORT
05-15 07:26:47.705: E/LocSvc_eng(397): D/void loc_eng_deferred_action_thread(void*):1383] received msg_id = LOC_ENG_MSG_REPORT_NMEA context = 0x1dcb910
05-15 07:26:47.705: E/LocSvc_eng(397): I/<=== nmea_cb line 1559 0x1fc5a58
05-15 07:26:47.705: E/LocSvc_adapter(397): D/loc_eng_report_nmea: $GSV
05-15 07:26:47.705: E/LocSvc_adapter(397): I/Exiting int32 loc_event_cb(void*, rpc_loc_client_handle_type, rpc_loc_event_mask_type, const rpc_loc_event_payload_u_type*) line 73 0
05-15 07:26:47.705: E/LocSvc_adapter(397): I/<--- int32 loc_event_cb(void*, rpc_loc_client_handle_type, rpc_loc_event_mask_type, const rpc_loc_event_payload_u_type*) line 70 RPC_LOC_EVENT_NMEA_1HZ_REPORT
05-15 07:26:47.705: E/LocSvc_eng(397): D/void loc_eng_deferred_action_thread(void*):1383] received msg_id = LOC_ENG_MSG_REPORT_NMEA context = 0x1dcb910
05-15 07:26:47.705: E/LocSvc_eng(397): I/<=== nmea_cb line 1559 0x2371940
05-15 07:26:47.705: E/LocSvc_adapter(397): D/loc_eng_report_nmea: $GSV
05-15 07:26:47.705: E/LocSvc_adapter(397): I/Exiting int32 loc_event_cb(void*, rpc_loc_client_handle_type, rpc_loc_event_mask_type, const rpc_loc_event_payload_u_type*) line 73 0
05-15 07:26:47.705: D/RPC(397): 3000008c:00050000 dispatching RPC call (XID 112778, xdr 0x1cd52c8) for callback client 3100008c:00050001.
05-15 07:26:47.705: D/RPC(397): 3100008c:327681 sending RPC reply (XID 112778)
05-15 07:26:47.705: D/RPC(397): 3000008c:00050000 received CALL.
05-15 07:26:47.705: D/RPC(397): 3000008c:00050000 dispatching RPC call (XID 112779, xdr 0x1cd52c8) for callback client 3100008c:00050001.
05-15 07:26:47.705: D/RPC(397): 3100008c:327681 sending RPC reply (XID 112779)
05-15 07:26:47.705: D/RPC(397): 3000008c:00050000 received CALL.
05-15 07:26:47.705: D/RPC(397): 3000008c:00050000 dispatching RPC call (XID 112780, xdr 0x1cd52c8) for callback client 3100008c:00050001.
05-15 07:26:47.705: D/RPC(397): 3100008c:327681 sending RPC reply (XID 112780)
05-15 07:26:47.715: E/LocSvc_adapter(397): I/<--- int32 loc_event_cb(void*, rpc_loc_client_handle_type, rpc_loc_event_mask_type, const rpc_loc_event_payload_u_type*) line 70 RPC_LOC_EVENT_NMEA_1HZ_REPORT
05-15 07:26:47.715: E/LocSvc_eng(397): D/void loc_eng_deferred_action_thread(void*):1383] received msg_id = LOC_ENG_MSG_REPORT_NMEA context = 0x1dcb910
05-15 07:26:47.715: E/LocSvc_eng(397): I/<=== nmea_cb line 1559 0x2371940
05-15 07:26:47.715: E/LocSvc_adapter(397): D/loc_eng_report_nmea: $GSV
05-15 07:26:47.715: E/LocSvc_adapter(397): I/Exiting int32 loc_event_cb(void*, rpc_loc_client_handle_type, rpc_loc_event_mask_type, const rpc_loc_event_payload_u_type*) line 73 0
05-15 07:26:47.715: E/LocSvc_adapter(397): I/<--- int32 loc_event_cb(void*, rpc_loc_client_handle_type, rpc_loc_event_mask_type, const rpc_loc_event_payload_u_type*) line 70 RPC_LOC_EVENT_NMEA_1HZ_REPORT
05-15 07:26:47.715: E/LocSvc_eng(397): D/void loc_eng_deferred_action_thread(void*):1383] received msg_id = LOC_ENG_MSG_REPORT_NMEA context = 0x1dcb910
05-15 07:26:47.715: E/LocSvc_eng(397): I/<=== nmea_cb line 1559 0x22d0088
05-15 07:26:47.715: E/LocSvc_adapter(397): D/loc_eng_report_nmea: $GSV
05-15 07:26:47.715: E/LocSvc_adapter(397): I/Exiting int32 loc_event_cb(void*, rpc_loc_client_handle_type, rpc_loc_event_mask_type, const rpc_loc_event_payload_u_type*) line 73 0
05-15 07:26:47.715: E/LocSvc_adapter(397): I/<--- int32 loc_event_cb(void*, rpc_loc_client_handle_type, rpc_loc_event_mask_type, const rpc_loc_event_payload_u_type*) line 70 RPC_LOC_EVENT_NMEA_1HZ_REPORT
05-15 07:26:47.715: E/LocSvc_eng(397): D/void loc_eng_deferred_action_thread(void*):1383] received msg_id = LOC_ENG_MSG_REPORT_NMEA context = 0x1dcb910
05-15 07:26:47.715: E/LocSvc_eng(397): I/<=== nmea_cb line 1559 0x1a8abe0
05-15 07:26:47.715: E/LocSvc_adapter(397): D/loc_eng_report_nmea: $GGA
05-15 07:26:47.715: E/LocSvc_adapter(397): I/Exiting int32 loc_event_cb(void*, rpc_loc_client_handle_type, rpc_loc_event_mask_type, const rpc_loc_event_payload_u_type*) line 73 0
05-15 07:26:47.715: D/RPC(397): 3000008c:00050000 received CALL.
05-15 07:26:47.715: D/RPC(397): 3000008c:00050000 dispatching RPC call (XID 112781, xdr 0x1cd52c8) for callback client 3100008c:00050001.
05-15 07:26:47.715: D/RPC(397): 3100008c:327681 sending RPC reply (XID 112781)
05-15 07:26:47.715: D/RPC(397): 3000008c:00050000 received CALL.
05-15 07:26:47.715: D/RPC(397): 3000008c:00050000 dispatching RPC call (XID 112782, xdr 0x1cd52c8) for callback client 3100008c:00050001.
05-15 07:26:47.715: D/RPC(397): 3100008c:327681 sending RPC reply (XID 112782)
05-15 07:26:47.715: D/RPC(397): 3000008c:00050000 received CALL.
05-15 07:26:47.715: D/RPC(397): 3000008c:00050000 dispatching RPC call (XID 112783, xdr 0x1cd52c8) for callback client 3100008c:00050001.
05-15 07:26:47.715: D/RPC(397): 3100008c:327681 sending RPC reply (XID 112783)
05-15 07:26:47.725: E/LocSvc_adapter(397): I/<--- int32 loc_event_cb(void*, rpc_loc_client_handle_type, rpc_loc_event_mask_type, const rpc_loc_event_payload_u_type*) line 70 RPC_LOC_EVENT_NMEA_1HZ_REPORT
05-15 07:26:47.725: E/LocSvc_eng(397): D/void loc_eng_deferred_action_thread(void*):1383] received msg_id = LOC_ENG_MSG_REPORT_NMEA context = 0x1dcb910
05-15 07:26:47.725: E/LocSvc_eng(397): I/<=== nmea_cb line 1559 0x1a8abe0
05-15 07:26:47.725: E/LocSvc_adapter(397): D/loc_eng_report_nmea: $GNS
05-15 07:26:47.725: E/LocSvc_adapter(397): I/Exiting int32 loc_event_cb(void*, rpc_loc_client_handle_type, rpc_loc_event_mask_type, const rpc_loc_event_payload_u_type*) line 73 0
05-15 07:26:47.725: E/LocSvc_adapter(397): I/<--- int32 loc_event_cb(void*, rpc_loc_client_handle_type, rpc_loc_event_mask_type, const rpc_loc_event_payload_u_type*) line 70 RPC_LOC_EVENT_NMEA_1HZ_REPORT
05-15 07:26:47.725: E/LocSvc_eng(397): D/void loc_eng_deferred_action_thread(void*):1383] received msg_id = LOC_ENG_MSG_REPORT_NMEA context = 0x1dcb910
05-15 07:26:47.725: E/LocSvc_eng(397): I/<=== nmea_cb line 1559 0x1a8abe0
05-15 07:26:47.725: E/LocSvc_adapter(397): D/loc_eng_report_nmea: $VTG
05-15 07:26:47.725: E/LocSvc_adapter(397): I/Exiting int32 loc_event_cb(void*, rpc_loc_client_handle_type, rpc_loc_event_mask_type, const rpc_loc_event_payload_u_type*) line 73 0
05-15 07:26:47.725: E/LocSvc_adapter(397): I/<--- int32 loc_event_cb(void*, rpc_loc_client_handle_type, rpc_loc_event_mask_type, const rpc_loc_event_payload_u_type*) line 70 RPC_LOC_EVENT_NMEA_1HZ_REPORT
05-15 07:26:47.725: E/LocSvc_eng(397): D/void loc_eng_deferred_action_thread(void*):1383] received msg_id = LOC_ENG_MSG_REPORT_NMEA context = 0x1dcb910
05-15 07:26:47.725: E/LocSvc_eng(397): I/<=== nmea_cb line 1559 0x1a8abe0
05-15 07:26:47.725: E/LocSvc_adapter(397): D/loc_eng_report_nmea: $RMC
05-15 07:26:47.725: E/LocSvc_adapter(397): I/Exiting int32 loc_event_cb(void*, rpc_loc_client_handle_type, rpc_loc_event_mask_type, const rpc_loc_event_payload_u_type*) line 73 0
05-15 07:26:47.725: D/RPC(397): 3000008c:00050000 received CALL.
05-15 07:26:47.725: D/RPC(397): 3000008c:00050000 dispatching RPC call (XID 112784, xdr 0x1cd52c8) for callback client 3100008c:00050001.
05-15 07:26:47.725: D/RPC(397): 3100008c:327681 sending RPC reply (XID 112784)
05-15 07:26:47.725: D/RPC(397): 3000008c:00050000 received CALL.
05-15 07:26:47.725: D/RPC(397): 3000008c:00050000 dispatching RPC call (XID 112785, xdr 0x1cd52c8) for callback client 3100008c:00050001.
05-15 07:26:47.725: D/RPC(397): 3100008c:327681 sending RPC reply (XID 112785)
05-15 07:26:47.725: D/RPC(397): 3000008c:00050000 received CALL.
05-15 07:26:47.725: D/RPC(397): 3000008c:00050000 dispatching RPC call (XID 112786, xdr 0x1cd52c8) for callback client 3100008c:00050001.
05-15 07:26:47.735: E/LocSvc_adapter(397): I/<--- int32 loc_event_cb(void*, rpc_loc_client_handle_type, rpc_loc_event_mask_type, const rpc_loc_event_payload_u_type*) line 70 RPC_LOC_EVENT_NMEA_1HZ_REPORT
05-15 07:26:47.735: E/LocSvc_eng(397): D/void loc_eng_deferred_action_thread(void*):1383] received msg_id = LOC_ENG_MSG_REPORT_NMEA context = 0x1dcb910
05-15 07:26:47.735: E/LocSvc_eng(397): I/<=== nmea_cb line 1559 0x1b3d138
05-15 07:26:47.735: E/LocSvc_adapter(397): D/loc_eng_report_nmea: $GSA
05-15 07:26:47.735: E/LocSvc_adapter(397): I/Exiting int32 loc_event_cb(void*, rpc_loc_client_handle_type, rpc_loc_event_mask_type, const rpc_loc_event_payload_u_type*) line 73 0
05-15 07:26:47.735: E/LocSvc_adapter(397): I/<--- int32 loc_event_cb(void*, rpc_loc_client_handle_type, rpc_loc_event_mask_type, const rpc_loc_event_payload_u_type*) line 70 RPC_LOC_EVENT_NMEA_1HZ_REPORT
05-15 07:26:47.735: E/LocSvc_eng(397): D/void loc_eng_deferred_action_thread(void*):1383] received msg_id = LOC_ENG_MSG_REPORT_NMEA context = 0x1dcb910
05-15 07:26:47.735: E/LocSvc_eng(397): I/<=== nmea_cb line 1559 0x1b3d138
05-15 07:26:47.735: E/LocSvc_adapter(397): D/loc_eng_report_nmea: $GSA
05-15 07:26:47.735: E/LocSvc_adapter(397): I/Exiting int32 loc_event_cb(void*, rpc_loc_client_handle_type, rpc_loc_event_mask_type, const rpc_loc_event_payload_u_type*) line 73 0
05-15 07:26:47.735: D/RPC(397): 3100008c:327681 sending RPC reply (XID 112786)
05-15 07:26:47.735: D/RPC(397): 3000008c:00050000 received CALL.
05-15 07:26:47.735: D/RPC(397): 3000008c:00050000 dispatching RPC call (XID 112787, xdr 0x1cd52c8) for callback client 3100008c:00050001.
05-15 07:26:47.735: D/RPC(397): 3100008c:327681 sending RPC reply (XID 112787)
05-15 07:26:47.735: D/RPC(397): 3000008c:00050000 received CALL.
05-15 07:26:47.735: D/RPC(397): 3000008c:00050000 dispatching RPC call (XID 112788, xdr 0x1cd52c8) for callback client 3100008c:00050001.
05-15 07:26:47.735: D/RPC(397): 3100008c:327681 sending RPC reply (XID 112788)
05-15 07:26:47.745: E/LocSvc_adapter(397): I/<--- int32 loc_event_cb(void*, rpc_loc_client_handle_type, rpc_loc_event_mask_type, const rpc_loc_event_payload_u_type*) line 70 RPC_LOC_EVENT_SATELLITE_REPORT
05-15 07:26:47.745: E/LocSvc_api_rpc_glue(397): D/sv count: 25
05-15 07:26:47.745: E/LocSvc_adapter(397): I/num sv: 25
05-15 07:26:47.745: E/LocSvc_adapter(397): ephemeris mask: 0xn almanac mask: c16e2c25
05-15 07:26:47.745: E/LocSvc_adapter(397): used in fix mask: 0
05-15 07:26:47.745: E/LocSvc_adapter(397): sv: prn snr elevation azimuth
05-15 07:26:47.745: E/LocSvc_adapter(397): I/ 0: 1 0.000000 37.000000 309.000000
05-15 07:26:47.745: E/LocSvc_adapter(397): I/ 1: 3 0.000000 3.000000 209.000000
05-15 07:26:47.745: E/LocSvc_adapter(397): I/ 2: 6 0.000000 0.000000 0.000000
05-15 07:26:47.745: E/LocSvc_adapter(397): I/ 3: 11 0.000000 47.000000 278.000000
05-15 07:26:47.745: E/LocSvc_adapter(397): I/ 4: 12 0.000000 0.000000 0.000000
05-15 07:26:47.745: E/LocSvc_adapter(397): I/ 5: 14 0.000000 52.000000 40.000000
05-15 07:26:47.745: E/LocSvc_adapter(397): I/ 6: 18 0.000000 6.000000 98.000000
05-15 07:26:47.745: E/LocSvc_adapter(397): I/ 7: 19 0.000000 20.000000 227.000000
05-15 07:26:47.745: E/LocSvc_adapter(397): I/ 8: 20 0.000000 6.000000 291.000000
05-15 07:26:47.745: E/LocSvc_adapter(397): I/ 9: 22 0.000000 36.000000 87.000000
05-15 07:26:47.745: E/LocSvc_adapter(397): I/ 10: 23 0.000000 0.000000 0.000000
05-15 07:26:47.745: E/LocSvc_adapter(397): I/ 11: 25 0.000000 0.000000 0.000000
05-15 07:26:47.745: E/LocSvc_adapter(397): I/ 12: 31 0.000000 43.000000 147.000000
05-15 07:26:47.745: E/LocSvc_adapter(397): I/ 13: 32 0.000000 34.000000 296.000000
05-15 07:26:47.745: E/LocSvc_adapter(397): I/ 14: 74 0.000000 40.000000 68.000000
05-15 07:26:47.745: E/LocSvc_adapter(397): I/ 15: 66 0.000000 6.000000 284.000000
05-15 07:26:47.745: E/LocSvc_adapter(397): I/ 16: 73 0.000000 9.000000 23.000000
05-15 07:26:47.745: E/LocSvc_adapter(397): I/ 17: 76 0.000000 0.000000 0.000000
05-15 07:26:47.745: E/LocSvc_adapter(397): I/ 18: 75 0.000000 32.000000 139.000000
05-15 07:26:47.745: E/LocSvc_adapter(397): I/ 19: 65 0.000000 47.000000 323.000000
05-15 07:26:47.745: E/LocSvc_adapter(397): I/ 20: 88 0.000000 37.000000 265.000000
05-15 07:26:47.745: E/LocSvc_adapter(397): I/ 21: 87 0.000000 19.000000 210.000000
05-15 07:26:47.745: E/LocSvc_adapter(397): I/ 22: 81 0.000000 17.000000 324.000000
05-15 07:26:47.745: E/LocSvc_adapter(397): I/ 23: 71 0.000000 2.000000 82.000000
05-15 07:26:47.745: E/LocSvc_adapter(397): I/ 24: 72 0.000000 42.000000 49.000000
05-15 07:26:47.745: E/LocSvc_eng(397): D/void loc_eng_deferred_action_thread(void*):1383] received msg_id = LOC_ENG_MSG_REPORT_SV context = 0x1dcb910
05-15 07:26:47.745: E/LocSvc_afw(397): I/Entering void sv_cb(GpsSvStatus*, void*) line 929
05-15 07:26:47.745: E/LocSvc_afw(397): I/<=== sv_status_cb - line 931 25
05-15 07:26:47.745: D/RPC(397): 3000008c:00050000 received CALL.
05-15 07:26:47.745: D/RPC(397): 3000008c:00050000 dispatching RPC call (XID 112789, xdr 0x1cd52c8) for callback client 3100008c:00050001.
05-15 07:26:47.755: E/LocSvc_afw(397): I/Exiting void sv_cb(GpsSvStatus*, void*) line 934 None
05-15 07:26:47.755: E/LocSvc_adapter(397): I/Exiting int32 loc_event_cb(void*, rpc_loc_client_handle_type, rpc_loc_event_mask_type, const rpc_loc_event_payload_u_type*) line 73 0
05-15 07:26:47.755: D/RPC(397): 3100008c:327681 sending RPC reply (XID 112789)
05-15 07:26:47.815: D/FStest(690): check default
05-15 07:26:47.905: D/RPC(397): 3000008c:00050000 received CALL.
05-15 07:26:47.905: E/LocSvc_adapter(397): I/<--- int32 loc_event_cb(void*, rpc_loc_client_handle_type, rpc_loc_event_mask_type, const rpc_loc_event_payload_u_type*) line 70 RPC_LOC_EVENT_PARSED_POSITION_REPORT
05-15 07:26:47.905: E/LocSvc_api_rpc_glue(397): D/Session status: RPC_LOC_SESS_STATUS_IN_PROGESS Valid mask: 0x61ED
05-15 07:26:47.905: D/RPC(397): 3000008c:00050000 dispatching RPC call (XID 112790, xdr 0x1cd52c8) for callback client 3100008c:00050001.
05-15 07:26:47.915: E/LocSvc_api_rpc_glue(397): D/Accuracy: 0.0000000
05-15 07:26:47.915: E/LocSvc_eng(397): D/void loc_eng_deferred_action_thread(void*):1383] received msg_id = LOC_ENG_MSG_REPORT_POSITION context = 0x1dcb910
05-15 07:26:47.915: E/LocSvc_adapter(397): I/Exiting int32 loc_event_cb(void*, rpc_loc_client_handle_type, rpc_loc_event_mask_type, const rpc_loc_event_payload_u_type*) line 73 0
05-15 07:26:47.915: D/RPC(397): 3100008c:327681 sending RPC reply (XID 112790)
05-15 07:26:48.105: I/InputReader(397): Touch event's action is 0x0 (deviceType=0) [pCnt=1, pending(waiting finished signal)=0, s=0.683 ]
05-15 07:26:48.105: I/InputDispatcher(397): Delivering touch to current input target: action: 0x0
05-15 07:26:48.105: I/InputDispatcher(397): Delivering touch to current input target: action: 0x0
05-15 07:26:48.105: I/InputDispatcher(397): Delivering touch to current input target: action: 0x0
05-15 07:26:48.105: W/SIP(606): IInputMethodWrapper. mCaller.executeOrSendMessage(MSG_UPDATE_WACOM_STATE)
05-15 07:26:48.105: W/SIP(606): IInputMethodWrapper. inputMethod.updateWacomState(msg.arg1). arg1 =0
05-15 07:26:48.155: W/SIP(606): IInputMethodWrapper. mCaller.executeOrSendMessage(MSG_UPDATE_WACOM_STATE)
05-15 07:26:48.155: W/SIP(606): IInputMethodWrapper. inputMethod.updateWacomState(msg.arg1). arg1 =0
05-15 07:26:48.276: W/SIP(606): IInputMethodWrapper. mCaller.executeOrSendMessage(MSG_UPDATE_WACOM_STATE)
05-15 07:26:48.276: W/SIP(606): IInputMethodWrapper. inputMethod.updateWacomState(msg.arg1). arg1 =0
05-15 07:26:48.286: W/SIP(606): IInputMethodWrapper. mCaller.executeOrSendMessage(MSG_UPDATE_WACOM_STATE)
05-15 07:26:48.286: W/SIP(606): IInputMethodWrapper. inputMethod.updateWacomState(msg.arg1). arg1 =0
05-15 07:26:48.306: W/SIP(606): IInputMethodWrapper. mCaller.executeOrSendMessage(MSG_UPDATE_WACOM_STATE)
05-15 07:26:48.306: W/SIP(606): IInputMethodWrapper. inputMethod.updateWacomState(msg.arg1). arg1 =0
05-15 07:26:48.316: W/SIP(606): IInputMethodWrapper. mCaller.executeOrSendMessage(MSG_UPDATE_WACOM_STATE)
05-15 07:26:48.316: W/SIP(606): IInputMethodWrapper. inputMethod.updateWacomState(msg.arg1). arg1 =0
05-15 07:26:48.336: W/SIP(606): IInputMethodWrapper. mCaller.executeOrSendMessage(MSG_UPDATE_WACOM_STATE)
05-15 07:26:48.336: W/SIP(606): IInputMethodWrapper. inputMethod.updateWacomState(msg.arg1). arg1 =0
05-15 07:26:48.346: W/SIP(606): IInputMethodWrapper. mCaller.executeOrSendMessage(MSG_UPDATE_WACOM_STATE)
05-15 07:26:48.346: W/SIP(606): IInputMethodWrapper. inputMethod.updateWacomState(msg.arg1). arg1 =0
05-15 07:26:48.366: W/SIP(606): IInputMethodWrapper. mCaller.executeOrSendMessage(MSG_UPDATE_WACOM_STATE)
05-15 07:26:48.366: W/SIP(606): IInputMethodWrapper. inputMethod.updateWacomState(msg.arg1). arg1 =0
05-15 07:26:48.376: W/SIP(606): IInputMethodWrapper. mCaller.executeOrSendMessage(MSG_UPDATE_WACOM_STATE)
05-15 07:26:48.376: W/SIP(606): IInputMethodWrapper. inputMethod.updateWacomState(msg.arg1). arg1 =0
05-15 07:26:48.386: W/SIP(606): IInputMethodWrapper. mCaller.executeOrSendMessage(MSG_UPDATE_WACOM_STATE)
05-15 07:26:48.386: W/SIP(606): IInputMethodWrapper. inputMethod.updateWacomState(msg.arg1). arg1 =0
05-15 07:26:48.406: W/SIP(606): IInputMethodWrapper. mCaller.executeOrSendMessage(MSG_UPDATE_WACOM_STATE)
05-15 07:26:48.406: W/SIP(606): IInputMethodWrapper. inputMethod.updateWacomState(msg.arg1). arg1 =0
05-15 07:26:48.416: W/SIP(606): IInputMethodWrapper. mCaller.executeOrSendMessage(MSG_UPDATE_WACOM_STATE)
05-15 07:26:48.416: W/SIP(606): IInputMethodWrapper. inputMethod.updateWacomState(msg.arg1). arg1 =0
05-15 07:26:48.436: W/SIP(606): IInputMethodWrapper. mCaller.executeOrSendMessage(MSG_UPDATE_WACOM_STATE)
05-15 07:26:48.436: W/SIP(606): IInputMethodWrapper. inputMethod.updateWacomState(msg.arg1). arg1 =0
05-15 07:26:48.446: W/SIP(606): IInputMethodWrapper. mCaller.executeOrSendMessage(MSG_UPDATE_WACOM_STATE)
05-15 07:26:48.456: W/SIP(606): IInputMethodWrapper. inputMethod.updateWacomState(msg.arg1). arg1 =0
05-15 07:26:48.466: W/SIP(606): IInputMethodWrapper. mCaller.executeOrSendMessage(MSG_UPDATE_WACOM_STATE)
05-15 07:26:48.466: W/SIP(606): IInputMethodWrapper. inputMethod.updateWacomState(msg.arg1). arg1 =0
05-15 07:26:48.476: W/SIP(606): IInputMethodWrapper. mCaller.executeOrSendMessage(MSG_UPDATE_WACOM_STATE)
05-15 07:26:48.476: W/SIP(606): IInputMethodWrapper. inputMethod.updateWacomState(msg.arg1). arg1 =0
05-15 07:26:48.496: W/SIP(606): IInputMethodWrapper. mCaller.executeOrSendMessage(MSG_UPDATE_WACOM_STATE)
05-15 07:26:48.496: W/SIP(606): IInputMethodWrapper. inputMethod.updateWacomState(msg.arg1). arg1 =0
05-15 07:26:48.506: W/SIP(606): IInputMethodWrapper. mCaller.executeOrSendMessage(MSG_UPDATE_WACOM_STATE)
05-15 07:26:48.506: W/SIP(606): IInputMethodWrapper. inputMethod.updateWacomState(msg.arg1). arg1 =0
05-15 07:26:48.526: W/SIP(606): IInputMethodWrapper. mCaller.executeOrSendMessage(MSG_UPDATE_WACOM_STATE)
05-15 07:26:48.526: W/SIP(606): IInputMethodWrapper. inputMethod.updateWacomState(msg.arg1). arg1 =0
05-15 07:26:48.536: W/SIP(606): IInputMethodWrapper. mCaller.executeOrSendMessage(MSG_UPDATE_WACOM_STATE)
05-15 07:26:48.546: W/SIP(606): IInputMethodWrapper. inputMethod.updateWacomState(msg.arg1). arg1 =0
05-15 07:26:48.556: W/SIP(606): IInputMethodWrapper. mCaller.executeOrSendMessage(MSG_UPDATE_WACOM_STATE)
05-15 07:26:48.556: W/SIP(606): IInputMethodWrapper. inputMethod.updateWacomState(msg.arg1). arg1 =0
05-15 07:26:48.566: W/SIP(606): IInputMethodWrapper. mCaller.executeOrSendMessage(MSG_UPDATE_WACOM_STATE)
05-15 07:26:48.566: W/SIP(606): IInputMethodWrapper. inputMethod.updateWacomState(msg.arg1). arg1 =0
05-15 07:26:48.586: W/SIP(606): IInputMethodWrapper. mCaller.executeOrSendMessage(MSG_UPDATE_WACOM_STATE)
05-15 07:26:48.586: W/SIP(606): IInputMethodWrapper. inputMethod.updateWacomState(msg.arg1). arg1 =0
05-15 07:26:48.586: D/FStest(690): check default
05-15 07:26:48.596: W/SIP(606): IInputMethodWrapper. mCaller.executeOrSendMessage(MSG_UPDATE_WACOM_STATE)
05-15 07:26:48.596: W/SIP(606): IInputMethodWrapper. inputMethod.updateWacomState(msg.arg1). arg1 =0
05-15 07:26:48.616: W/SIP(606): IInputMethodWrapper. mCaller.executeOrSendMessage(MSG_UPDATE_WACOM_STATE)
05-15 07:26:48.616: W/SIP(606): IInputMethodWrapper. inputMethod.updateWacomState(msg.arg1). arg1 =0
05-15 07:26:48.626: W/SIP(606): IInputMethodWrapper. mCaller.executeOrSendMessage(MSG_UPDATE_WACOM_STATE)
05-15 07:26:48.626: W/SIP(606): IInputMethodWrapper. inputMethod.updateWacomState(msg.arg1). arg1 =0
05-15 07:26:48.646: W/SIP(606): IInputMethodWrapper. mCaller.executeOrSendMessage(MSG_UPDATE_WACOM_STATE)
05-15 07:26:48.646: W/SIP(606): IInputMethodWrapper. inputMethod.updateWacomState(msg.arg1). arg1 =0
05-15 07:26:48.656: W/SIP(606): IInputMethodWrapper. mCaller.executeOrSendMessage(MSG_UPDATE_WACOM_STATE)
05-15 07:26:48.656: W/SIP(606): IInputMethodWrapper. inputMethod.updateWacomState(msg.arg1). arg1 =0
05-15 07:26:48.676: W/SIP(606): IInputMethodWrapper. mCaller.executeOrSendMessage(MSG_UPDATE_WACOM_STATE)
05-15 07:26:48.676: W/SIP(606): IInputMethodWrapper. inputMethod.updateWacomState(msg.arg1). arg1 =0
05-15 07:26:48.686: D/RPC(397): 3000008c:00050000 received CALL.
05-15 07:26:48.686: E/LocSvc_adapter(397): I/<--- int32 loc_event_cb(void*, rpc_loc_client_handle_type, rpc_loc_event_mask_type, const rpc_loc_event_payload_u_type*) line 70 RPC_LOC_EVENT_NMEA_1HZ_REPORT
05-15 07:26:48.686: E/LocSvc_adapter(397): D/loc_eng_report_nmea: $GSV
05-15 07:26:48.686: E/LocSvc_eng(397): D/void loc_eng_deferred_action_thread(void*):1383] received msg_id = LOC_ENG_MSG_REPORT_NMEA context = 0x1dcb910
05-15 07:26:48.686: E/LocSvc_eng(397): I/<=== nmea_cb line 1559 0x2371940
05-15 07:26:48.686: E/LocSvc_adapter(397): I/Exiting int32 loc_event_cb(void*, rpc_loc_client_handle_type, rpc_loc_event_mask_type, const rpc_loc_event_payload_u_type*) line 73 0
05-15 07:26:48.686: D/RPC(397): 3000008c:00050000 dispatching RPC call (XID 112791, xdr 0x1cd52c8) for callback client 3100008c:00050001.
05-15 07:26:48.686: D/RPC(397): 3100008c:327681 sending RPC reply (XID 112791)
05-15 07:26:48.696: E/LocSvc_adapter(397): I/<--- int32 loc_event_cb(void*, rpc_loc_client_handle_type, rpc_loc_event_mask_type, const rpc_loc_event_payload_u_type*) line 70 RPC_LOC_EVENT_NMEA_1HZ_REPORT
05-15 07:26:48.696: E/LocSvc_eng(397): D/void loc_eng_deferred_action_thread(void*):1383] received msg_id = LOC_ENG_MSG_REPORT_NMEA context = 0x1dcb910
05-15 07:26:48.696: E/LocSvc_eng(397): I/<=== nmea_cb line 1559 0x2371940
05-15 07:26:48.696: E/LocSvc_adapter(397): D/loc_eng_report_nmea: $GSV
05-15 07:26:48.696: E/LocSvc_adapter(397): I/Exiting int32 loc_event_cb(void*, rpc_loc_client_handle_type, rpc_loc_event_mask_type, const rpc_loc_event_payload_u_type*) line 73 0
05-15 07:26:48.696: D/RPC(397): 3000008c:00050000 received CALL.
05-15 07:26:48.696: D/RPC(397): 3000008c:00050000 dispatching RPC call (XID 112792, xdr 0x1cd52c8) for callback client 3100008c:00050001.
05-15 07:26:48.696: D/RPC(397): 3100008c:327681 sending RPC reply (XID 112792)
05-15 07:26:48.696: D/RPC(397): 3000008c:00050000 received CALL.
05-15 07:26:48.706: E/LocSvc_adapter(397): I/<--- int32 loc_event_cb(void*, rpc_loc_client_handle_type, rpc_loc_event_mask_type, const rpc_loc_event_payload_u_type*) line 70 RPC_LOC_EVENT_NMEA_1HZ_REPORT
05-15 07:26:48.706: E/LocSvc_eng(397): D/void loc_eng_deferred_action_thread(void*):1383] received msg_id = LOC_ENG_MSG_REPORT_NMEA context = 0x1dcb910
05-15 07:26:48.706: E/LocSvc_eng(397): I/<=== nmea_cb line 1559 0x1ba5070
05-15 07:26:48.706: E/LocSvc_adapter(397): D/loc_eng_report_nmea: $GSV
05-15 07:26:48.706: E/LocSvc_adapter(397): I/Exiting int32 loc_event_cb(void*, rpc_loc_client_handle_type, rpc_loc_event_mask_type, const rpc_loc_event_payload_u_type*) line 73 0
05-15 07:26:48.706: W/SIP(606): IInputMethodWrapper. mCaller.executeOrSendMessage(MSG_UPDATE_WACOM_STATE)
05-15 07:26:48.706: W/SIP(606): IInputMethodWrapper. inputMethod.updateWacomState(msg.arg1). arg1 =0
05-15 07:26:48.706: D/RPC(397): 3000008c:00050000 dispatching RPC call (XID 112793, xdr 0x1cd52c8) for callback client 3100008c:00050001.
05-15 07:26:48.706: D/RPC(397): 3100008c:327681 sending RPC reply (XID 112793)
05-15 07:26:48.716: D/RPC(397): 3000008c:00050000 received CALL.
05-15 07:26:48.716: E/LocSvc_adapter(397): I/<--- int32 loc_event_cb(void*, rpc_loc_client_handle_type, rpc_loc_event_mask_type, const rpc_loc_event_payload_u_type*) line 70 RPC_LOC_EVENT_NMEA_1HZ_REPORT
05-15 07:26:48.716: E/LocSvc_eng(397): D/void loc_eng_deferred_action_thread(void*):1383] received msg_id = LOC_ENG_MSG_REPORT_NMEA context = 0x1dcb910
05-15 07:26:48.716: E/LocSvc_eng(397): I/<=== nmea_cb line 1559 0x1fc5a58
05-15 07:26:48.716: E/LocSvc_adapter(397): D/loc_eng_report_nmea: $GSV
05-15 07:26:48.716: E/LocSvc_adapter(397): I/Exiting int32 loc_event_cb(void*, rpc_loc_client_handle_type, rpc_loc_event_mask_type, const rpc_loc_event_payload_u_type*) line 73 0
05-15 07:26:48.716: W/SIP(606): IInputMethodWrapper. mCaller.executeOrSendMessage(MSG_UPDATE_WACOM_STATE)
05-15 07:26:48.716: W/SIP(606): IInputMethodWrapper. inputMethod.updateWacomState(msg.arg1). arg1 =0
05-15 07:26:48.716: D/RPC(397): 3000008c:00050000 dispatching RPC call (XID 112794, xdr 0x1cd52c8) for callback client 3100008c:00050001.
05-15 07:26:48.726: E/LocSvc_adapter(397): I/<--- int32 loc_event_cb(void*, rpc_loc_client_handle_type, rpc_loc_event_mask_type, const rpc_loc_event_payload_u_type*) line 70 RPC_LOC_EVENT_NMEA_1HZ_REPORT
05-15 07:26:48.726: E/LocSvc_eng(397): D/void loc_eng_deferred_action_thread(void*):1383] received msg_id = LOC_ENG_MSG_REPORT_NMEA context = 0x1dcb910
05-15 07:26:48.726: E/LocSvc_eng(397): I/<=== nmea_cb line 1559 0x2371940
05-15 07:26:48.726: E/LocSvc_adapter(397): D/loc_eng_report_nmea: $GSV
05-15 07:26:48.726: E/LocSvc_adapter(397): I/Exiting int32 loc_event_cb(void*, rpc_loc_client_handle_type, rpc_loc_event_mask_type, const rpc_loc_event_payload_u_type*) line 73 0
05-15 07:26:48.726: D/RPC(397): 3100008c:327681 sending RPC reply (XID 112794)
05-15 07:26:48.726: D/RPC(397): 3000008c:00050000 received CALL.
05-15 07:26:48.726: D/RPC(397): 3000008c:00050000 dispatching RPC call (XID 112795, xdr 0x1cd52c8) for callback client 3100008c:00050001.
05-15 07:26:48.736: E/LocSvc_adapter(397): I/<--- int32 loc_event_cb(void*, rpc_loc_client_handle_type, rpc_loc_event_mask_type, const rpc_loc_event_payload_u_type*) line 70 RPC_LOC_EVENT_NMEA_1HZ_REPORT
05-15 07:26:48.736: E/LocSvc_eng(397): D/void loc_eng_deferred_action_thread(void*):1383] received msg_id = LOC_ENG_MSG_REPORT_NMEA context = 0x1dcb910
05-15 07:26:48.736: E/LocSvc_eng(397): I/<=== nmea_cb line 1559 0x2371940
05-15 07:26:48.736: W/SIP(606): IInputMethodWrapper. mCaller.executeOrSendMessage(MSG_UPDATE_WACOM_STATE)
05-15 07:26:48.736: W/SIP(606): IInputMethodWrapper. inputMethod.updateWacomState(msg.arg1). arg1 =0
05-15 07:26:48.736: E/LocSvc_adapter(397): D/loc_eng_report_nmea: $GSV
05-15 07:26:48.736: E/LocSvc_adapter(397): I/Exiting int32 loc_event_cb(void*, rpc_loc_client_handle_type, rpc_loc_event_mask_type, const rpc_loc_event_payload_u_type*) line 73 0
05-15 07:26:48.736: D/RPC(397): 3100008c:327681 sending RPC reply (XID 112795)
05-15 07:26:48.736: D/RPC(397): 3000008c:00050000 received CALL.
05-15 07:26:48.736: D/RPC(397): 3000008c:00050000 dispatching RPC call (XID 112796, xdr 0x1cd52c8) for callback client 3100008c:00050001.
05-15 07:26:48.736: D/RPC(397): 3100008c:327681 sending RPC reply (XID 112796)
05-15 07:26:48.736: D/RPC(397): 3000008c:00050000 received CALL.
05-15 07:26:48.746: E/LocSvc_adapter(397): I/<--- int32 loc_event_cb(void*, rpc_loc_client_handle_type, rpc_loc_event_mask_type, const rpc_loc_event_payload_u_type*) line 70 RPC_LOC_EVENT_NMEA_1HZ_REPORT
05-15 07:26:48.746: E/LocSvc_eng(397): D/void loc_eng_deferred_action_thread(void*):1383] received msg_id = LOC_ENG_MSG_REPORT_NMEA context = 0x1dcb910
05-15 07:26:48.746: E/LocSvc_eng(397): I/<=== nmea_cb line 1559 0x22d5898
05-15 07:26:48.746: E/LocSvc_adapter(397): D/loc_eng_report_nmea: $GSV
05-15 07:26:48.746: D/RPC(397): 3000008c:00050000 dispatching RPC call (XID 112797, xdr 0x1cd52c8) for callback client 3100008c:00050001.
05-15 07:26:48.756: E/LocSvc_adapter(397): I/Exiting int32 loc_event_cb(void*, rpc_loc_client_handle_type, rpc_loc_event_mask_type, const rpc_loc_event_payload_u_type*) line 73 0
05-15 07:26:48.756: E/LocSvc_adapter(397): I/<--- int32 loc_event_cb(void*, rpc_loc_client_handle_type, rpc_loc_event_mask_type, const rpc_loc_event_payload_u_type*) line 70 RPC_LOC_EVENT_NMEA_1HZ_REPORT
05-15 07:26:48.756: E/LocSvc_eng(397): D/void loc_eng_deferred_action_thread(void*):1383] received msg_id = LOC_ENG_MSG_REPORT_NMEA context = 0x1dcb910
05-15 07:26:48.756: E/LocSvc_eng(397): I/<=== nmea_cb line 1559 0x1a8abe0
05-15 07:26:48.756: E/LocSvc_adapter(397): D/loc_eng_report_nmea: $GGA
05-15 07:26:48.756: E/LocSvc_adapter(397): I/Exiting int32 loc_event_cb(void*, rpc_loc_client_handle_type, rpc_loc_event_mask_type, const rpc_loc_event_payload_u_type*) line 73 0
05-15 07:26:48.756: D/RPC(397): 3100008c:327681 sending RPC reply (XID 112797)
05-15 07:26:48.756: D/RPC(397): 3000008c:00050000 received CALL.
05-15 07:26:48.756: D/RPC(397): 3000008c:00050000 dispatching RPC call (XID 112798, xdr 0x1cd52c8) for callback client 3100008c:00050001.
05-15 07:26:48.756: D/RPC(397): 3100008c:327681 sending RPC reply (XID 112798)
05-15 07:26:48.766: E/LocSvc_adapter(397): I/<--- int32 loc_event_cb(void*, rpc_loc_client_handle_type, rpc_loc_event_mask_type, const rpc_loc_event_payload_u_type*) line 70 RPC_LOC_EVENT_NMEA_1HZ_REPORT
05-15 07:26:48.766: E/LocSvc_eng(397): D/void loc_eng_deferred_action_thread(void*):1383] received msg_id = LOC_ENG_MSG_REPORT_NMEA context = 0x1dcb910
05-15 07:26:48.766: E/LocSvc_eng(397): I/<=== nmea_cb line 1559 0x1a8abe0
05-15 07:26:48.766: W/SIP(606): IInputMethodWrapper. mCaller.executeOrSendMessage(MSG_UPDATE_WACOM_STATE)
05-15 07:26:48.766: W/SIP(606): IInputMethodWrapper. inputMethod.updateWacomState(msg.arg1). arg1 =0
05-15 07:26:48.766: D/RPC(397): 3000008c:00050000 received CALL.
05-15 07:26:48.766: D/RPC(397): 3000008c:00050000 dispatching RPC call (XID 112799, xdr 0x1cd52c8) for callback client 3100008c:00050001.
05-15 07:26:48.776: E/LocSvc_adapter(397): D/loc_eng_report_nmea: $GNS
05-15 07:26:48.776: E/LocSvc_adapter(397): I/Exiting int32 loc_event_cb(void*, rpc_loc_client_handle_type, rpc_loc_event_mask_type, const rpc_loc_event_payload_u_type*) line 73 0
