05-15 07:26:48.776: W/SIP(606): IInputMethodWrapper. mCaller.executeOrSendMessage(MSG_UPDATE_WACOM_STATE)
05-15 07:26:48.776: W/SIP(606): IInputMethodWrapper. inputMethod.updateWacomState(msg.arg1). arg1 =0
05-15 07:26:48.796: W/SIP(606): IInputMethodWrapper. mCaller.executeOrSendMessage(MSG_UPDATE_WACOM_STATE)
05-15 07:26:48.796: W/SIP(606): IInputMethodWrapper. inputMethod.updateWacomState(msg.arg1). arg1 =0
05-15 07:26:48.806: D/RPC(397): 3100008c:327681 sending RPC reply (XID 112799)
05-15 07:26:48.806: D/RPC(397): 3000008c:00050000 received CALL.
05-15 07:26:48.816: W/SIP(606): IInputMethodWrapper. mCaller.executeOrSendMessage(MSG_UPDATE_WACOM_STATE)
05-15 07:26:48.816: W/SIP(606): IInputMethodWrapper. inputMethod.updateWacomState(msg.arg1). arg1 =0
05-15 07:26:48.826: E/LocSvc_adapter(397): I/<--- int32 loc_event_cb(void*, rpc_loc_client_handle_type, rpc_loc_event_mask_type, const rpc_loc_event_payload_u_type*) line 70 RPC_LOC_EVENT_NMEA_1HZ_REPORT
05-15 07:26:48.826: E/LocSvc_eng(397): D/void loc_eng_deferred_action_thread(void*):1383] received msg_id = LOC_ENG_MSG_REPORT_NMEA context = 0x1dcb910
05-15 07:26:48.826: E/LocSvc_eng(397): I/<=== nmea_cb line 1559 0x1a8abe0
05-15 07:26:48.826: E/LocSvc_adapter(397): D/loc_eng_report_nmea: $VTG
05-15 07:26:48.826: E/LocSvc_adapter(397): I/Exiting int32 loc_event_cb(void*, rpc_loc_client_handle_type, rpc_loc_event_mask_type, const rpc_loc_event_payload_u_type*) line 73 0
05-15 07:26:48.826: D/RPC(397): 3000008c:00050000 dispatching RPC call (XID 112800, xdr 0x1cd52c8) for callback client 3100008c:00050001.
05-15 07:26:48.826: D/RPC(397): 3100008c:327681 sending RPC reply (XID 112800)
05-15 07:26:48.836: E/LocSvc_adapter(397): I/<--- int32 loc_event_cb(void*, rpc_loc_client_handle_type, rpc_loc_event_mask_type, const rpc_loc_event_payload_u_type*) line 70 RPC_LOC_EVENT_NMEA_1HZ_REPORT
05-15 07:26:48.836: E/LocSvc_adapter(397): D/loc_eng_report_nmea: $RMC
05-15 07:26:48.836: E/LocSvc_adapter(397): I/Exiting int32 loc_event_cb(void*, rpc_loc_client_handle_type, rpc_loc_event_mask_type, const rpc_loc_event_payload_u_type*) line 73 0
05-15 07:26:48.836: E/LocSvc_adapter(397): I/<--- int32 loc_event_cb(void*, rpc_loc_client_handle_type, rpc_loc_event_mask_type, const rpc_loc_event_payload_u_type*) line 70 RPC_LOC_EVENT_NMEA_1HZ_REPORT
05-15 07:26:48.836: E/LocSvc_adapter(397): D/loc_eng_report_nmea: $GSA
05-15 07:26:48.836: E/LocSvc_adapter(397): I/Exiting int32 loc_event_cb(void*, rpc_loc_client_handle_type, rpc_loc_event_mask_type, const rpc_loc_event_payload_u_type*) line 73 0
05-15 07:26:48.836: D/RPC(397): 3000008c:00050000 received CALL.
05-15 07:26:48.836: D/RPC(397): 3000008c:00050000 dispatching RPC call (XID 112801, xdr 0x1cd52c8) for callback client 3100008c:00050001.
05-15 07:26:48.836: D/RPC(397): 3100008c:327681 sending RPC reply (XID 112801)
05-15 07:26:48.836: D/RPC(397): 3000008c:00050000 received CALL.
05-15 07:26:48.836: D/RPC(397): 3000008c:00050000 dispatching RPC call (XID 112802, xdr 0x1cd52c8) for callback client 3100008c:00050001.
05-15 07:26:48.836: D/RPC(397): 3100008c:327681 sending RPC reply (XID 112802)
05-15 07:26:48.846: E/LocSvc_eng(397): D/void loc_eng_deferred_action_thread(void*):1383] received msg_id = LOC_ENG_MSG_REPORT_NMEA context = 0x1dcb910
05-15 07:26:48.846: E/LocSvc_eng(397): I/<=== nmea_cb line 1559 0x1ba4b28
05-15 07:26:48.846: E/LocSvc_eng(397): D/void loc_eng_deferred_action_thread(void*):1383] received msg_id = LOC_ENG_MSG_REPORT_NMEA context = 0x1dcb910
05-15 07:26:48.846: E/LocSvc_eng(397): I/<=== nmea_cb line 1559 0x1b3d138
05-15 07:26:48.846: W/SIP(606): IInputMethodWrapper. mCaller.executeOrSendMessage(MSG_UPDATE_WACOM_STATE)
05-15 07:26:48.846: W/SIP(606): IInputMethodWrapper. inputMethod.updateWacomState(msg.arg1). arg1 =0
05-15 07:26:48.846: D/RPC(397): 3000008c:00050000 received CALL.
05-15 07:26:48.856: W/SIP(606): IInputMethodWrapper. mCaller.executeOrSendMessage(MSG_UPDATE_WACOM_STATE)
05-15 07:26:48.856: W/SIP(606): IInputMethodWrapper. inputMethod.updateWacomState(msg.arg1). arg1 =0
05-15 07:26:48.876: W/SIP(606): IInputMethodWrapper. mCaller.executeOrSendMessage(MSG_UPDATE_WACOM_STATE)
05-15 07:26:48.876: W/SIP(606): IInputMethodWrapper. inputMethod.updateWacomState(msg.arg1). arg1 =0
05-15 07:26:48.876: D/FStest(690): check default
05-15 07:26:48.876: E/LocSvc_adapter(397): I/<--- int32 loc_event_cb(void*, rpc_loc_client_handle_type, rpc_loc_event_mask_type, const rpc_loc_event_payload_u_type*) line 70 RPC_LOC_EVENT_NMEA_1HZ_REPORT
05-15 07:26:48.876: D/RPC(397): 3000008c:00050000 dispatching RPC call (XID 112803, xdr 0x1cd52c8) for callback client 3100008c:00050001.
05-15 07:26:48.886: W/SIP(606): IInputMethodWrapper. mCaller.executeOrSendMessage(MSG_UPDATE_WACOM_STATE)
05-15 07:26:48.886: W/SIP(606): IInputMethodWrapper. inputMethod.updateWacomState(msg.arg1). arg1 =0
05-15 07:26:48.916: E/LocSvc_eng(397): D/void loc_eng_deferred_action_thread(void*):1383] received msg_id = LOC_ENG_MSG_REPORT_NMEA context = 0x1dcb910
05-15 07:26:48.916: E/LocSvc_eng(397): I/<=== nmea_cb line 1559 0x1b3d138
05-15 07:26:48.916: E/LocSvc_adapter(397): D/loc_eng_report_nmea: $GSA
05-15 07:26:48.916: E/LocSvc_adapter(397): I/Exiting int32 loc_event_cb(void*, rpc_loc_client_handle_type, rpc_loc_event_mask_type, const rpc_loc_event_payload_u_type*) line 73 0
05-15 07:26:48.916: W/SIP(606): IInputMethodWrapper. mCaller.executeOrSendMessage(MSG_UPDATE_WACOM_STATE)
05-15 07:26:48.916: W/SIP(606): IInputMethodWrapper. inputMethod.updateWacomState(msg.arg1). arg1 =0
05-15 07:26:48.916: E/LocSvc_adapter(397): I/<--- int32 loc_event_cb(void*, rpc_loc_client_handle_type, rpc_loc_event_mask_type, const rpc_loc_event_payload_u_type*) line 70 RPC_LOC_EVENT_SATELLITE_REPORT
05-15 07:26:48.916: E/LocSvc_api_rpc_glue(397): D/sv count: 25
05-15 07:26:48.916: E/LocSvc_adapter(397): I/num sv: 25
05-15 07:26:48.916: E/LocSvc_adapter(397): ephemeris mask: 0xn almanac mask: c16e2c25
05-15 07:26:48.916: E/LocSvc_adapter(397): used in fix mask: 0
05-15 07:26:48.916: E/LocSvc_adapter(397): sv: prn snr elevation azimuth
05-15 07:26:48.916: D/RPC(397): 3100008c:327681 sending RPC reply (XID 112803)
05-15 07:26:48.916: D/RPC(397): 3000008c:00050000 received CALL.
05-15 07:26:48.916: D/RPC(397): 3000008c:00050000 dispatching RPC call (XID 112804, xdr 0x1cd52c8) for callback client 3100008c:00050001.
05-15 07:26:48.926: E/LocSvc_adapter(397): I/ 0: 1 0.000000 37.000000 309.000000
05-15 07:26:48.926: E/LocSvc_adapter(397): I/ 1: 3 0.000000 3.000000 209.000000
05-15 07:26:48.926: E/LocSvc_adapter(397): I/ 2: 6 0.000000 0.000000 0.000000
05-15 07:26:48.926: E/LocSvc_adapter(397): I/ 3: 11 0.000000 47.000000 278.000000
05-15 07:26:48.926: E/LocSvc_adapter(397): I/ 4: 12 0.000000 0.000000 0.000000
05-15 07:26:48.926: E/LocSvc_adapter(397): I/ 5: 14 0.000000 52.000000 40.000000
05-15 07:26:48.926: E/LocSvc_adapter(397): I/ 6: 18 0.000000 6.000000 98.000000
05-15 07:26:48.926: E/LocSvc_adapter(397): I/ 7: 19 0.000000 20.000000 227.000000
05-15 07:26:48.936: W/SIP(606): IInputMethodWrapper. mCaller.executeOrSendMessage(MSG_UPDATE_WACOM_STATE)
05-15 07:26:48.936: W/SIP(606): IInputMethodWrapper. inputMethod.updateWacomState(msg.arg1). arg1 =0
05-15 07:26:48.936: E/LocSvc_adapter(397): I/ 8: 20 0.000000 6.000000 291.000000
05-15 07:26:48.936: E/LocSvc_adapter(397): I/ 9: 22 0.000000 36.000000 87.000000
05-15 07:26:48.936: E/LocSvc_adapter(397): I/ 10: 23 0.000000 0.000000 0.000000
05-15 07:26:48.936: E/LocSvc_adapter(397): I/ 11: 25 0.000000 0.000000 0.000000
05-15 07:26:48.936: E/LocSvc_adapter(397): I/ 12: 31 0.000000 43.000000 147.000000
05-15 07:26:48.936: E/LocSvc_adapter(397): I/ 13: 32 0.000000 34.000000 296.000000
05-15 07:26:48.936: E/LocSvc_adapter(397): I/ 14: 74 0.000000 40.000000 68.000000
05-15 07:26:48.936: E/LocSvc_adapter(397): I/ 15: 66 0.000000 6.000000 284.000000
05-15 07:26:48.936: E/LocSvc_adapter(397): I/ 16: 73 0.000000 9.000000 23.000000
05-15 07:26:48.936: E/LocSvc_adapter(397): I/ 17: 76 0.000000 0.000000 0.000000
05-15 07:26:48.936: E/LocSvc_adapter(397): I/ 18: 75 0.000000 32.000000 139.000000
05-15 07:26:48.936: E/LocSvc_adapter(397): I/ 19: 65 0.000000 47.000000 323.000000
05-15 07:26:48.936: E/LocSvc_adapter(397): I/ 20: 88 0.000000 37.000000 265.000000
05-15 07:26:48.936: E/LocSvc_adapter(397): I/ 21: 87 0.000000 19.000000 210.000000
05-15 07:26:48.936: E/LocSvc_adapter(397): I/ 22: 81 0.000000 17.000000 324.000000
05-15 07:26:48.936: E/LocSvc_adapter(397): I/ 23: 71 0.000000 2.000000 82.000000
05-15 07:26:48.946: E/LocSvc_adapter(397): I/ 24: 72 0.000000 42.000000 49.000000
05-15 07:26:48.946: W/SIP(606): IInputMethodWrapper. mCaller.executeOrSendMessage(MSG_UPDATE_WACOM_STATE)
05-15 07:26:48.946: W/SIP(606): IInputMethodWrapper. inputMethod.updateWacomState(msg.arg1). arg1 =0
05-15 07:26:48.946: E/LocSvc_eng(397): D/void loc_eng_deferred_action_thread(void*):1383] received msg_id = LOC_ENG_MSG_REPORT_SV context = 0x1dcb910
05-15 07:26:48.946: E/LocSvc_afw(397): I/Entering void sv_cb(GpsSvStatus*, void*) line 929
05-15 07:26:48.946: E/LocSvc_afw(397): I/<=== sv_status_cb - line 931 25
05-15 07:26:48.946: E/LocSvc_afw(397): I/Exiting void sv_cb(GpsSvStatus*, void*) line 934 None
05-15 07:26:48.956: E/LocSvc_adapter(397): I/Exiting int32 loc_event_cb(void*, rpc_loc_client_handle_type, rpc_loc_event_mask_type, const rpc_loc_event_payload_u_type*) line 73 0
05-15 07:26:48.956: D/RPC(397): 3100008c:327681 sending RPC reply (XID 112804)
05-15 07:26:48.956: W/SIP(606): IInputMethodWrapper. mCaller.executeOrSendMessage(MSG_UPDATE_WACOM_STATE)
05-15 07:26:48.956: W/SIP(606): IInputMethodWrapper. inputMethod.updateWacomState(msg.arg1). arg1 =0
05-15 07:26:48.956: E/LocSvc_adapter(397): I/<--- int32 loc_event_cb(void*, rpc_loc_client_handle_type, rpc_loc_event_mask_type, const rpc_loc_event_payload_u_type*) line 70 RPC_LOC_EVENT_PARSED_POSITION_REPORT
05-15 07:26:48.956: E/LocSvc_api_rpc_glue(397): D/Session status: RPC_LOC_SESS_STATUS_IN_PROGESS Valid mask: 0x61ED
05-15 07:26:48.956: E/LocSvc_api_rpc_glue(397): D/Accuracy: 0.0000000
05-15 07:26:48.956: D/RPC(397): 3000008c:00050000 received CALL.
05-15 07:26:48.956: D/RPC(397): 3000008c:00050000 dispatching RPC call (XID 112805, xdr 0x1cd52c8) for callback client 3100008c:00050001.
05-15 07:26:48.966: E/LocSvc_eng(397): D/void loc_eng_deferred_action_thread(void*):1383] received msg_id = LOC_ENG_MSG_REPORT_POSITION context = 0x1dcb910
05-15 07:26:48.966: E/LocSvc_adapter(397): I/Exiting int32 loc_event_cb(void*, rpc_loc_client_handle_type, rpc_loc_event_mask_type, const rpc_loc_event_payload_u_type*) line 73 0
05-15 07:26:48.966: D/RPC(397): 3100008c:327681 sending RPC reply (XID 112805)
05-15 07:26:48.976: W/SIP(606): IInputMethodWrapper. mCaller.executeOrSendMessage(MSG_UPDATE_WACOM_STATE)
05-15 07:26:48.976: W/SIP(606): IInputMethodWrapper. inputMethod.updateWacomState(msg.arg1). arg1 =0
05-15 07:26:49.026: I/InputReader(397): Touch event's action is 0x1 (deviceType=0) [pCnt=1, pending(waiting finished signal)=0, s=]
05-15 07:26:49.026: I/InputDispatcher(397): Delivering touch to current input target: action: 0x1
05-15 07:26:49.026: I/InputDispatcher(397): Delivering touch to current input target: action: 0x1
05-15 07:26:49.026: I/InputDispatcher(397): Delivering touch to current input target: action: 0x1
05-15 07:26:49.036: W/SIP(606): IInputMethodWrapper. mCaller.executeOrSendMessage(MSG_UPDATE_WACOM_STATE)
05-15 07:26:49.036: W/SIP(606): IInputMethodWrapper. inputMethod.updateWacomState(msg.arg1). arg1 =0
05-15 07:26:49.367: D/comsamsungapp(1603): [MSC_Accu]>>> WWP:382 [0:0] onReceive@ androidnetwifiSCAN_RESULTS
05-15 07:26:49.367: D/comsamsungapp(1603): [MSC_Accu]>>> WIM:53 [0:0] AccuWeatherClockWidgetID_Length
05-15 07:26:49.367: D/comsamsungapp(1603): [MSC_Accu]>>> WIM:54 [0:0] getPrefIDs@lngth:0
05-15 07:26:49.367: D/comsamsungapp(1603): [MSC_Accu]>>> WWP:2480 [0:0] mHandler is null!!
05-15 07:26:49.387: D/comsamsungapp(1603): [MSC_Accu]>>> WWP:375 [0:0] refreshhandler is null!!
05-15 07:26:49.387: D/comsamsungapp(1603): [MSC_Accu]>>> WWP:415 [0:0] The widget does not exist in idle!!
05-15 07:26:49.477: E/AlarmManagerService(397): android_server_AlarmManagerService_set to type=2, 507266.753000000
05-15 07:26:49.477: D/WifiService(397): releaseWifiLockLocked: WifiLock{NlpWifiLock type=2 binder=android.os.BinderProxy@434c8a90}
05-15 07:26:49.597: D/FStest(690): check default
05-15 07:26:49.687: D/RPC(397): 3000008c:00050000 received CALL.
05-15 07:26:49.687: E/LocSvc_adapter(397): I/<--- int32 loc_event_cb(void*, rpc_loc_client_handle_type, rpc_loc_event_mask_type, const rpc_loc_event_payload_u_type*) line 70 RPC_LOC_EVENT_NMEA_1HZ_REPORT
05-15 07:26:49.687: E/LocSvc_eng(397): D/void loc_eng_deferred_action_thread(void*):1383] received msg_id = LOC_ENG_MSG_REPORT_NMEA context = 0x1dcb910
05-15 07:26:49.687: E/LocSvc_eng(397): I/<=== nmea_cb line 1559 0x1cf9e78
05-15 07:26:49.687: E/LocSvc_adapter(397): D/loc_eng_report_nmea: $GSV
05-15 07:26:49.687: E/LocSvc_adapter(397): I/Exiting int32 loc_event_cb(void*, rpc_loc_client_handle_type, rpc_loc_event_mask_type, const rpc_loc_event_payload_u_type*) line 73 0
05-15 07:26:49.687: E/LocSvc_adapter(397): I/<--- int32 loc_event_cb(void*, rpc_loc_client_handle_type, rpc_loc_event_mask_type, const rpc_loc_event_payload_u_type*) line 70 RPC_LOC_EVENT_NMEA_1HZ_REPORT
05-15 07:26:49.687: D/RPC(397): 3000008c:00050000 dispatching RPC call (XID 112806, xdr 0x1cd52c8) for callback client 3100008c:00050001.
05-15 07:26:49.687: D/RPC(397): 3100008c:327681 sending RPC reply (XID 112806)
05-15 07:26:49.687: D/RPC(397): 3000008c:00050000 received CALL.
05-15 07:26:49.687: D/RPC(397): 3000008c:00050000 dispatching RPC call (XID 112807, xdr 0x1cd52c8) for callback client 3100008c:00050001.
05-15 07:26:49.697: E/LocSvc_eng(397): D/void loc_eng_deferred_action_thread(void*):1383] received msg_id = LOC_ENG_MSG_REPORT_NMEA context = 0x1dcb910
05-15 07:26:49.697: E/LocSvc_eng(397): I/<=== nmea_cb line 1559 0x1cf9e78
05-15 07:26:49.697: E/LocSvc_adapter(397): D/loc_eng_report_nmea: $GSV
05-15 07:26:49.697: E/LocSvc_adapter(397): I/Exiting int32 loc_event_cb(void*, rpc_loc_client_handle_type, rpc_loc_event_mask_type, const rpc_loc_event_payload_u_type*) line 73 0
05-15 07:26:49.697: E/LocSvc_adapter(397): I/<--- int32 loc_event_cb(void*, rpc_loc_client_handle_type, rpc_loc_event_mask_type, const rpc_loc_event_payload_u_type*) line 70 RPC_LOC_EVENT_NMEA_1HZ_REPORT
05-15 07:26:49.697: E/LocSvc_eng(397): D/void loc_eng_deferred_action_thread(void*):1383] received msg_id = LOC_ENG_MSG_REPORT_NMEA context = 0x1dcb910
05-15 07:26:49.697: E/LocSvc_eng(397): I/<=== nmea_cb line 1559 0x22d7940
05-15 07:26:49.697: D/RPC(397): 3100008c:327681 sending RPC reply (XID 112807)
05-15 07:26:49.697: D/RPC(397): 3000008c:00050000 received CALL.
05-15 07:26:49.697: D/RPC(397): 3000008c:00050000 dispatching RPC call (XID 112808, xdr 0x1cd52c8) for callback client 3100008c:00050001.
05-15 07:26:49.707: E/LocSvc_adapter(397): D/loc_eng_report_nmea: $GSV
05-15 07:26:49.707: E/LocSvc_adapter(397): I/Exiting int32 loc_event_cb(void*, rpc_loc_client_handle_type, rpc_loc_event_mask_type, const rpc_loc_event_payload_u_type*) line 73 0
05-15 07:26:49.707: E/LocSvc_adapter(397): I/<--- int32 loc_event_cb(void*, rpc_loc_client_handle_type, rpc_loc_event_mask_type, const rpc_loc_event_payload_u_type*) line 70 RPC_LOC_EVENT_NMEA_1HZ_REPORT
05-15 07:26:49.707: E/LocSvc_eng(397): D/void loc_eng_deferred_action_thread(void*):1383] received msg_id = LOC_ENG_MSG_REPORT_NMEA context = 0x1dcb910
05-15 07:26:49.707: E/LocSvc_eng(397): I/<=== nmea_cb line 1559 0x22d7778
05-15 07:26:49.707: E/LocSvc_adapter(397): D/loc_eng_report_nmea: $GSV
05-15 07:26:49.707: E/LocSvc_adapter(397): I/Exiting int32 loc_event_cb(void*, rpc_loc_client_handle_type, rpc_loc_event_mask_type, const rpc_loc_event_payload_u_type*) line 73 0
05-15 07:26:49.707: E/LocSvc_adapter(397): I/<--- int32 loc_event_cb(void*, rpc_loc_client_handle_type, rpc_loc_event_mask_type, const rpc_loc_event_payload_u_type*) line 70 RPC_LOC_EVENT_NMEA_1HZ_REPORT
05-15 07:26:49.707: E/LocSvc_eng(397): D/void loc_eng_deferred_action_thread(void*):1383] received msg_id = LOC_ENG_MSG_REPORT_NMEA context = 0x1dcb910
05-15 07:26:49.707: E/LocSvc_eng(397): I/<=== nmea_cb line 1559 0x1cf9e78
05-15 07:26:49.707: E/LocSvc_adapter(397): D/loc_eng_report_nmea: $GSV
05-15 07:26:49.707: D/RPC(397): 3100008c:327681 sending RPC reply (XID 112808)
05-15 07:26:49.707: D/RPC(397): 3000008c:00050000 received CALL.
05-15 07:26:49.707: D/RPC(397): 3000008c:00050000 dispatching RPC call (XID 112809, xdr 0x1cd52c8) for callback client 3100008c:00050001.
05-15 07:26:49.707: D/RPC(397): 3100008c:327681 sending RPC reply (XID 112809)
05-15 07:26:49.707: D/RPC(397): 3000008c:00050000 received CALL.
05-15 07:26:49.707: D/RPC(397): 3000008c:00050000 dispatching RPC call (XID 112810, xdr 0x1cd52c8) for callback client 3100008c:00050001.
05-15 07:26:49.717: E/LocSvc_adapter(397): I/Exiting int32 loc_event_cb(void*, rpc_loc_client_handle_type, rpc_loc_event_mask_type, const rpc_loc_event_payload_u_type*) line 73 0
05-15 07:26:49.717: E/LocSvc_adapter(397): I/<--- int32 loc_event_cb(void*, rpc_loc_client_handle_type, rpc_loc_event_mask_type, const rpc_loc_event_payload_u_type*) line 70 RPC_LOC_EVENT_NMEA_1HZ_REPORT
05-15 07:26:49.717: E/LocSvc_eng(397): D/void loc_eng_deferred_action_thread(void*):1383] received msg_id = LOC_ENG_MSG_REPORT_NMEA context = 0x1dcb910
05-15 07:26:49.717: E/LocSvc_eng(397): I/<=== nmea_cb line 1559 0x1cf9e78
05-15 07:26:49.717: E/LocSvc_adapter(397): D/loc_eng_report_nmea: $GSV
05-15 07:26:49.717: E/LocSvc_adapter(397): I/Exiting int32 loc_event_cb(void*, rpc_loc_client_handle_type, rpc_loc_event_mask_type, const rpc_loc_event_payload_u_type*) line 73 0
05-15 07:26:49.717: E/LocSvc_adapter(397): I/<--- int32 loc_event_cb(void*, rpc_loc_client_handle_type, rpc_loc_event_mask_type, const rpc_loc_event_payload_u_type*) line 70 RPC_LOC_EVENT_NMEA_1HZ_REPORT
05-15 07:26:49.717: E/LocSvc_eng(397): D/void loc_eng_deferred_action_thread(void*):1383] received msg_id = LOC_ENG_MSG_REPORT_NMEA context = 0x1dcb910
05-15 07:26:49.717: E/LocSvc_eng(397): I/<=== nmea_cb line 1559 0x22d7940
05-15 07:26:49.717: D/RPC(397): 3100008c:327681 sending RPC reply (XID 112810)
05-15 07:26:49.717: D/RPC(397): 3000008c:00050000 received CALL.
05-15 07:26:49.717: D/RPC(397): 3000008c:00050000 dispatching RPC call (XID 112811, xdr 0x1cd52c8) for callback client 3100008c:00050001.
05-15 07:26:49.717: D/RPC(397): 3100008c:327681 sending RPC reply (XID 112811)
05-15 07:26:49.717: D/RPC(397): 3000008c:00050000 received CALL.
05-15 07:26:49.717: D/RPC(397): 3000008c:00050000 dispatching RPC call (XID 112812, xdr 0x1cd52c8) for callback client 3100008c:00050001.
05-15 07:26:49.727: E/LocSvc_adapter(397): D/loc_eng_report_nmea: $GSV
05-15 07:26:49.727: E/LocSvc_adapter(397): I/Exiting int32 loc_event_cb(void*, rpc_loc_client_handle_type, rpc_loc_event_mask_type, const rpc_loc_event_payload_u_type*) line 73 0
05-15 07:26:49.727: E/LocSvc_adapter(397): I/<--- int32 loc_event_cb(void*, rpc_loc_client_handle_type, rpc_loc_event_mask_type, const rpc_loc_event_payload_u_type*) line 70 RPC_LOC_EVENT_NMEA_1HZ_REPORT
05-15 07:26:49.727: E/LocSvc_eng(397): D/void loc_eng_deferred_action_thread(void*):1383] received msg_id = LOC_ENG_MSG_REPORT_NMEA context = 0x1dcb910
05-15 07:26:49.727: E/LocSvc_eng(397): I/<=== nmea_cb line 1559 0x2367718
05-15 07:26:49.727: E/LocSvc_adapter(397): D/loc_eng_report_nmea: $GGA
05-15 07:26:49.727: E/LocSvc_adapter(397): I/Exiting int32 loc_event_cb(void*, rpc_loc_client_handle_type, rpc_loc_event_mask_type, const rpc_loc_event_payload_u_type*) line 73 0
05-15 07:26:49.727: D/RPC(397): 3100008c:327681 sending RPC reply (XID 112812)
05-15 07:26:49.727: D/RPC(397): 3000008c:00050000 received CALL.
05-15 07:26:49.727: D/RPC(397): 3000008c:00050000 dispatching RPC call (XID 112813, xdr 0x1cd52c8) for callback client 3100008c:00050001.
05-15 07:26:49.727: D/RPC(397): 3100008c:327681 sending RPC reply (XID 112813)
05-15 07:26:49.737: D/RPC(397): 3000008c:00050000 received CALL.
05-15 07:26:49.737: E/LocSvc_adapter(397): I/<--- int32 loc_event_cb(void*, rpc_loc_client_handle_type, rpc_loc_event_mask_type, const rpc_loc_event_payload_u_type*) line 70 RPC_LOC_EVENT_NMEA_1HZ_REPORT
05-15 07:26:49.737: E/LocSvc_eng(397): D/void loc_eng_deferred_action_thread(void*):1383] received msg_id = LOC_ENG_MSG_REPORT_NMEA context = 0x1dcb910
05-15 07:26:49.737: E/LocSvc_eng(397): I/<=== nmea_cb line 1559 0x2367718
05-15 07:26:49.737: E/LocSvc_adapter(397): D/loc_eng_report_nmea: $GNS
05-15 07:26:49.737: E/LocSvc_adapter(397): I/Exiting int32 loc_event_cb(void*, rpc_loc_client_handle_type, rpc_loc_event_mask_type, const rpc_loc_event_payload_u_type*) line 73 0
05-15 07:26:49.737: E/LocSvc_adapter(397): I/<--- int32 loc_event_cb(void*, rpc_loc_client_handle_type, rpc_loc_event_mask_type, const rpc_loc_event_payload_u_type*) line 70 RPC_LOC_EVENT_NMEA_1HZ_REPORT
05-15 07:26:49.737: E/LocSvc_eng(397): D/void loc_eng_deferred_action_thread(void*):1383] received msg_id = LOC_ENG_MSG_REPORT_NMEA context = 0x1dcb910
05-15 07:26:49.737: E/LocSvc_eng(397): I/<=== nmea_cb line 1559 0x2367718
05-15 07:26:49.737: E/LocSvc_adapter(397): D/loc_eng_report_nmea: $VTG
05-15 07:26:49.737: E/LocSvc_adapter(397): I/Exiting int32 loc_event_cb(void*, rpc_loc_client_handle_type, rpc_loc_event_mask_type, const rpc_loc_event_payload_u_type*) line 73 0
05-15 07:26:49.737: E/LocSvc_adapter(397): I/<--- int32 loc_event_cb(void*, rpc_loc_client_handle_type, rpc_loc_event_mask_type, const rpc_loc_event_payload_u_type*) line 70 RPC_LOC_EVENT_NMEA_1HZ_REPORT
05-15 07:26:49.737: E/LocSvc_eng(397): D/void loc_eng_deferred_action_thread(void*):1383] received msg_id = LOC_ENG_MSG_REPORT_NMEA context = 0x1dcb910
05-15 07:26:49.737: E/LocSvc_eng(397): I/<=== nmea_cb line 1559 0x2367718
05-15 07:26:49.737: E/LocSvc_adapter(397): D/loc_eng_report_nmea: $RMC
05-15 07:26:49.737: E/LocSvc_adapter(397): I/Exiting int32 loc_event_cb(void*, rpc_loc_client_handle_type, rpc_loc_event_mask_type, const rpc_loc_event_payload_u_type*) line 73 0
05-15 07:26:49.737: E/LocSvc_adapter(397): I/<--- int32 loc_event_cb(void*, rpc_loc_client_handle_type, rpc_loc_event_mask_type, const rpc_loc_event_payload_u_type*) line 70 RPC_LOC_EVENT_NMEA_1HZ_REPORT
05-15 07:26:49.737: D/RPC(397): 3000008c:00050000 dispatching RPC call (XID 112814, xdr 0x1cd52c8) for callback client 3100008c:00050001.
05-15 07:26:49.737: D/RPC(397): 3100008c:327681 sending RPC reply (XID 112814)
05-15 07:26:49.737: D/RPC(397): 3000008c:00050000 received CALL.
05-15 07:26:49.737: D/RPC(397): 3000008c:00050000 dispatching RPC call (XID 112815, xdr 0x1cd52c8) for callback client 3100008c:00050001.
05-15 07:26:49.737: D/RPC(397): 3100008c:327681 sending RPC reply (XID 112815)
05-15 07:26:49.737: D/RPC(397): 3000008c:00050000 received CALL.
05-15 07:26:49.737: D/RPC(397): 3000008c:00050000 dispatching RPC call (XID 112816, xdr 0x1cd52c8) for callback client 3100008c:00050001.
05-15 07:26:49.737: D/RPC(397): 3100008c:327681 sending RPC reply (XID 112816)
05-15 07:26:49.737: D/RPC(397): 3000008c:00050000 received CALL.
05-15 07:26:49.737: D/RPC(397): 3000008c:00050000 dispatching RPC call (XID 112817, xdr 0x1cd52c8) for callback client 3100008c:00050001.
05-15 07:26:49.747: E/LocSvc_eng(397): D/void loc_eng_deferred_action_thread(void*):1383] received msg_id = LOC_ENG_MSG_REPORT_NMEA context = 0x1dcb910
05-15 07:26:49.747: E/LocSvc_eng(397): I/<=== nmea_cb line 1559 0x2367718
05-15 07:26:49.747: E/LocSvc_adapter(397): D/loc_eng_report_nmea: $GSA
05-15 07:26:49.747: E/LocSvc_adapter(397): I/Exiting int32 loc_event_cb(void*, rpc_loc_client_handle_type, rpc_loc_event_mask_type, const rpc_loc_event_payload_u_type*) line 73 0
05-15 07:26:49.747: E/LocSvc_adapter(397): I/<--- int32 loc_event_cb(void*, rpc_loc_client_handle_type, rpc_loc_event_mask_type, const rpc_loc_event_payload_u_type*) line 70 RPC_LOC_EVENT_NMEA_1HZ_REPORT
05-15 07:26:49.747: E/LocSvc_eng(397): D/void loc_eng_deferred_action_thread(void*):1383] received msg_id = LOC_ENG_MSG_REPORT_NMEA context = 0x1dcb910
05-15 07:26:49.747: E/LocSvc_eng(397): I/<=== nmea_cb line 1559 0x2367718
05-15 07:26:49.747: D/RPC(397): 3100008c:327681 sending RPC reply (XID 112817)
05-15 07:26:49.747: D/RPC(397): 3000008c:00050000 received CALL.
05-15 07:26:49.747: D/RPC(397): 3000008c:00050000 dispatching RPC call (XID 112818, xdr 0x1cd52c8) for callback client 3100008c:00050001.
05-15 07:26:49.757: E/LocSvc_adapter(397): D/loc_eng_report_nmea: $GSA
05-15 07:26:49.757: E/LocSvc_adapter(397): I/Exiting int32 loc_event_cb(void*, rpc_loc_client_handle_type, rpc_loc_event_mask_type, const rpc_loc_event_payload_u_type*) line 73 0
05-15 07:26:49.757: E/LocSvc_adapter(397): I/<--- int32 loc_event_cb(void*, rpc_loc_client_handle_type, rpc_loc_event_mask_type, const rpc_loc_event_payload_u_type*) line 70 RPC_LOC_EVENT_SATELLITE_REPORT
05-15 07:26:49.757: E/LocSvc_api_rpc_glue(397): D/sv count: 25
05-15 07:26:49.757: E/LocSvc_adapter(397): I/num sv: 25
05-15 07:26:49.757: E/LocSvc_adapter(397): ephemeris mask: 0xn almanac mask: c16e2c25
05-15 07:26:49.757: E/LocSvc_adapter(397): used in fix mask: 0
05-15 07:26:49.757: E/LocSvc_adapter(397): sv: prn snr elevation azimuth
05-15 07:26:49.757: E/LocSvc_adapter(397): I/ 0: 1 0.000000 37.000000 309.000000
05-15 07:26:49.757: E/LocSvc_adapter(397): I/ 1: 3 0.000000 3.000000 209.000000
05-15 07:26:49.757: E/LocSvc_adapter(397): I/ 2: 6 0.000000 0.000000 0.000000
05-15 07:26:49.757: E/LocSvc_adapter(397): I/ 3: 11 0.000000 47.000000 278.000000
05-15 07:26:49.757: E/LocSvc_adapter(397): I/ 4: 12 0.000000 0.000000 0.000000
05-15 07:26:49.757: E/LocSvc_adapter(397): I/ 5: 14 0.000000 52.000000 40.000000
05-15 07:26:49.757: E/LocSvc_adapter(397): I/ 6: 18 0.000000 6.000000 98.000000
05-15 07:26:49.757: E/LocSvc_adapter(397): I/ 7: 19 0.000000 20.000000 227.000000
05-15 07:26:49.757: E/LocSvc_adapter(397): I/ 8: 20 0.000000 6.000000 291.000000
05-15 07:26:49.757: E/LocSvc_adapter(397): I/ 9: 22 0.000000 36.000000 87.000000
05-15 07:26:49.757: E/LocSvc_adapter(397): I/ 10: 23 0.000000 0.000000 0.000000
05-15 07:26:49.757: E/LocSvc_adapter(397): I/ 11: 25 0.000000 0.000000 0.000000
05-15 07:26:49.757: E/LocSvc_adapter(397): I/ 12: 31 0.000000 43.000000 147.000000
05-15 07:26:49.757: E/LocSvc_adapter(397): I/ 13: 32 0.000000 34.000000 296.000000
05-15 07:26:49.757: E/LocSvc_adapter(397): I/ 14: 74 0.000000 40.000000 68.000000
05-15 07:26:49.757: E/LocSvc_adapter(397): I/ 15: 66 0.000000 6.000000 284.000000
05-15 07:26:49.757: E/LocSvc_adapter(397): I/ 16: 73 0.000000 9.000000 23.000000
05-15 07:26:49.757: E/LocSvc_adapter(397): I/ 17: 76 0.000000 0.000000 0.000000
05-15 07:26:49.757: E/LocSvc_adapter(397): I/ 18: 75 0.000000 32.000000 139.000000
05-15 07:26:49.757: E/LocSvc_adapter(397): I/ 19: 65 0.000000 47.000000 323.000000
05-15 07:26:49.757: E/LocSvc_adapter(397): I/ 20: 88 0.000000 37.000000 265.000000
05-15 07:26:49.757: E/LocSvc_adapter(397): I/ 21: 87 0.000000 19.000000 210.000000
05-15 07:26:49.757: E/LocSvc_adapter(397): I/ 22: 81 0.000000 17.000000 324.000000
05-15 07:26:49.757: E/LocSvc_adapter(397): I/ 23: 71 0.000000 2.000000 82.000000
05-15 07:26:49.757: E/LocSvc_adapter(397): I/ 24: 72 0.000000 42.000000 49.000000
05-15 07:26:49.757: E/LocSvc_eng(397): D/void loc_eng_deferred_action_thread(void*):1383] received msg_id = LOC_ENG_MSG_REPORT_SV context = 0x1dcb910
05-15 07:26:49.757: E/LocSvc_afw(397): I/Entering void sv_cb(GpsSvStatus*, void*) line 929
05-15 07:26:49.757: E/LocSvc_afw(397): I/<=== sv_status_cb - line 931 25
05-15 07:26:49.757: D/RPC(397): 3100008c:327681 sending RPC reply (XID 112818)
05-15 07:26:49.757: D/RPC(397): 3000008c:00050000 received CALL.
05-15 07:26:49.757: D/RPC(397): 3000008c:00050000 dispatching RPC call (XID 112819, xdr 0x1cd52c8) for callback client 3100008c:00050001.
05-15 07:26:49.767: E/LocSvc_afw(397): I/Exiting void sv_cb(GpsSvStatus*, void*) line 934 None
05-15 07:26:49.767: E/LocSvc_adapter(397): I/Exiting int32 loc_event_cb(void*, rpc_loc_client_handle_type, rpc_loc_event_mask_type, const rpc_loc_event_payload_u_type*) line 73 0
05-15 07:26:49.767: D/RPC(397): 3100008c:327681 sending RPC reply (XID 112819)
05-15 07:26:49.877: D/FStest(690): check default
05-15 07:26:49.907: D/RPC(397): 3000008c:00050000 received CALL.
05-15 07:26:49.907: E/LocSvc_adapter(397): I/<--- int32 loc_event_cb(void*, rpc_loc_client_handle_type, rpc_loc_event_mask_type, const rpc_loc_event_payload_u_type*) line 70 RPC_LOC_EVENT_PARSED_POSITION_REPORT
05-15 07:26:49.907: E/LocSvc_api_rpc_glue(397): D/Session status: RPC_LOC_SESS_STATUS_IN_PROGESS Valid mask: 0x61ED
05-15 07:26:49.907: E/LocSvc_api_rpc_glue(397): D/Accuracy: 0.0000000
05-15 07:26:49.907: E/LocSvc_eng(397): D/void loc_eng_deferred_action_thread(void*):1383] received msg_id = LOC_ENG_MSG_REPORT_POSITION context = 0x1dcb910
05-15 07:26:49.907: E/LocSvc_adapter(397): I/Exiting int32 loc_event_cb(void*, rpc_loc_client_handle_type, rpc_loc_event_mask_type, const rpc_loc_event_payload_u_type*) line 73 0
05-15 07:26:49.907: D/RPC(397): 3000008c:00050000 dispatching RPC call (XID 112820, xdr 0x1cd52c8) for callback client 3100008c:00050001.
05-15 07:26:49.907: D/RPC(397): 3100008c:327681 sending RPC reply (XID 112820)
05-15 07:26:49.957: E/AlarmManagerService(397): android_server_AlarmManagerService_set to type=2, 507458.689000000
05-15 07:26:49.977: D/WifiService(397): acquireWifiLockLocked: WifiLock{NlpWifiLock type=2 binder=android.os.BinderProxy@434c8a90}
05-15 07:26:49.987: E/AlarmManagerService(397): android_server_AlarmManagerService_set to type=2, 507271.771000000
05-15 07:26:50.017: E/AlarmManagerService(397): android_server_AlarmManagerService_set to type=2, 507271.771000000
05-15 07:26:50.608: D/FStest(690): check default
05-15 07:26:50.688: D/RPC(397): 3000008c:00050000 received CALL.
05-15 07:26:50.688: E/LocSvc_adapter(397): I/<--- int32 loc_event_cb(void*, rpc_loc_client_handle_type, rpc_loc_event_mask_type, const rpc_loc_event_payload_u_type*) line 70 RPC_LOC_EVENT_NMEA_1HZ_REPORT
05-15 07:26:50.688: E/LocSvc_eng(397): D/void loc_eng_deferred_action_thread(void*):1383] received msg_id = LOC_ENG_MSG_REPORT_NMEA context = 0x1dcb910
05-15 07:26:50.688: E/LocSvc_eng(397): I/<=== nmea_cb line 1559 0x1cf9e78
05-15 07:26:50.688: D/RPC(397): 3000008c:00050000 dispatching RPC call (XID 112821, xdr 0x1cd52c8) for callback client 3100008c:00050001.
05-15 07:26:50.698: E/LocSvc_adapter(397): D/loc_eng_report_nmea: $GSV
05-15 07:26:50.698: E/LocSvc_adapter(397): I/Exiting int32 loc_event_cb(void*, rpc_loc_client_handle_type, rpc_loc_event_mask_type, const rpc_loc_event_payload_u_type*) line 73 0
05-15 07:26:50.698: D/RPC(397): 3100008c:327681 sending RPC reply (XID 112821)
05-15 07:26:50.708: D/RPC(397): 3000008c:00050000 received CALL.
05-15 07:26:50.708: E/LocSvc_adapter(397): I/<--- int32 loc_event_cb(void*, rpc_loc_client_handle_type, rpc_loc_event_mask_type, const rpc_loc_event_payload_u_type*) line 70 RPC_LOC_EVENT_NMEA_1HZ_REPORT
05-15 07:26:50.708: E/LocSvc_eng(397): D/void loc_eng_deferred_action_thread(void*):1383] received msg_id = LOC_ENG_MSG_REPORT_NMEA context = 0x1dcb910
05-15 07:26:50.708: E/LocSvc_eng(397): I/<=== nmea_cb line 1559 0x1cf9e78
05-15 07:26:50.708: E/LocSvc_adapter(397): D/loc_eng_report_nmea: $GSV
05-15 07:26:50.708: E/LocSvc_adapter(397): I/Exiting int32 loc_event_cb(void*, rpc_loc_client_handle_type, rpc_loc_event_mask_type, const rpc_loc_event_payload_u_type*) line 73 0
05-15 07:26:50.708: D/RPC(397): 3000008c:00050000 dispatching RPC call (XID 112822, xdr 0x1cd52c8) for callback client 3100008c:00050001.
05-15 07:26:50.708: D/RPC(397): 3100008c:327681 sending RPC reply (XID 112822)
05-15 07:26:50.718: E/LocSvc_adapter(397): I/<--- int32 loc_event_cb(void*, rpc_loc_client_handle_type, rpc_loc_event_mask_type, const rpc_loc_event_payload_u_type*) line 70 RPC_LOC_EVENT_NMEA_1HZ_REPORT
05-15 07:26:50.718: E/LocSvc_eng(397): D/void loc_eng_deferred_action_thread(void*):1383] received msg_id = LOC_ENG_MSG_REPORT_NMEA context = 0x1dcb910
05-15 07:26:50.718: E/LocSvc_eng(397): I/<=== nmea_cb line 1559 0x22d7940
05-15 07:26:50.718: E/LocSvc_adapter(397): D/loc_eng_report_nmea: $GSV
05-15 07:26:50.718: E/LocSvc_adapter(397): I/Exiting int32 loc_event_cb(void*, rpc_loc_client_handle_type, rpc_loc_event_mask_type, const rpc_loc_event_payload_u_type*) line 73 0
05-15 07:26:50.718: D/RPC(397): 3000008c:00050000 received CALL.
05-15 07:26:50.718: D/RPC(397): 3000008c:00050000 dispatching RPC call (XID 112823, xdr 0x1cd52c8) for callback client 3100008c:00050001.
05-15 07:26:50.728: E/LocSvc_adapter(397): I/<--- int32 loc_event_cb(void*, rpc_loc_client_handle_type, rpc_loc_event_mask_type, const rpc_loc_event_payload_u_type*) line 70 RPC_LOC_EVENT_NMEA_1HZ_REPORT
05-15 07:26:50.728: E/LocSvc_eng(397): D/void loc_eng_deferred_action_thread(void*):1383] received msg_id = LOC_ENG_MSG_REPORT_NMEA context = 0x1dcb910
05-15 07:26:50.728: E/LocSvc_eng(397): I/<=== nmea_cb line 1559 0x22d7d30
05-15 07:26:50.728: E/LocSvc_adapter(397): D/loc_eng_report_nmea: $GSV
05-15 07:26:50.728: E/LocSvc_adapter(397): I/Exiting int32 loc_event_cb(void*, rpc_loc_client_handle_type, rpc_loc_event_mask_type, const rpc_loc_event_payload_u_type*) line 73 0
05-15 07:26:50.728: D/RPC(397): 3100008c:327681 sending RPC reply (XID 112823)
05-15 07:26:50.728: D/RPC(397): 3000008c:00050000 received CALL.
05-15 07:26:50.728: D/RPC(397): 3000008c:00050000 dispatching RPC call (XID 112824, xdr 0x1cd52c8) for callback client 3100008c:00050001.
05-15 07:26:50.728: D/RPC(397): 3100008c:327681 sending RPC reply (XID 112824)
05-15 07:26:50.728: D/RPC(397): 3000008c:00050000 received CALL.
05-15 07:26:50.738: E/LocSvc_adapter(397): I/<--- int32 loc_event_cb(void*, rpc_loc_client_handle_type, rpc_loc_event_mask_type, const rpc_loc_event_payload_u_type*) line 70 RPC_LOC_EVENT_NMEA_1HZ_REPORT
05-15 07:26:50.738: E/LocSvc_eng(397): D/void loc_eng_deferred_action_thread(void*):1383] received msg_id = LOC_ENG_MSG_REPORT_NMEA context = 0x1dcb910
05-15 07:26:50.738: E/LocSvc_eng(397): I/<=== nmea_cb line 1559 0x1cf9e78
05-15 07:26:50.738: E/LocSvc_adapter(397): D/loc_eng_report_nmea: $GSV
05-15 07:26:50.738: E/LocSvc_adapter(397): I/Exiting int32 loc_event_cb(void*, rpc_loc_client_handle_type, rpc_loc_event_mask_type, const rpc_loc_event_payload_u_type*) line 73 0
05-15 07:26:50.738: E/LocSvc_adapter(397): I/<--- int32 loc_event_cb(void*, rpc_loc_client_handle_type, rpc_loc_event_mask_type, const rpc_loc_event_payload_u_type*) line 70 RPC_LOC_EVENT_NMEA_1HZ_REPORT
05-15 07:26:50.738: E/LocSvc_eng(397): D/void loc_eng_deferred_action_thread(void*):1383] received msg_id = LOC_ENG_MSG_REPORT_NMEA context = 0x1dcb910
05-15 07:26:50.738: E/LocSvc_eng(397): I/<=== nmea_cb line 1559 0x1cf9e78
05-15 07:26:50.738: D/RPC(397): 3000008c:00050000 dispatching RPC call (XID 112825, xdr 0x1cd52c8) for callback client 3100008c:00050001.
05-15 07:26:50.738: D/RPC(397): 3100008c:327681 sending RPC reply (XID 112825)
05-15 07:26:50.738: D/RPC(397): 3000008c:00050000 received CALL.
05-15 07:26:50.738: D/RPC(397): 3000008c:00050000 dispatching RPC call (XID 112826, xdr 0x1cd52c8) for callback client 3100008c:00050001.
05-15 07:26:50.748: E/LocSvc_adapter(397): D/loc_eng_report_nmea: $GSV
05-15 07:26:50.748: E/LocSvc_adapter(397): I/Exiting int32 loc_event_cb(void*, rpc_loc_client_handle_type, rpc_loc_event_mask_type, const rpc_loc_event_payload_u_type*) line 73 0
05-15 07:26:50.748: E/LocSvc_adapter(397): I/<--- int32 loc_event_cb(void*, rpc_loc_client_handle_type, rpc_loc_event_mask_type, const rpc_loc_event_payload_u_type*) line 70 RPC_LOC_EVENT_NMEA_1HZ_REPORT
05-15 07:26:50.748: E/LocSvc_eng(397): D/void loc_eng_deferred_action_thread(void*):1383] received msg_id = LOC_ENG_MSG_REPORT_NMEA context = 0x1dcb910
05-15 07:26:50.748: E/LocSvc_eng(397): I/<=== nmea_cb line 1559 0x22d7940
05-15 07:26:50.748: E/LocSvc_adapter(397): D/loc_eng_report_nmea: $GSV
05-15 07:26:50.748: E/LocSvc_adapter(397): I/Exiting int32 loc_event_cb(void*, rpc_loc_client_handle_type, rpc_loc_event_mask_type, const rpc_loc_event_payload_u_type*) line 73 0
05-15 07:26:50.748: E/LocSvc_adapter(397): I/<--- int32 loc_event_cb(void*, rpc_loc_client_handle_type, rpc_loc_event_mask_type, const rpc_loc_event_payload_u_type*) line 70 RPC_LOC_EVENT_NMEA_1HZ_REPORT
05-15 07:26:50.748: E/LocSvc_eng(397): D/void loc_eng_deferred_action_thread(void*):1383] received msg_id = LOC_ENG_MSG_REPORT_NMEA context = 0x1dcb910
05-15 07:26:50.748: E/LocSvc_eng(397): I/<=== nmea_cb line 1559 0x2367718
05-15 07:26:50.748: D/RPC(397): 3100008c:327681 sending RPC reply (XID 112826)
05-15 07:26:50.748: D/RPC(397): 3000008c:00050000 received CALL.
05-15 07:26:50.748: D/RPC(397): 3000008c:00050000 dispatching RPC call (XID 112827, xdr 0x1cd52c8) for callback client 3100008c:00050001.
05-15 07:26:50.748: D/RPC(397): 3100008c:327681 sending RPC reply (XID 112827)
05-15 07:26:50.748: D/RPC(397): 3000008c:00050000 received CALL.
05-15 07:26:50.748: D/RPC(397): 3000008c:00050000 dispatching RPC call (XID 112828, xdr 0x1cd52c8) for callback client 3100008c:00050001.
05-15 07:26:50.758: E/LocSvc_adapter(397): D/loc_eng_report_nmea: $GGA
05-15 07:26:50.758: E/LocSvc_adapter(397): I/Exiting int32 loc_event_cb(void*, rpc_loc_client_handle_type, rpc_loc_event_mask_type, const rpc_loc_event_payload_u_type*) line 73 0
05-15 07:26:50.758: E/LocSvc_adapter(397): I/<--- int32 loc_event_cb(void*, rpc_loc_client_handle_type, rpc_loc_event_mask_type, const rpc_loc_event_payload_u_type*) line 70 RPC_LOC_EVENT_NMEA_1HZ_REPORT
05-15 07:26:50.758: E/LocSvc_eng(397): D/void loc_eng_deferred_action_thread(void*):1383] received msg_id = LOC_ENG_MSG_REPORT_NMEA context = 0x1dcb910
05-15 07:26:50.758: E/LocSvc_eng(397): I/<=== nmea_cb line 1559 0x2367718
05-15 07:26:50.758: E/LocSvc_adapter(397): D/loc_eng_report_nmea: $GNS
05-15 07:26:50.758: E/LocSvc_adapter(397): I/Exiting int32 loc_event_cb(void*, rpc_loc_client_handle_type, rpc_loc_event_mask_type, const rpc_loc_event_payload_u_type*) line 73 0
05-15 07:26:50.758: D/RPC(397): 3100008c:327681 sending RPC reply (XID 112828)
05-15 07:26:50.758: D/RPC(397): 3000008c:00050000 received CALL.
05-15 07:26:50.758: D/RPC(397): 3000008c:00050000 dispatching RPC call (XID 112829, xdr 0x1cd52c8) for callback client 3100008c:00050001.
05-15 07:26:50.758: D/RPC(397): 3100008c:327681 sending RPC reply (XID 112829)
05-15 07:26:50.768: E/LocSvc_adapter(397): I/<--- int32 loc_event_cb(void*, rpc_loc_client_handle_type, rpc_loc_event_mask_type, const rpc_loc_event_payload_u_type*) line 70 RPC_LOC_EVENT_NMEA_1HZ_REPORT
05-15 07:26:50.768: E/LocSvc_eng(397): D/void loc_eng_deferred_action_thread(void*):1383] received msg_id = LOC_ENG_MSG_REPORT_NMEA context = 0x1dcb910
05-15 07:26:50.768: E/LocSvc_eng(397): I/<=== nmea_cb line 1559 0x2367718
05-15 07:26:50.768: E/LocSvc_adapter(397): D/loc_eng_report_nmea: $VTG
05-15 07:26:50.768: E/LocSvc_adapter(397): I/Exiting int32 loc_event_cb(void*, rpc_loc_client_handle_type, rpc_loc_event_mask_type, const rpc_loc_event_payload_u_type*) line 73 0
05-15 07:26:50.768: E/LocSvc_adapter(397): I/<--- int32 loc_event_cb(void*, rpc_loc_client_handle_type, rpc_loc_event_mask_type, const rpc_loc_event_payload_u_type*) line 70 RPC_LOC_EVENT_NMEA_1HZ_REPORT
05-15 07:26:50.768: E/LocSvc_eng(397): D/void loc_eng_deferred_action_thread(void*):1383] received msg_id = LOC_ENG_MSG_REPORT_NMEA context = 0x1dcb910
05-15 07:26:50.768: E/LocSvc_eng(397): I/<=== nmea_cb line 1559 0x2367718
05-15 07:26:50.768: E/LocSvc_adapter(397): D/loc_eng_report_nmea: $RMC
05-15 07:26:50.768: D/RPC(397): 3000008c:00050000 received CALL.
05-15 07:26:50.768: D/RPC(397): 3000008c:00050000 dispatching RPC call (XID 112830, xdr 0x1cd52c8) for callback client 3100008c:00050001.
05-15 07:26:50.768: D/RPC(397): 3100008c:327681 sending RPC reply (XID 112830)
05-15 07:26:50.768: D/RPC(397): 3000008c:00050000 received CALL.
05-15 07:26:50.768: D/RPC(397): 3000008c:00050000 dispatching RPC call (XID 112831, xdr 0x1cd52c8) for callback client 3100008c:00050001.
05-15 07:26:50.778: E/LocSvc_adapter(397): I/Exiting int32 loc_event_cb(void*, rpc_loc_client_handle_type, rpc_loc_event_mask_type, const rpc_loc_event_payload_u_type*) line 73 0
05-15 07:26:50.778: E/LocSvc_adapter(397): I/<--- int32 loc_event_cb(void*, rpc_loc_client_handle_type, rpc_loc_event_mask_type, const rpc_loc_event_payload_u_type*) line 70 RPC_LOC_EVENT_NMEA_1HZ_REPORT
05-15 07:26:50.778: E/LocSvc_eng(397): D/void loc_eng_deferred_action_thread(void*):1383] received msg_id = LOC_ENG_MSG_REPORT_NMEA context = 0x1dcb910
05-15 07:26:50.778: E/LocSvc_eng(397): I/<=== nmea_cb line 1559 0x2367718
05-15 07:26:50.778: E/LocSvc_adapter(397): D/loc_eng_report_nmea: $GSA
05-15 07:26:50.778: E/LocSvc_adapter(397): I/Exiting int32 loc_event_cb(void*, rpc_loc_client_handle_type, rpc_loc_event_mask_type, const rpc_loc_event_payload_u_type*) line 73 0
05-15 07:26:50.778: E/LocSvc_adapter(397): I/<--- int32 loc_event_cb(void*, rpc_loc_client_handle_type, rpc_loc_event_mask_type, const rpc_loc_event_payload_u_type*) line 70 RPC_LOC_EVENT_NMEA_1HZ_REPORT
05-15 07:26:50.778: E/LocSvc_eng(397): D/void loc_eng_deferred_action_thread(void*):1383] received msg_id = LOC_ENG_MSG_REPORT_NMEA context = 0x1dcb910
05-15 07:26:50.778: E/LocSvc_eng(397): I/<=== nmea_cb line 1559 0x2367718
05-15 07:26:50.778: D/RPC(397): 3100008c:327681 sending RPC reply (XID 112831)
05-15 07:26:50.778: D/RPC(397): 3000008c:00050000 received CALL.
05-15 07:26:50.778: D/RPC(397): 3000008c:00050000 dispatching RPC call (XID 112832, xdr 0x1cd52c8) for callback client 3100008c:00050001.
05-15 07:26:50.778: D/RPC(397): 3100008c:327681 sending RPC reply (XID 112832)
05-15 07:26:50.778: D/RPC(397): 3000008c:00050000 received CALL.
05-15 07:26:50.778: D/RPC(397): 3000008c:00050000 dispatching RPC call (XID 112833, xdr 0x1cd52c8) for callback client 3100008c:00050001.
05-15 07:26:50.788: E/LocSvc_adapter(397): D/loc_eng_report_nmea: $GSA
05-15 07:26:50.788: E/LocSvc_adapter(397): I/Exiting int32 loc_event_cb(void*, rpc_loc_client_handle_type, rpc_loc_event_mask_type, const rpc_loc_event_payload_u_type*) line 73 0
05-15 07:26:50.788: E/LocSvc_adapter(397): I/<--- int32 loc_event_cb(void*, rpc_loc_client_handle_type, rpc_loc_event_mask_type, const rpc_loc_event_payload_u_type*) line 70 RPC_LOC_EVENT_SATELLITE_REPORT
05-15 07:26:50.788: E/LocSvc_api_rpc_glue(397): D/sv count: 25
05-15 07:26:50.788: E/LocSvc_adapter(397): I/num sv: 25
05-15 07:26:50.788: E/LocSvc_adapter(397): ephemeris mask: 0xn almanac mask: c16e2c25
05-15 07:26:50.788: E/LocSvc_adapter(397): used in fix mask: 0
05-15 07:26:50.788: E/LocSvc_adapter(397): sv: prn snr elevation azimuth
05-15 07:26:50.788: E/LocSvc_adapter(397): I/ 0: 1 0.000000 37.000000 309.000000
05-15 07:26:50.788: E/LocSvc_adapter(397): I/ 1: 3 0.000000 3.000000 209.000000
05-15 07:26:50.788: E/LocSvc_adapter(397): I/ 2: 6 0.000000 0.000000 0.000000
05-15 07:26:50.788: E/LocSvc_adapter(397): I/ 3: 11 0.000000 47.000000 278.000000
05-15 07:26:50.788: E/LocSvc_adapter(397): I/ 4: 12 0.000000 0.000000 0.000000
05-15 07:26:50.788: E/LocSvc_adapter(397): I/ 5: 14 0.000000 52.000000 40.000000
05-15 07:26:50.788: E/LocSvc_adapter(397): I/ 6: 18 0.000000 6.000000 98.000000
05-15 07:26:50.788: E/LocSvc_adapter(397): I/ 7: 19 0.000000 20.000000 227.000000
05-15 07:26:50.788: E/LocSvc_adapter(397): I/ 8: 20 0.000000 6.000000 291.000000
05-15 07:26:50.788: E/LocSvc_adapter(397): I/ 9: 22 0.000000 36.000000 87.000000
05-15 07:26:50.788: E/LocSvc_adapter(397): I/ 10: 23 0.000000 0.000000 0.000000
05-15 07:26:50.788: E/LocSvc_adapter(397): I/ 11: 25 0.000000 0.000000 0.000000
05-15 07:26:50.788: D/RPC(397): 3100008c:327681 sending RPC reply (XID 112833)
05-15 07:26:50.788: D/RPC(397): 3000008c:00050000 received CALL.
05-15 07:26:50.788: D/RPC(397): 3000008c:00050000 dispatching RPC call (XID 112834, xdr 0x1cd52c8) for callback client 3100008c:00050001.
05-15 07:26:50.798: E/LocSvc_adapter(397): I/ 12: 31 0.000000 43.000000 147.000000
05-15 07:26:50.798: E/LocSvc_adapter(397): I/ 13: 32 0.000000 34.000000 296.000000
05-15 07:26:50.798: E/LocSvc_adapter(397): I/ 14: 74 0.000000 40.000000 68.000000
05-15 07:26:50.798: E/LocSvc_adapter(397): I/ 15: 66 0.000000 6.000000 284.000000
05-15 07:26:50.798: E/LocSvc_adapter(397): I/ 16: 73 0.000000 9.000000 23.000000
05-15 07:26:50.798: E/LocSvc_adapter(397): I/ 17: 76 0.000000 0.000000 0.000000
05-15 07:26:50.798: E/LocSvc_adapter(397): I/ 18: 75 0.000000 32.000000 139.000000
05-15 07:26:50.798: E/LocSvc_adapter(397): I/ 19: 65 0.000000 47.000000 323.000000
05-15 07:26:50.798: E/LocSvc_adapter(397): I/ 20: 88 0.000000 37.000000 265.000000
05-15 07:26:50.798: E/LocSvc_adapter(397): I/ 21: 87 0.000000 19.000000 210.000000
05-15 07:26:50.798: E/LocSvc_adapter(397): I/ 22: 81 0.000000 17.000000 324.000000
05-15 07:26:50.798: E/LocSvc_adapter(397): I/ 23: 71 0.000000 2.000000 82.000000
05-15 07:26:50.798: E/LocSvc_adapter(397): I/ 24: 72 0.000000 42.000000 49.000000
05-15 07:26:50.798: E/LocSvc_eng(397): D/void loc_eng_deferred_action_thread(void*):1383] received msg_id = LOC_ENG_MSG_REPORT_SV context = 0x1dcb910
05-15 07:26:50.798: E/LocSvc_afw(397): I/Entering void sv_cb(GpsSvStatus*, void*) line 929
05-15 07:26:50.798: E/LocSvc_afw(397): I/<=== sv_status_cb - line 931 25
05-15 07:26:50.798: E/LocSvc_afw(397): I/Exiting void sv_cb(GpsSvStatus*, void*) line 934 None
05-15 07:26:50.798: E/LocSvc_adapter(397): I/Exiting int32 loc_event_cb(void*, rpc_loc_client_handle_type, rpc_loc_event_mask_type, const rpc_loc_event_payload_u_type*) line 73 0
05-15 07:26:50.798: D/RPC(397): 3100008c:327681 sending RPC reply (XID 112834)
05-15 07:26:50.888: D/FStest(690): check default
05-15 07:26:50.908: D/RPC(397): 3000008c:00050000 received CALL.
05-15 07:26:50.908: E/LocSvc_adapter(397): I/<--- int32 loc_event_cb(void*, rpc_loc_client_handle_type, rpc_loc_event_mask_type, const rpc_loc_event_payload_u_type*) line 70 RPC_LOC_EVENT_PARSED_POSITION_REPORT
05-15 07:26:50.908: E/LocSvc_api_rpc_glue(397): D/Session status: RPC_LOC_SESS_STATUS_IN_PROGESS Valid mask: 0x61ED
05-15 07:26:50.908: E/LocSvc_api_rpc_glue(397): D/Accuracy: 0.0000000
05-15 07:26:50.908: E/LocSvc_eng(397): D/void loc_eng_deferred_action_thread(void*):1383] received msg_id = LOC_ENG_MSG_REPORT_POSITION context = 0x1dcb910
05-15 07:26:50.908: E/LocSvc_adapter(397): I/Exiting int32 loc_event_cb(void*, rpc_loc_client_handle_type, rpc_loc_event_mask_type, const rpc_loc_event_payload_u_type*) line 73 0
05-15 07:26:50.908: D/RPC(397): 3000008c:00050000 dispatching RPC call (XID 112835, xdr 0x1cd52c8) for callback client 3100008c:00050001.
05-15 07:26:50.908: D/RPC(397): 3100008c:327681 sending RPC reply (XID 112835)
05-15 07:26:51.459: W/SignalStrength(397): getGsmLevel=5
05-15 07:26:51.469: W/SignalStrength(515): getGsmLevel=5
05-15 07:26:51.469: W/SignalStrength(515): getLevel=5
05-15 07:26:51.469: W/SignalStrength(515): getGsmLevel=5
05-15 07:26:51.469: W/SignalStrength(515): getLevel=5
05-15 07:26:51.469: E/AlarmManagerService(397): android_server_AlarmManagerService_set to type=2, 507271.771000000
05-15 07:26:51.469: D/STATUSBAR-NetworkController(515): onSignalStrengthsChanged signalStrength=SignalStrength: 26 0 -120 -160 -120 -1 -1 99 2147483647 2147483647 2147483647 2147483647 gsm|lte 5 level=5
05-15 07:26:51.479: W/SignalStrength(397): getLevel=5
05-15 07:26:51.619: D/FStest(690): check default
05-15 07:26:51.689: D/RPC(397): 3000008c:00050000 received CALL.
05-15 07:26:51.689: E/LocSvc_adapter(397): I/<--- int32 loc_event_cb(void*, rpc_loc_client_handle_type, rpc_loc_event_mask_type, const rpc_loc_event_payload_u_type*) line 70 RPC_LOC_EVENT_NMEA_1HZ_REPORT
05-15 07:26:51.689: D/RPC(397): 3000008c:00050000 dispatching RPC call (XID 112836, xdr 0x1cd52c8) for callback client 3100008c:00050001.
05-15 07:26:51.699: E/LocSvc_eng(397): D/void loc_eng_deferred_action_thread(void*):1383] received msg_id = LOC_ENG_MSG_REPORT_NMEA context = 0x1dcb910
05-15 07:26:51.699: E/LocSvc_eng(397): I/<=== nmea_cb line 1559 0x1cf9e78
05-15 07:26:51.699: E/LocSvc_adapter(397): D/loc_eng_report_nmea: $GSV
05-15 07:26:51.699: E/LocSvc_adapter(397): I/Exiting int32 loc_event_cb(void*, rpc_loc_client_handle_type, rpc_loc_event_mask_type, const rpc_loc_event_payload_u_type*) line 73 0
05-15 07:26:51.699: E/LocSvc_adapter(397): I/<--- int32 loc_event_cb(void*, rpc_loc_client_handle_type, rpc_loc_event_mask_type, const rpc_loc_event_payload_u_type*) line 70 RPC_LOC_EVENT_NMEA_1HZ_REPORT
05-15 07:26:51.699: E/LocSvc_eng(397): D/void loc_eng_deferred_action_thread(void*):1383] received msg_id = LOC_ENG_MSG_REPORT_NMEA context = 0x1dcb910
05-15 07:26:51.699: E/LocSvc_eng(397): I/<=== nmea_cb line 1559 0x1cf9e78
05-15 07:26:51.699: D/RPC(397): 3100008c:327681 sending RPC reply (XID 112836)
05-15 07:26:51.699: D/RPC(397): 3000008c:00050000 received CALL.
05-15 07:26:51.699: D/RPC(397): 3000008c:00050000 dispatching RPC call (XID 112837, xdr 0x1cd52c8) for callback client 3100008c:00050001.
05-15 07:26:51.709: E/LocSvc_adapter(397): D/loc_eng_report_nmea: $GSV
05-15 07:26:51.709: E/LocSvc_adapter(397): I/Exiting int32 loc_event_cb(void*, rpc_loc_client_handle_type, rpc_loc_event_mask_type, const rpc_loc_event_payload_u_type*) line 73 0
05-15 07:26:51.709: E/LocSvc_adapter(397): I/<--- int32 loc_event_cb(void*, rpc_loc_client_handle_type, rpc_loc_event_mask_type, const rpc_loc_event_payload_u_type*) line 70 RPC_LOC_EVENT_NMEA_1HZ_REPORT
05-15 07:26:51.709: E/LocSvc_adapter(397): D/loc_eng_report_nmea: $GSV
05-15 07:26:51.709: D/RPC(397): 3100008c:327681 sending RPC reply (XID 112837)
05-15 07:26:51.709: D/RPC(397): 3000008c:00050000 received CALL.
