05-15 07:26:51.709: D/RPC(397): 3000008c:00050000 dispatching RPC call (XID 112838, xdr 0x1cd52c8) for callback client 3100008c:00050001.
05-15 07:26:51.719: E/LocSvc_eng(397): D/void loc_eng_deferred_action_thread(void*):1383] received msg_id = LOC_ENG_MSG_REPORT_NMEA context = 0x1dcb910
05-15 07:26:51.719: E/LocSvc_eng(397): I/<=== nmea_cb line 1559 0x1cf9e78
05-15 07:26:51.719: E/LocSvc_adapter(397): I/Exiting int32 loc_event_cb(void*, rpc_loc_client_handle_type, rpc_loc_event_mask_type, const rpc_loc_event_payload_u_type*) line 73 0
05-15 07:26:51.719: E/LocSvc_adapter(397): I/<--- int32 loc_event_cb(void*, rpc_loc_client_handle_type, rpc_loc_event_mask_type, const rpc_loc_event_payload_u_type*) line 70 RPC_LOC_EVENT_NMEA_1HZ_REPORT
05-15 07:26:51.719: E/LocSvc_eng(397): D/void loc_eng_deferred_action_thread(void*):1383] received msg_id = LOC_ENG_MSG_REPORT_NMEA context = 0x1dcb910
05-15 07:26:51.719: E/LocSvc_eng(397): I/<=== nmea_cb line 1559 0x2367718
05-15 07:26:51.719: D/RPC(397): 3100008c:327681 sending RPC reply (XID 112838)
05-15 07:26:51.719: D/RPC(397): 3000008c:00050000 received CALL.
05-15 07:26:51.719: D/RPC(397): 3000008c:00050000 dispatching RPC call (XID 112839, xdr 0x1cd52c8) for callback client 3100008c:00050001.
05-15 07:26:51.729: E/LocSvc_adapter(397): D/loc_eng_report_nmea: $GSV
05-15 07:26:51.729: E/LocSvc_adapter(397): I/Exiting int32 loc_event_cb(void*, rpc_loc_client_handle_type, rpc_loc_event_mask_type, const rpc_loc_event_payload_u_type*) line 73 0
05-15 07:26:51.729: E/LocSvc_adapter(397): I/<--- int32 loc_event_cb(void*, rpc_loc_client_handle_type, rpc_loc_event_mask_type, const rpc_loc_event_payload_u_type*) line 70 RPC_LOC_EVENT_NMEA_1HZ_REPORT
05-15 07:26:51.729: E/LocSvc_eng(397): D/void loc_eng_deferred_action_thread(void*):1383] received msg_id = LOC_ENG_MSG_REPORT_NMEA context = 0x1dcb910
05-15 07:26:51.729: E/LocSvc_eng(397): I/<=== nmea_cb line 1559 0x1cf9e78
05-15 07:26:51.729: D/RPC(397): 3100008c:327681 sending RPC reply (XID 112839)
05-15 07:26:51.729: D/RPC(397): 3000008c:00050000 received CALL.
05-15 07:26:51.729: D/RPC(397): 3000008c:00050000 dispatching RPC call (XID 112840, xdr 0x1cd52c8) for callback client 3100008c:00050001.
05-15 07:26:51.739: E/LocSvc_adapter(397): D/loc_eng_report_nmea: $GSV
05-15 07:26:51.739: E/LocSvc_adapter(397): I/Exiting int32 loc_event_cb(void*, rpc_loc_client_handle_type, rpc_loc_event_mask_type, const rpc_loc_event_payload_u_type*) line 73 0
05-15 07:26:51.749: E/LocSvc_adapter(397): I/<--- int32 loc_event_cb(void*, rpc_loc_client_handle_type, rpc_loc_event_mask_type, const rpc_loc_event_payload_u_type*) line 70 RPC_LOC_EVENT_NMEA_1HZ_REPORT
05-15 07:26:51.749: E/LocSvc_eng(397): D/void loc_eng_deferred_action_thread(void*):1383] received msg_id = LOC_ENG_MSG_REPORT_NMEA context = 0x1dcb910
05-15 07:26:51.749: E/LocSvc_eng(397): I/<=== nmea_cb line 1559 0x1cf9e78
05-15 07:26:51.749: D/RPC(397): 3100008c:327681 sending RPC reply (XID 112840)
05-15 07:26:51.749: D/RPC(397): 3000008c:00050000 received CALL.
05-15 07:26:51.749: D/RPC(397): 3000008c:00050000 dispatching RPC call (XID 112841, xdr 0x1cd52c8) for callback client 3100008c:00050001.
05-15 07:26:51.759: E/LocSvc_adapter(397): D/loc_eng_report_nmea: $GSV
05-15 07:26:51.759: E/LocSvc_adapter(397): I/Exiting int32 loc_event_cb(void*, rpc_loc_client_handle_type, rpc_loc_event_mask_type, const rpc_loc_event_payload_u_type*) line 73 0
05-15 07:26:51.759: E/LocSvc_adapter(397): I/<--- int32 loc_event_cb(void*, rpc_loc_client_handle_type, rpc_loc_event_mask_type, const rpc_loc_event_payload_u_type*) line 70 RPC_LOC_EVENT_NMEA_1HZ_REPORT
05-15 07:26:51.759: E/LocSvc_eng(397): D/void loc_eng_deferred_action_thread(void*):1383] received msg_id = LOC_ENG_MSG_REPORT_NMEA context = 0x1dcb910
05-15 07:26:51.759: E/LocSvc_eng(397): I/<=== nmea_cb line 1559 0x22d7940
05-15 07:26:51.759: E/LocSvc_adapter(397): D/loc_eng_report_nmea: $GSV
05-15 07:26:51.759: E/LocSvc_adapter(397): I/Exiting int32 loc_event_cb(void*, rpc_loc_client_handle_type, rpc_loc_event_mask_type, const rpc_loc_event_payload_u_type*) line 73 0
05-15 07:26:51.759: E/LocSvc_adapter(397): I/<--- int32 loc_event_cb(void*, rpc_loc_client_handle_type, rpc_loc_event_mask_type, const rpc_loc_event_payload_u_type*) line 70 RPC_LOC_EVENT_NMEA_1HZ_REPORT
05-15 07:26:51.759: D/RPC(397): 3100008c:327681 sending RPC reply (XID 112841)
05-15 07:26:51.759: D/RPC(397): 3000008c:00050000 received CALL.
05-15 07:26:51.759: D/RPC(397): 3000008c:00050000 dispatching RPC call (XID 112842, xdr 0x1cd52c8) for callback client 3100008c:00050001.
05-15 07:26:51.759: D/RPC(397): 3100008c:327681 sending RPC reply (XID 112842)
05-15 07:26:51.759: D/RPC(397): 3000008c:00050000 received CALL.
05-15 07:26:51.759: D/RPC(397): 3000008c:00050000 dispatching RPC call (XID 112843, xdr 0x1cd52c8) for callback client 3100008c:00050001.
05-15 07:26:51.769: E/LocSvc_eng(397): D/void loc_eng_deferred_action_thread(void*):1383] received msg_id = LOC_ENG_MSG_REPORT_NMEA context = 0x1dcb910
05-15 07:26:51.769: E/LocSvc_eng(397): I/<=== nmea_cb line 1559 0x2367718
05-15 07:26:51.769: E/LocSvc_adapter(397): D/loc_eng_report_nmea: $GGA
05-15 07:26:51.769: E/LocSvc_adapter(397): I/Exiting int32 loc_event_cb(void*, rpc_loc_client_handle_type, rpc_loc_event_mask_type, const rpc_loc_event_payload_u_type*) line 73 0
05-15 07:26:51.769: E/LocSvc_adapter(397): I/<--- int32 loc_event_cb(void*, rpc_loc_client_handle_type, rpc_loc_event_mask_type, const rpc_loc_event_payload_u_type*) line 70 RPC_LOC_EVENT_NMEA_1HZ_REPORT
05-15 07:26:51.769: E/LocSvc_eng(397): D/void loc_eng_deferred_action_thread(void*):1383] received msg_id = LOC_ENG_MSG_REPORT_NMEA context = 0x1dcb910
05-15 07:26:51.769: E/LocSvc_eng(397): I/<=== nmea_cb line 1559 0x2367718
05-15 07:26:51.769: E/LocSvc_adapter(397): D/loc_eng_report_nmea: $GNS
05-15 07:26:51.769: E/LocSvc_adapter(397): I/Exiting int32 loc_event_cb(void*, rpc_loc_client_handle_type, rpc_loc_event_mask_type, const rpc_loc_event_payload_u_type*) line 73 0
05-15 07:26:51.769: D/RPC(397): 3100008c:327681 sending RPC reply (XID 112843)
05-15 07:26:51.769: D/RPC(397): 3000008c:00050000 received CALL.
05-15 07:26:51.769: D/RPC(397): 3000008c:00050000 dispatching RPC call (XID 112844, xdr 0x1cd52c8) for callback client 3100008c:00050001.
05-15 07:26:51.779: E/LocSvc_adapter(397): I/<--- int32 loc_event_cb(void*, rpc_loc_client_handle_type, rpc_loc_event_mask_type, const rpc_loc_event_payload_u_type*) line 70 RPC_LOC_EVENT_NMEA_1HZ_REPORT
05-15 07:26:51.779: E/LocSvc_eng(397): D/void loc_eng_deferred_action_thread(void*):1383] received msg_id = LOC_ENG_MSG_REPORT_NMEA context = 0x1dcb910
05-15 07:26:51.779: E/LocSvc_eng(397): I/<=== nmea_cb line 1559 0x2367718
05-15 07:26:51.779: E/LocSvc_adapter(397): D/loc_eng_report_nmea: $VTG
05-15 07:26:51.779: E/LocSvc_adapter(397): I/Exiting int32 loc_event_cb(void*, rpc_loc_client_handle_type, rpc_loc_event_mask_type, const rpc_loc_event_payload_u_type*) line 73 0
05-15 07:26:51.779: D/RPC(397): 3100008c:327681 sending RPC reply (XID 112844)
05-15 07:26:51.779: D/RPC(397): 3000008c:00050000 received CALL.
05-15 07:26:51.779: D/RPC(397): 3000008c:00050000 dispatching RPC call (XID 112845, xdr 0x1cd52c8) for callback client 3100008c:00050001.
05-15 07:26:51.789: E/LocSvc_adapter(397): I/<--- int32 loc_event_cb(void*, rpc_loc_client_handle_type, rpc_loc_event_mask_type, const rpc_loc_event_payload_u_type*) line 70 RPC_LOC_EVENT_NMEA_1HZ_REPORT
05-15 07:26:51.789: E/LocSvc_eng(397): D/void loc_eng_deferred_action_thread(void*):1383] received msg_id = LOC_ENG_MSG_REPORT_NMEA context = 0x1dcb910
05-15 07:26:51.789: E/LocSvc_eng(397): I/<=== nmea_cb line 1559 0x2367718
05-15 07:26:51.789: E/LocSvc_adapter(397): D/loc_eng_report_nmea: $RMC
05-15 07:26:51.789: E/LocSvc_adapter(397): I/Exiting int32 loc_event_cb(void*, rpc_loc_client_handle_type, rpc_loc_event_mask_type, const rpc_loc_event_payload_u_type*) line 73 0
05-15 07:26:51.789: E/LocSvc_adapter(397): I/<--- int32 loc_event_cb(void*, rpc_loc_client_handle_type, rpc_loc_event_mask_type, const rpc_loc_event_payload_u_type*) line 70 RPC_LOC_EVENT_NMEA_1HZ_REPORT
05-15 07:26:51.789: E/LocSvc_eng(397): D/void loc_eng_deferred_action_thread(void*):1383] received msg_id = LOC_ENG_MSG_REPORT_NMEA context = 0x1dcb910
05-15 07:26:51.789: E/LocSvc_eng(397): I/<=== nmea_cb line 1559 0x2367718
05-15 07:26:51.789: E/LocSvc_adapter(397): D/loc_eng_report_nmea: $GSA
05-15 07:26:51.789: E/LocSvc_adapter(397): I/Exiting int32 loc_event_cb(void*, rpc_loc_client_handle_type, rpc_loc_event_mask_type, const rpc_loc_event_payload_u_type*) line 73 0
05-15 07:26:51.789: D/RPC(397): 3100008c:327681 sending RPC reply (XID 112845)
05-15 07:26:51.789: D/RPC(397): 3000008c:00050000 received CALL.
05-15 07:26:51.789: D/RPC(397): 3000008c:00050000 dispatching RPC call (XID 112846, xdr 0x1cd52c8) for callback client 3100008c:00050001.
05-15 07:26:51.789: D/RPC(397): 3100008c:327681 sending RPC reply (XID 112846)
05-15 07:26:51.789: D/RPC(397): 3000008c:00050000 received CALL.
05-15 07:26:51.789: D/RPC(397): 3000008c:00050000 dispatching RPC call (XID 112847, xdr 0x1cd52c8) for callback client 3100008c:00050001.
05-15 07:26:51.789: D/RPC(397): 3100008c:327681 sending RPC reply (XID 112847)
05-15 07:26:51.799: E/LocSvc_adapter(397): I/<--- int32 loc_event_cb(void*, rpc_loc_client_handle_type, rpc_loc_event_mask_type, const rpc_loc_event_payload_u_type*) line 70 RPC_LOC_EVENT_NMEA_1HZ_REPORT
05-15 07:26:51.799: E/LocSvc_eng(397): D/void loc_eng_deferred_action_thread(void*):1383] received msg_id = LOC_ENG_MSG_REPORT_NMEA context = 0x1dcb910
05-15 07:26:51.799: E/LocSvc_eng(397): I/<=== nmea_cb line 1559 0x2367718
05-15 07:26:51.799: D/RPC(397): 3000008c:00050000 received CALL.
05-15 07:26:51.799: D/RPC(397): 3000008c:00050000 dispatching RPC call (XID 112848, xdr 0x1cd52c8) for callback client 3100008c:00050001.
05-15 07:26:51.799: E/LocSvc_adapter(397): D/loc_eng_report_nmea: $GSA
05-15 07:26:51.809: E/LocSvc_adapter(397): I/Exiting int32 loc_event_cb(void*, rpc_loc_client_handle_type, rpc_loc_event_mask_type, const rpc_loc_event_payload_u_type*) line 73 0
05-15 07:26:51.809: E/LocSvc_adapter(397): I/<--- int32 loc_event_cb(void*, rpc_loc_client_handle_type, rpc_loc_event_mask_type, const rpc_loc_event_payload_u_type*) line 70 RPC_LOC_EVENT_SATELLITE_REPORT
05-15 07:26:51.809: E/LocSvc_api_rpc_glue(397): D/sv count: 24
05-15 07:26:51.809: E/LocSvc_adapter(397): I/num sv: 24
05-15 07:26:51.809: E/LocSvc_adapter(397): ephemeris mask: 0xn almanac mask: c12e2c25
05-15 07:26:51.809: E/LocSvc_adapter(397): used in fix mask: 0
05-15 07:26:51.809: E/LocSvc_adapter(397): sv: prn snr elevation azimuth
05-15 07:26:51.809: E/LocSvc_adapter(397): I/ 0: 1 0.000000 37.000000 309.000000
05-15 07:26:51.809: E/LocSvc_adapter(397): I/ 1: 3 0.000000 3.000000 209.000000
05-15 07:26:51.809: E/LocSvc_adapter(397): I/ 2: 6 0.000000 0.000000 0.000000
05-15 07:26:51.809: E/LocSvc_adapter(397): I/ 3: 11 0.000000 47.000000 278.000000
05-15 07:26:51.809: E/LocSvc_adapter(397): I/ 4: 12 0.000000 0.000000 0.000000
05-15 07:26:51.809: E/LocSvc_adapter(397): I/ 5: 14 0.000000 52.000000 40.000000
05-15 07:26:51.809: E/LocSvc_adapter(397): I/ 6: 18 0.000000 6.000000 98.000000
05-15 07:26:51.809: E/LocSvc_adapter(397): I/ 7: 19 0.000000 20.000000 227.000000
05-15 07:26:51.809: E/LocSvc_adapter(397): I/ 8: 20 0.000000 6.000000 291.000000
05-15 07:26:51.809: E/LocSvc_adapter(397): I/ 9: 22 0.000000 36.000000 87.000000
05-15 07:26:51.809: E/LocSvc_adapter(397): I/ 10: 25 0.000000 0.000000 0.000000
05-15 07:26:51.809: E/LocSvc_adapter(397): I/ 11: 31 0.000000 43.000000 147.000000
05-15 07:26:51.809: E/LocSvc_adapter(397): I/ 12: 32 0.000000 34.000000 296.000000
05-15 07:26:51.809: E/LocSvc_adapter(397): I/ 13: 74 0.000000 40.000000 68.000000
05-15 07:26:51.809: D/RPC(397): 3100008c:327681 sending RPC reply (XID 112848)
05-15 07:26:51.809: D/RPC(397): 3000008c:00050000 received CALL.
05-15 07:26:51.809: D/RPC(397): 3000008c:00050000 dispatching RPC call (XID 112849, xdr 0x1cd52c8) for callback client 3100008c:00050001.
05-15 07:26:51.819: E/LocSvc_adapter(397): I/ 14: 66 0.000000 6.000000 284.000000
05-15 07:26:51.819: E/LocSvc_adapter(397): I/ 15: 73 0.000000 9.000000 23.000000
05-15 07:26:51.819: E/LocSvc_adapter(397): I/ 16: 76 0.000000 0.000000 0.000000
05-15 07:26:51.819: E/LocSvc_adapter(397): I/ 17: 75 0.000000 32.000000 139.000000
05-15 07:26:51.819: E/LocSvc_adapter(397): I/ 18: 65 0.000000 47.000000 323.000000
05-15 07:26:51.819: E/LocSvc_adapter(397): I/ 19: 88 0.000000 37.000000 265.000000
05-15 07:26:51.819: E/LocSvc_adapter(397): I/ 20: 87 0.000000 19.000000 210.000000
05-15 07:26:51.819: E/LocSvc_adapter(397): I/ 21: 81 0.000000 17.000000 324.000000
05-15 07:26:51.819: E/LocSvc_adapter(397): I/ 22: 71 0.000000 2.000000 82.000000
05-15 07:26:51.819: E/LocSvc_adapter(397): I/ 23: 72 0.000000 42.000000 49.000000
05-15 07:26:51.819: E/LocSvc_adapter(397): I/Exiting int32 loc_event_cb(void*, rpc_loc_client_handle_type, rpc_loc_event_mask_type, const rpc_loc_event_payload_u_type*) line 73 0
05-15 07:26:51.819: E/LocSvc_eng(397): D/void loc_eng_deferred_action_thread(void*):1383] received msg_id = LOC_ENG_MSG_REPORT_SV context = 0x1dcb910
05-15 07:26:51.819: E/LocSvc_afw(397): I/Entering void sv_cb(GpsSvStatus*, void*) line 929
05-15 07:26:51.819: E/LocSvc_afw(397): I/<=== sv_status_cb - line 931 24
05-15 07:26:51.819: E/LocSvc_afw(397): I/Exiting void sv_cb(GpsSvStatus*, void*) line 934 None
05-15 07:26:51.819: D/RPC(397): 3100008c:327681 sending RPC reply (XID 112849)
05-15 07:26:51.899: D/FStest(690): check default
05-15 07:26:51.909: D/RPC(397): 3000008c:00050000 received CALL.
05-15 07:26:51.909: E/LocSvc_adapter(397): I/<--- int32 loc_event_cb(void*, rpc_loc_client_handle_type, rpc_loc_event_mask_type, const rpc_loc_event_payload_u_type*) line 70 RPC_LOC_EVENT_PARSED_POSITION_REPORT
05-15 07:26:51.909: E/LocSvc_api_rpc_glue(397): D/Session status: RPC_LOC_SESS_STATUS_IN_PROGESS Valid mask: 0x61ED
05-15 07:26:51.909: E/LocSvc_api_rpc_glue(397): D/Accuracy: 0.0000000
05-15 07:26:51.909: E/LocSvc_eng(397): D/void loc_eng_deferred_action_thread(void*):1383] received msg_id = LOC_ENG_MSG_REPORT_POSITION context = 0x1dcb910
05-15 07:26:51.909: E/LocSvc_adapter(397): I/Exiting int32 loc_event_cb(void*, rpc_loc_client_handle_type, rpc_loc_event_mask_type, const rpc_loc_event_payload_u_type*) line 73 0
05-15 07:26:51.909: D/RPC(397): 3000008c:00050000 dispatching RPC call (XID 112850, xdr 0x1cd52c8) for callback client 3100008c:00050001.
05-15 07:26:51.919: D/RPC(397): 3100008c:327681 sending RPC reply (XID 112850)
05-15 07:26:52.610: D/FStest(690): check default
05-15 07:26:52.680: D/RPC(397): 3000008c:00050000 received CALL.
05-15 07:26:52.680: E/LocSvc_adapter(397): I/<--- int32 loc_event_cb(void*, rpc_loc_client_handle_type, rpc_loc_event_mask_type, const rpc_loc_event_payload_u_type*) line 70 RPC_LOC_EVENT_NMEA_1HZ_REPORT
05-15 07:26:52.680: D/RPC(397): 3000008c:00050000 dispatching RPC call (XID 112851, xdr 0x1cd52c8) for callback client 3100008c:00050001.
05-15 07:26:52.690: E/LocSvc_eng(397): D/void loc_eng_deferred_action_thread(void*):1383] received msg_id = LOC_ENG_MSG_REPORT_NMEA context = 0x1dcb910
05-15 07:26:52.690: E/LocSvc_eng(397): I/<=== nmea_cb line 1559 0x1cf9e78
05-15 07:26:52.700: E/LocSvc_adapter(397): D/loc_eng_report_nmea: $GSV
05-15 07:26:52.700: E/LocSvc_adapter(397): I/Exiting int32 loc_event_cb(void*, rpc_loc_client_handle_type, rpc_loc_event_mask_type, const rpc_loc_event_payload_u_type*) line 73 0
05-15 07:26:52.700: E/LocSvc_adapter(397): I/<--- int32 loc_event_cb(void*, rpc_loc_client_handle_type, rpc_loc_event_mask_type, const rpc_loc_event_payload_u_type*) line 70 RPC_LOC_EVENT_NMEA_1HZ_REPORT
05-15 07:26:52.700: E/LocSvc_eng(397): D/void loc_eng_deferred_action_thread(void*):1383] received msg_id = LOC_ENG_MSG_REPORT_NMEA context = 0x1dcb910
05-15 07:26:52.700: E/LocSvc_eng(397): I/<=== nmea_cb line 1559 0x1cf9e78
05-15 07:26:52.700: D/RPC(397): 3100008c:327681 sending RPC reply (XID 112851)
05-15 07:26:52.700: D/RPC(397): 3000008c:00050000 received CALL.
05-15 07:26:52.700: D/RPC(397): 3000008c:00050000 dispatching RPC call (XID 112852, xdr 0x1cd52c8) for callback client 3100008c:00050001.
05-15 07:26:52.710: E/LocSvc_adapter(397): D/loc_eng_report_nmea: $GSV
05-15 07:26:52.710: E/LocSvc_adapter(397): I/Exiting int32 loc_event_cb(void*, rpc_loc_client_handle_type, rpc_loc_event_mask_type, const rpc_loc_event_payload_u_type*) line 73 0
05-15 07:26:52.710: E/LocSvc_adapter(397): I/<--- int32 loc_event_cb(void*, rpc_loc_client_handle_type, rpc_loc_event_mask_type, const rpc_loc_event_payload_u_type*) line 70 RPC_LOC_EVENT_NMEA_1HZ_REPORT
05-15 07:26:52.710: E/LocSvc_eng(397): D/void loc_eng_deferred_action_thread(void*):1383] received msg_id = LOC_ENG_MSG_REPORT_NMEA context = 0x1dcb910
05-15 07:26:52.710: E/LocSvc_eng(397): I/<=== nmea_cb line 1559 0x1cf9e78
05-15 07:26:52.710: D/RPC(397): 3100008c:327681 sending RPC reply (XID 112852)
05-15 07:26:52.710: D/RPC(397): 3000008c:00050000 received CALL.
05-15 07:26:52.710: D/RPC(397): 3000008c:00050000 dispatching RPC call (XID 112853, xdr 0x1cd52c8) for callback client 3100008c:00050001.
05-15 07:26:52.720: E/LocSvc_adapter(397): D/loc_eng_report_nmea: $GSV
05-15 07:26:52.720: E/LocSvc_adapter(397): I/Exiting int32 loc_event_cb(void*, rpc_loc_client_handle_type, rpc_loc_event_mask_type, const rpc_loc_event_payload_u_type*) line 73 0
05-15 07:26:52.720: E/LocSvc_adapter(397): I/<--- int32 loc_event_cb(void*, rpc_loc_client_handle_type, rpc_loc_event_mask_type, const rpc_loc_event_payload_u_type*) line 70 RPC_LOC_EVENT_NMEA_1HZ_REPORT
05-15 07:26:52.720: E/LocSvc_eng(397): D/void loc_eng_deferred_action_thread(void*):1383] received msg_id = LOC_ENG_MSG_REPORT_NMEA context = 0x1dcb910
05-15 07:26:52.720: E/LocSvc_eng(397): I/<=== nmea_cb line 1559 0x2367718
05-15 07:26:52.720: E/LocSvc_adapter(397): D/loc_eng_report_nmea: $GSV
05-15 07:26:52.720: E/LocSvc_adapter(397): I/Exiting int32 loc_event_cb(void*, rpc_loc_client_handle_type, rpc_loc_event_mask_type, const rpc_loc_event_payload_u_type*) line 73 0
05-15 07:26:52.720: D/RPC(397): 3100008c:327681 sending RPC reply (XID 112853)
05-15 07:26:52.720: D/RPC(397): 3000008c:00050000 received CALL.
05-15 07:26:52.720: D/RPC(397): 3000008c:00050000 dispatching RPC call (XID 112854, xdr 0x1cd52c8) for callback client 3100008c:00050001.
05-15 07:26:52.730: E/LocSvc_adapter(397): I/<--- int32 loc_event_cb(void*, rpc_loc_client_handle_type, rpc_loc_event_mask_type, const rpc_loc_event_payload_u_type*) line 70 RPC_LOC_EVENT_NMEA_1HZ_REPORT
05-15 07:26:52.730: E/LocSvc_eng(397): D/void loc_eng_deferred_action_thread(void*):1383] received msg_id = LOC_ENG_MSG_REPORT_NMEA context = 0x1dcb910
05-15 07:26:52.730: E/LocSvc_eng(397): I/<=== nmea_cb line 1559 0x1cf9e78
05-15 07:26:52.730: D/RPC(397): 3100008c:327681 sending RPC reply (XID 112854)
05-15 07:26:52.730: D/RPC(397): 3000008c:00050000 received CALL.
05-15 07:26:52.730: D/RPC(397): 3000008c:00050000 dispatching RPC call (XID 112855, xdr 0x1cd52c8) for callback client 3100008c:00050001.
05-15 07:26:52.740: E/LocSvc_adapter(397): D/loc_eng_report_nmea: $GSV
05-15 07:26:52.740: E/LocSvc_adapter(397): I/Exiting int32 loc_event_cb(void*, rpc_loc_client_handle_type, rpc_loc_event_mask_type, const rpc_loc_event_payload_u_type*) line 73 0
05-15 07:26:52.740: D/RPC(397): 3100008c:327681 sending RPC reply (XID 112855)
05-15 07:26:52.750: D/RPC(397): 3000008c:00050000 received CALL.
05-15 07:26:52.750: E/LocSvc_adapter(397): I/<--- int32 loc_event_cb(void*, rpc_loc_client_handle_type, rpc_loc_event_mask_type, const rpc_loc_event_payload_u_type*) line 70 RPC_LOC_EVENT_NMEA_1HZ_REPORT
05-15 07:26:52.750: E/LocSvc_eng(397): D/void loc_eng_deferred_action_thread(void*):1383] received msg_id = LOC_ENG_MSG_REPORT_NMEA context = 0x1dcb910
05-15 07:26:52.750: E/LocSvc_eng(397): I/<=== nmea_cb line 1559 0x1cf9e78
05-15 07:26:52.750: E/LocSvc_adapter(397): D/loc_eng_report_nmea: $GSV
05-15 07:26:52.750: E/LocSvc_adapter(397): I/Exiting int32 loc_event_cb(void*, rpc_loc_client_handle_type, rpc_loc_event_mask_type, const rpc_loc_event_payload_u_type*) line 73 0
05-15 07:26:52.750: E/LocSvc_adapter(397): I/<--- int32 loc_event_cb(void*, rpc_loc_client_handle_type, rpc_loc_event_mask_type, const rpc_loc_event_payload_u_type*) line 70 RPC_LOC_EVENT_NMEA_1HZ_REPORT
05-15 07:26:52.750: D/RPC(397): 3000008c:00050000 dispatching RPC call (XID 112856, xdr 0x1cd52c8) for callback client 3100008c:00050001.
05-15 07:26:52.750: D/RPC(397): 3100008c:327681 sending RPC reply (XID 112856)
05-15 07:26:52.750: D/RPC(397): 3000008c:00050000 received CALL.
05-15 07:26:52.750: D/RPC(397): 3000008c:00050000 dispatching RPC call (XID 112857, xdr 0x1cd52c8) for callback client 3100008c:00050001.
05-15 07:26:52.760: E/LocSvc_eng(397): D/void loc_eng_deferred_action_thread(void*):1383] received msg_id = LOC_ENG_MSG_REPORT_NMEA context = 0x1dcb910
05-15 07:26:52.760: E/LocSvc_eng(397): I/<=== nmea_cb line 1559 0x22d7940
05-15 07:26:52.760: E/LocSvc_adapter(397): D/loc_eng_report_nmea: $GSV
05-15 07:26:52.780: E/LocSvc_adapter(397): I/Exiting int32 loc_event_cb(void*, rpc_loc_client_handle_type, rpc_loc_event_mask_type, const rpc_loc_event_payload_u_type*) line 73 0
05-15 07:26:52.800: D/RPC(397): 3100008c:327681 sending RPC reply (XID 112857)
05-15 07:26:52.800: D/RPC(397): 3000008c:00050000 received CALL.
05-15 07:26:52.800: E/LocSvc_adapter(397): I/<--- int32 loc_event_cb(void*, rpc_loc_client_handle_type, rpc_loc_event_mask_type, const rpc_loc_event_payload_u_type*) line 70 RPC_LOC_EVENT_NMEA_1HZ_REPORT
05-15 07:26:52.800: E/LocSvc_eng(397): D/void loc_eng_deferred_action_thread(void*):1383] received msg_id = LOC_ENG_MSG_REPORT_NMEA context = 0x1dcb910
05-15 07:26:52.800: E/LocSvc_eng(397): I/<=== nmea_cb line 1559 0x2367718
05-15 07:26:52.800: E/LocSvc_adapter(397): D/loc_eng_report_nmea: $GGA
05-15 07:26:52.800: E/LocSvc_adapter(397): I/Exiting int32 loc_event_cb(void*, rpc_loc_client_handle_type, rpc_loc_event_mask_type, const rpc_loc_event_payload_u_type*) line 73 0
05-15 07:26:52.800: E/LocSvc_adapter(397): I/<--- int32 loc_event_cb(void*, rpc_loc_client_handle_type, rpc_loc_event_mask_type, const rpc_loc_event_payload_u_type*) line 70 RPC_LOC_EVENT_NMEA_1HZ_REPORT
05-15 07:26:52.800: E/LocSvc_eng(397): D/void loc_eng_deferred_action_thread(void*):1383] received msg_id = LOC_ENG_MSG_REPORT_NMEA context = 0x1dcb910
05-15 07:26:52.800: E/LocSvc_eng(397): I/<=== nmea_cb line 1559 0x2367718
05-15 07:26:52.800: D/RPC(397): 3000008c:00050000 dispatching RPC call (XID 112858, xdr 0x1cd52c8) for callback client 3100008c:00050001.
05-15 07:26:52.800: D/RPC(397): 3100008c:327681 sending RPC reply (XID 112858)
05-15 07:26:52.800: D/RPC(397): 3000008c:00050000 received CALL.
05-15 07:26:52.800: D/RPC(397): 3000008c:00050000 dispatching RPC call (XID 112859, xdr 0x1cd52c8) for callback client 3100008c:00050001.
05-15 07:26:52.810: E/LocSvc_adapter(397): D/loc_eng_report_nmea: $GNS
05-15 07:26:52.810: E/LocSvc_adapter(397): I/Exiting int32 loc_event_cb(void*, rpc_loc_client_handle_type, rpc_loc_event_mask_type, const rpc_loc_event_payload_u_type*) line 73 0
05-15 07:26:52.810: E/LocSvc_adapter(397): I/<--- int32 loc_event_cb(void*, rpc_loc_client_handle_type, rpc_loc_event_mask_type, const rpc_loc_event_payload_u_type*) line 70 RPC_LOC_EVENT_NMEA_1HZ_REPORT
05-15 07:26:52.810: E/LocSvc_eng(397): D/void loc_eng_deferred_action_thread(void*):1383] received msg_id = LOC_ENG_MSG_REPORT_NMEA context = 0x1dcb910
05-15 07:26:52.810: E/LocSvc_eng(397): I/<=== nmea_cb line 1559 0x2367718
05-15 07:26:52.810: E/LocSvc_adapter(397): D/loc_eng_report_nmea: $VTG
05-15 07:26:52.810: E/LocSvc_adapter(397): I/Exiting int32 loc_event_cb(void*, rpc_loc_client_handle_type, rpc_loc_event_mask_type, const rpc_loc_event_payload_u_type*) line 73 0
05-15 07:26:52.810: E/LocSvc_adapter(397): I/<--- int32 loc_event_cb(void*, rpc_loc_client_handle_type, rpc_loc_event_mask_type, const rpc_loc_event_payload_u_type*) line 70 RPC_LOC_EVENT_NMEA_1HZ_REPORT
05-15 07:26:52.810: E/LocSvc_eng(397): D/void loc_eng_deferred_action_thread(void*):1383] received msg_id = LOC_ENG_MSG_REPORT_NMEA context = 0x1dcb910
05-15 07:26:52.810: E/LocSvc_eng(397): I/<=== nmea_cb line 1559 0x2367718
05-15 07:26:52.810: D/RPC(397): 3100008c:327681 sending RPC reply (XID 112859)
05-15 07:26:52.810: D/RPC(397): 3000008c:00050000 received CALL.
05-15 07:26:52.810: D/RPC(397): 3000008c:00050000 dispatching RPC call (XID 112860, xdr 0x1cd52c8) for callback client 3100008c:00050001.
05-15 07:26:52.810: D/RPC(397): 3100008c:327681 sending RPC reply (XID 112860)
05-15 07:26:52.810: D/RPC(397): 3000008c:00050000 received CALL.
05-15 07:26:52.810: D/RPC(397): 3000008c:00050000 dispatching RPC call (XID 112861, xdr 0x1cd52c8) for callback client 3100008c:00050001.
05-15 07:26:52.820: E/LocSvc_adapter(397): D/loc_eng_report_nmea: $RMC
05-15 07:26:52.820: E/LocSvc_adapter(397): I/Exiting int32 loc_event_cb(void*, rpc_loc_client_handle_type, rpc_loc_event_mask_type, const rpc_loc_event_payload_u_type*) line 73 0
05-15 07:26:52.820: E/LocSvc_adapter(397): I/<--- int32 loc_event_cb(void*, rpc_loc_client_handle_type, rpc_loc_event_mask_type, const rpc_loc_event_payload_u_type*) line 70 RPC_LOC_EVENT_NMEA_1HZ_REPORT
05-15 07:26:52.820: E/LocSvc_adapter(397): D/loc_eng_report_nmea: $GSA
05-15 07:26:52.820: E/LocSvc_eng(397): D/void loc_eng_deferred_action_thread(void*):1383] received msg_id = LOC_ENG_MSG_REPORT_NMEA context = 0x1dcb910
05-15 07:26:52.820: E/LocSvc_eng(397): I/<=== nmea_cb line 1559 0x2367718
05-15 07:26:52.820: D/RPC(397): 3100008c:327681 sending RPC reply (XID 112861)
05-15 07:26:52.820: D/RPC(397): 3000008c:00050000 received CALL.
05-15 07:26:52.820: D/RPC(397): 3000008c:00050000 dispatching RPC call (XID 112862, xdr 0x1cd52c8) for callback client 3100008c:00050001.
05-15 07:26:52.830: E/LocSvc_adapter(397): I/Exiting int32 loc_event_cb(void*, rpc_loc_client_handle_type, rpc_loc_event_mask_type, const rpc_loc_event_payload_u_type*) line 73 0
05-15 07:26:52.830: E/LocSvc_adapter(397): I/<--- int32 loc_event_cb(void*, rpc_loc_client_handle_type, rpc_loc_event_mask_type, const rpc_loc_event_payload_u_type*) line 70 RPC_LOC_EVENT_NMEA_1HZ_REPORT
05-15 07:26:52.830: E/LocSvc_eng(397): D/void loc_eng_deferred_action_thread(void*):1383] received msg_id = LOC_ENG_MSG_REPORT_NMEA context = 0x1dcb910
05-15 07:26:52.830: E/LocSvc_eng(397): I/<=== nmea_cb line 1559 0x2367718
05-15 07:26:52.830: E/LocSvc_adapter(397): D/loc_eng_report_nmea: $GSA
05-15 07:26:52.830: E/LocSvc_adapter(397): I/Exiting int32 loc_event_cb(void*, rpc_loc_client_handle_type, rpc_loc_event_mask_type, const rpc_loc_event_payload_u_type*) line 73 0
05-15 07:26:52.830: D/RPC(397): 3100008c:327681 sending RPC reply (XID 112862)
05-15 07:26:52.830: D/RPC(397): 3000008c:00050000 received CALL.
05-15 07:26:52.830: D/RPC(397): 3000008c:00050000 dispatching RPC call (XID 112863, xdr 0x1cd52c8) for callback client 3100008c:00050001.
05-15 07:26:52.830: D/RPC(397): 3100008c:327681 sending RPC reply (XID 112863)
05-15 07:26:52.840: D/RPC(397): 3000008c:00050000 received CALL.
05-15 07:26:52.840: E/LocSvc_adapter(397): I/<--- int32 loc_event_cb(void*, rpc_loc_client_handle_type, rpc_loc_event_mask_type, const rpc_loc_event_payload_u_type*) line 70 RPC_LOC_EVENT_SATELLITE_REPORT
05-15 07:26:52.840: E/LocSvc_api_rpc_glue(397): D/sv count: 24
05-15 07:26:52.840: D/RPC(397): 3000008c:00050000 dispatching RPC call (XID 112864, xdr 0x1cd52c8) for callback client 3100008c:00050001.
05-15 07:26:52.850: E/LocSvc_adapter(397): I/num sv: 24
05-15 07:26:52.850: E/LocSvc_adapter(397): ephemeris mask: 0xn almanac mask: c12e2c25
05-15 07:26:52.850: E/LocSvc_adapter(397): used in fix mask: 0
05-15 07:26:52.850: E/LocSvc_adapter(397): sv: prn snr elevation azimuth
05-15 07:26:52.850: E/LocSvc_adapter(397): I/ 0: 1 0.000000 37.000000 309.000000
05-15 07:26:52.850: E/LocSvc_adapter(397): I/ 1: 3 0.000000 3.000000 209.000000
05-15 07:26:52.850: E/LocSvc_adapter(397): I/ 2: 6 0.000000 0.000000 0.000000
05-15 07:26:52.850: E/LocSvc_adapter(397): I/ 3: 11 0.000000 47.000000 278.000000
05-15 07:26:52.850: E/LocSvc_adapter(397): I/ 4: 12 0.000000 0.000000 0.000000
05-15 07:26:52.850: E/LocSvc_adapter(397): I/ 5: 14 0.000000 52.000000 40.000000
05-15 07:26:52.860: E/LocSvc_adapter(397): I/ 6: 18 0.000000 6.000000 98.000000
05-15 07:26:52.860: E/LocSvc_adapter(397): I/ 7: 19 0.000000 20.000000 227.000000
05-15 07:26:52.860: E/LocSvc_adapter(397): I/ 8: 20 0.000000 6.000000 291.000000
05-15 07:26:52.860: E/LocSvc_adapter(397): I/ 9: 22 0.000000 36.000000 87.000000
05-15 07:26:52.860: E/LocSvc_adapter(397): I/ 10: 25 0.000000 0.000000 0.000000
05-15 07:26:52.860: E/LocSvc_adapter(397): I/ 11: 31 0.000000 43.000000 147.000000
05-15 07:26:52.860: E/LocSvc_adapter(397): I/ 12: 32 0.000000 34.000000 296.000000
05-15 07:26:52.860: E/LocSvc_adapter(397): I/ 13: 74 0.000000 40.000000 68.000000
05-15 07:26:52.860: E/LocSvc_adapter(397): I/ 14: 66 0.000000 6.000000 284.000000
05-15 07:26:52.860: E/LocSvc_adapter(397): I/ 15: 73 0.000000 9.000000 23.000000
05-15 07:26:52.860: E/LocSvc_adapter(397): I/ 16: 76 0.000000 0.000000 0.000000
05-15 07:26:52.860: E/LocSvc_adapter(397): I/ 17: 75 0.000000 32.000000 139.000000
05-15 07:26:52.860: E/LocSvc_adapter(397): I/ 18: 65 0.000000 47.000000 323.000000
05-15 07:26:52.860: E/LocSvc_adapter(397): I/ 19: 88 0.000000 37.000000 265.000000
05-15 07:26:52.860: E/LocSvc_adapter(397): I/ 20: 87 0.000000 19.000000 210.000000
05-15 07:26:52.860: E/LocSvc_adapter(397): I/ 21: 81 0.000000 17.000000 324.000000
05-15 07:26:52.860: E/LocSvc_adapter(397): I/ 22: 71 0.000000 2.000000 82.000000
05-15 07:26:52.860: E/LocSvc_adapter(397): I/ 23: 72 0.000000 42.000000 49.000000
05-15 07:26:52.860: E/LocSvc_eng(397): D/void loc_eng_deferred_action_thread(void*):1383] received msg_id = LOC_ENG_MSG_REPORT_SV context = 0x1dcb910
05-15 07:26:52.860: E/LocSvc_afw(397): I/Entering void sv_cb(GpsSvStatus*, void*) line 929
05-15 07:26:52.860: E/LocSvc_afw(397): I/<=== sv_status_cb - line 931 24
05-15 07:26:52.860: E/LocSvc_afw(397): I/Exiting void sv_cb(GpsSvStatus*, void*) line 934 None
05-15 07:26:52.860: E/LocSvc_adapter(397): I/Exiting int32 loc_event_cb(void*, rpc_loc_client_handle_type, rpc_loc_event_mask_type, const rpc_loc_event_payload_u_type*) line 73 0
05-15 07:26:52.860: D/RPC(397): 3100008c:327681 sending RPC reply (XID 112864)
05-15 07:26:52.890: D/FStest(690): check default
05-15 07:26:52.900: D/RPC(397): 3000008c:00050000 received CALL.
05-15 07:26:52.900: E/LocSvc_adapter(397): I/<--- int32 loc_event_cb(void*, rpc_loc_client_handle_type, rpc_loc_event_mask_type, const rpc_loc_event_payload_u_type*) line 70 RPC_LOC_EVENT_PARSED_POSITION_REPORT
05-15 07:26:52.900: E/LocSvc_api_rpc_glue(397): D/Session status: RPC_LOC_SESS_STATUS_IN_PROGESS Valid mask: 0x61ED
05-15 07:26:52.900: E/LocSvc_api_rpc_glue(397): D/Accuracy: 0.0000000
05-15 07:26:52.900: E/LocSvc_eng(397): D/void loc_eng_deferred_action_thread(void*):1383] received msg_id = LOC_ENG_MSG_REPORT_POSITION context = 0x1dcb910
05-15 07:26:52.900: E/LocSvc_adapter(397): I/Exiting int32 loc_event_cb(void*, rpc_loc_client_handle_type, rpc_loc_event_mask_type, const rpc_loc_event_payload_u_type*) line 73 0
05-15 07:26:52.900: D/RPC(397): 3000008c:00050000 dispatching RPC call (XID 112865, xdr 0x1cd52c8) for callback client 3100008c:00050001.
05-15 07:26:52.900: D/RPC(397): 3100008c:327681 sending RPC reply (XID 112865)
05-15 07:26:53.611: D/FStest(690): check default
05-15 07:26:53.681: D/RPC(397): 3000008c:00050000 received CALL.
05-15 07:26:53.681: E/LocSvc_adapter(397): I/<--- int32 loc_event_cb(void*, rpc_loc_client_handle_type, rpc_loc_event_mask_type, const rpc_loc_event_payload_u_type*) line 70 RPC_LOC_EVENT_NMEA_1HZ_REPORT
05-15 07:26:53.681: E/LocSvc_eng(397): D/void loc_eng_deferred_action_thread(void*):1383] received msg_id = LOC_ENG_MSG_REPORT_NMEA context = 0x1dcb910
05-15 07:26:53.681: E/LocSvc_eng(397): I/<=== nmea_cb line 1559 0x1cf9e78
05-15 07:26:53.681: D/RPC(397): 3000008c:00050000 dispatching RPC call (XID 112866, xdr 0x1cd52c8) for callback client 3100008c:00050001.
05-15 07:26:53.691: E/LocSvc_adapter(397): D/loc_eng_report_nmea: $GSV
05-15 07:26:53.691: E/LocSvc_adapter(397): I/Exiting int32 loc_event_cb(void*, rpc_loc_client_handle_type, rpc_loc_event_mask_type, const rpc_loc_event_payload_u_type*) line 73 0
05-15 07:26:53.691: E/LocSvc_adapter(397): I/<--- int32 loc_event_cb(void*, rpc_loc_client_handle_type, rpc_loc_event_mask_type, const rpc_loc_event_payload_u_type*) line 70 RPC_LOC_EVENT_NMEA_1HZ_REPORT
05-15 07:26:53.691: D/RPC(397): 3100008c:327681 sending RPC reply (XID 112866)
05-15 07:26:53.691: D/RPC(397): 3000008c:00050000 received CALL.
05-15 07:26:53.691: D/RPC(397): 3000008c:00050000 dispatching RPC call (XID 112867, xdr 0x1cd52c8) for callback client 3100008c:00050001.
05-15 07:26:53.701: E/LocSvc_eng(397): D/void loc_eng_deferred_action_thread(void*):1383] received msg_id = LOC_ENG_MSG_REPORT_NMEA context = 0x1dcb910
05-15 07:26:53.701: E/LocSvc_eng(397): I/<=== nmea_cb line 1559 0x1cf9e78
05-15 07:26:53.701: E/LocSvc_adapter(397): D/loc_eng_report_nmea: $GSV
05-15 07:26:53.701: E/LocSvc_adapter(397): I/Exiting int32 loc_event_cb(void*, rpc_loc_client_handle_type, rpc_loc_event_mask_type, const rpc_loc_event_payload_u_type*) line 73 0
05-15 07:26:53.701: E/LocSvc_adapter(397): I/<--- int32 loc_event_cb(void*, rpc_loc_client_handle_type, rpc_loc_event_mask_type, const rpc_loc_event_payload_u_type*) line 70 RPC_LOC_EVENT_NMEA_1HZ_REPORT
05-15 07:26:53.701: D/RPC(397): 3100008c:327681 sending RPC reply (XID 112867)
05-15 07:26:53.701: D/RPC(397): 3000008c:00050000 received CALL.
05-15 07:26:53.701: D/RPC(397): 3000008c:00050000 dispatching RPC call (XID 112868, xdr 0x1cd52c8) for callback client 3100008c:00050001.
05-15 07:26:53.711: E/LocSvc_eng(397): D/void loc_eng_deferred_action_thread(void*):1383] received msg_id = LOC_ENG_MSG_REPORT_NMEA context = 0x1dcb910
05-15 07:26:53.711: E/LocSvc_eng(397): I/<=== nmea_cb line 1559 0x1cf9e78
05-15 07:26:53.711: E/LocSvc_adapter(397): D/loc_eng_report_nmea: $GSV
05-15 07:26:53.711: E/LocSvc_adapter(397): I/Exiting int32 loc_event_cb(void*, rpc_loc_client_handle_type, rpc_loc_event_mask_type, const rpc_loc_event_payload_u_type*) line 73 0
05-15 07:26:53.711: E/LocSvc_adapter(397): I/<--- int32 loc_event_cb(void*, rpc_loc_client_handle_type, rpc_loc_event_mask_type, const rpc_loc_event_payload_u_type*) line 70 RPC_LOC_EVENT_NMEA_1HZ_REPORT
05-15 07:26:53.711: E/LocSvc_eng(397): D/void loc_eng_deferred_action_thread(void*):1383] received msg_id = LOC_ENG_MSG_REPORT_NMEA context = 0x1dcb910
05-15 07:26:53.711: E/LocSvc_eng(397): I/<=== nmea_cb line 1559 0x2367718
05-15 07:26:53.711: E/LocSvc_adapter(397): D/loc_eng_report_nmea: $GSV
05-15 07:26:53.711: E/LocSvc_adapter(397): I/Exiting int32 loc_event_cb(void*, rpc_loc_client_handle_type, rpc_loc_event_mask_type, const rpc_loc_event_payload_u_type*) line 73 0
05-15 07:26:53.711: E/LocSvc_adapter(397): I/<--- int32 loc_event_cb(void*, rpc_loc_client_handle_type, rpc_loc_event_mask_type, const rpc_loc_event_payload_u_type*) line 70 RPC_LOC_EVENT_NMEA_1HZ_REPORT
05-15 07:26:53.711: E/LocSvc_eng(397): D/void loc_eng_deferred_action_thread(void*):1383] received msg_id = LOC_ENG_MSG_REPORT_NMEA context = 0x1dcb910
05-15 07:26:53.711: E/LocSvc_eng(397): I/<=== nmea_cb line 1559 0x1cf9e78
05-15 07:26:53.711: D/RPC(397): 3100008c:327681 sending RPC reply (XID 112868)
05-15 07:26:53.711: D/RPC(397): 3000008c:00050000 received CALL.
05-15 07:26:53.711: D/RPC(397): 3000008c:00050000 dispatching RPC call (XID 112869, xdr 0x1cd52c8) for callback client 3100008c:00050001.
05-15 07:26:53.711: D/RPC(397): 3100008c:327681 sending RPC reply (XID 112869)
05-15 07:26:53.711: D/RPC(397): 3000008c:00050000 received CALL.
05-15 07:26:53.711: D/RPC(397): 3000008c:00050000 dispatching RPC call (XID 112870, xdr 0x1cd52c8) for callback client 3100008c:00050001.
05-15 07:26:53.721: E/LocSvc_adapter(397): D/loc_eng_report_nmea: $GSV
05-15 07:26:53.721: E/LocSvc_adapter(397): I/Exiting int32 loc_event_cb(void*, rpc_loc_client_handle_type, rpc_loc_event_mask_type, const rpc_loc_event_payload_u_type*) line 73 0
05-15 07:26:53.721: E/LocSvc_adapter(397): I/<--- int32 loc_event_cb(void*, rpc_loc_client_handle_type, rpc_loc_event_mask_type, const rpc_loc_event_payload_u_type*) line 70 RPC_LOC_EVENT_NMEA_1HZ_REPORT
05-15 07:26:53.721: E/LocSvc_eng(397): D/void loc_eng_deferred_action_thread(void*):1383] received msg_id = LOC_ENG_MSG_REPORT_NMEA context = 0x1dcb910
05-15 07:26:53.721: E/LocSvc_eng(397): I/<=== nmea_cb line 1559 0x1cf9e78
05-15 07:26:53.721: E/LocSvc_adapter(397): D/loc_eng_report_nmea: $GSV
05-15 07:26:53.721: E/LocSvc_adapter(397): I/Exiting int32 loc_event_cb(void*, rpc_loc_client_handle_type, rpc_loc_event_mask_type, const rpc_loc_event_payload_u_type*) line 73 0
05-15 07:26:53.721: E/LocSvc_adapter(397): I/<--- int32 loc_event_cb(void*, rpc_loc_client_handle_type, rpc_loc_event_mask_type, const rpc_loc_event_payload_u_type*) line 70 RPC_LOC_EVENT_NMEA_1HZ_REPORT
05-15 07:26:53.721: E/LocSvc_eng(397): D/void loc_eng_deferred_action_thread(void*):1383] received msg_id = LOC_ENG_MSG_REPORT_NMEA context = 0x1dcb910
05-15 07:26:53.721: E/LocSvc_eng(397): I/<=== nmea_cb line 1559 0x22d7940
05-15 07:26:53.721: D/RPC(397): 3100008c:327681 sending RPC reply (XID 112870)
05-15 07:26:53.721: D/RPC(397): 3000008c:00050000 received CALL.
05-15 07:26:53.721: D/RPC(397): 3000008c:00050000 dispatching RPC call (XID 112871, xdr 0x1cd52c8) for callback client 3100008c:00050001.
05-15 07:26:53.721: D/RPC(397): 3100008c:327681 sending RPC reply (XID 112871)
05-15 07:26:53.721: D/RPC(397): 3000008c:00050000 received CALL.
05-15 07:26:53.721: D/RPC(397): 3000008c:00050000 dispatching RPC call (XID 112872, xdr 0x1cd52c8) for callback client 3100008c:00050001.
05-15 07:26:53.731: E/LocSvc_adapter(397): D/loc_eng_report_nmea: $GSV
05-15 07:26:53.731: E/LocSvc_adapter(397): I/Exiting int32 loc_event_cb(void*, rpc_loc_client_handle_type, rpc_loc_event_mask_type, const rpc_loc_event_payload_u_type*) line 73 0
05-15 07:26:53.731: E/LocSvc_adapter(397): I/<--- int32 loc_event_cb(void*, rpc_loc_client_handle_type, rpc_loc_event_mask_type, const rpc_loc_event_payload_u_type*) line 70 RPC_LOC_EVENT_NMEA_1HZ_REPORT
05-15 07:26:53.731: E/LocSvc_eng(397): D/void loc_eng_deferred_action_thread(void*):1383] received msg_id = LOC_ENG_MSG_REPORT_NMEA context = 0x1dcb910
05-15 07:26:53.731: E/LocSvc_eng(397): I/<=== nmea_cb line 1559 0x2367718
05-15 07:26:53.731: E/LocSvc_adapter(397): D/loc_eng_report_nmea: $GGA
05-15 07:26:53.731: E/LocSvc_adapter(397): I/Exiting int32 loc_event_cb(void*, rpc_loc_client_handle_type, rpc_loc_event_mask_type, const rpc_loc_event_payload_u_type*) line 73 0
05-15 07:26:53.731: E/LocSvc_adapter(397): I/<--- int32 loc_event_cb(void*, rpc_loc_client_handle_type, rpc_loc_event_mask_type, const rpc_loc_event_payload_u_type*) line 70 RPC_LOC_EVENT_NMEA_1HZ_REPORT
05-15 07:26:53.731: E/LocSvc_eng(397): D/void loc_eng_deferred_action_thread(void*):1383] received msg_id = LOC_ENG_MSG_REPORT_NMEA context = 0x1dcb910
05-15 07:26:53.731: E/LocSvc_eng(397): I/<=== nmea_cb line 1559 0x2367718
05-15 07:26:53.731: D/RPC(397): 3100008c:327681 sending RPC reply (XID 112872)
05-15 07:26:53.731: D/RPC(397): 3000008c:00050000 received CALL.
05-15 07:26:53.731: D/RPC(397): 3000008c:00050000 dispatching RPC call (XID 112873, xdr 0x1cd52c8) for callback client 3100008c:00050001.
05-15 07:26:53.731: D/RPC(397): 3100008c:327681 sending RPC reply (XID 112873)
05-15 07:26:53.731: D/RPC(397): 3000008c:00050000 received CALL.
05-15 07:26:53.731: D/RPC(397): 3000008c:00050000 dispatching RPC call (XID 112874, xdr 0x1cd52c8) for callback client 3100008c:00050001.
05-15 07:26:53.741: E/LocSvc_adapter(397): D/loc_eng_report_nmea: $GNS
05-15 07:26:53.741: E/LocSvc_adapter(397): I/Exiting int32 loc_event_cb(void*, rpc_loc_client_handle_type, rpc_loc_event_mask_type, const rpc_loc_event_payload_u_type*) line 73 0
05-15 07:26:53.741: E/LocSvc_adapter(397): I/<--- int32 loc_event_cb(void*, rpc_loc_client_handle_type, rpc_loc_event_mask_type, const rpc_loc_event_payload_u_type*) line 70 RPC_LOC_EVENT_NMEA_1HZ_REPORT
05-15 07:26:53.741: E/LocSvc_eng(397): D/void loc_eng_deferred_action_thread(void*):1383] received msg_id = LOC_ENG_MSG_REPORT_NMEA context = 0x1dcb910
05-15 07:26:53.741: E/LocSvc_eng(397): I/<=== nmea_cb line 1559 0x2367718
05-15 07:26:53.741: E/LocSvc_adapter(397): D/loc_eng_report_nmea: $VTG
05-15 07:26:53.741: E/LocSvc_adapter(397): I/Exiting int32 loc_event_cb(void*, rpc_loc_client_handle_type, rpc_loc_event_mask_type, const rpc_loc_event_payload_u_type*) line 73 0
05-15 07:26:53.741: E/LocSvc_adapter(397): I/<--- int32 loc_event_cb(void*, rpc_loc_client_handle_type, rpc_loc_event_mask_type, const rpc_loc_event_payload_u_type*) line 70 RPC_LOC_EVENT_NMEA_1HZ_REPORT
05-15 07:26:53.741: E/LocSvc_eng(397): D/void loc_eng_deferred_action_thread(void*):1383] received msg_id = LOC_ENG_MSG_REPORT_NMEA context = 0x1dcb910
05-15 07:26:53.741: E/LocSvc_eng(397): I/<=== nmea_cb line 1559 0x2367718
05-15 07:26:53.741: E/LocSvc_adapter(397): D/loc_eng_report_nmea: $RMC
05-15 07:26:53.741: E/LocSvc_adapter(397): I/Exiting int32 loc_event_cb(void*, rpc_loc_client_handle_type, rpc_loc_event_mask_type, const rpc_loc_event_payload_u_type*) line 73 0
05-15 07:26:53.741: D/RPC(397): 3100008c:327681 sending RPC reply (XID 112874)
05-15 07:26:53.741: D/RPC(397): 3000008c:00050000 received CALL.
05-15 07:26:53.741: D/RPC(397): 3000008c:00050000 dispatching RPC call (XID 112875, xdr 0x1cd52c8) for callback client 3100008c:00050001.
05-15 07:26:53.741: D/RPC(397): 3100008c:327681 sending RPC reply (XID 112875)
05-15 07:26:53.741: D/RPC(397): 3000008c:00050000 received CALL.
05-15 07:26:53.741: D/RPC(397): 3000008c:00050000 dispatching RPC call (XID 112876, xdr 0x1cd52c8) for callback client 3100008c:00050001.
05-15 07:26:53.741: D/RPC(397): 3100008c:327681 sending RPC reply (XID 112876)
05-15 07:26:53.751: D/RPC(397): 3000008c:00050000 received CALL.
05-15 07:26:53.751: E/LocSvc_adapter(397): I/<--- int32 loc_event_cb(void*, rpc_loc_client_handle_type, rpc_loc_event_mask_type, const rpc_loc_event_payload_u_type*) line 70 RPC_LOC_EVENT_NMEA_1HZ_REPORT
05-15 07:26:53.751: E/LocSvc_eng(397): D/void loc_eng_deferred_action_thread(void*):1383] received msg_id = LOC_ENG_MSG_REPORT_NMEA context = 0x1dcb910
05-15 07:26:53.751: E/LocSvc_eng(397): I/<=== nmea_cb line 1559 0x2367718
05-15 07:26:53.751: E/LocSvc_adapter(397): D/loc_eng_report_nmea: $GSA
05-15 07:26:53.751: E/LocSvc_adapter(397): I/Exiting int32 loc_event_cb(void*, rpc_loc_client_handle_type, rpc_loc_event_mask_type, const rpc_loc_event_payload_u_type*) line 73 0
05-15 07:26:53.751: E/LocSvc_adapter(397): I/<--- int32 loc_event_cb(void*, rpc_loc_client_handle_type, rpc_loc_event_mask_type, const rpc_loc_event_payload_u_type*) line 70 RPC_LOC_EVENT_NMEA_1HZ_REPORT
05-15 07:26:53.751: D/RPC(397): 3000008c:00050000 dispatching RPC call (XID 112877, xdr 0x1cd52c8) for callback client 3100008c:00050001.
05-15 07:26:53.751: D/RPC(397): 3100008c:327681 sending RPC reply (XID 112877)
05-15 07:26:53.751: D/RPC(397): 3000008c:00050000 received CALL.
05-15 07:26:53.751: D/RPC(397): 3000008c:00050000 dispatching RPC call (XID 112878, xdr 0x1cd52c8) for callback client 3100008c:00050001.
05-15 07:26:53.761: E/LocSvc_eng(397): D/void loc_eng_deferred_action_thread(void*):1383] received msg_id = LOC_ENG_MSG_REPORT_NMEA context = 0x1dcb910
05-15 07:26:53.761: E/LocSvc_eng(397): I/<=== nmea_cb line 1559 0x2367718
05-15 07:26:53.761: E/LocSvc_adapter(397): D/loc_eng_report_nmea: $GSA
05-15 07:26:53.761: E/LocSvc_adapter(397): I/Exiting int32 loc_event_cb(void*, rpc_loc_client_handle_type, rpc_loc_event_mask_type, const rpc_loc_event_payload_u_type*) line 73 0
05-15 07:26:53.761: E/LocSvc_adapter(397): I/<--- int32 loc_event_cb(void*, rpc_loc_client_handle_type, rpc_loc_event_mask_type, const rpc_loc_event_payload_u_type*) line 70 RPC_LOC_EVENT_SATELLITE_REPORT
05-15 07:26:53.761: E/LocSvc_api_rpc_glue(397): D/sv count: 24
05-15 07:26:53.761: E/LocSvc_adapter(397): I/num sv: 24
05-15 07:26:53.761: E/LocSvc_adapter(397): ephemeris mask: 0xn almanac mask: c12e2c25
05-15 07:26:53.761: E/LocSvc_adapter(397): used in fix mask: 0
05-15 07:26:53.761: E/LocSvc_adapter(397): sv: prn snr elevation azimuth
05-15 07:26:53.761: E/LocSvc_adapter(397): I/ 0: 1 0.000000 37.000000 309.000000
05-15 07:26:53.761: E/LocSvc_adapter(397): I/ 1: 3 0.000000 3.000000 209.000000
05-15 07:26:53.761: E/LocSvc_adapter(397): I/ 2: 6 0.000000 0.000000 0.000000
05-15 07:26:53.761: E/LocSvc_adapter(397): I/ 3: 11 0.000000 47.000000 278.000000
05-15 07:26:53.761: E/LocSvc_adapter(397): I/ 4: 12 0.000000 0.000000 0.000000
05-15 07:26:53.761: E/LocSvc_adapter(397): I/ 5: 14 0.000000 52.000000 40.000000
05-15 07:26:53.761: E/LocSvc_adapter(397): I/ 6: 18 0.000000 6.000000 98.000000
05-15 07:26:53.761: E/LocSvc_adapter(397): I/ 7: 19 0.000000 20.000000 227.000000
05-15 07:26:53.761: E/LocSvc_adapter(397): I/ 8: 20 0.000000 6.000000 291.000000
05-15 07:26:53.761: E/LocSvc_adapter(397): I/ 9: 22 0.000000 36.000000 87.000000
05-15 07:26:53.761: E/LocSvc_adapter(397): I/ 10: 25 0.000000 0.000000 0.000000
05-15 07:26:53.761: E/LocSvc_adapter(397): I/ 11: 31 0.000000 43.000000 147.000000
05-15 07:26:53.761: E/LocSvc_adapter(397): I/ 12: 32 0.000000 34.000000 296.000000
05-15 07:26:53.761: E/LocSvc_adapter(397): I/ 13: 74 0.000000 40.000000 68.000000
05-15 07:26:53.761: E/LocSvc_adapter(397): I/ 14: 66 0.000000 6.000000 284.000000
05-15 07:26:53.761: E/LocSvc_adapter(397): I/ 15: 73 0.000000 9.000000 23.000000
05-15 07:26:53.761: E/LocSvc_adapter(397): I/ 16: 76 0.000000 0.000000 0.000000
05-15 07:26:53.761: D/RPC(397): 3100008c:327681 sending RPC reply (XID 112878)
05-15 07:26:53.761: D/RPC(397): 3000008c:00050000 received CALL.
05-15 07:26:53.761: D/RPC(397): 3000008c:00050000 dispatching RPC call (XID 112879, xdr 0x1cd52c8) for callback client 3100008c:00050001.
05-15 07:26:53.771: E/LocSvc_adapter(397): I/ 17: 75 0.000000 32.000000 139.000000
05-15 07:26:53.771: E/LocSvc_adapter(397): I/ 18: 65 0.000000 47.000000 323.000000
05-15 07:26:53.771: E/LocSvc_adapter(397): I/ 19: 88 0.000000 37.000000 265.000000
05-15 07:26:53.771: E/LocSvc_adapter(397): I/ 20: 87 0.000000 19.000000 210.000000
05-15 07:26:53.771: E/LocSvc_adapter(397): I/ 21: 81 0.000000 17.000000 324.000000
05-15 07:26:53.771: E/LocSvc_adapter(397): I/ 22: 71 0.000000 2.000000 82.000000
05-15 07:26:53.771: E/LocSvc_adapter(397): I/ 23: 72 0.000000 42.000000 49.000000
05-15 07:26:53.771: E/LocSvc_eng(397): D/void loc_eng_deferred_action_thread(void*):1383] received msg_id = LOC_ENG_MSG_REPORT_SV context = 0x1dcb910
05-15 07:26:53.771: E/LocSvc_afw(397): I/Entering void sv_cb(GpsSvStatus*, void*) line 929
05-15 07:26:53.771: E/LocSvc_afw(397): I/<=== sv_status_cb - line 931 24
05-15 07:26:53.771: E/LocSvc_afw(397): I/Exiting void sv_cb(GpsSvStatus*, void*) line 934 None
05-15 07:26:53.771: E/LocSvc_adapter(397): I/Exiting int32 loc_event_cb(void*, rpc_loc_client_handle_type, rpc_loc_event_mask_type, const rpc_loc_event_payload_u_type*) line 73 0
05-15 07:26:53.771: D/RPC(397): 3100008c:327681 sending RPC reply (XID 112879)
05-15 07:26:53.901: D/FStest(690): check default
05-15 07:26:53.901: D/RPC(397): 3000008c:00050000 received CALL.
05-15 07:26:53.901: D/RPC(397): 3000008c:00050000 dispatching RPC call (XID 112880, xdr 0x1cd52c8) for callback client 3100008c:00050001.
05-15 07:26:53.911: E/LocSvc_adapter(397): I/<--- int32 loc_event_cb(void*, rpc_loc_client_handle_type, rpc_loc_event_mask_type, const rpc_loc_event_payload_u_type*) line 70 RPC_LOC_EVENT_PARSED_POSITION_REPORT
05-15 07:26:53.921: E/LocSvc_api_rpc_glue(397): D/Session status: RPC_LOC_SESS_STATUS_IN_PROGESS Valid mask: 0x61ED
05-15 07:26:53.921: E/LocSvc_api_rpc_glue(397): D/Accuracy: 0.0000000
05-15 07:26:53.921: E/LocSvc_eng(397): D/void loc_eng_deferred_action_thread(void*):1383] received msg_id = LOC_ENG_MSG_REPORT_POSITION context = 0x1dcb910
05-15 07:26:53.921: E/LocSvc_adapter(397): I/Exiting int32 loc_event_cb(void*, rpc_loc_client_handle_type, rpc_loc_event_mask_type, const rpc_loc_event_payload_u_type*) line 73 0
05-15 07:26:53.921: D/RPC(397): 3100008c:327681 sending RPC reply (XID 112880)
05-15 07:26:54.071: D/STATUSBAR-NetworkController(515): onReceive() - RSSI_CHANGED_ACTION, WIFI_STATE, NETWORK_STATE
05-15 07:26:54.391: D/comsamsungapp(1603): [MSC_Accu]>>> WWP:382 [0:0] onReceive@ androidnetwifiSCAN_RESULTS
05-15 07:26:54.402: D/comsamsungapp(1603): [MSC_Accu]>>> WIM:53 [0:0] AccuWeatherClockWidgetID_Length
05-15 07:26:54.402: D/comsamsungapp(1603): [MSC_Accu]>>> WIM:54 [0:0] getPrefIDs@lngth:0
05-15 07:26:54.402: D/comsamsungapp(1603): [MSC_Accu]>>> WWP:2480 [0:0] mHandler is null!!
05-15 07:26:54.422: D/comsamsungapp(1603): [MSC_Accu]>>> WWP:375 [0:0] refreshhandler is null!!
05-15 07:26:54.442: D/comsamsungapp(1603): [MSC_Accu]>>> WWP:415 [0:0] The widget does not exist in idle!!
05-15 07:26:54.592: E/AlarmManagerService(397): android_server_AlarmManagerService_set to type=2, 507271.771000000
05-15 07:26:54.592: D/WifiService(397): releaseWifiLockLocked: WifiLock{NlpWifiLock type=2 binder=android.os.BinderProxy@434c8a90}
05-15 07:26:54.682: D/FStest(690): check default
05-15 07:26:54.682: D/RPC(397): 3000008c:00050000 received CALL.
05-15 07:26:54.702: D/RPC(397): 3000008c:00050000 dispatching RPC call (XID 112881, xdr 0x1cd52c8) for callback client 3100008c:00050001.
