05-15 07:26:44.952: W/SIP(606): IInputMethodWrapper. mCaller.executeOrSendMessage(MSG_UPDATE_WACOM_STATE)
05-15 07:26:44.952: W/SIP(606): IInputMethodWrapper. inputMethod.updateWacomState(msg.arg1). arg1 =0
05-15 07:26:44.952: D/WifiService(397): acquireWifiLockLocked: WifiLock{NlpWifiLock type=2 binder=android.os.BinderProxy@434c8a90}
05-15 07:26:44.962: E/AlarmManagerService(397): android_server_AlarmManagerService_set to type=2, 507266.753000000
05-15 07:26:44.972: W/SIP(606): IInputMethodWrapper. mCaller.executeOrSendMessage(MSG_UPDATE_WACOM_STATE)
05-15 07:26:44.972: W/SIP(606): IInputMethodWrapper. inputMethod.updateWacomState(msg.arg1). arg1 =0
05-15 07:26:44.982: W/SIP(606): IInputMethodWrapper. mCaller.executeOrSendMessage(MSG_UPDATE_WACOM_STATE)
05-15 07:26:44.982: W/SIP(606): IInputMethodWrapper. inputMethod.updateWacomState(msg.arg1). arg1 =0
05-15 07:26:44.982: E/AlarmManagerService(397): android_server_AlarmManagerService_set to type=2, 507266.753000000
05-15 07:26:44.992: W/SIP(606): IInputMethodWrapper. mCaller.executeOrSendMessage(MSG_UPDATE_WACOM_STATE)
05-15 07:26:44.992: W/SIP(606): IInputMethodWrapper. inputMethod.updateWacomState(msg.arg1). arg1 =0
05-15 07:26:45.012: W/SIP(606): IInputMethodWrapper. mCaller.executeOrSendMessage(MSG_UPDATE_WACOM_STATE)
05-15 07:26:45.012: W/SIP(606): IInputMethodWrapper. inputMethod.updateWacomState(msg.arg1). arg1 =0
05-15 07:26:45.022: W/SIP(606): IInputMethodWrapper. mCaller.executeOrSendMessage(MSG_UPDATE_WACOM_STATE)
05-15 07:26:45.032: W/SIP(606): IInputMethodWrapper. inputMethod.updateWacomState(msg.arg1). arg1 =0
05-15 07:26:45.042: W/SIP(606): IInputMethodWrapper. mCaller.executeOrSendMessage(MSG_UPDATE_WACOM_STATE)
05-15 07:26:45.042: W/SIP(606): IInputMethodWrapper. inputMethod.updateWacomState(msg.arg1). arg1 =0
05-15 07:26:45.052: D/RPC(397): 3000008c:00050000 received CALL.
05-15 07:26:45.052: D/STATUSBAR-NetworkController(515): onReceive() - RSSI_CHANGED_ACTION, WIFI_STATE, NETWORK_STATE
05-15 07:26:45.062: W/SIP(606): IInputMethodWrapper. mCaller.executeOrSendMessage(MSG_UPDATE_WACOM_STATE)
05-15 07:26:45.062: W/SIP(606): IInputMethodWrapper. inputMethod.updateWacomState(msg.arg1). arg1 =0
05-15 07:26:45.072: W/SIP(606): IInputMethodWrapper. mCaller.executeOrSendMessage(MSG_UPDATE_WACOM_STATE)
05-15 07:26:45.072: W/SIP(606): IInputMethodWrapper. inputMethod.updateWacomState(msg.arg1). arg1 =0
05-15 07:26:45.082: W/SIP(606): IInputMethodWrapper. mCaller.executeOrSendMessage(MSG_UPDATE_WACOM_STATE)
05-15 07:26:45.082: W/SIP(606): IInputMethodWrapper. inputMethod.updateWacomState(msg.arg1). arg1 =0
05-15 07:26:45.102: W/SIP(606): IInputMethodWrapper. mCaller.executeOrSendMessage(MSG_UPDATE_WACOM_STATE)
05-15 07:26:45.102: W/SIP(606): IInputMethodWrapper. inputMethod.updateWacomState(msg.arg1). arg1 =0
05-15 07:26:45.102: D/RPC(397): 3000008c:00050000 dispatching RPC call (XID 112736, xdr 0x1cd52c8) for callback client 3100008c:00050001.
05-15 07:26:45.122: W/SIP(606): IInputMethodWrapper. mCaller.executeOrSendMessage(MSG_UPDATE_WACOM_STATE)
05-15 07:26:45.122: W/SIP(606): IInputMethodWrapper. inputMethod.updateWacomState(msg.arg1). arg1 =0
05-15 07:26:45.122: E/LocSvc_adapter(397): I/<--- int32 loc_event_cb(void*, rpc_loc_client_handle_type, rpc_loc_event_mask_type, const rpc_loc_event_payload_u_type*) line 70 RPC_LOC_EVENT_NMEA_1HZ_REPORT
05-15 07:26:45.132: W/SIP(606): IInputMethodWrapper. mCaller.executeOrSendMessage(MSG_UPDATE_WACOM_STATE)
05-15 07:26:45.132: W/SIP(606): IInputMethodWrapper. inputMethod.updateWacomState(msg.arg1). arg1 =0
05-15 07:26:45.142: W/SIP(606): IInputMethodWrapper. mCaller.executeOrSendMessage(MSG_UPDATE_WACOM_STATE)
05-15 07:26:45.142: W/SIP(606): IInputMethodWrapper. inputMethod.updateWacomState(msg.arg1). arg1 =0
05-15 07:26:45.162: W/SIP(606): IInputMethodWrapper. mCaller.executeOrSendMessage(MSG_UPDATE_WACOM_STATE)
05-15 07:26:45.162: W/SIP(606): IInputMethodWrapper. inputMethod.updateWacomState(msg.arg1). arg1 =0
05-15 07:26:45.173: W/SIP(606): IInputMethodWrapper. mCaller.executeOrSendMessage(MSG_UPDATE_WACOM_STATE)
05-15 07:26:45.183: W/SIP(606): IInputMethodWrapper. inputMethod.updateWacomState(msg.arg1). arg1 =0
05-15 07:26:45.193: W/SIP(606): IInputMethodWrapper. mCaller.executeOrSendMessage(MSG_UPDATE_WACOM_STATE)
05-15 07:26:45.193: W/SIP(606): IInputMethodWrapper. inputMethod.updateWacomState(msg.arg1). arg1 =0
05-15 07:26:45.203: W/SIP(606): IInputMethodWrapper. mCaller.executeOrSendMessage(MSG_UPDATE_WACOM_STATE)
05-15 07:26:45.213: W/SIP(606): IInputMethodWrapper. inputMethod.updateWacomState(msg.arg1). arg1 =0
05-15 07:26:45.223: W/SIP(606): IInputMethodWrapper. mCaller.executeOrSendMessage(MSG_UPDATE_WACOM_STATE)
05-15 07:26:45.223: W/SIP(606): IInputMethodWrapper. inputMethod.updateWacomState(msg.arg1). arg1 =0
05-15 07:26:45.233: W/SIP(606): IInputMethodWrapper. mCaller.executeOrSendMessage(MSG_UPDATE_WACOM_STATE)
05-15 07:26:45.243: W/SIP(606): IInputMethodWrapper. inputMethod.updateWacomState(msg.arg1). arg1 =0
05-15 07:26:45.253: W/SIP(606): IInputMethodWrapper. mCaller.executeOrSendMessage(MSG_UPDATE_WACOM_STATE)
05-15 07:26:45.253: W/SIP(606): IInputMethodWrapper. inputMethod.updateWacomState(msg.arg1). arg1 =0
05-15 07:26:45.273: W/SIP(606): IInputMethodWrapper. mCaller.executeOrSendMessage(MSG_UPDATE_WACOM_STATE)
05-15 07:26:45.273: W/SIP(606): IInputMethodWrapper. inputMethod.updateWacomState(msg.arg1). arg1 =0
05-15 07:26:45.283: W/SIP(606): IInputMethodWrapper. mCaller.executeOrSendMessage(MSG_UPDATE_WACOM_STATE)
05-15 07:26:45.283: W/SIP(606): IInputMethodWrapper. inputMethod.updateWacomState(msg.arg1). arg1 =0
05-15 07:26:45.293: W/SIP(606): IInputMethodWrapper. mCaller.executeOrSendMessage(MSG_UPDATE_WACOM_STATE)
05-15 07:26:45.293: W/SIP(606): IInputMethodWrapper. inputMethod.updateWacomState(msg.arg1). arg1 =0
05-15 07:26:45.313: W/SIP(606): IInputMethodWrapper. mCaller.executeOrSendMessage(MSG_UPDATE_WACOM_STATE)
05-15 07:26:45.313: W/SIP(606): IInputMethodWrapper. inputMethod.updateWacomState(msg.arg1). arg1 =0
05-15 07:26:45.323: W/SIP(606): IInputMethodWrapper. mCaller.executeOrSendMessage(MSG_UPDATE_WACOM_STATE)
05-15 07:26:45.323: W/SIP(606): IInputMethodWrapper. inputMethod.updateWacomState(msg.arg1). arg1 =0
05-15 07:26:45.343: E/LocSvc_eng(397): D/void loc_eng_deferred_action_thread(void*):1383] received msg_id = LOC_ENG_MSG_REPORT_NMEA context = 0x1dcb910
05-15 07:26:45.343: E/LocSvc_eng(397): I/<=== nmea_cb line 1559 0x2371940
05-15 07:26:45.343: E/LocSvc_adapter(397): D/loc_eng_report_nmea: $GSV
05-15 07:26:45.343: W/SIP(606): IInputMethodWrapper. mCaller.executeOrSendMessage(MSG_UPDATE_WACOM_STATE)
05-15 07:26:45.343: W/SIP(606): IInputMethodWrapper. inputMethod.updateWacomState(msg.arg1). arg1 =0
05-15 07:26:45.353: W/SIP(606): IInputMethodWrapper. mCaller.executeOrSendMessage(MSG_UPDATE_WACOM_STATE)
05-15 07:26:45.353: W/SIP(606): IInputMethodWrapper. inputMethod.updateWacomState(msg.arg1). arg1 =0
05-15 07:26:45.383: W/SIP(606): IInputMethodWrapper. mCaller.executeOrSendMessage(MSG_UPDATE_WACOM_STATE)
05-15 07:26:45.383: W/SIP(606): IInputMethodWrapper. inputMethod.updateWacomState(msg.arg1). arg1 =0
05-15 07:26:45.393: E/LocSvc_adapter(397): I/Exiting int32 loc_event_cb(void*, rpc_loc_client_handle_type, rpc_loc_event_mask_type, const rpc_loc_event_payload_u_type*) line 73 0
05-15 07:26:45.393: W/SIP(606): IInputMethodWrapper. mCaller.executeOrSendMessage(MSG_UPDATE_WACOM_STATE)
05-15 07:26:45.393: W/SIP(606): IInputMethodWrapper. inputMethod.updateWacomState(msg.arg1). arg1 =0
05-15 07:26:45.403: W/SIP(606): IInputMethodWrapper. mCaller.executeOrSendMessage(MSG_UPDATE_WACOM_STATE)
05-15 07:26:45.403: W/SIP(606): IInputMethodWrapper. inputMethod.updateWacomState(msg.arg1). arg1 =0
05-15 07:26:45.413: W/SIP(606): IInputMethodWrapper. mCaller.executeOrSendMessage(MSG_UPDATE_WACOM_STATE)
05-15 07:26:45.413: W/SIP(606): IInputMethodWrapper. inputMethod.updateWacomState(msg.arg1). arg1 =0
05-15 07:26:45.433: W/SIP(606): IInputMethodWrapper. mCaller.executeOrSendMessage(MSG_UPDATE_WACOM_STATE)
05-15 07:26:45.433: W/SIP(606): IInputMethodWrapper. inputMethod.updateWacomState(msg.arg1). arg1 =0
05-15 07:26:45.433: D/RPC(397): 3100008c:327681 sending RPC reply (XID 112736)
05-15 07:26:45.463: W/SIP(606): IInputMethodWrapper. mCaller.executeOrSendMessage(MSG_UPDATE_WACOM_STATE)
05-15 07:26:45.463: W/SIP(606): IInputMethodWrapper. inputMethod.updateWacomState(msg.arg1). arg1 =0
05-15 07:26:45.503: I/InputReader(397): Touch event's action is 0x1 (deviceType=0) [pCnt=1, pending(waiting finished signal)=0, s=]
05-15 07:26:45.503: I/InputDispatcher(397): Delivering touch to current input target: action: 0x1
05-15 07:26:45.503: I/InputDispatcher(397): Delivering touch to current input target: action: 0x1
05-15 07:26:45.503: I/InputDispatcher(397): Delivering touch to current input target: action: 0x1
05-15 07:26:45.503: W/SIP(606): IInputMethodWrapper. mCaller.executeOrSendMessage(MSG_UPDATE_WACOM_STATE)
05-15 07:26:45.503: W/SIP(606): IInputMethodWrapper. inputMethod.updateWacomState(msg.arg1). arg1 =0
05-15 07:26:45.573: D/FStest(690): check default
05-15 07:26:45.583: D/RPC(397): 3000008c:00050000 received CALL.
05-15 07:26:45.623: D/RPC(397): 3000008c:00050000 dispatching RPC call (XID 112737, xdr 0x1cd52c8) for callback client 3100008c:00050001.
05-15 07:26:45.773: D/FStest(690): check default
05-15 07:26:45.823: E/LocSvc_adapter(397): I/<--- int32 loc_event_cb(void*, rpc_loc_client_handle_type, rpc_loc_event_mask_type, const rpc_loc_event_payload_u_type*) line 70 RPC_LOC_EVENT_NMEA_1HZ_REPORT
05-15 07:26:45.833: I/InputReader(397): Touch event's action is 0x0 (deviceType=0) [pCnt=1, pending(waiting finished signal)=0, s=0.682 ]
05-15 07:26:45.833: I/InputDispatcher(397): Delivering touch to current input target: action: 0x0
05-15 07:26:45.833: I/InputDispatcher(397): Delivering touch to current input target: action: 0x0
05-15 07:26:45.833: I/InputDispatcher(397): Delivering touch to current input target: action: 0x0
05-15 07:26:45.843: W/SIP(606): IInputMethodWrapper. mCaller.executeOrSendMessage(MSG_UPDATE_WACOM_STATE)
05-15 07:26:45.843: W/SIP(606): IInputMethodWrapper. inputMethod.updateWacomState(msg.arg1). arg1 =0
05-15 07:26:45.853: E/LocSvc_eng(397): D/void loc_eng_deferred_action_thread(void*):1383] received msg_id = LOC_ENG_MSG_REPORT_NMEA context = 0x1dcb910
05-15 07:26:45.853: E/LocSvc_eng(397): I/<=== nmea_cb line 1559 0x1a8ac10
05-15 07:26:45.853: E/LocSvc_adapter(397): D/loc_eng_report_nmea: $GSV
05-15 07:26:45.853: E/LocSvc_adapter(397): I/Exiting int32 loc_event_cb(void*, rpc_loc_client_handle_type, rpc_loc_event_mask_type, const rpc_loc_event_payload_u_type*) line 73 0
05-15 07:26:45.873: D/RPC(397): 3100008c:327681 sending RPC reply (XID 112737)
05-15 07:26:45.873: D/RPC(397): 3000008c:00050000 received CALL.
05-15 07:26:45.883: W/SIP(606): IInputMethodWrapper. mCaller.executeOrSendMessage(MSG_UPDATE_WACOM_STATE)
05-15 07:26:45.883: W/SIP(606): IInputMethodWrapper. inputMethod.updateWacomState(msg.arg1). arg1 =0
05-15 07:26:45.883: D/RPC(397): 3000008c:00050000 dispatching RPC call (XID 112738, xdr 0x1cd52c8) for callback client 3100008c:00050001.
05-15 07:26:45.893: E/LocSvc_adapter(397): I/<--- int32 loc_event_cb(void*, rpc_loc_client_handle_type, rpc_loc_event_mask_type, const rpc_loc_event_payload_u_type*) line 70 RPC_LOC_EVENT_NMEA_1HZ_REPORT
05-15 07:26:45.903: W/SIP(606): IInputMethodWrapper. mCaller.executeOrSendMessage(MSG_UPDATE_WACOM_STATE)
05-15 07:26:45.903: W/SIP(606): IInputMethodWrapper. inputMethod.updateWacomState(msg.arg1). arg1 =0
05-15 07:26:45.913: W/SIP(606): IInputMethodWrapper. mCaller.executeOrSendMessage(MSG_UPDATE_WACOM_STATE)
05-15 07:26:45.913: W/SIP(606): IInputMethodWrapper. inputMethod.updateWacomState(msg.arg1). arg1 =0
05-15 07:26:45.933: W/SIP(606): IInputMethodWrapper. mCaller.executeOrSendMessage(MSG_UPDATE_WACOM_STATE)
05-15 07:26:45.933: W/SIP(606): IInputMethodWrapper. inputMethod.updateWacomState(msg.arg1). arg1 =0
05-15 07:26:45.943: W/SIP(606): IInputMethodWrapper. mCaller.executeOrSendMessage(MSG_UPDATE_WACOM_STATE)
05-15 07:26:45.943: W/SIP(606): IInputMethodWrapper. inputMethod.updateWacomState(msg.arg1). arg1 =0
05-15 07:26:45.953: W/SIP(606): IInputMethodWrapper. mCaller.executeOrSendMessage(MSG_UPDATE_WACOM_STATE)
05-15 07:26:45.963: W/SIP(606): IInputMethodWrapper. inputMethod.updateWacomState(msg.arg1). arg1 =0
05-15 07:26:45.973: W/SIP(606): IInputMethodWrapper. mCaller.executeOrSendMessage(MSG_UPDATE_WACOM_STATE)
05-15 07:26:45.973: W/SIP(606): IInputMethodWrapper. inputMethod.updateWacomState(msg.arg1). arg1 =0
05-15 07:26:45.983: W/SIP(606): IInputMethodWrapper. mCaller.executeOrSendMessage(MSG_UPDATE_WACOM_STATE)
05-15 07:26:45.993: W/SIP(606): IInputMethodWrapper. inputMethod.updateWacomState(msg.arg1). arg1 =0
05-15 07:26:46.003: W/SIP(606): IInputMethodWrapper. mCaller.executeOrSendMessage(MSG_UPDATE_WACOM_STATE)
05-15 07:26:46.003: W/SIP(606): IInputMethodWrapper. inputMethod.updateWacomState(msg.arg1). arg1 =0
05-15 07:26:46.003: E/LocSvc_eng(397): D/void loc_eng_deferred_action_thread(void*):1383] received msg_id = LOC_ENG_MSG_REPORT_NMEA context = 0x1dcb910
05-15 07:26:46.003: E/LocSvc_eng(397): I/<=== nmea_cb line 1559 0x2138088
05-15 07:26:46.013: E/LocSvc_adapter(397): D/loc_eng_report_nmea: $GSV
05-15 07:26:46.013: E/LocSvc_adapter(397): I/Exiting int32 loc_event_cb(void*, rpc_loc_client_handle_type, rpc_loc_event_mask_type, const rpc_loc_event_payload_u_type*) line 73 0
05-15 07:26:46.013: E/LocSvc_adapter(397): I/<--- int32 loc_event_cb(void*, rpc_loc_client_handle_type, rpc_loc_event_mask_type, const rpc_loc_event_payload_u_type*) line 70 RPC_LOC_EVENT_NMEA_1HZ_REPORT
05-15 07:26:46.013: E/LocSvc_eng(397): D/void loc_eng_deferred_action_thread(void*):1383] received msg_id = LOC_ENG_MSG_REPORT_NMEA context = 0x1dcb910
05-15 07:26:46.013: E/LocSvc_eng(397): I/<=== nmea_cb line 1559 0x1ea5728
05-15 07:26:46.013: D/RPC(397): 3100008c:327681 sending RPC reply (XID 112738)
05-15 07:26:46.013: D/RPC(397): 3000008c:00050000 received CALL.
05-15 07:26:46.013: D/RPC(397): 3000008c:00050000 dispatching RPC call (XID 112739, xdr 0x1cd52c8) for callback client 3100008c:00050001.
05-15 07:26:46.023: W/SIP(606): IInputMethodWrapper. mCaller.executeOrSendMessage(MSG_UPDATE_WACOM_STATE)
05-15 07:26:46.023: W/SIP(606): IInputMethodWrapper. inputMethod.updateWacomState(msg.arg1). arg1 =0
05-15 07:26:46.023: E/LocSvc_adapter(397): D/loc_eng_report_nmea: $GGA
05-15 07:26:46.023: E/LocSvc_adapter(397): I/Exiting int32 loc_event_cb(void*, rpc_loc_client_handle_type, rpc_loc_event_mask_type, const rpc_loc_event_payload_u_type*) line 73 0
05-15 07:26:46.023: D/RPC(397): 3100008c:327681 sending RPC reply (XID 112739)
05-15 07:26:46.023: D/RPC(397): 3000008c:00050000 received CALL.
05-15 07:26:46.023: E/LocSvc_adapter(397): I/<--- int32 loc_event_cb(void*, rpc_loc_client_handle_type, rpc_loc_event_mask_type, const rpc_loc_event_payload_u_type*) line 70 RPC_LOC_EVENT_NMEA_1HZ_REPORT
05-15 07:26:46.023: E/LocSvc_eng(397): D/void loc_eng_deferred_action_thread(void*):1383] received msg_id = LOC_ENG_MSG_REPORT_NMEA context = 0x1dcb910
05-15 07:26:46.023: E/LocSvc_eng(397): I/<=== nmea_cb line 1559 0x1ea5728
05-15 07:26:46.023: D/RPC(397): 3000008c:00050000 dispatching RPC call (XID 112740, xdr 0x1cd52c8) for callback client 3100008c:00050001.
05-15 07:26:46.033: E/LocSvc_adapter(397): D/loc_eng_report_nmea: $GNS
05-15 07:26:46.033: E/LocSvc_adapter(397): I/Exiting int32 loc_event_cb(void*, rpc_loc_client_handle_type, rpc_loc_event_mask_type, const rpc_loc_event_payload_u_type*) line 73 0
05-15 07:26:46.033: W/SIP(606): IInputMethodWrapper. mCaller.executeOrSendMessage(MSG_UPDATE_WACOM_STATE)
05-15 07:26:46.033: W/SIP(606): IInputMethodWrapper. inputMethod.updateWacomState(msg.arg1). arg1 =0
05-15 07:26:46.033: D/RPC(397): 3100008c:327681 sending RPC reply (XID 112740)
05-15 07:26:46.043: D/RPC(397): 3000008c:00050000 received CALL.
05-15 07:26:46.053: W/SIP(606): IInputMethodWrapper. mCaller.executeOrSendMessage(MSG_UPDATE_WACOM_STATE)
05-15 07:26:46.053: W/SIP(606): IInputMethodWrapper. inputMethod.updateWacomState(msg.arg1). arg1 =0
05-15 07:26:46.053: E/LocSvc_adapter(397): I/<--- int32 loc_event_cb(void*, rpc_loc_client_handle_type, rpc_loc_event_mask_type, const rpc_loc_event_payload_u_type*) line 70 RPC_LOC_EVENT_NMEA_1HZ_REPORT
05-15 07:26:46.053: E/LocSvc_eng(397): D/void loc_eng_deferred_action_thread(void*):1383] received msg_id = LOC_ENG_MSG_REPORT_NMEA context = 0x1dcb910
05-15 07:26:46.053: E/LocSvc_eng(397): I/<=== nmea_cb line 1559 0x1ea5728
05-15 07:26:46.053: E/LocSvc_adapter(397): D/loc_eng_report_nmea: $VTG
05-15 07:26:46.053: D/RPC(397): 3000008c:00050000 dispatching RPC call (XID 112741, xdr 0x1cd52c8) for callback client 3100008c:00050001.
05-15 07:26:46.063: W/SIP(606): IInputMethodWrapper. mCaller.executeOrSendMessage(MSG_UPDATE_WACOM_STATE)
05-15 07:26:46.063: W/SIP(606): IInputMethodWrapper. inputMethod.updateWacomState(msg.arg1). arg1 =0
05-15 07:26:46.073: E/LocSvc_adapter(397): I/Exiting int32 loc_event_cb(void*, rpc_loc_client_handle_type, rpc_loc_event_mask_type, const rpc_loc_event_payload_u_type*) line 73 0
05-15 07:26:46.073: W/SIP(606): IInputMethodWrapper. mCaller.executeOrSendMessage(MSG_UPDATE_WACOM_STATE)
05-15 07:26:46.073: D/RPC(397): 3100008c:327681 sending RPC reply (XID 112741)
05-15 07:26:46.073: D/RPC(397): 3000008c:00050000 received CALL.
05-15 07:26:46.083: W/SIP(606): IInputMethodWrapper. inputMethod.updateWacomState(msg.arg1). arg1 =0
05-15 07:26:46.083: E/LocSvc_adapter(397): I/<--- int32 loc_event_cb(void*, rpc_loc_client_handle_type, rpc_loc_event_mask_type, const rpc_loc_event_payload_u_type*) line 70 RPC_LOC_EVENT_NMEA_1HZ_REPORT
05-15 07:26:46.083: E/LocSvc_eng(397): D/void loc_eng_deferred_action_thread(void*):1383] received msg_id = LOC_ENG_MSG_REPORT_NMEA context = 0x1dcb910
05-15 07:26:46.083: E/LocSvc_eng(397): I/<=== nmea_cb line 1559 0x1ea5728
05-15 07:26:46.083: E/LocSvc_adapter(397): D/loc_eng_report_nmea: $RMC
05-15 07:26:46.083: E/LocSvc_adapter(397): I/Exiting int32 loc_event_cb(void*, rpc_loc_client_handle_type, rpc_loc_event_mask_type, const rpc_loc_event_payload_u_type*) line 73 0
05-15 07:26:46.083: E/LocSvc_adapter(397): I/<--- int32 loc_event_cb(void*, rpc_loc_client_handle_type, rpc_loc_event_mask_type, const rpc_loc_event_payload_u_type*) line 70 RPC_LOC_EVENT_NMEA_1HZ_REPORT
05-15 07:26:46.083: E/LocSvc_eng(397): D/void loc_eng_deferred_action_thread(void*):1383] received msg_id = LOC_ENG_MSG_REPORT_NMEA context = 0x1dcb910
05-15 07:26:46.083: E/LocSvc_eng(397): I/<=== nmea_cb line 1559 0x2138088
05-15 07:26:46.083: E/LocSvc_adapter(397): D/loc_eng_report_nmea: $GSA
05-15 07:26:46.083: E/LocSvc_adapter(397): I/Exiting int32 loc_event_cb(void*, rpc_loc_client_handle_type, rpc_loc_event_mask_type, const rpc_loc_event_payload_u_type*) line 73 0
05-15 07:26:46.083: D/RPC(397): 3000008c:00050000 dispatching RPC call (XID 112742, xdr 0x1cd52c8) for callback client 3100008c:00050001.
05-15 07:26:46.083: D/RPC(397): 3100008c:327681 sending RPC reply (XID 112742)
05-15 07:26:46.083: D/RPC(397): 3000008c:00050000 received CALL.
05-15 07:26:46.083: D/RPC(397): 3000008c:00050000 dispatching RPC call (XID 112743, xdr 0x1cd52c8) for callback client 3100008c:00050001.
05-15 07:26:46.083: D/RPC(397): 3100008c:327681 sending RPC reply (XID 112743)
05-15 07:26:46.093: E/LocSvc_adapter(397): I/<--- int32 loc_event_cb(void*, rpc_loc_client_handle_type, rpc_loc_event_mask_type, const rpc_loc_event_payload_u_type*) line 70 RPC_LOC_EVENT_NMEA_1HZ_REPORT
05-15 07:26:46.093: E/LocSvc_eng(397): D/void loc_eng_deferred_action_thread(void*):1383] received msg_id = LOC_ENG_MSG_REPORT_NMEA context = 0x1dcb910
05-15 07:26:46.093: E/LocSvc_eng(397): I/<=== nmea_cb line 1559 0x2138088
05-15 07:26:46.093: E/LocSvc_adapter(397): D/loc_eng_report_nmea: $GSA
05-15 07:26:46.093: W/SIP(606): IInputMethodWrapper. mCaller.executeOrSendMessage(MSG_UPDATE_WACOM_STATE)
05-15 07:26:46.093: W/SIP(606): IInputMethodWrapper. inputMethod.updateWacomState(msg.arg1). arg1 =0
05-15 07:26:46.093: E/LocSvc_adapter(397): I/Exiting int32 loc_event_cb(void*, rpc_loc_client_handle_type, rpc_loc_event_mask_type, const rpc_loc_event_payload_u_type*) line 73 0
05-15 07:26:46.093: E/LocSvc_adapter(397): I/<--- int32 loc_event_cb(void*, rpc_loc_client_handle_type, rpc_loc_event_mask_type, const rpc_loc_event_payload_u_type*) line 70 RPC_LOC_EVENT_SATELLITE_REPORT
05-15 07:26:46.093: E/LocSvc_api_rpc_glue(397): D/sv count: 13
05-15 07:26:46.093: E/LocSvc_adapter(397): I/num sv: 13
05-15 07:26:46.093: E/LocSvc_adapter(397): ephemeris mask: 0xn almanac mask: c12e2c25
05-15 07:26:46.093: E/LocSvc_adapter(397): used in fix mask: 0
05-15 07:26:46.093: E/LocSvc_adapter(397): sv: prn snr elevation azimuth
05-15 07:26:46.093: D/RPC(397): 3000008c:00050000 received CALL.
05-15 07:26:46.093: D/RPC(397): 3000008c:00050000 dispatching RPC call (XID 112744, xdr 0x1cd52c8) for callback client 3100008c:00050001.
05-15 07:26:46.093: D/RPC(397): 3100008c:327681 sending RPC reply (XID 112744)
05-15 07:26:46.093: D/RPC(397): 3000008c:00050000 received CALL.
05-15 07:26:46.093: D/RPC(397): 3000008c:00050000 dispatching RPC call (XID 112745, xdr 0x1cd52c8) for callback client 3100008c:00050001.
05-15 07:26:46.103: E/LocSvc_adapter(397): I/ 0: 1 0.000000 37.000000 309.000000
05-15 07:26:46.103: E/LocSvc_adapter(397): I/ 1: 3 0.000000 3.000000 209.000000
05-15 07:26:46.103: E/LocSvc_adapter(397): I/ 2: 6 0.000000 0.000000 0.000000
05-15 07:26:46.103: E/LocSvc_adapter(397): I/ 3: 11 0.000000 47.000000 278.000000
05-15 07:26:46.103: E/LocSvc_adapter(397): I/ 4: 12 0.000000 0.000000 0.000000
05-15 07:26:46.103: E/LocSvc_adapter(397): I/ 5: 14 0.000000 52.000000 40.000000
05-15 07:26:46.103: E/LocSvc_adapter(397): I/ 6: 18 0.000000 6.000000 98.000000
05-15 07:26:46.103: E/LocSvc_adapter(397): I/ 7: 19 0.000000 20.000000 227.000000
05-15 07:26:46.103: E/LocSvc_adapter(397): I/ 8: 20 0.000000 6.000000 291.000000
05-15 07:26:46.103: E/LocSvc_adapter(397): I/ 9: 22 0.000000 36.000000 87.000000
05-15 07:26:46.103: E/LocSvc_adapter(397): I/ 10: 25 0.000000 0.000000 0.000000
05-15 07:26:46.103: E/LocSvc_adapter(397): I/ 11: 31 0.000000 43.000000 147.000000
05-15 07:26:46.103: E/LocSvc_adapter(397): I/ 12: 32 0.000000 34.000000 296.000000
05-15 07:26:46.103: E/LocSvc_eng(397): D/void loc_eng_deferred_action_thread(void*):1383] received msg_id = LOC_ENG_MSG_REPORT_SV context = 0x1dcb910
05-15 07:26:46.103: E/LocSvc_afw(397): I/Entering void sv_cb(GpsSvStatus*, void*) line 929
05-15 07:26:46.103: E/LocSvc_afw(397): I/<=== sv_status_cb - line 931 13
05-15 07:26:46.103: E/LocSvc_afw(397): I/Exiting void sv_cb(GpsSvStatus*, void*) line 934 None
05-15 07:26:46.103: E/LocSvc_adapter(397): I/Exiting int32 loc_event_cb(void*, rpc_loc_client_handle_type, rpc_loc_event_mask_type, const rpc_loc_event_payload_u_type*) line 73 0
05-15 07:26:46.103: W/SIP(606): IInputMethodWrapper. mCaller.executeOrSendMessage(MSG_UPDATE_WACOM_STATE)
05-15 07:26:46.103: W/SIP(606): IInputMethodWrapper. inputMethod.updateWacomState(msg.arg1). arg1 =0
05-15 07:26:46.103: D/RPC(397): 3100008c:327681 sending RPC reply (XID 112745)
05-15 07:26:46.123: W/SIP(606): IInputMethodWrapper. mCaller.executeOrSendMessage(MSG_UPDATE_WACOM_STATE)
05-15 07:26:46.123: W/SIP(606): IInputMethodWrapper. inputMethod.updateWacomState(msg.arg1). arg1 =0
05-15 07:26:46.123: E/LocSvc_adapter(397): I/<--- int32 loc_event_cb(void*, rpc_loc_client_handle_type, rpc_loc_event_mask_type, const rpc_loc_event_payload_u_type*) line 70 RPC_LOC_EVENT_NMEA_1HZ_REPORT
05-15 07:26:46.123: E/LocSvc_eng(397): D/void loc_eng_deferred_action_thread(void*):1383] received msg_id = LOC_ENG_MSG_REPORT_NMEA context = 0x1dcb910
05-15 07:26:46.123: E/LocSvc_eng(397): I/<=== nmea_cb line 1559 0x202c9f0
05-15 07:26:46.123: E/LocSvc_adapter(397): D/loc_eng_report_nmea: $GSV
05-15 07:26:46.123: E/LocSvc_adapter(397): I/Exiting int32 loc_event_cb(void*, rpc_loc_client_handle_type, rpc_loc_event_mask_type, const rpc_loc_event_payload_u_type*) line 73 0
05-15 07:26:46.123: D/RPC(397): 3000008c:00050000 received CALL.
05-15 07:26:46.123: D/RPC(397): 3000008c:00050000 dispatching RPC call (XID 112746, xdr 0x1cd52c8) for callback client 3100008c:00050001.
05-15 07:26:46.123: D/RPC(397): 3100008c:327681 sending RPC reply (XID 112746)
05-15 07:26:46.133: E/LocSvc_adapter(397): I/<--- int32 loc_event_cb(void*, rpc_loc_client_handle_type, rpc_loc_event_mask_type, const rpc_loc_event_payload_u_type*) line 70 RPC_LOC_EVENT_NMEA_1HZ_REPORT
05-15 07:26:46.133: E/LocSvc_eng(397): D/void loc_eng_deferred_action_thread(void*):1383] received msg_id = LOC_ENG_MSG_REPORT_NMEA context = 0x1dcb910
05-15 07:26:46.133: E/LocSvc_eng(397): I/<=== nmea_cb line 1559 0x202c9f0
05-15 07:26:46.133: E/LocSvc_adapter(397): D/loc_eng_report_nmea: $GSV
05-15 07:26:46.133: E/LocSvc_adapter(397): I/Exiting int32 loc_event_cb(void*, rpc_loc_client_handle_type, rpc_loc_event_mask_type, const rpc_loc_event_payload_u_type*) line 73 0
05-15 07:26:46.133: E/LocSvc_adapter(397): I/<--- int32 loc_event_cb(void*, rpc_loc_client_handle_type, rpc_loc_event_mask_type, const rpc_loc_event_payload_u_type*) line 70 RPC_LOC_EVENT_NMEA_1HZ_REPORT
05-15 07:26:46.133: E/LocSvc_eng(397): D/void loc_eng_deferred_action_thread(void*):1383] received msg_id = LOC_ENG_MSG_REPORT_NMEA context = 0x1dcb910
05-15 07:26:46.133: E/LocSvc_eng(397): I/<=== nmea_cb line 1559 0x202c9f0
05-15 07:26:46.133: E/LocSvc_adapter(397): D/loc_eng_report_nmea: $GSV
05-15 07:26:46.133: W/SIP(606): IInputMethodWrapper. mCaller.executeOrSendMessage(MSG_UPDATE_WACOM_STATE)
05-15 07:26:46.133: D/RPC(397): 3000008c:00050000 received CALL.
05-15 07:26:46.133: D/RPC(397): 3000008c:00050000 dispatching RPC call (XID 112747, xdr 0x1cd52c8) for callback client 3100008c:00050001.
05-15 07:26:46.133: D/RPC(397): 3100008c:327681 sending RPC reply (XID 112747)
05-15 07:26:46.133: D/RPC(397): 3000008c:00050000 received CALL.
05-15 07:26:46.133: D/RPC(397): 3000008c:00050000 dispatching RPC call (XID 112748, xdr 0x1cd52c8) for callback client 3100008c:00050001.
05-15 07:26:46.143: W/SIP(606): IInputMethodWrapper. inputMethod.updateWacomState(msg.arg1). arg1 =0
05-15 07:26:46.143: E/LocSvc_adapter(397): I/Exiting int32 loc_event_cb(void*, rpc_loc_client_handle_type, rpc_loc_event_mask_type, const rpc_loc_event_payload_u_type*) line 73 0
05-15 07:26:46.143: E/LocSvc_adapter(397): I/<--- int32 loc_event_cb(void*, rpc_loc_client_handle_type, rpc_loc_event_mask_type, const rpc_loc_event_payload_u_type*) line 70 RPC_LOC_EVENT_NMEA_1HZ_REPORT
05-15 07:26:46.143: E/LocSvc_eng(397): D/void loc_eng_deferred_action_thread(void*):1383] received msg_id = LOC_ENG_MSG_REPORT_NMEA context = 0x1dcb910
05-15 07:26:46.143: E/LocSvc_eng(397): I/<=== nmea_cb line 1559 0x200ac00
05-15 07:26:46.143: E/LocSvc_adapter(397): D/loc_eng_report_nmea: $GSV
05-15 07:26:46.143: E/LocSvc_adapter(397): I/Exiting int32 loc_event_cb(void*, rpc_loc_client_handle_type, rpc_loc_event_mask_type, const rpc_loc_event_payload_u_type*) line 73 0
05-15 07:26:46.143: D/RPC(397): 3100008c:327681 sending RPC reply (XID 112748)
05-15 07:26:46.143: D/RPC(397): 3000008c:00050000 received CALL.
05-15 07:26:46.143: D/RPC(397): 3000008c:00050000 dispatching RPC call (XID 112749, xdr 0x1cd52c8) for callback client 3100008c:00050001.
05-15 07:26:46.143: D/RPC(397): 3100008c:327681 sending RPC reply (XID 112749)
05-15 07:26:46.153: E/LocSvc_adapter(397): I/<--- int32 loc_event_cb(void*, rpc_loc_client_handle_type, rpc_loc_event_mask_type, const rpc_loc_event_payload_u_type*) line 70 RPC_LOC_EVENT_NMEA_1HZ_REPORT
05-15 07:26:46.153: E/LocSvc_eng(397): D/void loc_eng_deferred_action_thread(void*):1383] received msg_id = LOC_ENG_MSG_REPORT_NMEA context = 0x1dcb910
05-15 07:26:46.153: E/LocSvc_eng(397): I/<=== nmea_cb line 1559 0x1a8ac10
05-15 07:26:46.153: W/SIP(606): IInputMethodWrapper. mCaller.executeOrSendMessage(MSG_UPDATE_WACOM_STATE)
05-15 07:26:46.153: W/SIP(606): IInputMethodWrapper. inputMethod.updateWacomState(msg.arg1). arg1 =0
05-15 07:26:46.153: E/LocSvc_adapter(397): D/loc_eng_report_nmea: $GSV
05-15 07:26:46.153: E/LocSvc_adapter(397): I/Exiting int32 loc_event_cb(void*, rpc_loc_client_handle_type, rpc_loc_event_mask_type, const rpc_loc_event_payload_u_type*) line 73 0
05-15 07:26:46.153: D/RPC(397): 3000008c:00050000 received CALL.
05-15 07:26:46.153: D/RPC(397): 3000008c:00050000 dispatching RPC call (XID 112750, xdr 0x1cd52c8) for callback client 3100008c:00050001.
05-15 07:26:46.153: D/RPC(397): 3100008c:327681 sending RPC reply (XID 112750)
05-15 07:26:46.153: D/RPC(397): 3000008c:00050000 received CALL.
05-15 07:26:46.163: E/LocSvc_adapter(397): I/<--- int32 loc_event_cb(void*, rpc_loc_client_handle_type, rpc_loc_event_mask_type, const rpc_loc_event_payload_u_type*) line 70 RPC_LOC_EVENT_NMEA_1HZ_REPORT
05-15 07:26:46.163: D/RPC(397): 3000008c:00050000 dispatching RPC call (XID 112751, xdr 0x1cd52c8) for callback client 3100008c:00050001.
05-15 07:26:46.173: W/SIP(606): IInputMethodWrapper. mCaller.executeOrSendMessage(MSG_UPDATE_WACOM_STATE)
05-15 07:26:46.173: W/SIP(606): IInputMethodWrapper. inputMethod.updateWacomState(msg.arg1). arg1 =0
05-15 07:26:46.183: W/SIP(606): IInputMethodWrapper. mCaller.executeOrSendMessage(MSG_UPDATE_WACOM_STATE)
05-15 07:26:46.183: W/SIP(606): IInputMethodWrapper. inputMethod.updateWacomState(msg.arg1). arg1 =0
05-15 07:26:46.194: W/SIP(606): IInputMethodWrapper. mCaller.executeOrSendMessage(MSG_UPDATE_WACOM_STATE)
05-15 07:26:46.194: W/SIP(606): IInputMethodWrapper. inputMethod.updateWacomState(msg.arg1). arg1 =0
05-15 07:26:46.214: W/SIP(606): IInputMethodWrapper. mCaller.executeOrSendMessage(MSG_UPDATE_WACOM_STATE)
05-15 07:26:46.214: W/SIP(606): IInputMethodWrapper. inputMethod.updateWacomState(msg.arg1). arg1 =0
05-15 07:26:46.224: W/SIP(606): IInputMethodWrapper. mCaller.executeOrSendMessage(MSG_UPDATE_WACOM_STATE)
05-15 07:26:46.224: W/SIP(606): IInputMethodWrapper. inputMethod.updateWacomState(msg.arg1). arg1 =0
05-15 07:26:46.244: W/SIP(606): IInputMethodWrapper. mCaller.executeOrSendMessage(MSG_UPDATE_WACOM_STATE)
05-15 07:26:46.244: W/SIP(606): IInputMethodWrapper. inputMethod.updateWacomState(msg.arg1). arg1 =0
05-15 07:26:46.254: E/LocSvc_eng(397): D/void loc_eng_deferred_action_thread(void*):1383] received msg_id = LOC_ENG_MSG_REPORT_NMEA context = 0x1dcb910
05-15 07:26:46.254: E/LocSvc_eng(397): I/<=== nmea_cb line 1559 0x1c03318
05-15 07:26:46.264: W/SIP(606): IInputMethodWrapper. mCaller.executeOrSendMessage(MSG_UPDATE_WACOM_STATE)
05-15 07:26:46.264: W/SIP(606): IInputMethodWrapper. inputMethod.updateWacomState(msg.arg1). arg1 =0
05-15 07:26:46.264: E/LocSvc_adapter(397): D/loc_eng_report_nmea: $GSV
05-15 07:26:46.274: E/LocSvc_adapter(397): I/Exiting int32 loc_event_cb(void*, rpc_loc_client_handle_type, rpc_loc_event_mask_type, const rpc_loc_event_payload_u_type*) line 73 0
05-15 07:26:46.274: W/SIP(606): IInputMethodWrapper. mCaller.executeOrSendMessage(MSG_UPDATE_WACOM_STATE)
05-15 07:26:46.364: W/SIP(606): IInputMethodWrapper. inputMethod.updateWacomState(msg.arg1). arg1 =0
05-15 07:26:46.364: W/SIP(606): IInputMethodWrapper. mCaller.executeOrSendMessage(MSG_UPDATE_WACOM_STATE)
05-15 07:26:46.364: W/SIP(606): IInputMethodWrapper. inputMethod.updateWacomState(msg.arg1). arg1 =0
05-15 07:26:46.364: W/SIP(606): IInputMethodWrapper. mCaller.executeOrSendMessage(MSG_UPDATE_WACOM_STATE)
05-15 07:26:46.364: W/SIP(606): IInputMethodWrapper. mCaller.executeOrSendMessage(MSG_UPDATE_WACOM_STATE)
05-15 07:26:46.364: W/SIP(606): IInputMethodWrapper. mCaller.executeOrSendMessage(MSG_UPDATE_WACOM_STATE)
05-15 07:26:46.364: W/SIP(606): IInputMethodWrapper. mCaller.executeOrSendMessage(MSG_UPDATE_WACOM_STATE)
05-15 07:26:46.364: W/SIP(606): IInputMethodWrapper. inputMethod.updateWacomState(msg.arg1). arg1 =0
05-15 07:26:46.364: W/SIP(606): IInputMethodWrapper. inputMethod.updateWacomState(msg.arg1). arg1 =0
05-15 07:26:46.364: W/SIP(606): IInputMethodWrapper. inputMethod.updateWacomState(msg.arg1). arg1 =0
05-15 07:26:46.364: W/SIP(606): IInputMethodWrapper. inputMethod.updateWacomState(msg.arg1). arg1 =0
05-15 07:26:46.374: E/LocSvc_adapter(397): I/<--- int32 loc_event_cb(void*, rpc_loc_client_handle_type, rpc_loc_event_mask_type, const rpc_loc_event_payload_u_type*) line 70 RPC_LOC_EVENT_NMEA_1HZ_REPORT
05-15 07:26:46.374: E/LocSvc_eng(397): D/void loc_eng_deferred_action_thread(void*):1383] received msg_id = LOC_ENG_MSG_REPORT_NMEA context = 0x1dcb910
05-15 07:26:46.374: E/LocSvc_eng(397): I/<=== nmea_cb line 1559 0x22ce638
05-15 07:26:46.374: E/LocSvc_adapter(397): D/loc_eng_report_nmea: $GSV
05-15 07:26:46.374: E/LocSvc_adapter(397): I/Exiting int32 loc_event_cb(void*, rpc_loc_client_handle_type, rpc_loc_event_mask_type, const rpc_loc_event_payload_u_type*) line 73 0
05-15 07:26:46.374: W/SIP(606): IInputMethodWrapper. mCaller.executeOrSendMessage(MSG_UPDATE_WACOM_STATE)
05-15 07:26:46.374: W/SIP(606): IInputMethodWrapper. inputMethod.updateWacomState(msg.arg1). arg1 =0
05-15 07:26:46.374: D/RPC(397): 3100008c:327681 sending RPC reply (XID 112751)
05-15 07:26:46.374: D/RPC(397): 3000008c:00050000 received CALL.
05-15 07:26:46.374: D/RPC(397): 3000008c:00050000 dispatching RPC call (XID 112752, xdr 0x1cd52c8) for callback client 3100008c:00050001.
05-15 07:26:46.374: D/RPC(397): 3100008c:327681 sending RPC reply (XID 112752)
05-15 07:26:46.394: W/SIP(606): IInputMethodWrapper. mCaller.executeOrSendMessage(MSG_UPDATE_WACOM_STATE)
05-15 07:26:46.394: W/SIP(606): IInputMethodWrapper. inputMethod.updateWacomState(msg.arg1). arg1 =0
05-15 07:26:46.394: D/RPC(397): 3000008c:00050000 received CALL.
05-15 07:26:46.404: W/SIP(606): IInputMethodWrapper. mCaller.executeOrSendMessage(MSG_UPDATE_WACOM_STATE)
05-15 07:26:46.404: W/SIP(606): IInputMethodWrapper. inputMethod.updateWacomState(msg.arg1). arg1 =0
05-15 07:26:46.414: E/LocSvc_adapter(397): I/<--- int32 loc_event_cb(void*, rpc_loc_client_handle_type, rpc_loc_event_mask_type, const rpc_loc_event_payload_u_type*) line 70 RPC_LOC_EVENT_NMEA_1HZ_REPORT
05-15 07:26:46.414: E/LocSvc_eng(397): D/void loc_eng_deferred_action_thread(void*):1383] received msg_id = LOC_ENG_MSG_REPORT_NMEA context = 0x1dcb910
05-15 07:26:46.414: E/LocSvc_eng(397): I/<=== nmea_cb line 1559 0x215d608
05-15 07:26:46.414: E/LocSvc_adapter(397): D/loc_eng_report_nmea: $GGA
05-15 07:26:46.414: E/LocSvc_adapter(397): I/Exiting int32 loc_event_cb(void*, rpc_loc_client_handle_type, rpc_loc_event_mask_type, const rpc_loc_event_payload_u_type*) line 73 0
05-15 07:26:46.414: E/LocSvc_adapter(397): I/<--- int32 loc_event_cb(void*, rpc_loc_client_handle_type, rpc_loc_event_mask_type, const rpc_loc_event_payload_u_type*) line 70 RPC_LOC_EVENT_NMEA_1HZ_REPORT
05-15 07:26:46.414: D/RPC(397): 3000008c:00050000 dispatching RPC call (XID 112753, xdr 0x1cd52c8) for callback client 3100008c:00050001.
05-15 07:26:46.414: D/RPC(397): 3100008c:327681 sending RPC reply (XID 112753)
05-15 07:26:46.414: D/RPC(397): 3000008c:00050000 received CALL.
05-15 07:26:46.414: D/RPC(397): 3000008c:00050000 dispatching RPC call (XID 112754, xdr 0x1cd52c8) for callback client 3100008c:00050001.
05-15 07:26:46.424: E/LocSvc_eng(397): D/void loc_eng_deferred_action_thread(void*):1383] received msg_id = LOC_ENG_MSG_REPORT_NMEA context = 0x1dcb910
05-15 07:26:46.424: E/LocSvc_eng(397): I/<=== nmea_cb line 1559 0x215d608
05-15 07:26:46.424: W/SIP(606): IInputMethodWrapper. mCaller.executeOrSendMessage(MSG_UPDATE_WACOM_STATE)
05-15 07:26:46.424: W/SIP(606): IInputMethodWrapper. inputMethod.updateWacomState(msg.arg1). arg1 =0
05-15 07:26:46.424: E/LocSvc_adapter(397): D/loc_eng_report_nmea: $GNS
05-15 07:26:46.424: E/LocSvc_adapter(397): I/Exiting int32 loc_event_cb(void*, rpc_loc_client_handle_type, rpc_loc_event_mask_type, const rpc_loc_event_payload_u_type*) line 73 0
05-15 07:26:46.424: E/LocSvc_adapter(397): I/<--- int32 loc_event_cb(void*, rpc_loc_client_handle_type, rpc_loc_event_mask_type, const rpc_loc_event_payload_u_type*) line 70 RPC_LOC_EVENT_NMEA_1HZ_REPORT
05-15 07:26:46.424: E/LocSvc_eng(397): D/void loc_eng_deferred_action_thread(void*):1383] received msg_id = LOC_ENG_MSG_REPORT_NMEA context = 0x1dcb910
05-15 07:26:46.424: E/LocSvc_eng(397): I/<=== nmea_cb line 1559 0x215d608
05-15 07:26:46.424: D/RPC(397): 3100008c:327681 sending RPC reply (XID 112754)
05-15 07:26:46.424: D/RPC(397): 3000008c:00050000 received CALL.
05-15 07:26:46.424: D/RPC(397): 3000008c:00050000 dispatching RPC call (XID 112755, xdr 0x1cd52c8) for callback client 3100008c:00050001.
05-15 07:26:46.434: E/LocSvc_adapter(397): D/loc_eng_report_nmea: $VTG
05-15 07:26:46.434: E/LocSvc_adapter(397): I/Exiting int32 loc_event_cb(void*, rpc_loc_client_handle_type, rpc_loc_event_mask_type, const rpc_loc_event_payload_u_type*) line 73 0
05-15 07:26:46.434: E/LocSvc_adapter(397): I/<--- int32 loc_event_cb(void*, rpc_loc_client_handle_type, rpc_loc_event_mask_type, const rpc_loc_event_payload_u_type*) line 70 RPC_LOC_EVENT_NMEA_1HZ_REPORT
05-15 07:26:46.434: E/LocSvc_eng(397): D/void loc_eng_deferred_action_thread(void*):1383] received msg_id = LOC_ENG_MSG_REPORT_NMEA context = 0x1dcb910
05-15 07:26:46.434: E/LocSvc_eng(397): I/<=== nmea_cb line 1559 0x215d608
05-15 07:26:46.434: E/LocSvc_adapter(397): D/loc_eng_report_nmea: $RMC
05-15 07:26:46.434: E/LocSvc_adapter(397): I/Exiting int32 loc_event_cb(void*, rpc_loc_client_handle_type, rpc_loc_event_mask_type, const rpc_loc_event_payload_u_type*) line 73 0
05-15 07:26:46.434: W/SIP(606): IInputMethodWrapper. mCaller.executeOrSendMessage(MSG_UPDATE_WACOM_STATE)
05-15 07:26:46.434: W/SIP(606): IInputMethodWrapper. inputMethod.updateWacomState(msg.arg1). arg1 =0
05-15 07:26:46.434: D/RPC(397): 3100008c:327681 sending RPC reply (XID 112755)
05-15 07:26:46.434: D/RPC(397): 3000008c:00050000 received CALL.
05-15 07:26:46.434: D/RPC(397): 3000008c:00050000 dispatching RPC call (XID 112756, xdr 0x1cd52c8) for callback client 3100008c:00050001.
05-15 07:26:46.434: D/RPC(397): 3100008c:327681 sending RPC reply (XID 112756)
05-15 07:26:46.454: W/SIP(606): IInputMethodWrapper. mCaller.executeOrSendMessage(MSG_UPDATE_WACOM_STATE)
05-15 07:26:46.454: W/SIP(606): IInputMethodWrapper. inputMethod.updateWacomState(msg.arg1). arg1 =0
05-15 07:26:46.464: W/SIP(606): IInputMethodWrapper. mCaller.executeOrSendMessage(MSG_UPDATE_WACOM_STATE)
05-15 07:26:46.464: W/SIP(606): IInputMethodWrapper. inputMethod.updateWacomState(msg.arg1). arg1 =0
05-15 07:26:46.484: W/SIP(606): IInputMethodWrapper. mCaller.executeOrSendMessage(MSG_UPDATE_WACOM_STATE)
05-15 07:26:46.484: W/SIP(606): IInputMethodWrapper. inputMethod.updateWacomState(msg.arg1). arg1 =0
05-15 07:26:46.494: W/SIP(606): IInputMethodWrapper. mCaller.executeOrSendMessage(MSG_UPDATE_WACOM_STATE)
05-15 07:26:46.494: W/SIP(606): IInputMethodWrapper. inputMethod.updateWacomState(msg.arg1). arg1 =0
05-15 07:26:46.504: D/RPC(397): 3000008c:00050000 received CALL.
05-15 07:26:46.514: W/SIP(606): IInputMethodWrapper. mCaller.executeOrSendMessage(MSG_UPDATE_WACOM_STATE)
05-15 07:26:46.514: W/SIP(606): IInputMethodWrapper. inputMethod.updateWacomState(msg.arg1). arg1 =0
05-15 07:26:46.514: E/LocSvc_adapter(397): I/<--- int32 loc_event_cb(void*, rpc_loc_client_handle_type, rpc_loc_event_mask_type, const rpc_loc_event_payload_u_type*) line 70 RPC_LOC_EVENT_NMEA_1HZ_REPORT
05-15 07:26:46.514: E/LocSvc_eng(397): D/void loc_eng_deferred_action_thread(void*):1383] received msg_id = LOC_ENG_MSG_REPORT_NMEA context = 0x1dcb910
05-15 07:26:46.514: E/LocSvc_eng(397): I/<=== nmea_cb line 1559 0x1b3d138
05-15 07:26:46.514: D/RPC(397): 3000008c:00050000 dispatching RPC call (XID 112757, xdr 0x1cd52c8) for callback client 3100008c:00050001.
05-15 07:26:46.524: E/LocSvc_adapter(397): D/loc_eng_report_nmea: $GSA
05-15 07:26:46.524: E/LocSvc_adapter(397): I/Exiting int32 loc_event_cb(void*, rpc_loc_client_handle_type, rpc_loc_event_mask_type, const rpc_loc_event_payload_u_type*) line 73 0
05-15 07:26:46.524: W/SIP(606): IInputMethodWrapper. mCaller.executeOrSendMessage(MSG_UPDATE_WACOM_STATE)
05-15 07:26:46.524: W/SIP(606): IInputMethodWrapper. inputMethod.updateWacomState(msg.arg1). arg1 =0
05-15 07:26:46.524: D/RPC(397): 3100008c:327681 sending RPC reply (XID 112757)
05-15 07:26:46.544: W/SIP(606): IInputMethodWrapper. mCaller.executeOrSendMessage(MSG_UPDATE_WACOM_STATE)
05-15 07:26:46.544: W/SIP(606): IInputMethodWrapper. inputMethod.updateWacomState(msg.arg1). arg1 =0
05-15 07:26:46.554: W/SIP(606): IInputMethodWrapper. mCaller.executeOrSendMessage(MSG_UPDATE_WACOM_STATE)
05-15 07:26:46.554: W/SIP(606): IInputMethodWrapper. inputMethod.updateWacomState(msg.arg1). arg1 =0
05-15 07:26:46.574: D/RPC(397): 3000008c:00050000 received CALL.
05-15 07:26:46.584: D/FStest(690): check default
05-15 07:26:46.584: E/LocSvc_adapter(397): I/<--- int32 loc_event_cb(void*, rpc_loc_client_handle_type, rpc_loc_event_mask_type, const rpc_loc_event_payload_u_type*) line 70 RPC_LOC_EVENT_NMEA_1HZ_REPORT
05-15 07:26:46.584: E/LocSvc_eng(397): D/void loc_eng_deferred_action_thread(void*):1383] received msg_id = LOC_ENG_MSG_REPORT_NMEA context = 0x1dcb910
05-15 07:26:46.584: E/LocSvc_eng(397): I/<=== nmea_cb line 1559 0x1b3d138
05-15 07:26:46.584: W/SIP(606): IInputMethodWrapper. mCaller.executeOrSendMessage(MSG_UPDATE_WACOM_STATE)
05-15 07:26:46.584: E/LocSvc_adapter(397): D/loc_eng_report_nmea: $GSA
05-15 07:26:46.584: W/SIP(606): IInputMethodWrapper. inputMethod.updateWacomState(msg.arg1). arg1 =0
05-15 07:26:46.584: E/LocSvc_adapter(397): I/Exiting int32 loc_event_cb(void*, rpc_loc_client_handle_type, rpc_loc_event_mask_type, const rpc_loc_event_payload_u_type*) line 73 0
05-15 07:26:46.584: D/RPC(397): 3000008c:00050000 dispatching RPC call (XID 112758, xdr 0x1cd52c8) for callback client 3100008c:00050001.
05-15 07:26:46.594: D/RPC(397): 3100008c:327681 sending RPC reply (XID 112758)
05-15 07:26:46.604: D/RPC(397): 3000008c:00050000 received CALL.
05-15 07:26:46.604: E/LocSvc_adapter(397): I/<--- int32 loc_event_cb(void*, rpc_loc_client_handle_type, rpc_loc_event_mask_type, const rpc_loc_event_payload_u_type*) line 70 RPC_LOC_EVENT_SATELLITE_REPORT
05-15 07:26:46.604: E/LocSvc_api_rpc_glue(397): D/sv count: 24
05-15 07:26:46.604: E/LocSvc_adapter(397): I/num sv: 24
05-15 07:26:46.604: E/LocSvc_adapter(397): ephemeris mask: 0xn almanac mask: c12e2c25
05-15 07:26:46.604: E/LocSvc_adapter(397): used in fix mask: 0
05-15 07:26:46.604: E/LocSvc_adapter(397): sv: prn snr elevation azimuth
05-15 07:26:46.604: E/LocSvc_adapter(397): I/ 0: 1 0.000000 37.000000 309.000000
05-15 07:26:46.604: E/LocSvc_adapter(397): I/ 1: 3 0.000000 3.000000 209.000000
05-15 07:26:46.604: E/LocSvc_adapter(397): I/ 2: 6 0.000000 0.000000 0.000000
05-15 07:26:46.604: E/LocSvc_adapter(397): I/ 3: 11 0.000000 47.000000 278.000000
05-15 07:26:46.604: E/LocSvc_adapter(397): I/ 4: 12 0.000000 0.000000 0.000000
05-15 07:26:46.604: E/LocSvc_adapter(397): I/ 5: 14 0.000000 52.000000 40.000000
05-15 07:26:46.604: E/LocSvc_adapter(397): I/ 6: 18 0.000000 6.000000 98.000000
05-15 07:26:46.604: E/LocSvc_adapter(397): I/ 7: 19 0.000000 20.000000 227.000000
05-15 07:26:46.604: D/RPC(397): 3000008c:00050000 dispatching RPC call (XID 112759, xdr 0x1cd52c8) for callback client 3100008c:00050001.
05-15 07:26:46.614: E/LocSvc_adapter(397): I/ 8: 20 0.000000 6.000000 291.000000
05-15 07:26:46.614: E/LocSvc_adapter(397): I/ 9: 22 0.000000 36.000000 87.000000
05-15 07:26:46.614: E/LocSvc_adapter(397): I/ 10: 25 0.000000 0.000000 0.000000
05-15 07:26:46.614: E/LocSvc_adapter(397): I/ 11: 31 0.000000 43.000000 147.000000
05-15 07:26:46.614: E/LocSvc_adapter(397): I/ 12: 32 0.000000 34.000000 296.000000
05-15 07:26:46.614: E/LocSvc_adapter(397): I/ 13: 74 0.000000 40.000000 68.000000
05-15 07:26:46.614: E/LocSvc_adapter(397): I/ 14: 66 0.000000 6.000000 284.000000
05-15 07:26:46.614: E/LocSvc_adapter(397): I/ 15: 73 0.000000 9.000000 23.000000
05-15 07:26:46.614: E/LocSvc_adapter(397): I/ 16: 76 0.000000 0.000000 0.000000
05-15 07:26:46.614: E/LocSvc_adapter(397): I/ 17: 75 0.000000 32.000000 139.000000
05-15 07:26:46.614: E/LocSvc_adapter(397): I/ 18: 65 0.000000 47.000000 323.000000
05-15 07:26:46.614: E/LocSvc_adapter(397): I/ 19: 88 0.000000 37.000000 265.000000
05-15 07:26:46.614: E/LocSvc_adapter(397): I/ 20: 87 0.000000 19.000000 210.000000
05-15 07:26:46.614: E/LocSvc_adapter(397): I/ 21: 81 0.000000 17.000000 324.000000
05-15 07:26:46.614: E/LocSvc_adapter(397): I/ 22: 71 0.000000 2.000000 82.000000
05-15 07:26:46.614: E/LocSvc_adapter(397): I/ 23: 72 0.000000 42.000000 49.000000
05-15 07:26:46.614: E/LocSvc_eng(397): D/void loc_eng_deferred_action_thread(void*):1383] received msg_id = LOC_ENG_MSG_REPORT_SV context = 0x1dcb910
05-15 07:26:46.614: E/LocSvc_afw(397): I/Entering void sv_cb(GpsSvStatus*, void*) line 929
05-15 07:26:46.614: E/LocSvc_afw(397): I/<=== sv_status_cb - line 931 24
05-15 07:26:46.614: E/LocSvc_afw(397): I/Exiting void sv_cb(GpsSvStatus*, void*) line 934 None
05-15 07:26:46.614: W/SIP(606): IInputMethodWrapper. mCaller.executeOrSendMessage(MSG_UPDATE_WACOM_STATE)
05-15 07:26:46.614: W/SIP(606): IInputMethodWrapper. inputMethod.updateWacomState(msg.arg1). arg1 =0
05-15 07:26:46.624: E/LocSvc_adapter(397): I/Exiting int32 loc_event_cb(void*, rpc_loc_client_handle_type, rpc_loc_event_mask_type, const rpc_loc_event_payload_u_type*) line 73 0
05-15 07:26:46.624: E/LocSvc_adapter(397): I/<--- int32 loc_event_cb(void*, rpc_loc_client_handle_type, rpc_loc_event_mask_type, const rpc_loc_event_payload_u_type*) line 70 RPC_LOC_EVENT_PARSED_POSITION_REPORT
05-15 07:26:46.624: E/LocSvc_api_rpc_glue(397): D/Session status: RPC_LOC_SESS_STATUS_IN_PROGESS Valid mask: 0x61ED
05-15 07:26:46.624: E/LocSvc_api_rpc_glue(397): D/Accuracy: 0.0000000
05-15 07:26:46.624: E/LocSvc_eng(397): D/void loc_eng_deferred_action_thread(void*):1383] received msg_id = LOC_ENG_MSG_REPORT_POSITION context = 0x1dcb910
05-15 07:26:46.624: E/LocSvc_adapter(397): I/Exiting int32 loc_event_cb(void*, rpc_loc_client_handle_type, rpc_loc_event_mask_type, const rpc_loc_event_payload_u_type*) line 73 0
05-15 07:26:46.624: D/RPC(397): 3100008c:327681 sending RPC reply (XID 112759)
05-15 07:26:46.624: D/RPC(397): 3000008c:00050000 received CALL.
05-15 07:26:46.624: D/RPC(397): 3000008c:00050000 dispatching RPC call (XID 112760, xdr 0x1cd52c8) for callback client 3100008c:00050001.
05-15 07:26:46.624: D/RPC(397): 3100008c:327681 sending RPC reply (XID 112760)
05-15 07:26:46.634: W/SIP(606): IInputMethodWrapper. mCaller.executeOrSendMessage(MSG_UPDATE_WACOM_STATE)
05-15 07:26:46.634: W/SIP(606): IInputMethodWrapper. inputMethod.updateWacomState(msg.arg1). arg1 =0
05-15 07:26:46.674: W/SIP(606): IInputMethodWrapper. mCaller.executeOrSendMessage(MSG_UPDATE_WACOM_STATE)
05-15 07:26:46.684: W/SIP(606): IInputMethodWrapper. inputMethod.updateWacomState(msg.arg1). arg1 =0
05-15 07:26:46.684: E/LocSvc_adapter(397): I/<--- int32 loc_event_cb(void*, rpc_loc_client_handle_type, rpc_loc_event_mask_type, const rpc_loc_event_payload_u_type*) line 70 RPC_LOC_EVENT_NMEA_1HZ_REPORT
05-15 07:26:46.684: E/LocSvc_eng(397): D/void loc_eng_deferred_action_thread(void*):1383] received msg_id = LOC_ENG_MSG_REPORT_NMEA context = 0x1dcb910
05-15 07:26:46.684: E/LocSvc_eng(397): I/<=== nmea_cb line 1559 0x2049bc0
05-15 07:26:46.684: E/LocSvc_adapter(397): D/loc_eng_report_nmea: $GSV
05-15 07:26:46.684: E/LocSvc_adapter(397): I/Exiting int32 loc_event_cb(void*, rpc_loc_client_handle_type, rpc_loc_event_mask_type, const rpc_loc_event_payload_u_type*) line 73 0
05-15 07:26:46.684: E/LocSvc_adapter(397): I/<--- int32 loc_event_cb(void*, rpc_loc_client_handle_type, rpc_loc_event_mask_type, const rpc_loc_event_payload_u_type*) line 70 RPC_LOC_EVENT_NMEA_1HZ_REPORT
05-15 07:26:46.684: D/RPC(397): 3000008c:00050000 received CALL.
05-15 07:26:46.684: D/RPC(397): 3000008c:00050000 dispatching RPC call (XID 112761, xdr 0x1cd52c8) for callback client 3100008c:00050001.
05-15 07:26:46.684: D/RPC(397): 3100008c:327681 sending RPC reply (XID 112761)
05-15 07:26:46.684: D/RPC(397): 3000008c:00050000 received CALL.
05-15 07:26:46.684: D/RPC(397): 3000008c:00050000 dispatching RPC call (XID 112762, xdr 0x1cd52c8) for callback client 3100008c:00050001.
05-15 07:26:46.694: E/LocSvc_eng(397): D/void loc_eng_deferred_action_thread(void*):1383] received msg_id = LOC_ENG_MSG_REPORT_NMEA context = 0x1dcb910
05-15 07:26:46.694: E/LocSvc_eng(397): I/<=== nmea_cb line 1559 0x1c03318
05-15 07:26:46.694: W/SIP(606): IInputMethodWrapper. mCaller.executeOrSendMessage(MSG_UPDATE_WACOM_STATE)
05-15 07:26:46.694: W/SIP(606): IInputMethodWrapper. inputMethod.updateWacomState(msg.arg1). arg1 =0
05-15 07:26:46.694: E/LocSvc_adapter(397): D/loc_eng_report_nmea: $GSV
05-15 07:26:46.694: E/LocSvc_adapter(397): I/Exiting int32 loc_event_cb(void*, rpc_loc_client_handle_type, rpc_loc_event_mask_type, const rpc_loc_event_payload_u_type*) line 73 0
05-15 07:26:46.694: D/RPC(397): 3100008c:327681 sending RPC reply (XID 112762)
05-15 07:26:46.704: E/LocSvc_adapter(397): I/<--- int32 loc_event_cb(void*, rpc_loc_client_handle_type, rpc_loc_event_mask_type, const rpc_loc_event_payload_u_type*) line 70 RPC_LOC_EVENT_NMEA_1HZ_REPORT
05-15 07:26:46.704: E/LocSvc_eng(397): D/void loc_eng_deferred_action_thread(void*):1383] received msg_id = LOC_ENG_MSG_REPORT_NMEA context = 0x1dcb910
05-15 07:26:46.704: E/LocSvc_eng(397): I/<=== nmea_cb line 1559 0x22d0088
05-15 07:26:46.704: E/LocSvc_adapter(397): D/loc_eng_report_nmea: $GSV
05-15 07:26:46.704: E/LocSvc_adapter(397): I/Exiting int32 loc_event_cb(void*, rpc_loc_client_handle_type, rpc_loc_event_mask_type, const rpc_loc_event_payload_u_type*) line 73 0
