Samsung_Galaxy_Note_4.0.4_Updating_Location_DDMS_Log.txt
05-15 07:26:34.702: D/FStest(690): check default
05-15 07:26:35.403: D/FStest(690): check default
05-15 07:26:35.693: E/AlarmManagerService(397): android_server_AlarmManagerService_set to type=3, 507276.785000000
05-15 07:26:35.703: D/FStest(690): check default
05-15 07:26:35.803: E/Watchdog(397): !@Sync 13533
05-15 07:26:36.404: D/FStest(690): check default
05-15 07:26:36.464: I/InputReader(397): Touch event's action is 0x0 (deviceType=0) [pCnt=1, pending(waiting finished signal)=0, s=0.679 ]
05-15 07:26:36.464: I/InputDispatcher(397): Delivering touch to current input target: action: 0x0
05-15 07:26:36.464: I/InputDispatcher(397): Delivering touch to current input target: action: 0x0
05-15 07:26:36.464: I/InputDispatcher(397): Delivering touch to current input target: action: 0x0
05-15 07:26:36.464: I/InputDispatcher(397): Delivering touch to current input target: action: 0x0
05-15 07:26:36.474: W/SIP(606): IInputMethodWrapper. mCaller.executeOrSendMessage(MSG_UPDATE_WACOM_STATE)
05-15 07:26:36.474: W/SIP(606): IInputMethodWrapper. inputMethod.updateWacomState(msg.arg1). arg1 =0
05-15 07:26:36.554: I/InputReader(397): Touch event's action is 0x1 (deviceType=0) [pCnt=1, pending(waiting finished signal)=0, s=]
05-15 07:26:36.554: I/InputDispatcher(397): Delivering touch to current input target: action: 0x1
05-15 07:26:36.554: I/InputDispatcher(397): Delivering touch to current input target: action: 0x1
05-15 07:26:36.554: I/InputDispatcher(397): Delivering touch to current input target: action: 0x1
05-15 07:26:36.554: I/InputDispatcher(397): Delivering touch to current input target: action: 0x1
05-15 07:26:36.564: W/SIP(606): IInputMethodWrapper. mCaller.executeOrSendMessage(MSG_UPDATE_WACOM_STATE)
05-15 07:26:36.564: W/SIP(606): IInputMethodWrapper. inputMethod.updateWacomState(msg.arg1). arg1 =0
05-15 07:26:36.584: I/ActivityManager(397): START {intent.toShortString} from pid 690
05-15 07:26:36.584: D/PowerManagerService(397): acquireDVFSLockLocked : type : DVFS_MIN_LIMIT frequency : 1026000 uid : 1000 pid : 397 tag : ActivityManager
05-15 07:26:36.584: W/ActivityManager(397): mDVFSLock.acquire()
05-15 07:26:37.175: I/Launcher(690): onPause. Launcher: 42c02850
05-15 07:26:37.195: I/PhotoAppWidgetProvider(1558): onReceive
05-15 07:26:37.195: I/PhotoAppWidgetProvider(1558): PauseSlideShow
05-15 07:26:37.195: D/PhotoAppWidgetProvider(1558): onReceive End
05-15 07:26:37.215: W/SurfaceFlinger(168): id=625(85) createSurface 0xdfe0e4 (1x1),2 flag=400
05-15 07:26:37.235: D/memalloc(168): ion: Allocated buffer base:0x42e6b000 size:4096000 fd:32
05-15 07:26:37.235: D/memalloc(397): ion: Mapped buffer base:0x659d2000 size:4096000 offset:0 fd:380
05-15 07:26:37.245: D/FStest(690): check default
05-15 07:26:37.245: D/GLSurfaceViewGroup(690): Skipped drawing due to suspendDrawingUntilResume()
05-15 07:26:37.245: I/ActivityManager(397): Start proc app.processName for activity hostingNameStr: pid=1702 uid=10140 gids={1015, 1023, 3003}
05-15 07:26:37.265: V/WindowManager(397): rotationForOrientationLw(orient=-1, last=0); user=0 mLidOpen=-1 mDockMode=0 mHdmiPlugged=false mAccelerometerDefault=1 sensorRotation=-1
05-15 07:26:37.285: D/comsamsungapp(1589): [MSC]>>> SCI:345 [0:0] R : secandroidintentactionHOME_PAUSE
05-15 07:26:37.285: I/Adreno200-EGLSUB(168): : Android Image
05-15 07:26:37.285: I/Adreno200-EGLSUB(168): : RGBX_8888
05-15 07:26:37.285: D/comsamsungapp(1589): [MSC]>>> SCI:351 [0:0] R : no stock widget!!!
05-15 07:26:37.285: D/DEFERED_APP_VISIBILITY(397): tweaking closing app
05-15 07:26:37.295: D/comsamsungapp(1603): [MSC_Accu]>>> WWP:382 [0:0] onReceive@ secandroidintentactionHOME_PAUSE
05-15 07:26:37.295: D/comsamsungapp(1603): [MSC_Accu]>>> WIM:53 [0:0] AccuWeatherClockWidgetID_Length
05-15 07:26:37.295: D/comsamsungapp(1603): [MSC_Accu]>>> WIM:54 [0:0] getPrefIDs@lngth:0
05-15 07:26:37.295: D/comsamsungapp(1603): [MSC_Accu]>>> WWP:2480 [0:0] mHandler is null!!
05-15 07:26:37.295: D/comsamsungapp(1603): [MSC_Accu]>>> WWP:375 [0:0] refreshhandler is null!!
05-15 07:26:37.305: D/comsamsungapp(1603): [MSC_Accu]>>> WWP:415 [0:0] The widget does not exist in idle!!
05-15 07:26:37.325: I/Launcher(690): onWindowFocusChanged(false)
05-15 07:26:37.355: I/TiApplication(1702): (main) [0,0] checkpoint, app created.
05-15 07:26:37.455: I/TiApplication(1702): (main) [100,100] Titanium 3.1.0 (2013/04/15 18:46 57634ef)
05-15 07:26:37.515: D/memalloc(690): ion: Unmapping buffer base:0x5d043000 size:3993600
05-15 07:26:37.525: D/memalloc(690): ion: Unmapping buffer base:0x5d412000 size:3993600
05-15 07:26:37.525: D/memalloc(690): ion: Unmapping buffer base:0x5d7e1000 size:3993600
05-15 07:26:37.525: D/memalloc(168): ion: Freeing buffer base:0x43e62000 size:3993600 fd:33
05-15 07:26:37.525: D/memalloc(168): ion: Unmapping buffer base:0x43e62000 size:3993600
05-15 07:26:37.525: D/memalloc(168): ion: Freeing buffer base:0x46a86000 size:3993600 fd:61
05-15 07:26:37.525: D/memalloc(168): ion: Unmapping buffer base:0x46a86000 size:3993600
05-15 07:26:37.525: W/SurfaceView(690): CHECK surface infomation creating=false formatChanged=false sizeChanged=false visible=false visibleChanged=true surfaceChanged=true realSizeChanged=false redrawNeeded=false left=false top=false
05-15 07:26:37.545: D/memalloc(690): ion: Unmapping buffer base:0x5c34d000 size:4096000
05-15 07:26:37.545: D/memalloc(690): ion: Unmapping buffer base:0x5dbb0000 size:4096000
05-15 07:26:37.545: D/memalloc(168): ion: Freeing buffer base:0x4613a000 size:4096000 fd:34
05-15 07:26:37.545: D/memalloc(168): ion: Unmapping buffer base:0x4613a000 size:4096000
05-15 07:26:37.545: D/memalloc(168): ion: Freeing buffer base:0x46f3c000 size:4096000 fd:67
05-15 07:26:37.545: D/memalloc(168): ion: Unmapping buffer base:0x46f3c000 size:4096000
05-15 07:26:37.545: D/memalloc(690): ion: Unmapping buffer base:0x5e729000 size:4096000
05-15 07:26:37.565: D/GLSurfaceViewGroup(690): Skipped drawing due to suspendDrawingUntilResume()
05-15 07:26:37.565: D/FStest(690): check default
05-15 07:26:37.665: I/TiApplication(1702): (main) [206,306] Titanium Javascript runtime: v8
05-15 07:26:37.725: I/TiRootActivity(1702): (main) [0,0] checkpoint, on root activity create, savedInstanceState: null
05-15 07:26:37.765: W/WifiStateTracker(397): getNetworkInfo : NetworkInfo: type: WIFI[], state: CONNECTED/CONNECTED, reason: (unspecified), extra: (none), roaming: false, failover: false, isAvailable: true
05-15 07:26:37.925: W/SurfaceFlinger(168): id=623 Removed idx=1 Map Size=5
05-15 07:26:37.925: W/SurfaceFlinger(168): id=624 Removed idx=1 Map Size=4
05-15 07:26:37.925: W/SurfaceFlinger(168): id=623 Removed idx=-2 Map Size=4
05-15 07:26:37.925: W/SurfaceFlinger(168): id=624 Removed idx=-2 Map Size=4
05-15 07:26:37.945: D/memalloc(168): ion: Freeing buffer base:0x465ea000 size:3993600 fd:49
05-15 07:26:37.945: D/memalloc(168): ion: Unmapping buffer base:0x465ea000 size:3993600
05-15 07:26:37.945: D/memalloc(168): ion: Freeing buffer base:0x47348000 size:4096000 fd:76
05-15 07:26:37.945: D/memalloc(168): ion: Unmapping buffer base:0x47348000 size:4096000
05-15 07:26:38.296: D/FStest(690): check default
05-15 07:26:38.386: E/TiApplication(1702): (KrollRuntimeThread) [662,662] APP PROXY: ti.modules.titanium.app.AppModule@419205a0
05-15 07:26:38.566: D/FStest(690): check default
05-15 07:26:38.586: D/PowerManagerService(397): releaseDVFSLockLocked : all DVFS_MIN_LIMIT are released
05-15 07:26:38.586: W/ActivityManager(397): mDVFSLock.release()
05-15 07:26:38.606: I/ActivityManager(397): START {intent.toShortString} from pid 1702
05-15 07:26:38.606: D/PowerManagerService(397): acquireDVFSLockLocked : type : DVFS_MIN_LIMIT frequency : 1026000 uid : 1000 pid : 397 tag : ActivityManager
05-15 07:26:38.606: W/ActivityManager(397): mDVFSLock.acquire()
05-15 07:26:38.646: I/TiAPI(1702): long:-122.3939009 lat: 37.791023
05-15 07:26:38.996: I/TiRootActivity(1702): (main) [0,0] checkpoint, on root activity resume. activity = com.map.MaptestActivity@419471a8
05-15 07:26:39.016: D/ActivityManager(397): Trying to launch applicationName
05-15 07:26:39.027: D/DEFERED_APP_VISIBILITY(397): tweaking closing app
05-15 07:26:39.187: W/dalvikvm(1702): VFY: unable to resolve static field 894 (common_google_play_services_install_title) in Lcom/google/android/gms/R$string;
05-15 07:26:39.187: W/dalvikvm(1702): VFY: unable to resolve static field 890 (common_google_play_services_enable_title) in Lcom/google/android/gms/R$string;
05-15 07:26:39.187: W/dalvikvm(1702): VFY: unable to resolve static field 898 (common_google_play_services_update_title) in Lcom/google/android/gms/R$string;
05-15 07:26:39.197: W/dalvikvm(1702): VFY: unable to resolve static field 891 (common_google_play_services_install_button) in Lcom/google/android/gms/R$string;
05-15 07:26:39.197: W/dalvikvm(1702): VFY: unable to resolve static field 888 (common_google_play_services_enable_button) in Lcom/google/android/gms/R$string;
05-15 07:26:39.197: W/dalvikvm(1702): VFY: unable to resolve static field 896 (common_google_play_services_update_button) in Lcom/google/android/gms/R$string;
05-15 07:26:39.197: W/dalvikvm(1702): VFY: unable to resolve static field 895 (common_google_play_services_unknown_issue) in Lcom/google/android/gms/R$string;
05-15 07:26:39.297: D/FStest(690): check default
05-15 07:26:39.567: I/APACHE HTTP (thCr=13015) - NafHttpAuthStrategyDefault(1702): (thUse=13015) NafHttpAuthStrategyDefault()
05-15 07:26:39.567: I/APACHE HTTP (thCr=13015) - KeeperManager(1702): (thUse=13015) INITIALIZATION of shared resources
05-15 07:26:39.567: I/APACHE HTTP (thCr=13015) - AndroidContextProviderImpl(1702): (thUse=13015) currentActivityThread=null
05-15 07:26:39.587: D/FStest(690): check default
05-15 07:26:39.627: I/APACHE HTTP (thCr=13015) - NafHttpAuthStrategyDefault(1702): (thUse=13015) cached value : gbaSupportIsPossible=null
05-15 07:26:39.627: I/APACHE HTTP (thCr=13015) - NafHttpAuthStrategyDefault(1702): (thUse=13015) The current context is NOT a context of GBA service.
05-15 07:26:39.627: I/APACHE HTTP (thCr=13015) - GbaSupportPermissionRequestCheckerImpl(1702): (thUse=13015) isCurrentProcessRequestedGba()#finished result=false
05-15 07:26:39.637: I/APACHE HTTP (thCr=13015) - GbaSupportPermissionRequestCheckerImpl(1702): (thUse=13015) isCurrentProcessAllowedToUseGba()#started result=false
05-15 07:26:39.637: I/APACHE HTTP (thCr=13015) - NafHttpAuthStrategyDefault(1702): (thUse=13015) The GBA permission wasn't requested for this process.
05-15 07:26:39.637: I/APACHE HTTP (thCr=13015) - NafHttpAuthStrategyDefault(1702): (thUse=13015) It is impossible to support GBA now (many possible reasons: no Android Context, current client is GBA service, etc.), then it will be just usual HTTP.
05-15 07:26:39.637: I/APACHE HTTP (thCr=13015) - NafRequestExecutorWrapperRedirectionHandler(1702): (thUse=13015) It isn't GBA flow, redirection responses are not handled.
05-15 07:26:39.677: I/AndroidHttpClient$2(1702): executeRequestSending() director.getClass()=class org.apache.http.impl.client.DefaultRequestDirector
05-15 07:26:39.777: D/WifiService(397): acquireWifiLockLocked: WifiLock{NlpWifiLock type=2 binder=android.os.BinderProxy@434c8a90}
05-15 07:26:39.787: E/AlarmManagerService(397): android_server_AlarmManagerService_set to type=2, 507261.574000000
05-15 07:26:39.797: W/SurfaceFlinger(168): id=626(1) createSurface 0xe12e84 (1x1),1 flag=0
05-15 07:26:39.807: V/PhoneStatusBar(515): setLightsOn(true)
05-15 07:26:39.817: W/SurfaceFlinger(168): id=627(2) createSurface 0xe01154 (800x826),4 flag=400
05-15 07:26:39.827: E/AlarmManagerService(397): android_server_AlarmManagerService_set to type=2, 507261.574000000
05-15 07:26:39.857: D/memalloc(168): ion: Allocated buffer base:0x43253000 size:4096000 fd:45
05-15 07:26:39.867: D/memalloc(1702): ion: Mapped buffer base:0x5f131000 size:4096000 offset:0 fd:93
05-15 07:26:39.907: I/Adreno200-EGLSUB(168): : Android Image
05-15 07:26:39.907: I/Adreno200-EGLSUB(168): : RGBA_8888
05-15 07:26:39.917: I/ActivityManager(397): Displayed shortComponentName: +898ms (total +2s714ms)
05-15 07:26:39.917: D/PowerManagerService(397): releaseDVFSLockLocked : all DVFS_MIN_LIMIT are released
05-15 07:26:39.917: W/ActivityManager(397): mDVFSLock.release()
05-15 07:26:39.927: I/ClipboardServiceEx(397): mCBPickerDialog enter case. MSG_DISMISS_DIALOG
05-15 07:26:39.927: D/CLIPBOARD(690): Hide Clipboard dialog at Starting input: finished by someone else... !
05-15 07:26:39.937: D/GpsLocationProvider(397): setMinTime 5000
05-15 07:26:39.937: D/GpsLocationProvider(397): updateCriteria with action: 1minTime 5000 minDistance 0.0 singleShot false criteria: null
05-15 07:26:39.937: E/LocSvc_afw(397): I/Entering int loc_update_criteria(UlpLocationCriteria) line 548
05-15 07:26:39.937: D/CLIPBOARD(1702): Hide Clipboard dialog at Starting input: finished by someone else... !
05-15 07:26:39.937: E/LocSvc_eng(397): I/===> int loc_eng_update_criteria(loc_eng_data_s_type&, UlpLocationCriteria) line 1896
05-15 07:26:39.937: E/LocSvc_eng(397): I/Exiting int loc_eng_update_criteria(loc_eng_data_s_type&, UlpLocationCriteria) line 1914 -1
05-15 07:26:39.937: E/LocSvc_afw(397): I/Exiting int loc_update_criteria(UlpLocationCriteria) line 551 -1
05-15 07:26:39.937: I/ClipboardServiceEx(397): mCBPickerDialog enter case. MSG_DISMISS_DIALOG
05-15 07:26:39.937: D/LocationManagerService(397): gps location requested by an application
05-15 07:26:39.947: D/SensorManager(28429): registerListener :: handle = 0 name= K3DH Acceleration Sensor delay= 20000 Listener= dfg@41951d98
05-15 07:26:39.957: E/AlarmManagerService(397): android_server_AlarmManagerService_set to type=2, 507261.742000000
05-15 07:26:39.957: D/GpsLocationProvider(397): Gps MessageHandler. msg.what 8 msg.arg1:10015 msg.arg2: 0
05-15 07:26:39.957: I/Adreno200-EGLSUB(1702): : Format RGBX_8888.
05-15 07:26:39.977: D/memalloc(168): ion: Allocated buffer base:0x4424a000 size:4096000 fd:48
05-15 07:26:39.977: D/memalloc(168): ion: Allocated buffer base:0x44660000 size:2662400 fd:34
05-15 07:26:39.977: D/memalloc(1702): ion: Mapped buffer base:0x5f9b3000 size:4096000 offset:0 fd:104
05-15 07:26:39.987: D/memalloc(1702): ion: Mapped buffer base:0x5fd9b000 size:2662400 offset:0 fd:107
05-15 07:26:40.007: I/ClipboardServiceEx(397): mCBPickerDialog enter case. MSG_DISMISS_DIALOG
05-15 07:26:40.007: E/AlarmManagerService(397): android_server_AlarmManagerService_set to type=2, 507261.742000000
05-15 07:26:40.017: E/(1702): Can't open file for reading
05-15 07:26:40.017: E/(1702): Can't open file for reading
05-15 07:26:40.098: I/Adreno200-EGLSUB(168): : Android Image
05-15 07:26:40.098: I/Adreno200-EGLSUB(168): : RGBA_8888
05-15 07:26:40.198: V/LauncherAppWidgetHostView(690): dispatchSaveInstanceState: widgetid=2 vid=-1
05-15 07:26:40.218: W/SurfaceFlinger(168): id=625 Removed idx=4 Map Size=5
05-15 07:26:40.218: W/SurfaceFlinger(168): id=625 Removed idx=-2 Map Size=5
05-15 07:26:40.218: D/memalloc(397): ion: Unmapping buffer base:0x659d2000 size:4096000
05-15 07:26:40.218: V/LauncherAppWidgetHostView(690): dispatchSaveInstanceState: widgetid=3 vid=-1
05-15 07:26:40.228: D/memalloc(168): ion: Freeing buffer base:0x42e6b000 size:4096000 fd:32
05-15 07:26:40.228: D/memalloc(168): ion: Unmapping buffer base:0x42e6b000 size:4096000
05-15 07:26:40.238: D/GpsLocationProvider(397): Gps MessageHandler. msg.what 3 msg.arg1:1 msg.arg2: 1
05-15 07:26:40.238: V/LauncherAppWidgetHostView(690): dispatchSaveInstanceState: widgetid=5 vid=-1
05-15 07:26:40.248: V/LauncherAppWidgetHostView(690): dispatchSaveInstanceState: widgetid=6 vid=-1
05-15 07:26:40.278: W/dalvikvm(1702): VFY: unable to resolve static field 899 (MapAttrs) in Lcom/google/android/gms/R$styleable;
05-15 07:26:40.298: I/Launcher(690): onStop. Launcher: 42c02850
05-15 07:26:40.308: D/FStest(690): check default
05-15 07:26:40.328: D/GpsLocationProvider(397): In handleEnableLocationTrackingGps. enable true
05-15 07:26:40.328: D/GpsLocationProvider(397): In startNavigating. singleShot false mHybridStarted: falsemGpsStarted: false
05-15 07:26:40.328: E/LocSvc_afw(397): I/Entering int loc_set_position_mode(GpsPositionMode, GpsPositionRecurrence, uint32_t, uint32_t, uint32_t) line 422
05-15 07:26:40.328: E/LocSvc_eng(397): I/===> int loc_eng_set_position_mode(loc_eng_data_s_type&, LocPosMode&) line 646
05-15 07:26:40.328: E/LocSvc_eng(397): D/loc_eng_set_position_mode() application requested operation_mode = 1
05-15 07:26:40.328: E/LocSvc_utils_cfg(397): D/loc_read_sec_gps_conf: no file, using defaults
05-15 07:26:40.328: E/LocSvc_eng(397): D/loc_eng_set_position_mode() SEC preferred accuracy = 150
05-15 07:26:40.428: E/LocSvc_eng(397): D/void loc_eng_deferred_action_thread(void*):1383] received msg_id = LOC_ENG_MSG_SET_POSITION_MODE context = 0x1dcb910
05-15 07:26:40.428: E/LocSvc_eng(397): I/Exiting int loc_eng_set_position_mode(loc_eng_data_s_type&, LocPosMode&) line 686 0
05-15 07:26:40.428: E/LocSvc_afw(397): I/Exiting int loc_set_position_mode(GpsPositionMode, GpsPositionRecurrence, uint32_t, uint32_t, uint32_t) line 440 0
05-15 07:26:40.428: E/LocSvc_afw(397): I/Entering int loc_start() line 368
05-15 07:26:40.428: E/LocSvc_eng(397): I/===> int loc_eng_start(loc_eng_data_s_type&) line 493
05-15 07:26:40.428: D/LocSvc_adapter(397): loc_eng_set_position mode, client = 0, interval = 5000, mode = 1
05-15 07:26:40.428: E/LocSvc_api_rpc_glue(397): I/Entering loc_ioctl line 473
05-15 07:26:40.428: E/LocSvc_api_rpc_glue(397): I/---> loc_ioctl line 570 RPC_LOC_IOCTL_SET_FIX_CRITERIA
05-15 07:26:40.428: E/LocSvc_eng(397): D/loc_eng_start() : call loc_eng_sec_set_param
05-15 07:26:40.428: E/LocSvc_eng(397): D/loc_eng_sec_set_param
05-15 07:26:40.428: E/LocSvc_utils_cfg(397): D/loc_read_sec_gps_conf: no file, using defaults
05-15 07:26:40.428: E/LocSvc_eng(397): E/loc_eng_sec_set_param(): Fail to read sec GPS config!. default config will be set
05-15 07:26:40.428: D/RPC(397): 3000008c:00050000 sending call (XID 2110).
05-15 07:26:40.448: D/RPC(397): 3000008c:00050000 received REPLY (XID 2110), grabbing mutex to wake up client.
05-15 07:26:40.448: D/RPC(397): 3000008c:00050000 waiting for XDR input buffer to be consumed.
05-15 07:26:40.448: D/RPC(397): 3000008c:00050000 call success.
05-15 07:26:40.448: D/RPC(397): 3000008c:00050000 received CALL.
05-15 07:26:40.448: E/LocSvc_api_rpc_glue(397): D/loc_eng_ioctl result: client = 0, ioctl_type = RPC_LOC_IOCTL_SET_FIX_CRITERIA, returt RPC_LOC_API_SUCCESS
05-15 07:26:40.448: E/LocSvc_adapter(397): I/<--- int32 loc_event_cb(void*, rpc_loc_client_handle_type, rpc_loc_event_mask_type, const rpc_loc_event_payload_u_type*) line 70 RPC_LOC_EVENT_IOCTL_REPORT
05-15 07:26:40.448: E/LocSvc_adapter(397): I/Exiting int32 loc_event_cb(void*, rpc_loc_client_handle_type, rpc_loc_event_mask_type, const rpc_loc_event_payload_u_type*) line 73 0
05-15 07:26:40.448: E/LocSvc_eng(397): I/===> int loc_eng_set_server_proxy(loc_eng_data_s_type&, LocServerType, const char*, int) line 1147
05-15 07:26:40.448: D/RPC(397): 3000008c:00050000 dispatching RPC call (XID 112722, xdr 0x1cd52c8) for callback client 3100008c:00050001.
05-15 07:26:40.448: D/RPC(397): 3100008c:327681 sending RPC reply (XID 112722)
05-15 07:26:40.468: D/memalloc(168): ion: Allocated buffer base:0x42e6b000 size:4096000 fd:32
05-15 07:26:40.468: D/memalloc(1702): ion: Mapped buffer base:0x604f0000 size:4096000 offset:0 fd:110
05-15 07:26:40.498: I/Adreno200-EGLSUB(168): : Android Image
05-15 07:26:40.498: I/Adreno200-EGLSUB(168): : RGBA_8888
05-15 07:26:40.568: I/AndroidHttpClient$2(1702): execute() finalHttpResponse.getStatusLine()=HTTP/1.1 200 OK
05-15 07:26:40.568: I/AndroidHttpClient$2(1702): execute()#finished
05-15 07:26:40.608: D/memalloc(168): ion: Allocated buffer base:0x43e62000 size:2662400 fd:55
05-15 07:26:40.618: D/memalloc(1702): ion: Mapped buffer base:0x60a5d000 size:2662400 offset:0 fd:113
05-15 07:26:40.618: I/Adreno200-EGLSUB(168): : Android Image
05-15 07:26:40.618: I/Adreno200-EGLSUB(168): : RGBX_8888
05-15 07:26:40.618: D/FStest(690): check default
05-15 07:26:40.638: D/memalloc(168): ion: Allocated buffer base:0x44cd2000 size:2662400 fd:58
05-15 07:26:40.638: D/memalloc(1702): ion: Mapped buffer base:0x60cf7000 size:2662400 offset:0 fd:116
05-15 07:26:40.638: I/Adreno200-EGLSUB(168): : Android Image
05-15 07:26:40.638: I/Adreno200-EGLSUB(168): : RGBX_8888
05-15 07:26:40.658: I/Adreno200-EGLSUB(168): : Android Image
05-15 07:26:40.658: I/Adreno200-EGLSUB(168): : RGBX_8888
05-15 07:26:40.738: E/LocSvc_eng(397): I/Entering int loc_eng_set_server(loc_eng_data_s_type&, LocServerType, const char*, int) line 1087
05-15 07:26:40.768: E/LocSvc_eng(397): I/Exiting int loc_eng_set_server(loc_eng_data_s_type&, LocServerType, const char*, int) line 1121 0
05-15 07:26:40.768: E/LocSvc_eng(397): D/void loc_eng_deferred_action_thread(void*):1383] received msg_id = LOC_ENG_MSG_SET_SERVER_URL context = 0x1dcb910
05-15 07:26:40.768: E/LocSvc_adapter(397): D/loc_eng_set_server, addr = h-slp.mnc410.mcc310.pub.3gppnetwork.org:7275
05-15 07:26:40.768: E/LocSvc_api_rpc_glue(397): I/Entering loc_ioctl line 473
05-15 07:26:40.768: E/LocSvc_api_rpc_glue(397): I/---> loc_ioctl line 570 RPC_LOC_IOCTL_SET_UMTS_SLP_SERVER_ADDR
05-15 07:26:40.768: D/RPC(397): 3000008c:00050000 sending call (XID 2111).
05-15 07:26:40.798: E/LocSvc_eng(397): I/Exiting int loc_eng_set_server_proxy(loc_eng_data_s_type&, LocServerType, const char*, int) line 1187 0
05-15 07:26:40.798: E/LocSvc_eng(397): I/===> int loc_eng_sec_set_agps_mode(loc_eng_data_s_type&, int) line 2163
05-15 07:26:40.798: E/LocSvc_eng(397): D/loc_eng_sec_set_agps_mode(before converting), 2
05-15 07:26:40.798: E/LocSvc_eng(397): I/Exiting int loc_eng_sec_set_agps_mode(loc_eng_data_s_type&, int) line 2185 0
05-15 07:26:40.798: E/LocSvc_eng(397): I/===> int loc_eng_sec_set_ssl(loc_eng_data_s_type&, int) line 2137
05-15 07:26:40.798: D/RPC(397): 3000008c:00050000 received REPLY (XID 2111), grabbing mutex to wake up client.
05-15 07:26:40.808: E/LocSvc_api_rpc_glue(397): D/loc_eng_ioctl result: client = 0, ioctl_type = RPC_LOC_IOCTL_SET_UMTS_SLP_SERVER_ADDR, returt RPC_LOC_API_SUCCESS
05-15 07:26:40.808: E/LocSvc_eng(397): D/void loc_eng_deferred_action_thread(void*):1383] received msg_id = LOC_ENG_MSG_AGPS_MODE context = 0x1dcb910
05-15 07:26:40.808: E/LocSvc_eng(397): D/LOC_ENG_MSG_AGPS_MODE received
05-15 07:26:40.808: E/LocSvc_adapter(397): D/LocApiRpcAdapter ::setAgpsMode()
05-15 07:26:40.808: E/LocSvc_api_rpc_glue(397): I/Entering loc_ioctl line 473
05-15 07:26:40.808: E/LocSvc_api_rpc_glue(397): I/---> loc_ioctl line 570 RPC_LOC_IOCTL_SET_AGPS_MODE
05-15 07:26:40.808: E/LocSvc_adapter(397): I/<--- int32 loc_event_cb(void*, rpc_loc_client_handle_type, rpc_loc_event_mask_type, const rpc_loc_event_payload_u_type*) line 70 RPC_LOC_EVENT_IOCTL_REPORT
05-15 07:26:40.808: E/LocSvc_adapter(397): I/Exiting int32 loc_event_cb(void*, rpc_loc_client_handle_type, rpc_loc_event_mask_type, const rpc_loc_event_payload_u_type*) line 73 0
05-15 07:26:40.808: D/RPC(397): 3000008c:00050000 call success.
05-15 07:26:40.808: D/RPC(397): 3000008c:00050000 received CALL.
05-15 07:26:40.808: D/RPC(397): 3000008c:00050000 dispatching RPC call (XID 112723, xdr 0x1cd52c8) for callback client 3100008c:00050001.
05-15 07:26:40.808: D/RPC(397): 3000008c:00050000 sending call (XID 2112).
05-15 07:26:40.808: D/RPC(397): 3100008c:327681 sending RPC reply (XID 112723)
05-15 07:26:40.808: D/RPC(397): 3000008c:00050000 received REPLY (XID 2112), grabbing mutex to wake up client.
05-15 07:26:40.808: D/RPC(397): 3000008c:00050000 call success.
05-15 07:26:40.818: D/RPC(397): 3000008c:00050000 received CALL.
05-15 07:26:40.818: E/LocSvc_eng(397): D/loc_eng_sec_set_ssl, 1
05-15 07:26:40.818: E/LocSvc_eng(397): I/Exiting int loc_eng_sec_set_ssl(loc_eng_data_s_type&, int) line 2144 0
05-15 07:26:40.818: E/LocSvc_api_rpc_glue(397): D/loc_eng_ioctl result: client = 0, ioctl_type = RPC_LOC_IOCTL_SET_AGPS_MODE, returt RPC_LOC_API_SUCCESS
05-15 07:26:40.818: E/LocSvc_eng(397): D/void loc_eng_deferred_action_thread(void*):1383] received msg_id = LOC_ENG_MSG_USE_SSL context = 0x1dcb910
05-15 07:26:40.818: E/LocSvc_eng(397): D/LOC_ENG_MSG_USE_SSL received
05-15 07:26:40.818: E/LocSvc_adapter(397): D/LocApiRpcAdapter ::setUseSSL()
05-15 07:26:40.818: E/LocSvc_api_rpc_glue(397): I/Entering loc_ioctl line 473
05-15 07:26:40.818: E/LocSvc_api_rpc_glue(397): I/---> loc_ioctl line 570 RPC_LOC_IOCTL_SET_SSL_MODE
05-15 07:26:40.818: E/LocSvc_adapter(397): I/<--- int32 loc_event_cb(void*, rpc_loc_client_handle_type, rpc_loc_event_mask_type, const rpc_loc_event_payload_u_type*) line 70 RPC_LOC_EVENT_IOCTL_REPORT
05-15 07:26:40.818: E/LocSvc_adapter(397): I/Exiting int32 loc_event_cb(void*, rpc_loc_client_handle_type, rpc_loc_event_mask_type, const rpc_loc_event_payload_u_type*) line 73 0
05-15 07:26:40.818: D/RPC(397): 3000008c:00050000 dispatching RPC call (XID 112724, xdr 0x1cd52c8) for callback client 3100008c:00050001.
05-15 07:26:40.818: D/RPC(397): 3000008c:00050000 sending call (XID 2113).
05-15 07:26:40.818: D/RPC(397): 3000008c:00050000 received REPLY (XID 2113), grabbing mutex to wake up client.
05-15 07:26:40.818: D/RPC(397): 3100008c:327681 sending RPC reply (XID 112724)
05-15 07:26:40.818: D/RPC(397): 3000008c:00050000 call success.
05-15 07:26:40.818: D/RPC(397): 3000008c:00050000 received CALL.
05-15 07:26:40.828: E/LocSvc_api_rpc_glue(397): D/loc_eng_ioctl result: client = 0, ioctl_type = RPC_LOC_IOCTL_SET_SSL_MODE, returt RPC_LOC_API_SUCCESS
05-15 07:26:40.828: E/LocSvc_adapter(397): I/<--- int32 loc_event_cb(void*, rpc_loc_client_handle_type, rpc_loc_event_mask_type, const rpc_loc_event_payload_u_type*) line 70 RPC_LOC_EVENT_IOCTL_REPORT
05-15 07:26:40.828: E/LocSvc_adapter(397): I/Exiting int32 loc_event_cb(void*, rpc_loc_client_handle_type, rpc_loc_event_mask_type, const rpc_loc_event_payload_u_type*) line 73 0
05-15 07:26:40.828: D/RPC(397): 3000008c:00050000 dispatching RPC call (XID 112725, xdr 0x1cd52c8) for callback client 3100008c:00050001.
05-15 07:26:40.828: D/RPC(397): 3100008c:327681 sending RPC reply (XID 112725)
05-15 07:26:40.838: E/LocSvc_eng(397): I/===> int loc_eng_sec_set_ssl_type(loc_eng_data_s_type&, int) line 2150
05-15 07:26:40.838: E/LocSvc_eng(397): D/loc_eng_sec_set_ssl_type, 0
05-15 07:26:40.838: E/LocSvc_eng(397): I/Exiting int loc_eng_sec_set_ssl_type(loc_eng_data_s_type&, int) line 2157 0
05-15 07:26:40.838: E/LocSvc_eng(397): D/void loc_eng_deferred_action_thread(void*):1383] received msg_id = LOC_ENG_MSG_CERT_TYPE context = 0x1dcb910
05-15 07:26:40.838: E/LocSvc_eng(397): D/LOC_ENG_MSG_CERT_TYPE received
05-15 07:26:40.838: E/LocSvc_adapter(397): D/LocApiRpcAdapter ::setCertType()
05-15 07:26:40.838: E/LocSvc_api_rpc_glue(397): I/Entering loc_ioctl line 473
05-15 07:26:40.838: E/LocSvc_api_rpc_glue(397): I/---> loc_ioctl line 570 RPC_LOC_IOCTL_SET_CERT_TYPE
05-15 07:26:40.838: E/LocSvc_api_rpc_glue(397): D/loc_eng_ioctl result: client = 0, ioctl_type = RPC_LOC_IOCTL_SET_CERT_TYPE, returt RPC_LOC_API_SUCCESS
05-15 07:26:40.838: E/LocSvc_adapter(397): I/<--- int32 loc_event_cb(void*, rpc_loc_client_handle_type, rpc_loc_event_mask_type, const rpc_loc_event_payload_u_type*) line 70 RPC_LOC_EVENT_IOCTL_REPORT
05-15 07:26:40.838: D/RPC(397): 3000008c:00050000 sending call (XID 2114).
05-15 07:26:40.838: D/RPC(397): 3000008c:00050000 received REPLY (XID 2114), grabbing mutex to wake up client.
05-15 07:26:40.838: D/RPC(397): 3000008c:00050000 call success.
05-15 07:26:40.838: D/RPC(397): 3000008c:00050000 received CALL.
05-15 07:26:40.838: D/RPC(397): 3000008c:00050000 dispatching RPC call (XID 112726, xdr 0x1cd52c8) for callback client 3100008c:00050001.
05-15 07:26:40.848: E/LocSvc_adapter(397): I/Exiting int32 loc_event_cb(void*, rpc_loc_client_handle_type, rpc_loc_event_mask_type, const rpc_loc_event_payload_u_type*) line 73 0
05-15 07:26:40.848: E/LocSvc_eng(397): I/===> int loc_eng_sec_set_supl_version(loc_eng_data_s_type&, int) line 2206
05-15 07:26:40.848: E/LocSvc_eng(397): D/loc_eng_sec_set_supl_version, 2
05-15 07:26:40.848: E/LocSvc_eng(397): D/void loc_eng_deferred_action_thread(void*):1383] received msg_id = LOC_ENG_MSG_SUPL_VERSION context = 0x1dcb910
05-15 07:26:40.848: E/LocSvc_api_rpc_glue(397): I/Entering loc_ioctl line 473
05-15 07:26:40.848: E/LocSvc_api_rpc_glue(397): I/---> loc_ioctl line 570 RPC_LOC_IOCTL_SET_SUPL_VERSION
05-15 07:26:40.848: E/LocSvc_eng(397): I/Exiting int loc_eng_sec_set_supl_version(loc_eng_data_s_type&, int) line 2217 0
05-15 07:26:40.848: E/LocSvc_eng(397): I/===> int loc_eng_sec_set_xtra_enable(loc_eng_data_s_type&, int) line 2191
05-15 07:26:40.848: E/LocSvc_eng(397): D/loc_eng_sec_set_xtra_enable, 1
05-15 07:26:40.848: E/LocSvc_eng(397): I/Exiting int loc_eng_sec_set_xtra_enable(loc_eng_data_s_type&, int) line 2200 0
05-15 07:26:40.848: E/LocSvc_eng(397): I/===> int loc_eng_sec_set_glonass_enable(loc_eng_data_s_type&, int) line 2223
05-15 07:26:40.848: E/LocSvc_eng(397): D/loc_eng_sec_set_glonass_enable, 1
05-15 07:26:40.848: E/LocSvc_eng(397): I/Exiting int loc_eng_sec_set_glonass_enable(loc_eng_data_s_type&, int) line 2230 0
05-15 07:26:40.848: E/LocSvc_eng(397): D/gps_set_battery_flag, connect=1
05-15 07:26:40.848: D/RPC(397): 3000008c:00050000 sending call (XID 2115).
05-15 07:26:40.848: D/RPC(397): 3000008c:00050000 received REPLY (XID 2115), grabbing mutex to wake up client.
05-15 07:26:40.848: D/RPC(397): 3000008c:00050000 call success.
05-15 07:26:40.848: D/RPC(397): 3100008c:327681 sending RPC reply (XID 112726)
05-15 07:26:40.858: E/LocSvc_eng(397): I/Exiting int loc_eng_start(loc_eng_data_s_type&) line 518 0
05-15 07:26:40.858: E/LocSvc_api_rpc_glue(397): D/loc_eng_ioctl result: client = 0, ioctl_type = RPC_LOC_IOCTL_SET_SUPL_VERSION, returt RPC_LOC_API_SUCCESS
05-15 07:26:40.858: E/LocSvc_eng(397): D/void loc_eng_deferred_action_thread(void*):1383] received msg_id = LOC_ENG_MSG_XTRA_ENABLE context = 0x1dcb910
05-15 07:26:40.858: E/LocSvc_eng(397): D/LOC_ENG_MSG_XTRA_ENABLE received
05-15 07:26:40.858: E/LocSvc_adapter(397): D/LocApiRpcAdapter ::setXtraEnable()
05-15 07:26:40.858: E/LocSvc_api_rpc_glue(397): I/Entering loc_ioctl line 473
05-15 07:26:40.858: E/LocSvc_api_rpc_glue(397): I/---> loc_ioctl line 570 RPC_LOC_IOCTL_SET_XTRA_ENABLE
05-15 07:26:40.858: E/LocSvc_adapter(397): I/<--- int32 loc_event_cb(void*, rpc_loc_client_handle_type, rpc_loc_event_mask_type, const rpc_loc_event_payload_u_type*) line 70 RPC_LOC_EVENT_IOCTL_REPORT
05-15 07:26:40.858: E/LocSvc_adapter(397): I/Exiting int32 loc_event_cb(void*, rpc_loc_client_handle_type, rpc_loc_event_mask_type, const rpc_loc_event_payload_u_type*) line 73 0
05-15 07:26:40.858: E/LocSvc_afw(397): I/Exiting int loc_start() line 371 0
05-15 07:26:40.858: D/RPC(397): 3000008c:00050000 received CALL.
05-15 07:26:40.858: D/RPC(397): 3000008c:00050000 dispatching RPC call (XID 112727, xdr 0x1cd52c8) for callback client 3100008c:00050001.
05-15 07:26:40.858: D/RPC(397): 3000008c:00050000 sending call (XID 2116).
05-15 07:26:40.858: D/RPC(397): 3000008c:00050000 received REPLY (XID 2116), grabbing mutex to wake up client.
05-15 07:26:40.858: D/RPC(397): 3000008c:00050000 call success.
05-15 07:26:40.858: D/RPC(397): 3100008c:327681 sending RPC reply (XID 112727)
05-15 07:26:40.878: D/RPC(397): 3000008c:00050000 received CALL.
05-15 07:26:40.878: E/LocSvc_api_rpc_glue(397): D/loc_eng_ioctl result: client = 0, ioctl_type = RPC_LOC_IOCTL_SET_XTRA_ENABLE, returt RPC_LOC_API_SUCCESS
05-15 07:26:40.878: E/LocSvc_eng(397): D/void loc_eng_deferred_action_thread(void*):1383] received msg_id = LOC_ENG_MSG_GLONASS_CONTROL context = 0x1dcb910
05-15 07:26:40.878: E/LocSvc_eng(397): D/LOC_ENG_MSG_GLONASS_CONTROL received
05-15 07:26:40.878: E/LocSvc_adapter(397): D/LocApiRpcAdapter ::setGlonassEnable()
05-15 07:26:40.878: E/LocSvc_api_rpc_glue(397): I/Entering loc_ioctl line 473
05-15 07:26:40.878: E/LocSvc_api_rpc_glue(397): I/---> loc_ioctl line 570 RPC_LOC_IOCTL_SET_GLONASS_ENABLE
05-15 07:26:40.878: E/LocSvc_adapter(397): I/<--- int32 loc_event_cb(void*, rpc_loc_client_handle_type, rpc_loc_event_mask_type, const rpc_loc_event_payload_u_type*) line 70 RPC_LOC_EVENT_IOCTL_REPORT
05-15 07:26:40.878: D/RPC(397): 3000008c:00050000 dispatching RPC call (XID 112728, xdr 0x1cd52c8) for callback client 3100008c:00050001.
05-15 07:26:40.878: D/RPC(397): 3000008c:00050000 sending call (XID 2117).
05-15 07:26:40.878: D/RPC(397): 3000008c:00050000 received REPLY (XID 2117), grabbing mutex to wake up client.
05-15 07:26:40.878: D/RPC(397): 3000008c:00050000 call success.
05-15 07:26:40.888: E/LocSvc_adapter(397): I/Exiting int32 loc_event_cb(void*, rpc_loc_client_handle_type, rpc_loc_event_mask_type, const rpc_loc_event_payload_u_type*) line 73 0
05-15 07:26:40.888: E/LocSvc_api_rpc_glue(397): D/loc_eng_ioctl result: client = 0, ioctl_type = RPC_LOC_IOCTL_SET_GLONASS_ENABLE, returt RPC_LOC_API_SUCCESS
05-15 07:26:40.888: E/LocSvc_eng(397): D/void loc_eng_deferred_action_thread(void*):1383] received msg_id = LOC_ENG_MSG_START_FIX context = 0x1dcb910
05-15 07:26:40.888: E/LocSvc_eng(397): I/Entering int loc_eng_start_handler(loc_eng_data_s_type&) line 524
05-15 07:26:40.888: E/LocSvc_adapter(397): D/LocApiRpcAdapter::startFix() called
05-15 07:26:40.888: E/LocSvc_api_rpc_glue(397): I/Entering loc_start_fix line 421
05-15 07:26:40.888: E/LocSvc_api_rpc_glue(397): I/---> loc_start_fix line 432 loc start fix
05-15 07:26:40.888: E/LocSvc_adapter(397): I/<--- int32 loc_event_cb(void*, rpc_loc_client_handle_type, rpc_loc_event_mask_type, const rpc_loc_event_payload_u_type*) line 70 RPC_LOC_EVENT_IOCTL_REPORT
05-15 07:26:40.888: D/RPC(397): 3100008c:327681 sending RPC reply (XID 112728)
05-15 07:26:40.888: D/RPC(397): 3000008c:00050000 received CALL.
05-15 07:26:40.888: D/RPC(397): 3000008c:00050000 dispatching RPC call (XID 112729, xdr 0x1cd52c8) for callback client 3100008c:00050001.
05-15 07:26:40.888: D/RPC(397): 3000008c:00050000 sending call (XID 2118).
05-15 07:26:40.898: E/LocSvc_adapter(397): I/Exiting int32 loc_event_cb(void*, rpc_loc_client_handle_type, rpc_loc_event_mask_type, const rpc_loc_event_payload_u_type*) line 73 0
05-15 07:26:40.898: E/LocSvc_eng(397): I/Exiting int loc_eng_start_handler(loc_eng_data_s_type&) line 537 0
05-15 07:26:40.898: E/LocSvc_adapter(397): I/<--- int32 loc_event_cb(void*, rpc_loc_client_handle_type, rpc_loc_event_mask_type, const rpc_loc_event_payload_u_type*) line 70 RPC_LOC_EVENT_STATUS_REPORT
05-15 07:26:40.898: E/LocSvc_api_rpc_glue(397): D/Fix session state: RPC_LOC_FIX_SESSION_STATE_BEGIN
05-15 07:26:40.898: E/LocSvc_eng(397): D/void loc_eng_deferred_action_thread(void*):1383] received msg_id = LOC_ENG_MSG_REPORT_STATUS context = 0x1dcb910
05-15 07:26:40.898: E/LocSvc_eng(397): I/Entering void loc_eng_report_status(loc_eng_data_s_type&, GpsStatusValue) line 1243
05-15 07:26:40.898: E/LocSvc_eng(397): I/Entering void loc_inform_gps_status(loc_eng_data_s_type&, GpsStatusValue) line 811
05-15 07:26:40.898: E/LocSvc_eng(397): I/<=== status_cb line 820 GPS_STATUS_SESSION_BEGIN
05-15 07:26:40.898: V/GpsLocationProvider(397): reportStatus status: 1
05-15 07:26:40.898: D/GpsLocationProvider(397): send an intent to notify that the GPS has been enabled or disabled mNavigating = true
05-15 07:26:40.898: E/LocSvc_eng(397): I/Exiting void loc_inform_gps_status(loc_eng_data_s_type&, GpsStatusValue) line 834 None
05-15 07:26:40.898: E/LocSvc_eng(397): I/Exiting void loc_eng_report_status(loc_eng_data_s_type&, GpsStatusValue) line 1288 None
05-15 07:26:40.898: D/RPC(397): 3000008c:00050000 received REPLY (XID 2118), grabbing mutex to wake up client.
05-15 07:26:40.898: D/RPC(397): 3100008c:327681 sending RPC reply (XID 112729)
05-15 07:26:40.898: D/RPC(397): 3000008c:00050000 call success.
05-15 07:26:40.898: D/RPC(397): 3000008c:00050000 received CALL.
05-15 07:26:40.898: D/RPC(397): 3000008c:00050000 dispatching RPC call (XID 112730, xdr 0x1cd52c8) for callback client 3100008c:00050001.
05-15 07:26:40.908: E/LocSvc_adapter(397): I/Exiting int32 loc_event_cb(void*, rpc_loc_client_handle_type, rpc_loc_event_mask_type, const rpc_loc_event_payload_u_type*) line 73 0
05-15 07:26:40.908: D/RPC(397): 3100008c:327681 sending RPC reply (XID 112730)
05-15 07:26:41.309: D/FStest(690): check default
05-15 07:26:41.629: D/FStest(690): check default
05-15 07:26:42.049: D/STATUSBAR-NetworkController(515): onReceive() - RSSI_CHANGED_ACTION, WIFI_STATE, NETWORK_STATE
05-15 07:26:42.360: D/FStest(690): check default
05-15 07:26:42.380: I/APACHE HTTP (thCr=13015) - NafHttpAuthStrategyDefault(1702): (thUse=13021) cached value : gbaSupportIsPossible=false
05-15 07:26:42.380: I/APACHE HTTP (thCr=13015) - NafHttpAuthStrategyDefault(1702): (thUse=13021) It is impossible to support GBA now (many possible reasons: no Android Context, current client is GBA service, etc.), then it will be just usual HTTP.
05-15 07:26:42.380: I/APACHE HTTP (thCr=13021) - NafRequestExecutorWrapperRedirectionHandler(1702): (thUse=13021) It isn't GBA flow, redirection responses are not handled.
05-15 07:26:42.390: I/AndroidHttpClient$2(1702): executeRequestSending() director.getClass()=class org.apache.http.impl.client.DefaultRequestDirector
05-15 07:26:42.500: I/AndroidHttpClient$2(1702): execute() finalHttpResponse.getStatusLine()=HTTP/1.1 200 OK
05-15 07:26:42.500: I/AndroidHttpClient$2(1702): execute()#finished
05-15 07:26:42.630: I/APACHE HTTP (thCr=13015) - NafHttpAuthStrategyDefault(1702): (thUse=13022) cached value : gbaSupportIsPossible=false
05-15 07:26:42.630: I/APACHE HTTP (thCr=13015) - NafHttpAuthStrategyDefault(1702): (thUse=13022) It is impossible to support GBA now (many possible reasons: no Android Context, current client is GBA service, etc.), then it will be just usual HTTP.
05-15 07:26:42.630: I/APACHE HTTP (thCr=13022) - NafRequestExecutorWrapperRedirectionHandler(1702): (thUse=13022) It isn't GBA flow, redirection responses are not handled.
05-15 07:26:42.630: I/AndroidHttpClient$2(1702): executeRequestSending() director.getClass()=class org.apache.http.impl.client.DefaultRequestDirector
05-15 07:26:42.670: D/FStest(690): check default
05-15 07:26:42.680: I/AndroidHttpClient$2(1702): execute() finalHttpResponse.getStatusLine()=HTTP/1.1 200 OK
05-15 07:26:42.680: I/AndroidHttpClient$2(1702): execute()#finished
05-15 07:26:42.780: I/APACHE HTTP (thCr=13015) - NafHttpAuthStrategyDefault(1702): (thUse=13023) cached value : gbaSupportIsPossible=false
05-15 07:26:42.780: I/APACHE HTTP (thCr=13015) - NafHttpAuthStrategyDefault(1702): (thUse=13023) It is impossible to support GBA now (many possible reasons: no Android Context, current client is GBA service, etc.), then it will be just usual HTTP.
05-15 07:26:42.780: I/APACHE HTTP (thCr=13023) - NafRequestExecutorWrapperRedirectionHandler(1702): (thUse=13023) It isn't GBA flow, redirection responses are not handled.
05-15 07:26:42.790: I/AndroidHttpClient$2(1702): executeRequestSending() director.getClass()=class org.apache.http.impl.client.DefaultRequestDirector
05-15 07:26:42.880: I/AndroidHttpClient$2(1702): execute() finalHttpResponse.getStatusLine()=HTTP/1.1 200 OK
05-15 07:26:42.880: I/AndroidHttpClient$2(1702): execute()#finished
05-15 07:26:42.910: D/RPC(397): 3000008c:00050000 received CALL.
05-15 07:26:42.910: E/LocSvc_adapter(397): I/<--- int32 loc_event_cb(void*, rpc_loc_client_handle_type, rpc_loc_event_mask_type, const rpc_loc_event_payload_u_type*) line 70 RPC_LOC_EVENT_PARSED_POSITION_REPORT
05-15 07:26:42.910: E/LocSvc_api_rpc_glue(397): D/Session status: RPC_LOC_SESS_STATUS_IN_PROGESS Valid mask: 0x61ED
05-15 07:26:42.910: E/LocSvc_api_rpc_glue(397): D/Accuracy: 0.0000000
05-15 07:26:42.910: E/LocSvc_eng(397): D/void loc_eng_deferred_action_thread(void*):1383] received msg_id = LOC_ENG_MSG_REPORT_POSITION context = 0x1dcb910
05-15 07:26:42.910: E/LocSvc_adapter(397): I/Exiting int32 loc_event_cb(void*, rpc_loc_client_handle_type, rpc_loc_event_mask_type, const rpc_loc_event_payload_u_type*) line 73 0
05-15 07:26:42.910: D/RPC(397): 3000008c:00050000 dispatching RPC call (XID 112732, xdr 0x1cd52c8) for callback client 3100008c:00050001.
05-15 07:26:42.910: D/RPC(397): 3100008c:327681 sending RPC reply (XID 112732)
05-15 07:26:43.301: D/RPC(397): 3000008c:00050000 received CALL.
05-15 07:26:43.301: D/RPC(397): 3000008c:00050000 dispatching RPC call (XID 112733, xdr 0x1cd52c8) for callback client 3100008c:00050001.
05-15 07:26:43.311: E/LocSvc_adapter(397): I/<--- int32 loc_event_cb(void*, rpc_loc_client_handle_type, rpc_loc_event_mask_type, const rpc_loc_event_payload_u_type*) line 70 RPC_LOC_EVENT_STATUS_REPORT
05-15 07:26:43.311: E/LocSvc_api_rpc_glue(397): D/Engine state: RPC_LOC_ENGINE_STATE_ON
05-15 07:26:43.311: E/LocSvc_eng(397): D/void loc_eng_deferred_action_thread(void*):1383] received msg_id = LOC_ENG_MSG_REPORT_STATUS context = 0x1dcb910
05-15 07:26:43.311: E/LocSvc_eng(397): I/Entering void loc_eng_report_status(loc_eng_data_s_type&, GpsStatusValue) line 1243
05-15 07:26:43.311: E/LocSvc_eng(397): I/Entering void loc_inform_gps_status(loc_eng_data_s_type&, GpsStatusValue) line 811
05-15 07:26:43.311: E/LocSvc_eng(397): I/<=== status_cb line 820 GPS_STATUS_ENGINE_ON
05-15 07:26:43.311: V/GpsLocationProvider(397): reportStatus status: 3
05-15 07:26:43.311: E/LocSvc_eng(397): I/<=== status_cb line 827 GPS_STATUS_SESSION_BEGIN
05-15 07:26:43.311: V/GpsLocationProvider(397): reportStatus status: 1
05-15 07:26:43.311: E/LocSvc_eng(397): I/Exiting void loc_inform_gps_status(loc_eng_data_s_type&, GpsStatusValue) line 834 None
05-15 07:26:43.311: E/LocSvc_eng(397): I/Exiting void loc_eng_report_status(loc_eng_data_s_type&, GpsStatusValue) line 1288 None
05-15 07:26:43.311: E/LocSvc_adapter(397): I/Exiting int32 loc_event_cb(void*, rpc_loc_client_handle_type, rpc_loc_event_mask_type, const rpc_loc_event_payload_u_type*) line 73 0
05-15 07:26:43.311: D/RPC(397): 3100008c:327681 sending RPC reply (XID 112733)
05-15 07:26:43.511: D/FStest(690): check default
05-15 07:26:43.681: D/FStest(690): check default
05-15 07:26:43.901: D/RPC(397): 3000008c:00050000 received CALL.
05-15 07:26:43.901: E/LocSvc_adapter(397): I/<--- int32 loc_event_cb(void*, rpc_loc_client_handle_type, rpc_loc_event_mask_type, const rpc_loc_event_payload_u_type*) line 70 RPC_LOC_EVENT_PARSED_POSITION_REPORT
05-15 07:26:43.901: E/LocSvc_api_rpc_glue(397): D/Session status: RPC_LOC_SESS_STATUS_IN_PROGESS Valid mask: 0x61ED
05-15 07:26:43.901: E/LocSvc_api_rpc_glue(397): D/Accuracy: 0.0000000
05-15 07:26:43.901: E/LocSvc_eng(397): D/void loc_eng_deferred_action_thread(void*):1383] received msg_id = LOC_ENG_MSG_REPORT_POSITION context = 0x1dcb910
05-15 07:26:43.901: E/LocSvc_adapter(397): I/Exiting int32 loc_event_cb(void*, rpc_loc_client_handle_type, rpc_loc_event_mask_type, const rpc_loc_event_payload_u_type*) line 73 0
05-15 07:26:43.901: D/RPC(397): 3000008c:00050000 dispatching RPC call (XID 112734, xdr 0x1cd52c8) for callback client 3100008c:00050001.
05-15 07:26:43.901: D/RPC(397): 3100008c:327681 sending RPC reply (XID 112734)
05-15 07:26:44.202: D/comsamsungapp(1603): [MSC_Accu]>>> WWP:382 [0:0] onReceive@ androidnetwifiSCAN_RESULTS
05-15 07:26:44.202: D/comsamsungapp(1603): [MSC_Accu]>>> WIM:53 [0:0] AccuWeatherClockWidgetID_Length
05-15 07:26:44.202: D/comsamsungapp(1603): [MSC_Accu]>>> WIM:54 [0:0] getPrefIDs@lngth:0
05-15 07:26:44.212: D/comsamsungapp(1603): [MSC_Accu]>>> WWP:2480 [0:0] mHandler is null!!
05-15 07:26:44.212: D/comsamsungapp(1603): [MSC_Accu]>>> WWP:375 [0:0] refreshhandler is null!!
05-15 07:26:44.212: D/comsamsungapp(1603): [MSC_Accu]>>> WWP:415 [0:0] The widget does not exist in idle!!
05-15 07:26:44.212: E/AlarmManagerService(397): android_server_AlarmManagerService_set to type=2, 507261.742000000
05-15 07:26:44.232: I/APACHE HTTP (thCr=12676) - NafHttpAuthStrategyDefault(28429): (thUse=12677) cached value : gbaSupportIsPossible=false
05-15 07:26:44.232: I/APACHE HTTP (thCr=12676) - NafHttpAuthStrategyDefault(28429): (thUse=12677) It is impossible to support GBA now (many possible reasons: no Android Context, current client is GBA service, etc.), then it will be just usual HTTP.
05-15 07:26:44.232: I/APACHE HTTP (thCr=12677) - NafRequestExecutorWrapperRedirectionHandler(28429): (thUse=12677) It isn't GBA flow, redirection responses are not handled.
05-15 07:26:44.232: I/AndroidHttpClient$2(28429): executeRequestSending() director.getClass()=class org.apache.http.impl.client.DefaultRequestDirector
05-15 07:26:44.302: I/AndroidHttpClient$2(28429): execute() finalHttpResponse.getStatusLine()=HTTP/1.1 200 OK
05-15 07:26:44.302: I/AndroidHttpClient$2(28429): execute()#finished
05-15 07:26:44.332: I/InputReader(397): Touch event's action is 0x0 (deviceType=0) [pCnt=1, pending(waiting finished signal)=0, s=0.680 ]
05-15 07:26:44.332: I/InputDispatcher(397): Delivering touch to current input target: action: 0x0
05-15 07:26:44.332: I/InputDispatcher(397): Delivering touch to current input target: action: 0x0
05-15 07:26:44.332: I/InputDispatcher(397): Delivering touch to current input target: action: 0x0
05-15 07:26:44.332: W/SIP(606): IInputMethodWrapper. mCaller.executeOrSendMessage(MSG_UPDATE_WACOM_STATE)
05-15 07:26:44.332: W/SIP(606): IInputMethodWrapper. inputMethod.updateWacomState(msg.arg1). arg1 =0
05-15 07:26:44.412: E/AlarmManagerService(397): android_server_AlarmManagerService_set to type=2, 507261.742000000
05-15 07:26:44.412: D/WifiService(397): releaseWifiLockLocked: WifiLock{NlpWifiLock type=2 binder=android.os.BinderProxy@434c8a90}
05-15 07:26:44.472: W/SIP(606): IInputMethodWrapper. mCaller.executeOrSendMessage(MSG_UPDATE_WACOM_STATE)
05-15 07:26:44.472: W/SIP(606): IInputMethodWrapper. inputMethod.updateWacomState(msg.arg1). arg1 =0
05-15 07:26:44.482: W/SIP(606): IInputMethodWrapper. mCaller.executeOrSendMessage(MSG_UPDATE_WACOM_STATE)
05-15 07:26:44.482: W/SIP(606): IInputMethodWrapper. inputMethod.updateWacomState(msg.arg1). arg1 =0
05-15 07:26:44.492: W/SIP(606): IInputMethodWrapper. mCaller.executeOrSendMessage(MSG_UPDATE_WACOM_STATE)
05-15 07:26:44.492: W/SIP(606): IInputMethodWrapper. inputMethod.updateWacomState(msg.arg1). arg1 =0
05-15 07:26:44.542: D/FStest(690): check default
05-15 07:26:44.542: W/SIP(606): IInputMethodWrapper. mCaller.executeOrSendMessage(MSG_UPDATE_WACOM_STATE)
05-15 07:26:44.542: W/SIP(606): IInputMethodWrapper. inputMethod.updateWacomState(msg.arg1). arg1 =0
05-15 07:26:44.582: I/InputReader(397): Touch event's action is 0x1 (deviceType=0) [pCnt=1, pending(waiting finished signal)=0, s=]
05-15 07:26:44.582: I/InputDispatcher(397): Delivering touch to current input target: action: 0x1
05-15 07:26:44.582: I/InputDispatcher(397): Delivering touch to current input target: action: 0x1
05-15 07:26:44.582: I/InputDispatcher(397): Delivering touch to current input target: action: 0x1
05-15 07:26:44.582: W/SIP(606): IInputMethodWrapper. mCaller.executeOrSendMessage(MSG_UPDATE_WACOM_STATE)
05-15 07:26:44.582: W/SIP(606): IInputMethodWrapper. inputMethod.updateWacomState(msg.arg1). arg1 =0
05-15 07:26:44.682: D/RPC(397): 3000008c:00050000 received CALL.
05-15 07:26:44.682: E/LocSvc_adapter(397): I/<--- int32 loc_event_cb(void*, rpc_loc_client_handle_type, rpc_loc_event_mask_type, const rpc_loc_event_payload_u_type*) line 70 RPC_LOC_EVENT_NMEA_1HZ_REPORT
05-15 07:26:44.682: D/RPC(397): 3000008c:00050000 dispatching RPC call (XID 112735, xdr 0x1cd52c8) for callback client 3100008c:00050001.
05-15 07:26:44.732: D/FStest(690): check default
05-15 07:26:44.782: E/LocSvc_eng(397): D/void loc_eng_deferred_action_thread(void*):1383] received msg_id = LOC_ENG_MSG_REPORT_NMEA context = 0x1dcb910
05-15 07:26:44.782: E/LocSvc_eng(397): I/<=== nmea_cb line 1559 0x1bc0c48
05-15 07:26:44.782: E/LocSvc_adapter(397): D/loc_eng_report_nmea: $GSV
05-15 07:26:44.792: E/LocSvc_adapter(397): I/Exiting int32 loc_event_cb(void*, rpc_loc_client_handle_type, rpc_loc_event_mask_type, const rpc_loc_event_payload_u_type*) line 73 0
05-15 07:26:44.812: D/RPC(397): 3100008c:327681 sending RPC reply (XID 112735)
05-15 07:26:44.862: I/InputReader(397): Touch event's action is 0x0 (deviceType=0) [pCnt=1, pending(waiting finished signal)=0, s=0.681 ]
05-15 07:26:44.862: I/InputDispatcher(397): Delivering touch to current input target: action: 0x0
05-15 07:26:44.862: I/InputDispatcher(397): Delivering touch to current input target: action: 0x0
05-15 07:26:44.862: I/InputDispatcher(397): Delivering touch to current input target: action: 0x0
05-15 07:26:44.862: W/SIP(606): IInputMethodWrapper. mCaller.executeOrSendMessage(MSG_UPDATE_WACOM_STATE)
05-15 07:26:44.862: W/SIP(606): IInputMethodWrapper. inputMethod.updateWacomState(msg.arg1). arg1 =0
05-15 07:26:44.882: W/SIP(606): IInputMethodWrapper. mCaller.executeOrSendMessage(MSG_UPDATE_WACOM_STATE)
05-15 07:26:44.882: W/SIP(606): IInputMethodWrapper. inputMethod.updateWacomState(msg.arg1). arg1 =0
05-15 07:26:44.892: W/SIP(606): IInputMethodWrapper. mCaller.executeOrSendMessage(MSG_UPDATE_WACOM_STATE)
05-15 07:26:44.892: W/SIP(606): IInputMethodWrapper. inputMethod.updateWacomState(msg.arg1). arg1 =0
05-15 07:26:44.912: W/SIP(606): IInputMethodWrapper. mCaller.executeOrSendMessage(MSG_UPDATE_WACOM_STATE)
05-15 07:26:44.912: W/SIP(606): IInputMethodWrapper. inputMethod.updateWacomState(msg.arg1). arg1 =0
05-15 07:26:44.922: W/SIP(606): IInputMethodWrapper. mCaller.executeOrSendMessage(MSG_UPDATE_WACOM_STATE)
05-15 07:26:44.922: W/SIP(606): IInputMethodWrapper. inputMethod.updateWacomState(msg.arg1). arg1 =0
05-15 07:26:44.932: W/SIP(606): IInputMethodWrapper. mCaller.executeOrSendMessage(MSG_UPDATE_WACOM_STATE)
05-15 07:26:44.932: W/SIP(606): IInputMethodWrapper. inputMethod.updateWacomState(msg.arg1). arg1 =0
05-15 07:26:44.942: E/AlarmManagerService(397): android_server_AlarmManagerService_set to type=2, 507458.689000000
