Samsung_Galaxy_Note_2.3.6_Updating_Location_DDMS_Log.txt
05-15 07:31:36.919: D/dalvikvm(1348): GC_EXPLICIT freed 121K, 39% free 3539K/5767K, external 0K/0K, paused 75ms
05-15 07:31:37.099: I/framebuffer(353): /data/system/enterprise.conf doesn't exist or cannot be opened
05-15 07:31:37.589: W/WifiStateTracker(470): ------ msg.what =8
05-15 07:31:37.619: I/InputReader(470): dispatchTouch::touch event's action is 0, pending(waiting finished signal)=0
05-15 07:31:37.619: I/InputDispatcher(470): Delivering touch to current input target: action: 0, channel '40d48b20 com.sec.android.app.twlauncher/com.sec.android.app.twlauncher.Launcher (server)'
05-15 07:31:37.619: I/InputDispatcher(470): Delivering touch to current input target: action: 0, channel '40912300 com.android.internal.service.wallpaper.ImageWallpaper (server)'
05-15 07:31:37.619: I/InputDispatcher(470): Delivering touch to current input target: action: 0, channel 'PenGestureView (server)'
05-15 07:31:37.689: I/InputReader(470): dispatchTouch::touch event's action is 1, pending(waiting finished signal)=0
05-15 07:31:37.689: I/InputDispatcher(470): Delivering touch to current input target: action: 1, channel '40d48b20 com.sec.android.app.twlauncher/com.sec.android.app.twlauncher.Launcher (server)'
05-15 07:31:37.689: I/InputDispatcher(470): Delivering touch to current input target: action: 1, channel '40912300 com.android.internal.service.wallpaper.ImageWallpaper (server)'
05-15 07:31:37.689: I/InputDispatcher(470): Delivering touch to current input target: action: 1, channel 'PenGestureView (server)'
05-15 07:31:37.699: V/AudioPolicyManager(325): getParamFromPolicy deviceInt = 0, situationInt = 1, situationVolume = 1.000000
05-15 07:31:37.699: V/AudioPolicyService(325): startOutput() tid 567
05-15 07:31:37.699: V/AudioPolicyManager(325): startOutput() output 1, stream 1, session 16
05-15 07:31:37.699: V/AudioPolicyManager(325): getDeviceForStrategy() from cache strategy 0, device 2
05-15 07:31:37.699: V/AudioPolicyManager(325): getNewDevice() selected device 2
05-15 07:31:37.699: V/AudioPolicyManager(325): setOutputDevice() output 1 device 2 delayMs 0
05-15 07:31:37.699: V/AudioPolicyManager(325): setOutputDevice() setting same device 2 or null device for output 1
05-15 07:31:37.699: E/AudioTrack(470): Audio track delete
05-15 07:31:37.699: E/AudioTrack(470): stop 0x67c608
05-15 07:31:37.699: E/AudioTrack(470): Stop complete
05-15 07:31:37.699: E/AudioTrack(470): Audio track exit start
05-15 07:31:37.699: E/AudioTrack(470): Audio track exit done
05-15 07:31:37.699: V/AudioPolicyService(325): releaseOutput() tid 426
05-15 07:31:37.699: V/AudioPolicyManager(325): releaseOutput() 1
05-15 07:31:37.719: V/AudioHardwareMSM8660(325): open driver
05-15 07:31:37.729: V/AudioHardwareMSM8660(325): get config
05-15 07:31:37.729: V/AudioHardwareMSM8660(325): set config
05-15 07:31:37.729: V/AudioHardwareMSM8660(325): buffer_size: 4800
05-15 07:31:37.729: V/AudioHardwareMSM8660(325): buffer_count: 2
05-15 07:31:37.729: V/AudioHardwareMSM8660(325): channel_count: 2
05-15 07:31:37.729: V/AudioHardwareMSM8660(325): sample_rate: 44100
05-15 07:31:37.739: D/AudioHardwareMSM8660(325): write(): dec_id = 1 cur_rx = 2
05-15 07:31:37.739: V/AudioHardwareMSM8660(325): cur_rx for pcm playback = 2
05-15 07:31:37.739: D/AudioHardwareMSM8660(325): value of device and enable is 2 1 ALSA dev id:2
05-15 07:31:37.790: D/ACDB-LOADER(325): ACDB -> send_audio_cal, acdb_id = 2, path = 0
05-15 07:31:37.790: D/ACDB-LOADER(325): ACDB -> send_audtable
05-15 07:31:37.790: D/ACDB-LOADER(325): ACDB -> ACDB_CMD_GET_AUDPROC_COMMON_TABLE
05-15 07:31:37.790: D/ACDB-LOADER(325): ACDB -> AUDIO_SET_AUDPROC_CAL
05-15 07:31:37.790: D/ACDB-LOADER(325): ACDB -> send_audvoltable
05-15 07:31:37.790: D/ACDB-LOADER(325): ACDB -> ACDB_CMD_GET_AUDPROC_GAIN_DEP_VOLTBL_STEP_COPP
05-15 07:31:37.790: D/ACDB-LOADER(325): ACDB -> AUDIO_SET_AUDPROC_VOL_CAL
05-15 07:31:37.810: D/dalvikvm(741): GC_EXTERNAL_ALLOC freed 248K, 43% free 4152K/7239K, external 16844K/16863K, paused 105ms
05-15 07:31:37.820: W/AudioFlinger(325): write blocked for 82 msecs, 5 delayed writes, thread 0x32978
05-15 07:31:37.960: E/AudioTrack(470): stop 0x7c1720
05-15 07:31:37.960: V/AudioPolicyService(325): stopOutput() tid 325
05-15 07:31:37.960: V/AudioPolicyManager(325): stopOutput() output 1, stream 1, session 16
05-15 07:31:37.960: V/AudioPolicyManager(325): getNewDevice() selected device 0
05-15 07:31:37.960: V/AudioPolicyManager(325): setOutputDevice() output 1 device 0 delayMs 0
05-15 07:31:37.960: V/AudioPolicyManager(325): setOutputDevice() setting same device 0 or null device for output 1
05-15 07:31:37.960: E/AudioTrack(470): Stop complete
05-15 07:31:38.110: E/AlarmManagerService(470): android_server_AlarmManagerService_set to type=0, 1368629938.783000000
05-15 07:31:38.110: V/AlarmManager(470): sending alarm Alarm{409d58c0 type 0 com.android.vending}
05-15 07:31:38.130: V/AlarmManager(470): pending wakeup alarm com.android.vending
05-15 07:31:38.320: D/dalvikvm(1615): GC_CONCURRENT freed 732K, 42% free 3986K/6791K, external 0K/0K, paused 3ms+4ms
05-15 07:31:38.350: I/framebuffer(353): /data/system/enterprise.conf doesn't exist or cannot be opened
05-15 07:31:38.590: D/dalvikvm(1615): GC_CONCURRENT freed 139K, 38% free 4274K/6791K, external 0K/0K, paused 2ms+4ms
05-15 07:31:38.670: D/Finsky(1615): [1] 5.onFinished: Installation state replication succeeded.
05-15 07:31:38.841: I/InputReader(470): dispatchTouch::touch event's action is 0, pending(waiting finished signal)=0
05-15 07:31:38.841: I/InputDispatcher(470): Delivering touch to current input target: action: 0, channel '40d48b20 com.sec.android.app.twlauncher/com.sec.android.app.twlauncher.Launcher (server)'
05-15 07:31:38.841: I/InputDispatcher(470): Delivering touch to current input target: action: 0, channel '40912300 com.android.internal.service.wallpaper.ImageWallpaper (server)'
05-15 07:31:38.841: I/InputDispatcher(470): Delivering touch to current input target: action: 0, channel 'PenGestureView (server)'
05-15 07:31:38.931: I/InputReader(470): dispatchTouch::touch event's action is 1, pending(waiting finished signal)=0
05-15 07:31:38.931: I/InputDispatcher(470): Delivering touch to current input target: action: 1, channel '40d48b20 com.sec.android.app.twlauncher/com.sec.android.app.twlauncher.Launcher (server)'
05-15 07:31:38.931: I/InputDispatcher(470): Delivering touch to current input target: action: 1, channel '40912300 com.android.internal.service.wallpaper.ImageWallpaper (server)'
05-15 07:31:38.931: I/InputDispatcher(470): Delivering touch to current input target: action: 1, channel 'PenGestureView (server)'
05-15 07:31:38.931: V/AudioPolicyManager(325): getParamFromPolicy deviceInt = 0, situationInt = 1, situationVolume = 1.000000
05-15 07:31:38.931: V/AudioPolicyService(325): startOutput() tid 426
05-15 07:31:38.931: V/AudioPolicyManager(325): startOutput() output 1, stream 1, session 17
05-15 07:31:38.931: V/AudioPolicyManager(325): getDeviceForStrategy() from cache strategy 0, device 2
05-15 07:31:38.931: V/AudioPolicyManager(325): getNewDevice() selected device 2
05-15 07:31:38.931: V/AudioPolicyManager(325): setOutputDevice() output 1 device 2 delayMs 0
05-15 07:31:38.931: V/AudioPolicyManager(325): setOutputDevice() setting same device 2 or null device for output 1
05-15 07:31:38.931: E/AudioTrack(470): Audio track delete
05-15 07:31:38.931: E/AudioTrack(470): stop 0x7c1720
05-15 07:31:38.931: E/AudioTrack(470): Stop complete
05-15 07:31:38.931: E/AudioTrack(470): Audio track exit start
05-15 07:31:38.931: E/AudioTrack(470): Audio track exit done
05-15 07:31:38.931: V/AudioPolicyService(325): releaseOutput() tid 566
05-15 07:31:38.931: V/AudioPolicyManager(325): releaseOutput() 1
05-15 07:31:38.931: I/ActivityManager(470): Starting: Intent { act=android.intent.action.MAIN cat=[android.intent.category.LAUNCHER] flg=0x10200000 cmp=com.map/.MaptestActivity } from pid 741
05-15 07:31:39.011: D/dalvikvm(470): GC_EXTERNAL_ALLOC freed 1615K, 39% free 8488K/13895K, external 3707K/4616K, paused 69ms
05-15 07:31:39.011: V/LauncherAppWidgetHostView(741): dispatchSaveInstanceState: widgetid=3 vid=-1
05-15 07:31:39.011: V/LauncherAppWidgetHostView(741): dispatchSaveInstanceState: widgetid=5 vid=-1
05-15 07:31:39.021: I/Launcher(741): onPause. Launcher: 4059db78
05-15 07:31:39.051: E/com.samsung.app(3082): [MSC_Accu]>>> WeatherWidgetProvider.java:354 [0:0] onReceive@ sec.android.intent.action.HOME_PAUSE
05-15 07:31:39.051: E/com.samsung.app(3082): [MSC_Accu]>>> WidgetIdManager.java:53 [0:0] AccuWeatherClockWidgetID_Length
05-15 07:31:39.061: E/com.samsung.app(3082): [MSC_Accu]>>> WidgetIdManager.java:54 [0:0] getPrefIDs@lngth:0
05-15 07:31:39.061: E/com.samsung.app(3082): [MSC_Accu]>>> WeatherWidgetProvider.java:1943 [0:0] mHandler is null!!
05-15 07:31:39.061: E/com.samsung.app(3082): [MSC_Accu]>>> WeatherWidgetProvider.java:347 [0:0] refreshhandler is null!!
05-15 07:31:39.061: E/com.samsung.app(3082): [MSC_Accu]>>> WeatherWidgetProvider.java:386 [0:0] The widget does not exist in idle!!
05-15 07:31:39.071: D/GLSurfaceViewGroup(741): Skipped drawing due to suspendDrawingUntilResume()
05-15 07:31:39.071: I/ActivityManager(470): Start proc com.map for activity com.map/.MaptestActivity: pid=3711 uid=10104 gids={1015, 3003}
05-15 07:31:39.081: E/com.samsung.app(1703): [MSC]>>> StockClock_Integration.java:235 [0:0] onReceive sec.android.intent.action.HOME_PAUSE
05-15 07:31:39.081: E/com.samsung.app(1703): [MSC]>>> StockClock_Integration.java:241 [0:0] onReceive : no stock widget!!!
05-15 07:31:39.091: I/PhotoAppWidgetProvider(3117): onReceive
05-15 07:31:39.091: I/PhotoAppWidgetProvider(3117): PauseSlideShow
05-15 07:31:39.091: D/PhotoAppWidgetProvider(3117): onReceive End
05-15 07:31:39.161: D/dalvikvm(3082): GC_CONCURRENT freed 296K, 42% free 3275K/5639K, external 0K/0K, paused 1ms+4ms
05-15 07:31:39.191: D/dalvikvm(470): GC_EXTERNAL_ALLOC freed 103K, 40% free 8410K/13895K, external 6719K/8391K, paused 85ms
05-15 07:31:39.201: I/OrientationDebug(470): [pwm] in updateOrientationListenerLp()
05-15 07:31:39.201: V/OrientationDebug(470): in updateOrientationListenerLp(), Screen status=true, current orientation=-1, SensorEnabled=true
05-15 07:31:39.201: I/OrientationDebug(470): [pwm] needSensorRunningLp(), return true #4
05-15 07:31:39.201: E/WindowManager(470): rotation is : 0
05-15 07:31:39.201: E/AudioTrack(470): stop 0x5b0070
05-15 07:31:39.201: V/AudioPolicyService(325): stopOutput() tid 567
05-15 07:31:39.201: V/AudioPolicyManager(325): stopOutput() output 1, stream 1, session 17
05-15 07:31:39.201: V/AudioPolicyManager(325): getNewDevice() selected device 0
05-15 07:31:39.201: V/AudioPolicyManager(325): setOutputDevice() output 1 device 0 delayMs 0
05-15 07:31:39.201: V/AudioPolicyManager(325): setOutputDevice() setting same device 0 or null device for output 1
05-15 07:31:39.201: E/AudioTrack(470): Stop complete
05-15 07:31:39.211: D/GLSurfaceViewGroup(741): Skipped drawing due to suspendDrawingUntilResume()
05-15 07:31:39.261: I/dalvikvm(3711): Could not find method android.app.Application.onTrimMemory, referenced from method org.appcelerator.titanium.TiApplication.onTrimMemory
05-15 07:31:39.261: W/dalvikvm(3711): VFY: unable to resolve virtual method 126: Landroid/app/Application;.onTrimMemory (I)V
05-15 07:31:39.261: D/dalvikvm(3711): VFY: replacing opcode 0x6f at 0x0011
05-15 07:31:39.261: D/dalvikvm(3711): VFY: dead code 0x0014-0014 in Lorg/appcelerator/titanium/TiApplication;.onTrimMemory (I)V
05-15 07:31:39.271: I/TiApplication(3711): (main) [0,0] checkpoint, app created.
05-15 07:31:39.291: D/InputTransport(470): Input channel constructed: name='4071df80 Starting com.map (server)', ashmemFd=206, receivePipeFd=289, sendPipeFd=282
05-15 07:31:39.291: D/InputTransport(470): Input channel constructed: name='4071df80 Starting com.map (client)', ashmemFd=270, receivePipeFd=271, sendPipeFd=291
05-15 07:31:39.291: I/SurfaceFlinger(470): id=20(4) createSurface 0x1939fc for pid 470 (1x1),2 flag=0, Starting com.map
05-15 07:31:39.291: I/WindowManager(470): CREATE SURFACE Surface(name=Starting com.map, identity=20, mNativeSurface=0) IN SESSION android.view.SurfaceSession@40804bd0: pid=470 format=-1 flags=0x0 / Window{4071df80 Starting com.map paused=false}
05-15 07:31:39.301: I/Launcher(741): onWindowFocusChanged(false)
05-15 07:31:39.301: I/framebuffer(353): /data/system/enterprise.conf doesn't exist or cannot be opened
05-15 07:31:39.311: D/msm8660.gralloc(470): !@/dev/pmem: allocating pmem size=4096000, offset=12394496(0xbd2000)
05-15 07:31:39.361: I/TiApplication(3711): (main) [93,93] Titanium 3.1.0 (2013/04/15 18:46 57634ef)
05-15 07:31:39.371: I/ViewRoot(470): !@FINISH DRAWING : Starting com.map
05-15 07:31:39.381: I/ViewRoot(470): !@finishDrawing is completed : Starting com.map
05-15 07:31:39.391: D/GLSurfaceViewGroup(741): Skipped drawing due to suspendDrawingUntilResume()
05-15 07:31:39.401: I/GLThread(741): noticed surfaceView surface lost tid=14
05-15 07:31:39.401: W/EglHelper(741): destroySurface() tid=14
05-15 07:31:39.471: D/dalvikvm(3711): GC_CONCURRENT freed 293K, 42% free 3323K/5639K, external 0K/0K, paused 3ms+3ms
05-15 07:31:39.511: I/dalvikvm(470): Jit: resizing JitTable from 8192 to 16384
05-15 07:31:39.571: I/TiApplication(3711): (main) [207,300] Titanium Javascript runtime: v8
05-15 07:31:39.571: D/dalvikvm(3711): Trying to load lib /data/data/com.map/lib/libstlport_shared.so 0x4051ca58
05-15 07:31:39.571: D/dalvikvm(3711): Added shared lib /data/data/com.map/lib/libstlport_shared.so 0x4051ca58
05-15 07:31:39.581: D/dalvikvm(3711): No JNI_OnLoad found in /data/data/com.map/lib/libstlport_shared.so 0x4051ca58, skipping init
05-15 07:31:39.581: D/dalvikvm(3711): Trying to load lib /data/data/com.map/lib/libkroll-v8.so 0x4051ca58
05-15 07:31:39.581: I/SurfaceFlinger(470): id=19 Removed com.sec.android.app.twlauncher/com.sec.android.app.twlauncher.Launcher idx=2 Map Size=6
05-15 07:31:39.581: I/SurfaceFlinger(470): id=18 Removed SurfaceView idx=2 Map Size=5
05-15 07:31:39.581: D/dalvikvm(3711): Added shared lib /data/data/com.map/lib/libkroll-v8.so 0x4051ca58
05-15 07:31:39.581: W/WindowManager(470): Window Window{40d48b20 com.sec.android.app.twlauncher/com.sec.android.app.twlauncher.Launcher paused=false} destroyed surface Surface(name=com.sec.android.app.twlauncher/com.sec.android.app.twlauncher.Launcher, identity=-1, mNativeSurface=0), session Session{4099e388 uid 10003}
05-15 07:31:39.581: W/WindowManager(470): Window Window{40d4f5c8 SurfaceView paused=false} destroyed surface Surface(name=SurfaceView, identity=-1, mNativeSurface=0), session Session{4099e388 uid 10003}
05-15 07:31:39.601: I/TiRootActivity(3711): (main) [0,0] checkpoint, on root activity create, savedInstanceState: null
05-15 07:31:39.601: D/SurfaceFlinger(470): remove count:2 destroying com.sec.android.app.twlauncher/com.sec.android.app.twlauncher.Launcher
05-15 07:31:39.601: D/SurfaceFlinger(470): remove count:1 destroying SurfaceView
05-15 07:31:39.721: I/dalvikvm(3711): Could not find method android.app.Activity.invalidateOptionsMenu, referenced from method org.appcelerator.titanium.proxy.ActivityProxy.handleInvalidateOptionsMenu
05-15 07:31:39.721: W/dalvikvm(3711): VFY: unable to resolve virtual method 55: Landroid/app/Activity;.invalidateOptionsMenu ()V
05-15 07:31:39.721: D/dalvikvm(3711): VFY: replacing opcode 0x6e at 0x0006
05-15 07:31:39.822: E/TiApplication(3711): (KrollRuntimeThread) [218,218] APP PROXY: ti.modules.titanium.app.AppModule@405630c0
05-15 07:31:39.852: D/dalvikvm(3711): Trying to load lib /data/data/com.map/lib/libti.map.so 0x4051ca58
05-15 07:31:39.852: D/dalvikvm(3711): Added shared lib /data/data/com.map/lib/libti.map.so 0x4051ca58
05-15 07:31:39.852: D/dalvikvm(3711): No JNI_OnLoad found in /data/data/com.map/lib/libti.map.so 0x4051ca58, skipping init
05-15 07:31:39.982: I/dalvikvm(3711): Could not find method android.view.View.setAlpha, referenced from method org.appcelerator.titanium.view.TiUIView.setOpacity
05-15 07:31:39.982: W/dalvikvm(3711): VFY: unable to resolve virtual method 3519: Landroid/view/View;.setAlpha (F)V
05-15 07:31:39.982: D/dalvikvm(3711): VFY: replacing opcode 0x6e at 0x0043
05-15 07:31:39.982: V/ActivityManagerNative(3711): Is Restriction never enabled?
05-15 07:31:39.982: W/ActivityManager(470): Permission Denial: getTasks() from pid=3711, uid=10104 requires android.permission.GET_TASKS
05-15 07:31:39.982: I/ActivityManager(470): Starting: Intent { cmp=com.map/org.appcelerator.titanium.TiActivity (has extras) } from pid 3711
05-15 07:31:40.002: I/TiAPI(3711): long:-122.512574 lat: 37.9444096
05-15 07:31:40.032: D/dalvikvm(3711): GC_EXTERNAL_ALLOC freed 234K, 40% free 3426K/5703K, external 0K/0K, paused 24ms
05-15 07:31:40.072: D/dalvikvm(3711): GC_EXTERNAL_ALLOC freed 33K, 40% free 3430K/5703K, external 38K/1288K, paused 24ms
05-15 07:31:40.122: D/dalvikvm(3711): GC_EXTERNAL_ALLOC freed 1K, 40% free 3428K/5703K, external 3050K/4576K, paused 23ms
05-15 07:31:40.192: D/dalvikvm(3711): Trying to load lib /data/data/com.map/lib/libtiverify.so 0x4051ca58
05-15 07:31:40.202: D/dalvikvm(3711): Added shared lib /data/data/com.map/lib/libtiverify.so 0x4051ca58
05-15 07:31:40.202: I/TiRootActivity(3711): (main) [0,0] checkpoint, on root activity resume. activity = com.map.MaptestActivity@40529270
05-15 07:31:40.202: D/InputTransport(470): Input channel constructed: name='40912658 com.map/com.map.MaptestActivity (server)', ashmemFd=285, receivePipeFd=296, sendPipeFd=295
05-15 07:31:40.202: D/InputTransport(470): Input channel constructed: name='40912658 com.map/com.map.MaptestActivity (client)', ashmemFd=286, receivePipeFd=288, sendPipeFd=297
05-15 07:31:40.202: D/InputTransport(470): Input channel destroyed: name='40912658 com.map/com.map.MaptestActivity (client)', ashmemFd=286, receivePipeFd=288, sendPipeFd=297
05-15 07:31:40.202: D/InputTransport(3711): Input channel constructed: name='40912658 com.map/com.map.MaptestActivity (client)', ashmemFd=43, receivePipeFd=44, sendPipeFd=45
05-15 07:31:40.212: W/ActivityManager(470): Trying to launch com.map/org.appcelerator.titanium.TiActivity
05-15 07:31:40.252: I/framebuffer(353): /data/system/enterprise.conf doesn't exist or cannot be opened
05-15 07:31:40.322: W/dalvikvm(3711): VFY: unable to resolve static field 894 (common_google_play_services_install_title) in Lcom/google/android/gms/R$string;
05-15 07:31:40.322: D/dalvikvm(3711): VFY: replacing opcode 0x60 at 0x0041
05-15 07:31:40.322: W/dalvikvm(3711): VFY: unable to resolve static field 890 (common_google_play_services_enable_title) in Lcom/google/android/gms/R$string;
05-15 07:31:40.322: D/dalvikvm(3711): VFY: replacing opcode 0x60 at 0x004c
05-15 07:31:40.322: W/dalvikvm(3711): VFY: unable to resolve static field 898 (common_google_play_services_update_title) in Lcom/google/android/gms/R$string;
05-15 07:31:40.322: D/dalvikvm(3711): VFY: replacing opcode 0x60 at 0x0057
05-15 07:31:40.322: D/dalvikvm(3711): VFY: dead code 0x0043-004a in Lcom/google/android/gms/common/GooglePlayServicesUtil;.a (ILandroid/app/Activity;ILandroid/content/DialogInterface$OnCancelListener;I)Landroid/app/Dialog;
05-15 07:31:40.322: D/dalvikvm(3711): VFY: dead code 0x004e-0056 in Lcom/google/android/gms/common/GooglePlayServicesUtil;.a (ILandroid/app/Activity;ILandroid/content/DialogInterface$OnCancelListener;I)Landroid/app/Dialog;
05-15 07:31:40.322: D/dalvikvm(3711): VFY: dead code 0x0059-0061 in Lcom/google/android/gms/common/GooglePlayServicesUtil;.a (ILandroid/app/Activity;ILandroid/content/DialogInterface$OnCancelListener;I)Landroid/app/Dialog;
05-15 07:31:40.322: W/dalvikvm(3711): VFY: unable to resolve static field 891 (common_google_play_services_install_button) in Lcom/google/android/gms/R$string;
05-15 07:31:40.322: D/dalvikvm(3711): VFY: replacing opcode 0x60 at 0x0009
05-15 07:31:40.322: W/dalvikvm(3711): VFY: unable to resolve static field 888 (common_google_play_services_enable_button) in Lcom/google/android/gms/R$string;
05-15 07:31:40.322: D/dalvikvm(3711): VFY: replacing opcode 0x60 at 0x0010
05-15 07:31:40.322: W/dalvikvm(3711): VFY: unable to resolve static field 896 (common_google_play_services_update_button) in Lcom/google/android/gms/R$string;
05-15 07:31:40.322: D/dalvikvm(3711): VFY: replacing opcode 0x60 at 0x0017
05-15 07:31:40.322: D/dalvikvm(3711): VFY: dead code 0x000b-000f in Lcom/google/android/gms/common/GooglePlayServicesUtil;.a (Landroid/content/Context;I)Ljava/lang/String;
05-15 07:31:40.322: D/dalvikvm(3711): VFY: dead code 0x0012-0016 in Lcom/google/android/gms/common/GooglePlayServicesUtil;.a (Landroid/content/Context;I)Ljava/lang/String;
05-15 07:31:40.322: D/dalvikvm(3711): VFY: dead code 0x0019-001d in Lcom/google/android/gms/common/GooglePlayServicesUtil;.a (Landroid/content/Context;I)Ljava/lang/String;
05-15 07:31:40.322: W/dalvikvm(3711): VFY: unable to resolve static field 895 (common_google_play_services_unknown_issue) in Lcom/google/android/gms/R$string;
05-15 07:31:40.322: D/dalvikvm(3711): VFY: replacing opcode 0x60 at 0x0004
05-15 07:31:40.322: D/dalvikvm(3711): VFY: dead code 0x0006-0065 in Lcom/google/android/gms/common/GooglePlayServicesUtil;.b (Landroid/content/Context;II)Ljava/lang/String;
05-15 07:31:40.322: D/dalvikvm(3711): DexOpt: couldn't find field Landroid/content/res/Configuration;.smallestScreenWidthDp
05-15 07:31:40.322: W/dalvikvm(3711): VFY: unable to resolve instance field 33
05-15 07:31:40.322: D/dalvikvm(3711): VFY: replacing opcode 0x52 at 0x0012
05-15 07:31:40.322: D/dalvikvm(3711): VFY: dead code 0x0014-0018 in Lcom/google/android/gms/common/GooglePlayServicesUtil;.b (Landroid/content/res/Resources;)Z
05-15 07:31:40.332: I/dalvikvm(3711): DexOpt: unable to optimize static field ref 0x037d at 0x18 in Lcom/google/android/gms/common/GooglePlayServicesUtil;.b
05-15 07:31:40.332: I/dalvikvm(3711): DexOpt: unable to optimize static field ref 0x037c at 0x38 in Lcom/google/android/gms/common/GooglePlayServicesUtil;.b
05-15 07:31:40.332: I/dalvikvm(3711): DexOpt: unable to optimize static field ref 0x0379 at 0x3f in Lcom/google/android/gms/common/GooglePlayServicesUtil;.b
05-15 07:31:40.332: I/dalvikvm(3711): DexOpt: unable to optimize static field ref 0x0381 at 0x46 in Lcom/google/android/gms/common/GooglePlayServicesUtil;.b
05-15 07:31:40.392: D/dalvikvm(3711): GC_CONCURRENT freed 172K, 38% free 3691K/5895K, external 2741K/5728K, paused 2ms+3ms
05-15 07:31:40.422: W/dalvikvm(3711): Unable to resolve superclass of Lmaps/p/s; (425)
05-15 07:31:40.422: W/dalvikvm(3711): Link of class 'Lmaps/p/s;' failed
05-15 07:31:40.422: W/dalvikvm(3711): Unable to resolve superclass of Lmaps/y/bo; (3818)
05-15 07:31:40.422: W/dalvikvm(3711): Link of class 'Lmaps/y/bo;' failed
05-15 07:31:40.422: W/dalvikvm(3711): Unable to resolve superclass of Lmaps/i/k; (4206)
05-15 07:31:40.422: W/dalvikvm(3711): Link of class 'Lmaps/i/k;' failed
05-15 07:31:40.422: E/dalvikvm(3711): Could not find class 'maps.i.k', referenced from method maps.z.ag.a
05-15 07:31:40.422: W/dalvikvm(3711): VFY: unable to resolve new-instance 3538 (Lmaps/i/k;) in Lmaps/z/ag;
05-15 07:31:40.422: D/dalvikvm(3711): VFY: replacing opcode 0x22 at 0x006d
05-15 07:31:40.432: D/dalvikvm(3711): VFY: dead code 0x006f-007f in Lmaps/z/ag;.a (Landroid/view/LayoutInflater;Lcom/google/android/gms/maps/GoogleMapOptions;ZLjava/lang/String;)Lmaps/z/ag;
05-15 07:31:40.612: W/WifiStateTracker(470): ------ msg.what =8
05-15 07:31:40.612: D/dalvikvm(3711): GC_CONCURRENT freed 677K, 40% free 4149K/6855K, external 3879K/5728K, paused 1ms+2ms
05-15 07:31:40.662: D/InputTransport(470): Input channel constructed: name='4093d310 com.map/org.appcelerator.titanium.TiActivity (server)', ashmemFd=288, receivePipeFd=300, sendPipeFd=299
05-15 07:31:40.662: D/InputTransport(470): Input channel constructed: name='4093d310 com.map/org.appcelerator.titanium.TiActivity (client)', ashmemFd=297, receivePipeFd=298, sendPipeFd=301
05-15 07:31:40.662: D/InputTransport(470): Input channel destroyed: name='4093d310 com.map/org.appcelerator.titanium.TiActivity (client)', ashmemFd=297, receivePipeFd=298, sendPipeFd=301
05-15 07:31:40.662: D/InputTransport(3711): Input channel constructed: name='4093d310 com.map/org.appcelerator.titanium.TiActivity (client)', ashmemFd=92, receivePipeFd=93, sendPipeFd=94
05-15 07:31:40.672: D/LocationManagerService(470): gps location requested by UID(10104) com.map,
05-15 07:31:40.682: I/SurfaceFlinger(470): id=21(1) createSurface 0x42157c for pid 3711 (1x1),1 flag=0, com.map/org.appcelerator.titanium.TiActivity
05-15 07:31:40.682: I/WindowManager(470): CREATE SURFACE Surface(name=com.map/org.appcelerator.titanium.TiActivity, identity=21, mNativeSurface=0) IN SESSION android.view.SurfaceSession@409d95a0: pid=3711 format=-3 flags=0x0 / Window{4093d310 com.map/org.appcelerator.titanium.TiActivity paused=false}
05-15 07:31:40.702: D/SensorManager(3711): ====>>>>> Num Sensor: 1
05-15 07:31:40.702: D/SensorManager(3711): ====>>>>> Num Sensor: 2
05-15 07:31:40.702: D/SensorManager(3711): ====>>>>> Num Sensor: 3
05-15 07:31:40.702: D/SensorManager(3711): ====>>>>> Num Sensor: 4
05-15 07:31:40.702: D/SensorManager(3711): ====>>>>> Num Sensor: 5
05-15 07:31:40.702: D/SensorManager(3711): ====>>>>> Num Sensor: 6
05-15 07:31:40.702: D/SensorManager(3711): ====>>>>> Num Sensor: 7
05-15 07:31:40.702: D/SensorManager(3711): ====>>>>> Num Sensor: 8
05-15 07:31:40.702: D/SensorManager(3711): ====>>>>> Num Sensor: 9
05-15 07:31:40.702: D/SensorManager(3711): ====>>>>> Num Sensor: 0
05-15 07:31:40.702: D/SensorManager(3711): registerListener :: handle = 0 name= K3DH Acceleration Sensor delay= 20000 Listener= maps.h.a@4060ea60
05-15 07:31:40.702: E/SensorManager(3711): thread start
05-15 07:31:40.702: E/SensorManager(3711): =======>>> Sensor Thread Running <<<========
05-15 07:31:40.712: D/msm8660.gralloc(470): !@/dev/pmem: allocating pmem size=4096000, offset=2048000(0x1f4000)
05-15 07:31:40.712: D/LocationManagerService(470): network location requested by UID(10104) com.map,
05-15 07:31:40.712: D/androidNlpServiceThread(776): adding listener com.google.android.location.internal.client.NetworkLocationClient$1@405507b0 with period 45
05-15 07:31:40.712: D/androidNetworkLocationListeners(776): Still have listener com.google.android.location.internal.client.NetworkLocationClient$1@405507b0
05-15 07:31:40.712: D/androidNlpServiceThread(776): adding listener com.google.android.location.internal.client.NetworkLocationClient$1@405507b0 with period 45
05-15 07:31:40.712: D/androidNetworkLocationListeners(776): Still have listener com.google.android.location.internal.client.NetworkLocationClient$1@405507b0
05-15 07:31:40.722: E/AlarmManagerService(470): android_server_AlarmManagerService_set to type=2, 211.686000000
05-15 07:31:40.722: E/AlarmManagerService(470): android_server_AlarmManagerService_set to type=2, 211.687000000
05-15 07:31:40.722: E/wpa_supplicant(601): Ongoing Scan action...
05-15 07:31:40.722: V/AlarmManager(470): Adding alarm Alarm{40ac85d8 type 2 com.google.android.location} at 0
05-15 07:31:40.722: V/AlarmManager(470): Adding alarm Alarm{40ac8628 type 2 com.google.android.location} at 0
05-15 07:31:40.752: E/AlarmManagerService(470): android_server_AlarmManagerService_set to type=2, 211.687000000
05-15 07:31:40.752: V/AlarmManager(470): Adding alarm Alarm{40ac8790 type 2 com.google.android.location} at 0
05-15 07:31:40.752: I/SurfaceFlinger(470): id=22(2) createSurface 0x31cdb4 for pid 3711 (800x826),4 flag=0, SurfaceView
05-15 07:31:40.762: D/libEGL(3711): loaded /system/lib/egl/libGLES_android.so
05-15 07:31:40.762: E/AlarmManagerService(470): android_server_AlarmManagerService_set to type=2, 211.687000000
05-15 07:31:40.762: I/WindowManager(470): CREATE SURFACE Surface(name=SurfaceView, identity=22, mNativeSurface=0) IN SESSION android.view.SurfaceSession@409d95a0: pid=3711 format=4 flags=0x0 / Window{4093eed0 SurfaceView paused=false}
05-15 07:31:40.762: V/AlarmManager(470): Adding alarm Alarm{40ac8f08 type 2 com.google.android.location} at 0
05-15 07:31:40.772: D/libEGL(3711): loaded /system/lib/egl/libEGL_adreno200.so
05-15 07:31:40.772: D/libEGL(3711): loaded /system/lib/egl/libGLESv1_CM_adreno200.so
05-15 07:31:40.772: I/ViewRoot(3711): !@FINISH DRAWING : com.map/org.appcelerator.titanium.TiActivity
05-15 07:31:40.782: I/ActivityManager(470): Displayed com.map/org.appcelerator.titanium.TiActivity: +572ms (total +1s715ms)
05-15 07:31:40.782: D/InputTransport(470): Input channel destroyed: name='4071df80 Starting com.map (server)', ashmemFd=206, receivePipeFd=289, sendPipeFd=282
05-15 07:31:40.782: D/InputTransport(470): Input channel destroyed: name='4071df80 Starting com.map (client)', ashmemFd=270, receivePipeFd=271, sendPipeFd=291
05-15 07:31:40.782: I/ViewRoot(3711): !@finishDrawing is completed : com.map/org.appcelerator.titanium.TiActivity
05-15 07:31:40.782: D/CLIPBOARD(741): Hide Clipboard dialog at Starting input: finished by someone else... !
05-15 07:31:40.792: D/libEGL(3711): loaded /system/lib/egl/libGLESv2_adreno200.so
05-15 07:31:40.802: D/msm8660.gralloc(470): !@/dev/pmem: allocating pmem size=1331200, offset=16490496(0xfba000)
05-15 07:31:40.822: I/ViewRoot(3711): !@FINISH DRAWING : com.map/org.appcelerator.titanium.TiActivity
05-15 07:31:40.822: I/ViewRoot(3711): !@finishDrawing is completed : com.map/org.appcelerator.titanium.TiActivity
05-15 07:31:40.822: D/CLIPBOARD(3711): Hide Clipboard dialog at Starting input: finished by someone else... !
05-15 07:31:40.832: D/msm8660.gralloc(470): !@/dev/pmem: allocating pmem size=4096000, offset=17821696(0x10ff000)
05-15 07:31:40.883: I/Launcher(741): onStop. Launcher: 4059db78
05-15 07:31:40.903: I/GLThread(741): onPause tid=14
05-15 07:31:40.903: I/Main thread(741): onPause waiting for mPaused.
05-15 07:31:40.903: I/GLThread(741): mPaused is now true tid=14
05-15 07:31:40.973: W/dalvikvm(3711): VFY: unable to resolve static field 899 (MapAttrs) in Lcom/google/android/gms/R$styleable;
05-15 07:31:40.973: D/dalvikvm(3711): VFY: replacing opcode 0x62 at 0x000d
05-15 07:31:40.973: D/dalvikvm(3711): VFY: dead code 0x000f-0066 in Lcom/google/android/gms/maps/model/CameraPosition;.createFromAttributes (Landroid/content/Context;Landroid/util/AttributeSet;)Lcom/google/android/gms/maps/model/CameraPosition;
05-15 07:31:41.073: D/msm8660.gralloc(470): !@/dev/pmem: allocating pmem size=1331200, offset=21917696(0x14e7000)
05-15 07:31:41.083: I/SurfaceFlinger(470): id=20 Removed Starting com.map idx=4 Map Size=6
05-15 07:31:41.083: W/WindowManager(470): Window Window{4071df80 Starting com.map paused=false} destroyed surface Surface(name=Starting com.map, identity=-1, mNativeSurface=0), session Session{40a31ba8 uid 1000}
05-15 07:31:41.113: D/SurfaceFlinger(470): remove count:1 destroying Starting com.map
05-15 07:31:41.203: D/AudioHardwareMSM8660(325): AudioStreamOutMSM72xx::standby()
05-15 07:31:41.203: D/AudioHardwareMSM8660(325): Deroute pcm stream
05-15 07:31:41.213: D/AudioHardwareMSM8660(325): value of device and enable is 2 0 ALSA dev id:2
05-15 07:31:41.243: D/BatteryService(470): update start
05-15 07:31:41.243: D/dalvikvm(3711): GC_CONCURRENT freed 812K, 37% free 4939K/7815K, external 4649K/4847K, paused 3ms+5ms
05-15 07:31:41.243: D/BatteryService(470): updateBattery level:2 scale:100 status:2 health:2 present:true voltage: 3546 temperature: 251 technology: Li-ion AC powered:false USB powered:true icon:17302237
05-15 07:31:41.243: D/UiModeManager(470): updateConfigurationLocked: mDockState=0; mCarMode=false; mNightMode=0; uiMode=17
05-15 07:31:41.263: I/framebuffer(353): /data/system/enterprise.conf doesn't exist or cannot be opened
05-15 07:31:42.454: I/framebuffer(353): /data/system/enterprise.conf doesn't exist or cannot be opened
05-15 07:31:43.085: D/dalvikvm(3711): GC_CONCURRENT freed 1523K, 40% free 5448K/9031K, external 4478K/4847K, paused 2ms+4ms
05-15 07:31:43.375: D/dalvikvm(3711): GC_EXTERNAL_ALLOC freed 504K, 41% free 5534K/9223K, external 4790K/4847K, paused 39ms
05-15 07:31:43.615: W/WifiStateTracker(470): ------ msg.what =8
05-15 07:31:43.625: I/framebuffer(353): /data/system/enterprise.conf doesn't exist or cannot be opened
05-15 07:31:44.466: I/framebuffer(353): /data/system/enterprise.conf doesn't exist or cannot be opened
05-15 07:31:45.497: I/framebuffer(353): /data/system/enterprise.conf doesn't exist or cannot be opened
05-15 07:31:45.717: E/AlarmManagerService(470): android_server_AlarmManagerService_set to type=2, 332.404000000
05-15 07:31:45.717: V/AlarmManager(470): sending alarm Alarm{40ac8f08 type 2 com.google.android.location}
05-15 07:31:45.717: V/AlarmManager(470): pending wakeup alarm com.google.android.location
05-15 07:31:45.727: D/WifiLocator(776): Too many no-location APs. Will not compute a location nor go to the server. hasLocation=0 noLocation=0 cacheMiss=0
05-15 07:31:45.727: D/CellLocator(776): Found cell location: Position [redacted]
05-15 07:31:45.727: D/androidNlpServiceThread(776): reporting Location[mProvider=network,mTime=1368628305742,mLatitude=37.9373934,mLongitude=-122.5169733,mHasAltitude=false,mAltitude=0.0,mHasSpeed=false,mSpeed=0.0,mHasBearing=false,mBearing=0.0,mHasAccuracy=true,mAccuracy=1583.0,mExtras=Bundle[{networkLocationSource=cached, networkLocationType=cell}]]
05-15 07:31:45.747: E/AlarmManagerService(470): android_server_AlarmManagerService_set to type=2, 251.687000000
05-15 07:31:45.747: V/AlarmManager(470): Adding alarm Alarm{40a803b8 type 2 com.google.android.location} at 0
05-15 07:31:45.767: D/RPC(470): 3000008c:00050000 sending call (XID 23).
05-15 07:31:45.787: E/power(470): acquire_wake_lock g_error=2
05-15 07:31:45.787: E/power(470): release_wake_lock g_error=2
05-15 07:31:45.787: E/power(470): acquire_wake_lock g_error=2
05-15 07:31:45.787: D/RPC(470): 3000008c:00050000 received REPLY (XID 23), grabbing mutex to wake up client.
05-15 07:31:45.787: D/RPC(470): 3000008c:00050000 waiting for XDR input buffer to be consumed.
05-15 07:31:45.787: D/RPC(470): 3000008c:00050000 call success.
05-15 07:31:45.797: E/power(470): release_wake_lock g_error=2
05-15 07:31:45.797: D/ClientReporter(776): reported location
05-15 07:31:45.797: D/RPC(470): 3000008c:00050000 received CALL.
05-15 07:31:45.797: D/RPC(470): 3000008c:00050000 dispatching RPC call (XID 1159, xdr 0x5064e0) for callback client 3100008c:00050001.
05-15 07:31:45.797: D/RPC(470): 3100008c:327681 sending RPC reply (XID 1159)
05-15 07:31:45.817: D/SensorEventQueue(3711): Remain listener = Sending .. normal delay 200ms
05-15 07:31:45.817: I/SensorEventQueue(3711): sendDelay --- 200000000
05-15 07:31:45.817: D/SensorManager(3711): JNI - sendDelay
05-15 07:31:45.817: I/SensorManager(3711): Set normal delay = true
05-15 07:31:45.817: D/SensorManager(3711): unregisterListener:: disable all sensors for this listener, name = K3DH Acceleration Sensor listener = maps.h.a@4060ea60
05-15 07:31:46.618: W/WifiStateTracker(470): ------ msg.what =8
05-15 07:31:46.678: I/framebuffer(353): /data/system/enterprise.conf doesn't exist or cannot be opened
05-15 07:31:47.689: V/WifiMonitor(470): Event [ SCAN-RESULTS ]
05-15 07:31:47.699: W/WifiStateTracker(470): ------ msg.what =5
05-15 07:31:47.699: I/wpa_supplicant(601): SCAN_RESULTS : [7]
05-15 07:31:47.699: E/com.samsung.app(3082): [MSC_Accu]>>> WeatherWidgetProvider.java:354 [0:0] onReceive@ android.net.wifi.SCAN_RESULTS
05-15 07:31:47.709: E/com.samsung.app(3082): [MSC_Accu]>>> WidgetIdManager.java:53 [0:0] AccuWeatherClockWidgetID_Length
05-15 07:31:47.709: E/com.samsung.app(3082): [MSC_Accu]>>> WidgetIdManager.java:54 [0:0] getPrefIDs@lngth:0
05-15 07:31:47.709: I/wpa_supplicant(601): SCAN_RESULTS : [7]
05-15 07:31:47.709: E/com.samsung.app(3082): [MSC_Accu]>>> WeatherWidgetProvider.java:1943 [0:0] mHandler is null!!
05-15 07:31:47.719: E/com.samsung.app(3082): [MSC_Accu]>>> WeatherWidgetProvider.java:347 [0:0] refreshhandler is null!!
05-15 07:31:47.719: E/com.samsung.app(3082): [MSC_Accu]>>> WeatherWidgetProvider.java:386 [0:0] The widget does not exist in idle!!
05-15 07:31:47.729: E/AlarmManagerService(470): android_server_AlarmManagerService_set to type=2, 251.687000000
05-15 07:31:47.729: V/AlarmManager(470): Adding alarm Alarm{40a6c3f8 type 2 com.google.android.location} at 0
05-15 07:31:47.769: V/AlarmManager(470): Adding alarm Alarm{409fdc38 type 2 com.google.android.apps.maps} at 9
05-15 07:31:47.939: I/framebuffer(353): /data/system/enterprise.conf doesn't exist or cannot be opened
05-15 07:31:49.221: I/framebuffer(353): /data/system/enterprise.conf doesn't exist or cannot be opened
05-15 07:31:49.631: W/WifiStateTracker(470): ------ msg.what =8
05-15 07:31:50.282: I/framebuffer(353): /data/system/enterprise.conf doesn't exist or cannot be opened
05-15 07:31:51.763: I/framebuffer(353): /data/system/enterprise.conf doesn't exist or cannot be opened
05-15 07:31:52.654: W/WifiStateTracker(470): ------ msg.what =8
05-15 07:31:52.754: I/framebuffer(353): /data/system/enterprise.conf doesn't exist or cannot be opened
05-15 07:31:52.814: D/dalvikvm(1587): GC_EXPLICIT freed 169K, 40% free 3460K/5703K, external 0K/0K, paused 88ms
05-15 07:31:53.805: I/framebuffer(353): /data/system/enterprise.conf doesn't exist or cannot be opened
05-15 07:31:54.786: I/framebuffer(353): /data/system/enterprise.conf doesn't exist or cannot be opened