HTC_Incredible_2.3.4_Updating_Location_DDMS_Log.txt
05-15 07:22:21.395: D/lights(155): set_light_buttons_func: on=5855577 brightness=89
05-15 07:22:21.405: D/lights(155): set_light_buttons_func: on=16777215 brightness=255
05-15 07:22:21.616: I/ActivityManager(155): Starting activity: Intent { act=android.intent.action.MAIN cat=[android.intent.category.LAUNCHER] flg=0x10200000 cmp=com.map/.MaptestActivity } from pid 312
05-15 07:22:21.636: I/[POST_RESELECT](312): [spanChange] (o, oldStart, newStart, oldEnd, newEnd)=(android.text.Selection$START@4013d390,-1,0,-1,0)
05-15 07:22:21.636: I/[POST_RESELECT](312): [spanChange] (o, oldStart, newStart, oldEnd, newEnd)=(android.text.Selection$END@40134d18,-1,0,-1,0)
05-15 07:22:21.716: D/StatusBarPolicy(254): onSignalStrengthsChanged
05-15 07:22:21.736: D/StatusBarPolicy(254): iconIndex=0
05-15 07:22:21.736: V/StatusBarPolicy(254): cdmaLevel:0;max:4
05-15 07:22:21.736: I/UsageStats(155): Deleting usage file : usage-20130507
05-15 07:22:21.736: D/StatusBarPolicy(254): iconLevel:0
05-15 07:22:21.736: D/StatusBarService(254): updateIcon slot=phone_signal index=20 viewIndex=14 old=StatusBarIcon(pkg=com.android.systemui id=0x7f020025 level=0 visible=true num=0 ) icon=StatusBarIcon(pkg=com.android.systemui id=0x7f020025 level=0 visible=true num=0 )
05-15 07:22:21.756: I/ActivityManager(155): Start proc com.map for activity com.map/.MaptestActivity: pid=28675 uid=10079 gids={1015, 3003}
05-15 07:22:21.796: D/SensorService(155): enable: connection.get() = 0x391178, (2.3.4)
05-15 07:22:21.796: D/SensorService(155): enable: get sensor name = BMA150 3-axis Accelerometer
05-15 07:22:21.796: D/SensorService(155): SensorDevice::activate: handle = 0x0, enabled = 0x1
05-15 07:22:21.796: D/Sensors(155): Enable akm: en = 1
05-15 07:22:21.796: D/AK8973(89): Compass Start
05-15 07:22:21.796: D/SensorService(155): noteStartSensor: uid = 0x3e8, handle = 0x0
05-15 07:22:21.796: D/SensorService(155): pid=155, uid=1000
05-15 07:22:21.796: D/SensorService(155): Active sensors:
05-15 07:22:21.796: D/SensorService(155): BMA150 3-axis Accelerometer (handle=0x00000000, connections=1)
05-15 07:22:21.796: D/SensorService(155): CM3602 Light sensor (handle=0x00000004, connections=1)
05-15 07:22:21.856: W/dalvikvm(312): disableGcForExternalAlloc: false
05-15 07:22:21.876: I/dalvikvm(28675): Could not find method android.app.Application.onTrimMemory, referenced from method org.appcelerator.titanium.TiApplication.onTrimMemory
05-15 07:22:21.876: W/dalvikvm(28675): VFY: unable to resolve virtual method 126: Landroid/app/Application;.onTrimMemory (I)V
05-15 07:22:21.876: D/dalvikvm(28675): VFY: replacing opcode 0x6f at 0x0011
05-15 07:22:21.876: D/dalvikvm(28675): VFY: dead code 0x0014-0014 in Lorg/appcelerator/titanium/TiApplication;.onTrimMemory (I)V
05-15 07:22:21.886: I/TiApplication(28675): (main) [0,0] checkpoint, app created.
05-15 07:22:21.986: I/TiApplication(28675): (main) [101,101] Titanium 3.1.0 (2013/04/15 18:46 57634ef)
05-15 07:22:22.076: D/dalvikvm(28675): GC_CONCURRENT freed 294K, 47% free 3032K/5639K, external 0K/0K, paused 4ms+2ms
05-15 07:22:22.096: D/Database(28675): dbopen(): path = /data/data/com.map/databases/Titanium, flag = 6, file size = 4096
05-15 07:22:22.096: D/Database(28675): dbopen(): path = /data/data/com.map/databases/Titanium, mode: delete, disk free size: 110 M, handle: 0x32ddd8
05-15 07:22:22.116: D/Database(28675): dbclose(): path = /data/data/com.map/databases/Titanium, handle = 0x32ddd8
05-15 07:22:22.116: D/Database(28675): dbopen(): path = /data/data/com.map/databases/Titanium, flag = 6, file size = 4096
05-15 07:22:22.116: D/Database(28675): dbopen(): path = /data/data/com.map/databases/Titanium, mode: delete, disk free size: 110 M, handle: 0x32ddd8
05-15 07:22:22.126: D/Database(28675): dbclose(): path = /data/data/com.map/databases/Titanium, handle = 0x32ddd8
05-15 07:22:22.126: I/TiApplication(28675): (main) [141,242] Titanium Javascript runtime: v8
05-15 07:22:22.126: D/dalvikvm(28675): Trying to load lib /data/data/com.map/lib/libstlport_shared.so 0x4051b978
05-15 07:22:22.126: D/dalvikvm(28675): Added shared lib /data/data/com.map/lib/libstlport_shared.so 0x4051b978
05-15 07:22:22.136: D/dalvikvm(28675): No JNI_OnLoad found in /data/data/com.map/lib/libstlport_shared.so 0x4051b978, skipping init
05-15 07:22:22.136: D/dalvikvm(28675): Trying to load lib /data/data/com.map/lib/libkroll-v8.so 0x4051b978
05-15 07:22:22.146: D/dalvikvm(28675): Added shared lib /data/data/com.map/lib/libkroll-v8.so 0x4051b978
05-15 07:22:22.166: I/TiRootActivity(28675): (main) [0,0] checkpoint, on root activity create, savedInstanceState: null
05-15 07:22:22.166: D/Database(28675): dbopen(): path = /data/data/com.map/databases/tianalytics.db, flag = 6, file size = 6144
05-15 07:22:22.166: D/Database(28675): dbopen(): path = /data/data/com.map/databases/tianalytics.db, mode: delete, disk free size: 110 M, handle: 0x36a478
05-15 07:22:22.176: D/Database(28675): dbclose(): path = /data/data/com.map/databases/tianalytics.db, handle = 0x36a478
05-15 07:22:22.186: D/Database(28675): dbopen(): path = /data/data/com.map/databases/tianalytics.db, flag = 6, file size = 6144
05-15 07:22:22.196: D/Database(28675): dbopen(): path = /data/data/com.map/databases/tianalytics.db, mode: delete, disk free size: 110 M, handle: 0x35dd98
05-15 07:22:22.206: D/Database(28675): dbclose(): path = /data/data/com.map/databases/tianalytics.db, handle = 0x35dd98
05-15 07:22:22.216: I/dalvikvm(28675): Could not find method android.app.Activity.invalidateOptionsMenu, referenced from method org.appcelerator.titanium.proxy.ActivityProxy.handleInvalidateOptionsMenu
05-15 07:22:22.216: W/dalvikvm(28675): VFY: unable to resolve virtual method 55: Landroid/app/Activity;.invalidateOptionsMenu ()V
05-15 07:22:22.216: D/dalvikvm(28675): VFY: replacing opcode 0x6e at 0x0006
05-15 07:22:22.436: E/TiApplication(28675): (KrollRuntimeThread) [273,273] APP PROXY: ti.modules.titanium.app.AppModule@4052f050
05-15 07:22:22.486: D/dalvikvm(28675): Trying to load lib /data/data/com.map/lib/libti.map.so 0x4051b978
05-15 07:22:22.486: D/dalvikvm(28675): Added shared lib /data/data/com.map/lib/libti.map.so 0x4051b978
05-15 07:22:22.486: D/dalvikvm(28675): No JNI_OnLoad found in /data/data/com.map/lib/libti.map.so 0x4051b978, skipping init
05-15 07:22:22.506: I/WindowManager(155): Setting rotation to 3, animFlags=0
05-15 07:22:22.506: I/SurfaceFlinger(155): SurfaceFlinger::setOrientation
05-15 07:22:22.506: D/PowerManagerService(155): button light setOrientation:3
05-15 07:22:22.526: I/ActivityManager(155): Config changed: { scale=1.0 imsi=310/12 loc=en_US touch=3 keys=1/1/2 nav=3/1 orien=2 layout=34 uiMode=17 seq=8 skin=default}
05-15 07:22:22.546: D/lights(155): [LedInfo] write attr ok name=/sys/class/leds/amber/brightness string=1,len=1
05-15 07:22:22.546: V/NotificationService(155): Charging...
05-15 07:22:22.556: D/lights(155): [LedInfo] write attr ok name=/sys/class/leds/amber/blink string=0,len=1
05-15 07:22:22.556: D/lights(155): [LedInfo] write attr ok name=/sys/class/leds/amber/off_timer string=0 0,len=3
05-15 07:22:22.556: D/lights(155): [LedInfo] write attr ok name=/sys/class/leds/green/brightness string=0,len=1
05-15 07:22:22.556: D/lights(155): [LedInfo] write attr ok name=/sys/class/leds/green/blink string=0,len=1
05-15 07:22:22.567: D/lights(155): [LedInfo] write attr ok name=/sys/class/leds/green/off_timer string=0 0,len=3
05-15 07:22:22.567: I/LSState(155): EventReceiver:android.intent.action.NOTIFICATION_REMOVE
05-15 07:22:22.567: I/LSState(155): EventReceiver:android.intent.action.NOTIFICATION_ADD
05-15 07:22:22.567: D/NotificationService(155): cancelNotification, ACTION_NOTIFICATION_REMOVE,pkg=android,id=17040190
05-15 07:22:22.677: I/dalvikvm(28675): Could not find method android.view.View.setAlpha, referenced from method org.appcelerator.titanium.view.TiUIView.setOpacity
05-15 07:22:22.677: W/dalvikvm(28675): VFY: unable to resolve virtual method 3519: Landroid/view/View;.setAlpha (F)V
05-15 07:22:22.677: D/dalvikvm(28675): VFY: replacing opcode 0x6e at 0x0043
05-15 07:22:22.727: D/StatusBarService(254): addNotification notification = StatusBarNotification(package=android id=17040190 tag=null notification=Notification(vibrate=null,sound=null,defaults=0x0,flags=0x2)), key = android.os.BinderProxy@405808a8, fullScreenIntent = null, contentIntent = PendingIntent{4063d258: android.os.BinderProxy@4058be70}
05-15 07:22:22.727: I/ActivityManager(155): Starting activity: Intent { cmp=com.map/org.appcelerator.titanium.TiActivity (has extras) } from pid 28675
05-15 07:22:22.777: I/TiAPI(28675): long:-122.51272728000001 lat: 37.94424796
05-15 07:22:22.987: D/dalvikvm(28675): Trying to load lib /data/data/com.map/lib/libtiverify.so 0x4051b978
05-15 07:22:22.987: D/dalvikvm(28675): Added shared lib /data/data/com.map/lib/libtiverify.so 0x4051b978
05-15 07:22:23.027: D/ATRecorder(28675): com.htc.autotest.dlib.RecordEngine in loader dalvik.system.DexClassLoader@405a4df0
05-15 07:22:23.037: I/TiRootActivity(28675): (main) [0,0] checkpoint, on root activity resume. activity = com.map.MaptestActivity@405747a0
05-15 07:22:23.147: D/dalvikvm(28675): GC_EXTERNAL_ALLOC freed 252K, 46% free 3163K/5767K, external 0K/0K, paused 56ms
05-15 07:22:23.357: W/dalvikvm(28675): VFY: unable to resolve static field 894 (common_google_play_services_install_title) in Lcom/google/android/gms/R$string;
05-15 07:22:23.357: D/dalvikvm(28675): VFY: replacing opcode 0x60 at 0x0041
05-15 07:22:23.357: W/dalvikvm(28675): VFY: unable to resolve static field 890 (common_google_play_services_enable_title) in Lcom/google/android/gms/R$string;
05-15 07:22:23.357: D/dalvikvm(28675): VFY: replacing opcode 0x60 at 0x004c
05-15 07:22:23.357: W/dalvikvm(28675): VFY: unable to resolve static field 898 (common_google_play_services_update_title) in Lcom/google/android/gms/R$string;
05-15 07:22:23.357: D/dalvikvm(28675): VFY: replacing opcode 0x60 at 0x0057
05-15 07:22:23.357: D/dalvikvm(28675): VFY: dead code 0x0043-004a in Lcom/google/android/gms/common/GooglePlayServicesUtil;.a (ILandroid/app/Activity;ILandroid/content/DialogInterface$OnCancelListener;I)Landroid/app/Dialog;
05-15 07:22:23.357: D/dalvikvm(28675): VFY: dead code 0x004e-0056 in Lcom/google/android/gms/common/GooglePlayServicesUtil;.a (ILandroid/app/Activity;ILandroid/content/DialogInterface$OnCancelListener;I)Landroid/app/Dialog;
05-15 07:22:23.357: D/dalvikvm(28675): VFY: dead code 0x0059-0061 in Lcom/google/android/gms/common/GooglePlayServicesUtil;.a (ILandroid/app/Activity;ILandroid/content/DialogInterface$OnCancelListener;I)Landroid/app/Dialog;
05-15 07:22:23.357: W/dalvikvm(28675): VFY: unable to resolve static field 891 (common_google_play_services_install_button) in Lcom/google/android/gms/R$string;
05-15 07:22:23.357: D/dalvikvm(28675): VFY: replacing opcode 0x60 at 0x0009
05-15 07:22:23.357: W/dalvikvm(28675): VFY: unable to resolve static field 888 (common_google_play_services_enable_button) in Lcom/google/android/gms/R$string;
05-15 07:22:23.357: D/dalvikvm(28675): VFY: replacing opcode 0x60 at 0x0010
05-15 07:22:23.357: W/dalvikvm(28675): VFY: unable to resolve static field 896 (common_google_play_services_update_button) in Lcom/google/android/gms/R$string;
05-15 07:22:23.357: D/dalvikvm(28675): VFY: replacing opcode 0x60 at 0x0017
05-15 07:22:23.357: D/dalvikvm(28675): VFY: dead code 0x000b-000f in Lcom/google/android/gms/common/GooglePlayServicesUtil;.a (Landroid/content/Context;I)Ljava/lang/String;
05-15 07:22:23.357: D/dalvikvm(28675): VFY: dead code 0x0012-0016 in Lcom/google/android/gms/common/GooglePlayServicesUtil;.a (Landroid/content/Context;I)Ljava/lang/String;
05-15 07:22:23.357: D/dalvikvm(28675): VFY: dead code 0x0019-001d in Lcom/google/android/gms/common/GooglePlayServicesUtil;.a (Landroid/content/Context;I)Ljava/lang/String;
05-15 07:22:23.357: W/dalvikvm(28675): VFY: unable to resolve static field 895 (common_google_play_services_unknown_issue) in Lcom/google/android/gms/R$string;
05-15 07:22:23.357: D/dalvikvm(28675): VFY: replacing opcode 0x60 at 0x0004
05-15 07:22:23.367: D/dalvikvm(28675): VFY: dead code 0x0006-0065 in Lcom/google/android/gms/common/GooglePlayServicesUtil;.b (Landroid/content/Context;II)Ljava/lang/String;
05-15 07:22:23.367: D/dalvikvm(28675): DexOpt: couldn't find field Landroid/content/res/Configuration;.smallestScreenWidthDp
05-15 07:22:23.367: W/dalvikvm(28675): VFY: unable to resolve instance field 33
05-15 07:22:23.367: D/dalvikvm(28675): VFY: replacing opcode 0x52 at 0x0012
05-15 07:22:23.367: D/dalvikvm(28675): VFY: dead code 0x0014-0018 in Lcom/google/android/gms/common/GooglePlayServicesUtil;.b (Landroid/content/res/Resources;)Z
05-15 07:22:23.497: D/dalvikvm(28675): GC_CONCURRENT freed 187K, 43% free 3389K/5895K, external 675K/1187K, paused 2ms+3ms
05-15 07:22:23.628: D/dalvikvm(306): GC_CONCURRENT freed 603K, 45% free 3912K/7111K, external 622K/1134K, paused 3ms+4ms
05-15 07:22:23.738: D/dalvikvm(28675): GC_CONCURRENT freed 336K, 43% free 3624K/6279K, external 675K/1187K, paused 3ms+3ms
05-15 07:22:23.988: D/dalvikvm(28675): GC_CONCURRENT freed 371K, 42% free 3781K/6471K, external 675K/1187K, paused 2ms+4ms
05-15 07:22:24.098: D/dalvikvm(28675): DexOpt: couldn't find field Landroid/content/res/Configuration;.smallestScreenWidthDp
05-15 07:22:24.098: W/dalvikvm(28675): VFY: unable to resolve instance field 798
05-15 07:22:24.098: D/dalvikvm(28675): VFY: replacing opcode 0x52 at 0x002a
05-15 07:22:24.098: D/dalvikvm(28675): VFY: dead code 0x002c-0030 in Lrh;.a (Landroid/content/res/Resources;)Z
05-15 07:22:24.118: D/WifiService(155): acquireWifiLockLocked: WifiLock{NlpWifiLock type=2 binder=android.os.BinderProxy@40547928} Mode: 2
05-15 07:22:24.128: D/WifiService(155): enable and start wifi due to updateWifiState
05-15 07:22:24.358: D/dalvikvm(28675): GC_CONCURRENT freed 327K, 41% free 3935K/6599K, external 675K/1187K, paused 2ms+15ms
05-15 07:22:24.408: D/libEGL(28675): loaded /system/lib/egl/libGLES_android.so
05-15 07:22:24.458: D/libEGL(28675): loaded /system/lib/egl/libEGL_adreno200.so
05-15 07:22:24.458: W/SchedPolicy(28675): add_tid_to_cgroup failed to write '' (Invalid argument); background=0
05-15 07:22:24.468: W/InputManagerService(155): [unbindCurrentClientLocked] Disable input method client.
05-15 07:22:24.468: W/InputManagerService(155): [startInputLocked] Enable input method client.
05-15 07:22:24.498: D/GpsLocationProvider(155): [handleMessage] message :8
05-15 07:22:24.498: D/GpsLocationProvider(155): [handleMessage] ADD_LISTENER
05-15 07:22:24.498: D/GpsLocationProvider(155): addListener(com.google.uid.shared:10019)
05-15 07:22:24.498: D/GpsLocationProvider(155): setMinTime 5000
05-15 07:22:24.498: V/LocationManagerService(155): requestLocationUpdates
05-15 07:22:24.498: V/LocationManagerService(155): requestLocationUpdatesLocked: updateProvidersLocked
05-15 07:22:24.508: V/GpsLocationProvider(155): enableLocationTracking ++
05-15 07:22:24.508: D/GpsLocationProvider(155): [handleMessage] message :3
05-15 07:22:24.508: D/GpsLocationProvider(155): [handleMessage] ENABLE_TRACKING
05-15 07:22:24.508: D/GpsLocationProvider(155): startNavigating
05-15 07:22:24.508: D/SensorService(155): enable: connection.get() = 0x693c88, (2.3.4)
05-15 07:22:24.508: D/SensorService(155): enable: get sensor name = BMA150 3-axis Accelerometer
05-15 07:22:24.508: D/SensorService(155): SensorDevice::activate: handle = 0x0, enabled = 0x1
05-15 07:22:24.508: D/Sensors(155): Enable akm: en = 1
05-15 07:22:24.508: D/SensorService(155): noteStartSensor: uid = 0x2723, handle = 0x0
05-15 07:22:24.508: D/lib_locapi(155): [GPS:] loc_eng_set_qos_time_out(standalone = 16000, agps = 16000)
05-15 07:22:24.518: V/GpsLocationProvider(155): set_agps_qos_time_out complete
05-15 07:22:24.518: D/SensorService(155): pid=28110, uid=10019
05-15 07:22:24.518: D/SensorService(155): Active sensors:
05-15 07:22:24.518: D/SensorService(155): BMA150 3-axis Accelerometer (handle=0x00000000, connections=2)
05-15 07:22:24.518: D/SensorService(155): CM3602 Light sensor (handle=0x00000004, connections=1)
05-15 07:22:24.518: D/GpsLocationProvider(155): GpsLocationProvider_set_position_mode
05-15 07:22:24.518: D/lib_locapi(155): [loc_eng_set_position_mode] host strcmp:-100
05-15 07:22:24.518: D/lib_locapi(155): [loc_eng_set_position_mode] fallback to standalone due to null server host or port
05-15 07:22:24.518: D/lib_locapi(155): [GPS:] loc_eng_set_position mode, client = 2, interval = 1000, mode = 0
05-15 07:22:24.518: D/lib_locapi(155): [GPS:] htc_set_qos_accuracy(accuracy = 50)
05-15 07:22:24.518: D/lib_locapi(155): [GPS:] loc_eng_set_position mode: GPS_POSITION_MODE_STANDALONE
05-15 07:22:24.518: D/lib_locapi(155): [GPS:] loc_eng_set_position mode before IOCTL, interval=1000, mode =4 preferred_accuracy=50, qos_timeout_standalone=16000, recurrence_type=1
05-15 07:22:24.518: V/lib_locapi(155): loc_eng_ioctl called: client = 2, ioctl_type = 2
05-15 07:22:24.518: V/locapi_rpc_glue(155): [loc_ioctl] +++++
05-15 07:22:24.518: D/RPC(155): written RPC packet size: [96]
05-15 07:22:24.518: D/RPC(155): read RPC packet
05-15 07:22:24.518: D/RPC(155): read RPC packet size: [28]
05-15 07:22:24.538: D/RPC(155): read RPC packet
05-15 07:22:24.538: D/RPC(155): read RPC packet size: [80]
05-15 07:22:24.538: V/locapi_rpc_glue(155): Callback received: 80 (cb_id=0x9B0001 handle=2)
05-15 07:22:24.538: V/locapi_rpc_glue(155): +loc_api_callback_process_sync_call
05-15 07:22:24.538: V/locapi_rpc_glue(155): loc_api_callback_process_sync_call: callback arrives before wait, slot i=0
05-15 07:22:24.538: V/locapi_rpc_glue(155): -loc_api_callback_process_sync_call
05-15 07:22:24.538: D/RPC(155): written RPC packet size: [28]
05-15 07:22:24.538: V/locapi_rpc_glue(155): [loc_ioctl] -----
05-15 07:22:24.538: V/locapi_rpc_glue(155): loc_api_sync_ioctl: select_id = 0, loc_ioctl returned 0
05-15 07:22:24.538: V/locapi_rpc_glue(155): +loc_wait_callback: select_id: 0
05-15 07:22:24.538: V/locapi_rpc_glue(155): -loc_wait_callback: cb has arrived
05-15 07:22:24.538: V/lib_locapi(155): loc_eng_ioctl result: client = 2, ioctl_type = 2, SUCCESS
05-15 07:22:24.538: V/GpsLocationProvider(155): set_position_mode complete
05-15 07:22:24.538: D/lib_locapi(155): [GPS:] loc_eng_start
05-15 07:22:24.538: D/locapi_rpc_glue(155): loc_start_fix
05-15 07:22:24.538: D/RPC(155): written RPC packet size: [44]
05-15 07:22:24.538: D/RPC(155): read RPC packet
05-15 07:22:24.538: D/RPC(155): read RPC packet size: [28]
05-15 07:22:24.538: D/GpsLocationProvider(155): reset SV count to zero
05-15 07:22:24.538: D/RPC(155): read RPC packet
05-15 07:22:24.538: D/RPC(155): read RPC packet size: [80]
05-15 07:22:24.538: V/locapi_rpc_glue(155): Callback received: 100 (cb_id=0x9B0001 handle=2)
05-15 07:22:24.538: V/locapi_rpc_glue(155): +loc_api_callback_process_sync_call
05-15 07:22:24.538: V/locapi_rpc_glue(155): -loc_api_callback_process_sync_call, no sync call in use
05-15 07:22:24.538: D/RPC(155): written RPC packet size: [28]
05-15 07:22:24.538: D/lib_locapi(155): [GPS:] loc_eng_report_status: GPS_STATUS_SESSION_BEGIN
05-15 07:22:24.538: D/lib_locapi(155): [GPS:] loc_eng_report_status: issue callback with status 1
05-15 07:22:24.538: D/GpsLocationProvider(155): [reportStatus] mNavigating:false mEngineOn:false mDownloadXtraDataPending:false
05-15 07:22:24.538: D/lib_locapi(155): [GPS:] loc_eng_report_status: update status
05-15 07:22:24.538: W/GpsLocationProvider(155): GPS notify that the GPS has been change action
05-15 07:22:24.548: W/GpsLocationProvider(155): GPS_ENABLED_CHANGE_ACTION: android.location.GPS_ENABLED_CHANGE EXTRA_GPS_ENABLED: enabled
05-15 07:22:24.548: D/GpsLocationProvider(155): [reportStatus] mNavigating:true mEngineOn:false mDownloadXtraDataPending:false
05-15 07:22:24.548: D/StatusBarService(254): updateIcon slot=gps index=9 viewIndex=7 old=StatusBarIcon(pkg=com.android.systemui id=0x7f0200a9 level=0 visible=false num=0 ) icon=StatusBarIcon(pkg=com.android.systemui id=0x7f0200a9 level=0 visible=true num=0 )
05-15 07:22:24.568: D/libEGL(28675): loaded /system/lib/egl/libGLESv1_CM_adreno200.so
05-15 07:22:24.568: D/libEGL(28675): loaded /system/lib/egl/libGLESv2_adreno200.so
05-15 07:22:24.598: I/ActivityManager(155): Displayed com.map/org.appcelerator.titanium.TiActivity: +1s413ms (total +2s859ms)
05-15 07:22:24.649: W/IInputConnectionWrapper(312): showStatusIcon on inactive InputConnection
05-15 07:22:24.669: W/IInputConnectionWrapper(312): InputConnection = android.view.inputmethod.BaseInputConnection@405702b0, active client = false
05-15 07:22:24.699: D/dalvikvm(28110): GC_CONCURRENT freed 416K, 43% free 3829K/6663K, external 0K/0K, paused 3ms+11ms
05-15 07:22:24.869: W/dalvikvm(28675): VFY: unable to resolve static field 899 (MapAttrs) in Lcom/google/android/gms/R$styleable;
05-15 07:22:24.869: D/dalvikvm(28675): VFY: replacing opcode 0x62 at 0x000d
05-15 07:22:24.869: D/dalvikvm(28675): VFY: dead code 0x000f-0066 in Lcom/google/android/gms/maps/model/CameraPosition;.createFromAttributes (Landroid/content/Context;Landroid/util/AttributeSet;)Lcom/google/android/gms/maps/model/CameraPosition;
05-15 07:22:24.889: D/RPC(155): read RPC packet
05-15 07:22:24.889: D/RPC(155): read RPC packet size: [80]
05-15 07:22:24.889: V/locapi_rpc_glue(155): Callback received: 100 (cb_id=0x9B0000 handle=0)
05-15 07:22:24.889: V/locapi_rpc_glue(155): +loc_api_callback_process_sync_call
05-15 07:22:24.889: V/locapi_rpc_glue(155): -loc_api_callback_process_sync_call, no sync call in use
05-15 07:22:24.889: D/libloc_ext(155): Event RPC_LOC_EVENT_STATUS_REPORT (client 0)
05-15 07:22:24.889: D/libloc_ext(155): Engine state: RPC_LOC_ENGINE_STATE_ON
05-15 07:22:24.889: D/libloc_ext(155): loc_inform_vzw_gps_status, status: GPS_STATUS_ENGINE_ON
05-15 07:22:24.889: D/RPC(155): written RPC packet size: [28]
05-15 07:22:24.889: D/RPC(155): read RPC packet
05-15 07:22:24.889: D/RPC(155): read RPC packet size: [80]
05-15 07:22:24.889: V/locapi_rpc_glue(155): Callback received: 100 (cb_id=0x9B0001 handle=2)
05-15 07:22:24.889: V/locapi_rpc_glue(155): +loc_api_callback_process_sync_call
05-15 07:22:24.889: V/locapi_rpc_glue(155): -loc_api_callback_process_sync_call, no sync call in use
05-15 07:22:24.889: D/RPC(155): written RPC packet size: [28]
05-15 07:22:24.889: D/lib_locapi(155): [GPS:] loc_eng_report_status: GPS_STATUS_ENGINE_ON
05-15 07:22:24.889: D/lib_locapi(155): [GPS:] loc_eng_report_status: issue callback with status 3
05-15 07:22:24.989: D/dalvikvm(155): GC_EXPLICIT freed 1251K, 40% free 8171K/13511K, external 5615K/7012K, paused 256ms
05-15 07:22:24.989: V/VzwHal.Native(155): reportStatus-status:3
05-15 07:22:24.989: V/VzwHalGpsLocProvider(155): engine state: engine on
05-15 07:22:24.989: D/VzwLocationManagerService(155): ReportEngineStatus: status = 3
05-15 07:22:24.989: D/VzwLocationManagerService(155): Acquiring wakelock
05-15 07:22:24.989: D/GpsLocationProvider(155): [reportStatus] mNavigating:true mEngineOn:false mDownloadXtraDataPending:false
05-15 07:22:24.989: D/GpsLocationProvider(155): [reportStatus] mNavigating:true mEngineOn:false mDownloadXtraDataPending:false
05-15 07:22:24.989: D/lib_locapi(155): [GPS:] loc_eng_report_status: update status
05-15 07:22:24.999: D/GpsLocationProvider(155): [reportStatus] mNavigating:true mEngineOn:true mDownloadXtraDataPending:false
05-15 07:22:25.009: I/WindowManager(155): Setting rotation to 0, animFlags=0
05-15 07:22:25.009: I/SurfaceFlinger(155): SurfaceFlinger::setOrientation
05-15 07:22:25.009: D/PowerManagerService(155): button light setOrientation:0
05-15 07:22:25.029: I/ActivityManager(155): Config changed: { scale=1.0 imsi=310/12 loc=en_US touch=3 keys=1/1/2 nav=3/1 orien=1 layout=34 uiMode=17 seq=9 skin=default}
05-15 07:22:25.089: D/lights(155): [LedInfo] write attr ok name=/sys/class/leds/amber/brightness string=1,len=1
05-15 07:22:25.089: D/lights(155): [LedInfo] write attr ok name=/sys/class/leds/amber/blink string=0,len=1
05-15 07:22:25.089: V/NotificationService(155): Charging...
05-15 07:22:25.099: D/lights(155): [LedInfo] write attr ok name=/sys/class/leds/amber/off_timer string=0 0,len=3
05-15 07:22:25.099: D/lights(155): [LedInfo] write attr ok name=/sys/class/leds/green/brightness string=0,len=1
05-15 07:22:25.099: D/lights(155): [LedInfo] write attr ok name=/sys/class/leds/green/blink string=0,len=1
05-15 07:22:25.099: D/lights(155): [LedInfo] write attr ok name=/sys/class/leds/green/off_timer string=0 0,len=3
05-15 07:22:25.099: D/NotificationService(155): cancelNotification, ACTION_NOTIFICATION_REMOVE,pkg=android,id=17040190
05-15 07:22:25.209: D/StatusBarService(254): addNotification notification = StatusBarNotification(package=android id=17040190 tag=null notification=Notification(vibrate=null,sound=null,defaults=0x0,flags=0x2)), key = android.os.BinderProxy@405f12d0, fullScreenIntent = null, contentIntent = PendingIntent{40683058: android.os.BinderProxy@4058be70}
05-15 07:22:25.279: I/LSState(155): EventReceiver:android.intent.action.NOTIFICATION_REMOVE
05-15 07:22:25.279: I/LSState(155): EventReceiver:android.intent.action.NOTIFICATION_ADD
05-15 07:22:25.359: I/wpa_supplicant(382): got scan complete
05-15 07:22:25.359: I/wpa_supplicant(382): wpa_supplicant_get_scan_results:return scan results2
05-15 07:22:25.359: I/wpa_supplicant(382): AP:ssid[mFoundry],rssi[-46],BSSID=10:bd:18:eb:f4:b0
05-15 07:22:25.359: I/wpa_supplicant(382): AP:ssid[HP-Print-10-LaserJet 100],rssi[-76],BSSID=9c:2a:70:4c:0c:10
05-15 07:22:25.359: I/wpa_supplicant(382): AP:ssid[mFoundry],rssi[-79],BSSID=84:78:ac:df:02:70
05-15 07:22:25.359: I/wpa_supplicant(382): AP:ssid[mFoundry],rssi[-73],BSSID=d4:a0:2a:99:96:f0
05-15 07:22:25.359: I/wpa_supplicant(382): AP:ssid[South SF],rssi[-78],BSSID=00:1f:ca:cd:e2:40
05-15 07:22:25.359: I/wpa_supplicant(382): AP:ssid[innovation],rssi[-89],BSSID=00:23:eb:65:c4:70
05-15 07:22:25.359: I/wpa_supplicant(382): Received 1186 bytes of scan results (6 BSSes)
05-15 07:22:25.359: I/wpa_supplicant(382): wpa_driver_wext_get_scan_results---
05-15 07:22:25.609: D/WifiService(155): releaseWifiLockLocked: WifiLock{NlpWifiLock type=2 binder=android.os.BinderProxy@40547928} Mode: 2
05-15 07:22:25.609: D/WifiService(155): enable and start wifi due to updateWifiState
05-15 07:22:25.760: D/dalvikvm(28675): GC_CONCURRENT freed 421K, 40% free 4115K/6855K, external 1137K/1187K, paused 3ms+5ms
05-15 07:22:25.870: D/RPC(155): read RPC packet
05-15 07:22:25.870: D/RPC(155): read RPC packet size: [96]
05-15 07:22:25.870: V/locapi_rpc_glue(155): Callback received: 2 (cb_id=0x9B0001 handle=2)
05-15 07:22:25.870: V/locapi_rpc_glue(155): +loc_api_callback_process_sync_call
05-15 07:22:25.870: V/locapi_rpc_glue(155): -loc_api_callback_process_sync_call, no sync call in use
05-15 07:22:25.870: D/RPC(155): written RPC packet size: [28]
05-15 07:22:25.870: D/lib_locapi(155): loc_eng_report_sv: valid_mask = 0x30, num of sv = 0
05-15 07:22:25.870: D/GpsLocationProvider(155): reportSvStatus
05-15 07:22:25.880: D/RPC(155): read RPC packet
05-15 07:22:25.880: D/RPC(155): read RPC packet size: [1272]
05-15 07:22:25.880: V/locapi_rpc_glue(155): Callback received: 4 (cb_id=0x9B0001 handle=2)
05-15 07:22:25.880: V/locapi_rpc_glue(155): +loc_api_callback_process_sync_call
05-15 07:22:25.880: V/locapi_rpc_glue(155): -loc_api_callback_process_sync_call, no sync call in use
05-15 07:22:25.880: D/RPC(155): written RPC packet size: [28]
05-15 07:22:26.320: D/dalvikvm(28675): GC_CONCURRENT freed 592K, 41% free 4354K/7303K, external 872K/1187K, paused 3ms+4ms
05-15 07:22:26.370: D/dalvikvm(28675): GC_FOR_MALLOC freed 46K, 41% free 4377K/7303K, external 872K/1187K, paused 39ms
05-15 07:22:26.500: D/dalvikvm(28675): GC_FOR_MALLOC freed 334K, 42% free 4444K/7559K, external 871K/1187K, paused 40ms
05-15 07:22:26.530: D/RPC(155): read RPC packet
05-15 07:22:26.530: D/RPC(155): read RPC packet size: [208]
05-15 07:22:26.530: V/locapi_rpc_glue(155): Callback received: 1 (cb_id=0x9B0001 handle=2)
05-15 07:22:26.530: V/locapi_rpc_glue(155): +loc_api_callback_process_sync_call
05-15 07:22:26.530: V/locapi_rpc_glue(155): -loc_api_callback_process_sync_call, no sync call in use
05-15 07:22:26.530: D/RPC(155): written RPC packet size: [28]
05-15 07:22:26.530: D/lib_locapi(155): loc_eng_report_position: valid mask = 0xd, sess status = 1
05-15 07:22:26.570: D/dalvikvm(28675): GC_FOR_MALLOC freed 263K, 42% free 4400K/7559K, external 871K/1187K, paused 37ms
05-15 07:22:26.570: I/dalvikvm-heap(28675): Grow heap (frag case) to 7.526MB for 120572-byte allocation
05-15 07:22:26.590: D/PowerManagerService(155): New lightsensor value:160, lcdValue:164
05-15 07:22:26.660: D/dalvikvm(28675): GC_FOR_MALLOC freed 0K, 42% free 4518K/7687K, external 871K/1187K, paused 71ms
05-15 07:22:26.871: D/RPC(155): read RPC packet
05-15 07:22:26.871: D/RPC(155): read RPC packet size: [96]
05-15 07:22:26.871: V/locapi_rpc_glue(155): Callback received: 2 (cb_id=0x9B0001 handle=2)
05-15 07:22:26.871: V/locapi_rpc_glue(155): +loc_api_callback_process_sync_call
05-15 07:22:26.871: V/locapi_rpc_glue(155): -loc_api_callback_process_sync_call, no sync call in use
05-15 07:22:26.871: D/RPC(155): written RPC packet size: [28]
05-15 07:22:26.871: D/lib_locapi(155): loc_eng_report_sv: valid_mask = 0x30, num of sv = 0
05-15 07:22:26.871: D/GpsLocationProvider(155): reportSvStatus
05-15 07:22:26.881: D/RPC(155): read RPC packet
05-15 07:22:26.881: D/RPC(155): read RPC packet size: [1272]
05-15 07:22:26.881: V/locapi_rpc_glue(155): Callback received: 4 (cb_id=0x9B0001 handle=2)
05-15 07:22:26.881: V/locapi_rpc_glue(155): +loc_api_callback_process_sync_call
05-15 07:22:26.881: V/locapi_rpc_glue(155): -loc_api_callback_process_sync_call, no sync call in use
05-15 07:22:26.881: D/RPC(155): written RPC packet size: [28]
05-15 07:22:26.991: D/dalvikvm(28675): GC_FOR_MALLOC freed 299K, 42% free 4478K/7687K, external 872K/1187K, paused 61ms
05-15 07:22:27.101: D/dalvikvm(28675): GC_FOR_MALLOC freed 364K, 42% free 4506K/7687K, external 872K/1187K, paused 48ms
05-15 07:22:27.281: D/dalvikvm(28675): GC_EXTERNAL_ALLOC freed 96K, 39% free 4714K/7687K, external 871K/1187K, paused 86ms
05-15 07:22:27.531: D/dalvikvm(28675): GC_FOR_MALLOC freed 290K, 40% free 4640K/7687K, external 1895K/2407K, paused 46ms
05-15 07:22:27.531: D/RPC(155): read RPC packet
05-15 07:22:27.531: D/RPC(155): read RPC packet size: [208]
05-15 07:22:27.531: V/locapi_rpc_glue(155): Callback received: 1 (cb_id=0x9B0001 handle=2)
05-15 07:22:27.531: V/locapi_rpc_glue(155): +loc_api_callback_process_sync_call
05-15 07:22:27.531: V/locapi_rpc_glue(155): -loc_api_callback_process_sync_call, no sync call in use
05-15 07:22:27.531: D/RPC(155): written RPC packet size: [28]
05-15 07:22:27.531: D/lib_locapi(155): loc_eng_report_position: valid mask = 0xd, sess status = 1
05-15 07:22:27.762: D/dalvikvm(28675): GC_EXTERNAL_ALLOC freed 148K, 38% free 4910K/7815K, external 871K/1895K, paused 69ms
05-15 07:22:27.862: D/RPC(155): read RPC packet
05-15 07:22:27.862: D/RPC(155): read RPC packet size: [96]
05-15 07:22:27.862: V/locapi_rpc_glue(155): Callback received: 2 (cb_id=0x9B0001 handle=2)
05-15 07:22:27.862: V/locapi_rpc_glue(155): +loc_api_callback_process_sync_call
05-15 07:22:27.862: V/locapi_rpc_glue(155): -loc_api_callback_process_sync_call, no sync call in use
05-15 07:22:27.862: D/RPC(155): written RPC packet size: [28]
05-15 07:22:27.862: D/lib_locapi(155): loc_eng_report_sv: valid_mask = 0x30, num of sv = 0
05-15 07:22:27.872: D/RPC(155): read RPC packet
05-15 07:22:27.872: D/RPC(155): read RPC packet size: [1272]
05-15 07:22:27.872: V/locapi_rpc_glue(155): Callback received: 4 (cb_id=0x9B0001 handle=2)
05-15 07:22:27.872: V/locapi_rpc_glue(155): +loc_api_callback_process_sync_call
05-15 07:22:27.872: V/locapi_rpc_glue(155): -loc_api_callback_process_sync_call, no sync call in use
05-15 07:22:27.872: D/RPC(155): written RPC packet size: [28]
05-15 07:22:27.952: D/GpsLocationProvider(155): reportSvStatus
05-15 07:22:27.952: D/dalvikvm(155): GC_EXPLICIT freed 159K, 41% free 8072K/13511K, external 2532K/3162K, paused 158ms
05-15 07:22:28.132: D/dalvikvm(28675): GC_EXTERNAL_ALLOC freed 304K, 39% free 4839K/7879K, external 1895K/2407K, paused 70ms
05-15 07:22:28.132: I/WindowManager(155): Setting rotation to 3, animFlags=0
05-15 07:22:28.132: I/SurfaceFlinger(155): SurfaceFlinger::setOrientation
05-15 07:22:28.132: D/PowerManagerService(155): button light setOrientation:3
05-15 07:22:28.162: I/ActivityManager(155): Config changed: { scale=1.0 imsi=310/12 loc=en_US touch=3 keys=1/1/2 nav=3/1 orien=2 layout=34 uiMode=17 seq=10 skin=default}
05-15 07:22:28.232: V/NotificationService(155): Charging...
05-15 07:22:28.242: D/lights(155): [LedInfo] write attr ok name=/sys/class/leds/amber/brightness string=1,len=1
05-15 07:22:28.242: D/lights(155): [LedInfo] write attr ok name=/sys/class/leds/amber/blink string=0,len=1
05-15 07:22:28.242: D/lights(155): [LedInfo] write attr ok name=/sys/class/leds/amber/off_timer string=0 0,len=3
05-15 07:22:28.242: D/lights(155): [LedInfo] write attr ok name=/sys/class/leds/green/brightness string=0,len=1
05-15 07:22:28.252: D/lights(155): [LedInfo] write attr ok name=/sys/class/leds/green/blink string=0,len=1
05-15 07:22:28.252: D/lights(155): [LedInfo] write attr ok name=/sys/class/leds/green/off_timer string=0 0,len=3
05-15 07:22:28.252: D/NotificationService(155): cancelNotification, ACTION_NOTIFICATION_REMOVE,pkg=android,id=17040190
05-15 07:22:28.532: D/StatusBarService(254): addNotification notification = StatusBarNotification(package=android id=17040190 tag=null notification=Notification(vibrate=null,sound=null,defaults=0x0,flags=0x2)), key = android.os.BinderProxy@40598638, fullScreenIntent = null, contentIntent = PendingIntent{406536e8: android.os.BinderProxy@4058be70}
05-15 07:22:28.542: D/RPC(155): read RPC packet
05-15 07:22:28.542: D/RPC(155): read RPC packet size: [208]
05-15 07:22:28.542: V/locapi_rpc_glue(155): Callback received: 1 (cb_id=0x9B0001 handle=2)
05-15 07:22:28.542: V/locapi_rpc_glue(155): +loc_api_callback_process_sync_call
05-15 07:22:28.542: V/locapi_rpc_glue(155): -loc_api_callback_process_sync_call, no sync call in use
05-15 07:22:28.542: D/RPC(155): written RPC packet size: [28]
05-15 07:22:28.542: D/lib_locapi(155): loc_eng_report_position: valid mask = 0xd, sess status = 1
05-15 07:22:28.723: I/LSState(155): EventReceiver:android.intent.action.NOTIFICATION_REMOVE
05-15 07:22:28.733: I/LSState(155): EventReceiver:android.intent.action.NOTIFICATION_ADD
05-15 07:22:28.863: D/RPC(155): read RPC packet
05-15 07:22:28.863: D/RPC(155): read RPC packet size: [96]
05-15 07:22:28.863: V/locapi_rpc_glue(155): Callback received: 2 (cb_id=0x9B0001 handle=2)
05-15 07:22:28.863: V/locapi_rpc_glue(155): +loc_api_callback_process_sync_call
05-15 07:22:28.863: V/locapi_rpc_glue(155): -loc_api_callback_process_sync_call, no sync call in use
05-15 07:22:28.863: D/RPC(155): written RPC packet size: [28]
05-15 07:22:28.863: D/lib_locapi(155): loc_eng_report_sv: valid_mask = 0x30, num of sv = 0
05-15 07:22:28.863: D/GpsLocationProvider(155): reportSvStatus
05-15 07:22:28.873: D/RPC(155): read RPC packet
05-15 07:22:28.873: D/RPC(155): read RPC packet size: [1272]
05-15 07:22:28.873: V/locapi_rpc_glue(155): Callback received: 4 (cb_id=0x9B0001 handle=2)
05-15 07:22:28.873: V/locapi_rpc_glue(155): +loc_api_callback_process_sync_call
05-15 07:22:28.873: V/locapi_rpc_glue(155): -loc_api_callback_process_sync_call, no sync call in use
05-15 07:22:28.873: D/RPC(155): written RPC packet size: [28]
05-15 07:22:29.263: D/dalvikvm(28675): GC_EXTERNAL_ALLOC freed 190K, 38% free 5118K/8135K, external 2395K/2423K, paused 51ms
05-15 07:22:29.363: D/dalvikvm(28675): GC_FOR_MALLOC freed 341K, 39% free 4997K/8135K, external 1035K/1963K, paused 42ms
05-15 07:22:29.523: D/WifiService(155): acquireWifiLockLocked: WifiLock{NlpWifiLock type=2 binder=android.os.BinderProxy@40a13a78} Mode: 2
05-15 07:22:29.523: D/WifiService(155): enable and start wifi due to updateWifiState
05-15 07:22:29.543: D/RPC(155): read RPC packet
05-15 07:22:29.543: D/RPC(155): read RPC packet size: [208]
05-15 07:22:29.543: V/locapi_rpc_glue(155): Callback received: 1 (cb_id=0x9B0001 handle=2)
05-15 07:22:29.543: V/locapi_rpc_glue(155): +loc_api_callback_process_sync_call
05-15 07:22:29.543: V/locapi_rpc_glue(155): -loc_api_callback_process_sync_call, no sync call in use
05-15 07:22:29.543: D/RPC(155): written RPC packet size: [28]
05-15 07:22:29.543: D/lib_locapi(155): loc_eng_report_position: valid mask = 0xd, sess status = 1
05-15 07:22:29.583: D/dalvikvm(28675): GC_EXTERNAL_ALLOC freed 557K, 40% free 4954K/8135K, external 874K/1383K, paused 103ms
05-15 07:22:29.703: D/dalvikvm(28110): GC_CONCURRENT freed 569K, 44% free 3768K/6663K, external 0K/0K, paused 2ms+3ms
05-15 07:22:29.723: D/WifiService(155): releaseWifiLockLocked: WifiLock{NlpWifiLock type=2 binder=android.os.BinderProxy@40a13a78} Mode: 2
05-15 07:22:29.723: D/WifiService(155): enable and start wifi due to updateWifiState
05-15 07:22:29.864: D/RPC(155): read RPC packet
05-15 07:22:29.864: D/RPC(155): read RPC packet size: [96]
05-15 07:22:29.864: V/locapi_rpc_glue(155): Callback received: 2 (cb_id=0x9B0001 handle=2)
05-15 07:22:29.864: V/locapi_rpc_glue(155): +loc_api_callback_process_sync_call
05-15 07:22:29.864: V/locapi_rpc_glue(155): -loc_api_callback_process_sync_call, no sync call in use
05-15 07:22:29.864: D/RPC(155): written RPC packet size: [28]
05-15 07:22:29.864: D/lib_locapi(155): loc_eng_report_sv: valid_mask = 0x30, num of sv = 0
05-15 07:22:29.864: D/GpsLocationProvider(155): reportSvStatus
05-15 07:22:29.874: D/RPC(155): read RPC packet
05-15 07:22:29.874: D/RPC(155): read RPC packet size: [1272]
05-15 07:22:29.874: V/locapi_rpc_glue(155): Callback received: 4 (cb_id=0x9B0001 handle=2)
05-15 07:22:29.874: V/locapi_rpc_glue(155): +loc_api_callback_process_sync_call
05-15 07:22:29.874: V/locapi_rpc_glue(155): -loc_api_callback_process_sync_call, no sync call in use
05-15 07:22:29.874: D/RPC(155): written RPC packet size: [28]
05-15 07:22:29.934: D/dalvikvm(28675): GC_EXTERNAL_ALLOC freed 148K, 38% free 5109K/8135K, external 2172K/2410K, paused 71ms
05-15 07:22:29.964: D/PowerManagerService(155): New lightsensor value:40, lcdValue:89
05-15 07:22:29.964: D/PowerManagerService(155): lightSensorChangedLocked, buttonValue >= 0, mPowerState = 3
05-15 07:22:30.094: D/dalvikvm(28675): GC_FOR_MALLOC freed 479K, 38% free 5217K/8391K, external 1898K/2408K, paused 44ms
05-15 07:22:30.244: D/dalvikvm(28675): GC_EXTERNAL_ALLOC freed 202K, 40% free 5108K/8391K, external 872K/1384K, paused 66ms
05-15 07:22:30.544: D/RPC(155): read RPC packet
05-15 07:22:30.544: D/RPC(155): read RPC packet size: [208]
05-15 07:22:30.544: V/locapi_rpc_glue(155): Callback received: 1 (cb_id=0x9B0001 handle=2)
05-15 07:22:30.544: V/locapi_rpc_glue(155): +loc_api_callback_process_sync_call
05-15 07:22:30.544: V/locapi_rpc_glue(155): -loc_api_callback_process_sync_call, no sync call in use
05-15 07:22:30.544: D/RPC(155): written RPC packet size: [28]
05-15 07:22:30.544: D/lib_locapi(155): loc_eng_report_position: valid mask = 0xd, sess status = 1
05-15 07:22:30.815: D/dalvikvm(28675): GC_CONCURRENT freed 878K, 37% free 5766K/9031K, external 1931K/2408K, paused 3ms+3ms
05-15 07:22:30.865: D/RPC(155): read RPC packet
05-15 07:22:30.865: D/RPC(155): read RPC packet size: [96]
05-15 07:22:30.865: V/locapi_rpc_glue(155): Callback received: 2 (cb_id=0x9B0001 handle=2)
05-15 07:22:30.865: V/locapi_rpc_glue(155): +loc_api_callback_process_sync_call
05-15 07:22:30.865: V/locapi_rpc_glue(155): -loc_api_callback_process_sync_call, no sync call in use
05-15 07:22:30.865: D/RPC(155): written RPC packet size: [28]
05-15 07:22:30.865: D/lib_locapi(155): loc_eng_report_sv: valid_mask = 0x30, num of sv = 0
05-15 07:22:30.865: D/GpsLocationProvider(155): reportSvStatus
05-15 07:22:30.885: D/RPC(155): read RPC packet
05-15 07:22:30.885: D/RPC(155): read RPC packet size: [1272]
05-15 07:22:30.885: V/locapi_rpc_glue(155): Callback received: 4 (cb_id=0x9B0001 handle=2)
05-15 07:22:30.885: V/locapi_rpc_glue(155): +loc_api_callback_process_sync_call
05-15 07:22:30.885: V/locapi_rpc_glue(155): -loc_api_callback_process_sync_call, no sync call in use
05-15 07:22:30.885: D/RPC(155): written RPC packet size: [28]
05-15 07:22:31.275: D/dalvikvm(155): GC_EXPLICIT freed 70K, 41% free 8062K/13511K, external 2532K/3162K, paused 115ms
05-15 07:22:31.545: D/RPC(155): read RPC packet
05-15 07:22:31.545: D/RPC(155): read RPC packet size: [208]
05-15 07:22:31.545: V/locapi_rpc_glue(155): Callback received: 1 (cb_id=0x9B0001 handle=2)
05-15 07:22:31.545: V/locapi_rpc_glue(155): +loc_api_callback_process_sync_call
05-15 07:22:31.545: V/locapi_rpc_glue(155): -loc_api_callback_process_sync_call, no sync call in use
05-15 07:22:31.545: D/RPC(155): written RPC packet size: [28]
05-15 07:22:31.545: D/lib_locapi(155): loc_eng_report_position: valid mask = 0xd, sess status = 1
05-15 07:22:31.826: D/skia(312): purging 105K from font cache [12 entries]
05-15 07:22:31.866: D/RPC(155): read RPC packet
05-15 07:22:31.866: D/RPC(155): read RPC packet size: [96]
05-15 07:22:31.866: V/locapi_rpc_glue(155): Callback received: 2 (cb_id=0x9B0001 handle=2)
05-15 07:22:31.866: V/locapi_rpc_glue(155): +loc_api_callback_process_sync_call
05-15 07:22:31.866: V/locapi_rpc_glue(155): -loc_api_callback_process_sync_call, no sync call in use
05-15 07:22:31.866: D/RPC(155): written RPC packet size: [28]
05-15 07:22:31.866: D/lib_locapi(155): loc_eng_report_sv: valid_mask = 0x30, num of sv = 0
05-15 07:22:31.866: D/GpsLocationProvider(155): reportSvStatus
05-15 07:22:31.876: D/RPC(155): read RPC packet
05-15 07:22:31.876: D/RPC(155): read RPC packet size: [1272]
05-15 07:22:31.876: V/locapi_rpc_glue(155): Callback received: 4 (cb_id=0x9B0001 handle=2)
05-15 07:22:31.876: V/locapi_rpc_glue(155): +loc_api_callback_process_sync_call
05-15 07:22:31.876: V/locapi_rpc_glue(155): -loc_api_callback_process_sync_call, no sync call in use
05-15 07:22:31.876: D/RPC(155): written RPC packet size: [28]
05-15 07:22:31.966: D/dalvikvm(312): GC_EXPLICIT freed 367K, 46% free 3734K/6791K, external 15759K/17659K, paused 139ms
05-15 07:22:32.546: D/RPC(155): read RPC packet
05-15 07:22:32.546: D/RPC(155): read RPC packet size: [208]
05-15 07:22:32.546: V/locapi_rpc_glue(155): Callback received: 1 (cb_id=0x9B0001 handle=2)
05-15 07:22:32.546: V/locapi_rpc_glue(155): +loc_api_callback_process_sync_call
05-15 07:22:32.546: V/locapi_rpc_glue(155): -loc_api_callback_process_sync_call, no sync call in use
05-15 07:22:32.546: D/RPC(155): written RPC packet size: [28]
05-15 07:22:32.546: D/lib_locapi(155): loc_eng_report_position: valid mask = 0xd, sess status = 1
05-15 07:22:32.867: D/RPC(155): read RPC packet
05-15 07:22:32.867: D/RPC(155): read RPC packet size: [96]
05-15 07:22:32.867: V/locapi_rpc_glue(155): Callback received: 2 (cb_id=0x9B0001 handle=2)
05-15 07:22:32.867: V/locapi_rpc_glue(155): +loc_api_callback_process_sync_call
05-15 07:22:32.867: V/locapi_rpc_glue(155): -loc_api_callback_process_sync_call, no sync call in use
05-15 07:22:32.867: D/RPC(155): written RPC packet size: [28]
05-15 07:22:32.867: D/lib_locapi(155): loc_eng_report_sv: valid_mask = 0x30, num of sv = 0
05-15 07:22:32.867: D/GpsLocationProvider(155): reportSvStatus
05-15 07:22:32.887: D/RPC(155): read RPC packet
05-15 07:22:32.887: D/RPC(155): read RPC packet size: [1272]
05-15 07:22:32.887: V/locapi_rpc_glue(155): Callback received: 4 (cb_id=0x9B0001 handle=2)
05-15 07:22:32.887: V/locapi_rpc_glue(155): +loc_api_callback_process_sync_call
05-15 07:22:32.887: V/locapi_rpc_glue(155): -loc_api_callback_process_sync_call, no sync call in use
05-15 07:22:32.887: D/RPC(155): written RPC packet size: [28]
05-15 07:22:33.137: I/WindowManager(155): Setting rotation to 0, animFlags=0
05-15 07:22:33.137: I/SurfaceFlinger(155): SurfaceFlinger::setOrientation
05-15 07:22:33.137: D/PowerManagerService(155): button light setOrientation:0
05-15 07:22:33.177: I/ActivityManager(155): Config changed: { scale=1.0 imsi=310/12 loc=en_US touch=3 keys=1/1/2 nav=3/1 orien=1 layout=34 uiMode=17 seq=11 skin=default}
05-15 07:22:33.247: V/NotificationService(155): Charging...
05-15 07:22:33.257: D/lights(155): [LedInfo] write attr ok name=/sys/class/leds/amber/brightness string=1,len=1
05-15 07:22:33.257: D/lights(155): [LedInfo] write attr ok name=/sys/class/leds/amber/blink string=0,len=1
05-15 07:22:33.257: D/lights(155): [LedInfo] write attr ok name=/sys/class/leds/amber/off_timer string=0 0,len=3
05-15 07:22:33.257: D/lights(155): [LedInfo] write attr ok name=/sys/class/leds/green/brightness string=0,len=1
05-15 07:22:33.257: D/lights(155): [LedInfo] write attr ok name=/sys/class/leds/green/blink string=0,len=1
05-15 07:22:33.267: D/lights(155): [LedInfo] write attr ok name=/sys/class/leds/green/off_timer string=0 0,len=3
05-15 07:22:33.267: D/NotificationService(155): cancelNotification, ACTION_NOTIFICATION_REMOVE,pkg=android,id=17040190
05-15 07:22:33.317: I/LSState(155): EventReceiver:android.intent.action.NOTIFICATION_REMOVE
05-15 07:22:33.327: I/LSState(155): EventReceiver:android.intent.action.NOTIFICATION_ADD
05-15 07:22:33.477: D/StatusBarService(254): addNotification notification = StatusBarNotification(package=android id=17040190 tag=null notification=Notification(vibrate=null,sound=null,defaults=0x0,flags=0x2)), key = android.os.BinderProxy@40669848, fullScreenIntent = null, contentIntent = PendingIntent{40627508: android.os.BinderProxy@4058be70}
05-15 07:22:33.547: D/RPC(155): read RPC packet
05-15 07:22:33.547: D/RPC(155): read RPC packet size: [208]
05-15 07:22:33.547: V/locapi_rpc_glue(155): Callback received: 1 (cb_id=0x9B0001 handle=2)
05-15 07:22:33.547: V/locapi_rpc_glue(155): +loc_api_callback_process_sync_call
05-15 07:22:33.547: V/locapi_rpc_glue(155): -loc_api_callback_process_sync_call, no sync call in use
05-15 07:22:33.547: D/RPC(155): written RPC packet size: [28]
05-15 07:22:33.547: D/lib_locapi(155): loc_eng_report_position: valid mask = 0xd, sess status = 1
05-15 07:22:33.868: D/RPC(155): read RPC packet
05-15 07:22:33.868: D/RPC(155): read RPC packet size: [96]
05-15 07:22:33.868: V/locapi_rpc_glue(155): Callback received: 2 (cb_id=0x9B0001 handle=2)
05-15 07:22:33.868: V/locapi_rpc_glue(155): +loc_api_callback_process_sync_call
05-15 07:22:33.868: V/locapi_rpc_glue(155): -loc_api_callback_process_sync_call, no sync call in use
05-15 07:22:33.868: D/RPC(155): written RPC packet size: [28]
05-15 07:22:33.868: D/lib_locapi(155): loc_eng_report_sv: valid_mask = 0x30, num of sv = 0
05-15 07:22:33.868: D/GpsLocationProvider(155): reportSvStatus
05-15 07:22:33.888: D/RPC(155): read RPC packet
05-15 07:22:33.888: D/RPC(155): read RPC packet size: [1272]
05-15 07:22:33.888: V/locapi_rpc_glue(155): Callback received: 4 (cb_id=0x9B0001 handle=2)
05-15 07:22:33.888: V/locapi_rpc_glue(155): +loc_api_callback_process_sync_call
05-15 07:22:33.888: V/locapi_rpc_glue(155): -loc_api_callback_process_sync_call, no sync call in use
05-15 07:22:33.888: D/RPC(155): written RPC packet size: [28]
05-15 07:22:33.938: D/dalvikvm(28675): GC_EXTERNAL_ALLOC freed 600K, 40% free 5503K/9031K, external 1005K/1384K, paused 98ms
05-15 07:22:34.118: D/dalvikvm(28675): GC_EXTERNAL_ALLOC freed 49K, 40% free 5503K/9031K, external 1897K/2408K, paused 53ms
05-15 07:22:34.288: D/dalvikvm(28675): GC_EXTERNAL_ALLOC freed 48K, 39% free 5515K/9031K, external 1897K/2408K, paused 62ms
05-15 07:22:34.438: D/dalvikvm(28675): GC_EXTERNAL_ALLOC freed 109K, 39% free 5591K/9031K, external 1899K/2408K, paused 51ms
05-15 07:22:34.538: D/WifiService(155): acquireWifiLockLocked: WifiLock{NlpWifiLock type=2 binder=android.os.BinderProxy@4092ba40} Mode: 2
05-15 07:22:34.538: D/WifiService(155): enable and start wifi due to updateWifiState
05-15 07:22:34.548: D/RPC(155): read RPC packet
05-15 07:22:34.548: D/RPC(155): read RPC packet size: [208]
05-15 07:22:34.548: V/locapi_rpc_glue(155): Callback received: 1 (cb_id=0x9B0001 handle=2)
05-15 07:22:34.548: V/locapi_rpc_glue(155): +loc_api_callback_process_sync_call
05-15 07:22:34.548: V/locapi_rpc_glue(155): -loc_api_callback_process_sync_call, no sync call in use
05-15 07:22:34.548: D/RPC(155): written RPC packet size: [28]
05-15 07:22:34.548: D/lib_locapi(155): loc_eng_report_position: valid mask = 0xd, sess status = 1
05-15 07:22:34.869: D/RPC(155): read RPC packet
05-15 07:22:34.869: D/RPC(155): read RPC packet size: [96]
05-15 07:22:34.869: V/locapi_rpc_glue(155): Callback received: 2 (cb_id=0x9B0001 handle=2)
05-15 07:22:34.869: V/locapi_rpc_glue(155): +loc_api_callback_process_sync_call
05-15 07:22:34.869: V/locapi_rpc_glue(155): -loc_api_callback_process_sync_call, no sync call in use
05-15 07:22:34.869: D/RPC(155): written RPC packet size: [28]
05-15 07:22:34.869: D/lib_locapi(155): loc_eng_report_sv: valid_mask = 0x30, num of sv = 0
05-15 07:22:34.869: D/GpsLocationProvider(155): reportSvStatus
05-15 07:22:34.879: D/RPC(155): read RPC packet
05-15 07:22:34.879: D/RPC(155): read RPC packet size: [1272]
05-15 07:22:34.879: V/locapi_rpc_glue(155): Callback received: 4 (cb_id=0x9B0001 handle=2)
05-15 07:22:34.879: V/locapi_rpc_glue(155): +loc_api_callback_process_sync_call
05-15 07:22:34.879: V/locapi_rpc_glue(155): -loc_api_callback_process_sync_call, no sync call in use
05-15 07:22:34.879: D/RPC(155): written RPC packet size: [28]
05-15 07:22:34.999: D/CDMASMSdispatcher(301): NUmem value is: false
05-15 07:22:34.999: D/DeviceStorageMonitorService(155): DeviceStorageMonitorservice, nv value dis/local: false
05-15 07:22:35.369: I/wpa_supplicant(382): got scan complete
05-15 07:22:35.369: I/wpa_supplicant(382): wpa_supplicant_get_scan_results:return scan results2
05-15 07:22:35.379: I/wpa_supplicant(382): AP:ssid[mFoundry],rssi[-48],BSSID=10:bd:18:eb:f4:b0
