05-24 06:36:41.499: V/WindowOrientationListener(2020): nearestRotation : 0 Angle: 1 tilt: 13
05-24 06:36:42.380: W/SignalStrength(2020): getGsmLevel=1
05-24 06:36:42.380: W/SignalStrength(2123): getGsmLevel=1
05-24 06:36:42.380: W/SignalStrength(2020): getLevel=1 (SignalStrength: 99 -1 -1 -1 -1 -1 -1 -1 -1 -1 -1 -1 gsm|lte 1)
05-24 06:36:42.380: W/SignalStrength(2123): getLevel=1 (SignalStrength: 99 -1 -1 -1 -1 -1 -1 -1 -1 -1 -1 -1 gsm|lte 1)
05-24 06:36:42.380: W/SignalStrength(2123): getGsmLevel=1
05-24 06:36:42.380: W/SignalStrength(2123): getLevel=1 (SignalStrength: 99 -1 -1 -1 -1 -1 -1 -1 -1 -1 -1 -1 gsm|lte 1)
05-24 06:36:42.380: D/STATUSBAR-NetworkController(2123): onSignalStrengthsChanged signalStrength=SignalStrength: 99 -1 -1 -1 -1 -1 -1 -1 -1 -1 -1 -1 gsm|lte 1 level=1
05-24 06:36:42.390: W/SignalStrength(2020): getGsmDbm=-1
05-24 06:36:42.390: W/SignalStrength(2020): getDbm=-1
05-24 06:36:42.390: W/SignalStrength(2020): getGsmAsuLevel=99
05-24 06:36:42.390: W/SignalStrength(2020): getAsuLevel=99
05-24 06:36:42.390: W/AlarmManager(2020): FACTORY_ON= 0
05-24 06:36:42.400: D/STATUSBAR-NetworkController(2123): refreshSignalCluster: data=-1 bt=false
05-24 06:36:43.091: I/sec_anm_ahi_output(1694): standby() called
05-24 06:36:43.091: I/sec_anm_ahi_output(1694): Trying to drain devices
05-24 06:36:43.091: I/ADM(1699): 6: 1777654378: [INFO] api_devset:824 devapi_drain, draining 4101F008.0
05-24 06:36:43.121: I/ADM(1699): 6: 1777687977: [INFO] omx_io:651 il_tool_io_empty_buffer_done: Idle callback requested, issuing..
05-24 06:36:43.121: I/ADM(1699): 0: 1777688191: [INFO] api_devset:835 Drain complete, sending reply msg
05-24 06:36:43.121: I/sec_anm_ahi_output(1694): Drain devices done
05-24 06:36:43.121: I/sec_anm_ahi_output(1694): adm_api: ste_adm_close_device(Speaker)
05-24 06:36:43.121: I/ADM(1699): 2: 1777688923: [STATUS] api_devset:316 Close device 'Speaker'
05-24 06:36:43.121: I/ADM(1699): 8: 1777689259: [OMXIL] omx_log:957 4101F008 [ADM.splitter]: SendCommand PortDisable 0
05-24 06:36:43.121: I/ADM(1699): 2: 1777689473: [INFO] omx_io:410 il_tool_io_wait_until_idle: 410D4008.0 idle, returning
05-24 06:36:43.121: I/ADM(1699): 5: 1777689656: [OMXIL] omx_log:1113 4101F008 [ADM.splitter]: FreeBuf port=0 pBuf=41723F10
05-24 06:36:43.121: I/ADM(1699): 8: 1777689839: [OMXIL] omx_log:1113 4101F008 [ADM.splitter]: FreeBuf port=0 pBuf=41723F68
05-24 06:36:43.131: I/ADM(1699): 1: 1777690144: [OMXIL] omx_log:1113 4101F008 [ADM.splitter]: FreeBuf port=0 pBuf=415DDE00
05-24 06:36:43.131: I/ADM(1699): 7: 1777690358: [OMXIL] omx_log:256 4101F008 [ADM.splitter]: CB CmdComplete PortDisable 0
05-24 06:36:43.131: I/ADM(1699): 5: 1777690877: [OMXIL] omx_log:957 4101F008 [ADM.splitter]: SendCommand PortDisable 1
05-24 06:36:43.131: I/ADM(1699): 9: 1777691060: [OMXIL] omx_log:256 4101F008 [ADM.splitter]: CB CmdComplete PortDisable 1
05-24 06:36:43.131: I/ADM(1699): 2: 1777691273: [OMXIL] omx_log:957 415C8008 [ADM.mixer ]: SendCommand PortDisable 1
05-24 06:36:43.131: I/ADM(1699): 6: 1777691487: [OMXIL] omx_log:256 415C8008 [ADM.mixer ]: CB CmdComplete PortDisable 1
05-24 06:36:43.131: I/ADM(1699): 1: 1777691823: [INFO] dev:519 >>> ENTER dev_close(101)
05-24 06:36:43.131: I/ADM(1699): 7: 1777692128: [INFO] dev:306 setting /data/local/tmp/rme_act_adm to 1
05-24 06:36:43.131: I/ADM(1699): 9: 1777694661: [INFO] dev:347 rme alp tracker /data/local/tmp/rme_act_alp set to 0: proceeding
05-24 06:36:43.131: I/ADM(1699): 6: 1777694996: [INFO] dev_omx:1517 Enter dev_omx_close_graph - logical_handle=1 dealloc_buffers=0
05-24 06:36:43.131: I/ADM(1699): 9: 1777695180: [INFO] dev_omx:1534 Closing last device. Request audiocodec to ramp down audio
05-24 06:36:43.131: I/ADM(1699): 2: 1777695363: [OMXIL] omx_log:913 428C7F80 [X.ST.AFM.IHF]: SetConfig idx=Mute
05-24 06:36:43.131: I/ADM(1699): 5: 1777695546: [OMXIL] omx_log:293 port=0 mute=1
05-24 06:36:43.161: I/ADM(1699): 5: 1777728535: [OMXIL] omx_log:256 428C7F80 [X.ST.AFM.IHF]: CB EventIndexSettingChanged port=67108901 index=OMX_ALL
05-24 06:36:43.161: I/ADM(1699): 7: 1777728627: [OMXIL] omx_log:256 428C7F80 [X.ST.AFM.IHF]: CB EventIndexSettingChanged port=-1 index=Mute
05-24 06:36:43.161: I/ADM(1699): 1: 1777729664: [INFO] dev_omx_graph:1181 Enter graph_disconnect_app_effects_from_common_mix_split
05-24 06:36:43.161: I/ADM(1699): 7: 1777729848: [OMXIL] omx_log:957 411F5F78 [ocessing.spl]: SendCommand PortDisable 1
05-24 06:36:43.171: I/ADM(1699): 5: 1777735676: [OMXIL] omx_log:957 4167AF60 [ST.AFM.mixer]: SendCommand PortDisable 1
05-24 06:36:43.171: I/ADM(1699): 7: 1777735798: [OMXIL] omx_log:256 411F5F78 [ocessing.spl]: CB CmdComplete PortDisable 1
05-24 06:36:43.171: I/ADM(1699): 0: 1777738301: [OMXIL] omx_log:256 4167AF60 [ST.AFM.mixer]: CB CmdComplete PortDisable 1
05-24 06:36:43.171: I/ADM(1699): 6: 1777738698: [OMXIL] omx_log:954 415C8008 [ADM.mixer ]: SendCommand StateSet StateIdle
05-24 06:36:43.171: I/ADM(1699): 0: 1777738911: [OMXIL] omx_log:954 411F5F78 [ocessing.spl]: SendCommand StateSet StateIdle
05-24 06:36:43.171: I/ADM(1699): 4: 1777739735: [OMXIL] omx_log:256 415C8008 [ADM.mixer ]: CB CmdComplete StateSet StateIdle
05-24 06:36:43.181: I/ADM(1699): 7: 1777741078: [OMXIL] omx_log:256 411F5F78 [ocessing.spl]: CB CmdComplete StateSet StateIdle
05-24 06:36:43.181: I/ADM(1699): 5: 1777741566: [OMXIL] omx_log:954 4167AF60 [ST.AFM.mixer]: SendCommand StateSet StateIdle
05-24 06:36:43.181: I/ADM(1699): 1: 1777742421: [OMXIL] omx_log:256 4167AF60 [ST.AFM.mixer]: CB CmdComplete StateSet StateIdle
05-24 06:36:43.181: I/ADM(1699): 4: 1777742573: [OMXIL] omx_log:954 400A8F68 [ocessing.spl]: SendCommand StateSet StateIdle
05-24 06:36:43.181: I/ADM(1699): 3: 1777743153: [OMXIL] omx_log:256 400A8F68 [ocessing.spl]: CB CmdComplete StateSet StateIdle
05-24 06:36:43.181: I/ADM(1699): 6: 1777743306: [OMXIL] omx_log:954 428C7F80 [X.ST.AFM.IHF]: SendCommand StateSet StateIdle
05-24 06:36:43.181: I/ADM(1699): 8: 1777745839: [OMXIL] omx_log:256 428C7F80 [X.ST.AFM.IHF]: CB CmdComplete StateSet StateIdle
05-24 06:36:43.181: I/ADM(1699): 6: 1777746266: [OMXIL] omx_log:954 428C7F80 [X.ST.AFM.IHF]: SendCommand StateSet StateLoaded
05-24 06:36:43.191: I/ADM(1699): 7: 1777759907: [OMXIL] omx_log:256 428C7F80 [X.ST.AFM.IHF]: CB CmdComplete StateSet StateLoaded
05-24 06:36:43.201: I/ADM(1699): 4: 1777760335: [OMXIL] omx_log:954 400A8F68 [ocessing.spl]: SendCommand StateSet StateLoaded
05-24 06:36:43.201: I/ADM(1699): 6: 1777768086: [OMXIL] omx_log:256 400A8F68 [ocessing.spl]: CB CmdComplete StateSet StateLoaded
05-24 06:36:43.201: I/ADM(1699): 0: 1777768330: [OMXIL] omx_log:954 4167AF60 [ST.AFM.mixer]: SendCommand StateSet StateLoaded
05-24 06:36:43.211: I/ADM(1699): 2: 1777776723: [OMXIL] omx_log:256 4167AF60 [ST.AFM.mixer]: CB CmdComplete StateSet StateLoaded
05-24 06:36:43.211: I/ADM(1699): 6: 1777776967: [OMXIL] omx_log:954 411F5F78 [ocessing.spl]: SendCommand StateSet StateLoaded
05-24 06:36:43.221: I/ADM(1699): 8: 1777787068: [OMXIL] omx_log:954 415C8008 [ADM.mixer ]: SendCommand StateSet StateLoaded
05-24 06:36:43.221: I/ADM(1699): 0: 1777787190: [OMXIL] omx_log:256 415C8008 [ADM.mixer ]: CB CmdComplete StateSet StateLoaded
05-24 06:36:43.221: I/ADM(1699): 3: 1777787953: [OMXIL] omx_log:256 411F5F78 [ocessing.spl]: CB CmdComplete StateSet StateLoaded
05-24 06:36:43.221: I/ADM(1699): 5: 1777788685: [OMXIL] omx_log:256 411F5F78 [ocessing.spl]: FreeHandle
05-24 06:36:43.221: I/ADM(1699): 6: 1777789326: [OMXIL] omx_log:256 415C8008 [ADM.mixer ]: FreeHandle
05-24 06:36:43.221: I/ADM(1699): 8: 1777789448: [OMXIL] omx_log:256 400A8F68 [ocessing.spl]: FreeHandle
05-24 06:36:43.231: I/ADM(1699): 9: 1777790639: [OMXIL] omx_log:256 428C7F80 [X.ST.AFM.IHF]: FreeHandle
05-24 06:36:43.231: I/ADM(1699): 7: 1777791768: [OMXIL] omx_log:256 4167AF60 [ST.AFM.mixer]: FreeHandle
05-24 06:36:43.231: I/ADM(1699): 7: 1777792348: [INFO] dev_omx:1646 All OMX handles freed successfully
05-24 06:36:43.231: I/ADM(1699): 1: 1777792653: [INFO] dev_omx:1722 Graph closed successfully! ref_cnt = 0
05-24 06:36:43.231: I/ADM(1699): 5: 1777792775: [INFO] dev:1684 rescan_hw_handler
05-24 06:36:43.231: I/ADM(1699): 6: 1777792805: [INFO] hw_handler_u8500:461 AddD2DConnections ENTER
05-24 06:36:43.231: I/ADM(1699): 3: 1777794484: [INFO] dev:1675 hw_handler_dev_next_d2d: DONE
05-24 06:36:43.231: I/ADM(1699): 9: 1777794880: [INFO] dev:1654 hw_handler_dev_next: DONE
05-24 06:36:43.231: I/ADM(1699): 9: 1777795979: [INFO] hw_handler_u8500:849 Query: SELECT * FROM HW_Settings WHERE (Platform = 'AB8500') AND (Dev1 ='')ORDER BY rowid LIMIT 1
05-24 06:36:43.231: I/ADM(1699): 3: 1777797963: [INFO] hw_handler_u8500:961 ste_adm_hw_handler_u8500: Found matching HW-settings: devices = ('', '', '', '', '', ''), d2dlogical-connections = ('', '', '', '').
05-24 06:36:43.251: I/ADM(1699): 0: 1777816670: [INFO] dev:834 Updating event subscriptions for device Speaker
05-24 06:36:43.251: I/ADM(1699): 1: 1777816762: [INFO] dev:579 >>> LEAVE dev_close(101)
05-24 06:36:43.251: I/ADM(1699): 4: 1777816914: [INFO] dev:306 setting /data/local/tmp/rme_act_adm to 0
05-24 06:36:43.251: I/ADM(1699): 8: 1777817158: [INFO] api_devset:392 Releasing splitter; no longer used
05-24 06:36:43.251: I/ADM(1699): 0: 1777817250: [OMXIL] omx_log:954 4101F008 [ADM.splitter]: SendCommand StateSet StateIdle
05-24 06:36:43.251: I/ADM(1699): 1: 1777817311: [OMXIL] omx_log:256 4101F008 [ADM.splitter]: CB CmdComplete StateSet StateIdle
05-24 06:36:43.251: I/ADM(1699): 2: 1777817402: [OMXIL] omx_log:954 4101F008 [ADM.splitter]: SendCommand StateSet StateLoaded
05-24 06:36:43.251: I/ADM(1699): 3: 1777817464: [OMXIL] omx_log:256 4101F008 [ADM.splitter]: CB CmdComplete StateSet StateLoaded
05-24 06:36:43.251: I/ADM(1699): 5: 1777817525: [OMXIL] omx_log:256 4101F008 [ADM.splitter]: FreeHandle
05-24 06:36:43.251: I/ADM(1699): 6: 1777817647: [INFO] api_devset:408 CloseDevice(Speaker) OK
05-24 06:36:44.582: I/InputReader(2020): Touch event's action is 0x0 (deviceType=0) [pCnt=1, s=0.121 ]
05-24 06:36:44.582: I/InputDispatcher(2020): Delivering touch to current input target: action: 0x0
05-24 06:36:44.582: I/InputDispatcher(2020): Delivering touch to current input target: action: 0x0
05-24 06:36:44.582: I/InputDispatcher(2020): Delivering touch to current input target: action: 0x0
05-24 06:36:44.582: I/InputDispatcher(2020): Delivering touch to current input target: action: 0x0
05-24 06:36:44.592: I/TwDVFSBroadcastReceiver(2259): onLauncherIntent
05-24 06:36:44.592: D/PowerManager(2259): DVFSLock : acquire : timeout : 1000
05-24 06:36:44.592: I/power(2020): *** acquire_dvfs_lock : lockType : 1 freq : 1000000
05-24 06:36:44.592: D/PowerManagerService(2020): acquireDVFSLockLocked : type : DVFS_MIN_LIMIT frequency : 1000000 uid : 1000 pid : 2259 tag : TwDVFSBroadcastReceiver
05-24 06:36:44.682: I/InputReader(2020): Touch event's action is 0x1 (deviceType=0) [pCnt=1, s=]
05-24 06:36:44.692: I/InputDispatcher(2020): Delivering touch to current input target: action: 0x1
05-24 06:36:44.692: I/InputDispatcher(2020): Delivering touch to current input target: action: 0x1
05-24 06:36:44.692: I/InputDispatcher(2020): Delivering touch to current input target: action: 0x1
05-24 06:36:44.692: I/InputDispatcher(2020): Delivering touch to current input target: action: 0x1
05-24 06:36:44.692: I/AudioPolicyManagerBase(1694): getSituationVolume: isBTConnected:0 isHeadConnected:0
05-24 06:36:44.692: V/AudioPolicyManagerBase(1694): getParamFromPolicy deviceInt = 0, situationInt = 1, situationVolume = 1.000000
05-24 06:36:44.692: V/audio_policy_anm(1694): audio_io_handle_t android::ap_get_output(audio_policy*, audio_stream_type_t, uint32_t, audio_format_t, uint32_t, audio_output_flags_t): tid 2013
05-24 06:36:44.692: V/AudioPolicyManagerBase(1694): getOutput() stream 1, samplingRate 0, format 0, channelMask 3, flags 0
05-24 06:36:44.692: V/AudioPolicyManagerBase(1694): getOutput() returns output 2
05-24 06:36:44.692: V/audio_policy_anm(1694): audio_io_handle_t android::ap_get_output(audio_policy*, audio_stream_type_t, uint32_t, audio_format_t, uint32_t, audio_output_flags_t): tid 2011
05-24 06:36:44.692: V/AudioPolicyManagerBase(1694): getOutput() stream 1, samplingRate 0, format 0, channelMask 3, flags 0
05-24 06:36:44.692: V/AudioPolicyManagerBase(1694): getOutput() returns output 2
05-24 06:36:44.702: V/audio_policy_anm(1694): audio_io_handle_t android::ap_get_output(audio_policy*, audio_stream_type_t, uint32_t, audio_format_t, uint32_t, audio_output_flags_t): tid 1694
05-24 06:36:44.702: V/AudioPolicyManagerBase(1694): getOutput() stream 1, samplingRate 44100, format 1, channelMask 3, flags 4
05-24 06:36:44.702: V/AudioPolicyManagerBase(1694): getOutput() returns output 2
05-24 06:36:44.702: V/AudioPolicyManagerBase(1694): startOutput() output 2, stream 1, session 426
05-24 06:36:44.702: V/AudioPolicyManagerBase(1694): changeRefCount() stream 1, count 1
05-24 06:36:44.702: V/AudioPolicyManagerBase(1694): getNewDevice() selected device 2
05-24 06:36:44.702: V/AudioPolicyManagerBase(1694): setOutputDevice() output 2 device 0002 force 0 delayMs 0
05-24 06:36:44.702: V/AudioPolicyManagerBase(1694): setOutputDevice() prevDevice 0002
05-24 06:36:44.702: V/AudioPolicyManagerBase(1694): setOutputDevice() setting same device 0002 or null device for output 2
05-24 06:36:44.702: V/AudioPolicyManagerBase(1694): releaseOutput() 2
05-24 06:36:44.712: D/PowerManagerService(2020): acquireDVFSLockLocked : type : DVFS_MIN_LIMIT frequency : 1000000 uid : 1000 pid : 2020 tag : ActivityManager
05-24 06:36:44.712: W/ActivityManager(2020): mDVFSLock.acquire()
05-24 06:36:44.722: I/sec_anm_ahi_output(1694): openDevices()
05-24 06:36:44.722: V/sec_anm_organ_switcher(1694): already: Speaker -> REF_Speaker_Playback_Music
05-24 06:36:44.722: I/sec_anm_ahi_output(1694): adm_api: ste_adm_client_open_device(Speaker)
05-24 06:36:44.722: I/ADM(1699): 8: 1779291218: [STATUS] api_devset:457 Open device 'Speaker', 44100 Hz, format=2, 3 x 3904 bytes bufs
05-24 06:36:44.722: I/ADM(1699): 2: 1779291463: [INFO] dev:378 >>> ENTER dev_open(Speaker, vc=0, alloc_buffers=0, format=2)
05-24 06:36:44.722: I/ADM(1699): 6: 1779291707: [INFO] dev:306 setting /data/local/tmp/rme_act_adm to 1
05-24 06:36:44.722: I/ADM(1699): 1: 1779291981: [INFO] dev:347 rme alp tracker /data/local/tmp/rme_act_alp set to 0: proceeding
05-24 06:36:44.722: I/ADM(1699): 3: 1779292103: [INFO] dev:1684 rescan_hw_handler
05-24 06:36:44.722: I/ADM(1699): 4: 1779292164: [INFO] hw_handler_u8500:461 AddD2DConnections ENTER
05-24 06:36:44.722: I/ADM(1699): 8: 1779292988: [INFO] dev:1675 hw_handler_dev_next_d2d: DONE
05-24 06:36:44.722: I/ADM(1699): 4: 1779293324: [INFO] dev:1654 hw_handler_dev_next: DONE
05-24 06:36:44.722: I/ADM(1699): 7: 1779294087: [INFO] hw_handler_u8500:849 Query: SELECT * FROM HW_Settings WHERE (Platform = 'AB8500') AND ('REF_Speaker_Playback_Music' IN (Dev1, Dev2, Dev3, Dev4, Dev5, Dev6))ORDER BY rowid LIMIT 1
05-24 06:36:44.752: I/ADM(1699): 8: 1779328999: [INFO] hw_handler_u8500:961 ste_adm_hw_handler_u8500: Found matching HW-settings: devices = ('REF_Speaker_Playback_Music', '', '', '', '', ''), d2dlogical-connections = ('', '', '', '').
05-24 06:36:44.783: I/ADM(1699): 6: 1779355366: [INFO] dev:429 Device Speaker is OUTPUT
05-24 06:36:44.783: I/ADM(1699): 0: 1779355580: [INFO] dev_omx:1276 Enter dev_omx_setup_graph - device=Speaker, samplerate=44100, format=2, alloc_buffers=0, is_vc=0, bufsz=0
05-24 06:36:44.783: I/ADM(1699): 0: 1779357319: [OMXIL] omx_log:256 418EAF80: GetHandle 'OMX.ST.AFM.mixer' pAD=411A28F8 pCB=40150D60 OK
05-24 06:36:44.783: I/ADM(1699): 3: 1779358113: [INFO] dev_omx_graph:123 il_tool_create_component returned 0x418EAF80 for OMX.ST.AFM.mixer (Common Mixer)
05-24 06:36:44.783: I/ADM(1699): 2: 1779358693: [OMXIL] omx_log:256 415C8008: GetHandle 'ADM.mixer' pAD=423DD4B0 pCB=40150D60 OK
05-24 06:36:44.783: I/ADM(1699): 4: 1779359425: [INFO] dev_omx_graph:144 il_tool_create_component returned 0x415C8008 for ADM.mixer (App Mixer)
05-24 06:36:44.793: I/ADM(1699): 8: 1779360249: [INFO] dev_omx:900 Extracting components for chain 0, dev ='Speaker'
05-24 06:36:44.793: I/ADM(1699): 5: 1779364155: [OMXIL] omx_log:256 410CEF78: GetHandle 'OMX.ST.AFM.pcmprocessing.spl' pAD=4262D4B0 pCB=40150D60 OK
05-24 06:36:44.793: I/ADM(1699): 6: 1779364796: [INFO] dev_omx:940 adm_create_component returned 0x410CEF78 for OMX.ST.AFM.pcmprocessing.spl
05-24 06:36:44.793: I/ADM(1699): 8: 1779365529: [OMXIL] omx_log:887 410CEF78 [ocessing.spl]: SetParameter idx=AudioPcm
05-24 06:36:44.793: I/ADM(1699): 0: 1779366200: [OMXIL] omx_log:293 port=0 channels=1 eNumData=0 endian=1 interleave=1 bits=16 samplerate=48000
05-24 06:36:44.793: I/ADM(1699): 4: 1779366719: [OMXIL] omx_log:293 pcmMode=0 map[0]=3 map[1]=0 map[2]=0, map[3]=0, map[4]=0, map[5]=0
05-24 06:36:44.793: I/ADM(1699): 1: 1779368062: [OMXIL] omx_log:887 410CEF78 [ocessing.spl]: SetParameter idx=AudioPcm
05-24 06:36:44.793: I/ADM(1699): 9: 1779368519: [OMXIL] omx_log:293 port=1 channels=1 eNumData=0 endian=1 interleave=1 bits=16 samplerate=48000
05-24 06:36:44.793: I/ADM(1699): 8: 1779369069: [OMXIL] omx_log:293 pcmMode=0 map[0]=3 map[1]=0 map[2]=0, map[3]=0, map[4]=0, map[5]=0
05-24 06:36:44.803: I/ADM(1699): 1: 1779370412: [OMXIL] omx_log:887 410CEF78 [ocessing.spl]: SetParameter idx=AFM_IndexParamSpl
05-24 06:36:44.803: I/ADM(1699): 8: 1779371419: [OMXIL] omx_log:913 410CEF78 [ocessing.spl]: SetConfig idx=OMX_IndexConfigSpllimit
05-24 06:36:44.803: I/ADM(1699): 4: 1779372365: [OMXIL] omx_log:913 410CEF78 [ocessing.spl]: SetConfig idx=Volume
05-24 06:36:44.803: I/ADM(1699): 2: 1779372792: [OMXIL] omx_log:293 port=0 linear=0 volume=600 mB
05-24 06:36:44.803: I/ADM(1699): 8: 1779374104: [OMXIL] omx_log:913 410CEF78 [ocessing.spl]: SetConfig idx=AFM_IndexConfigPcmProbe
05-24 06:36:44.803: I/ADM(1699): 1: 1779375172: [OMXIL] omx_log:887 410CEF78 [ocessing.spl]: SetParameter idx=AFM_IndexParamHostMpcSync
05-24 06:36:44.803: I/ADM(1699): 1: 1779375722: [OMXIL] omx_log:293 nPortIndex=0 enabled=1
05-24 06:36:44.803: I/ADM(1699): 3: 1779377003: [INFO] dev_omx:900 Extracting components for chain 2, dev ='Speaker'
05-24 06:36:44.803: I/ADM(1699): 9: 1779378499: [OMXIL] omx_log:256 400A8F68: GetHandle 'OMX.ST.AFM.pcmprocessing.spl' pAD=414B89E0 pCB=40150D60 OK
05-24 06:36:44.803: I/ADM(1699): 0: 1779379170: [INFO] dev_omx:940 adm_create_component returned 0x400A8F68 for OMX.ST.AFM.pcmprocessing.spl
05-24 06:36:44.813: I/ADM(1699): 9: 1779380299: [OMXIL] omx_log:887 400A8F68 [ocessing.spl]: SetParameter idx=AudioPcm
05-24 06:36:44.813: I/ADM(1699): 2: 1779381062: [OMXIL] omx_log:293 port=0 channels=1 eNumData=0 endian=1 interleave=1 bits=16 samplerate=48000
05-24 06:36:44.813: I/ADM(1699): 2: 1779381672: [OMXIL] omx_log:293 pcmMode=0 map[0]=3 map[1]=0 map[2]=0, map[3]=0, map[4]=0, map[5]=0
05-24 06:36:44.813: I/ADM(1699): 9: 1779383259: [OMXIL] omx_log:887 400A8F68 [ocessing.spl]: SetParameter idx=AudioPcm
05-24 06:36:44.813: I/ADM(1699): 1: 1779383351: [OMXIL] omx_log:293 port=1 channels=1 eNumData=0 endian=1 interleave=1 bits=16 samplerate=48000
05-24 06:36:44.813: I/ADM(1699): 2: 1779383381: [OMXIL] omx_log:293 pcmMode=0 map[0]=3 map[1]=0 map[2]=0, map[3]=0, map[4]=0, map[5]=0
05-24 06:36:44.813: I/ADM(1699): 8: 1779383778: [OMXIL] omx_log:887 400A8F68 [ocessing.spl]: SetParameter idx=AFM_IndexParamSpl
05-24 06:36:44.813: I/ADM(1699): 2: 1779384022: [OMXIL] omx_log:913 400A8F68 [ocessing.spl]: SetConfig idx=OMX_IndexConfigSpllimit
05-24 06:36:44.813: I/ADM(1699): 6: 1779384266: [OMXIL] omx_log:913 400A8F68 [ocessing.spl]: SetConfig idx=Volume
05-24 06:36:44.813: I/ADM(1699): 7: 1779384328: [OMXIL] omx_log:293 port=0 linear=0 volume=200 mB
05-24 06:36:44.813: I/ADM(1699): 1: 1779384541: [OMXIL] omx_log:913 400A8F68 [ocessing.spl]: SetConfig idx=AFM_IndexConfigPcmProbe
05-24 06:36:44.823: I/ADM(1699): 4: 1779395314: [OMXIL] omx_log:256 428C7F80: GetHandle 'OMX.ST.AFM.IHF' pAD=41469938 pCB=40150D60 OK
05-24 06:36:44.823: I/ADM(1699): 8: 1779396168: [OMXIL] omx_log:957 428C7F80 [X.ST.AFM.IHF]: SendCommand PortDisable 1
05-24 06:36:44.823: I/ADM(1699): 7: 1779397267: [OMXIL] omx_log:256 428C7F80 [X.ST.AFM.IHF]: CB CmdComplete PortDisable 1
05-24 06:36:44.823: I/ADM(1699): 7: 1779397877: [OMXIL] omx_log:887 428C7F80 [X.ST.AFM.IHF]: SetParameter idx=AudioPcm
05-24 06:36:44.823: I/ADM(1699): 7: 1779398488: [OMXIL] omx_log:293 port=0 channels=1 eNumData=0 endian=1 interleave=1 bits=16 samplerate=48000
05-24 06:36:44.823: I/ADM(1699): 2: 1779399037: [OMXIL] omx_log:293 pcmMode=0 map[0]=3 map[1]=0 map[2]=0, map[3]=0, map[4]=0, map[5]=0
05-24 06:36:44.833: I/ADM(1699): 9: 1779400349: [OMXIL] omx_log:913 428C7F80 [X.ST.AFM.IHF]: SetConfig idx=AFM_IndexConfigPcmProbe
05-24 06:36:44.833: I/ADM(1699): 6: 1779401326: [INFO] dev_omx:2119 2 ports on IO handle
05-24 06:36:44.833: I/ADM(1699): 3: 1779401753: [OMXIL] omx_log:913 428C7F80 [X.ST.AFM.IHF]: SetConfig idx=AFM_IndexConfigPcmProbe
05-24 06:36:44.833: I/ADM(1699): 0: 1779402791: [OMXIL] omx_log:887 418EAF80 [ST.AFM.mixer]: SetParameter idx=AFM_IndexParamBindingMemoryType
05-24 06:36:44.833: I/ADM(1699): 8: 1779403218: [OMXIL] omx_log:293 nPortIndex=1 memoryType=TCMX
05-24 06:36:44.833: I/ADM(1699): 2: 1779404042: [OMXIL] omx_log:887 418EAF80 [ST.AFM.mixer]: SetParameter idx=AFM_IndexParamBindingMemoryType
05-24 06:36:44.833: I/ADM(1699): 1: 1779404622: [OMXIL] omx_log:293 nPortIndex=0 memoryType=TCMX
05-24 06:36:44.833: I/ADM(1699): 0: 1779405690: [OMXIL] omx_log:887 418EAF80 [ST.AFM.mixer]: SetParameter idx=AudioPcm
05-24 06:36:44.833: I/ADM(1699): 7: 1779406117: [OMXIL] omx_log:293 port=0 channels=1 eNumData=0 endian=1 interleave=1 bits=16 samplerate=48000
05-24 06:36:44.833: I/ADM(1699): 1: 1779406666: [OMXIL] omx_log:293 pcmMode=0 map[0]=3 map[1]=0 map[2]=0, map[3]=0, map[4]=0, map[5]=0
05-24 06:36:44.833: I/ADM(1699): 3: 1779407826: [OMXIL] omx_log:913 418EAF80 [ST.AFM.mixer]: SetConfig idx=AFM_IndexConfigPcmProbe
05-24 06:36:44.833: I/ADM(1699): 1: 1779408742: [OMXIL] omx_log:887 418EAF80 [ST.AFM.mixer]: SetParameter idx=AudioPcm
05-24 06:36:44.833: I/ADM(1699): 9: 1779409169: [OMXIL] omx_log:293 port=1 channels=1 eNumData=0 endian=1 interleave=1 bits=16 samplerate=48000
05-24 06:36:44.833: I/ADM(1699): 7: 1779409688: [OMXIL] omx_log:293 pcmMode=0 map[0]=3 map[1]=0 map[2]=0, map[3]=0, map[4]=0, map[5]=0
05-24 06:36:44.843: I/ADM(1699): 7: 1779410847: [OMXIL] omx_log:913 418EAF80 [ST.AFM.mixer]: SetConfig idx=AFM_IndexConfigPcmProbe
05-24 06:36:44.843: I/ADM(1699): 2: 1779411732: [OMXIL] omx_log:887 418EAF80 [ST.AFM.mixer]: SetParameter idx=AudioPcm
05-24 06:36:44.843: I/ADM(1699): 9: 1779412160: [OMXIL] omx_log:293 port=2 channels=2 eNumData=0 endian=1 interleave=1 bits=16 samplerate=44100
05-24 06:36:44.843: I/ADM(1699): 8: 1779412678: [OMXIL] omx_log:293 pcmMode=0 map[0]=1 map[1]=2 map[2]=0, map[3]=0, map[4]=0, map[5]=0
05-24 06:36:44.843: I/ADM(1699): 6: 1779413716: [OMXIL] omx_log:913 418EAF80 [ST.AFM.mixer]: SetConfig idx=AFM_IndexConfigPcmProbe
05-24 06:36:44.843: I/ADM(1699): 1: 1779414601: [OMXIL] omx_log:957 418EAF80 [ST.AFM.mixer]: SendCommand PortDisable 1
05-24 06:36:44.843: I/ADM(1699): 7: 1779415547: [OMXIL] omx_log:256 418EAF80 [ST.AFM.mixer]: CB CmdComplete PortDisable 1
05-24 06:36:44.843: I/ADM(1699): 7: 1779416157: [OMXIL] omx_log:957 418EAF80 [ST.AFM.mixer]: SendCommand PortDisable 2
05-24 06:36:44.843: I/ADM(1699): 4: 1779417134: [OMXIL] omx_log:256 418EAF80 [ST.AFM.mixer]: CB CmdComplete PortDisable 2
05-24 06:36:44.843: I/ADM(1699): 1: 1779417592: [OMXIL] omx_log:957 418EAF80 [ST.AFM.mixer]: SendCommand PortDisable 3
05-24 06:36:44.843: I/ADM(1699): 7: 1779419118: [OMXIL] omx_log:256 418EAF80 [ST.AFM.mixer]: CB CmdComplete PortDisable 3
05-24 06:36:44.853: I/ADM(1699): 8: 1779420003: [OMXIL] omx_log:957 418EAF80 [ST.AFM.mixer]: SendCommand PortDisable 4
05-24 06:36:44.853: I/ADM(1699): 6: 1779421406: [OMXIL] omx_log:256 418EAF80 [ST.AFM.mixer]: CB CmdComplete PortDisable 4
05-24 06:36:44.853: I/ADM(1699): 7: 1779422047: [OMXIL] omx_log:957 418EAF80 [ST.AFM.mixer]: SendCommand PortDisable 5
05-24 06:36:44.853: I/ADM(1699): 7: 1779423237: [OMXIL] omx_log:256 418EAF80 [ST.AFM.mixer]: CB CmdComplete PortDisable 5
05-24 06:36:44.853: I/ADM(1699): 8: 1779423848: [OMXIL] omx_log:957 418EAF80 [ST.AFM.mixer]: SendCommand PortDisable 6
05-24 06:36:44.853: I/ADM(1699): 8: 1779425038: [OMXIL] omx_log:256 418EAF80 [ST.AFM.mixer]: CB CmdComplete PortDisable 6
05-24 06:36:44.853: I/ADM(1699): 9: 1779425679: [OMXIL] omx_log:957 418EAF80 [ST.AFM.mixer]: SendCommand PortDisable 7
05-24 06:36:44.853: I/ADM(1699): 9: 1779426900: [OMXIL] omx_log:256 418EAF80 [ST.AFM.mixer]: CB CmdComplete PortDisable 7
05-24 06:36:44.853: I/ADM(1699): 6: 1779427876: [OMXIL] omx_log:957 418EAF80 [ST.AFM.mixer]: SendCommand PortDisable 8
05-24 06:36:44.853: I/ADM(1699): 0: 1779429310: [OMXIL] omx_log:256 418EAF80 [ST.AFM.mixer]: CB CmdComplete PortDisable 8
05-24 06:36:44.863: I/ADM(1699): 2: 1779430409: [OMXIL] omx_log:887 415C8008 [ADM.mixer ]: SetParameter idx=AudioPcm
05-24 06:36:44.863: I/ADM(1699): 0: 1779430501: [OMXIL] omx_log:293 port=0 channels=1 eNumData=0 endian=1 interleave=1 bits=16 samplerate=48000
05-24 06:36:44.863: I/ADM(1699): 1: 1779430531: [OMXIL] omx_log:293 pcmMode=0 map[0]=3 map[1]=0 map[2]=0, map[3]=0, map[4]=0, map[5]=0
05-24 06:36:44.863: I/ADM(1699): 2: 1779432118: [OMXIL] omx_log:913 415C8008 [ADM.mixer ]: SetConfig idx=AFM_IndexConfigPcmProbe
05-24 06:36:44.863: I/ADM(1699): 9: 1779432789: [OMXIL] omx_log:887 415C8008 [ADM.mixer ]: SetParameter idx=AFM_IndexParamSrcMode
05-24 06:36:44.863: I/ADM(1699): 1: 1779433491: [OMXIL] omx_log:293 nPortIndex=0 nSrcMode=Custom1
05-24 06:36:44.863: I/ADM(1699): 4: 1779434224: [OMXIL] omx_log:887 415C8008 [ADM.mixer ]: SetParameter idx=AudioPcm
05-24 06:36:44.863: I/ADM(1699): 5: 1779434285: [OMXIL] omx_log:293 port=1 channels=2 eNumData=0 endian=1 interleave=1 bits=16 samplerate=44100
05-24 06:36:44.863: I/ADM(1699): 6: 1779434346: [OMXIL] omx_log:293 pcmMode=0 map[0]=1 map[1]=2 map[2]=0, map[3]=0, map[4]=0, map[5]=0
05-24 06:36:44.863: I/ADM(1699): 7: 1779434407: [OMXIL] omx_log:913 415C8008 [ADM.mixer ]: SetConfig idx=AFM_IndexConfigPcmProbe
05-24 06:36:44.863: I/ADM(1699): 8: 1779434468: [OMXIL] omx_log:887 415C8008 [ADM.mixer ]: SetParameter idx=AFM_IndexParamSrcMode
05-24 06:36:44.863: I/ADM(1699): 9: 1779434498: [OMXIL] omx_log:293 nPortIndex=1 nSrcMode=Custom1
05-24 06:36:44.863: I/ADM(1699): 9: 1779435109: [OMXIL] omx_log:887 415C8008 [ADM.mixer ]: SetParameter idx=OMX_IndexParamAudioSynchronized
05-24 06:36:44.863: I/ADM(1699): 0: 1779435170: [OMXIL] omx_log:293 port=1 bIsSynchronized=1
05-24 06:36:44.863: I/ADM(1699): 2: 1779436329: [OMXIL] omx_log:887 415C8008 [ADM.mixer ]: SetParameter idx=AudioPcm
05-24 06:36:44.863: I/ADM(1699): 1: 1779436421: [OMXIL] omx_log:293 port=2 channels=2 eNumData=0 endian=1 interleave=1 bits=16 samplerate=44100
05-24 06:36:44.863: I/ADM(1699): 0: 1779436970: [OMXIL] omx_log:293 pcmMode=0 map[0]=1 map[1]=2 map[2]=0, map[3]=0, map[4]=0, map[5]=0
05-24 06:36:44.863: I/ADM(1699): 1: 1779437031: [OMXIL] omx_log:913 415C8008 [ADM.mixer ]: SetConfig idx=AFM_IndexConfigPcmProbe
05-24 06:36:44.863: I/ADM(1699): 2: 1779437092: [OMXIL] omx_log:887 415C8008 [ADM.mixer ]: SetParameter idx=AFM_IndexParamSrcMode
05-24 06:36:44.863: I/ADM(1699): 1: 1779437611: [OMXIL] omx_log:293 nPortIndex=2 nSrcMode=Custom1
05-24 06:36:44.863: I/ADM(1699): 2: 1779437672: [OMXIL] omx_log:887 415C8008 [ADM.mixer ]: SetParameter idx=OMX_IndexParamAudioSynchronized
05-24 06:36:44.863: I/ADM(1699): 3: 1779437733: [OMXIL] omx_log:293 port=2 bIsSynchronized=1
05-24 06:36:44.863: I/ADM(1699): 5: 1779437825: [OMXIL] omx_log:887 415C8008 [ADM.mixer ]: SetParameter idx=AudioPcm
05-24 06:36:44.863: I/ADM(1699): 9: 1779439259: [OMXIL] omx_log:293 port=3 channels=2 eNumData=0 endian=1 interleave=1 bits=16 samplerate=44100
05-24 06:36:44.863: I/ADM(1699): 0: 1779439381: [OMXIL] omx_log:293 pcmMode=0 map[0]=1 map[1]=2 map[2]=0, map[3]=0, map[4]=0, map[5]=0
05-24 06:36:44.863: I/ADM(1699): 2: 1779439442: [OMXIL] omx_log:913 415C8008 [ADM.mixer ]: SetConfig idx=AFM_IndexConfigPcmProbe
05-24 06:36:44.863: I/ADM(1699): 4: 1779439503: [OMXIL] omx_log:887 415C8008 [ADM.mixer ]: SetParameter idx=AFM_IndexParamSrcMode
05-24 06:36:44.863: I/ADM(1699): 4: 1779439564: [OMXIL] omx_log:293 nPortIndex=3 nSrcMode=Custom1
05-24 06:36:44.863: I/ADM(1699): 5: 1779439625: [OMXIL] omx_log:887 415C8008 [ADM.mixer ]: SetParameter idx=OMX_IndexParamAudioSynchronized
05-24 06:36:44.863: I/ADM(1699): 6: 1779439656: [OMXIL] omx_log:293 port=3 bIsSynchronized=1
05-24 06:36:44.873: I/ADM(1699): 2: 1779440114: [OMXIL] omx_log:887 415C8008 [ADM.mixer ]: SetParameter idx=AudioPcm
05-24 06:36:44.873: I/ADM(1699): 5: 1779440175: [OMXIL] omx_log:293 port=4 channels=2 eNumData=0 endian=1 interleave=1 bits=16 samplerate=44100
05-24 06:36:44.873: I/ADM(1699): 6: 1779440236: [OMXIL] omx_log:293 pcmMode=0 map[0]=1 map[1]=2 map[2]=0, map[3]=0, map[4]=0, map[5]=0
05-24 06:36:44.873: I/ADM(1699): 6: 1779440297: [OMXIL] omx_log:913 415C8008 [ADM.mixer ]: SetConfig idx=AFM_IndexConfigPcmProbe
05-24 06:36:44.873: I/ADM(1699): 8: 1779440358: [OMXIL] omx_log:887 415C8008 [ADM.mixer ]: SetParameter idx=AFM_IndexParamSrcMode
05-24 06:36:44.873: I/ADM(1699): 9: 1779440388: [OMXIL] omx_log:293 nPortIndex=4 nSrcMode=Custom1
05-24 06:36:44.873: I/ADM(1699): 9: 1779440449: [OMXIL] omx_log:887 415C8008 [ADM.mixer ]: SetParameter idx=OMX_IndexParamAudioSynchronized
05-24 06:36:44.873: I/ADM(1699): 0: 1779440480: [OMXIL] omx_log:293 port=4 bIsSynchronized=1
05-24 06:36:44.873: I/ADM(1699): 2: 1779440602: [OMXIL] omx_log:887 415C8008 [ADM.mixer ]: SetParameter idx=AudioPcm
05-24 06:36:44.873: I/ADM(1699): 3: 1779440632: [OMXIL] omx_log:293 port=5 channels=2 eNumData=0 endian=1 interleave=1 bits=16 samplerate=44100
05-24 06:36:44.873: I/ADM(1699): 3: 1779440693: [OMXIL] omx_log:293 pcmMode=0 map[0]=1 map[1]=2 map[2]=0, map[3]=0, map[4]=0, map[5]=0
05-24 06:36:44.873: I/ADM(1699): 4: 1779440724: [OMXIL] omx_log:913 415C8008 [ADM.mixer ]: SetConfig idx=AFM_IndexConfigPcmProbe
05-24 06:36:44.873: I/ADM(1699): 5: 1779440785: [OMXIL] omx_log:887 415C8008 [ADM.mixer ]: SetParameter idx=AFM_IndexParamSrcMode
05-24 06:36:44.873: I/ADM(1699): 6: 1779440846: [OMXIL] omx_log:293 nPortIndex=5 nSrcMode=Custom1
05-24 06:36:44.873: I/ADM(1699): 7: 1779440877: [OMXIL] omx_log:887 415C8008 [ADM.mixer ]: SetParameter idx=OMX_IndexParamAudioSynchronized
05-24 06:36:44.873: I/ADM(1699): 7: 1779440938: [OMXIL] omx_log:293 port=5 bIsSynchronized=1
05-24 06:36:44.873: I/ADM(1699): 9: 1779441029: [OMXIL] omx_log:887 415C8008 [ADM.mixer ]: SetParameter idx=AudioPcm
05-24 06:36:44.873: I/ADM(1699): 0: 1779441090: [OMXIL] omx_log:293 port=6 channels=2 eNumData=0 endian=1 interleave=1 bits=16 samplerate=44100
05-24 06:36:44.873: I/ADM(1699): 0: 1779441121: [OMXIL] omx_log:293 pcmMode=0 map[0]=1 map[1]=2 map[2]=0, map[3]=0, map[4]=0, map[5]=0
05-24 06:36:44.873: I/ADM(1699): 2: 1779441182: [OMXIL] omx_log:913 415C8008 [ADM.mixer ]: SetConfig idx=AFM_IndexConfigPcmProbe
05-24 06:36:44.873: I/ADM(1699): 3: 1779441212: [OMXIL] omx_log:887 415C8008 [ADM.mixer ]: SetParameter idx=AFM_IndexParamSrcMode
05-24 06:36:44.873: I/ADM(1699): 3: 1779441273: [OMXIL] omx_log:293 nPortIndex=6 nSrcMode=Custom1
05-24 06:36:44.873: I/ADM(1699): 4: 1779441304: [OMXIL] omx_log:887 415C8008 [ADM.mixer ]: SetParameter idx=OMX_IndexParamAudioSynchronized
05-24 06:36:44.873: I/ADM(1699): 5: 1779441365: [OMXIL] omx_log:293 port=6 bIsSynchronized=1
05-24 06:36:44.873: I/ADM(1699): 6: 1779441456: [OMXIL] omx_log:887 415C8008 [ADM.mixer ]: SetParameter idx=AudioPcm
05-24 06:36:44.873: I/ADM(1699): 7: 1779441487: [OMXIL] omx_log:293 port=7 channels=2 eNumData=0 endian=1 interleave=1 bits=16 samplerate=44100
05-24 06:36:44.873: I/ADM(1699): 8: 1779441548: [OMXIL] omx_log:293 pcmMode=0 map[0]=1 map[1]=2 map[2]=0, map[3]=0, map[4]=0, map[5]=0
05-24 06:36:44.873: I/ADM(1699): 9: 1779441578: [OMXIL] omx_log:913 415C8008 [ADM.mixer ]: SetConfig idx=AFM_IndexConfigPcmProbe
05-24 06:36:44.873: I/ADM(1699): 0: 1779441640: [OMXIL] omx_log:887 415C8008 [ADM.mixer ]: SetParameter idx=AFM_IndexParamSrcMode
05-24 06:36:44.873: I/ADM(1699): 0: 1779441701: [OMXIL] omx_log:293 nPortIndex=7 nSrcMode=Custom1
05-24 06:36:44.873: I/ADM(1699): 1: 1779441731: [OMXIL] omx_log:887 415C8008 [ADM.mixer ]: SetParameter idx=OMX_IndexParamAudioSynchronized
05-24 06:36:44.873: I/ADM(1699): 2: 1779441792: [OMXIL] omx_log:293 port=7 bIsSynchronized=1
05-24 06:36:44.873: I/ADM(1699): 3: 1779441884: [OMXIL] omx_log:887 415C8008 [ADM.mixer ]: SetParameter idx=AudioPcm
05-24 06:36:44.873: I/ADM(1699): 4: 1779441914: [OMXIL] omx_log:293 port=8 channels=2 eNumData=0 endian=1 interleave=1 bits=16 samplerate=44100
05-24 06:36:44.873: I/ADM(1699): 5: 1779441975: [OMXIL] omx_log:293 pcmMode=0 map[0]=1 map[1]=2 map[2]=0, map[3]=0, map[4]=0, map[5]=0
05-24 06:36:44.873: I/ADM(1699): 6: 1779442006: [OMXIL] omx_log:913 415C8008 [ADM.mixer ]: SetConfig idx=AFM_IndexConfigPcmProbe
05-24 06:36:44.873: I/ADM(1699): 7: 1779442067: [OMXIL] omx_log:887 415C8008 [ADM.mixer ]: SetParameter idx=AFM_IndexParamSrcMode
05-24 06:36:44.873: I/ADM(1699): 8: 1779442128: [OMXIL] omx_log:293 nPortIndex=8 nSrcMode=Custom1
05-24 06:36:44.873: I/ADM(1699): 9: 1779442158: [OMXIL] omx_log:887 415C8008 [ADM.mixer ]: SetParameter idx=OMX_IndexParamAudioSynchronized
05-24 06:36:44.873: I/ADM(1699): 9: 1779442219: [OMXIL] omx_log:293 port=8 bIsSynchronized=1
05-24 06:36:44.873: I/ADM(1699): 0: 1779442250: [OMXIL] omx_log:957 415C8008 [ADM.mixer ]: SendCommand PortDisable 1
05-24 06:36:44.873: I/ADM(1699): 1: 1779442311: [OMXIL] omx_log:256 415C8008 [ADM.mixer ]: CB CmdComplete PortDisable 1
05-24 06:36:44.873: I/ADM(1699): 2: 1779442372: [OMXIL] omx_log:957 415C8008 [ADM.mixer ]: SendCommand PortDisable 2
05-24 06:36:44.873: I/ADM(1699): 3: 1779442433: [OMXIL] omx_log:256 415C8008 [ADM.mixer ]: CB CmdComplete PortDisable 2
05-24 06:36:44.873: I/ADM(1699): 4: 1779442494: [OMXIL] omx_log:957 415C8008 [ADM.mixer ]: SendCommand PortDisable 3
05-24 06:36:44.873: I/ADM(1699): 5: 1779442555: [OMXIL] omx_log:256 415C8008 [ADM.mixer ]: CB CmdComplete PortDisable 3
05-24 06:36:44.873: I/ADM(1699): 6: 1779442616: [OMXIL] omx_log:957 415C8008 [ADM.mixer ]: SendCommand PortDisable 4
05-24 06:36:44.873: I/ADM(1699): 7: 1779442647: [OMXIL] omx_log:256 415C8008 [ADM.mixer ]: CB CmdComplete PortDisable 4
05-24 06:36:44.873: I/ADM(1699): 8: 1779442708: [OMXIL] omx_log:957 415C8008 [ADM.mixer ]: SendCommand PortDisable 5
05-24 06:36:44.873: I/ADM(1699): 8: 1779442769: [OMXIL] omx_log:256 415C8008 [ADM.mixer ]: CB CmdComplete PortDisable 5
05-24 06:36:44.873: I/ADM(1699): 9: 1779442830: [OMXIL] omx_log:957 415C8008 [ADM.mixer ]: SendCommand PortDisable 6
05-24 06:36:44.873: I/ADM(1699): 0: 1779442860: [OMXIL] omx_log:256 415C8008 [ADM.mixer ]: CB CmdComplete PortDisable 6
05-24 06:36:44.873: I/ADM(1699): 2: 1779442921: [OMXIL] omx_log:957 415C8008 [ADM.mixer ]: SendCommand PortDisable 7
05-24 06:36:44.873: I/ADM(1699): 2: 1779442982: [OMXIL] omx_log:256 415C8008 [ADM.mixer ]: CB CmdComplete PortDisable 7
05-24 06:36:44.873: I/ADM(1699): 3: 1779443043: [OMXIL] omx_log:957 415C8008 [ADM.mixer ]: SendCommand PortDisable 8
05-24 06:36:44.873: I/ADM(1699): 4: 1779443074: [OMXIL] omx_log:256 415C8008 [ADM.mixer ]: CB CmdComplete PortDisable 8
05-24 06:36:44.873: I/ADM(1699): 5: 1779443135: [OMXIL] omx_log:887 415C8008 [ADM.mixer ]: SetParameter idx=PortDefinition
05-24 06:36:44.873: I/ADM(1699): 6: 1779443196: [OMXIL] omx_log:293 port=0 dir=1 act=3 min=3 sz=3072 enabled=1 pop=0 domain=0 bcont=0 align=0
05-24 06:36:44.873: I/ADM(1699): 7: 1779443257: [OMXIL] omx_log:293 mime=(null) natread=0 conceal=0 encoding=2
05-24 06:36:44.873: I/ADM(1699): 9: 1779443410: [OMXIL] omx_log:887 410CEF78 [ocessing.spl]: SetParameter idx=PortDefinition
05-24 06:36:44.873: I/ADM(1699): 0: 1779443471: [OMXIL] omx_log:293 port=0 dir=0 act=2 min=2 sz=3072 enabled=1 pop=0 domain=0 bcont=1090600568 align=1089628416
05-24 06:36:44.873: I/ADM(1699): 1: 1779443501: [OMXIL] omx_log:293 mime=(null) natread=0 conceal=0 encoding=2
05-24 06:36:44.873: I/ADM(1699): 9: 1779443989: [OMXIL] omx_log:887 410CEF78 [ocessing.spl]: SetParameter idx=PortDefinition
05-24 06:36:44.873: I/ADM(1699): 0: 1779444050: [OMXIL] omx_log:293 port=1 dir=1 act=2 min=2 sz=3072 enabled=1 pop=0 domain=0 bcont=0 align=112
05-24 06:36:44.873: I/ADM(1699): 1: 1779444081: [OMXIL] omx_log:293 mime=(null) natread=0 conceal=0 encoding=2
05-24 06:36:44.873: I/ADM(1699): 8: 1779444508: [OMXIL] omx_log:887 418EAF80 [ST.AFM.mixer]: SetParameter idx=PortDefinition
05-24 06:36:44.873: I/ADM(1699): 9: 1779444569: [OMXIL] omx_log:293 port=1 dir=0 act=3 min=2 sz=3072 enabled=0 pop=0 domain=0 bcont=0 align=1089628416
05-24 06:36:44.873: I/ADM(1699): 0: 1779444600: [OMXIL] omx_log:293 mime=(null) natread=0 conceal=0 encoding=2
05-24 06:36:44.873: E/ENSWrapper(1699): return OMX_ErrorNotImplemented - GetExtensionIndex OMX.ST.AFM.pcmprocessing.spl h=0x410cef78 cParameterName=STE.ADM IndexType=unknown OMX_INDEXTYPE [ 0xe72a1ba8 ]
05-24 06:36:44.873: I/ADM(1699): 0: 1779445241: [OMXIL] omx_log:256 SetupTunnel 415C8008[ADM.mixer].0 -> 410CEF78[ocessing.spl].0 --> OK
05-24 06:36:44.873: I/ADM(1699): 3: 1779445363: [OMXIL] omx_log:957 410CEF78 [ocessing.spl]: SendCommand PortDisable 1
05-24 06:36:44.873: I/ADM(1699): 6: 1779449055: [OMXIL] omx_log:256 410CEF78 [ocessing.spl]: CB CmdComplete PortDisable 1
05-24 06:36:44.883: I/ADM(1699): 1: 1779453511: [OMXIL] omx_log:256 SetupTunnel 400A8F68[ocessing.spl].1 -> 428C7F80[X.ST.AFM.IHF].0 --> OK
05-24 06:36:44.883: I/ADM(1699): 8: 1779454518: [OMXIL] omx_log:256 SetupTunnel 418EAF80[ST.AFM.mixer].0 -> 400A8F68[ocessing.spl].0 --> OK
05-24 06:36:44.883: I/ADM(1699): 9: 1779454579: [OMXIL] omx_log:954 428C7F80 [X.ST.AFM.IHF]: SendCommand StateSet StateIdle
05-24 06:36:44.883: I/ADM(1699): 4: 1779456746: [OMXIL] omx_log:954 400A8F68 [ocessing.spl]: SendCommand StateSet StateIdle
05-24 06:36:44.883: I/ADM(1699): 8: 1779457478: [OMXIL] omx_log:954 418EAF80 [ST.AFM.mixer]: SendCommand StateSet StateIdle
05-24 06:36:44.883: I/ADM(1699): 4: 1779458424: [OMXIL] omx_log:954 410CEF78 [ocessing.spl]: SendCommand StateSet StateIdle
05-24 06:36:44.893: I/ADM(1699): 9: 1779460469: [OMXIL] omx_log:954 415C8008 [ADM.mixer ]: SendCommand StateSet StateIdle
05-24 06:36:44.903: I/ADM(1699): 3: 1779478444: [OMXIL] omx_log:256 418EAF80 [ST.AFM.mixer]: CB CmdComplete StateSet StateIdle
05-24 06:36:44.903: I/ADM(1699): 8: 1779478718: [OMXIL] omx_log:256 415C8008 [ADM.mixer ]: CB CmdComplete StateSet StateIdle
05-24 06:36:44.923: D/dalvikvm(2020): GC_FOR_ALLOC freed 1165K, 47% free 16864K/31751K, paused 169ms, total 178ms
05-24 06:36:44.923: D/Launcher.HomeFragment(2298): onPause
05-24 06:36:44.923: D/widget(2298): [MSC_HERO_Accu_JB]>>> WC:1223 [0:0] fireOP
05-24 06:36:44.923: D/Launcher(2298): onPause, Launcher: 1103049416
05-24 06:36:44.923: D/widget(2298): [MSC_HERO_Accu_JB]>>> WC:1033 [0:0] onPause
05-24 06:36:44.973: I/ADM(1699): 8: 1779545918: [OMXIL] omx_log:256 428C7F80 [X.ST.AFM.IHF]: CB CmdComplete StateSet StateIdle
05-24 06:36:44.993: I/ADM(1699): 7: 1779561818: [OMXIL] omx_log:256 400A8F68 [ocessing.spl]: CB CmdComplete StateSet StateIdle
05-24 06:36:45.013: I/ADM(1699): 7: 1779584797: [OMXIL] omx_log:256 410CEF78 [ocessing.spl]: CB CmdComplete StateSet StateIdle
05-24 06:36:45.013: I/ADM(1699): 4: 1779585194: [OMXIL] omx_log:954 428C7F80 [X.ST.AFM.IHF]: SendCommand StateSet StateExecuting
05-24 06:36:45.013: I/ADM(1699): 7: 1779587727: [OMXIL] omx_log:256 428C7F80 [X.ST.AFM.IHF]: CB CmdComplete StateSet StateExecuting
05-24 06:36:45.013: I/ADM(1699): 0: 1779587910: [OMXIL] omx_log:954 400A8F68 [ocessing.spl]: SendCommand StateSet StateExecuting
05-24 06:36:45.013: I/ADM(1699): 0: 1779588521: [OMXIL] omx_log:256 400A8F68 [ocessing.spl]: CB CmdComplete StateSet StateExecuting
05-24 06:36:45.013: I/ADM(1699): 3: 1779588673: [OMXIL] omx_log:954 418EAF80 [ST.AFM.mixer]: SendCommand StateSet StateExecuting
05-24 06:36:45.013: I/ADM(1699): 4: 1779589345: [OMXIL] omx_log:256 418EAF80 [ST.AFM.mixer]: CB CmdComplete StateSet StateExecuting
05-24 06:36:45.013: I/ADM(1699): 9: 1779589619: [OMXIL] omx_log:954 410CEF78 [ocessing.spl]: SendCommand StateSet StateExecuting
05-24 06:36:45.023: I/ADM(1699): 9: 1779590199: [OMXIL] omx_log:256 410CEF78 [ocessing.spl]: CB CmdComplete StateSet StateExecuting
05-24 06:36:45.023: I/ADM(1699): 2: 1779590382: [OMXIL] omx_log:954 415C8008 [ADM.mixer ]: SendCommand StateSet StateExecuting
05-24 06:36:45.023: I/ADM(1699): 3: 1779590443: [OMXIL] omx_log:256 415C8008 [ADM.mixer ]: CB CmdComplete StateSet StateExecuting
05-24 06:36:45.023: I/ADM(1699): 1: 1779590870: [OMXIL] omx_log:887 418EAF80 [ST.AFM.mixer]: SetParameter idx=OMX_IndexParamAudioSynchronized
05-24 06:36:45.023: I/ADM(1699): 1: 1779590932: [OMXIL] omx_log:293 port=1 bIsSynchronized=1
05-24 06:36:45.023: I/ADM(1699): 8: 1779591298: [OMXIL] omx_log:887 410CEF78 [ocessing.spl]: SetParameter idx=AudioPcm
05-24 06:36:45.023: I/ADM(1699): 9: 1779591359: [OMXIL] omx_log:293 port=1 channels=1 eNumData=0 endian=1 interleave=1 bits=16 samplerate=48000
05-24 06:36:45.023: I/ADM(1699): 0: 1779591420: [OMXIL] omx_log:293 pcmMode=0 map[0]=3 map[1]=0 map[2]=0, map[3]=0, map[4]=0, map[5]=0
05-24 06:36:45.023: I/ADM(1699): 5: 1779591694: [OMXIL] omx_log:887 418EAF80 [ST.AFM.mixer]: SetParameter idx=AudioPcm
05-24 06:36:45.023: I/ADM(1699): 5: 1779591755: [OMXIL] omx_log:293 port=1 channels=1 eNumData=0 endian=1 interleave=1 bits=16 samplerate=48000
05-24 06:36:45.023: I/ADM(1699): 6: 1779591786: [OMXIL] omx_log:293 pcmMode=0 map[0]=3 map[1]=0 map[2]=0, map[3]=0, map[4]=0, map[5]=0
05-24 06:36:45.023: I/ADM(1699): 9: 1779593159: [OMXIL] omx_log:256 SetupTunnel 410CEF78[ocessing.spl].1 -> 418EAF80[ST.AFM.mixer].1 --> OK
05-24 06:36:45.023: I/ADM(1699): 1: 1779593281: [OMXIL] omx_log:957 418EAF80 [ST.AFM.mixer]: SendCommand PortEnable 1
05-24 06:36:45.023: I/ADM(1699): 4: 1779594655: [OMXIL] omx_log:256 418EAF80 [ST.AFM.mixer]: CB CmdComplete PortEnable 1
05-24 06:36:45.023: I/ADM(1699): 4: 1779594838: [OMXIL] omx_log:957 410CEF78 [ocessing.spl]: SendCommand PortEnable 1
05-24 06:36:45.023: I/ADM(1699): 8: 1779598408: [OMXIL] omx_log:256 410CEF78 [ocessing.spl]: CB CmdComplete PortEnable 1
05-24 06:36:45.023: I/ADM(1699): 2: 1779598652: [OMXIL] omx_log:573 Unknown index (not all mapped): 0x7F00600B
05-24 06:36:45.023: I/ADM(1699): 3: 1779598744: [INFO] dev:501 open dev OK, device handle: 101
05-24 06:36:45.023: I/ADM(1699): 5: 1779598805: [INFO] dev:512 >>> LEAVE dev_open(Speaker, 0) --> 101 0
05-24 06:36:45.023: I/ADM(1699): 8: 1779598988: [INFO] dev:306 setting /data/local/tmp/rme_act_adm to 0
05-24 06:36:45.033: I/ADM(1699): 4: 1779600514: [OMXIL] omx_log:256 4101F008: GetHandle 'ADM.splitter' pAD=410D4008 pCB=40150D60 OK
05-24 06:36:45.033: I/ADM(1699): 6: 1779600606: [OMXIL] omx_log:887 4101F008 [ADM.splitter]: SetParameter idx=AudioPcm
05-24 06:36:45.033: I/ADM(1699): 6: 1779600667: [OMXIL] omx_log:293 port=0 channels=2 eNumData=0 endian=1 interleave=1 bits=16 samplerate=44100
05-24 06:36:45.033: I/ADM(1699): 7: 1779600728: [OMXIL] omx_log:293 pcmMode=0 map[0]=1 map[1]=2 map[2]=0, map[3]=0, map[4]=0, map[5]=0
05-24 06:36:45.033: I/ADM(1699): 8: 1779600758: [OMXIL] omx_log:887 4101F008 [ADM.splitter]: SetParameter idx=AudioPcm
05-24 06:36:45.033: I/ADM(1699): 9: 1779600819: [OMXIL] omx_log:293 port=1 channels=2 eNumData=0 endian=1 interleave=1 bits=16 samplerate=44100
05-24 06:36:45.033: I/ADM(1699): 9: 1779600850: [OMXIL] omx_log:293 pcmMode=0 map[0]=1 map[1]=2 map[2]=0, map[3]=0, map[4]=0, map[5]=0
05-24 06:36:45.033: I/ADM(1699): 1: 1779600911: [OMXIL] omx_log:957 4101F008 [ADM.splitter]: SendCommand PortDisable 0
05-24 06:36:45.033: I/ADM(1699): 2: 1779600941: [OMXIL] omx_log:256 4101F008 [ADM.splitter]: CB CmdComplete PortDisable 0
05-24 06:36:45.033: I/ADM(1699): 3: 1779601033: [OMXIL] omx_log:957 4101F008 [ADM.splitter]: SendCommand PortDisable 1
05-24 06:36:45.033: I/ADM(1699): 4: 1779601063: [OMXIL] omx_log:256 4101F008 [ADM.splitter]: CB CmdComplete PortDisable 1
05-24 06:36:45.033: I/ADM(1699): 5: 1779601124: [OMXIL] omx_log:957 4101F008 [ADM.splitter]: SendCommand PortDisable 2
05-24 06:36:45.033: I/ADM(1699): 5: 1779601185: [OMXIL] omx_log:256 4101F008 [ADM.splitter]: CB CmdComplete PortDisable 2
05-24 06:36:45.033: I/ADM(1699): 6: 1779601246: [OMXIL] omx_log:887 4101F008 [ADM.splitter]: SetParameter idx=OMX_IndexParamAudioSynchronized
05-24 06:36:45.033: I/ADM(1699): 7: 1779601277: [OMXIL] omx_log:293 port=1 bIsSynchronized=1
05-24 06:36:45.033: I/ADM(1699): 8: 1779601307: [OMXIL] omx_log:887 4101F008 [ADM.splitter]: SetParameter idx=OMX_IndexParamAudioSynchronized
05-24 06:36:45.033: I/ADM(1699): 8: 1779601369: [OMXIL] omx_log:293 port=2 bIsSynchronized=1
05-24 06:36:45.033: I/ADM(1699): 9: 1779601399: [OMXIL] omx_log:954 4101F008 [ADM.splitter]: SendCommand StateSet StateIdle
05-24 06:36:45.033: I/ADM(1699): 0: 1779601460: [OMXIL] omx_log:256 4101F008 [ADM.splitter]: CB CmdComplete StateSet StateIdle
05-24 06:36:45.033: I/ADM(1699): 1: 1779601521: [OMXIL] omx_log:954 4101F008 [ADM.splitter]: SendCommand StateSet StateExecuting
05-24 06:36:45.033: I/ADM(1699): 2: 1779601552: [OMXIL] omx_log:256 4101F008 [ADM.splitter]: CB CmdComplete StateSet StateExecuting
05-24 06:36:45.033: I/ADM(1699): 3: 1779601613: [OMXIL] omx_log:887 4101F008 [ADM.splitter]: SetParameter idx=PortDefinition
05-24 06:36:45.033: I/ADM(1699): 3: 1779601674: [OMXIL] omx_log:293 port=0 dir=0 act=3 min=3 sz=3904 enabled=0 pop=0 domain=0 bcont=0 align=0
05-24 06:36:45.033: I/ADM(1699): 4: 1779601704: [OMXIL] omx_log:293 mime=(null) natread=0 conceal=0 encoding=2
05-24 06:36:45.033: I/ADM(1699): 5: 1779601765: [OMXIL] omx_log:887 4101F008 [ADM.splitter]: SetParameter idx=OMX_IndexParamAudioSynchronized
05-24 06:36:45.033: I/ADM(1699): 6: 1779601796: [OMXIL] omx_log:293 port=0 bIsSynchronized=0
05-24 06:36:45.033: I/ADM(1699): 7: 1779601826: [OMXIL] omx_log:957 4101F008 [ADM.splitter]: SendCommand PortEnable 0
05-24 06:36:45.033: I/ADM(1699): 0: 1779602070: [OMXIL] omx_log:1160 4101F008 [ADM.splitter]: UseBuffer hdr=0 port=0 priv=0 bytes=3904 buf=41120000
05-24 06:36:45.033: I/ADM(1699): 1: 1779602162: [OMXIL] omx_log:1160 4101F008 [ADM.splitter]: UseBuffer hdr=0 port=0 priv=0 bytes=3904 buf=41120F40
05-24 06:36:45.033: I/ADM(1699): 3: 1779602223: [OMXIL] omx_log:1160 4101F008 [ADM.splitter]: UseBuffer hdr=0 port=0 priv=0 bytes=3904 buf=41121E80
05-24 06:36:45.033: I/ADM(1699): 4: 1779602284: [OMXIL] omx_log:256 4101F008 [ADM.splitter]: CB CmdComplete PortEnable 0
05-24 06:36:45.033: I/ADM(1699): 5: 1779602345: [OMXIL] omx_log:887 415C8008 [ADM.mixer ]: SetParameter idx=AudioPcm
05-24 06:36:45.033: I/ADM(1699): 6: 1779602376: [OMXIL] omx_log:293 port=1 channels=2 eNumData=0 endian=1 interleave=1 bits=16 samplerate=44100
05-24 06:36:45.033: I/ADM(1699): 6: 1779602437: [OMXIL] omx_log:293 pcmMode=0 map[0]=1 map[1]=2 map[2]=0, map[3]=0, map[4]=0, map[5]=0
05-24 06:36:45.033: I/ADM(1699): 7: 1779602498: [OMXIL] omx_log:256 SetupTunnel 4101F008[ADM.splitter].1 -> 415C8008[ADM.mixer].1 --> OK
05-24 06:36:45.033: I/ADM(1699): 8: 1779602528: [OMXIL] omx_log:957 415C8008 [ADM.mixer ]: SendCommand PortEnable 1
05-24 06:36:45.033: I/ADM(1699): 9: 1779602589: [OMXIL] omx_log:256 415C8008 [ADM.mixer ]: CB CmdComplete PortEnable 1
05-24 06:36:45.033: I/ADM(1699): 0: 1779602650: [OMXIL] omx_log:957 4101F008 [ADM.splitter]: SendCommand PortEnable 1
05-24 06:36:45.033: I/ADM(1699): 1: 1779602681: [OMXIL] omx_log:256 4101F008 [ADM.splitter]: CB CmdComplete PortEnable 1
05-24 06:36:45.033: I/ADM(1699): 5: 1779602955: [OMXIL] omx_log:913 4101F008 [ADM.splitter]: SetConfig idx=OMX_IndexParamAudioSynchronized
05-24 06:36:45.033: I/ADM(1699): 6: 1779603016: [OMXIL] omx_log:293 port=0 bIsSynchronized=1
05-24 06:36:45.033: I/ADM(1699): 7: 1779603047: [STATUS] api_devset:615 API LEAVE: Opened new device 'Speaker', handle = 101
05-24 06:36:45.033: I/sec_anm_ahi_output(1694): adm_api: opened device. bufsz=3904 num_bufs=3 bufp=428A4000
05-24 06:36:45.063: I/libblt_hw(1676): Library opened (handle = 1, fd = 49)
05-24 06:36:45.063: D/KeyguardViewMediator(2020): setHidden false
05-24 06:36:45.083: I/dalvikvm(8927): Turning on JNI app bug workarounds for target SDK version 8...
05-24 06:36:45.103: D/Launcher(2298): onTrimMemory. Level: 20
05-24 06:36:45.103: V/WindowManager(2020): rotationForOrientationLw(orient=-1, last=0); user=0 mLidState=-1 mCoverState=-1 mDockMode=0 mHdmiPlugged=false mAccelerometerDefault=false sensorRotation=0
05-24 06:36:45.113: D/WindowManager(2020): PhoneWindowManager: focusChangedLw
05-24 06:36:45.113: D/KeyguardViewMediator(2020): setHidden false
05-24 06:36:45.113: D/KeyguardViewMediator(2020): setHidden false
05-24 06:36:45.123: D/KeyguardViewMediator(2020): setHidden false
05-24 06:36:45.123: D/KeyguardViewMediator(2020): setHidden false
05-24 06:36:45.143: D/KeyguardViewMediator(2020): setHidden false
05-24 06:36:45.143: D/KeyguardViewMediator(2020): setHidden false
05-24 06:36:45.163: V/AudioPolicyManagerBase(1694): stopOutput() output 2, stream 1, session 426
05-24 06:36:45.163: V/AudioPolicyManagerBase(1694): changeRefCount() stream 1, count 0
05-24 06:36:45.163: V/AudioPolicyManagerBase(1694): getNewDevice() selected device 0
05-24 06:36:45.163: V/AudioPolicyManagerBase(1694): setOutputDevice() output 2 device 0000 force 0 delayMs 88
05-24 06:36:45.163: V/AudioPolicyManagerBase(1694): setOutputDevice() prevDevice 0002
05-24 06:36:45.163: V/AudioPolicyManagerBase(1694): setOutputDevice() setting same device 0000 or null device for output 2
05-24 06:36:45.173: I/TiApplication(8927): (main) [0,0] checkpoint, app created.
