05-24 06:36:45.223: I/TiApplication(8927): (main) [48,48] Titanium 3.1.1 (2013/05/22 19:08 cce794d)
05-24 06:36:45.293: D/dalvikvm(8927): GC_CONCURRENT freed 282K, 13% free 9417K/10759K, paused 13ms+2ms, total 43ms
05-24 06:36:45.443: I/TiDbHelper(8927): (main) [225,273] No value in database for platform key: 'unique_machine_id' returning supplied default ''
05-24 06:36:45.463: I/TiDbHelper(8927): (main) [15,288] No value in database for platform key: 'hardware_machine_id' returning supplied default ''
05-24 06:36:45.473: D/KeyguardViewMediator(2020): setHidden false
05-24 06:36:45.473: D/KeyguardViewMediator(2020): setHidden false
05-24 06:36:45.483: I/libblt_hw(1676): Library closed (handle = 0, fd = 31)
05-24 06:36:45.543: I/TiApplication(8927): (main) [86,374] Titanium Javascript runtime: v8
05-24 06:36:45.543: D/dalvikvm(8927): Trying to load lib /data/data/com.alloy/lib/libstlport_shared.so 0x41ba9370
05-24 06:36:45.543: D/dalvikvm(8927): Added shared lib /data/data/com.alloy/lib/libstlport_shared.so 0x41ba9370
05-24 06:36:45.553: D/dalvikvm(8927): No JNI_OnLoad found in /data/data/com.alloy/lib/libstlport_shared.so 0x41ba9370, skipping init
05-24 06:36:45.553: D/dalvikvm(8927): Trying to load lib /data/data/com.alloy/lib/libkroll-v8.so 0x41ba9370
05-24 06:36:45.583: D/dalvikvm(8927): Added shared lib /data/data/com.alloy/lib/libkroll-v8.so 0x41ba9370
05-24 06:36:45.593: D/dalvikvm(8927): GC_CONCURRENT freed 239K, 13% free 9586K/10951K, paused 13ms+3ms, total 36ms
05-24 06:36:45.593: I/TiRootActivity(8927): (main) [0,0] checkpoint, on root activity create, savedInstanceState: null
05-24 06:36:45.603: I/power(2020): *** acquire_dvfs_lock : lockType : 1 freq : 1000000
05-24 06:36:45.603: D/PowerManagerService(2020): releaseDVFSLockLocked : remain DVFS_MIN_LIMIT : next : 1000000
05-24 06:36:45.633: I/TiAnalyticsDb(8927): (main) [34,34] Upgrading Database from 1 to 4
05-24 06:36:45.713: I/power(2020): *** release_dvfs_lock : lockType : 1
05-24 06:36:45.713: D/PowerManagerService(2020): releaseDVFSLockLocked : all DVFS_MIN_LIMIT are released
05-24 06:36:45.713: W/ActivityManager(2020): mDVFSLock.release()
05-24 06:36:45.924: E/TiApplication(8927): (KrollRuntimeThread) [287,321] APP PROXY: ti.modules.titanium.app.AppModule@41bc0c48
05-24 06:36:45.984: E/dalvikvm(8927): Could not find class 'ti.modules.titanium.network.NonValidatingSSLSocketFactory', referenced from method org.appcelerator.titanium.TiVerify.run
05-24 06:36:45.984: W/dalvikvm(8927): VFY: unable to resolve new-instance 1369 (Lti/modules/titanium/network/NonValidatingSSLSocketFactory;) in Lorg/appcelerator/titanium/TiVerify;
05-24 06:36:45.984: D/dalvikvm(8927): VFY: replacing opcode 0x22 at 0x0044
05-24 06:36:45.984: D/dalvikvm(8927): DexOpt: unable to opt direct call 0x24a8 at 0x46 in Lorg/appcelerator/titanium/TiVerify;.run
05-24 06:36:45.984: D/dalvikvm(8927): Trying to load lib /data/data/com.alloy/lib/libtiverify.so 0x41ba9370
05-24 06:36:45.984: D/dalvikvm(8927): Added shared lib /data/data/com.alloy/lib/libtiverify.so 0x41ba9370
05-24 06:36:46.074: W/PowerManagerService(2020): Timer 0x3->0x3|0x0
05-24 06:36:48.166: I/sec_anm_ahi_output(1694): standby() called
05-24 06:36:48.166: I/sec_anm_ahi_output(1694): Trying to drain devices
05-24 06:36:48.166: I/ADM(1699): 8: 1782732899: [INFO] api_devset:824 devapi_drain, draining 4101F008.0
05-24 06:36:48.186: I/ADM(1699): 2: 1782754964: [INFO] omx_io:651 il_tool_io_empty_buffer_done: Idle callback requested, issuing..
05-24 06:36:48.186: I/ADM(1699): 6: 1782755208: [INFO] api_devset:835 Drain complete, sending reply msg
05-24 06:36:48.186: I/sec_anm_ahi_output(1694): Drain devices done
05-24 06:36:48.186: I/sec_anm_ahi_output(1694): adm_api: ste_adm_close_device(Speaker)
05-24 06:36:48.186: I/ADM(1699): 8: 1782755910: [STATUS] api_devset:316 Close device 'Speaker'
05-24 06:36:48.186: I/ADM(1699): 5: 1782756306: [OMXIL] omx_log:957 4101F008 [ADM.splitter]: SendCommand PortDisable 0
05-24 06:36:48.186: I/ADM(1699): 9: 1782756520: [INFO] omx_io:410 il_tool_io_wait_until_idle: 410D4008.0 idle, returning
05-24 06:36:48.186: I/ADM(1699): 2: 1782756703: [OMXIL] omx_log:1113 4101F008 [ADM.splitter]: FreeBuf port=0 pBuf=4286AEF8
05-24 06:36:48.186: I/ADM(1699): 5: 1782756886: [OMXIL] omx_log:1113 4101F008 [ADM.splitter]: FreeBuf port=0 pBuf=4286AF50
05-24 06:36:48.186: I/ADM(1699): 8: 1782757069: [OMXIL] omx_log:1113 4101F008 [ADM.splitter]: FreeBuf port=0 pBuf=416B8E00
05-24 06:36:48.186: I/ADM(1699): 1: 1782757252: [OMXIL] omx_log:256 4101F008 [ADM.splitter]: CB CmdComplete PortDisable 0
05-24 06:36:48.186: I/ADM(1699): 9: 1782757741: [OMXIL] omx_log:957 4101F008 [ADM.splitter]: SendCommand PortDisable 1
05-24 06:36:48.186: I/ADM(1699): 3: 1782757954: [OMXIL] omx_log:256 4101F008 [ADM.splitter]: CB CmdComplete PortDisable 1
05-24 06:36:48.186: I/ADM(1699): 7: 1782758137: [OMXIL] omx_log:957 415C8008 [ADM.mixer ]: SendCommand PortDisable 1
05-24 06:36:48.186: I/ADM(1699): 0: 1782758351: [OMXIL] omx_log:256 415C8008 [ADM.mixer ]: CB CmdComplete PortDisable 1
05-24 06:36:48.186: I/ADM(1699): 5: 1782758687: [INFO] dev:519 >>> ENTER dev_close(101)
05-24 06:36:48.186: I/ADM(1699): 1: 1782758992: [INFO] dev:306 setting /data/local/tmp/rme_act_adm to 1
05-24 06:36:48.186: I/ADM(1699): 1: 1782759602: [INFO] dev:347 rme alp tracker /data/local/tmp/rme_act_alp set to 0: proceeding
05-24 06:36:48.196: I/ADM(1699): 7: 1782759938: [INFO] dev_omx:1517 Enter dev_omx_close_graph - logical_handle=1 dealloc_buffers=0
05-24 06:36:48.196: I/ADM(1699): 3: 1782760274: [INFO] dev_omx:1534 Closing last device. Request audiocodec to ramp down audio
05-24 06:36:48.196: I/ADM(1699): 6: 1782760487: [OMXIL] omx_log:913 428C7F80 [X.ST.AFM.IHF]: SetConfig idx=Mute
05-24 06:36:48.196: I/ADM(1699): 9: 1782760640: [OMXIL] omx_log:293 port=0 mute=1
05-24 06:36:48.226: I/ADM(1699): 7: 1782794179: [OMXIL] omx_log:256 428C7F80 [X.ST.AFM.IHF]: CB EventIndexSettingChanged port=67108901 index=OMX_ALL
05-24 06:36:48.226: I/ADM(1699): 2: 1782794423: [OMXIL] omx_log:256 428C7F80 [X.ST.AFM.IHF]: CB EventIndexSettingChanged port=-1 index=Mute
05-24 06:36:48.226: I/ADM(1699): 8: 1782794789: [INFO] dev_omx_graph:1181 Enter graph_disconnect_app_effects_from_common_mix_split
05-24 06:36:48.226: I/ADM(1699): 5: 1782796986: [OMXIL] omx_log:957 410CEF78 [ocessing.spl]: SendCommand PortDisable 1
05-24 06:36:48.226: I/ADM(1699): 2: 1782798604: [OMXIL] omx_log:957 418EAF80 [ST.AFM.mixer]: SendCommand PortDisable 1
05-24 06:36:48.236: I/ADM(1699): 4: 1782806386: [OMXIL] omx_log:256 410CEF78 [ocessing.spl]: CB CmdComplete PortDisable 1
05-24 06:36:48.236: I/ADM(1699): 0: 1782809651: [OMXIL] omx_log:256 418EAF80 [ST.AFM.mixer]: CB CmdComplete PortDisable 1
05-24 06:36:48.246: I/ADM(1699): 6: 1782810170: [OMXIL] omx_log:954 415C8008 [ADM.mixer ]: SendCommand StateSet StateIdle
05-24 06:36:48.246: I/ADM(1699): 3: 1782810414: [OMXIL] omx_log:954 410CEF78 [ocessing.spl]: SendCommand StateSet StateIdle
05-24 06:36:48.246: I/ADM(1699): 7: 1782811299: [OMXIL] omx_log:256 415C8008 [ADM.mixer ]: CB CmdComplete StateSet StateIdle
05-24 06:36:48.246: I/ADM(1699): 5: 1782812306: [OMXIL] omx_log:256 410CEF78 [ocessing.spl]: CB CmdComplete StateSet StateIdle
05-24 06:36:48.246: I/ADM(1699): 2: 1782812550: [OMXIL] omx_log:954 418EAF80 [ST.AFM.mixer]: SendCommand StateSet StateIdle
05-24 06:36:48.246: I/ADM(1699): 5: 1782814046: [OMXIL] omx_log:256 418EAF80 [ST.AFM.mixer]: CB CmdComplete StateSet StateIdle
05-24 06:36:48.246: I/ADM(1699): 1: 1782813832: [OMXIL] omx_log:954 400A8F68 [ocessing.spl]: SendCommand StateSet StateIdle
05-24 06:36:48.246: I/ADM(1699): 3: 1782815693: [OMXIL] omx_log:256 400A8F68 [ocessing.spl]: CB CmdComplete StateSet StateIdle
05-24 06:36:48.246: I/ADM(1699): 9: 1782815877: [OMXIL] omx_log:954 428C7F80 [X.ST.AFM.IHF]: SendCommand StateSet StateIdle
05-24 06:36:48.256: I/ADM(1699): 4: 1782821644: [OMXIL] omx_log:256 428C7F80 [X.ST.AFM.IHF]: CB CmdComplete StateSet StateIdle
05-24 06:36:48.256: I/ADM(1699): 1: 1782822041: [OMXIL] omx_log:954 428C7F80 [X.ST.AFM.IHF]: SendCommand StateSet StateLoaded
05-24 06:36:48.266: I/ADM(1699): 9: 1782835438: [OMXIL] omx_log:256 428C7F80 [X.ST.AFM.IHF]: CB CmdComplete StateSet StateLoaded
05-24 06:36:48.266: I/ADM(1699): 1: 1782835621: [OMXIL] omx_log:954 400A8F68 [ocessing.spl]: SendCommand StateSet StateLoaded
05-24 06:36:48.276: I/ADM(1699): 6: 1782842976: [OMXIL] omx_log:256 400A8F68 [ocessing.spl]: CB CmdComplete StateSet StateLoaded
05-24 06:36:48.276: I/ADM(1699): 9: 1782843129: [OMXIL] omx_log:954 418EAF80 [ST.AFM.mixer]: SendCommand StateSet StateLoaded
05-24 06:36:48.286: I/ADM(1699): 4: 1782851094: [OMXIL] omx_log:256 418EAF80 [ST.AFM.mixer]: CB CmdComplete StateSet StateLoaded
05-24 06:36:48.286: I/ADM(1699): 6: 1782851246: [OMXIL] omx_log:954 410CEF78 [ocessing.spl]: SendCommand StateSet StateLoaded
05-24 06:36:48.296: I/ADM(1699): 5: 1782861745: [OMXIL] omx_log:954 415C8008 [ADM.mixer ]: SendCommand StateSet StateLoaded
05-24 06:36:48.296: I/ADM(1699): 6: 1782861867: [OMXIL] omx_log:256 415C8008 [ADM.mixer ]: CB CmdComplete StateSet StateLoaded
05-24 06:36:48.296: I/ADM(1699): 5: 1782862996: [OMXIL] omx_log:256 410CEF78 [ocessing.spl]: CB CmdComplete StateSet StateLoaded
05-24 06:36:48.296: I/ADM(1699): 2: 1782863392: [OMXIL] omx_log:256 410CEF78 [ocessing.spl]: FreeHandle
05-24 06:36:48.296: I/ADM(1699): 9: 1782863820: [OMXIL] omx_log:256 415C8008 [ADM.mixer ]: FreeHandle
05-24 06:36:48.296: I/ADM(1699): 2: 1782863911: [OMXIL] omx_log:256 400A8F68 [ocessing.spl]: FreeHandle
05-24 06:36:48.296: I/ADM(1699): 0: 1782864552: [OMXIL] omx_log:256 428C7F80 [X.ST.AFM.IHF]: FreeHandle
05-24 06:36:48.296: I/ADM(1699): 1: 1782865101: [OMXIL] omx_log:256 418EAF80 [ST.AFM.mixer]: FreeHandle
05-24 06:36:48.296: I/ADM(1699): 7: 1782865468: [INFO] dev_omx:1646 All OMX handles freed successfully
05-24 06:36:48.296: I/ADM(1699): 9: 1782865529: [INFO] dev_omx:1722 Graph closed successfully! ref_cnt = 0
05-24 06:36:48.296: I/ADM(1699): 0: 1782865620: [INFO] dev:1684 rescan_hw_handler
05-24 06:36:48.296: I/ADM(1699): 1: 1782865681: [INFO] hw_handler_u8500:461 AddD2DConnections ENTER
05-24 06:36:48.296: I/ADM(1699): 7: 1782866597: [INFO] dev:1675 hw_handler_dev_next_d2d: DONE
05-24 06:36:48.296: I/ADM(1699): 9: 1782866780: [INFO] dev:1654 hw_handler_dev_next: DONE
05-24 06:36:48.296: I/ADM(1699): 2: 1782867482: [INFO] hw_handler_u8500:849 Query: SELECT * FROM HW_Settings WHERE (Platform = 'AB8500') AND (Dev1 ='')ORDER BY rowid LIMIT 1
05-24 06:36:48.296: I/ADM(1699): 2: 1782869252: [INFO] hw_handler_u8500:961 ste_adm_hw_handler_u8500: Found matching HW-settings: devices = ('', '', '', '', '', ''), d2dlogical-connections = ('', '', '', '').
05-24 06:36:48.316: I/ADM(1699): 0: 1782888081: [INFO] dev:834 Updating event subscriptions for device Speaker
05-24 06:36:48.316: I/ADM(1699): 4: 1782888264: [INFO] dev:579 >>> LEAVE dev_close(101)
05-24 06:36:48.316: I/ADM(1699): 3: 1782888814: [INFO] dev:306 setting /data/local/tmp/rme_act_adm to 0
05-24 06:36:48.326: I/ADM(1699): 3: 1782890584: [INFO] api_devset:392 Releasing splitter; no longer used
05-24 06:36:48.326: I/ADM(1699): 2: 1782891072: [OMXIL] omx_log:954 4101F008 [ADM.splitter]: SendCommand StateSet StateIdle
05-24 06:36:48.326: I/ADM(1699): 6: 1782891316: [OMXIL] omx_log:256 4101F008 [ADM.splitter]: CB CmdComplete StateSet StateIdle
05-24 06:36:48.326: I/ADM(1699): 6: 1782891926: [OMXIL] omx_log:954 4101F008 [ADM.splitter]: SendCommand StateSet StateLoaded
05-24 06:36:48.326: I/ADM(1699): 6: 1782892537: [OMXIL] omx_log:256 4101F008 [ADM.splitter]: CB CmdComplete StateSet StateLoaded
05-24 06:36:48.326: I/ADM(1699): 7: 1782893178: [OMXIL] omx_log:256 4101F008 [ADM.splitter]: FreeHandle
05-24 06:36:48.326: I/ADM(1699): 8: 1782893818: [INFO] api_devset:408 CloseDevice(Speaker) OK
05-24 06:36:48.897: D/BatteryService(2020): update start
05-24 06:36:48.897: D/BatteryService(2020): level:62 scale:100 status:2 health:2 present:true voltage: 4021 temperature: 319 technology: Li-ion AC powered:false USB powered:true icon:17303270 invalid charger:0 online:4 charge type:0 current avg:257
05-24 06:36:48.907: D/STATUSBAR-BatteryController(2123): onReceive() - ACTION_BATTERY_CHANGED
05-24 06:36:48.907: D/STATUSBAR-BatteryController(2123): onReceive() - level:62
05-24 06:36:48.907: D/STATUSBAR-BatteryController(2123): onReceive() - plugged:2
05-24 06:36:48.907: D/STATUSBAR-BatteryController(2123): onReceive() - BATTERY_STATUS_CHARGING:
05-24 06:36:48.907: D/STATUSBAR-PhoneStatusBar(2123): ACTION_BATTERY_CHANGED
05-24 06:36:48.907: D/STATUSBAR-PhoneStatusBar(2123): NORMAL_BATTERY
05-24 06:36:48.917: E/MtpService(7033): In MTPAPP onReceive:android.intent.action.BATTERY_CHANGED
05-24 06:36:48.917: E/MtpService(7033): battPlugged Type : 2
05-24 06:36:48.917: W/AlarmManager(2020): FACTORY_ON= 0
05-24 06:36:49.047: D/dalvikvm(2020): GC_CONCURRENT freed 144K, 42% free 18511K/31751K, paused 6ms+10ms, total 142ms
05-24 06:36:51.819: V/AlarmManager(2020): waitForAlarm result :1
05-24 06:36:51.849: V/AlarmManager(2020): trigger ELAPSED_REALTIME_WAKEUP or RTC_WAKEUP
05-24 06:36:51.909: D/dalvikvm(3164): GC_CONCURRENT freed 783K, 17% free 9936K/11847K, paused 3ms+4ms, total 31ms
05-24 06:36:51.909: D/dalvikvm(3164): WAIT_FOR_CONCURRENT_GC blocked 23ms
05-24 06:36:52.000: D/dalvikvm(3164): GC_CONCURRENT freed 111K, 14% free 10258K/11847K, paused 2ms+3ms, total 34ms
05-24 06:36:52.080: D/Finsky(3164): [1] 5.onFinished: Installation state replication succeeded.
05-24 06:36:54.502: W/SignalStrength(2020): getGsmLevel=0
05-24 06:36:54.502: W/SignalStrength(2123): getGsmLevel=0
05-24 06:36:54.502: W/SignalStrength(2020): getLevel=0 (SignalStrength: 99 -1 -1 -1 -1 -1 -1 -1 -1 -1 -1 -1 gsm|lte 0)
05-24 06:36:54.502: W/SignalStrength(2123): getLevel=0 (SignalStrength: 99 -1 -1 -1 -1 -1 -1 -1 -1 -1 -1 -1 gsm|lte 0)
05-24 06:36:54.502: W/SignalStrength(2123): getGsmLevel=0
05-24 06:36:54.502: W/SignalStrength(2123): getLevel=0 (SignalStrength: 99 -1 -1 -1 -1 -1 -1 -1 -1 -1 -1 -1 gsm|lte 0)
05-24 06:36:54.502: D/STATUSBAR-NetworkController(2123): onSignalStrengthsChanged signalStrength=SignalStrength: 99 -1 -1 -1 -1 -1 -1 -1 -1 -1 -1 -1 gsm|lte 0 level=0
05-24 06:36:54.502: W/SignalStrength(2020): getGsmDbm=-1
05-24 06:36:54.502: W/SignalStrength(2020): getDbm=-1
05-24 06:36:54.502: W/SignalStrength(2020): getGsmAsuLevel=99
05-24 06:36:54.502: W/SignalStrength(2020): getAsuLevel=99
05-24 06:36:54.512: W/AlarmManager(2020): FACTORY_ON= 0
05-24 06:36:54.512: D/STATUSBAR-NetworkController(2123): refreshSignalCluster: data=-1 bt=false
05-24 06:36:54.922: W/ActivityManager(2020): Launch timeout has expired, giving up wake lock!
05-24 06:36:55.323: E/Watchdog(2020): !@Sync 59
05-24 06:36:58.936: D/BatteryService(2020): update start
05-24 06:36:58.936: D/BatteryService(2020): level:62 scale:100 status:2 health:2 present:true voltage: 4026 temperature: 317 technology: Li-ion AC powered:false USB powered:true icon:17303270 invalid charger:0 online:4 charge type:0 current avg:252
05-24 06:36:58.946: D/STATUSBAR-BatteryController(2123): onReceive() - ACTION_BATTERY_CHANGED
05-24 06:36:58.946: D/STATUSBAR-BatteryController(2123): onReceive() - level:62
05-24 06:36:58.946: D/STATUSBAR-BatteryController(2123): onReceive() - plugged:2
05-24 06:36:58.946: D/STATUSBAR-BatteryController(2123): onReceive() - BATTERY_STATUS_CHARGING:
05-24 06:36:58.946: D/STATUSBAR-PhoneStatusBar(2123): ACTION_BATTERY_CHANGED
05-24 06:36:58.946: E/MtpService(7033): In MTPAPP onReceive:android.intent.action.BATTERY_CHANGED
05-24 06:36:58.946: E/MtpService(7033): battPlugged Type : 2
05-24 06:36:58.946: D/STATUSBAR-PhoneStatusBar(2123): NORMAL_BATTERY
05-24 06:36:58.946: W/AlarmManager(2020): FACTORY_ON= 0
05-24 06:36:59.987: V/AlarmManager(2020): waitForAlarm result :8
05-24 06:36:59.997: V/AlarmManager(2020): ClockReceiver onReceive() ACTION_TIME_TICK
05-24 06:37:00.007: W/AlarmManager(2020): FACTORY_ON= 0
05-24 06:37:00.027: D/STATUSBAR-Clock(2123): onReceive() - ACTION_TIME_TICK
05-24 06:37:00.060: D/STATUSBAR-Clock(2123): onReceive() - ACTION_TIME_TICK
05-24 06:37:00.080: D/widget(2298): [MSC_HERO_Accu_JB]>>> SM:1291 [0:0] bTCC WCV = 100
05-24 06:37:00.080: D/widget(2298): [MSC_HERO_Accu_JB]>>> WC:1669 [0:0] drw 1nd Tm dt = 0637
05-24 06:37:06.165: V/AlarmManager(2020): waitForAlarm result :4
05-24 06:37:06.185: V/AlarmManager(2020): trigger ELAPSED_REALTIME_WAKEUP or RTC_WAKEUP