10-18 14:18:01.301: W/LicenseLogService(775): log() is called by non admin
10-18 14:18:01.311: I/LSS-II:(775): proc cancel wait in:com.sec.android.app.samsungapps.una2,adj=0LRU num=91,i=90
10-18 14:18:01.331: I/LSS-II:(775): proc wait in:com.nuance.swype.input,adj=11LRU num=91,i=61
10-18 14:18:01.331: I/LSS-II:(775): proc wait in:com.sec.smartcard.pinservice,adj=11LRU num=91,i=60
10-18 14:18:01.331: D/AbsListView(27191): Get MotionRecognitionManager
10-18 14:18:01.341: I/SA(27100): [SUR] onReceive log=[SA = 1.4.0111 V = 17 HWD = 1920X1080 3.0 dpi = 480 SIZE = 2 LOCALE = en_US CSC = SPR MCC = 310 MNC 120 T = user DEVICE = jfltespr P = jfltespr I = JDQ39 M = SPH-L720 OKLEFT false DIS JDQ39.L720VPUAMF9 ]
10-18 14:18:01.341: I/SA(27100): [SUR] onReceive Intent=[ action_PACKAGE_REPLACED package ]
10-18 14:18:01.351: I/LSS-II:(775): proc cancel wait in:com.osp.app.signin,adj=0LRU num=91,i=90
10-18 14:18:01.351: I/LSS-II:(775): proc wait in:com.sec.knox.containeragent,adj=9LRU num=91,i=89
10-18 14:18:01.351: I/LSS-II:(775): proc wait in:com.sprint.zone,adj=11LRU num=91,i=62
10-18 14:18:01.351: I/LSS-II:(775): proc wait in:com.policydm,adj=11LRU num=91,i=61
10-18 14:18:01.361: I/LSS-II:(775): proc wait in:com.google.android.apps.plus,adj=11LRU num=91,i=62
10-18 14:18:01.371: D/AbsListView(27191): Get MotionRecognitionManager
10-18 14:18:01.401: I/LSS-II:(775): proc cancel wait in:com.nuance.swype.input,adj=0LRU num=91,i=89
10-18 14:18:01.411: D/Zone:com.sprint.zone.lib.guardian.PackageUpdateReceiver(27146): Package: com.inetsgi.alloyandroid action=android.intent.action.PACKAGE_REPLACED, status=updated
10-18 14:18:01.411: I/LSS-II:(775): proc cancel wait in:com.sprint.zone,adj=0LRU num=91,i=90
10-18 14:18:01.411: I/LSS-II:(775): proc wait in:com.android.musicfx,adj=11LRU num=91,i=65
10-18 14:18:01.441: D/AbsListView(27191): unregisterIRListener() is called
10-18 14:18:01.441: D/AbsListView(27191): unregisterIRListener() is called
10-18 14:18:01.441: D/AbsListView(27191): unregisterIRListener() is called
10-18 14:18:01.441: D/AbsListView(27191): unregisterIRListener() is called
10-18 14:18:01.441: D/AbsListView(27191): unregisterIRListener() is called
10-18 14:18:01.441: D/AbsListView(27191): unregisterIRListener() is called
10-18 14:18:01.441: D/AbsListView(27191): unregisterIRListener() is called
10-18 14:18:01.441: D/AbsListView(27191): unregisterIRListener() is called
10-18 14:18:01.441: D/AbsListView(27191): unregisterIRListener() is called
10-18 14:18:01.441: D/AbsListView(27191): unregisterIRListener() is called
10-18 14:18:01.441: I/endeffect(27191): AbsListView.onMeasure(), getWidth()=0, getHeight()=0, this=android.widget.ListView{4303b438 VFED.VC. ......I. 0,0-0,0}
10-18 14:18:01.441: I/endeffect(27191): AbsListView.onMeasure(), getWidth()=0, getHeight()=0, this=android.widget.ListView{430d4bd8 VFED.VC. ......I. 0,0-0,0}
10-18 14:18:01.441: I/endeffect(27191): AbsListView.onMeasure(), getWidth()=0, getHeight()=0, this=android.widget.ListView{431337a0 VFED.VC. ......I. 0,0-0,0}
10-18 14:18:01.441: I/endeffect(27191): AbsListView.onMeasure(), getWidth()=0, getHeight()=0, this=android.widget.ListView{43192368 VFED.VC. ......I. 0,0-0,0}
10-18 14:18:01.441: I/endeffect(27191): AbsListView.onMeasure(), getWidth()=0, getHeight()=0, this=android.widget.ListView{431f0f30 VFED.VC. ......I. 0,0-0,0}
10-18 14:18:01.441: I/endeffect(27191): AbsListView.onMeasure(), getWidth()=0, getHeight()=0, this=android.widget.ListView{4324fb60 VFED.VC. ......I. 0,0-0,0}
10-18 14:18:01.441: I/endeffect(27191): AbsListView.onMeasure(), getWidth()=0, getHeight()=0, this=android.widget.ListView{432ae770 VFED.VC. ......I. 0,0-0,0}
10-18 14:18:01.441: I/endeffect(27191): AbsListView.onMeasure(), getWidth()=0, getHeight()=0, this=android.widget.ListView{4330d430 VFED.VC. ......I. 0,0-0,0}
10-18 14:18:01.441: I/endeffect(27191): AbsListView.onMeasure(), getWidth()=0, getHeight()=0, this=android.widget.ListView{4336c0d0 VFED.VC. ......I. 0,0-0,0}
10-18 14:18:01.441: I/endeffect(27191): AbsListView.onMeasure(), getWidth()=0, getHeight()=0, this=android.widget.ListView{433cad70 VFED.VC. ......I. 0,0-0,0}
10-18 14:18:01.461: I/LSS-II:(775): proc wait in:com.sec.android.app.samsungapps.una2,adj=11LRU num=91,i=66
10-18 14:18:01.491: I/ActivityManager(775): Decrease Hidden App Number from 45to 42
10-18 14:18:01.501: I/ActivityManager(775): Decrease Hidden App Number from 42to 39
10-18 14:18:01.501: I/ActivityManager(775): Decrease Hidden App Number from 39to 36
10-18 14:18:01.531: W/ContextImpl(775): Calling a method in the system process without a qualified user: android.app.ContextImpl.sendBroadcast:1323 com.android.server.am.ActivityManagerService.cleanUpApplicationRecordLocked:12315 com.android.server.am.ActivityManagerService.handleAppDiedLocked:3552 com.android.server.am.ActivityManagerService.appDiedLocked:3656 com.android.server.am.ActivityManagerService$AppDeathRecipient.binderDied:998
10-18 14:18:01.531: D/SpoService(1593): On process died 26346,1000
10-18 14:18:01.531: W/ContextImpl(775): Calling a method in the system process without a qualified user: android.app.ContextImpl.sendBroadcast:1323 com.android.server.am.ActivityManagerService.cleanUpApplicationRecordLocked:12315 com.android.server.am.ActivityManagerService.handleAppDiedLocked:3552 com.android.server.am.ActivityManagerService.appDiedLocked:3656 com.android.server.am.ActivityManagerService$AppDeathRecipient.binderDied:998
10-18 14:18:01.541: D/SpoService(1593): On process died 26316,10027
10-18 14:18:01.541: I/ActivityManager(775): Increase Hidden App Number from 36to 39
10-18 14:18:01.571: D/dalvikvm(27191): GC_CONCURRENT freed 4678K, 17% free 28238K/33868K, paused 2ms+3ms, total 70ms
10-18 14:18:01.571: D/dalvikvm(27191): WAIT_FOR_CONCURRENT_GC blocked 67ms
10-18 14:18:01.591: E/SELinux(27385): selinux_android_seapp_context_reload: seapp_contexts file is loaded from /seapp_contexts
10-18 14:18:01.641: I/dalvikvm(27385): Turning on JNI app bug workarounds for target SDK version 4...
10-18 14:18:01.661: D/SpoService(1593): On importance changed 27385,10165,400
10-18 14:18:01.681: I/LSS-II:(775): proc wait in:com.google.android.googlequicksearchbox,adj=11LRU num=90,i=55
10-18 14:18:01.681: I/TiApplication(27385): (main) [0,0] checkpoint, app created.
10-18 14:18:01.721: I/ActivityManager(775): Increase Hidden App Number from 39to 42
10-18 14:18:01.741: I/GCoreUlr(1222): Ensuring that reporting is stopped because of reasons: {account#3#=[InactiveReason{mVersionCode=0, mIdentifier=6, mName='ReportingNotSelected'}]}
10-18 14:18:01.751: D/AbsListView(27191): unregisterIRListener() is called
10-18 14:18:01.751: I/endeffect(27191): AbsListView.onLayout(), getWidth()=960, getHeight()=1470, this=android.widget.ListView{4303b438 VFED.VC. ......ID 0,0-960,1470}
10-18 14:18:01.761: D/GCoreFlp(1222): Unknown pending intent to remove.
10-18 14:18:01.761: I/GCoreUlr(1222): Unbound from all location providers
10-18 14:18:01.771: D/SpoService(1593): On process died 15177,10176
10-18 14:18:01.771: W/ContextImpl(775): Calling a method in the system process without a qualified user: android.app.ContextImpl.sendBroadcast:1323 com.android.server.am.ActivityManagerService.cleanUpApplicationRecordLocked:12315 com.android.server.am.ActivityManagerService.handleAppDiedLocked:3552 com.android.server.am.ActivityManagerService.appDiedLocked:3656 com.android.server.am.ActivityManagerService$AppDeathRecipient.binderDied:998
10-18 14:18:01.812: D/dalvikvm(27385): GC_CONCURRENT freed 1098K, 11% free 17660K/19680K, paused 3ms+3ms, total 25ms
10-18 14:18:01.872: D/dalvikvm(27385): GC_CONCURRENT freed 113K, 9% free 18058K/19680K, paused 3ms+3ms, total 26ms
10-18 14:18:01.872: D/dalvikvm(27385): WAIT_FOR_CONCURRENT_GC blocked 11ms
10-18 14:18:01.892: D/AbsListView(27191): unregisterIRListener() is called
10-18 14:18:01.892: I/endeffect(27191): AbsListView.onLayout(), getWidth()=960, getHeight()=1470, this=android.widget.ListView{430d4bd8 VFED.VC. ......ID 0,0-960,1470}
10-18 14:18:01.942: D/dalvikvm(27385): GC_CONCURRENT freed 301K, 8% free 18269K/19680K, paused 3ms+5ms, total 32ms
10-18 14:18:01.942: D/dalvikvm(27385): WAIT_FOR_CONCURRENT_GC blocked 7ms
10-18 14:18:02.012: I/TiApplication(27385): (main) [325,325] Titanium 3.1.2 (2013/08/14 12:46 5ceaff8)
10-18 14:18:02.032: D/AbsListView(27191): unregisterIRListener() is called
10-18 14:18:02.032: I/endeffect(27191): AbsListView.onLayout(), getWidth()=960, getHeight()=1470, this=android.widget.ListView{431337a0 VFED.VC. ......ID 0,0-960,1470}
10-18 14:18:02.062: E/MP-Decision(1674): num online cores: 4 reqd : 3 available : 4 rq_depth:1.700000 hotplug_avg_load_dw: 166
10-18 14:18:02.062: E/MP-Decision(1674): DOWN cpu:3 core_idx:3 Ns:3.100000 Ts:240 total_time_down:245.000000
10-18 14:18:02.122: I/TiApplication(27385): (main) [110,435] Titanium Javascript runtime: v8
10-18 14:18:02.122: D/dalvikvm(27385): Trying to load lib /data/app-lib/com.inetsgi.farmweeknow-1/libstlport_shared.so 0x4264a508
10-18 14:18:02.122: D/dalvikvm(27385): Added shared lib /data/app-lib/com.inetsgi.farmweeknow-1/libstlport_shared.so 0x4264a508
10-18 14:18:02.122: D/dalvikvm(27385): No JNI_OnLoad found in /data/app-lib/com.inetsgi.farmweeknow-1/libstlport_shared.so 0x4264a508, skipping init
10-18 14:18:02.122: D/dalvikvm(27385): Trying to load lib /data/app-lib/com.inetsgi.farmweeknow-1/libkroll-v8.so 0x4264a508
10-18 14:18:02.122: D/UrbanAirshipModule(27385): (main) [7,442] Received onAppCreate notification
10-18 14:18:02.122: I/UrbanAirshipModule(27385): (main) [0,442] Airship taking off
10-18 14:18:02.132: D/dalvikvm(27385): Added shared lib /data/app-lib/com.inetsgi.farmweeknow-1/libkroll-v8.so 0x4264a508
10-18 14:18:02.192: D/AbsListView(27191): unregisterIRListener() is called
10-18 14:18:02.192: I/endeffect(27191): AbsListView.onLayout(), getWidth()=960, getHeight()=1470, this=android.widget.ListView{43192368 VFED.VC. ......ID 0,0-960,1470}
10-18 14:18:02.212: E/MP-Decision(1674): num online cores: 3 reqd : 4 available : 4 rq_depth:3.500000 hotplug_avg_load_dw: 159
10-18 14:18:02.212: E/MP-Decision(1674): UP cpu:1 core_idx:1 Nw:1.900000 Tw:140 total_time_up:0.000000
10-18 14:18:02.212: E/MP-Decision(1674): UP cpu:2 core_idx:2 Nw:2.700000 Tw:90 total_time_up:0.000000
10-18 14:18:02.212: E/MP-Decision(1674): UP cpu:3 core_idx:3 Nw:3.500000 Tw:90 total_time_up:98.000000
10-18 14:18:02.242: D/Sensorhubs(228): readContextData: 1, 1, 14, 1
10-18 14:18:02.242: D/SensorHubManager(775): onGetSensorHubDataLocked: library = 1, 1, 14, 1
10-18 14:18:02.252: D/CAE(775): onGetSensorHubData(SensorHubParserProvider.java:66) - onGetSensorHubData Event [event buffer len :4]
10-18 14:18:02.252: I/CAE(775): parse(SensorHubParserProvider.java:129) - buffer size = 4
10-18 14:18:02.252: I/CAE(775): parse(SensorHubParserProvider.java:140) - 1, 1, 14, 1,
10-18 14:18:02.252: D/CAE(775): display(ContextProvider.java:430) - ================= FLIP_COVER_ACTION =================
10-18 14:18:02.252: I/CAE(775): display(ContextProvider.java:446) - Action=[1]
10-18 14:18:02.252: D/SContextService(775): sendEvent() : event = Flip Cover Action
10-18 14:18:02.252: D/SContextUpdateContext(775): reportMessage : Service : Flip Cover Action
10-18 14:18:02.252: D/SContextService(775): updateSContext() : event = Flip Cover Action
10-18 14:18:02.252: D/InputReader(775): setFlipCoverTouchEnabled/clearCoverOpen/adjustTouch: 0,1, 0
10-18 14:18:02.252: D/MotionRecognitionService(775): [ FLIP_COVER_ACTION_CLOSE ]
10-18 14:18:02.252: D/MotionRecognitionService(775): setFlipCoverTouchEnabled to false
10-18 14:18:02.322: D/AbsListView(27191): unregisterIRListener() is called
10-18 14:18:02.322: I/endeffect(27191): AbsListView.onLayout(), getWidth()=960, getHeight()=1470, this=android.widget.ListView{431f0f30 VFED.VC. ......ID 0,0-960,1470}
10-18 14:18:02.412: E/QcrilMsgTunnelSocket(25734): IOExceptionjava.io.IOException: No such file or directoryReason: No such file or directory
10-18 14:18:02.432: D/dalvikvm(27191): GC_CONCURRENT freed 1775K, 11% free 30298K/33868K, paused 2ms+4ms, total 59ms
10-18 14:18:02.432: D/dalvikvm(27191): WAIT_FOR_CONCURRENT_GC blocked 30ms
10-18 14:18:02.502: D/AbsListView(27191): unregisterIRListener() is called
10-18 14:18:02.502: I/endeffect(27191): AbsListView.onLayout(), getWidth()=960, getHeight()=1470, this=android.widget.ListView{4324fb60 VFED.VC. ......ID 0,0-960,1470}
10-18 14:18:02.532: W/V8Object(27385): Runtime disposed, cannot set property 'userAgent'
10-18 14:18:02.552: D/dalvikvm(27385): Trying to load lib /data/app-lib/com.inetsgi.farmweeknow-1/libcom.kcwdev.audio.so 0x4264a508
10-18 14:18:02.552: D/dalvikvm(27385): Added shared lib /data/app-lib/com.inetsgi.farmweeknow-1/libcom.kcwdev.audio.so 0x4264a508
10-18 14:18:02.552: D/dalvikvm(27385): No JNI_OnLoad found in /data/app-lib/com.inetsgi.farmweeknow-1/libcom.kcwdev.audio.so 0x4264a508, skipping init
10-18 14:18:02.552: D/dalvikvm(27385): Trying to load lib /data/app-lib/com.inetsgi.farmweeknow-1/libcom.thinkorange.google.analytics.so 0x4264a508
10-18 14:18:02.552: D/dalvikvm(27385): Added shared lib /data/app-lib/com.inetsgi.farmweeknow-1/libcom.thinkorange.google.analytics.so 0x4264a508
10-18 14:18:02.552: D/dalvikvm(27385): No JNI_OnLoad found in /data/app-lib/com.inetsgi.farmweeknow-1/libcom.thinkorange.google.analytics.so 0x4264a508, skipping init
10-18 14:18:02.552: D/dalvikvm(27385): Trying to load lib /data/app-lib/com.inetsgi.farmweeknow-1/libfacebook.so 0x4264a508
10-18 14:18:02.552: D/dalvikvm(27385): Added shared lib /data/app-lib/com.inetsgi.farmweeknow-1/libfacebook.so 0x4264a508
10-18 14:18:02.552: D/dalvikvm(27385): No JNI_OnLoad found in /data/app-lib/com.inetsgi.farmweeknow-1/libfacebook.so 0x4264a508, skipping init
10-18 14:18:02.552: D/dalvikvm(27385): Trying to load lib /data/app-lib/com.inetsgi.farmweeknow-1/libti.urbanairship.so 0x4264a508
10-18 14:18:02.552: D/dalvikvm(27385): Added shared lib /data/app-lib/com.inetsgi.farmweeknow-1/libti.urbanairship.so 0x4264a508
10-18 14:18:02.552: D/dalvikvm(27385): No JNI_OnLoad found in /data/app-lib/com.inetsgi.farmweeknow-1/libti.urbanairship.so 0x4264a508, skipping init
10-18 14:18:02.632: D/AbsListView(27191): unregisterIRListener() is called
10-18 14:18:02.632: I/endeffect(27191): AbsListView.onLayout(), getWidth()=960, getHeight()=1470, this=android.widget.ListView{432ae770 VFED.VC. ......ID 0,0-960,1470}
10-18 14:18:02.722: W/ActivityManager(775): Permission denied: checkComponentPermission() owningUid=10172
10-18 14:18:02.722: W/ActivityManager(775): Permission denied: checkComponentPermission() owningUid=10172
10-18 14:18:02.732: D/qdoverlay(219): Unset pipe=RGB1 dpy=0;
10-18 14:18:02.752: I/dalvikvm(27176): Total arena pages for JIT: 11
10-18 14:18:02.752: I/dalvikvm(27176): Total arena pages for JIT: 12
10-18 14:18:02.762: W/ActivityManager(775): Permission denied: checkComponentPermission() owningUid=10172
10-18 14:18:02.762: W/ActivityManager(775): Permission denied: checkComponentPermission() owningUid=10172
10-18 14:18:02.782: D/AbsListView(27191): unregisterIRListener() is called
10-18 14:18:02.782: I/endeffect(27191): AbsListView.onLayout(), getWidth()=960, getHeight()=1470, this=android.widget.ListView{4330d430 VFED.VC. ......ID 0,0-960,1470}
10-18 14:18:02.782: W/ActivityManager(775): Permission denied: checkComponentPermission() owningUid=10172
10-18 14:18:02.782: W/ActivityManager(775): Permission denied: checkComponentPermission() owningUid=10172
10-18 14:18:02.913: D/AbsListView(27191): unregisterIRListener() is called
10-18 14:18:02.913: I/endeffect(27191): AbsListView.onLayout(), getWidth()=960, getHeight()=1470, this=android.widget.ListView{4336c0d0 VFED.VC. ......ID 0,0-960,1470}
10-18 14:18:02.983: D/FarmWeekNow APID(27385): null
10-18 14:18:02.993: E/SELinux(27414): selinux_android_seapp_context_reload: seapp_contexts file is loaded from /seapp_contexts
10-18 14:18:03.013: I/dalvikvm(27414): Turning on JNI app bug workarounds for target SDK version 8...
10-18 14:18:03.013: I/LSS-II:(775): proc wait in:com.osp.app.signin,adj=11LRU num=89,i=62
10-18 14:18:03.033: D/SpoService(1593): On importance changed 27414,10176,400
10-18 14:18:03.053: I/TiApplication(27414): (main) [0,0] checkpoint, app created.
10-18 14:18:03.063: E/MP-Decision(1674): num online cores: 4 reqd : 3 available : 4 rq_depth:2.300000 hotplug_avg_load_dw: 144
10-18 14:18:03.063: E/MP-Decision(1674): DOWN cpu:3 core_idx:3 Ns:3.100000 Ts:240 total_time_down:245.000000
10-18 14:18:03.093: D/AbsListView(27191): unregisterIRListener() is called
10-18 14:18:03.093: I/endeffect(27191): AbsListView.onLayout(), getWidth()=960, getHeight()=1470, this=android.widget.ListView{433cad70 VFED.VC. ......ID 0,0-960,1470}
10-18 14:18:03.113: D/qdmemalloc(219): ion: Mapped buffer base:0x475f9000 size:8355840 fd:37
10-18 14:18:03.113: D/qdmemalloc(219): ion: Mapped buffer base:0x4000d000 size:4096 fd:50
10-18 14:18:03.223: D/dalvikvm(27414): GC_CONCURRENT freed 1087K, 11% free 17702K/19712K, paused 3ms+2ms, total 32ms
10-18 14:18:03.223: D/dalvikvm(27414): WAIT_FOR_CONCURRENT_GC blocked 3ms
10-18 14:18:03.273: D/dalvikvm(27414): GC_CONCURRENT freed 246K, 10% free 17890K/19712K, paused 3ms+2ms, total 19ms
10-18 14:18:03.283: D/qdoverlay(219): Set pipe=RGB1 dpy=0;
10-18 14:18:03.303: I/endeffect(27191): AbsListView.onMeasure(), getWidth()=960, getHeight()=1470, this=android.widget.ListView{4303b438 VFED.VC. ......ID 0,0-960,1470}
10-18 14:18:03.303: I/endeffect(27191): AbsListView.onMeasure(), getWidth()=960, getHeight()=1470, this=android.widget.ListView{430d4bd8 VFED.VC. ......ID 0,0-960,1470}
10-18 14:18:03.303: I/endeffect(27191): AbsListView.onMeasure(), getWidth()=960, getHeight()=1470, this=android.widget.ListView{431337a0 VFED.VC. ......ID 0,0-960,1470}
10-18 14:18:03.303: I/endeffect(27191): AbsListView.onMeasure(), getWidth()=960, getHeight()=1470, this=android.widget.ListView{43192368 VFED.VC. ......ID 0,0-960,1470}
10-18 14:18:03.303: I/endeffect(27191): AbsListView.onMeasure(), getWidth()=960, getHeight()=1470, this=android.widget.ListView{431f0f30 VFED.VC. ......ID 0,0-960,1470}
10-18 14:18:03.303: I/endeffect(27191): AbsListView.onMeasure(), getWidth()=960, getHeight()=1470, this=android.widget.ListView{4324fb60 VFED.VC. ......ID 0,0-960,1470}
10-18 14:18:03.303: I/endeffect(27191): AbsListView.onMeasure(), getWidth()=960, getHeight()=1470, this=android.widget.ListView{432ae770 VFED.VC. ......ID 0,0-960,1470}
10-18 14:18:03.303: I/endeffect(27191): AbsListView.onMeasure(), getWidth()=960, getHeight()=1470, this=android.widget.ListView{4330d430 VFED.VC. ......ID 0,0-960,1470}
10-18 14:18:03.303: I/endeffect(27191): AbsListView.onMeasure(), getWidth()=960, getHeight()=1470, this=android.widget.ListView{4336c0d0 VFED.VC. ......ID 0,0-960,1470}
10-18 14:18:03.303: I/endeffect(27191): AbsListView.onMeasure(), getWidth()=960, getHeight()=1470, this=android.widget.ListView{433cad70 VFED.VC. ......ID 0,0-960,1470}
10-18 14:18:03.313: D/AbsListView(27191): unregisterIRListener() is called
10-18 14:18:03.313: I/endeffect(27191): AbsListView.onLayout(), getWidth()=960, getHeight()=1470, this=android.widget.ListView{4303b438 VFED.VC. ......ID 0,0-960,1470}
10-18 14:18:03.323: D/AbsListView(27191): unregisterIRListener() is called
10-18 14:18:03.323: I/endeffect(27191): AbsListView.onLayout(), getWidth()=960, getHeight()=1470, this=android.widget.ListView{430d4bd8 VFED.VC. ......ID 0,0-960,1470}
10-18 14:18:03.323: D/AbsListView(27191): unregisterIRListener() is called
10-18 14:18:03.323: I/endeffect(27191): AbsListView.onLayout(), getWidth()=960, getHeight()=1470, this=android.widget.ListView{431337a0 VFED.VC. ......ID 0,0-960,1470}
10-18 14:18:03.333: D/AbsListView(27191): unregisterIRListener() is called
10-18 14:18:03.333: I/endeffect(27191): AbsListView.onLayout(), getWidth()=960, getHeight()=1470, this=android.widget.ListView{43192368 VFED.VC. ......ID 0,0-960,1470}
10-18 14:18:03.333: I/TiApplication(27414): (main) [286,286] Titanium 3.1.0 (2013/04/15 18:46 57634ef)
10-18 14:18:03.333: D/AbsListView(27191): unregisterIRListener() is called
10-18 14:18:03.333: I/endeffect(27191): AbsListView.onLayout(), getWidth()=960, getHeight()=1470, this=android.widget.ListView{431f0f30 VFED.VC. ......ID 0,0-960,1470}
10-18 14:18:03.343: D/AbsListView(27191): unregisterIRListener() is called
10-18 14:18:03.343: I/endeffect(27191): AbsListView.onLayout(), getWidth()=960, getHeight()=1470, this=android.widget.ListView{4324fb60 VFED.VC. ......ID 0,0-960,1470}
10-18 14:18:03.353: D/AbsListView(27191): unregisterIRListener() is called
10-18 14:18:03.353: I/endeffect(27191): AbsListView.onLayout(), getWidth()=960, getHeight()=1470, this=android.widget.ListView{432ae770 VFED.VC. ......ID 0,0-960,1470}
10-18 14:18:03.353: D/AbsListView(27191): unregisterIRListener() is called
10-18 14:18:03.353: I/endeffect(27191): AbsListView.onLayout(), getWidth()=960, getHeight()=1470, this=android.widget.ListView{4330d430 VFED.VC. ......ID 0,0-960,1470}
10-18 14:18:03.363: D/AbsListView(27191): unregisterIRListener() is called
10-18 14:18:03.363: I/endeffect(27191): AbsListView.onLayout(), getWidth()=960, getHeight()=1470, this=android.widget.ListView{4336c0d0 VFED.VC. ......ID 0,0-960,1470}
10-18 14:18:03.363: D/dalvikvm(27414): GC_CONCURRENT freed 359K, 9% free 18041K/19712K, paused 2ms+2ms, total 26ms
10-18 14:18:03.363: D/dalvikvm(27414): WAIT_FOR_CONCURRENT_GC blocked 8ms
10-18 14:18:03.363: D/AbsListView(27191): unregisterIRListener() is called
10-18 14:18:03.363: I/endeffect(27191): AbsListView.onLayout(), getWidth()=960, getHeight()=1470, this=android.widget.ListView{433cad70 VFED.VC. ......ID 0,0-960,1470}
10-18 14:18:03.383: D/qdmemalloc(219): ion: Mapped buffer base:0x485e9000 size:8355840 fd:41
10-18 14:18:03.383: D/qdmemalloc(219): ion: Mapped buffer base:0x4001c000 size:4096 fd:76
10-18 14:18:03.493: D/dalvikvm(27191): GC_FOR_ALLOC freed 1567K, 8% free 31608K/34100K, paused 71ms, total 71ms
10-18 14:18:03.503: I/dalvikvm-heap(27191): Grow heap (frag case) to 37.149MB for 5644816-byte allocation
10-18 14:18:03.563: D/dalvikvm(27191): GC_FOR_ALLOC freed 4K, 7% free 37116K/39616K, paused 61ms, total 61ms
10-18 14:18:03.643: D/dalvikvm(27191): GC_CONCURRENT freed 125K, 7% free 36991K/39616K, paused 3ms+5ms, total 75ms
10-18 14:18:03.643: D/dalvikvm(27191): WAIT_FOR_CONCURRENT_GC blocked 29ms
10-18 14:18:03.643: D/dalvikvm(27414): GC_CONCURRENT freed 1145K, 11% free 18825K/20984K, paused 2ms+2ms, total 20ms
10-18 14:18:03.643: I/TiApplication(27414): (main) [314,600] Titanium Javascript runtime: v8
10-18 14:18:03.653: D/dalvikvm(27414): Trying to load lib /data/app-lib/growersedge.inetsgi.com-1/libstlport_shared.so 0x4264bc10
10-18 14:18:03.653: D/dalvikvm(27414): Added shared lib /data/app-lib/growersedge.inetsgi.com-1/libstlport_shared.so 0x4264bc10
10-18 14:18:03.653: D/dalvikvm(27414): No JNI_OnLoad found in /data/app-lib/growersedge.inetsgi.com-1/libstlport_shared.so 0x4264bc10, skipping init
10-18 14:18:03.653: D/dalvikvm(27414): Trying to load lib /data/app-lib/growersedge.inetsgi.com-1/libkroll-v8.so 0x4264bc10
10-18 14:18:03.653: D/dalvikvm(27414): Added shared lib /data/app-lib/growersedge.inetsgi.com-1/libkroll-v8.so 0x4264bc10
10-18 14:18:03.653: D/UrbanAirshipModule(27414): (main) [10,610] Received onAppCreate notification
10-18 14:18:03.653: I/UrbanAirshipModule(27414): (main) [0,610] Airship taking off
10-18 14:18:03.693: D/Sensorhubs(228): readContextData: 1, 1, 14, 0
10-18 14:18:03.693: D/SensorHubManager(775): onGetSensorHubDataLocked: library = 1, 1, 14, 0
10-18 14:18:03.693: D/CAE(775): onGetSensorHubData(SensorHubParserProvider.java:66) - onGetSensorHubData Event [event buffer len :4]
10-18 14:18:03.693: I/CAE(775): parse(SensorHubParserProvider.java:129) - buffer size = 4
10-18 14:18:03.693: I/CAE(775): parse(SensorHubParserProvider.java:140) - 1, 1, 14, 0,
10-18 14:18:03.693: D/CAE(775): display(ContextProvider.java:430) - ================= FLIP_COVER_ACTION =================
10-18 14:18:03.693: I/CAE(775): display(ContextProvider.java:446) - Action=[0]
10-18 14:18:03.693: D/SContextService(775): sendEvent() : event = Flip Cover Action
10-18 14:18:03.693: D/SContextUpdateContext(775): reportMessage : Service : Flip Cover Action
10-18 14:18:03.693: D/SContextService(775): updateSContext() : event = Flip Cover Action
10-18 14:18:03.693: D/InputReader(775): setFlipCoverTouchEnabled/clearCoverOpen/adjustTouch: 1,1, 0
10-18 14:18:03.693: D/MotionRecognitionService(775): [ FLIP_COVER_ACTION_OPEN ]
10-18 14:18:03.693: D/MotionRecognitionService(775): setFlipCoverTouchEnabled to true
10-18 14:18:03.753: D/dalvikvm(27191): GC_FOR_ALLOC freed 31K, 6% free 42472K/45132K, paused 72ms, total 72ms
10-18 14:18:03.854: D/dalvikvm(27191): GC_FOR_ALLOC freed <1K, 6% free 47985K/50648K, paused 63ms, total 63ms
10-18 14:18:03.914: E/TiApplication(27414): (KrollRuntimeThread) [259,869] APP PROXY: ti.modules.titanium.app.AppModule@42759730
10-18 14:18:03.934: W/V8Object(27414): Runtime disposed, cannot set property 'userAgent'
10-18 14:18:03.944: D/dalvikvm(27191): GC_FOR_ALLOC freed <1K, 5% free 53498K/56164K, paused 60ms, total 60ms
10-18 14:18:03.954: D/dalvikvm(27414): Trying to load lib /data/app-lib/growersedge.inetsgi.com-1/libcom.thinkorange.google.analytics.so 0x4264bc10
10-18 14:18:03.954: D/dalvikvm(27414): Added shared lib /data/app-lib/growersedge.inetsgi.com-1/libcom.thinkorange.google.analytics.so 0x4264bc10
10-18 14:18:03.954: D/dalvikvm(27414): No JNI_OnLoad found in /data/app-lib/growersedge.inetsgi.com-1/libcom.thinkorange.google.analytics.so 0x4264bc10, skipping init
10-18 14:18:03.954: D/dalvikvm(27414): Trying to load lib /data/app-lib/growersedge.inetsgi.com-1/libti.urbanairship.so 0x4264bc10
10-18 14:18:03.954: D/dalvikvm(27414): Added shared lib /data/app-lib/growersedge.inetsgi.com-1/libti.urbanairship.so 0x4264bc10
10-18 14:18:03.954: D/dalvikvm(27414): No JNI_OnLoad found in /data/app-lib/growersedge.inetsgi.com-1/libti.urbanairship.so 0x4264bc10, skipping init
10-18 14:18:04.044: D/dalvikvm(27191): GC_FOR_ALLOC freed <1K, 5% free 59011K/61680K, paused 58ms, total 58ms
10-18 14:18:04.134: D/dalvikvm(27191): GC_FOR_ALLOC freed <1K, 4% free 64524K/67196K, paused 59ms, total 59ms
10-18 14:18:04.214: E/MP-Decision(1674): num online cores: 3 reqd : 2 available : 4 rq_depth:2.000000 hotplug_avg_load_dw: 200
10-18 14:18:04.214: E/MP-Decision(1674): DOWN cpu:2 core_idx:2 Ns:2.100000 Ts:240 total_time_down:245.000000
10-18 14:18:04.224: D/dalvikvm(27191): GC_FOR_ALLOC freed <1K, 4% free 70036K/72712K, paused 62ms, total 62ms
10-18 14:18:04.264: D/Growers Edge APID(27414): 3e9e7ce2-c258-43e1-85bd-ed9946918912
10-18 14:18:04.344: D/dalvikvm(27191): GC_FOR_ALLOC freed <1K, 4% free 75549K/78228K, paused 66ms, total 66ms
10-18 14:18:04.434: D/dalvikvm(27191): GC_FOR_ALLOC freed <1K, 4% free 81062K/83744K, paused 56ms, total 56ms
10-18 14:18:04.474: I/Choreographer(27191): Skipped 52 frames! The application may be doing too much work on its main thread.
10-18 14:18:04.514: D/dalvikvm(775): GC_EXPLICIT freed 2651K, 18% free 91054K/110408K, paused 6ms+39ms, total 229ms
10-18 14:18:04.514: I/ActivityManager(775): Decrease Hidden App Number from 42to 39
10-18 14:18:04.534: I/ActivityManager(775): Decrease Hidden App Number from 39to 36
10-18 14:18:04.564: E/MP-Decision(1674): num online cores: 2 reqd : 3 available : 4 rq_depth:12.400000 hotplug_avg_load_dw: 186
10-18 14:18:04.564: E/MP-Decision(1674): UP cpu:1 core_idx:1 Nw:1.900000 Tw:140 total_time_up:0.000000
10-18 14:18:04.564: E/MP-Decision(1674): UP cpu:2 core_idx:2 Nw:2.700000 Tw:90 total_time_up:98.000000
10-18 14:18:04.594: W/ContextImpl(775): Calling a method in the system process without a qualified user: android.app.ContextImpl.sendBroadcast:1323 com.android.server.am.ActivityManagerService.cleanUpApplicationRecordLocked:12315 com.android.server.am.ActivityManagerService.handleAppDiedLocked:3552 com.android.server.am.ActivityManagerService.appDiedLocked:3656 com.android.server.am.ActivityManagerService$AppDeathRecipient.binderDied:998
10-18 14:18:04.594: W/ContextImpl(775): Calling a method in the system process without a qualified user: android.app.ContextImpl.sendBroadcast:1323 com.android.server.am.ActivityManagerService.cleanUpApplicationRecordLocked:12315 com.android.server.am.ActivityManagerService.handleAppDiedLocked:3552 com.android.server.am.ActivityManagerService.appDiedLocked:3656 com.android.server.am.ActivityManagerService$AppDeathRecipient.binderDied:998
10-18 14:18:04.614: E/MP-Decision(1674): num online cores: 3 reqd : 4 available : 4 rq_depth:7.900000 hotplug_avg_load_dw: 293
10-18 14:18:04.614: E/MP-Decision(1674): UP cpu:1 core_idx:1 Nw:1.900000 Tw:140 total_time_up:0.000000
10-18 14:18:04.614: E/MP-Decision(1674): UP cpu:2 core_idx:2 Nw:2.700000 Tw:90 total_time_up:0.000000
10-18 14:18:04.614: E/MP-Decision(1674): UP cpu:3 core_idx:3 Nw:3.500000 Tw:90 total_time_up:96.000000
10-18 14:18:04.614: D/SpoService(1593): On process died 26667,10130
10-18 14:18:04.624: D/SpoService(1593): On process died 26641,10046
10-18 14:18:04.624: D/AbsListView(27191): onVisibilityChanged() is called, visibility : 4
10-18 14:18:04.624: D/AbsListView(27191): unregisterIRListener() is called
10-18 14:18:04.624: D/AbsListView(27191): onVisibilityChanged() is called, visibility : 4
10-18 14:18:04.624: D/AbsListView(27191): unregisterIRListener() is called
10-18 14:18:04.624: D/AbsListView(27191): onVisibilityChanged() is called, visibility : 4
10-18 14:18:04.624: D/AbsListView(27191): unregisterIRListener() is called
10-18 14:18:04.624: D/AbsListView(27191): onVisibilityChanged() is called, visibility : 4
10-18 14:18:04.624: D/AbsListView(27191): unregisterIRListener() is called
10-18 14:18:04.634: D/AbsListView(27191): onVisibilityChanged() is called, visibility : 4
10-18 14:18:04.634: D/AbsListView(27191): unregisterIRListener() is called
10-18 14:18:04.634: D/AbsListView(27191): onVisibilityChanged() is called, visibility : 4
10-18 14:18:04.634: D/AbsListView(27191): unregisterIRListener() is called
10-18 14:18:04.634: D/AbsListView(27191): onVisibilityChanged() is called, visibility : 4
10-18 14:18:04.634: D/AbsListView(27191): unregisterIRListener() is called
10-18 14:18:04.634: D/AbsListView(27191): onVisibilityChanged() is called, visibility : 4
10-18 14:18:04.634: D/AbsListView(27191): unregisterIRListener() is called
10-18 14:18:04.634: D/AbsListView(27191): onVisibilityChanged() is called, visibility : 4
10-18 14:18:04.634: D/AbsListView(27191): unregisterIRListener() is called
10-18 14:18:04.634: V/WindowManager(775): Window{429f14e8 u0 Keyguard}mOrientationRequetedFromKeyguard=false
10-18 14:18:04.644: D/SpoService(1593): On process died 26653,10048
10-18 14:18:04.644: W/ContextImpl(775): Calling a method in the system process without a qualified user: android.app.ContextImpl.sendBroadcast:1323 com.android.server.am.ActivityManagerService.cleanUpApplicationRecordLocked:12315 com.android.server.am.ActivityManagerService.handleAppDiedLocked:3552 com.android.server.am.ActivityManagerService.appDiedLocked:3656 com.android.server.am.ActivityManagerService$AppDeathRecipient.binderDied:998
10-18 14:18:04.724: E/SELinux(27449): selinux_android_seapp_context_reload: seapp_contexts file is loaded from /seapp_contexts
10-18 14:18:04.744: D/SpoService(1593): On importance changed 27449,10130,400
10-18 14:18:04.774: V/TaskCloserActivity(27449): TaskCloserActivity enter()
10-18 14:18:04.784: V/TaskCloserActivity(27449): TaskCloserActivity onReceive() - com.sec.android.intent.action.HOME_PAUSE
10-18 14:18:04.804: I/LSS-II:(775): proc wait in:com.nuance.swype.input,adj=11LRU num=88,i=61
10-18 14:18:04.834: W/ContextImpl(775): Calling a method in the system process without a qualified user: android.app.ContextImpl.sendBroadcast:1323 com.android.server.am.ActivityManagerService.cleanUpApplicationRecordLocked:12315 com.android.server.am.ActivityManagerService.handleAppDiedLocked:3552 com.android.server.am.ActivityManagerService.appDiedLocked:3656 com.android.server.am.ActivityManagerService$AppDeathRecipient.binderDied:998
10-18 14:18:04.834: D/SpoService(1593): On process died 26380,1000
10-18 14:18:04.865: I/Recovery(27176): Received: Intent { act=com.google.android.gms.INITIALIZE flg=0x10 pkg=com.google.android.gms cmp=com.google.android.gms/.auth.be.recovery.AccountRecoveryBackgroundService$Receiver }
10-18 14:18:04.875: I/LSS-II:(775): proc cancel wait in:com.google.android.gsf.login,adj=0LRU num=87,i=85
10-18 14:18:04.895: D/GCM(1258): GcmService start Intent { act=com.google.android.gms.INITIALIZE flg=0x10 pkg=com.google.android.gms cmp=com.google.android.gms/.gcm.GcmService } com.google.android.gms.INITIALIZE
10-18 14:18:04.935: I/dalvikvm(27272): Could not find method android.os.UserManager.getApplicationRestrictions, referenced from method xg.b
10-18 14:18:04.935: W/dalvikvm(27272): VFY: unable to resolve virtual method 3765: Landroid/os/UserManager;.getApplicationRestrictions (Ljava/lang/String;)Landroid/os/Bundle;
10-18 14:18:04.935: D/dalvikvm(27272): VFY: replacing opcode 0x6e at 0x0012
10-18 14:18:04.935: I/dalvikvm(27272): Could not find method android.accounts.AccountManager.getAccountsByTypeForPackage, referenced from method xg.c
10-18 14:18:04.935: W/dalvikvm(27272): VFY: unable to resolve virtual method 2421: Landroid/accounts/AccountManager;.getAccountsByTypeForPackage (Ljava/lang/String;Ljava/lang/String;)[Landroid/accounts/Account;
10-18 14:18:04.935: D/dalvikvm(27272): VFY: replacing opcode 0x6e at 0x000c
10-18 14:18:04.965: D/dalvikvm(27414): GC_CONCURRENT freed 399K, 10% free 19059K/20984K, paused 2ms+2ms, total 32ms
10-18 14:18:05.015: D/InputReader(775): Input event: value=1
10-18 14:18:05.015: I/InputReader(775): Touch event's action is 0x0 (deviceType=0) [pCnt=1, s=0.7981 ] when=1207053102843000
10-18 14:18:05.015: I/InputDispatcher(775): Delivering touch to current input target: action: 0x0
10-18 14:18:05.015: I/InputDispatcher(775): Delivering touch to current input target: action: 0x0
10-18 14:18:05.015: I/InputDispatcher(775): Delivering touch to current input target: action: 0x0
10-18 14:18:05.015: I/InputDispatcher(775): Delivering touch to current input target: action: 0x0
10-18 14:18:05.015: D/lights(775): button : 1 +
10-18 14:18:05.015: D/lights(775): button : 1 -
10-18 14:18:05.065: I/LSS-II:(775): proc wait in:com.sprint.zone,adj=11LRU num=87,i=60
10-18 14:18:05.065: I/ActivityManager(775): Increase Hidden App Number from 36to 39
10-18 14:18:05.095: I/CustomFrequencyManager(27191): newFrequencyRequest - mFrequency = 1566000, mTimeoutMs = -1, mPkgName = LIST_SCROLL_BOOSTER@1
10-18 14:18:05.095: I/CustomFrequencyManager(27191): Boost Request from package = LIST_SCROLL_BOOSTER@1 frequency : 1566000type = 6
10-18 14:18:05.095: I/CustomFrequencyManager(27191): !! pkgName = LIST_SCROLL_BOOSTER@1
10-18 14:18:05.095: I/CustomFrequencyManager(27191): Request from package name pkgName = LIST_SCROLL_BOOSTER@1
10-18 14:18:05.095: I/CustomFrequencyManager(27191): mContext is Not Null mContext.pkgName = com.inetsgi.alloyandroid
10-18 14:18:05.095: I/CustomFrequencyManager(27191): mToken is Null....Creating New Binder!
10-18 14:18:05.095: I/CustomFrequencyManager(27191): CPUDVFSControlRequest : doFrequencyRequest:: = 1566000 Timeout : -1
10-18 14:18:05.095: I/power(775): *** acquire_dvfs_lock : lockType : 1 freq : 1566000
10-18 14:18:05.095: I/CustomFrequencyManager(27191): newFrequencyRequest - mFrequency = 2, mTimeoutMs = -1, mPkgName = LIST_SCROLL_BOOSTER_CORE@2
10-18 14:18:05.095: I/CustomFrequencyManager(27191): Boost Request from package = LIST_SCROLL_BOOSTER_CORE@2 frequency : 2type = 4
10-18 14:18:05.095: I/CustomFrequencyManager(27191): !! pkgName = LIST_SCROLL_BOOSTER_CORE@2
10-18 14:18:05.095: I/CustomFrequencyManager(27191): Request from package name pkgName = LIST_SCROLL_BOOSTER_CORE@2
10-18 14:18:05.095: I/CustomFrequencyManager(27191): mContext is Not Null mContext.pkgName = com.inetsgi.alloyandroid
10-18 14:18:05.095: I/CustomFrequencyManager(27191): mToken is Null....Creating New Binder!
10-18 14:18:05.095: I/CustomFrequencyManager(27191): CPUCoreControlRequest : doFrequencyRequest:: = 2 Timeout : -1
10-18 14:18:05.095: E/ANDR-PERF-MPCTL(775): MPCTL client send 2
10-18 14:18:05.095: D/CustomFrequencyManagerService(775): acquireDVFSLockLocked : type : DVFS_MIN_LIMIT frequency : 1566000 uid : 10074 pid : 27191 pkgName : LIST_SCROLL_BOOSTER@1
10-18 14:18:05.115: E/MP-Decision(1674): num online cores: 4 reqd : 3 available : 4 rq_depth:1.700000 hotplug_avg_load_dw: 113
10-18 14:18:05.115: E/MP-Decision(1674): DOWN cpu:3 core_idx:3 Ns:3.100000 Ts:240 total_time_down:243.000000
10-18 14:18:05.135: D/SpoService(1593): On importance changed 3727,10075,100
10-18 14:18:05.135: D/KeyguardClockWidgetService(3727): onReceive action=android.intent.action.TIME_TICK
10-18 14:18:05.145: D/SpoService(1593): On importance changed 3727,10075,130
10-18 14:18:05.145: V/AlarmManager(775): ClockReceiver onReceive() ACTION_TIME_TICK
10-18 14:18:05.165: D/InputReader(775): Input event: value=0
10-18 14:18:05.165: I/InputReader(775): Touch event's action is 0x1 (deviceType=0) [pCnt=1, s=] when=1207053259002000
10-18 14:18:05.165: I/InputDispatcher(775): Delivering touch to current input target: action: 0x1
10-18 14:18:05.165: I/InputDispatcher(775): Delivering touch to current input target: action: 0x1
10-18 14:18:05.165: I/InputDispatcher(775): Delivering touch to current input target: action: 0x1
10-18 14:18:05.165: I/InputDispatcher(775): Delivering touch to current input target: action: 0x1
10-18 14:18:05.175: D/IconMerger(1081): overflowShown = true
10-18 14:18:05.175: D/IconMerger(1081): moreRequired = true
10-18 14:18:05.185: D/dalvikvm(27191): GC_FOR_ALLOC freed 25K, 3% free 86583K/89260K, paused 69ms, total 69ms
10-18 14:18:05.255: D/GestureDetector(27191): [Surface Touch Event] mSweepDown False, mLRSDCnt : -1 mTouchCnt : 7 mFalseSizeCnt:0
10-18 14:18:05.355: D/dalvikvm(27191): GC_FOR_ALLOC freed 88K, 3% free 92816K/95460K, paused 70ms, total 70ms
10-18 14:18:05.405: I/Recovery(27176): Received: Intent { act=com.google.android.gms.INITIALIZE flg=0x10 pkg=com.google.android.gms cmp=com.google.android.gms/.auth.be.recovery.AccountRecoveryBackgroundService$Receiver }
10-18 14:18:05.425: I/endeffect(27191): AbsListView.onMeasure(), getWidth()=960, getHeight()=1470, this=android.widget.ListView{4303b438 VFED.VC. ......ID 0,0-960,1470}
10-18 14:18:05.425: D/AbsListView(27191): unregisterIRListener() is called
10-18 14:18:05.425: I/endeffect(27191): AbsListView.onLayout(), getWidth()=960, getHeight()=1470, this=android.widget.ListView{4303b438 VFED.VC. ......ID 0,0-960,1470}
10-18 14:18:05.445: D/GCM(1258): GcmService start Intent { act=com.google.android.gms.INITIALIZE flg=0x10 pkg=com.google.android.gms cmp=com.google.android.gms/.gcm.GcmService } com.google.android.gms.INITIALIZE
10-18 14:18:05.465: I/UrbanAirshipModule(27414): Received intent: Intent { act=com.urbanairship.push.REGISTRATION_FINISHED flg=0x10 cmp=growersedge.inetsgi.com/ti.modules.titanium.urbanairship.IntentReceiver (has extras) }
10-18 14:18:05.465: D/UrbanAirshipModule(27414): (main) [1548,2417] APID: 3e9e7ce2-c258-43e1-85bd-ed9946918912 IsValid: true
10-18 14:18:05.465: W/UrbanAirshipModule(27414): (main) [0,2417] Urban Airship module not currently loaded
10-18 14:18:05.715: E/MP-Decision(1674): num online cores: 3 reqd : 2 available : 4 rq_depth:1.500000 hotplug_avg_load_dw: 114
10-18 14:18:05.715: E/MP-Decision(1674): DOWN cpu:2 core_idx:2 Ns:2.100000 Ts:240 total_time_down:245.000000
10-18 14:18:05.825: I/Monitor(775): SIOP:: Current AP = 400, CP = 0
10-18 14:18:05.825: I/AmoledAdjustTimer(775): prevTemp = 273, currTemp = 274, prevStep = 4, currStep = 4
10-18 14:18:05.956: E/Watchdog(775): !@Sync 40233
10-18 14:18:06.226: D/InputReader(775): Input event: value=1
10-18 14:18:06.226: I/InputReader(775): Touch event's action is 0x0 (deviceType=0) [pCnt=1, s=0.7982 ] when=1207054313262000
10-18 14:18:06.226: I/InputDispatcher(775): Delivering touch to current input target: action: 0x0
10-18 14:18:06.226: I/InputDispatcher(775): Delivering touch to current input target: action: 0x0
10-18 14:18:06.226: I/InputDispatcher(775): Delivering touch to current input target: action: 0x0
10-18 14:18:06.226: I/InputDispatcher(775): Delivering touch to current input target: action: 0x0
10-18 14:18:06.226: D/BatteryService(775): update start
10-18 14:18:06.226: D/BatteryService(775): level:100, scale:100, status:5, health:2, present:true, voltage: 4282, temperature: 274, technology: Li-ion, AC powered:false, USB powered:true, Wireless powered:false, icon:17303324, invalid charger:0, online:4, charge type:1, current avg:460
10-18 14:18:06.226: D/BatteryService(775): Sending ACTION_BATTERY_CHANGED.
10-18 14:18:06.236: D/STATUSBAR-BatteryController(1081): onReceive() - ACTION_BATTERY_CHANGED
10-18 14:18:06.236: D/STATUSBAR-BatteryController(1081): onReceive() - BATTERY_STATUS_FULL:
10-18 14:18:06.236: D/STATUSBAR-PhoneStatusBar(1081): NORMAL_BATTERY
10-18 14:18:06.246: D/IconMerger(1081): overflowShown = true
10-18 14:18:06.246: D/IconMerger(1081): moreRequired = true
10-18 14:18:06.316: W/SignalStrength(775): Size of signalstrength parcel:172
10-18 14:18:06.316: W/SignalStrength(775): getCdmaLevel=2
10-18 14:18:06.316: W/SignalStrength(27321): Size of signalstrength parcel:176
10-18 14:18:06.316: W/SignalStrength(1081): Size of signalstrength parcel:176
10-18 14:18:06.316: W/SignalStrength(1222): Size of signalstrength parcel:176
10-18 14:18:06.316: W/SignalStrength(26066): Size of signalstrength parcel:176
10-18 14:18:06.316: W/SignalStrength(1081): getCdmaLevel=2
10-18 14:18:06.316: W/SignalStrength(1222): Size of signalstrength parcel:176
10-18 14:18:06.316: W/SignalStrength(1081): getCdmaLevel=2
10-18 14:18:06.316: D/STATUSBAR-NetworkController(1081): onSignalStrengthsChanged signalStrength=SignalStrength: 99 0 -95 -25 -103 -60 1 99 2147483647 2147483647 2147483647 2147483647 2147483647 cdma 0x200 level=2
10-18 14:18:06.326: W/SignalStrength(775): getCdmaAsuLevel=2
10-18 14:18:06.336: D/InputReader(775): Input event: value=0
10-18 14:18:06.336: I/InputReader(775): Touch event's action is 0x1 (deviceType=0) [pCnt=1, s=] when=1207054426665000
10-18 14:18:06.336: I/InputDispatcher(775): Delivering touch to current input target: action: 0x1
10-18 14:18:06.336: I/InputDispatcher(775): Delivering touch to current input target: action: 0x1
10-18 14:18:06.336: I/InputDispatcher(775): Delivering touch to current input target: action: 0x1
10-18 14:18:06.336: I/InputDispatcher(775): Delivering touch to current input target: action: 0x1
10-18 14:18:06.346: D/GestureDetector(27191): [Surface Touch Event] mSweepDown False, mLRSDCnt : -1 mTouchCnt : 5 mFalseSizeCnt:0
10-18 14:18:06.406: D/AbsListView(27191): onVisibilityChanged() is called, visibility : 0
10-18 14:18:06.406: D/AbsListView(27191): unregisterIRListener() is called
10-18 14:18:06.416: I/endeffect(27191): AbsListView.onMeasure(), getWidth()=960, getHeight()=1470, this=android.widget.ListView{430d4bd8 VFED.VC. .F....ID 0,0-960,1470}
10-18 14:18:06.416: D/AbsListView(27191): unregisterIRListener() is called
10-18 14:18:06.416: I/endeffect(27191): AbsListView.onLayout(), getWidth()=960, getHeight()=1470, this=android.widget.ListView{430d4bd8 VFED.VC. .F....ID 0,0-960,1470}
10-18 14:18:06.416: E/QcrilMsgTunnelSocket(25734): IOExceptionjava.io.IOException: No such file or directoryReason: No such file or directory
10-18 14:18:06.526: E/SpannableStringBuilder(27191): SPAN_EXCLUSIVE_EXCLUSIVE spans cannot have a zero length
10-18 14:18:06.526: E/SpannableStringBuilder(27191): SPAN_EXCLUSIVE_EXCLUSIVE spans cannot have a zero length
10-18 14:18:06.526: I/endeffect(27191): AbsListView.onMeasure(), getWidth()=960, getHeight()=1470, this=android.widget.ListView{430d4bd8 VFED.VC. .F....I. 0,0-960,1470}
10-18 14:18:06.536: D/AbsListView(27191): unregisterIRListener() is called
10-18 14:18:06.536: I/endeffect(27191): AbsListView.onLayout(), getWidth()=960, getHeight()=1470, this=android.widget.ListView{430d4bd8 VFED.VC. .F....ID 0,0-960,1470}
10-18 14:18:06.636: I/power(775): *** release_dvfs_lock : lockType : 1
10-18 14:18:06.636: E/ANDR-PERF-MPCTL(775): MPCTL client send 3
10-18 14:18:06.636: D/CustomFrequencyManagerService(775): releaseDVFSLockLocked : Getting Lock type frm List : DVFS_MIN_LIMIT frequency : 1566000 uid : 10074 pid : 27191 tag : LIST_SCROLL_BOOSTER@1
10-18 14:18:06.776: D/AbsListView(27191): onVisibilityChanged() is called, visibility : 4
10-18 14:18:06.776: D/AbsListView(27191): unregisterIRListener() is called
10-18 14:18:07.067: E/MP-Decision(1674): num online cores: 2 reqd : 1 available : 4 rq_depth:1.000000 hotplug_avg_load_dw: 29
10-18 14:18:07.067: E/MP-Decision(1674): DOWN cpu:1 core_idx:1 Ns:1.100000 Ts:190 total_time_down:194.000000
10-18 14:18:07.137: D/InputReader(775): Input event: value=1
10-18 14:18:07.137: I/InputReader(775): Touch event's action is 0x0 (deviceType=0) [pCnt=1, s=0.7983 ] when=1207055226379000
10-18 14:18:07.137: I/InputDispatcher(775): Delivering touch to current input target: action: 0x0
10-18 14:18:07.147: I/InputDispatcher(775): Delivering touch to current input target: action: 0x0
10-18 14:18:07.147: I/InputDispatcher(775): Delivering touch to current input target: action: 0x0
10-18 14:18:07.147: I/InputDispatcher(775): Delivering touch to current input target: action: 0x0
10-18 14:18:07.187: I/CustomFrequencyManager(27191): newFrequencyRequest - mFrequency = 1566000, mTimeoutMs = -1, mPkgName = LIST_SCROLL_BOOSTER@3
10-18 14:18:07.187: I/CustomFrequencyManager(27191): Boost Request from package = LIST_SCROLL_BOOSTER@3 frequency : 1566000type = 6
10-18 14:18:07.187: I/CustomFrequencyManager(27191): !! pkgName = LIST_SCROLL_BOOSTER@3
10-18 14:18:07.187: I/CustomFrequencyManager(27191): Request from package name pkgName = LIST_SCROLL_BOOSTER@3
10-18 14:18:07.197: I/CustomFrequencyManager(27191): mContext is Not Null mContext.pkgName = com.inetsgi.alloyandroid
10-18 14:18:07.197: I/CustomFrequencyManager(27191): mToken is Null....Creating New Binder!
10-18 14:18:07.197: I/CustomFrequencyManager(27191): CPUDVFSControlRequest : doFrequencyRequest:: = 1566000 Timeout : -1
10-18 14:18:07.197: I/power(775): *** acquire_dvfs_lock : lockType : 1 freq : 1566000
10-18 14:18:07.197: I/CustomFrequencyManager(27191): newFrequencyRequest - mFrequency = 2, mTimeoutMs = -1, mPkgName = LIST_SCROLL_BOOSTER_CORE@4
10-18 14:18:07.197: I/CustomFrequencyManager(27191): Boost Request from package = LIST_SCROLL_BOOSTER_CORE@4 frequency : 2type = 4
10-18 14:18:07.197: I/CustomFrequencyManager(27191): !! pkgName = LIST_SCROLL_BOOSTER_CORE@4
10-18 14:18:07.197: I/CustomFrequencyManager(27191): Request from package name pkgName = LIST_SCROLL_BOOSTER_CORE@4
10-18 14:18:07.197: I/CustomFrequencyManager(27191): mContext is Not Null mContext.pkgName = com.inetsgi.alloyandroid
10-18 14:18:07.197: I/CustomFrequencyManager(27191): mToken is Null....Creating New Binder!
10-18 14:18:07.197: I/CustomFrequencyManager(27191): CPUCoreControlRequest : doFrequencyRequest:: = 2 Timeout : -1
10-18 14:18:07.197: E/ANDR-PERF-MPCTL(775): MPCTL client send 2
10-18 14:18:07.197: D/CustomFrequencyManagerService(775): acquireDVFSLockLocked : type : DVFS_MIN_LIMIT frequency : 1566000 uid : 10074 pid : 27191 pkgName : LIST_SCROLL_BOOSTER@3
10-18 14:18:07.247: D/InputReader(775): Input event: value=0
10-18 14:18:07.247: I/InputReader(775): Touch event's action is 0x1 (deviceType=0) [pCnt=1, s=] when=1207055339172000
10-18 14:18:07.247: I/InputDispatcher(775): Delivering touch to current input target: action: 0x1
10-18 14:18:07.247: I/InputDispatcher(775): Delivering touch to current input target: action: 0x1
10-18 14:18:07.247: I/InputDispatcher(775): Delivering touch to current input target: action: 0x1
10-18 14:18:07.247: I/InputDispatcher(775): Delivering touch to current input target: action: 0x1
10-18 14:18:07.317: D/dalvikvm(27191): GC_FOR_ALLOC freed 417K, 3% free 99325K/101660K, paused 71ms, total 71ms
10-18 14:18:07.357: D/GestureDetector(27191): [Surface Touch Event] mSweepDown False, mLRSDCnt : -1 mTouchCnt : 5 mFalseSizeCnt:0
10-18 14:18:08.378: D/InputReader(775): Input event: value=1
10-18 14:18:08.378: I/InputReader(775): Touch event's action is 0x0 (deviceType=0) [pCnt=1, s=0.7984 ] when=1207056461700000
10-18 14:18:08.378: I/InputDispatcher(775): Delivering touch to current input target: action: 0x0
10-18 14:18:08.378: I/InputDispatcher(775): Delivering touch to current input target: action: 0x0
10-18 14:18:08.378: I/InputDispatcher(775): Delivering touch to current input target: action: 0x0
10-18 14:18:08.378: I/InputDispatcher(775): Delivering touch to current input target: action: 0x0
10-18 14:18:08.408: I/dalvikvm(27191): Total arena pages for JIT: 11
10-18 14:18:08.528: D/InputReader(775): Input event: value=0
10-18 14:18:08.528: I/InputReader(775): Touch event's action is 0x1 (deviceType=0) [pCnt=1, s=] when=1207056617828000
10-18 14:18:08.528: I/InputDispatcher(775): Delivering touch to current input target: action: 0x1
10-18 14:18:08.528: I/InputDispatcher(775): Delivering touch to current input target: action: 0x1
10-18 14:18:08.528: I/InputDispatcher(775): Delivering touch to current input target: action: 0x1
10-18 14:18:08.528: I/InputDispatcher(775): Delivering touch to current input target: action: 0x1
10-18 14:18:08.548: D/GestureDetector(27191): [Surface Touch Event] mSweepDown False, mLRSDCnt : -1 mTouchCnt : 8 mFalseSizeCnt:0
10-18 14:18:08.618: D/AbsListView(27191): onVisibilityChanged() is called, visibility : 0
10-18 14:18:08.618: D/AbsListView(27191): unregisterIRListener() is called
