10-18 14:17:59.790: W/ContextImpl(775): Calling a method in the system process without a qualified user: android.app.ContextImpl.sendBroadcast:1323 com.android.server.am.ActivityManagerService.cleanUpApplicationRecordLocked:12315 com.android.server.am.ActivityManagerService.handleAppDiedLocked:3552 com.android.server.am.ActivityManagerService.appDiedLocked:3656 com.android.server.am.ActivityManagerService$AppDeathRecipient.binderDied:998
10-18 14:17:59.810: I/TiApplication(27191): (main) [0,0] checkpoint, app created.
10-18 14:17:59.810: I/LSS-II:(775): proc wait in:com.sec.android.SimpleWidget,adj=11LRU num=92,i=69
10-18 14:17:59.810: I/LSS-II:(775): proc in:com.sec.android.widgetapp.easyfavoritescontactswidget,adj=15LRU num=92,i=45
10-18 14:17:59.810: D/SpoService(1593): On process died 26429,1000
10-18 14:17:59.820: I/ActivityManager(775): Decrease Hidden App Number from 36to 33
10-18 14:17:59.820: W/ContextImpl(775): Calling a method in the system process without a qualified user: android.app.ContextImpl.sendBroadcast:1323 com.android.server.am.ActivityManagerService.cleanUpApplicationRecordLocked:12315 com.android.server.am.ActivityManagerService.handleAppDiedLocked:3552 com.android.server.am.ActivityManagerService.appDiedLocked:3656 com.android.server.am.ActivityManagerService$AppDeathRecipient.binderDied:998
10-18 14:17:59.830: D/SpoService(1593): On process died 26472,10090
10-18 14:17:59.830: D/SpoService(1593): On process died 26256,1000
10-18 14:17:59.830: W/ContextImpl(775): Calling a method in the system process without a qualified user: android.app.ContextImpl.sendBroadcast:1323 com.android.server.am.ActivityManagerService.cleanUpApplicationRecordLocked:12315 com.android.server.am.ActivityManagerService.handleAppDiedLocked:3552 com.android.server.am.ActivityManagerService.appDiedLocked:3656 com.android.server.am.ActivityManagerService$AppDeathRecipient.binderDied:998
10-18 14:17:59.840: V/WindowManager(775): Window{429f14e8 u0 Keyguard}mOrientationRequetedFromKeyguard=false
10-18 14:17:59.860: I/TiApplication(27191): (main) [48,48] Titanium 3.1.4 (2013/10/16 19:17 2acf746)
10-18 14:17:59.870: V/SprintExtension(25674): getString(1) uid= 10182, pid= 27146
10-18 14:17:59.870: D/SprintExtension(25674): getString ID 1 is Baseband
10-18 14:17:59.870: D/SprintExtension(25674): Loading modem value from cache
10-18 14:17:59.870: D/qdoverlay(219): Unset pipe=VG0 dpy=0; Unset pipe=RGB1 dpy=0;
10-18 14:17:59.880: D/qdmemalloc(219): ion: unmap_buffer base:0x0 size:8355840 offset:0 fd:104
10-18 14:17:59.880: D/qdmemalloc(219): ion: unmap_buffer base:0x0 size:4096 offset:0 fd:96
10-18 14:17:59.880: D/qdmemalloc(219): ion: unmap_buffer base:0x0 size:8355840 offset:0 fd:69
10-18 14:17:59.880: D/qdmemalloc(219): ion: unmap_buffer base:0x0 size:4096 offset:0 fd:77
10-18 14:17:59.970: D/dalvikvm(775): GC_CONCURRENT freed 2931K, 17% free 91899K/110408K, paused 9ms+18ms, total 255ms
10-18 14:17:59.970: D/dalvikvm(775): WAIT_FOR_CONCURRENT_GC blocked 120ms
10-18 14:17:59.970: D/dalvikvm(775): WAIT_FOR_CONCURRENT_GC blocked 107ms
10-18 14:17:59.970: D/dalvikvm(775): WAIT_FOR_CONCURRENT_GC blocked 103ms
10-18 14:17:59.970: D/dalvikvm(775): WAIT_FOR_CONCURRENT_GC blocked 96ms
10-18 14:17:59.970: D/dalvikvm(775): WAIT_FOR_CONCURRENT_GC blocked 102ms
10-18 14:17:59.970: D/dalvikvm(775): WAIT_FOR_CONCURRENT_GC blocked 96ms
10-18 14:17:59.970: V/WindowManager(775): Window{429f14e8 u0 Keyguard}mOrientationRequetedFromKeyguard=false
10-18 14:17:59.970: W/ContextImpl(775): Calling a method in the system process without a qualified user: android.app.ContextImpl.sendBroadcast:1323 com.android.server.am.ActivityManagerService.cleanUpApplicationRecordLocked:12315 com.android.server.am.ActivityManagerService.handleAppDiedLocked:3552 com.android.server.am.ActivityManagerService.appDiedLocked:3656 com.android.server.am.ActivityManagerService$AppDeathRecipient.binderDied:998
10-18 14:17:59.980: I/LSS-II:(775): proc wait in:com.sec.smartcard.pinservice,adj=11LRU num=89,i=68
10-18 14:17:59.980: I/HarmonyEASService(775): Updating for all 1
10-18 14:17:59.980: D/SpoService(1593): On process died 26231,10030
10-18 14:17:59.980: D/SpoService(1593): On process died 26358,10087
10-18 14:17:59.980: V/SprintExtension(25674): getString(1) uid= 10182, pid= 27146
10-18 14:17:59.980: D/SprintExtension(25674): getString ID 1 is Baseband
10-18 14:17:59.980: D/SprintExtension(25674): Loading modem value from cache
10-18 14:17:59.980: W/ContextImpl(775): Calling a method in the system process without a qualified user: android.app.ContextImpl.sendBroadcast:1323 com.android.server.am.ActivityManagerService.cleanUpApplicationRecordLocked:12315 com.android.server.am.ActivityManagerService.handleAppDiedLocked:3552 com.android.server.am.ActivityManagerService.appDiedLocked:3656 com.android.server.am.ActivityManagerService$AppDeathRecipient.binderDied:998
10-18 14:17:59.980: I/ActivityManager(775): Increase Hidden App Number from 33to 36
10-18 14:17:59.990: V/SprintExtension(25674): getString(1) uid= 10182, pid= 27146
10-18 14:17:59.990: D/SprintExtension(25674): getString ID 1 is Baseband
10-18 14:17:59.990: D/SprintExtension(25674): Loading modem value from cache
10-18 14:17:59.990: V/AlarmManager(775): waitForAlarm result :8
10-18 14:17:59.990: W/ContextImpl(775): Calling a method in the system process without a qualified user: android.app.ContextImpl.sendBroadcast:1323 com.android.server.am.ActivityManagerService.cleanUpApplicationRecordLocked:12315 com.android.server.am.ActivityManagerService.handleAppDiedLocked:3552 com.android.server.am.ActivityManagerService.appDiedLocked:3656 com.android.server.am.ActivityManagerService$AppDeathRecipient.binderDied:998
10-18 14:17:59.990: W/ContextImpl(775): Calling a method in the system process without a qualified user: android.app.ContextImpl.sendBroadcast:1323 com.android.server.am.ActivityManagerService.cleanUpApplicationRecordLocked:12315 com.android.server.am.ActivityManagerService.handleAppDiedLocked:3552 com.android.server.am.ActivityManagerService.appDiedLocked:3656 com.android.server.am.ActivityManagerService$AppDeathRecipient.binderDied:998
10-18 14:18:00.000: D/SpoService(1593): On process died 26615,10061
10-18 14:18:00.000: D/SpoService(1593): On process died 26271,10080
10-18 14:18:00.000: W/ContextImpl(775): Calling a method in the system process without a qualified user: android.app.ContextImpl.sendBroadcast:1323 com.android.server.am.ActivityManagerService.cleanUpApplicationRecordLocked:12315 com.android.server.am.ActivityManagerService.handleAppDiedLocked:3552 com.android.server.am.ActivityManagerService.appDiedLocked:3656 com.android.server.am.ActivityManagerService$AppDeathRecipient.binderDied:998
10-18 14:18:00.010: D/SpoService(1593): On process died 26725,10181
10-18 14:18:00.040: D/dalvikvm(27191): Trying to load lib /data/app-lib/com.inetsgi.alloyandroid-2/libstlport_shared.so 0x4264db38
10-18 14:18:00.040: D/dalvikvm(27191): Added shared lib /data/app-lib/com.inetsgi.alloyandroid-2/libstlport_shared.so 0x4264db38
10-18 14:18:00.040: D/dalvikvm(27191): No JNI_OnLoad found in /data/app-lib/com.inetsgi.alloyandroid-2/libstlport_shared.so 0x4264db38, skipping init
10-18 14:18:00.040: I/TiApplication(27191): (main) [178,226] Titanium Javascript runtime: v8
10-18 14:18:00.040: D/dalvikvm(27191): Trying to load lib /data/app-lib/com.inetsgi.alloyandroid-2/libkroll-v8.so 0x4264db38
10-18 14:18:00.040: D/dalvikvm(27176): Trying to load lib /data/app-lib/com.google.android.gms-2/libAppDataSearch.so 0x4264f960
10-18 14:18:00.040: D/dalvikvm(27176): Added shared lib /data/app-lib/com.google.android.gms-2/libAppDataSearch.so 0x4264f960
10-18 14:18:00.040: D/dalvikvm(27176): No JNI_OnLoad found in /data/app-lib/com.google.android.gms-2/libAppDataSearch.so 0x4264f960, skipping init
10-18 14:18:00.040: D/dalvikvm(27191): Added shared lib /data/app-lib/com.inetsgi.alloyandroid-2/libkroll-v8.so 0x4264db38
10-18 14:18:00.050: D/Icing(27176): Init last flush num docs 203 last docstore size 100608
10-18 14:18:00.050: D/Icing(27176): Docid map file has data, scanning...
10-18 14:18:00.050: D/Icing(27176): Scanning /data/data/com.google.android.gms/files/AppDataSearch/main/cur/ds.docids found 205 documents, last docstore location 100864
10-18 14:18:00.050: D/Icing(27176): File /data/data/com.google.android.gms/files/AppDataSearch/main/cur/ds.perdocdata contains 205 records of size 6
10-18 14:18:00.060: D/Icing(27176): Corpus scoring data inited successfully num corpora 4
10-18 14:18:00.060: D/Icing(27176): Init docstore ok num docs 205 bytes 101120
10-18 14:18:00.060: I/TiRootActivity(27191): (main) [0,0] checkpoint, on root activity create, savedInstanceState: null
10-18 14:18:00.070: V/Icing(27176): Lite index crc computed in 0.092ms
10-18 14:18:00.070: V/Icing(27176): Lite index init ok in 10.986ms
10-18 14:18:00.070: D/Icing(27176): Lite index recovered docid (202, 204]
10-18 14:18:00.070: V/Icing(27176): Warming lite-index took 0.031ms
10-18 14:18:00.070: V/Icing(27176): Warming lexicon took 0.000ms
10-18 14:18:00.070: V/Icing(27176): Warming display mappings took 0.122ms
10-18 14:18:00.070: D/Icing(27176): Init index ok num docs 205
10-18 14:18:00.070: D/Icing(27176): Init done
10-18 14:18:00.100: D/ProgressBar(20419): setProgressDrawable mProgressDrawable = null, d = android.graphics.drawable.LayerDrawable@44025b78needUpdate = false
10-18 14:18:00.100: D/ProgressBar(20419): setProgressDrawable drawableHeight = 0
10-18 14:18:00.100: D/ProgressBar(20419): setProgress = 0
10-18 14:18:00.100: D/ProgressBar(20419): setProgress = 0, fromUser = false
10-18 14:18:00.100: D/ProgressBar(20419): mProgress = 0mIndeterminate = false, mMin = 0, mMax = 100
10-18 14:18:00.110: D/AbsSeekBar(20419): AbsSeekBar Constructor: misSeebarAnimationAvailable = true
10-18 14:18:00.110: D/ProgressBar(20419): setProgress = 0
10-18 14:18:00.110: D/ProgressBar(20419): setProgress = 0, fromUser = false
10-18 14:18:00.110: D/ProgressBar(20419): mProgress = 0mIndeterminate = false, mMin = 0, mMax = 10
10-18 14:18:00.110: D/ProgressBar(20419): setProgress = 8
10-18 14:18:00.110: D/ProgressBar(20419): setProgress = 8, fromUser = false
10-18 14:18:00.110: D/ProgressBar(20419): mProgress = 0mIndeterminate = false, mMin = 0, mMax = 10
10-18 14:18:00.130: D/dalvikvm(1258): GC_EXPLICIT freed 265K, 9% free 18849K/20500K, paused 3ms+4ms, total 41ms
10-18 14:18:00.130: D/Finsky(20419): [1] DetailsDataBasedFragment.rebindViews: Page [class=DetailsFragment] loaded in [100888771 ms] (hasDetailsDataLoaded? false)
10-18 14:18:00.150: D/qdoverlay(219): Set pipe=RGB1 dpy=0; Set pipe=VG0 dpy=0; Set pipe=VG1 dpy=0;
10-18 14:18:00.160: E/SELinux(27231): selinux_android_seapp_context_reload: seapp_contexts file is loaded from /seapp_contexts
10-18 14:18:00.160: D/ProgressBar(20419): setProgressDrawable mProgressDrawable = null, d = android.graphics.drawable.LayerDrawable@42cf79f8needUpdate = false
10-18 14:18:00.160: D/ProgressBar(20419): setProgressDrawable drawableHeight = 0
10-18 14:18:00.170: D/ProgressBar(20419): setProgress = 0
10-18 14:18:00.170: D/ProgressBar(20419): setProgress = 0, fromUser = false
10-18 14:18:00.170: D/ProgressBar(20419): mProgress = 0mIndeterminate = false, mMin = 0, mMax = 100
10-18 14:18:00.170: I/SurfaceFlinger(219): id=3886 Removed Mauncher (1/6)
10-18 14:18:00.170: I/SurfaceFlinger(219): id=3886 Removed Mauncher (-2/6)
10-18 14:18:00.170: D/AbsSeekBar(20419): AbsSeekBar Constructor: misSeebarAnimationAvailable = true
10-18 14:18:00.180: D/ProgressBar(20419): setProgress = 0
10-18 14:18:00.180: D/ProgressBar(20419): setProgress = 0, fromUser = false
10-18 14:18:00.180: D/ProgressBar(20419): mProgress = 0mIndeterminate = false, mMin = 0, mMax = 10
10-18 14:18:00.180: D/ProgressBar(20419): setProgress = 8
10-18 14:18:00.180: D/ProgressBar(20419): setProgress = 8, fromUser = false
10-18 14:18:00.180: D/ProgressBar(20419): mProgress = 0mIndeterminate = false, mMin = 0, mMax = 10
10-18 14:18:00.180: D/ProgressBar(20419): setProgressDrawable mProgressDrawable = android.graphics.drawable.LayerDrawable@42798a10, d = android.graphics.drawable.LayerDrawable@42798a10needUpdate = false
10-18 14:18:00.180: D/ProgressBar(20419): setProgressDrawable drawableHeight = 0
10-18 14:18:00.190: D/ProgressBar(20419): setProgress = -1
10-18 14:18:00.190: D/ProgressBar(20419): setProgress = -1, fromUser = false
10-18 14:18:00.190: D/qdoverlay(219): Unset pipe=VG0 dpy=0; Unset pipe=VG1 dpy=0;
10-18 14:18:00.190: D/ProgressBar(20419): mProgress = 0mIndeterminate = false, mMin = 0, mMax = 5
10-18 14:18:00.190: D/qdmemalloc(219): ion: unmap_buffer base:0x0 size:8355840 offset:0 fd:60
10-18 14:18:00.190: D/qdmemalloc(219): ion: unmap_buffer base:0x0 size:4096 offset:0 fd:79
10-18 14:18:00.190: D/SpoService(1593): On importance changed 27231,10172,400
10-18 14:18:00.220: D/ProgressBar(20419): setProgress = 8
10-18 14:18:00.220: D/ProgressBar(20419): setProgress = 8, fromUser = false
10-18 14:18:00.220: D/ProgressBar(20419): mProgress = 8mIndeterminate = false, mMin = 0, mMax = 10
10-18 14:18:00.230: W/dalvikvm(27231): VFY: unable to resolve static field 94 (CONTENT_URI) in Landroid/provider/ContactsContract$DeletedContacts;
10-18 14:18:00.230: D/dalvikvm(27231): VFY: replacing opcode 0x62 at 0x001a
10-18 14:18:00.260: D/ProgressBar(27191): setProgress = 0
10-18 14:18:00.260: D/ProgressBar(27191): setProgress = 0, fromUser = false
10-18 14:18:00.260: D/ProgressBar(27191): mProgress = 0mIndeterminate = false, mMin = 0, mMax = 10000
10-18 14:18:00.260: I/HomeSyncInstallReceiver(1624): Package Added : Intent { act=android.intent.action.PACKAGE_ADDED dat=package:com.inetsgi.alloyandroid flg=0x8000010 cmp=com.android.nfc/.HomeSyncInstallReceiver (has extras) }
10-18 14:18:00.260: I/HomeSyncInstallReceiver(1624): Package Added : com.inetsgi.alloyandroid
10-18 14:18:00.260: D/ProgressBar(27191): setProgressDrawable mProgressDrawable = null, d = android.graphics.drawable.LayerDrawable@42727150needUpdate = false
10-18 14:18:00.260: D/Module(27191): Loading module: alloy -> Resources/alloy.js
10-18 14:18:00.260: D/ProgressBar(27191): setProgressDrawable drawableHeight = 0
10-18 14:18:00.260: D/ProgressBar(27191): setProgress = 0
10-18 14:18:00.260: D/ProgressBar(27191): setProgress = 0, fromUser = false
10-18 14:18:00.260: D/ProgressBar(27191): mProgress = 0mIndeterminate = false, mMin = 0, mMax = 10000
10-18 14:18:00.270: E/SELinux(27260): selinux_android_seapp_context_reload: seapp_contexts file is loaded from /seapp_contexts
10-18 14:18:00.270: D/Finsky(20419): [1] DetailsDataBasedFragment.rebindViews: Page [class=DetailsFragment] loaded in [100888913 ms] (hasDetailsDataLoaded? true)
10-18 14:18:00.290: I/dalvikvm(27176): Could not find method android.os.UserManager.getApplicationRestrictions, referenced from method xg.b
10-18 14:18:00.290: W/dalvikvm(27176): VFY: unable to resolve virtual method 3765: Landroid/os/UserManager;.getApplicationRestrictions (Ljava/lang/String;)Landroid/os/Bundle;
10-18 14:18:00.290: D/dalvikvm(27176): VFY: replacing opcode 0x6e at 0x0012
10-18 14:18:00.290: I/dalvikvm(27176): Could not find method android.accounts.AccountManager.getAccountsByTypeForPackage, referenced from method xg.c
10-18 14:18:00.290: W/dalvikvm(27176): VFY: unable to resolve virtual method 2421: Landroid/accounts/AccountManager;.getAccountsByTypeForPackage (Ljava/lang/String;Ljava/lang/String;)[Landroid/accounts/Account;
10-18 14:18:00.290: D/dalvikvm(27176): VFY: replacing opcode 0x6e at 0x000c
10-18 14:18:00.290: D/Finsky(20419): [1] AppActionAnalyzer.: com.inetsgi.farmprogress is installed but certificate mistmatch
10-18 14:18:00.300: D/dalvikvm(27191): GC_FOR_ALLOC freed 662K, 9% free 17139K/18724K, paused 23ms, total 23ms
10-18 14:18:00.300: D/Module(27191): Loading module: alloy/underscore -> Resources/alloy/underscore.js
10-18 14:18:00.320: I/dalvikvm-heap(27191): Grow heap (frag case) to 19.101MB for 1536016-byte allocation
10-18 14:18:00.320: D/ProgressBar(20419): setProgressDrawable mProgressDrawable = null, d = android.graphics.drawable.LayerDrawable@436612c0needUpdate = false
10-18 14:18:00.320: D/ProgressBar(20419): setProgressDrawable drawableHeight = 0
10-18 14:18:00.320: D/ProgressBar(20419): setProgress = 0
10-18 14:18:00.320: D/ProgressBar(20419): setProgress = 0, fromUser = false
10-18 14:18:00.320: D/ProgressBar(20419): mProgress = 0mIndeterminate = false, mMin = 0, mMax = 100
10-18 14:18:00.320: D/AbsSeekBar(20419): AbsSeekBar Constructor: misSeebarAnimationAvailable = true
10-18 14:18:00.320: D/ProgressBar(20419): setProgress = 0
10-18 14:18:00.320: D/ProgressBar(20419): setProgress = 0, fromUser = false
10-18 14:18:00.320: D/ProgressBar(20419): mProgress = 0mIndeterminate = false, mMin = 0, mMax = 10
10-18 14:18:00.320: D/ProgressBar(20419): setProgress = 0
10-18 14:18:00.320: D/ProgressBar(20419): setProgress = 0, fromUser = false
10-18 14:18:00.320: D/ProgressBar(20419): mProgress = 0mIndeterminate = false, mMin = 0, mMax = 100
10-18 14:18:00.320: D/ProgressBar(20419): setProgress = 8
10-18 14:18:00.320: D/ProgressBar(20419): setProgress = 8, fromUser = false
10-18 14:18:00.320: D/ProgressBar(20419): mProgress = 0mIndeterminate = false, mMin = 0, mMax = 10
10-18 14:18:00.320: D/dalvikvm(27191): GC_FOR_ALLOC freed 2K, 8% free 18637K/20228K, paused 14ms, total 14ms
10-18 14:18:00.330: D/ProgressBar(20419): setProgressDrawable mProgressDrawable = null, d = android.graphics.drawable.LayerDrawable@43ea4a48needUpdate = false
10-18 14:18:00.330: D/ProgressBar(20419): setProgressDrawable drawableHeight = 0
10-18 14:18:00.330: D/ProgressBar(20419): setProgress = 0
10-18 14:18:00.330: D/ProgressBar(20419): setProgress = 0, fromUser = false
10-18 14:18:00.330: D/ProgressBar(20419): mProgress = 0mIndeterminate = false, mMin = 0, mMax = 100
10-18 14:18:00.340: D/SpoService(1593): On importance changed 27260,10009,400
10-18 14:18:00.340: D/AbsSeekBar(20419): AbsSeekBar Constructor: misSeebarAnimationAvailable = true
10-18 14:18:00.340: D/ProgressBar(20419): setProgress = 0
10-18 14:18:00.340: D/ProgressBar(20419): setProgress = 0, fromUser = false
10-18 14:18:00.340: D/ProgressBar(20419): mProgress = 0mIndeterminate = false, mMin = 0, mMax = 10
10-18 14:18:00.350: D/ProgressBar(20419): setProgress = 0
10-18 14:18:00.350: D/ProgressBar(20419): setProgress = 0, fromUser = false
10-18 14:18:00.360: D/ProgressBar(20419): mProgress = 0mIndeterminate = false, mMin = 0, mMax = 100
10-18 14:18:00.360: D/dalvikvm(27191): GC_CONCURRENT freed 62K, 8% free 18771K/20376K, paused 11ms+1ms, total 31ms
10-18 14:18:00.360: D/dalvikvm(27191): WAIT_FOR_CONCURRENT_GC blocked 20ms
10-18 14:18:00.360: E/SELinux(27272): selinux_android_seapp_context_reload: seapp_contexts file is loaded from /seapp_contexts
10-18 14:18:00.360: D/ProgressBar(20419): setProgress = 8
10-18 14:18:00.360: D/ProgressBar(20419): setProgress = 8, fromUser = false
10-18 14:18:00.360: D/ProgressBar(20419): mProgress = 0mIndeterminate = false, mMin = 0, mMax = 10
10-18 14:18:00.370: D/[FileShare][Server](27260): ServerBroadcastReceiver : onReceive: android.intent.action.PACKAGE_ADDED // package:com.inetsgi.alloyandroid
10-18 14:18:00.370: D/Finsky(20419): [1] AppActionAnalyzer.: com.inetsgi.farmprogress is installed but certificate mistmatch
10-18 14:18:00.370: D/ProgressBar(20419): setProgressDrawable mProgressDrawable = null, d = android.graphics.drawable.LayerDrawable@4373ee48needUpdate = false
10-18 14:18:00.370: D/ProgressBar(20419): setProgressDrawable drawableHeight = 0
10-18 14:18:00.370: D/ProgressBar(20419): setProgress = 0
10-18 14:18:00.370: D/ProgressBar(20419): setProgress = 0, fromUser = false
10-18 14:18:00.370: D/ProgressBar(20419): mProgress = 0mIndeterminate = false, mMin = 0, mMax = 100
10-18 14:18:00.370: D/CapabilityManagerService(27025): Receiver Broadcast:android.intent.action.PACKAGE_ADDED
10-18 14:18:00.380: I/LSS-II:(775): proc cancel wait in:com.sec.android.service.cm,adj=0LRU num=87,i=85
10-18 14:18:00.380: I/LSS-II:(775): proc wait in:com.nuance.swype.input,adj=11LRU num=87,i=58
10-18 14:18:00.380: D/AbsSeekBar(20419): AbsSeekBar Constructor: misSeebarAnimationAvailable = true
10-18 14:18:00.380: D/ProgressBar(20419): setProgress = 0
10-18 14:18:00.380: D/ProgressBar(20419): setProgress = 0, fromUser = false
10-18 14:18:00.380: D/ProgressBar(20419): mProgress = 0mIndeterminate = false, mMin = 0, mMax = 10
10-18 14:18:00.380: D/ProgressBar(20419): setProgress = 0
10-18 14:18:00.380: I/dalvikvm-heap(27191): Grow heap (frag case) to 25.089MB for 6144016-byte allocation
10-18 14:18:00.390: D/ProgressBar(20419): setProgress = 0, fromUser = false
10-18 14:18:00.390: D/ProgressBar(20419): mProgress = 0mIndeterminate = false, mMin = 0, mMax = 100
10-18 14:18:00.390: I/LSS-II:(775): proc wait in:com.sprint.zone,adj=11LRU num=87,i=58
10-18 14:18:00.390: D/ProgressBar(20419): setProgress = 6
10-18 14:18:00.390: D/ProgressBar(20419): setProgress = 6, fromUser = false
10-18 14:18:00.390: D/ProgressBar(20419): mProgress = 0mIndeterminate = false, mMin = 0, mMax = 10
10-18 14:18:00.390: I/ActivityManager(775): Increase Hidden App Number from 36to 39
10-18 14:18:00.390: W/ContextImpl(26047): Calling a method in the system process without a qualified user: android.app.ContextImpl.startService:1643 android.content.ContextWrapper.startService:457 android.content.ContextWrapper.startService:457 com.samsung.android.app.filterinstaller.PackageIntentReceiver.onReceive:41 android.app.ActivityThread.handleReceiver:2449
10-18 14:18:00.400: D/dalvikvm(27191): GC_FOR_ALLOC freed 144K, 7% free 24626K/26380K, paused 15ms, total 15ms
10-18 14:18:00.410: D/SpoService(1593): On importance changed 27272,10061,400
10-18 14:18:00.410: D/Module(27191): Loading module: alloy/backbone -> Resources/alloy/backbone.js
10-18 14:18:00.420: D/dalvikvm(26047): No JNI_OnLoad found in /system/lib/libfilter-jni.so 0x4264a060, skipping init
10-18 14:18:00.420: D/dalvikvm(27191): Trying to load lib /data/app-lib/com.inetsgi.alloyandroid-2/libtiverify.so 0x4264db38
10-18 14:18:00.420: D/ProgressBar(20419): setProgressDrawable mProgressDrawable = null, d = android.graphics.drawable.LayerDrawable@436f24a8needUpdate = false
10-18 14:18:00.420: D/ProgressBar(20419): setProgressDrawable drawableHeight = 0
10-18 14:18:00.420: D/ProgressBar(20419): setProgress = 0
10-18 14:18:00.420: D/ProgressBar(20419): setProgress = 0, fromUser = false
10-18 14:18:00.420: D/dalvikvm(27191): GC_CONCURRENT freed 63K, 7% free 24806K/26484K, paused 3ms+9ms, total 25ms
10-18 14:18:00.420: D/dalvikvm(27191): Added shared lib /data/app-lib/com.inetsgi.alloyandroid-2/libtiverify.so 0x4264db38
10-18 14:18:00.420: D/ProgressBar(20419): mProgress = 0mIndeterminate = false, mMin = 0, mMax = 100
10-18 14:18:00.430: I/TiRootActivity(27191): (main) [1,1] checkpoint, on root activity resume. activity = com.inetsgi.alloyandroid.AlloyandroidActivity@426f70d0
10-18 14:18:00.430: D/AbsSeekBar(20419): AbsSeekBar Constructor: misSeebarAnimationAvailable = true
10-18 14:18:00.430: D/ProgressBar(20419): setProgress = 0
10-18 14:18:00.430: D/ProgressBar(20419): setProgress = 0, fromUser = false
10-18 14:18:00.430: D/ProgressBar(20419): mProgress = 0mIndeterminate = false, mMin = 0, mMax = 5
10-18 14:18:00.440: D/ProgressBar(20419): setProgress = 5
10-18 14:18:00.440: D/ProgressBar(20419): setProgress = 5, fromUser = false
10-18 14:18:00.440: D/ProgressBar(20419): mProgress = 0mIndeterminate = false, mMin = 0, mMax = 5
10-18 14:18:00.450: D/ProgressBar(20419): setProgressDrawable mProgressDrawable = null, d = android.graphics.drawable.LayerDrawable@43e9d0f8needUpdate = false
10-18 14:18:00.450: D/ProgressBar(20419): setProgressDrawable drawableHeight = 0
10-18 14:18:00.450: D/ProgressBar(20419): setProgress = 0
10-18 14:18:00.450: D/ProgressBar(20419): setProgress = 0, fromUser = false
10-18 14:18:00.450: D/ProgressBar(20419): mProgress = 0mIndeterminate = false, mMin = 0, mMax = 100
10-18 14:18:00.460: D/AbsSeekBar(20419): AbsSeekBar Constructor: misSeebarAnimationAvailable = true
10-18 14:18:00.460: D/ProgressBar(20419): setProgress = 0
10-18 14:18:00.460: D/ProgressBar(20419): setProgress = 0, fromUser = false
10-18 14:18:00.460: D/ProgressBar(20419): mProgress = 0mIndeterminate = false, mMin = 0, mMax = 5
10-18 14:18:00.470: D/Module(27191): Loading module: alloy/constants -> Resources/alloy/constants.js
10-18 14:18:00.470: I/SurfaceFlinger(219): id=3888(1) createSurf 0x404844fc (1x1),1 flag=4, Blloyandroi
10-18 14:18:00.480: I/LSS-II:(775): proc wait in:com.google.android.apps.plus,adj=11LRU num=88,i=58
10-18 14:18:00.480: D/ProgressBar(20419): setProgress = 5
10-18 14:18:00.480: D/ProgressBar(20419): setProgress = 5, fromUser = false
10-18 14:18:00.480: D/ProgressBar(20419): mProgress = 0mIndeterminate = false, mMin = 0, mMax = 5
10-18 14:18:00.480: D/STATUSBAR-StatusBarManagerService(775): manageDisableList what=0x0 pkg=WindowManager.LayoutParams
10-18 14:18:00.480: V/WindowManager(775): Window{429f14e8 u0 Keyguard}mOrientationRequetedFromKeyguard=false
10-18 14:18:00.480: D/ProgressBar(20419): setProgressDrawable mProgressDrawable = null, d = android.graphics.drawable.LayerDrawable@4405eca0needUpdate = false
10-18 14:18:00.480: D/ProgressBar(20419): setProgressDrawable drawableHeight = 0
10-18 14:18:00.480: D/ProgressBar(20419): setProgress = 0
10-18 14:18:00.480: I/PeopleDatabaseHelper(27176): cleanUpNonGplusAccounts done.
10-18 14:18:00.480: D/ProgressBar(20419): setProgress = 0, fromUser = false
10-18 14:18:00.480: D/ProgressBar(20419): mProgress = 0mIndeterminate = false, mMin = 0, mMax = 100
10-18 14:18:00.490: D/PointerIcon(775): setHoveringSpenIconStyle1 pointerType: 10001iconType:1 flag:0
10-18 14:18:00.490: D/PointerIcon(775): setHoveringSpenCustomIcon IconType is same.1
10-18 14:18:00.490: V/PhoneStatusBar(1081): setLightsOn(true)
10-18 14:18:00.490: D/Module(27191): Loading module: alloy/CFG -> Resources/alloy/CFG.js
10-18 14:18:00.490: D/EnterpriseContainerPolicy Service(775): getContainerId()-->-1
10-18 14:18:00.490: D/EnterpriseDeviceManager(775): ContainerId: 0
10-18 14:18:00.490: W/LicenseLogService(775): log() is called by non admin
10-18 14:18:00.490: D/Module(27191): Loading module: alloy/controllers/index -> Resources/alloy/controllers/index.js
10-18 14:18:00.490: W/ContextImpl(775): Calling a method in the system process without a qualified user: android.app.ContextImpl.sendBroadcast:1323 com.android.server.InputMethodManagerService$5.run:2283 java.lang.Thread.run:856
10-18 14:18:00.500: D/AbsSeekBar(20419): AbsSeekBar Constructor: misSeebarAnimationAvailable = true
10-18 14:18:00.500: D/ProgressBar(20419): setProgress = 0
10-18 14:18:00.500: D/ProgressBar(20419): setProgress = 0, fromUser = false
10-18 14:18:00.500: D/ProgressBar(20419): mProgress = 0mIndeterminate = false, mMin = 0, mMax = 5
10-18 14:18:00.500: D/ProgressBar(20419): setProgress = 4
10-18 14:18:00.500: D/ProgressBar(20419): setProgress = 4, fromUser = false
10-18 14:18:00.500: D/ProgressBar(20419): mProgress = 0mIndeterminate = false, mMin = 0, mMax = 5
10-18 14:18:00.520: D/ProgressBar(20419): setProgressDrawable mProgressDrawable = null, d = android.graphics.drawable.LayerDrawable@43e7f648needUpdate = false
10-18 14:18:00.520: D/ProgressBar(20419): setProgressDrawable drawableHeight = 0
10-18 14:18:00.520: I/ActivityManager(775): Increase Hidden App Number from 39to 42
10-18 14:18:00.520: D/ProgressBar(20419): setProgress = 0
10-18 14:18:00.520: D/ProgressBar(20419): setProgress = 0, fromUser = false
10-18 14:18:00.520: D/ProgressBar(20419): mProgress = 0mIndeterminate = false, mMin = 0, mMax = 100
10-18 14:18:00.520: D/AbsSeekBar(20419): AbsSeekBar Constructor: misSeebarAnimationAvailable = true
10-18 14:18:00.520: D/ProgressBar(20419): setProgress = 0
10-18 14:18:00.520: D/ProgressBar(20419): setProgress = 0, fromUser = false
10-18 14:18:00.520: D/ProgressBar(20419): mProgress = 0mIndeterminate = false, mMin = 0, mMax = 10
10-18 14:18:00.520: D/qdmemalloc(219): ion: Mapped buffer base:0x46573000 size:8355840 fd:54
10-18 14:18:00.520: D/Module(27191): Loading module: alloy/controllers/BaseController -> Resources/alloy/controllers/BaseController.js
10-18 14:18:00.520: D/ProgressBar(20419): setProgress = 0
10-18 14:18:00.520: D/ProgressBar(20419): setProgress = 0, fromUser = false
10-18 14:18:00.520: D/ProgressBar(20419): mProgress = 0mIndeterminate = false, mMin = 0, mMax = 100
10-18 14:18:00.520: D/ProgressBar(20419): setProgress = 9
10-18 14:18:00.520: D/ProgressBar(20419): setProgress = 9, fromUser = false
10-18 14:18:00.520: D/ProgressBar(20419): mProgress = 0mIndeterminate = false, mMin = 0, mMax = 10
10-18 14:18:00.530: D/qdmemalloc(219): ion: Mapped buffer base:0x40044000 size:4096 fd:38
10-18 14:18:00.530: D/InstallAPKReceiver(26027): uid:10074
10-18 14:18:00.530: D/ProgressBar(20419): setProgressDrawable mProgressDrawable = null, d = android.graphics.drawable.LayerDrawable@42bc2688needUpdate = false
10-18 14:18:00.530: D/ProgressBar(20419): setProgressDrawable drawableHeight = 0
10-18 14:18:00.530: D/ProgressBar(20419): setProgress = 0
10-18 14:18:00.530: D/ProgressBar(20419): setProgress = 0, fromUser = false
10-18 14:18:00.530: D/ProgressBar(20419): mProgress = 0mIndeterminate = false, mMin = 0, mMax = 100
10-18 14:18:00.530: D/InstallAPKReceiver(26027): appName:com.inetsgi.alloyandroid
10-18 14:18:00.540: D/Module(27191): Loading module: alloy/controllers/testView -> Resources/alloy/controllers/testView.js
10-18 14:18:00.550: D/AbsSeekBar(20419): AbsSeekBar Constructor: misSeebarAnimationAvailable = true
10-18 14:18:00.560: D/ProgressBar(20419): setProgress = 0
10-18 14:18:00.560: D/ProgressBar(20419): setProgress = 0, fromUser = false
10-18 14:18:00.560: D/ProgressBar(20419): mProgress = 0mIndeterminate = false, mMin = 0, mMax = 10
10-18 14:18:00.560: D/ProgressBar(20419): setProgress = 0
10-18 14:18:00.560: D/ProgressBar(20419): setProgress = 0, fromUser = false
10-18 14:18:00.560: D/ProgressBar(20419): mProgress = 0mIndeterminate = false, mMin = 0, mMax = 100
10-18 14:18:00.560: D/ProgressBar(20419): setProgress = 9
10-18 14:18:00.560: D/ProgressBar(20419): setProgress = 9, fromUser = false
10-18 14:18:00.560: D/ProgressBar(20419): mProgress = 0mIndeterminate = false, mMin = 0, mMax = 10
10-18 14:18:00.560: I/LSS-II:(775): proc cancel wait in:com.android.musicfx,adj=0LRU num=88,i=85
10-18 14:18:00.570: D/ProgressBar(20419): setProgressDrawable mProgressDrawable = null, d = android.graphics.drawable.LayerDrawable@42850140needUpdate = false
10-18 14:18:00.570: D/ProgressBar(20419): setProgressDrawable drawableHeight = 0
10-18 14:18:00.570: D/ProgressBar(20419): setProgress = 0
10-18 14:18:00.570: D/ProgressBar(20419): setProgress = 0, fromUser = false
10-18 14:18:00.570: D/ProgressBar(20419): mProgress = 0mIndeterminate = false, mMin = 0, mMax = 100
10-18 14:18:00.570: D/AbsSeekBar(20419): AbsSeekBar Constructor: misSeebarAnimationAvailable = true
10-18 14:18:00.570: D/ProgressBar(20419): setProgress = 0
10-18 14:18:00.570: D/ProgressBar(20419): setProgress = 0, fromUser = false
10-18 14:18:00.570: D/ProgressBar(20419): mProgress = 0mIndeterminate = false, mMin = 0, mMax = 10
10-18 14:18:00.570: D/ProgressBar(20419): setProgress = 0
10-18 14:18:00.570: D/ProgressBar(20419): setProgress = 0, fromUser = false
10-18 14:18:00.570: D/ProgressBar(20419): mProgress = 0mIndeterminate = false, mMin = 0, mMax = 100
10-18 14:18:00.570: D/ProgressBar(20419): setProgress = 8
10-18 14:18:00.570: D/ProgressBar(20419): setProgress = 8, fromUser = false
10-18 14:18:00.570: D/ProgressBar(20419): mProgress = 0mIndeterminate = false, mMin = 0, mMax = 10
10-18 14:18:00.580: I/power(775): *** release_dvfs_lock : lockType : 1
10-18 14:18:00.580: D/CustomFrequencyManagerService(775): releaseDVFSLockLocked : Getting Lock type frm List : DVFS_MIN_LIMIT frequency : 1350000 uid : 1000 pid : 775 tag : ACTIVITY_RESUME_BOOSTER@6
10-18 14:18:00.580: W/ActivityManager(775): mDVFSHelper.release()
10-18 14:18:00.580: D/Launcher(1208): onStop, Launcher: 1115628032
10-18 14:18:00.580: D/Launcher.HomeView(1208): onStop
10-18 14:18:00.580: D/SurfaceWidgetClient$ISurfaceWidgetStub(1838): [123490] Surface widget pause on instance = 1
10-18 14:18:00.580: D/qdoverlay(219): Set pipe=VG0 dpy=0;
10-18 14:18:00.580: D/accuweather(1838): [Accuweather J]>>> SWW:205 [0:0] [SWW] onPause : rI = 1
10-18 14:18:00.590: D/accuweather(1838): [Accuweather J]>>> SWW:215 [0:0] [SWW] onPause : size = 0
10-18 14:18:00.590: D/accuweather(1838): [Accuweather J]>>> SWW:597 [0:0] unRegisterTTReceiver !!
10-18 14:18:00.590: D/AbsListView(1208): onVisibilityChanged() is called, visibility : 4
10-18 14:18:00.590: D/SurfaceWidgetClient$ISurfaceWidgetStub(1838): [123490] Surface widget visibility changed visibility = false on instance = 1
10-18 14:18:00.590: D/SurfaceWidgetClient$ISurfaceWidgetStub(1805): [123490] Surface widget visibility changed visibility = false on instance = 1
10-18 14:18:00.590: D/AbsListView(1208): unregisterIRListener() is called
10-18 14:18:00.590: E/SELinux(27291): selinux_android_seapp_context_reload: seapp_contexts file is loaded from /seapp_contexts
10-18 14:18:00.590: W/LicenseLogService(775): log() is called by non admin
10-18 14:18:00.590: D/ProgressBar(20419): setProgressDrawable mProgressDrawable = null, d = android.graphics.drawable.LayerDrawable@43ead168needUpdate = false
10-18 14:18:00.590: D/ProgressBar(20419): setProgressDrawable drawableHeight = 0
10-18 14:18:00.590: D/ProgressBar(20419): setProgress = 0
10-18 14:18:00.590: D/ProgressBar(20419): setProgress = 0, fromUser = false
10-18 14:18:00.590: D/ProgressBar(20419): mProgress = 0mIndeterminate = false, mMin = 0, mMax = 100
10-18 14:18:00.600: W/LicenseLogService(775): log() is called by non admin
10-18 14:18:00.600: D/AbsSeekBar(20419): AbsSeekBar Constructor: misSeebarAnimationAvailable = true
10-18 14:18:00.600: D/ProgressBar(20419): setProgress = 0
10-18 14:18:00.600: D/ProgressBar(20419): setProgress = 0, fromUser = false
10-18 14:18:00.600: D/ProgressBar(20419): mProgress = 0mIndeterminate = false, mMin = 0, mMax = 10
10-18 14:18:00.600: D/accuweather(1838): [Accuweather J]>>> WCD:1238 [0:0] cARH()
10-18 14:18:00.600: D/accuweather(1838): [Accuweather J]>>> WCD:511 [0:0] onPause
10-18 14:18:00.600: D/accuweather(1838): [Accuweather J]>>> WR:403 [0:0] onPause : 1
10-18 14:18:00.600: D/accuweather(1838): [Accuweather J]>>> SWW:507 [0:0] =================== , pause :1
10-18 14:18:00.600: D/ProgressBar(20419): setProgress = 0
10-18 14:18:00.600: D/ProgressBar(20419): setProgress = 0, fromUser = false
10-18 14:18:00.600: D/ProgressBar(20419): mProgress = 0mIndeterminate = false, mMin = 0, mMax = 100
10-18 14:18:00.600: D/ProgressBar(20419): setProgress = 5
10-18 14:18:00.600: D/ProgressBar(20419): setProgress = 5, fromUser = false
10-18 14:18:00.600: D/ProgressBar(20419): mProgress = 0mIndeterminate = false, mMin = 0, mMax = 10
10-18 14:18:00.600: I/dalvikvm(27291): Turning on JNI app bug workarounds for target SDK version 7...
10-18 14:18:00.610: I/LSS-II:(775): proc wait in:com.google.android.googlequicksearchbox,adj=11LRU num=88,i=59
10-18 14:18:00.610: D/ProgressBar(20419): setProgressDrawable mProgressDrawable = null, d = android.graphics.drawable.LayerDrawable@43ed2950needUpdate = false
10-18 14:18:00.610: D/ProgressBar(20419): setProgressDrawable drawableHeight = 0
10-18 14:18:00.610: D/ProgressBar(20419): setProgress = 0
10-18 14:18:00.610: D/ProgressBar(20419): setProgress = 0, fromUser = false
10-18 14:18:00.610: D/ProgressBar(20419): mProgress = 0mIndeterminate = false, mMin = 0, mMax = 100
10-18 14:18:00.610: D/AbsSeekBar(20419): AbsSeekBar Constructor: misSeebarAnimationAvailable = true
10-18 14:18:00.610: D/ProgressBar(20419): setProgress = 0
10-18 14:18:00.610: D/ProgressBar(20419): setProgress = 0, fromUser = false
10-18 14:18:00.610: D/ProgressBar(20419): mProgress = 0mIndeterminate = false, mMin = 0, mMax = 10
10-18 14:18:00.610: D/ProgressBar(20419): setProgress = 0
10-18 14:18:00.610: D/ProgressBar(20419): setProgress = 0, fromUser = false
10-18 14:18:00.610: D/ProgressBar(20419): mProgress = 0mIndeterminate = false, mMin = 0, mMax = 100
10-18 14:18:00.620: D/ProgressBar(20419): setProgress = 7
10-18 14:18:00.620: D/ProgressBar(20419): setProgress = 7, fromUser = false
10-18 14:18:00.620: D/ProgressBar(20419): mProgress = 0mIndeterminate = false, mMin = 0, mMax = 10
10-18 14:18:00.620: D/qdoverlay(219): Unset pipe=VG0 dpy=0; Unset pipe=RGB1 dpy=0;
10-18 14:18:00.620: D/SpoService(1593): On importance changed 27291,10120,400
10-18 14:18:00.620: D/SpoService(1593): On foreground activity changed : 1208,10048,false
10-18 14:18:00.620: D/SurfaceWidget.Renderer(1838): [123490] SurfaceWidgetRenderer waiting: 1 (Thread[Thread-115,5,main])
10-18 14:18:00.630: D/ProgressBar(20419): setProgressDrawable mProgressDrawable = null, d = android.graphics.drawable.LayerDrawable@43eab510needUpdate = false
10-18 14:18:00.630: D/ProgressBar(20419): setProgressDrawable drawableHeight = 0
10-18 14:18:00.630: D/ProgressBar(20419): setProgress = 0
10-18 14:18:00.630: D/ProgressBar(20419): setProgress = 0, fromUser = false
10-18 14:18:00.630: D/ProgressBar(20419): mProgress = 0mIndeterminate = false, mMin = 0, mMax = 100
10-18 14:18:00.630: D/AbsSeekBar(20419): AbsSeekBar Constructor: misSeebarAnimationAvailable = true
10-18 14:18:00.630: D/ProgressBar(20419): setProgress = 0
10-18 14:18:00.630: D/ProgressBar(20419): setProgress = 0, fromUser = false
10-18 14:18:00.630: D/ProgressBar(20419): mProgress = 0mIndeterminate = false, mMin = 0, mMax = 10
10-18 14:18:00.640: D/ProgressBar(20419): setProgress = 0
10-18 14:18:00.640: D/ProgressBar(20419): setProgress = 0, fromUser = false
10-18 14:18:00.640: D/ProgressBar(20419): mProgress = 0mIndeterminate = false, mMin = 0, mMax = 100
10-18 14:18:00.640: D/ProgressBar(20419): setProgress = 10
10-18 14:18:00.640: D/ProgressBar(20419): setProgress = 10, fromUser = false
10-18 14:18:00.640: D/ProgressBar(20419): mProgress = 0mIndeterminate = false, mMin = 0, mMax = 10
10-18 14:18:00.660: E/SELinux(27308): selinux_android_seapp_context_reload: seapp_contexts file is loaded from /seapp_contexts
10-18 14:18:00.680: D/dalvikvm(220): GC_EXPLICIT freed 42K, 6% free 16741K/17708K, paused 2ms+3ms, total 24ms
10-18 14:18:00.680: I/[SAUI](27291): _id = 0
10-18 14:18:00.680: I/[SAUI](27291): SamsungAppsMode =
10-18 14:18:00.680: I/[SAUI](27291): LatestMCC =
10-18 14:18:00.690: I/[SAUI](27291): AndromedaMCC =
10-18 14:18:00.690: I/[SAUI](27291): CountryURL =
10-18 14:18:00.690: I/[SAUI](27291): DisclaimerSkip =
10-18 14:18:00.690: I/[SAUI](27291): DisclaimerVersion =
10-18 14:18:00.690: I/[SAUI](27291): TwoGLimitSize =
10-18 14:18:00.690: I/[SAUI](27291): TwofiveGLimitSize =
10-18 14:18:00.690: I/[SAUI](27291): ThreeGLimitSize =
10-18 14:18:00.690: I/[SAUI](27291): FourGLimitSize =
10-18 14:18:00.690: I/[SAUI](27291): WifiLimitSize =
10-18 14:18:00.690: I/[SAUI](27291): FakeCSCCheck =
10-18 14:18:00.690: I/[SAUI](27291): userID =
10-18 14:18:00.690: I/[SAUI](27291): skipSignIn =
10-18 14:18:00.690: I/[SAUI](27291): NotiPopup =
10-18 14:18:00.690: I/[SAUI](27291): emailID =
10-18 14:18:00.690: I/[SAUI](27291): reserved =
10-18 14:18:00.690: I/[SAUI](27291): Encryption = 1
10-18 14:18:00.690: I/[SAUI](27291): CHubUrl =
10-18 14:18:00.690: I/[SAUI](27291): CIsStaging =
10-18 14:18:00.690: I/[SAUI](27291): CStagingImgHostUrl =
10-18 14:18:00.690: I/[SAUI](27291): CStagingAppHostUrl =
10-18 14:18:00.690: I/[SAUI](27291): CStagingDataHostUrl =
10-18 14:18:00.690: I/[SAUI](27291): CImgFolder =
10-18 14:18:00.690: I/[SAUI](27291): CAppFolder =
10-18 14:18:00.690: I/[SAUI](27291): CDataFolder =
10-18 14:18:00.690: I/[SAUI](27291): CTempFolder =
10-18 14:18:00.690: I/[SAUI](27291): CFakeImei =
10-18 14:18:00.690: I/[SAUI](27291): CFakeMcc =
10-18 14:18:00.690: I/[SAUI](27291): CFakeMnc =
10-18 14:18:00.690: I/[SAUI](27291): CFakeModel =
10-18 14:18:00.690: I/[SAUI](27291): CFakeCsc =
10-18 14:18:00.690: I/[SAUI](27291): CFakeOdcVer =
10-18 14:18:00.690: I/[SAUI](27291): CFakeOpenApiVer =
10-18 14:18:00.690: I/[SAUI](27291): CFakeHeaderHost =
10-18 14:18:00.690: I/[SAUI](27291): CLastCountryFreeStore =
10-18 14:18:00.690: I/[SAUI](27291): CHeaderInfinityVersion =
10-18 14:18:00.690: I/[SAUI](27291): CLastBannerProductId =
10-18 14:18:00.690: I/[SAUI](27291): CLastBannerImgUrl =
10-18 14:18:00.690: I/[SAUI](27291): CLastBannerType =
10-18 14:18:00.690: I/[SAUI](27291): CLastMcc =
10-18 14:18:00.690: I/[SAUI](27291): CLastMnc =
10-18 14:18:00.690: I/[SAUI](27291): CLastCsc =
10-18 14:18:00.690: I/[SAUI](27291): CDisclaimerVer =
10-18 14:18:00.690: I/[SAUI](27291): CAutoLogin =
10-18 14:18:00.690: I/[SAUI](27291): CUncMode =
10-18 14:18:00.690: I/[SAUI](27291): CProxyAddress =
10-18 14:18:00.690: I/[SAUI](27291): CCacheSize =
10-18 14:18:00.690: I/[SAUI](27291): CFreeDataUrl =
10-18 14:18:00.690: I/[SAUI](27291): CUncDataUrl =
10-18 14:18:00.690: I/[SAUI](27291): CDebugMode =
10-18 14:18:00.690: I/[SAUI](27291): CCurrencyUnitPrecedes =
10-18 14:18:00.690: I/[SAUI](27291): CLastCountryCode =
10-18 14:18:00.690: I/[SAUI](27291): CCurrencyUnitHasPenny =
10-18 14:18:00.690: I/[SAUI](27291): CLicenseUrl =
10-18 14:18:00.690: I/[SAUI](27291): CPlatformKey =
10-18 14:18:00.690: I/[SAUI](27291): CTransferConfig =
10-18 14:18:00.690: I/[SAUI](27291): CFreeTabPrecedes =
10-18 14:18:00.690: I/[SAUI](27291): CSnsCapaMask =
10-18 14:18:00.690: I/[SAUI](27291): CCurrencyUnitDivision =
10-18 14:18:00.690: I/[SAUI](27291): CSamsungNotiShow =
10-18 14:18:00.690: I/[SAUI](27291): CPsmsTestMode =
10-18 14:18:00.690: I/[SAUI](27291): CNotificationPopupShowSet =
10-18 14:18:00.690: I/[SAUI](27291): CConfigId =
10-18 14:18:00.690: I/[SAUI](27291): PhoneNumber =
10-18 14:18:00.690: I/[SAUI](27291): NetworkOperator =
10-18 14:18:00.690: I/[SAUI](27291): Birthday =
10-18 14:18:00.700: I/[SAUI](27291): Info =
10-18 14:18:00.700: I/[SAUI](27291): push_service_onoff =
10-18 14:18:00.700: I/[SAUI](27291): SecureTime =
10-18 14:18:00.700: I/[SAUI](27291): push_service_reg_id =
10-18 14:18:00.700: I/[SAUI](27291): una_setting =
10-18 14:18:00.700: I/[SAUI](27291): FlexibleTabShow =
10-18 14:18:00.700: I/[SAUI](27291): FlexibleTabName =
10-18 14:18:00.700: I/[SAUI](27291): ProtocolCachingTime =
10-18 14:18:00.700: I/[SAUI](27291): IranShetabCardUrl =
10-18 14:18:00.700: I/[SAUI](27291): PushNotiRegistrationSuccess =
10-18 14:18:00.700: I/[SAUI](27291): CLastModel =
10-18 14:18:00.700: I/[SAUI](27291): ServerLoadLevel =
10-18 14:18:00.700: I/[SAUI](27291): Option_12 =
10-18 14:18:00.700: I/[SAUI](27291): Option_13 =
10-18 14:18:00.700: I/[SAUI](27291): Option_14 =
10-18 14:18:00.700: I/[SAUI](27291): Option_15 =
10-18 14:18:00.700: I/[SAUI](27291): Option_16 =
10-18 14:18:00.700: I/[SAUI](27291): Option_17 =
10-18 14:18:00.700: I/[SAUI](27291): Option_18 =
10-18 14:18:00.700: I/[SAUI](27291): Option_19 =
10-18 14:18:00.700: I/[SAUI](27291): Option_20 =
10-18 14:18:00.700: I/[SAUI](27291): Option_21 =
10-18 14:18:00.700: I/[SAUI](27291): Option_22 =
10-18 14:18:00.700: I/[SAUI](27291): Option_23 =
10-18 14:18:00.700: I/[SAUI](27291): Option_24 =
10-18 14:18:00.700: I/[SAUI](27291): Option_25 =
10-18 14:18:00.700: I/[SAUI](27291): Option_26 =
10-18 14:18:00.700: I/[SAUI](27291): Option_27 =
10-18 14:18:00.700: I/[SAUI](27291): Option_28 =
10-18 14:18:00.700: I/[SAUI](27291): Option_29 =
10-18 14:18:00.700: I/[SAUI](27291): Option_30 =
10-18 14:18:00.700: I/[SAUI](27291): Option_31 =
10-18 14:18:00.700: I/[SAUI](27291): Option_32 =
10-18 14:18:00.700: D/dalvikvm(220): GC_EXPLICIT freed <1K, 6% free 16741K/17708K, paused 1ms+2ms, total 19ms
10-18 14:18:00.710: W/[SAUI](27291): ConcreteDataExchange::getFreeTabClsf::NumberFormatException
10-18 14:18:00.720: I/LSS-II:(775): proc cancel wait in:com.sec.everglades,adj=0LRU num=89,i=85
10-18 14:18:00.720: I/LSS-II:(775): proc wait in:com.sec.android.app.FileShareServer,adj=11LRU num=89,i=64
10-18 14:18:00.720: D/dalvikvm(220): GC_EXPLICIT freed <1K, 6% free 16741K/17708K, paused 2ms+2ms, total 19ms
10-18 14:18:00.730: D/SpoService(1593): On importance changed 27308,1000,400
10-18 14:18:00.740: I/SA(27100): [SUR] onReceive log=[SA = 1.4.0111 V = 17 HWD = 1920X1080 3.0 dpi = 480 SIZE = 2 LOCALE = en_US CSC = SPR MCC = 310 MNC 120 T = user DEVICE = jfltespr P = jfltespr I = JDQ39 M = SPH-L720 OKLEFT false DIS JDQ39.L720VPUAMF9 ]
10-18 14:18:00.740: I/SA(27100): [SUR] onReceive Intent=[ android.intent.action.PACKAGE_ADDED package ]
10-18 14:18:00.750: I/LSS-II:(775): proc cancel wait in:com.osp.app.signin,adj=0LRU num=90,i=89
10-18 14:18:00.750: I/LSS-II:(775): proc wait in:com.sec.android.service.cm,adj=11LRU num=90,i=64
10-18 14:18:00.750: D/ContainerAgent(27308): ContainerApplication: onCreate() try to bind service
10-18 14:18:00.750: E/ContainerAgent(27308): ContainerApplication: addPackagesToClearDataBlackList()
10-18 14:18:00.761: I/LSS-II:(775): proc wait in:com.google.android.gsf.login,adj=11LRU num=90,i=65
10-18 14:18:00.761: I/LSS-II:(775): proc wait in:com.google.android.gms,adj=13LRU num=90,i=54
10-18 14:18:00.761: E/ContainerAgent(27308): ContainerApplication: addPackagesToClearCacheBlackList()
10-18 14:18:00.771: D/qdoverlay(219): Set pipe=RGB1 dpy=0;
10-18 14:18:00.771: I/SurfaceFlinger(219): id=3887 Removed blloyandroi (4/6)
10-18 14:18:00.771: I/SurfaceFlinger(219): id=3887 Removed blloyandroi (-2/6)
10-18 14:18:00.771: I/ContainerAgent(27308): ContainerManagerService: ContainerManagerService onCreate()
10-18 14:18:00.771: I/ContainerAgent(27308): ContainerManagerService: ContainerManagerService onBind()
10-18 14:18:00.771: I/ContainerManager(27291): onServiceConnected() name=ComponentInfo{com.sec.knox.containeragent/com.sec.knox.containeragent.service.containermanager.ContainerManagerService}, conn=com.sec.knox.containeragent.a@42680aa0
10-18 14:18:00.781: D/qdmemalloc(219): ion: unmap_buffer base:0x0 size:8355840 offset:0 fd:43
10-18 14:18:00.791: D/qdmemalloc(219): ion: unmap_buffer base:0x0 size:4096 offset:0 fd:85
10-18 14:18:00.791: I/LSS-II:(775): proc wait in:com.android.musicfx,adj=11LRU num=90,i=66
10-18 14:18:00.791: I/ActivityManager(775): Increase Hidden App Number from 42to 45
10-18 14:18:00.801: W/ContextImpl(26047): Calling a method in the system process without a qualified user: android.app.ContextImpl.sendBroadcast:1323 android.content.ContextWrapper.sendBroadcast:345 com.samsung.android.app.filterinstaller.FilterPackageService$ServiceHandler.handleMessage:95 android.os.Handler.dispatchMessage:99 android.os.Looper.loop:137
10-18 14:18:00.821: I/SmartCardBroadcastReceiver(27114): SmartCardBroadcastReceiver - onReceive()
10-18 14:18:00.821: I/SmartCardBroadcastReceiver(27114): Received intent with action - android.intent.action.PACKAGE_ADDED
10-18 14:18:00.821: I/SmartCardBroadcastReceiver(27114): foundMatchingVendorPackage - Checking for com.inetsgi.alloyandroid
10-18 14:18:00.831: I/LSS-II:(775): proc cancel wait in:com.sec.smartcard.pinservice,adj=0LRU num=90,i=88
10-18 14:18:00.841: I/LSS-II:(775): proc cancel wait in:com.nuance.swype.input,adj=0LRU num=90,i=88
10-18 14:18:00.851: E/SELinux(27321): selinux_android_seapp_context_reload: seapp_contexts file is loaded from /seapp_contexts
10-18 14:18:00.861: I/LSS-II:(775): proc wait in:com.sec.everglades,adj=11LRU num=90,i=64
10-18 14:18:00.881: D/SpoService(1593): On importance changed 27321,1000,400
10-18 14:18:00.921: D/AbsListView(27191): Get MotionRecognitionManager
10-18 14:18:00.921: D/MotionRecognitionService(775): ssp status : true
10-18 14:18:00.951: W/SignalStrength(27321): Size of signalstrength parcel:176
10-18 14:18:00.971: I/LSS-II:(775): proc cancel wait in:com.sprint.zone,adj=0LRU num=91,i=90
10-18 14:18:00.971: D/Zone:com.sprint.zone.lib.guardian.PackageUpdateReceiver(27146): Package: com.inetsgi.alloyandroid action=android.intent.action.PACKAGE_ADDED, status=installed
10-18 14:18:00.991: D/AbsListView(27191): Get MotionRecognitionManager
10-18 14:18:01.011: I/LSS-II:(775): proc cancel wait in:com.google.android.apps.plus,adj=0LRU num=91,i=75
10-18 14:18:01.031: D/AbsListView(27191): Get MotionRecognitionManager
10-18 14:18:01.041: I/LSS-II:(775): proc wait in:com.sec.android.app.samsungapps,adj=11LRU num=91,i=66
10-18 14:18:01.081: D/gp.PicasaSyncManager(25548): reject cij (*********************) because downsync is disabled
10-18 14:18:01.091: D/AbsListView(27191): Get MotionRecognitionManager
10-18 14:18:01.111: I/LSS-II:(775): proc cancel wait in:com.google.android.gms,adj=0LRU num=91,i=90
10-18 14:18:01.121: I/LSS-II:(775): proc wait in:com.osp.app.signin,adj=11LRU num=91,i=66
10-18 14:18:01.131: D/AbsListView(27191): Get MotionRecognitionManager
10-18 14:18:01.131: D/PackageAddedReceiver(27176): package added com.inetsgi.alloyandroid
10-18 14:18:01.171: D/AbsListView(27191): Get MotionRecognitionManager
10-18 14:18:01.201: I/LSS-II:(775): proc cancel wait in:com.google.android.googlequicksearchbox,adj=0LRU num=91,i=90
10-18 14:18:01.211: I/Icing.InternalIcingCorporaProvider(27231): Updating corpora: A: com.inetsgi.alloyandroid, C: MAYBE
10-18 14:18:01.211: D/AbsListView(27191): Get MotionRecognitionManager
10-18 14:18:01.231: W/ContextImpl(26047): Calling a method in the system process without a qualified user: android.app.ContextImpl.startService:1643 android.content.ContextWrapper.startService:457 android.content.ContextWrapper.startService:457 com.samsung.android.app.filterinstaller.PackageIntentReceiver.onReceive:41 android.app.ActivityThread.handleReceiver:2449
10-18 14:18:01.251: D/LocationManagerService(775): getProviders()=[passive, network]
10-18 14:18:01.281: I/LSS-II:(775): proc cancel wait in:com.android.musicfx,adj=0LRU num=91,i=89
10-18 14:18:01.281: D/AbsListView(27191): Get MotionRecognitionManager
10-18 14:18:01.301: W/LicenseLogService(775): log() is called by non admin
