10-18 14:17:53.714: E/MP-Decision(1674): num online cores: 4 reqd : 2 available : 4 rq_depth:1.000000 hotplug_avg_load_dw: 130
10-18 14:17:53.714: E/MP-Decision(1674): DOWN cpu:3 core_idx:3 Ns:3.100000 Ts:240 total_time_down:245.000000
10-18 14:17:53.714: E/MP-Decision(1674): DOWN cpu:2 core_idx:2 Ns:2.100000 Ts:240 total_time_down:245.000000
10-18 14:17:54.404: E/QcrilMsgTunnelSocket(25734): IOExceptionjava.io.IOException: No such file or directoryReason: No such file or directory
10-18 14:17:55.786: I/qtaguid(20419): Failed write_ctrl(u 53) res=-1 errno=22
10-18 14:17:55.786: I/qtaguid(20419): Untagging socket 53 failed errno=-22
10-18 14:17:55.796: W/NetworkManagementSocketTagger(20419): untagSocket(53) failed with errno -22
10-18 14:17:55.796: I/ElegantRequestDirector(20419): I/O exception (org.apache.http.NoHttpResponseException) caught when processing request: The target server failed to respond
10-18 14:17:55.796: I/ElegantRequestDirector(20419): Retrying request
10-18 14:17:55.826: I/Monitor(775): SIOP:: Current AP = 360, CP = 0
10-18 14:17:55.826: I/AmoledAdjustTimer(775): prevTemp = 270, currTemp = 273, prevStep = 4, currStep = 4
10-18 14:17:56.066: E/MP-Decision(1674): num online cores: 2 reqd : 1 available : 4 rq_depth:0.300000 hotplug_avg_load_dw: 15
10-18 14:17:56.066: E/MP-Decision(1674): DOWN cpu:1 core_idx:1 Ns:1.100000 Ts:190 total_time_down:96.000000
10-18 14:17:56.186: D/BatteryService(775): update start
10-18 14:17:56.186: D/BatteryService(775): level:100, scale:100, status:5, health:2, present:true, voltage: 4337, temperature: 274, technology: Li-ion, AC powered:false, USB powered:true, Wireless powered:false, icon:17303324, invalid charger:0, online:4, charge type:1, current avg:460
10-18 14:17:56.186: D/BatteryService(775): Sending ACTION_BATTERY_CHANGED.
10-18 14:17:56.196: D/STATUSBAR-BatteryController(1081): onReceive() - ACTION_BATTERY_CHANGED
10-18 14:17:56.196: D/STATUSBAR-BatteryController(1081): onReceive() - BATTERY_STATUS_FULL:
10-18 14:17:56.196: D/STATUSBAR-PhoneStatusBar(1081): NORMAL_BATTERY
10-18 14:17:56.216: D/IconMerger(1081): overflowShown = true
10-18 14:17:56.216: D/IconMerger(1081): moreRequired = true
10-18 14:17:56.236: D/qdoverlay(219): Set pipe=RGB1 dpy=0; Set pipe=VG0 dpy=0;
10-18 14:17:56.256: D/Finsky(20419): [1] 2.onResponse: Verification id=120 response=0
10-18 14:17:56.286: D/Finsky(20419): [1] PackageVerificationReceiver.onReceive: Verification requested, id = 120
10-18 14:17:56.426: I/PackageManager(775): Copying native libraries to /data/app-lib/vmdl-1778465215
10-18 14:17:56.466: E/MP-Decision(1674): num online cores: 1 reqd : 2 available : 4 rq_depth:1.000000 hotplug_avg_load_dw: 58
10-18 14:17:56.466: E/MP-Decision(1674): UP cpu:1 core_idx:1 Nw:1.900000 Tw:140 total_time_up:0.000000
10-18 14:17:57.097: D/ApplicationPolicy(775): isApplicationInstallationEnabled
10-18 14:17:57.097: D/ApplicationPolicy(775): isApplicationInstallationEnabled : Checking PKG WL - false
10-18 14:17:57.097: D/ApplicationPolicy(775): isApplicationInstallationEnabled : Checking PKG BL - true
10-18 14:17:57.097: D/ApplicationPolicy(775): isApplicationInstallationEnabled : Checking PERM BL - true
10-18 14:17:57.097: D/ApplicationPolicy(775): isApplicationInstallationEnabled : Checking SIG BL - true
10-18 14:17:57.097: D/ApplicationPolicy(775): isApplicationInstallationEnabled : enabled true
10-18 14:17:57.097: I/PackageManager(775): Removing non-system package:com.inetsgi.alloyandroid
10-18 14:17:57.097: W/PackageManager(775): verifying app can be installed or not
10-18 14:17:57.237: W/PackageManager(775): SELinuxMMAC.assignSeinfoValue
10-18 14:17:57.237: I/PackageManager(775): Package com.inetsgi.alloyandroid codePath changed from /data/app/com.inetsgi.alloyandroid-1.apk to /data/app/com.inetsgi.alloyandroid-2.apk; Retaining data and using new
10-18 14:17:57.267: E/installd(224): ECS_ECS: * do_linklib pkg [com.inetsgi.alloyandroid]
10-18 14:17:57.267: E/installd(224): ECS_ECS: do_linklib Normal package
10-18 14:17:57.267: E/installd(224): ECS_ECS: Restting the data Path to -data- ret [0]
10-18 14:17:57.267: E/installd(224): ECS_ECS: * do_dexopt pkg [/data/app/com.inetsgi.alloyandroid-2.apk]
10-18 14:17:57.267: E/installd(224): ECS_ECS: do_dexopt Normal package
10-18 14:17:57.387: D/dalvikvm(27016): DexOpt: 'Lorg/apache/commons/codec/binary/Base64;' has an earlier definition; blocking out
10-18 14:17:57.387: D/dalvikvm(27016): DexOpt: 'Lorg/apache/commons/codec/binary/Hex;' has an earlier definition; blocking out
10-18 14:17:57.397: D/dalvikvm(27016): DexOpt: 'Lorg/w3c/dom/UserDataHandler;' has an earlier definition; blocking out
10-18 14:17:57.547: D/dalvikvm(27016): DexOpt: not verifying/optimizing 'Lorg/apache/commons/codec/binary/Base64;': multiple definitions
10-18 14:17:57.547: D/dalvikvm(27016): DexOpt: not verifying/optimizing 'Lorg/apache/commons/codec/binary/Hex;': multiple definitions
10-18 14:17:57.547: I/dalvikvm(27016): DexOpt: not resolving ambiguous class 'Lorg/apache/commons/codec/binary/Hex;'
10-18 14:17:57.567: I/dalvikvm(27016): DexOpt: not resolving ambiguous class 'Lorg/apache/commons/codec/binary/Base64;'
10-18 14:17:57.567: I/dalvikvm(27016): DexOpt: not resolving ambiguous class 'Lorg/apache/commons/codec/binary/Base64;'
10-18 14:17:57.657: D/dalvikvm(27016): DexOpt: not verifying/optimizing 'Lorg/w3c/dom/UserDataHandler;': multiple definitions
10-18 14:17:57.698: I/dalvikvm(27016): DexOpt: not resolving ambiguous class 'Lorg/apache/commons/codec/binary/Hex;'
10-18 14:17:57.768: D/dalvikvm(27016): DexOpt: load 100ms, verify+opt 317ms, 2015036 bytes
10-18 14:17:57.848: E/installd(224): ECS_ECS: Restting the data Path to -data- ret [0]
10-18 14:17:57.848: W/PackageManager(775): Code path for pkg : com.inetsgi.alloyandroid changing from /data/app/com.inetsgi.alloyandroid-1.apk to /data/app/com.inetsgi.alloyandroid-2.apk
10-18 14:17:57.848: W/PackageManager(775): Resource path for pkg : com.inetsgi.alloyandroid changing from /data/app/com.inetsgi.alloyandroid-1.apk to /data/app/com.inetsgi.alloyandroid-2.apk
10-18 14:17:57.938: E/installd(224): ECS_ECS: * do_move_dex pkg [/data/app/com.inetsgi.alloyandroid-2.apk]
10-18 14:17:57.938: E/installd(224): ECS_ECS: do_move_dex Normal package
10-18 14:17:57.938: E/installd(224): ECS_ECS: Restting the data Path to -data- ret [0]
10-18 14:17:58.038: D/PackageManager(775): Sending to user 0: act=android.intent.action.PACKAGE_REMOVED dat=package:com.inetsgi.alloyandroid flg=0x8000000 Bundle[{android.intent.extra.REMOVED_FOR_ALL_USERS=false, android.intent.extra.DATA_REMOVED=false, android.intent.extra.REPLACING=true, android.intent.extra.user_handle=0, android.intent.extra.UID=10074}]
10-18 14:17:58.038: D/PackageManager(775): java.lang.RuntimeException: It's not exception, just print call stack
10-18 14:17:58.038: D/PackageManager(775): at com.android.server.pm.PackageManagerService.sendPackageBroadcast(PackageManagerService.java:6768)
10-18 14:17:58.038: D/PackageManager(775): at com.android.server.pm.PackageManagerService$PackageRemovedInfo.sendBroadcast(PackageManagerService.java:10058)
10-18 14:17:58.038: D/PackageManager(775): at com.android.server.pm.PackageManagerService$PackageHandler.doHandleMessage(PackageManagerService.java:850)
10-18 14:17:58.038: D/PackageManager(775): at com.android.server.pm.PackageManagerService$PackageHandler.handleMessage(PackageManagerService.java:627)
10-18 14:17:58.038: D/PackageManager(775): at android.os.Handler.dispatchMessage(Handler.java:99)
10-18 14:17:58.038: D/PackageManager(775): at android.os.Looper.loop(Looper.java:137)
10-18 14:17:58.038: D/PackageManager(775): at android.os.HandlerThread.run(HandlerThread.java:60)
10-18 14:17:58.098: I/LSS-II:(775): proc wait in:com.sec.android.widgetapp.programmonitorwidget,adj=11LRU num=94,i=67
10-18 14:17:58.108: D/ContainerEventsRelayManager(1165): <<< Intent action is >>> : android.intent.action.PACKAGE_REMOVED
10-18 14:17:58.108: D/ContainerEventsRelayManager(1165): <<< Intent data is >>> : package:com.inetsgi.alloyandroid
10-18 14:17:58.108: I/InputReader(775): Reconfiguring input devices. changes=0x00000010
10-18 14:17:58.128: I/FlashBarService(6824): mPkgManagerReceiver : onReceive
10-18 14:17:58.168: E/MP-Decision(1674): num online cores: 2 reqd : 4 available : 4 rq_depth:9.700000 hotplug_avg_load_dw: 200
10-18 14:17:58.168: E/MP-Decision(1674): UP cpu:1 core_idx:1 Nw:1.900000 Tw:140 total_time_up:0.000000
10-18 14:17:58.168: E/MP-Decision(1674): UP cpu:2 core_idx:2 Nw:2.700000 Tw:90 total_time_up:98.000000
10-18 14:17:58.168: E/MP-Decision(1674): UP cpu:3 core_idx:3 Nw:3.500000 Tw:90 total_time_up:98.000000
10-18 14:17:58.168: I/elm(2719): MainReceiver.onReceive() : android.intent.action.PACKAGE_REMOVED
10-18 14:17:58.168: D/dalvikvm(17455): GC_CONCURRENT freed 572K, 14% free 16926K/19636K, paused 1ms+1ms, total 50ms
10-18 14:17:58.178: D/elm(2719): MainReceiver.listeningToPackageRemoved()
10-18 14:17:58.178: D/elm(2719): MainReceiver.listeningToPackageRemoved(). PACKAGE getAction:android.intent.action.PACKAGE_REMOVED, getData:package:com.inetsgi.alloyandroid, getSchemeSpecificPart:com.inetsgi.alloyandroid
10-18 14:17:58.178: D/elm(2719): MDMBridge.getInstance()
10-18 14:17:58.178: D/elm(2719): MDMBridge.getAllLicenseInfoFromSDK()
10-18 14:17:58.178: I/elm(2719): MainReceiver.onReceive() END - - - - - : android.intent.action.PACKAGE_REMOVED
10-18 14:17:58.178: D/elm(2719): ElmAgentService : onStartCommand()
10-18 14:17:58.178: D/elm(2719): ElmAgentService : onStartCommand() : intent is not null
10-18 14:17:58.178: D/ContainerEventsRelayManager(1165): <<< Intent action is >>> : android.intent.action.PACKAGE_ADDED
10-18 14:17:58.178: D/PackageManager(775): Sending to user 0: act=android.intent.action.PACKAGE_ADDED dat=package:com.inetsgi.alloyandroid flg=0x8000000 Bundle[{android.intent.extra.REPLACING=true, android.intent.extra.UID=10074, android.intent.extra.user_handle=0}]
10-18 14:17:58.178: D/PackageManager(775): java.lang.RuntimeException: It's not exception, just print call stack
10-18 14:17:58.178: D/PackageManager(775): at com.android.server.pm.PackageManagerService.sendPackageBroadcast(PackageManagerService.java:6768)
10-18 14:17:58.178: D/PackageManager(775): at com.android.server.pm.PackageManagerService$PackageHandler.doHandleMessage(PackageManagerService.java:902)
10-18 14:17:58.178: D/PackageManager(775): at com.android.server.pm.PackageManagerService$PackageHandler.handleMessage(PackageManagerService.java:627)
10-18 14:17:58.178: D/PackageManager(775): at android.os.Handler.dispatchMessage(Handler.java:99)
10-18 14:17:58.178: D/PackageManager(775): at android.os.Looper.loop(Looper.java:137)
10-18 14:17:58.178: D/PackageManager(775): at android.os.HandlerThread.run(HandlerThread.java:60)
10-18 14:17:58.188: D/ContainerEventsRelayManager(1165): <<< Intent data is >>> : package:com.inetsgi.alloyandroid
10-18 14:17:58.188: I/FlashBarService(6824): mPkgManagerReceiver : onReceive
10-18 14:17:58.198: I/InputReader(775): Reconfiguring input devices. changes=0x00000010
10-18 14:17:58.198: D/PackageManager(775): Sending to user 0: act=android.intent.action.PACKAGE_REPLACED dat=package:com.inetsgi.alloyandroid flg=0x8000000 Bundle[{android.intent.extra.REPLACING=true, android.intent.extra.UID=10074, android.intent.extra.user_handle=0}]
10-18 14:17:58.198: D/PackageManager(775): java.lang.RuntimeException: It's not exception, just print call stack
10-18 14:17:58.198: D/PackageManager(775): at com.android.server.pm.PackageManagerService.sendPackageBroadcast(PackageManagerService.java:6768)
10-18 14:17:58.198: D/PackageManager(775): at com.android.server.pm.PackageManagerService$PackageHandler.doHandleMessage(PackageManagerService.java:906)
10-18 14:17:58.198: D/PackageManager(775): at com.android.server.pm.PackageManagerService$PackageHandler.handleMessage(PackageManagerService.java:627)
10-18 14:17:58.198: D/PackageManager(775): at android.os.Handler.dispatchMessage(Handler.java:99)
10-18 14:17:58.198: D/PackageManager(775): at android.os.Looper.loop(Looper.java:137)
10-18 14:17:58.198: D/PackageManager(775): at android.os.HandlerThread.run(HandlerThread.java:60)
10-18 14:17:58.248: D/qdoverlay(219): Unset pipe=VG0 dpy=0; Unset pipe=RGB1 dpy=0;
10-18 14:17:58.258: E/SELinux(27025): selinux_android_seapp_context_reload: seapp_contexts file is loaded from /seapp_contexts
10-18 14:17:58.268: D/dalvikvm(1624): GC_CONCURRENT freed 453K, 18% free 17374K/21000K, paused 3ms+3ms, total 22ms
10-18 14:17:58.278: D/ApplicationPolicy(775): getActualApplicationStateEnabled() : true
10-18 14:17:58.278: D/ApplicationPolicy(775): isApplicationInstallationEnabled
10-18 14:17:58.278: D/ApplicationPolicy(775): isApplicationInstallationEnabled : Checking PKG WL - false
10-18 14:17:58.278: D/SpoService(1593): Browser added browser: pid = 0 uid = 10111 importance = 0 hasForegrounded = false
10-18 14:17:58.278: D/ApplicationPolicy(775): isApplicationInstallationEnabled : Checking PKG BL - true
10-18 14:17:58.278: D/ApplicationPolicy(775): isApplicationInstallationEnabled : Checking PERM BL - true
10-18 14:17:58.278: D/ApplicationPolicy(775): isApplicationInstallationEnabled : Checking SIG BL - true
10-18 14:17:58.278: D/ApplicationPolicy(775): isApplicationInstallationEnabled : enabled true
10-18 14:17:58.278: D/ApplicationPolicy(775): getApplicationUninstallationEnabled
10-18 14:17:58.278: D/ApplicationPolicy(775): getApplicationUninstallationEnabled : enabled true
10-18 14:17:58.278: D/EnterpriseVpnPolicyService(775): onReceive >> BroadcastReceiver onReceive: android.intent.action.PACKAGE_REMOVED
10-18 14:17:58.278: I/HarmonyEASService(775): onReceive : android.intent.action.PACKAGE_REMOVED for 0
10-18 14:17:58.278: I/EnterpriseVpnPolicyService(775): handleMessage >> Message received
10-18 14:17:58.278: D/EnterpriseVpnPolicyService(775): handleMessage >> Handle MSG ACTION_PACKAGE_REMOVED
10-18 14:17:58.288: W/InputMethodManagerService(775): Found no subtypes in a system IME: com.sec.android.inputmethod
10-18 14:17:58.308: D/ContainerEventsRelayManager(1165): <<< Intent action is >>> : android.intent.action.PACKAGE_REPLACED
10-18 14:17:58.308: D/ContainerEventsRelayManager(1165): <<< Intent data is >>> : package:com.inetsgi.alloyandroid
10-18 14:17:58.318: D/SpoService(1593): On importance changed 27025,10024,400
10-18 14:17:58.338: D/PackageManager(775): Sending to user 0: act=android.intent.action.MY_PACKAGE_REPLACED flg=0x8000000 pkg=com.inetsgi.alloyandroid Bundle[{android.intent.extra.user_handle=0}]
10-18 14:17:58.338: D/PackageManager(775): java.lang.RuntimeException: It's not exception, just print call stack
10-18 14:17:58.338: D/PackageManager(775): at com.android.server.pm.PackageManagerService.sendPackageBroadcast(PackageManagerService.java:6768)
10-18 14:17:58.338: D/PackageManager(775): at com.android.server.pm.PackageManagerService$PackageHandler.doHandleMessage(PackageManagerService.java:909)
10-18 14:17:58.338: D/PackageManager(775): at com.android.server.pm.PackageManagerService$PackageHandler.handleMessage(PackageManagerService.java:627)
10-18 14:17:58.338: D/PackageManager(775): at android.os.Handler.dispatchMessage(Handler.java:99)
10-18 14:17:58.338: D/PackageManager(775): at android.os.Looper.loop(Looper.java:137)
10-18 14:17:58.338: D/PackageManager(775): at android.os.HandlerThread.run(HandlerThread.java:60)
10-18 14:17:58.368: D/CapabilityManagerService(27025): Receiver Broadcast:android.intent.action.PACKAGE_REMOVED
10-18 14:17:58.368: D/CapabilityManagerService(27025): The package(com.inetsgi.alloyandroid) updated
10-18 14:17:58.378: I/LSS-II:(775): proc wait in:com.sec.android.widgetapp.dualclockdigital,adj=11LRU num=95,i=68
10-18 14:17:58.378: I/LSS-II:(775): proc in:com.google.android.apps.uploader,adj=13LRU num=95,i=46
10-18 14:17:58.388: D/ApplicationPolicy(775): getActualApplicationStateEnabled() : true
10-18 14:17:58.388: D/ApplicationPolicy(775): isApplicationInstallationEnabled
10-18 14:17:58.388: D/ApplicationPolicy(775): isApplicationInstallationEnabled : Checking PKG WL - false
10-18 14:17:58.388: D/ApplicationPolicy(775): isApplicationInstallationEnabled : Checking PKG BL - true
10-18 14:17:58.388: D/ApplicationPolicy(775): isApplicationInstallationEnabled : Checking PERM BL - true
10-18 14:17:58.388: D/ApplicationPolicy(775): isApplicationInstallationEnabled : Checking SIG BL - true
10-18 14:17:58.388: D/ApplicationPolicy(775): isApplicationInstallationEnabled : enabled true
10-18 14:17:58.388: D/ApplicationPolicy(775): getApplicationUninstallationEnabled
10-18 14:17:58.388: D/ApplicationPolicy(775): getApplicationUninstallationEnabled : enabled true
10-18 14:17:58.388: D/EnterpriseVpnPolicyService(775): onReceive >> BroadcastReceiver onReceive: android.intent.action.PACKAGE_ADDED
10-18 14:17:58.388: I/EnterpriseVpnPolicyService(775): handleMessage >> Message received
10-18 14:17:58.388: D/EnterpriseVpnPolicyService(775): handleMessage >> Handle MSG ACTION_PACKAGE_ADDED
10-18 14:17:58.398: D/dalvikvm(1624): GC_CONCURRENT freed 442K, 18% free 17373K/21000K, paused 4ms+2ms, total 38ms
10-18 14:17:58.398: W/ContextImpl(26047): Calling a method in the system process without a qualified user: android.app.ContextImpl.startService:1643 android.content.ContextWrapper.startService:457 android.content.ContextWrapper.startService:457 com.samsung.android.app.filterinstaller.PackageIntentReceiver.onReceive:41 android.app.ActivityThread.handleReceiver:2449
10-18 14:17:58.418: E/QcrilMsgTunnelSocket(25734): IOExceptionjava.io.IOException: No such file or directoryReason: No such file or directory
10-18 14:17:58.438: E/SELinux(27037): selinux_android_seapp_context_reload: seapp_contexts file is loaded from /seapp_contexts
10-18 14:17:58.448: E/SELinux(27043): selinux_android_seapp_context_reload: seapp_contexts file is loaded from /seapp_contexts
10-18 14:17:58.488: D/SpoService(1593): On importance changed 27037,10053,400
10-18 14:17:58.488: D/SpoService(1593): On importance changed 27043,1000,400
10-18 14:17:58.508: W/ContextImpl(27043): Calling a method in the system process without a qualified user: android.app.ContextImpl.startService:1643 android.content.ContextWrapper.startService:457 android.content.ContextWrapper.startService:457 com.android.keychain.KeyChainBroadcastReceiver.onReceive:12 android.app.ActivityThread.handleReceiver:2449
10-18 14:17:58.528: E/SELinux(27062): selinux_android_seapp_context_reload: seapp_contexts file is loaded from /seapp_contexts
10-18 14:17:58.528: D/ECS_EnterpriseContainerService(775): <<< Intent action is >>> : android.intent.action.PACKAGE_ADDED
10-18 14:17:58.528: D/ECS_EnterpriseContainerService(775): <<< Intent data is >>> : package:com.inetsgi.alloyandroid
10-18 14:17:58.528: I/ECS_EnterpriseContainerService(775): Inside package added listener
10-18 14:17:58.528: D/ECS_EnterpriseContainerService(775): <<< Intent action is >>> : android.intent.action.PACKAGE_REPLACED
10-18 14:17:58.528: D/ECS_EnterpriseContainerService(775): <<< Intent data is >>> : package:com.inetsgi.alloyandroid
10-18 14:17:58.528: I/ECS_EnterpriseContainerService(775): Inside package added listener
10-18 14:17:58.558: D/SpoService(1593): On importance changed 27062,10088,400
10-18 14:17:58.558: I/ActivityManager(775): Decrease Hidden App Number from 51to 48
10-18 14:17:58.588: I/LSS-II:(775): proc wait in:com.sec.android.SimpleWidget,adj=11LRU num=98,i=69
10-18 14:17:58.588: W/ContextImpl(775): Calling a method in the system process without a qualified user: android.app.ContextImpl.sendBroadcast:1323 com.android.server.am.ActivityManagerService.cleanUpApplicationRecordLocked:12315 com.android.server.am.ActivityManagerService.handleAppDiedLocked:3552 com.android.server.am.ActivityManagerService.appDiedLocked:3656 com.android.server.am.ActivityManagerService$AppDeathRecipient.binderDied:998
10-18 14:17:58.588: W/ContextImpl(775): Calling a method in the system process without a qualified user: android.app.ContextImpl.sendBroadcast:1323 com.android.server.am.ActivityManagerService.cleanUpApplicationRecordLocked:12315 com.android.server.am.ActivityManagerService.handleAppDiedLocked:3552 com.android.server.am.ActivityManagerService.appDiedLocked:3656 com.android.server.am.ActivityManagerService$AppDeathRecipient.binderDied:998
10-18 14:17:58.598: I/LSS-II:(775): proc in:com.google.android.apps.plus,adj=13LRU num=96,i=47
10-18 14:17:58.598: D/SpoService(1593): On process died 25197,10112
10-18 14:17:58.598: E/SELinux(27075): selinux_android_seapp_context_reload: seapp_contexts file is loaded from /seapp_contexts
10-18 14:17:58.608: D/SpoService(1593): On process died 25161,10029
10-18 14:17:58.608: W/ContextImpl(775): Calling a method in the system process without a qualified user: android.app.ContextImpl.sendBroadcast:1323 com.android.server.am.ActivityManagerService.cleanUpApplicationRecordLocked:12315 com.android.server.am.ActivityManagerService.handleAppDiedLocked:3552 com.android.server.am.ActivityManagerService.appDiedLocked:3656 com.android.server.am.ActivityManagerService$AppDeathRecipient.binderDied:998
10-18 14:17:58.618: D/SpoService(1593): On process died 25184,1000
10-18 14:17:58.618: I/dalvikvm(27075): Turning on JNI app bug workarounds for target SDK version 7...
10-18 14:17:58.628: W/LicenseLogService(775): log() is called by non admin
10-18 14:17:58.628: W/LicenseLogService(775): log() is called by non admin
10-18 14:17:58.628: D/SpoService(1593): On importance changed 27075,10119,400
10-18 14:17:58.648: I/LSS-II:(775): proc wait in:com.samsung.android.provider.filterprovider,adj=9LRU num=95,i=93
10-18 14:17:58.648: I/LSS-II:(775): proc wait in:com.samsung.music,adj=11LRU num=95,i=67
10-18 14:17:58.648: D/SpoService(1593): On process died 25217,10113
10-18 14:17:58.648: W/ContextImpl(775): Calling a method in the system process without a qualified user: android.app.ContextImpl.sendBroadcast:1323 com.android.server.am.ActivityManagerService.cleanUpApplicationRecordLocked:12315 com.android.server.am.ActivityManagerService.handleAppDiedLocked:3552 com.android.server.am.ActivityManagerService.appDiedLocked:3656 com.android.server.am.ActivityManagerService$AppDeathRecipient.binderDied:998
10-18 14:17:58.658: D/SpoService(1593): On process died 25233,10048
10-18 14:17:58.658: W/ContextImpl(775): Calling a method in the system process without a qualified user: android.app.ContextImpl.sendBroadcast:1323 com.android.server.am.ActivityManagerService.cleanUpApplicationRecordLocked:12315 com.android.server.am.ActivityManagerService.handleAppDiedLocked:3552 com.android.server.am.ActivityManagerService.appDiedLocked:3656 com.android.server.am.ActivityManagerService$AppDeathRecipient.binderDied:998
10-18 14:17:58.668: E/SELinux(27088): selinux_android_seapp_context_reload: seapp_contexts file is loaded from /seapp_contexts
10-18 14:17:58.688: I/LSS-II:(775): proc wait in:com.android.defcontainer,adj=11LRU num=94,i=74
10-18 14:17:58.688: D/SpoService(1593): On process died 25330,10177
10-18 14:17:58.688: I/ActivityManager(775): Increase Hidden App Number from 48to 51
10-18 14:17:58.688: W/ContextImpl(775): Calling a method in the system process without a qualified user: android.app.ContextImpl.sendBroadcast:1323 com.android.server.am.ActivityManagerService.cleanUpApplicationRecordLocked:12315 com.android.server.am.ActivityManagerService.handleAppDiedLocked:3552 com.android.server.am.ActivityManagerService.appDiedLocked:3656 com.android.server.am.ActivityManagerService$AppDeathRecipient.binderDied:998
10-18 14:17:58.698: D/dalvikvm(220): GC_EXPLICIT freed 41K, 6% free 16741K/17708K, paused 2ms+2ms, total 27ms
10-18 14:17:58.698: D/SpoService(1593): On importance changed 27088,10124,400
10-18 14:17:58.698: I/LSS-II:(775): proc in:com.android.chrome,adj=15LRU num=94,i=45
10-18 14:17:58.719: D/dalvikvm(220): GC_EXPLICIT freed <1K, 6% free 16741K/17708K, paused 1ms+2ms, total 18ms
10-18 14:17:58.729: I/CrashAnrDetector(775): onPackageUpdateFinished : com.inetsgi.alloyandroid
10-18 14:17:58.739: D/dalvikvm(220): GC_EXPLICIT freed <1K, 6% free 16741K/17708K, paused 1ms+2ms, total 18ms
10-18 14:17:58.839: D/dalvikvm(775): GC_EXPLICIT freed 7362K, 22% free 86639K/110408K, paused 14ms+35ms, total 496ms
10-18 14:17:58.849: W/EG1.0.com.sec.everglades.widget.EvergladesWidgetProvider(27088): {[A36E55454916D0BE88191A59A715BC94656CD5939242E91AA6EBEC49CA25669BE2D5F1890404ADC7C9CFBDB8632DDA9E5BE00A9A27C278E2F5F6B80FEBC23537]}
10-18 14:17:58.859: E/SELinux(27100): selinux_android_seapp_context_reload: seapp_contexts file is loaded from /seapp_contexts
10-18 14:17:58.859: D/AndroidRuntime(26974): Shutting down VM
10-18 14:17:58.859: I/LSS-II:(775): proc wait in:com.sec.android.service.cm,adj=11LRU num=94,i=84
10-18 14:17:58.869: D/dalvikvm(26974): GC_CONCURRENT freed 156K, 19% free 685K/844K, paused 1ms+0ms, total 5ms
10-18 14:17:58.869: D/jdwp(26974): Got wake-up signal, bailing out of select
10-18 14:17:58.869: D/dalvikvm(26974): Debugger has detached; object registry had 1 entries
10-18 14:17:58.889: D/SpoService(1593): On importance changed 27100,10131,400
10-18 14:17:58.929: I/SA(27100): [SLM] call SLM constructor
10-18 14:17:58.929: I/SA(27100): [SUR] onReceive log=[SA = 1.4.0111 V = 17 HWD = 1920X1080 3.0 dpi = 480 SIZE = 2 LOCALE = en_US CSC = SPR MCC = 310 MNC 120 T = user DEVICE = jfltespr P = jfltespr I = JDQ39 M = SPH-L720 OKLEFT false DIS JDQ39.L720VPUAMF9 ]
10-18 14:17:58.929: I/SA(27100): [SUR] onReceive Intent=[ action_PACKAGE_REPLACED package ]
10-18 14:17:58.939: I/LSS-II:(775): proc wait in:com.android.keychain,adj=11LRU num=95,i=86
10-18 14:17:58.949: I/LSS-II:(775): proc in:com.android.settings,adj=15LRU num=95,i=46
10-18 14:17:58.969: I/LSS-II:(775): proc in:com.sec.android.app.tmserver,adj=15LRU num=95,i=46
10-18 14:17:59.009: I/LSS-II:(775): proc out:com.android.settings,adj=0,i=79
10-18 14:17:59.019: I/LSS-II:(775): proc cancel wait in:com.sec.android.SimpleWidget,adj=0LRU num=95,i=93
10-18 14:17:59.019: I/LSS-II:(775): proc wait in:com.android.musicfx,adj=11LRU num=95,i=69
10-18 14:17:59.049: I/LSS-II:(775): proc wait in:com.sec.everglades,adj=11LRU num=95,i=69
10-18 14:17:59.079: E/SELinux(27114): selinux_android_seapp_context_reload: seapp_contexts file is loaded from /seapp_contexts
10-18 14:17:59.109: D/SpoService(1593): On importance changed 27114,10154,400
10-18 14:17:59.119: E/MP-Decision(1674): num online cores: 4 reqd : 3 available : 4 rq_depth:2.900000 hotplug_avg_load_dw: 180
10-18 14:17:59.119: E/MP-Decision(1674): DOWN cpu:3 core_idx:3 Ns:3.100000 Ts:240 total_time_down:245.000000
10-18 14:17:59.129: I/SmartCardBroadcastReceiver(27114): SmartCardBroadcastReceiver - onReceive()
10-18 14:17:59.129: I/SmartCardBroadcastReceiver(27114): Received intent with action - android.intent.action.PACKAGE_REMOVED
10-18 14:17:59.129: I/SmartCardBroadcastReceiver(27114): Broadcast received for package removed
10-18 14:17:59.129: I/SmartCardBroadcastReceiver(27114): foundMatchingVendorPackage - Checking for com.inetsgi.alloyandroid
10-18 14:17:59.139: E/SELinux(27131): selinux_android_seapp_context_reload: seapp_contexts file is loaded from /seapp_contexts
10-18 14:17:59.159: I/ActivityManager(775): Increase Hidden App Number from 51to 54
10-18 14:17:59.179: D/SpoService(1593): On importance changed 27131,10161,400
10-18 14:17:59.179: D/SpoService(1593): On process died 25343,10185
10-18 14:17:59.179: W/ContextImpl(775): Calling a method in the system process without a qualified user: android.app.ContextImpl.sendBroadcast:1323 com.android.server.am.ActivityManagerService.cleanUpApplicationRecordLocked:12315 com.android.server.am.ActivityManagerService.handleAppDiedLocked:3552 com.android.server.am.ActivityManagerService.appDiedLocked:3656 com.android.server.am.ActivityManagerService$AppDeathRecipient.binderDied:998
10-18 14:17:59.219: E/SELinux(27146): selinux_android_seapp_context_reload: seapp_contexts file is loaded from /seapp_contexts
10-18 14:17:59.259: D/AndroidRuntime(27145): >>>>>> AndroidRuntime START com.android.internal.os.RuntimeInit <<<<<<
10-18 14:17:59.259: D/AndroidRuntime(27145): CheckJNI is OFF
10-18 14:17:59.259: D/AndroidRuntime(27145): setted country_code = USA
10-18 14:17:59.259: D/AndroidRuntime(27145): setted countryiso_code = US
10-18 14:17:59.259: D/AndroidRuntime(27145): setted sales_code = SPR
10-18 14:17:59.259: D/AndroidRuntime(27145): readGMSProperty: start
10-18 14:17:59.259: D/AndroidRuntime(27145): readGMSProperty: already setted!!
10-18 14:17:59.259: D/AndroidRuntime(27145): readGMSProperty: end
10-18 14:17:59.259: D/AndroidRuntime(27145): set clientid for SPR with android-sprint-us
10-18 14:17:59.259: D/AndroidRuntime(27145): addProductProperty: start
10-18 14:17:59.269: E/MP-Decision(1674): num online cores: 3 reqd : 4 available : 4 rq_depth:4.700000 hotplug_avg_load_dw: 206
10-18 14:17:59.269: E/MP-Decision(1674): UP cpu:1 core_idx:1 Nw:1.900000 Tw:140 total_time_up:0.000000
10-18 14:17:59.269: E/MP-Decision(1674): UP cpu:2 core_idx:2 Nw:2.700000 Tw:90 total_time_up:0.000000
10-18 14:17:59.269: E/MP-Decision(1674): UP cpu:3 core_idx:3 Nw:3.500000 Tw:90 total_time_up:98.000000
10-18 14:17:59.269: D/dalvikvm(27145): Trying to load lib libjavacore.so 0x0
10-18 14:17:59.279: D/dalvikvm(27145): Added shared lib libjavacore.so 0x0
10-18 14:17:59.279: D/dalvikvm(27145): Trying to load lib libnativehelper.so 0x0
10-18 14:17:59.279: D/dalvikvm(27145): Added shared lib libnativehelper.so 0x0
10-18 14:17:59.279: D/SpoService(1593): On importance changed 27146,10182,400
10-18 14:17:59.299: D/dalvikvm(1364): GC_CONCURRENT freed 427K, 11% free 17591K/19564K, paused 2ms+3ms, total 24ms
10-18 14:17:59.339: D/Zone:com.sprint.zone.lib.core.data.AuxillaryContentDBProvider(27146): ################## Inititalizing AuxillaryContentDBProvider with authority com.sprint.zone.AuxillaryContentDBProvider
10-18 14:17:59.369: D/Zone:com.sprint.zone.lib.core.data.BundlesData(27146): Sig[com.lookout]: 30820261308201caa00302010202044acb74f9300d06092a864886f70d01010505003075310b3009060355040613025553310b3009060355040813024341311430120603550407130b4c6f7320416e67656c65733111300f060355040a1308466c6578696c697331183016060355040b130f4d6f62696c65205365637572697479311630140603550403130d4a616d65732042757267657373301e170d3039313030363136343835375a170d3337303232313136343835375a3075310b3009060355040613025553310b3009060355040813024341311430120603550407130b4c6f7320416e67656c65733111300f060355040a1308466c6578696c697331183016060355040b130f4d6f62696c65205365637572697479311630140603550403130d4a616d6573204275726765737330819f300d06092a864886f70d010101050003818d0030818902818100ada3e2a7a6f0851f874d527968ab221d9441fd867f042c43d9236eda01896afe0fb9e332de3974c07f42c54168947614d7127b381f05b68b32e13c125bb1afd2a4788d706f522ea89bf6a03a616c1d34a7536c07314173916949c4ba2cc672f3b07303b57b4dd9a00c70cd34467b8d209bb972fdc40b2d48677c133a071fc4e30203010001300d06092a864886f70d0101050500038181006ce2f758f49f4b15ebe7a42ad8c7f395843af7dc05871f48b2d721b0f332c12c52cbeecc56439a5e6a041339f4b625ec78b4fd9479f5f1941978d41d490b9750532094d02b952d207b0cbc2131e6026ed81f602220629a34a734648fde08c57ae5c80a02c7e5a36a3348dbb4f08cfb3619fc3ed364b88ade9081953c83965d13
10-18 14:17:59.389: D/Zone:com.sprint.zone.lib.core.data.BundlesData(27146): Sig[com.lookout]: 30820261308201caa00302010202044acb74f9300d06092a864886f70d01010505003075310b3009060355040613025553310b3009060355040813024341311430120603550407130b4c6f7320416e67656c65733111300f060355040a1308466c6578696c697331183016060355040b130f4d6f62696c65205365637572697479311630140603550403130d4a616d65732042757267657373301e170d3039313030363136343835375a170d3337303232313136343835375a3075310b3009060355040613025553310b3009060355040813024341311430120603550407130b4c6f7320416e67656c65733111300f060355040a1308466c6578696c697331183016060355040b130f4d6f62696c65205365637572697479311630140603550403130d4a616d6573204275726765737330819f300d06092a864886f70d010101050003818d0030818902818100ada3e2a7a6f0851f874d527968ab221d9441fd867f042c43d9236eda01896afe0fb9e332de3974c07f42c54168947614d7127b381f05b68b32e13c125bb1afd2a4788d706f522ea89bf6a03a616c1d34a7536c07314173916949c4ba2cc672f3b07303b57b4dd9a00c70cd34467b8d209bb972fdc40b2d48677c133a071fc4e30203010001300d06092a864886f70d0101050500038181006ce2f758f49f4b15ebe7a42ad8c7f395843af7dc05871f48b2d721b0f332c12c52cbeecc56439a5e6a041339f4b625ec78b4fd9479f5f1941978d41d490b9750532094d02b952d207b0cbc2131e6026ed81f602220629a34a734648fde08c57ae5c80a02c7e5a36a3348dbb4f08cfb3619fc3ed364b88ade9081953c83965d13
10-18 14:17:59.429: V/SprintExtension(25674): getString(2) uid= 10182, pid= 27146
10-18 14:17:59.429: D/SprintExtension(25674): getString ID 2 is Baseband
10-18 14:17:59.429: D/SprintExtension(25674): Loading modem value from cache
10-18 14:17:59.429: D/Zone:com.sprint.zone.lib.core.action.SettingsIntentFactory(27146): Overriding setting intent '3g' to '#Intent;component=com.android.settings/.Settings%24WirelessSettingsActivity;end'
10-18 14:17:59.429: D/Zone:com.sprint.zone.lib.core.action.SettingsIntentFactory(27146): Overriding setting intent 'lte' to '#Intent;component=com.android.settings/.Settings%24WirelessSettingsActivity;end'
10-18 14:17:59.429: D/Zone:com.sprint.zone.lib.core.action.SettingsIntentFactory(27146): Overriding setting intent 'data_roaming' to '#Intent;component=com.android.phone/.Roaming;end'
10-18 14:17:59.429: V/SprintExtension(25674): getString(2) uid= 10182, pid= 27146
10-18 14:17:59.429: D/SprintExtension(25674): getString ID 2 is Baseband
10-18 14:17:59.429: D/SprintExtension(25674): Loading modem value from cache
10-18 14:17:59.429: V/SprintExtension(25674): getString(2) uid= 10182, pid= 27146
10-18 14:17:59.429: D/SprintExtension(25674): getString ID 2 is Baseband
10-18 14:17:59.429: D/SprintExtension(25674): Loading modem value from cache
10-18 14:17:59.439: D/dalvikvm(27146): GC_CONCURRENT freed 1451K, 13% free 17339K/19712K, paused 2ms+2ms, total 23ms
10-18 14:17:59.439: D/dalvikvm(27146): WAIT_FOR_CONCURRENT_GC blocked 5ms
10-18 14:17:59.439: D/dalvikvm(27146): WAIT_FOR_CONCURRENT_GC blocked 8ms
10-18 14:17:59.449: V/SprintExtension(25674): getString(2) uid= 10182, pid= 27146
10-18 14:17:59.449: D/SprintExtension(25674): getString ID 2 is Baseband
10-18 14:17:59.449: D/SprintExtension(25674): Loading modem value from cache
10-18 14:17:59.459: D/Zone:com.sprint.zone.lib.carrier.CarrierZone(27146): ########CarrierZone.onLaunch()
10-18 14:17:59.459: D/Zone:com.sprint.zone.lib.carrier.CarrierBrand(27146): CarrierData.brand: Sprint
10-18 14:17:59.459: D/Zone:com.sprint.zone.lib.carrier.CarrierBrand(27146): CarrierData.version: 4
10-18 14:17:59.459: D/Zone:com.sprint.zone.lib.carrier.CarrierBrand(27146): ResellerId[0]: Sprint
10-18 14:17:59.479: V/SprintExtension(25674): getString(2) uid= 10182, pid= 27146
10-18 14:17:59.479: D/SprintExtension(25674): getString ID 2 is Baseband
10-18 14:17:59.479: D/SprintExtension(25674): Loading modem value from cache
10-18 14:17:59.479: D/Zone:com.sprint.zone.lib.guardian.PackageUpdateReceiver(27146): Package: com.inetsgi.alloyandroid action=android.intent.action.PACKAGE_REMOVED, status=null
10-18 14:17:59.479: D/dalvikvm(27146): GC_CONCURRENT freed 526K, 13% free 17254K/19712K, paused 2ms+2ms, total 18ms
10-18 14:17:59.489: V/SprintExtension(25674): getString(30) uid= 10182, pid= 27146
10-18 14:17:59.489: D/SprintExtension(25674): getString ID 30 is Baseband
10-18 14:17:59.489: D/SprintExtension(25674): Loading modem value from cache
10-18 14:17:59.499: I/LSS-II:(775): proc out:com.google.android.apps.plus,adj=0,i=81
10-18 14:17:59.499: I/LSS-II:(775): proc wait in:com.sec.android.app.samsungapps.una2,adj=11LRU num=97,i=71
10-18 14:17:59.499: V/SprintExtension(25674): getString(30) uid= 10182, pid= 27146
10-18 14:17:59.499: D/SprintExtension(25674): getString ID 30 is Baseband
10-18 14:17:59.499: D/SprintExtension(25674): Loading modem value from cache
10-18 14:17:59.499: I/ActivityManager(775): Decrease Hidden App Number from 54to 51
10-18 14:17:59.519: D/dalvikvm(27145): Note: class Landroid/app/ActivityManagerNative; has 169 unimplemented (abstract) methods
10-18 14:17:59.519: I/ActivityManager(775): Decrease Hidden App Number from 51to 48
10-18 14:17:59.529: I/ActivityManager(775): Decrease Hidden App Number from 48to 45
10-18 14:17:59.529: I/LSS-II:(775): proc wait in:com.osp.app.signin,adj=11LRU num=97,i=72
10-18 14:17:59.529: D/SpoService(1593): On process died 25383,1001
10-18 14:17:59.529: W/ContextImpl(775): Calling a method in the system process without a qualified user: android.app.ContextImpl.sendBroadcast:1323 com.android.server.am.ActivityManagerService.cleanUpApplicationRecordLocked:12315 com.android.server.am.ActivityManagerService.handleAppDiedLocked:3552 com.android.server.am.ActivityManagerService.appDiedLocked:3656 com.android.server.am.ActivityManagerService$AppDeathRecipient.binderDied:998
10-18 14:17:59.549: D/SpoService(1593): On process died 25875,1000
10-18 14:17:59.549: D/SpoService(1593): On process died 25527,10117
10-18 14:17:59.549: W/ContextImpl(775): Calling a method in the system process without a qualified user: android.app.ContextImpl.sendBroadcast:1323 com.android.server.am.ActivityManagerService.cleanUpApplicationRecordLocked:12315 com.android.server.am.ActivityManagerService.handleAppDiedLocked:3552 com.android.server.am.ActivityManagerService.appDiedLocked:3656 com.android.server.am.ActivityManagerService$AppDeathRecipient.binderDied:998
10-18 14:17:59.549: W/ContextImpl(775): Calling a method in the system process without a qualified user: android.app.ContextImpl.sendBroadcast:1323 com.android.server.am.ActivityManagerService.cleanUpApplicationRecordLocked:12315 com.android.server.am.ActivityManagerService.handleAppDiedLocked:3552 com.android.server.am.ActivityManagerService.appDiedLocked:3656 com.android.server.am.ActivityManagerService$AppDeathRecipient.binderDied:998
10-18 14:17:59.569: D/AndroidRuntime(27145): Calling main entry com.android.commands.am.Am
10-18 14:17:59.569: E/SELinux(27176): selinux_android_seapp_context_reload: seapp_contexts file is loaded from /seapp_contexts
10-18 14:17:59.579: V/SprintExtension(25674): getString(30) uid= 10182, pid= 27146
10-18 14:17:59.579: D/SprintExtension(25674): getString ID 30 is Baseband
10-18 14:17:59.579: D/SprintExtension(25674): Loading modem value from cache
10-18 14:17:59.579: V/SprintExtension(25674): getString(30) uid= 10182, pid= 27146
10-18 14:17:59.579: D/SprintExtension(25674): getString ID 30 is Baseband
10-18 14:17:59.579: D/SprintExtension(25674): Loading modem value from cache
10-18 14:17:59.589: D/SpoService(1593): On process died 25355,1000
10-18 14:17:59.589: W/ContextImpl(775): Calling a method in the system process without a qualified user: android.app.ContextImpl.sendBroadcast:1323 com.android.server.am.ActivityManagerService.cleanUpApplicationRecordLocked:12315 com.android.server.am.ActivityManagerService.handleAppDiedLocked:3552 com.android.server.am.ActivityManagerService.appDiedLocked:3656 com.android.server.am.ActivityManagerService$AppDeathRecipient.binderDied:998
10-18 14:17:59.599: V/SprintExtension(25674): getString(30) uid= 10182, pid= 27146
10-18 14:17:59.599: D/SprintExtension(25674): getString ID 30 is Baseband
10-18 14:17:59.599: D/SprintExtension(25674): Loading modem value from cache
10-18 14:17:59.609: V/SprintExtension(25674): getString(35) uid= 10182, pid= 27146
10-18 14:17:59.609: D/SprintExtension(25674): getString ID 35 is Baseband
10-18 14:17:59.609: D/SprintExtension(25674): Loading modem value from cache
10-18 14:17:59.619: D/gp.PicasaSync(25548): sync account database
10-18 14:17:59.629: D/gp.PicasaSync(25548): accounts in DB=1
10-18 14:17:59.629: D/SpoService(1593): On importance changed 27176,10061,400
10-18 14:17:59.629: D/SpoService(1593): On process died 25252,10133
10-18 14:17:59.629: V/SprintExtension(25674): getString(35) uid= 10182, pid= 27146
10-18 14:17:59.629: D/SprintExtension(25674): getString ID 35 is Baseband
10-18 14:17:59.629: D/SprintExtension(25674): Loading modem value from cache
10-18 14:17:59.629: W/ContextImpl(775): Calling a method in the system process without a qualified user: android.app.ContextImpl.sendBroadcast:1323 com.android.server.am.ActivityManagerService.cleanUpApplicationRecordLocked:12315 com.android.server.am.ActivityManagerService.handleAppDiedLocked:3552 com.android.server.am.ActivityManagerService.appDiedLocked:3656 com.android.server.am.ActivityManagerService$AppDeathRecipient.binderDied:998
10-18 14:17:59.639: V/SprintExtension(25674): getString(35) uid= 10182, pid= 27146
10-18 14:17:59.639: D/SprintExtension(25674): getString ID 35 is Baseband
10-18 14:17:59.639: D/SprintExtension(25674): Loading modem value from cache
10-18 14:17:59.639: V/SprintExtension(25674): getString(35) uid= 10182, pid= 27146
10-18 14:17:59.639: D/SprintExtension(25674): getString ID 35 is Baseband
10-18 14:17:59.639: D/SprintExtension(25674): Loading modem value from cache
10-18 14:17:59.649: I/CustomFrequencyManager(775): newFrequencyRequest - mFrequency = 1350000, mTimeoutMs = -1, mPkgName = ACTIVITY_RESUME_BOOSTER@6
10-18 14:17:59.649: I/CustomFrequencyManager(775): Boost Request from package = ACTIVITY_RESUME_BOOSTER@6 frequency : 1350000type = 6
10-18 14:17:59.649: I/CustomFrequencyManager(775): !! pkgName = ACTIVITY_RESUME_BOOSTER@6
10-18 14:17:59.649: I/CustomFrequencyManager(775): Request from package name pkgName = ACTIVITY_RESUME_BOOSTER@6
10-18 14:17:59.649: I/CustomFrequencyManager(775): mContext is Not Null mContext.pkgName = android
10-18 14:17:59.649: I/CustomFrequencyManager(775): 2 Old token will be reused!
10-18 14:17:59.649: I/CustomFrequencyManager(775): CPUDVFSControlRequest : doFrequencyRequest:: = 1350000 Timeout : -1
10-18 14:17:59.649: I/power(775): *** acquire_dvfs_lock : lockType : 1 freq : 1350000
10-18 14:17:59.649: D/CustomFrequencyManagerService(775): acquireDVFSLockLocked : type : DVFS_MIN_LIMIT frequency : 1350000 uid : 1000 pid : 775 pkgName : ACTIVITY_RESUME_BOOSTER@6
10-18 14:17:59.649: W/ActivityManager(775): mDVFSHelper.acquire()
10-18 14:17:59.649: D/Launcher(1208): onPause, Launcher: 1115628032
10-18 14:17:59.649: D/Launcher.HomeView(1208): onPause
10-18 14:17:59.649: D/Launcher.Workspace(1208): exitWidgetResizeMode State: NORMAL, newDragStarted: false
10-18 14:17:59.649: W/ContextImpl(775): Calling a method in the system process without a qualified user: android.app.ContextImpl.sendBroadcast:1337 com.android.server.am.ActivityStack.startPausingLocked:1327 com.android.server.am.ActivityStack.resumeTopActivityLocked:2395 com.android.server.am.ActivityStack.resumeTopActivityLocked:2181 com.android.server.am.ActivityStack.resumeTopActivityLocked:2167
10-18 14:17:59.659: D/AndroidRuntime(27145): Shutting down VM
10-18 14:17:59.659: I/LSS-II:(775): proc wait in:com.android.settings,adj=11LRU num=93,i=70
10-18 14:17:59.659: D/gp.PicasaSyncManager(25548): reject cij (*********************) because downsync is disabled
10-18 14:17:59.659: D/dalvikvm(27145): GC_CONCURRENT freed 157K, 19% free 721K/884K, paused 1ms+1ms, total 3ms
10-18 14:17:59.659: V/SprintExtension(25674): getString(35) uid= 10182, pid= 27146
10-18 14:17:59.659: D/jdwp(27145): Got wake-up signal, bailing out of select
10-18 14:17:59.659: D/dalvikvm(27145): Debugger has detached; object registry had 1 entries
10-18 14:17:59.659: D/SprintExtension(25674): getString ID 35 is Baseband
10-18 14:17:59.659: D/SprintExtension(25674): Loading modem value from cache
10-18 14:17:59.659: V/SprintExtension(25674): getString(420) uid= 10182, pid= 27146
10-18 14:17:59.659: D/SprintExtension(25674): getString ID 420 is PhoneInfo
10-18 14:17:59.659: V/SmartFaceService - 3rd party pause(775): onReceive [android.intent.action.ACTIVITY_STATE/com.sec.android.app.launcher/pause]
10-18 14:17:59.669: V/SprintExtension(25674): getString(420) uid= 10182, pid= 27146
10-18 14:17:59.669: D/SprintExtension(25674): getString ID 420 is PhoneInfo
10-18 14:17:59.669: W/ContextImpl(775): Calling a method in the system process without a qualified user: android.app.ContextImpl.sendBroadcast:1323 com.android.server.am.ActivityManagerService.cleanUpApplicationRecordLocked:12315 com.android.server.am.ActivityManagerService.handleAppDiedLocked:3552 com.android.server.am.ActivityManagerService.appDiedLocked:3656 com.android.server.am.ActivityManagerService$AppDeathRecipient.binderDied:998
10-18 14:17:59.689: E/SELinux(27191): selinux_android_seapp_context_reload: seapp_contexts file is loaded from /seapp_contexts
10-18 14:17:59.689: D/SpoService(1593): On process died 26208,1000
10-18 14:17:59.689: V/SprintExtension(25674): getString(420) uid= 10182, pid= 27146
10-18 14:17:59.689: D/SprintExtension(25674): getString ID 420 is PhoneInfo
10-18 14:17:59.699: D/gp.PicasaSyncManager(25548): battery info: true
10-18 14:17:59.699: I/dalvikvm(27191): Turning on JNI app bug workarounds for target SDK version 10...
10-18 14:17:59.709: D/PointerIcon(775): setHoveringSpenIconStyle1 pointerType: 10001iconType:1 flag:0
10-18 14:17:59.709: D/PointerIcon(775): setHoveringSpenCustomIcon IconType is same.1
10-18 14:17:59.709: D/AbsListView(1208): unregisterIRListener() is called
10-18 14:17:59.709: D/gp.PicasaSyncManager(25548): reject cij (*********************) because downsync is disabled
10-18 14:17:59.709: V/WindowOrientationListener(775): mSContextAutoRotationListener.getProposedRotation, mbResultFaceDectection: false
10-18 14:17:59.709: V/WindowOrientationListener(775): mSContextAutoRotationListener.getProposedRotation, Rotation: -1
10-18 14:17:59.709: V/WindowOrientationListener(775): mSContextAutoRotationListener.getProposedRotation, mbResultFaceDectection: false
10-18 14:17:59.709: V/WindowOrientationListener(775): mSContextAutoRotationListener.getProposedRotation, Rotation: -1
10-18 14:17:59.709: I/SurfaceFlinger(219): id=3887(413) createSurf 0x40698fb4 (1x1),1 flag=4, blloyandroi
10-18 14:17:59.709: V/WindowManager(775): rotationForOrientationLw(orient=-1, last=0); user=0 USER_ROTATION_LOCKED sensorRotation=-1 isCoverOpen=true mLidState=-1 mDockMode=0 mHdmiPlugged=false mAccelerometerDefault=false
10-18 14:17:59.709: V/WindowManager(775): Application requested orientation -1, got rotation 0 which has compatible metrics
10-18 14:17:59.709: D/WindowManager(775): computeScreenConfigurationLocked() set config.orientation=1 dw=1080 dh=1920 Callers=com.android.server.wm.WindowManagerService.updateOrientationFromAppTokensLocked:5154 com.android.server.wm.WindowManagerService.updateOrientationFromAppTokens:5123 com.android.server.am.ActivityStack.realStartActivityLocked:907
10-18 14:17:59.709: D/PowerManagerService(775): setKeyboardVisibility: false
10-18 14:17:59.719: W/ContextImpl(775): Calling a method in the system process without a qualified user: android.app.ContextImpl.sendBroadcast:1323 com.android.server.am.ActivityManagerService.computeOomAdjLocked:14825 com.android.server.am.ActivityManagerService.updateOomAdjLocked:15116 com.android.server.am.ActivityManagerService.updateOomAdjLocked:15311 com.android.server.am.ActivityManagerService.updateLruProcessLocked:2199
10-18 14:17:59.719: V/SprintExtension(25674): getString(420) uid= 10182, pid= 27146
10-18 14:17:59.719: W/ContextImpl(775): Calling a method in the system process without a qualified user: android.app.ContextImpl.sendBroadcast:1323 com.android.server.am.ActivityManagerService.computeOomAdjLocked:14831 com.android.server.am.ActivityManagerService.updateOomAdjLocked:15116 com.android.server.am.ActivityManagerService.updateOomAdjLocked:15311 com.android.server.am.ActivityManagerService.updateLruProcessLocked:2199
10-18 14:17:59.729: D/SprintExtension(25674): getString ID 420 is PhoneInfo
10-18 14:17:59.729: D/qdoverlay(219): Set pipe=RGB1 dpy=0; Set pipe=VG0 dpy=0;
10-18 14:17:59.729: V/SprintExtension(25674): getString(420) uid= 10182, pid= 27146
10-18 14:17:59.729: D/SprintExtension(25674): getString ID 420 is PhoneInfo
10-18 14:17:59.729: V/SprintExtension(25674): getString(1) uid= 10182, pid= 27146
10-18 14:17:59.729: D/SprintExtension(25674): getString ID 1 is Baseband
10-18 14:17:59.729: D/SprintExtension(25674): Loading modem value from cache
10-18 14:17:59.740: V/SprintExtension(25674): getString(1) uid= 10182, pid= 27146
10-18 14:17:59.740: D/SprintExtension(25674): getString ID 1 is Baseband
10-18 14:17:59.740: D/SprintExtension(25674): Loading modem value from cache
10-18 14:17:59.740: I/ActivityManager(775): Decrease Hidden App Number from 45to 42
10-18 14:17:59.740: W/ContextImpl(775): Calling a method in the system process without a qualified user: android.app.ContextImpl.sendBroadcast:1337 com.android.server.am.ActivityStack.realStartActivityLocked:943 com.android.server.am.ActivityManagerService.attachApplicationLocked:4994 com.android.server.am.ActivityManagerService.attachApplication:5086 android.app.ActivityManagerNative.onTransact:411
10-18 14:17:59.750: D/qdmemalloc(219): ion: Mapped buffer base:0x485e9000 size:8355840 fd:43
10-18 14:17:59.750: D/SpoService(1593): On foreground activity changed : 27191,10074,true
10-18 14:17:59.750: D/SpoService(1593): On importance changed 27191,10074,100
10-18 14:17:59.750: D/SpoService(1593): On importance changed 1208,10048,400
10-18 14:17:59.750: V/SmartFaceService - 3rd party pause(775): onReceive [android.intent.action.ACTIVITY_STATE/com.inetsgi.alloyandroid/create]
10-18 14:17:59.760: D/Launcher(1208): onTrimMemory. Level: 20
10-18 14:17:59.760: D/SurfaceWidgetClient(1838): [123490] SurfaceWidgetClient onTrimMemory level: 20
10-18 14:17:59.760: D/SurfaceWidgetClient(1805): [123490] SurfaceWidgetClient onTrimMemory level: 20
10-18 14:17:59.770: D/qdmemalloc(219): ion: Mapped buffer base:0x40236000 size:4096 fd:85
10-18 14:17:59.770: I/ActivityManager(775): Decrease Hidden App Number from 42to 39
10-18 14:17:59.790: I/ActivityManager(775): Decrease Hidden App Number from 39to 36
