10-18 14:18:08.758: I/endeffect(27191): AbsListView.onMeasure(), getWidth()=960, getHeight()=1470, this=android.widget.ListView{431337a0 VFED.VC. ......I. 0,0-960,1470}
10-18 14:18:08.768: D/AbsListView(27191): unregisterIRListener() is called
10-18 14:18:08.768: I/endeffect(27191): AbsListView.onLayout(), getWidth()=960, getHeight()=1470, this=android.widget.ListView{431337a0 VFED.VC. ......ID 0,0-960,1470}
10-18 14:18:08.768: W/SignalStrength(775): Size of signalstrength parcel:172
10-18 14:18:08.768: W/SignalStrength(775): getCdmaLevel=3
10-18 14:18:08.768: W/SignalStrength(26066): Size of signalstrength parcel:176
10-18 14:18:08.768: W/SignalStrength(1081): Size of signalstrength parcel:176
10-18 14:18:08.768: W/SignalStrength(1222): Size of signalstrength parcel:176
10-18 14:18:08.768: W/SignalStrength(27321): Size of signalstrength parcel:176
10-18 14:18:08.768: W/SignalStrength(1222): Size of signalstrength parcel:176
10-18 14:18:08.768: W/SignalStrength(1081): getCdmaLevel=3
10-18 14:18:08.768: W/SignalStrength(1081): getCdmaLevel=3
10-18 14:18:08.768: D/STATUSBAR-NetworkController(1081): onSignalStrengthsChanged signalStrength=SignalStrength: 99 0 -94 -25 -103 -60 1 99 2147483647 2147483647 2147483647 2147483647 2147483647 cdma 0x300 level=3
10-18 14:18:08.768: D/STATUSBAR-NetworkController(1081): refreshSignalCluster: data=0 bt=false
10-18 14:18:08.778: W/SignalStrength(775): getCdmaAsuLevel=2
10-18 14:18:08.788: D/IconMerger(1081): overflowShown = true
10-18 14:18:08.788: D/IconMerger(1081): moreRequired = true
10-18 14:18:09.009: I/power(775): *** release_dvfs_lock : lockType : 1
10-18 14:18:09.009: E/ANDR-PERF-MPCTL(775): MPCTL client send 3
10-18 14:18:09.009: D/AbsListView(27191): onVisibilityChanged() is called, visibility : 4
10-18 14:18:09.009: D/AbsListView(27191): unregisterIRListener() is called
10-18 14:18:09.009: I/endeffect(27191): AbsListView.onMeasure(), getWidth()=960, getHeight()=1470, this=android.widget.ListView{430d4bd8 VFED.VC. ......ID 0,0-960,1470}
10-18 14:18:09.009: I/endeffect(27191): AbsListView.onMeasure(), getWidth()=960, getHeight()=1470, this=android.widget.ListView{431337a0 VFED.VC. .F....ID 0,0-960,1470}
10-18 14:18:09.009: D/AbsListView(27191): unregisterIRListener() is called
10-18 14:18:09.009: I/endeffect(27191): AbsListView.onLayout(), getWidth()=960, getHeight()=1470, this=android.widget.ListView{430d4bd8 VFED.VC. ......ID 0,0-960,1470}
10-18 14:18:09.009: D/CustomFrequencyManagerService(775): releaseDVFSLockLocked : Getting Lock type frm List : DVFS_MIN_LIMIT frequency : 1566000 uid : 10074 pid : 27191 tag : LIST_SCROLL_BOOSTER@3
10-18 14:18:09.019: D/AbsListView(27191): unregisterIRListener() is called
10-18 14:18:09.019: I/endeffect(27191): AbsListView.onLayout(), getWidth()=960, getHeight()=1470, this=android.widget.ListView{431337a0 VFED.VC. .F....ID 0,0-960,1470}
10-18 14:18:09.059: E/SpannableStringBuilder(27191): SPAN_EXCLUSIVE_EXCLUSIVE spans cannot have a zero length
10-18 14:18:09.059: E/SpannableStringBuilder(27191): SPAN_EXCLUSIVE_EXCLUSIVE spans cannot have a zero length
10-18 14:18:09.299: D/InputReader(775): Input event: value=1
10-18 14:18:09.299: I/InputReader(775): Touch event's action is 0x0 (deviceType=0) [pCnt=1, s=0.7985 ] when=1207057389068000
10-18 14:18:09.299: I/InputDispatcher(775): Delivering touch to current input target: action: 0x0
10-18 14:18:09.299: I/InputDispatcher(775): Delivering touch to current input target: action: 0x0
10-18 14:18:09.309: I/InputDispatcher(775): Delivering touch to current input target: action: 0x0
10-18 14:18:09.309: I/InputDispatcher(775): Delivering touch to current input target: action: 0x0
10-18 14:18:09.339: I/CustomFrequencyManager(27191): newFrequencyRequest - mFrequency = 1566000, mTimeoutMs = -1, mPkgName = LIST_SCROLL_BOOSTER@5
10-18 14:18:09.339: I/CustomFrequencyManager(27191): Boost Request from package = LIST_SCROLL_BOOSTER@5 frequency : 1566000type = 6
10-18 14:18:09.339: I/CustomFrequencyManager(27191): !! pkgName = LIST_SCROLL_BOOSTER@5
10-18 14:18:09.339: I/CustomFrequencyManager(27191): Request from package name pkgName = LIST_SCROLL_BOOSTER@5
10-18 14:18:09.339: I/CustomFrequencyManager(27191): mContext is Not Null mContext.pkgName = com.inetsgi.alloyandroid
10-18 14:18:09.339: I/CustomFrequencyManager(27191): mToken is Null....Creating New Binder!
10-18 14:18:09.339: I/CustomFrequencyManager(27191): CPUDVFSControlRequest : doFrequencyRequest:: = 1566000 Timeout : -1
10-18 14:18:09.339: I/power(775): *** acquire_dvfs_lock : lockType : 1 freq : 1566000
10-18 14:18:09.339: I/CustomFrequencyManager(27191): newFrequencyRequest - mFrequency = 2, mTimeoutMs = -1, mPkgName = LIST_SCROLL_BOOSTER_CORE@6
10-18 14:18:09.339: I/CustomFrequencyManager(27191): Boost Request from package = LIST_SCROLL_BOOSTER_CORE@6 frequency : 2type = 4
10-18 14:18:09.339: I/CustomFrequencyManager(27191): !! pkgName = LIST_SCROLL_BOOSTER_CORE@6
10-18 14:18:09.339: I/CustomFrequencyManager(27191): Request from package name pkgName = LIST_SCROLL_BOOSTER_CORE@6
10-18 14:18:09.339: I/CustomFrequencyManager(27191): mContext is Not Null mContext.pkgName = com.inetsgi.alloyandroid
10-18 14:18:09.339: I/CustomFrequencyManager(27191): mToken is Null....Creating New Binder!
10-18 14:18:09.339: I/CustomFrequencyManager(27191): CPUCoreControlRequest : doFrequencyRequest:: = 2 Timeout : -1
10-18 14:18:09.339: E/ANDR-PERF-MPCTL(775): MPCTL client send 2
10-18 14:18:09.339: D/CustomFrequencyManagerService(775): acquireDVFSLockLocked : type : DVFS_MIN_LIMIT frequency : 1566000 uid : 10074 pid : 27191 pkgName : LIST_SCROLL_BOOSTER@5
10-18 14:18:09.379: D/InputReader(775): Input event: value=0
10-18 14:18:09.379: I/InputReader(775): Touch event's action is 0x1 (deviceType=0) [pCnt=1, s=] when=1207057469756000
10-18 14:18:09.389: I/InputDispatcher(775): Delivering touch to current input target: action: 0x1
10-18 14:18:09.389: I/InputDispatcher(775): Delivering touch to current input target: action: 0x1
10-18 14:18:09.389: I/InputDispatcher(775): Delivering touch to current input target: action: 0x1
10-18 14:18:09.389: I/InputDispatcher(775): Delivering touch to current input target: action: 0x1
10-18 14:18:09.459: D/dalvikvm(27191): GC_FOR_ALLOC freed 862K, 3% free 105586K/107796K, paused 82ms, total 82ms
10-18 14:18:09.509: D/GestureDetector(27191): [Surface Touch Event] mSweepDown False, mLRSDCnt : -1 mTouchCnt : 4 mFalseSizeCnt:0
10-18 14:18:10.420: E/QcrilMsgTunnelSocket(25734): IOExceptionjava.io.IOException: No such file or directoryReason: No such file or directory
10-18 14:18:10.680: D/InputReader(775): Input event: value=1
10-18 14:18:10.680: I/InputReader(775): Touch event's action is 0x0 (deviceType=0) [pCnt=1, s=0.7986 ] when=1207058772674000
10-18 14:18:10.680: I/InputDispatcher(775): Delivering touch to current input target: action: 0x0
10-18 14:18:10.680: I/InputDispatcher(775): Delivering touch to current input target: action: 0x0
10-18 14:18:10.680: I/InputDispatcher(775): Delivering touch to current input target: action: 0x0
10-18 14:18:10.680: I/InputDispatcher(775): Delivering touch to current input target: action: 0x0
10-18 14:18:10.810: D/InputReader(775): Input event: value=0
10-18 14:18:10.810: I/InputReader(775): Touch event's action is 0x1 (deviceType=0) [pCnt=1, s=] when=1207058907378000
10-18 14:18:10.810: I/InputDispatcher(775): Delivering touch to current input target: action: 0x1
10-18 14:18:10.810: I/InputDispatcher(775): Delivering touch to current input target: action: 0x1
10-18 14:18:10.810: I/InputDispatcher(775): Delivering touch to current input target: action: 0x1
10-18 14:18:10.810: I/InputDispatcher(775): Delivering touch to current input target: action: 0x1
10-18 14:18:10.850: D/GestureDetector(27191): [Surface Touch Event] mSweepDown False, mLRSDCnt : -1 mTouchCnt : 7 mFalseSizeCnt:0
10-18 14:18:10.920: D/AbsListView(27191): onVisibilityChanged() is called, visibility : 0
10-18 14:18:10.920: D/AbsListView(27191): unregisterIRListener() is called
10-18 14:18:11.041: I/endeffect(27191): AbsListView.onMeasure(), getWidth()=960, getHeight()=1470, this=android.widget.ListView{43192368 VFED.VC. ......I. 0,0-960,1470}
10-18 14:18:11.051: D/AbsListView(27191): unregisterIRListener() is called
10-18 14:18:11.051: I/endeffect(27191): AbsListView.onLayout(), getWidth()=960, getHeight()=1470, this=android.widget.ListView{43192368 VFED.VC. ......ID 0,0-960,1470}
10-18 14:18:11.291: I/power(775): *** release_dvfs_lock : lockType : 1
10-18 14:18:11.291: E/ANDR-PERF-MPCTL(775): MPCTL client send 3
10-18 14:18:11.291: D/AbsListView(27191): onVisibilityChanged() is called, visibility : 4
10-18 14:18:11.291: D/AbsListView(27191): unregisterIRListener() is called
10-18 14:18:11.291: D/CustomFrequencyManagerService(775): releaseDVFSLockLocked : Getting Lock type frm List : DVFS_MIN_LIMIT frequency : 1566000 uid : 10074 pid : 27191 tag : LIST_SCROLL_BOOSTER@5
10-18 14:18:11.301: I/endeffect(27191): AbsListView.onMeasure(), getWidth()=960, getHeight()=1470, this=android.widget.ListView{431337a0 VFED.VC. ......ID 0,0-960,1470}
10-18 14:18:11.301: I/endeffect(27191): AbsListView.onMeasure(), getWidth()=960, getHeight()=1470, this=android.widget.ListView{43192368 VFED.VC. .F....ID 0,0-960,1470}
10-18 14:18:11.301: D/AbsListView(27191): unregisterIRListener() is called
10-18 14:18:11.301: I/endeffect(27191): AbsListView.onLayout(), getWidth()=960, getHeight()=1470, this=android.widget.ListView{431337a0 VFED.VC. ......ID 0,0-960,1470}
10-18 14:18:11.301: D/AbsListView(27191): unregisterIRListener() is called
10-18 14:18:11.301: I/endeffect(27191): AbsListView.onLayout(), getWidth()=960, getHeight()=1470, this=android.widget.ListView{43192368 VFED.VC. .F....ID 0,0-960,1470}
10-18 14:18:11.361: E/SpannableStringBuilder(27191): SPAN_EXCLUSIVE_EXCLUSIVE spans cannot have a zero length
10-18 14:18:11.361: E/SpannableStringBuilder(27191): SPAN_EXCLUSIVE_EXCLUSIVE spans cannot have a zero length
10-18 14:18:11.541: D/InputReader(775): Input event: value=1
10-18 14:18:11.541: I/InputReader(775): Touch event's action is 0x0 (deviceType=0) [pCnt=1, s=0.7987 ] when=1207059631347000
10-18 14:18:11.541: I/InputDispatcher(775): Delivering touch to current input target: action: 0x0
10-18 14:18:11.541: I/InputDispatcher(775): Delivering touch to current input target: action: 0x0
10-18 14:18:11.541: I/InputDispatcher(775): Delivering touch to current input target: action: 0x0
10-18 14:18:11.541: I/InputDispatcher(775): Delivering touch to current input target: action: 0x0
10-18 14:18:11.591: I/CustomFrequencyManager(27191): newFrequencyRequest - mFrequency = 1566000, mTimeoutMs = -1, mPkgName = LIST_SCROLL_BOOSTER@7
10-18 14:18:11.591: I/CustomFrequencyManager(27191): Boost Request from package = LIST_SCROLL_BOOSTER@7 frequency : 1566000type = 6
10-18 14:18:11.591: I/CustomFrequencyManager(27191): !! pkgName = LIST_SCROLL_BOOSTER@7
10-18 14:18:11.591: I/CustomFrequencyManager(27191): Request from package name pkgName = LIST_SCROLL_BOOSTER@7
10-18 14:18:11.591: I/CustomFrequencyManager(27191): mContext is Not Null mContext.pkgName = com.inetsgi.alloyandroid
10-18 14:18:11.591: I/CustomFrequencyManager(27191): mToken is Null....Creating New Binder!
10-18 14:18:11.591: I/CustomFrequencyManager(27191): CPUDVFSControlRequest : doFrequencyRequest:: = 1566000 Timeout : -1
10-18 14:18:11.591: I/power(775): *** acquire_dvfs_lock : lockType : 1 freq : 1566000
10-18 14:18:11.591: I/CustomFrequencyManager(27191): newFrequencyRequest - mFrequency = 2, mTimeoutMs = -1, mPkgName = LIST_SCROLL_BOOSTER_CORE@8
10-18 14:18:11.591: I/CustomFrequencyManager(27191): Boost Request from package = LIST_SCROLL_BOOSTER_CORE@8 frequency : 2type = 4
10-18 14:18:11.591: I/CustomFrequencyManager(27191): !! pkgName = LIST_SCROLL_BOOSTER_CORE@8
10-18 14:18:11.591: I/CustomFrequencyManager(27191): Request from package name pkgName = LIST_SCROLL_BOOSTER_CORE@8
10-18 14:18:11.591: I/CustomFrequencyManager(27191): mContext is Not Null mContext.pkgName = com.inetsgi.alloyandroid
10-18 14:18:11.591: I/CustomFrequencyManager(27191): mToken is Null....Creating New Binder!
10-18 14:18:11.591: I/CustomFrequencyManager(27191): CPUCoreControlRequest : doFrequencyRequest:: = 2 Timeout : -1
10-18 14:18:11.591: E/ANDR-PERF-MPCTL(775): MPCTL client send 2
10-18 14:18:11.591: D/CustomFrequencyManagerService(775): acquireDVFSLockLocked : type : DVFS_MIN_LIMIT frequency : 1566000 uid : 10074 pid : 27191 pkgName : LIST_SCROLL_BOOSTER@7
10-18 14:18:11.661: D/InputReader(775): Input event: value=0
10-18 14:18:11.661: I/InputReader(775): Touch event's action is 0x1 (deviceType=0) [pCnt=1, s=] when=1207059755065000
10-18 14:18:11.661: I/InputDispatcher(775): Delivering touch to current input target: action: 0x1
10-18 14:18:11.661: I/InputDispatcher(775): Delivering touch to current input target: action: 0x1
10-18 14:18:11.661: I/InputDispatcher(775): Delivering touch to current input target: action: 0x1
10-18 14:18:11.661: I/InputDispatcher(775): Delivering touch to current input target: action: 0x1
10-18 14:18:11.711: D/dalvikvm(27191): GC_FOR_ALLOC freed 908K, 2% free 111841K/113996K, paused 81ms, total 82ms
10-18 14:18:11.741: D/GestureDetector(27191): [Surface Touch Event] mSweepDown False, mLRSDCnt : -1 mTouchCnt : 5 mFalseSizeCnt:0
10-18 14:18:12.812: D/InputReader(775): Input event: value=1
10-18 14:18:12.812: I/InputReader(775): Touch event's action is 0x0 (deviceType=0) [pCnt=1, s=0.7988 ] when=1207060905761000
10-18 14:18:12.812: I/InputDispatcher(775): Delivering touch to current input target: action: 0x0
10-18 14:18:12.812: I/InputDispatcher(775): Delivering touch to current input target: action: 0x0
10-18 14:18:12.812: I/InputDispatcher(775): Delivering touch to current input target: action: 0x0
10-18 14:18:12.812: I/InputDispatcher(775): Delivering touch to current input target: action: 0x0
10-18 14:18:12.962: D/InputReader(775): Input event: value=0
10-18 14:18:12.962: I/InputReader(775): Touch event's action is 0x1 (deviceType=0) [pCnt=1, s=] when=1207061051177000
10-18 14:18:12.962: I/InputDispatcher(775): Delivering touch to current input target: action: 0x1
10-18 14:18:12.962: I/InputDispatcher(775): Delivering touch to current input target: action: 0x1
10-18 14:18:12.962: I/InputDispatcher(775): Delivering touch to current input target: action: 0x1
10-18 14:18:12.962: I/InputDispatcher(775): Delivering touch to current input target: action: 0x1
10-18 14:18:12.962: D/GestureDetector(27191): [Surface Touch Event] mSweepDown False, mLRSDCnt : -1 mTouchCnt : 6 mFalseSizeCnt:0
10-18 14:18:13.022: D/AbsListView(27191): onVisibilityChanged() is called, visibility : 0
10-18 14:18:13.022: D/AbsListView(27191): unregisterIRListener() is called
10-18 14:18:13.153: I/endeffect(27191): AbsListView.onMeasure(), getWidth()=960, getHeight()=1470, this=android.widget.ListView{431f0f30 VFED.VC. ......I. 0,0-960,1470}
10-18 14:18:13.153: D/AbsListView(27191): unregisterIRListener() is called
10-18 14:18:13.153: I/endeffect(27191): AbsListView.onLayout(), getWidth()=960, getHeight()=1470, this=android.widget.ListView{431f0f30 VFED.VC. ......ID 0,0-960,1470}
10-18 14:18:13.393: I/power(775): *** release_dvfs_lock : lockType : 1
10-18 14:18:13.393: E/ANDR-PERF-MPCTL(775): MPCTL client send 3
10-18 14:18:13.393: D/CustomFrequencyManagerService(775): releaseDVFSLockLocked : Getting Lock type frm List : DVFS_MIN_LIMIT frequency : 1566000 uid : 10074 pid : 27191 tag : LIST_SCROLL_BOOSTER@7
10-18 14:18:13.403: D/AbsListView(27191): onVisibilityChanged() is called, visibility : 4
10-18 14:18:13.403: D/AbsListView(27191): unregisterIRListener() is called
10-18 14:18:13.403: I/endeffect(27191): AbsListView.onMeasure(), getWidth()=960, getHeight()=1470, this=android.widget.ListView{43192368 VFED.VC. ......ID 0,0-960,1470}
10-18 14:18:13.403: I/endeffect(27191): AbsListView.onMeasure(), getWidth()=960, getHeight()=1470, this=android.widget.ListView{431f0f30 VFED.VC. .F....ID 0,0-960,1470}
10-18 14:18:13.403: D/AbsListView(27191): unregisterIRListener() is called
10-18 14:18:13.403: I/endeffect(27191): AbsListView.onLayout(), getWidth()=960, getHeight()=1470, this=android.widget.ListView{43192368 VFED.VC. ......ID 0,0-960,1470}
10-18 14:18:13.413: D/AbsListView(27191): unregisterIRListener() is called
10-18 14:18:13.413: I/endeffect(27191): AbsListView.onLayout(), getWidth()=960, getHeight()=1470, this=android.widget.ListView{431f0f30 VFED.VC. .F....ID 0,0-960,1470}
10-18 14:18:13.453: E/SpannableStringBuilder(27191): SPAN_EXCLUSIVE_EXCLUSIVE spans cannot have a zero length
10-18 14:18:13.453: E/SpannableStringBuilder(27191): SPAN_EXCLUSIVE_EXCLUSIVE spans cannot have a zero length
10-18 14:18:13.633: D/InputReader(775): Input event: value=1
10-18 14:18:13.633: I/InputReader(775): Touch event's action is 0x0 (deviceType=0) [pCnt=1, s=0.7989 ] when=1207061727935000
10-18 14:18:13.633: I/InputDispatcher(775): Delivering touch to current input target: action: 0x0
10-18 14:18:13.643: I/InputDispatcher(775): Delivering touch to current input target: action: 0x0
10-18 14:18:13.643: I/InputDispatcher(775): Delivering touch to current input target: action: 0x0
10-18 14:18:13.643: I/InputDispatcher(775): Delivering touch to current input target: action: 0x0
10-18 14:18:13.643: D/PowerManagerService(775): [api] userActivityFromNative : 20 (event: 2 flags: 0)
10-18 14:18:13.673: I/CustomFrequencyManager(27191): newFrequencyRequest - mFrequency = 1566000, mTimeoutMs = -1, mPkgName = LIST_SCROLL_BOOSTER@9
10-18 14:18:13.673: I/CustomFrequencyManager(27191): Boost Request from package = LIST_SCROLL_BOOSTER@9 frequency : 1566000type = 6
10-18 14:18:13.673: I/CustomFrequencyManager(27191): !! pkgName = LIST_SCROLL_BOOSTER@9
10-18 14:18:13.673: I/CustomFrequencyManager(27191): Request from package name pkgName = LIST_SCROLL_BOOSTER@9
10-18 14:18:13.673: I/CustomFrequencyManager(27191): mContext is Not Null mContext.pkgName = com.inetsgi.alloyandroid
10-18 14:18:13.673: I/CustomFrequencyManager(27191): mToken is Null....Creating New Binder!
10-18 14:18:13.673: I/CustomFrequencyManager(27191): CPUDVFSControlRequest : doFrequencyRequest:: = 1566000 Timeout : -1
10-18 14:18:13.673: I/power(775): *** acquire_dvfs_lock : lockType : 1 freq : 1566000
10-18 14:18:13.673: I/CustomFrequencyManager(27191): newFrequencyRequest - mFrequency = 2, mTimeoutMs = -1, mPkgName = LIST_SCROLL_BOOSTER_CORE@10
10-18 14:18:13.673: I/CustomFrequencyManager(27191): Boost Request from package = LIST_SCROLL_BOOSTER_CORE@10 frequency : 2type = 4
10-18 14:18:13.673: I/CustomFrequencyManager(27191): !! pkgName = LIST_SCROLL_BOOSTER_CORE@10
10-18 14:18:13.673: I/CustomFrequencyManager(27191): Request from package name pkgName = LIST_SCROLL_BOOSTER_CORE@10
10-18 14:18:13.673: I/CustomFrequencyManager(27191): mContext is Not Null mContext.pkgName = com.inetsgi.alloyandroid
10-18 14:18:13.673: I/CustomFrequencyManager(27191): mToken is Null....Creating New Binder!
10-18 14:18:13.673: I/CustomFrequencyManager(27191): CPUCoreControlRequest : doFrequencyRequest:: = 2 Timeout : -1
10-18 14:18:13.673: E/ANDR-PERF-MPCTL(775): MPCTL client send 2
10-18 14:18:13.673: D/CustomFrequencyManagerService(775): acquireDVFSLockLocked : type : DVFS_MIN_LIMIT frequency : 1566000 uid : 10074 pid : 27191 pkgName : LIST_SCROLL_BOOSTER@9
10-18 14:18:13.723: D/InputReader(775): Input event: value=0
10-18 14:18:13.723: I/InputReader(775): Touch event's action is 0x1 (deviceType=0) [pCnt=1, s=] when=1207061819121000
10-18 14:18:13.723: I/InputDispatcher(775): Delivering touch to current input target: action: 0x1
10-18 14:18:13.723: I/InputDispatcher(775): Delivering touch to current input target: action: 0x1
10-18 14:18:13.733: I/InputDispatcher(775): Delivering touch to current input target: action: 0x1
10-18 14:18:13.733: I/InputDispatcher(775): Delivering touch to current input target: action: 0x1
10-18 14:18:13.783: D/dalvikvm(27191): GC_FOR_ALLOC freed 875K, 2% free 118099K/120196K, paused 82ms, total 83ms
10-18 14:18:13.813: D/GestureDetector(27191): [Surface Touch Event] mSweepDown False, mLRSDCnt : -1 mTouchCnt : 4 mFalseSizeCnt:0
10-18 14:18:14.424: E/QcrilMsgTunnelSocket(25734): IOExceptionjava.io.IOException: No such file or directoryReason: No such file or directory
10-18 14:18:15.094: D/InputReader(775): Input event: value=1
10-18 14:18:15.094: I/InputReader(775): Touch event's action is 0x0 (deviceType=0) [pCnt=1, s=0.7990 ] when=1207063188110000
10-18 14:18:15.094: I/InputDispatcher(775): Delivering touch to current input target: action: 0x0
10-18 14:18:15.094: I/InputDispatcher(775): Delivering touch to current input target: action: 0x0
10-18 14:18:15.094: I/InputDispatcher(775): Delivering touch to current input target: action: 0x0
10-18 14:18:15.094: I/InputDispatcher(775): Delivering touch to current input target: action: 0x0
10-18 14:18:15.205: D/InputReader(775): Input event: value=0
10-18 14:18:15.205: I/InputReader(775): Touch event's action is 0x1 (deviceType=0) [pCnt=1, s=] when=1207063290527000
10-18 14:18:15.205: I/InputDispatcher(775): Delivering touch to current input target: action: 0x1
10-18 14:18:15.205: I/InputDispatcher(775): Delivering touch to current input target: action: 0x1
10-18 14:18:15.205: I/InputDispatcher(775): Delivering touch to current input target: action: 0x1
10-18 14:18:15.205: I/InputDispatcher(775): Delivering touch to current input target: action: 0x1
10-18 14:18:15.215: D/GestureDetector(27191): [Surface Touch Event] mSweepDown False, mLRSDCnt : -1 mTouchCnt : 5 mFalseSizeCnt:0
10-18 14:18:15.295: D/AbsListView(27191): onVisibilityChanged() is called, visibility : 0
10-18 14:18:15.295: D/AbsListView(27191): unregisterIRListener() is called
10-18 14:18:15.415: I/endeffect(27191): AbsListView.onMeasure(), getWidth()=960, getHeight()=1470, this=android.widget.ListView{4324fb60 VFED.VC. ......I. 0,0-960,1470}
10-18 14:18:15.425: D/AbsListView(27191): unregisterIRListener() is called
10-18 14:18:15.425: I/endeffect(27191): AbsListView.onLayout(), getWidth()=960, getHeight()=1470, this=android.widget.ListView{4324fb60 VFED.VC. ......ID 0,0-960,1470}
10-18 14:18:15.655: I/power(775): *** release_dvfs_lock : lockType : 1
10-18 14:18:15.655: E/ANDR-PERF-MPCTL(775): MPCTL client send 3
10-18 14:18:15.655: D/AbsListView(27191): onVisibilityChanged() is called, visibility : 4
10-18 14:18:15.655: D/AbsListView(27191): unregisterIRListener() is called
10-18 14:18:15.655: D/CustomFrequencyManagerService(775): releaseDVFSLockLocked : Getting Lock type frm List : DVFS_MIN_LIMIT frequency : 1566000 uid : 10074 pid : 27191 tag : LIST_SCROLL_BOOSTER@9
10-18 14:18:15.665: I/endeffect(27191): AbsListView.onMeasure(), getWidth()=960, getHeight()=1470, this=android.widget.ListView{431f0f30 VFED.VC. ......ID 0,0-960,1470}
10-18 14:18:15.665: I/endeffect(27191): AbsListView.onMeasure(), getWidth()=960, getHeight()=1470, this=android.widget.ListView{4324fb60 VFED.VC. .F....ID 0,0-960,1470}
10-18 14:18:15.665: D/AbsListView(27191): unregisterIRListener() is called
10-18 14:18:15.665: I/endeffect(27191): AbsListView.onLayout(), getWidth()=960, getHeight()=1470, this=android.widget.ListView{431f0f30 VFED.VC. ......ID 0,0-960,1470}
10-18 14:18:15.665: D/AbsListView(27191): unregisterIRListener() is called
10-18 14:18:15.665: I/endeffect(27191): AbsListView.onLayout(), getWidth()=960, getHeight()=1470, this=android.widget.ListView{4324fb60 VFED.VC. .F....ID 0,0-960,1470}
10-18 14:18:15.705: E/SpannableStringBuilder(27191): SPAN_EXCLUSIVE_EXCLUSIVE spans cannot have a zero length
10-18 14:18:15.705: E/SpannableStringBuilder(27191): SPAN_EXCLUSIVE_EXCLUSIVE spans cannot have a zero length
10-18 14:18:15.825: I/Monitor(775): SIOP:: Current AP = 400, CP = 0
10-18 14:18:15.955: D/InputReader(775): Input event: value=1
10-18 14:18:15.955: I/InputReader(775): Touch event's action is 0x0 (deviceType=0) [pCnt=1, s=0.7991 ] when=1207064043090000
10-18 14:18:15.955: I/InputDispatcher(775): Delivering touch to current input target: action: 0x0
10-18 14:18:15.955: I/InputDispatcher(775): Delivering touch to current input target: action: 0x0
10-18 14:18:15.955: I/InputDispatcher(775): Delivering touch to current input target: action: 0x0
10-18 14:18:15.955: I/InputDispatcher(775): Delivering touch to current input target: action: 0x0
10-18 14:18:15.965: E/MP-Decision(1674): num online cores: 2 reqd : 1 available : 4 rq_depth:0.000000 hotplug_avg_load_dw: 12
10-18 14:18:15.965: E/MP-Decision(1674): DOWN cpu:1 core_idx:1 Ns:1.100000 Ts:190 total_time_down:294.000000
10-18 14:18:15.985: I/CustomFrequencyManager(27191): newFrequencyRequest - mFrequency = 1566000, mTimeoutMs = -1, mPkgName = LIST_SCROLL_BOOSTER@11
10-18 14:18:15.985: I/CustomFrequencyManager(27191): Boost Request from package = LIST_SCROLL_BOOSTER@11 frequency : 1566000type = 6
10-18 14:18:15.985: I/CustomFrequencyManager(27191): !! pkgName = LIST_SCROLL_BOOSTER@11
10-18 14:18:15.985: I/CustomFrequencyManager(27191): Request from package name pkgName = LIST_SCROLL_BOOSTER@11
10-18 14:18:15.985: I/CustomFrequencyManager(27191): mContext is Not Null mContext.pkgName = com.inetsgi.alloyandroid
10-18 14:18:15.985: I/CustomFrequencyManager(27191): mToken is Null....Creating New Binder!
10-18 14:18:15.985: I/CustomFrequencyManager(27191): CPUDVFSControlRequest : doFrequencyRequest:: = 1566000 Timeout : -1
10-18 14:18:15.985: I/power(775): *** acquire_dvfs_lock : lockType : 1 freq : 1566000
10-18 14:18:15.985: D/CustomFrequencyManagerService(775): acquireDVFSLockLocked : type : DVFS_MIN_LIMIT frequency : 1566000 uid : 10074 pid : 27191 pkgName : LIST_SCROLL_BOOSTER@11
10-18 14:18:15.995: I/CustomFrequencyManager(27191): newFrequencyRequest - mFrequency = 2, mTimeoutMs = -1, mPkgName = LIST_SCROLL_BOOSTER_CORE@12
10-18 14:18:15.995: I/CustomFrequencyManager(27191): Boost Request from package = LIST_SCROLL_BOOSTER_CORE@12 frequency : 2type = 4
10-18 14:18:15.995: I/CustomFrequencyManager(27191): !! pkgName = LIST_SCROLL_BOOSTER_CORE@12
10-18 14:18:15.995: I/CustomFrequencyManager(27191): Request from package name pkgName = LIST_SCROLL_BOOSTER_CORE@12
10-18 14:18:15.995: I/CustomFrequencyManager(27191): mContext is Not Null mContext.pkgName = com.inetsgi.alloyandroid
10-18 14:18:15.995: I/CustomFrequencyManager(27191): mToken is Null....Creating New Binder!
10-18 14:18:15.995: I/CustomFrequencyManager(27191): CPUCoreControlRequest : doFrequencyRequest:: = 2 Timeout : -1
10-18 14:18:15.995: E/ANDR-PERF-MPCTL(775): MPCTL client send 2
10-18 14:18:16.045: D/InputReader(775): Input event: value=0
10-18 14:18:16.045: I/InputReader(775): Touch event's action is 0x1 (deviceType=0) [pCnt=1, s=] when=1207064134551000
10-18 14:18:16.045: I/InputDispatcher(775): Delivering touch to current input target: action: 0x1
10-18 14:18:16.045: I/InputDispatcher(775): Delivering touch to current input target: action: 0x1
10-18 14:18:16.045: I/InputDispatcher(775): Delivering touch to current input target: action: 0x1
10-18 14:18:16.045: I/InputDispatcher(775): Delivering touch to current input target: action: 0x1
10-18 14:18:16.105: I/dalvikvm-heap(27191): Clamp target GC heap from 130.344MB to 128.000MB
10-18 14:18:16.105: D/dalvikvm(27191): GC_FOR_ALLOC freed 1035K, 2% free 124360K/126396K, paused 85ms, total 85ms
10-18 14:18:16.186: V/AlarmManager(775): waitForAlarm result :1
10-18 14:18:16.186: I/ActivityManager(775): Decrease Hidden App Number from 39to 36
10-18 14:18:16.196: I/LSS-II:(775): proc in:com.sec.everglades,adj=15LRU num=87,i=41
10-18 14:18:16.196: I/LSS-II:(775): proc in:com.sec.android.service.cm,adj=15LRU num=87,i=39
10-18 14:18:16.196: I/LSS-II:(775): proc in:com.sec.android.app.FileShareServer,adj=15LRU num=87,i=38
10-18 14:18:16.196: I/LSS-II:(775): proc in:com.sec.android.SimpleWidget,adj=15LRU num=87,i=33
10-18 14:18:16.196: I/LSS-II:(775): proc in:com.android.settings,adj=15LRU num=87,i=32
10-18 14:18:16.196: I/LSS-II:(775): proc in:com.samsung.android.provider.filterprovider,adj=15LRU num=87,i=31
10-18 14:18:16.196: I/LSS-II:(775): proc in:com.android.keychain,adj=15LRU num=87,i=29
10-18 14:18:16.196: I/LSS-II:(775): proc in:com.android.defcontainer,adj=15LRU num=87,i=28
10-18 14:18:16.196: V/AlarmManager(775): trigger ELAPSED_REALTIME_WAKEUP or RTC_WAKEUP
10-18 14:18:16.206: I/dalvikvm-heap(27191): Clamp target GC heap from 133.643MB to 128.000MB
10-18 14:18:16.216: D/dalvikvm(27191): GC_FOR_ALLOC freed 335K, 2% free 127738K/130116K, paused 94ms, total 94ms
10-18 14:18:16.216: I/dalvikvm-heap(27191): Forcing collection of SoftReferences for 1267216-byte allocation
10-18 14:18:16.276: D/BatteryService(775): update start
10-18 14:18:16.286: D/BatteryService(775): level:100, scale:100, status:5, health:2, present:true, voltage: 4295, temperature: 274, technology: Li-ion, AC powered:false, USB powered:true, Wireless powered:false, icon:17303324, invalid charger:0, online:4, charge type:1, current avg:460
10-18 14:18:16.286: D/BatteryService(775): Sending ACTION_BATTERY_CHANGED.
10-18 14:18:16.286: D/STATUSBAR-BatteryController(1081): onReceive() - ACTION_BATTERY_CHANGED
10-18 14:18:16.286: D/STATUSBAR-BatteryController(1081): onReceive() - BATTERY_STATUS_FULL:
10-18 14:18:16.286: D/STATUSBAR-PhoneStatusBar(1081): NORMAL_BATTERY
10-18 14:18:16.296: D/IconMerger(1081): overflowShown = true
10-18 14:18:16.296: D/IconMerger(1081): moreRequired = true
10-18 14:18:16.316: E/MP-Decision(1674): num online cores: 2 reqd : 4 available : 4 rq_depth:4.700000 hotplug_avg_load_dw: 138
10-18 14:18:16.316: E/MP-Decision(1674): UP cpu:1 core_idx:1 Nw:1.900000 Tw:140 total_time_up:0.000000
10-18 14:18:16.316: E/MP-Decision(1674): UP cpu:2 core_idx:2 Nw:2.700000 Tw:90 total_time_up:98.000000
10-18 14:18:16.316: E/MP-Decision(1674): UP cpu:3 core_idx:3 Nw:3.500000 Tw:90 total_time_up:98.000000
10-18 14:18:16.326: I/dalvikvm-heap(27191): Clamp target GC heap from 133.634MB to 128.000MB
10-18 14:18:16.326: D/dalvikvm(27191): GC_BEFORE_OOM freed 10K, 2% free 127727K/130116K, paused 112ms, total 112ms
10-18 14:18:16.326: E/dalvikvm-heap(27191): Out of memory on a 1267216-byte allocation.
10-18 14:18:16.326: I/dalvikvm(27191): "main" prio=5 tid=1 RUNNABLE
10-18 14:18:16.326: I/dalvikvm(27191): | group="main" sCount=0 dsCount=0 obj=0x4150eb38 self=0x4137f9e8
10-18 14:18:16.326: I/dalvikvm(27191): | sysTid=27191 nice=0 sched=0/0 cgrp=apps handle=1075209692
10-18 14:18:16.326: I/dalvikvm(27191): | state=R schedstat=( 0 0 0 ) utm=1027 stm=112 core=0
10-18 14:18:16.326: I/dalvikvm(27191): at android.graphics.Bitmap.nativeCreate(Native Method)
10-18 14:18:16.326: I/dalvikvm(27191): at android.graphics.Bitmap.createBitmap(Bitmap.java:718)
10-18 14:18:16.326: I/dalvikvm(27191): at android.graphics.Bitmap.createBitmap(Bitmap.java:678)
10-18 14:18:16.326: I/dalvikvm(27191): at android.view.View.buildDrawingCache(View.java:13367)
10-18 14:18:16.326: I/dalvikvm(27191): at android.view.View.getDrawingCache(View.java:13216)
10-18 14:18:16.326: I/dalvikvm(27191): at android.view.View.draw(View.java:13870)
10-18 14:18:16.326: I/dalvikvm(27191): at android.view.ViewGroup.drawChild(ViewGroup.java:3024)
10-18 14:18:16.326: I/dalvikvm(27191): at android.widget.ListView.drawChild(ListView.java:3340)
10-18 14:18:16.326: I/dalvikvm(27191): at android.view.ViewGroup.dispatchDraw(ViewGroup.java:2893)
10-18 14:18:16.326: I/dalvikvm(27191): at android.widget.AbsListView.dispatchDraw(AbsListView.java:2796)
10-18 14:18:16.326: I/dalvikvm(27191): at android.widget.ListView.dispatchDraw(ListView.java:3335)
10-18 14:18:16.326: I/dalvikvm(27191): at android.view.View.draw(View.java:14291)
10-18 14:18:16.326: I/dalvikvm(27191): at android.widget.AbsListView.draw(AbsListView.java:4993)
10-18 14:18:16.326: I/dalvikvm(27191): at android.view.View.draw(View.java:14064)
10-18 14:18:16.326: I/dalvikvm(27191): at android.view.ViewGroup.drawChild(ViewGroup.java:3024)
10-18 14:18:16.326: I/dalvikvm(27191): at android.view.ViewGroup.dispatchDraw(ViewGroup.java:2893)
10-18 14:18:16.326: I/dalvikvm(27191): at android.view.View.buildDrawingCache(View.java:13432)
10-18 14:18:16.326: I/dalvikvm(27191): at android.view.View.getDrawingCache(View.java:13216)
10-18 14:18:16.326: I/dalvikvm(27191): at android.view.View.draw(View.java:13870)
10-18 14:18:16.326: I/dalvikvm(27191): at android.view.ViewGroup.drawChild(ViewGroup.java:3024)
10-18 14:18:16.326: I/dalvikvm(27191): at android.view.ViewGroup.dispatchDraw(ViewGroup.java:2893)
10-18 14:18:16.326: I/dalvikvm(27191): at org.appcelerator.titanium.view.TiCompositeLayout.dispatchDraw(TiCompositeLayout.java:646)
10-18 14:18:16.326: I/dalvikvm(27191): at android.view.View.draw(View.java:14062)
10-18 14:18:16.326: I/dalvikvm(27191): at android.view.ViewGroup.drawChild(ViewGroup.java:3024)
10-18 14:18:16.326: I/dalvikvm(27191): at android.view.ViewGroup.dispatchDraw(ViewGroup.java:2893)
10-18 14:18:16.326: I/dalvikvm(27191): at org.appcelerator.titanium.view.TiCompositeLayout.dispatchDraw(TiCompositeLayout.java:646)
10-18 14:18:16.326: I/dalvikvm(27191): at android.view.View.draw(View.java:14183)
10-18 14:18:16.326: I/dalvikvm(27191): at android.view.View.draw(View.java:14064)
10-18 14:18:16.326: I/dalvikvm(27191): at android.view.ViewGroup.drawChild(ViewGroup.java:3024)
10-18 14:18:16.326: I/dalvikvm(27191): at android.view.ViewGroup.dispatchDraw(ViewGroup.java:2893)
10-18 14:18:16.326: I/dalvikvm(27191): at org.appcelerator.titanium.view.TiCompositeLayout.dispatchDraw(TiCompositeLayout.java:646)
10-18 14:18:16.326: I/dalvikvm(27191): at android.view.View.draw(View.java:14062)
10-18 14:18:16.326: I/dalvikvm(27191): at android.view.ViewGroup.drawChild(ViewGroup.java:3024)
10-18 14:18:16.326: I/dalvikvm(27191): at android.view.ViewGroup.dispatchDraw(ViewGroup.java:2893)
10-18 14:18:16.326: I/dalvikvm(27191): at android.view.View.draw(View.java:14062)
10-18 14:18:16.326: I/dalvikvm(27191): at android.view.ViewGroup.drawChild(ViewGroup.java:3024)
10-18 14:18:16.326: I/dalvikvm(27191): at android.view.ViewGroup.dispatchDraw(ViewGroup.java:2893)
10-18 14:18:16.326: I/dalvikvm(27191): at android.view.View.draw(View.java:14062)
10-18 14:18:16.326: I/dalvikvm(27191): at android.view.ViewGroup.drawChild(ViewGroup.java:3024)
10-18 14:18:16.326: I/dalvikvm(27191): at android.view.ViewGroup.dispatchDraw(ViewGroup.java:2893)
10-18 14:18:16.326: I/dalvikvm(27191): at android.view.View.draw(View.java:14183)
10-18 14:18:16.326: I/dalvikvm(27191): at android.widget.FrameLayout.draw(FrameLayout.java:467)
10-18 14:18:16.336: I/dalvikvm(27191): at com.android.internal.policy.impl.PhoneWindow$DecorView.draw(PhoneWindow.java:2449)
10-18 14:18:16.336: I/dalvikvm(27191): at android.view.ViewRootImpl.drawSoftware(ViewRootImpl.java:2545)
10-18 14:18:16.336: I/dalvikvm(27191): at android.view.ViewRootImpl.draw(ViewRootImpl.java:2439)
10-18 14:18:16.336: I/dalvikvm(27191): at android.view.ViewRootImpl.performDraw(ViewRootImpl.java:2307)
10-18 14:18:16.336: I/dalvikvm(27191): at android.view.ViewRootImpl.performTraversals(ViewRootImpl.java:2113)
10-18 14:18:16.336: I/dalvikvm(27191): at android.view.ViewRootImpl.doTraversal(ViewRootImpl.java:1183)
10-18 14:18:16.336: I/dalvikvm(27191): at android.view.ViewRootImpl$TraversalRunnable.run(ViewRootImpl.java:4863)
10-18 14:18:16.336: I/dalvikvm(27191): at android.view.Choreographer$CallbackRecord.run(Choreographer.java:749)
10-18 14:18:16.336: I/dalvikvm(27191): at android.view.Choreographer.doCallbacks(Choreographer.java:562)
10-18 14:18:16.336: I/dalvikvm(27191): at android.view.Choreographer.doFrame(Choreographer.java:532)
10-18 14:18:16.336: I/dalvikvm(27191): at android.view.Choreographer$FrameDisplayEventReceiver.run(Choreographer.java:735)
10-18 14:18:16.336: I/dalvikvm(27191): at android.os.Handler.handleCallback(Handler.java:725)
10-18 14:18:16.336: I/dalvikvm(27191): at android.os.Handler.dispatchMessage(Handler.java:92)
10-18 14:18:16.336: I/dalvikvm(27191): at android.os.Looper.loop(Looper.java:137)
10-18 14:18:16.336: I/dalvikvm(27191): at android.app.ActivityThread.main(ActivityThread.java:5329)
10-18 14:18:16.336: I/dalvikvm(27191): at java.lang.reflect.Method.invokeNative(Native Method)
10-18 14:18:16.336: I/dalvikvm(27191): at java.lang.reflect.Method.invoke(Method.java:511)
10-18 14:18:16.336: I/dalvikvm(27191): at com.android.internal.os.ZygoteInit$MethodAndArgsCaller.run(ZygoteInit.java:1102)
10-18 14:18:16.336: I/dalvikvm(27191): at com.android.internal.os.ZygoteInit.main(ZygoteInit.java:869)
10-18 14:18:16.336: I/dalvikvm(27191): at dalvik.system.NativeStart.main(Native Method)
10-18 14:18:16.406: I/dalvikvm-heap(27191): Clamp target GC heap from 133.633MB to 128.000MB
10-18 14:18:16.406: D/dalvikvm(27191): GC_FOR_ALLOC freed 1K, 2% free 127726K/130116K, paused 65ms, total 65ms
10-18 14:18:16.406: I/dalvikvm-heap(27191): Forcing collection of SoftReferences for 1267216-byte allocation
10-18 14:18:16.446: D/dalvikvm(20419): GC_CONCURRENT freed 6478K, 17% free 38140K/45732K, paused 10ms+14ms, total 110ms
10-18 14:18:16.446: D/dalvikvm(20419): WAIT_FOR_CONCURRENT_GC blocked 63ms
10-18 14:18:16.486: I/dalvikvm-heap(27191): Clamp target GC heap from 133.632MB to 128.000MB
10-18 14:18:16.486: D/dalvikvm(27191): GC_BEFORE_OOM freed 1K, 2% free 127725K/130116K, paused 77ms, total 77ms
10-18 14:18:16.486: E/dalvikvm-heap(27191): Out of memory on a 1267216-byte allocation.
10-18 14:18:16.486: I/dalvikvm(27191): "main" prio=5 tid=1 RUNNABLE
10-18 14:18:16.486: I/dalvikvm(27191): | group="main" sCount=0 dsCount=0 obj=0x4150eb38 self=0x4137f9e8
10-18 14:18:16.486: I/dalvikvm(27191): | sysTid=27191 nice=0 sched=0/0 cgrp=apps handle=1075209692
10-18 14:18:16.486: I/dalvikvm(27191): | state=R schedstat=( 0 0 0 ) utm=1041 stm=112 core=0
10-18 14:18:16.486: I/dalvikvm(27191): at android.graphics.Bitmap.nativeCreate(Native Method)
10-18 14:18:16.486: I/dalvikvm(27191): at android.graphics.Bitmap.createBitmap(Bitmap.java:718)
10-18 14:18:16.486: I/dalvikvm(27191): at android.graphics.Bitmap.createBitmap(Bitmap.java:678)
10-18 14:18:16.486: I/dalvikvm(27191): at android.view.View.buildDrawingCache(View.java:13367)
10-18 14:18:16.486: I/dalvikvm(27191): at android.view.View.getDrawingCache(View.java:13216)
10-18 14:18:16.486: I/dalvikvm(27191): at android.view.View.draw(View.java:13870)
10-18 14:18:16.486: I/dalvikvm(27191): at android.view.ViewGroup.drawChild(ViewGroup.java:3024)
10-18 14:18:16.486: I/dalvikvm(27191): at android.widget.ListView.drawChild(ListView.java:3340)
10-18 14:18:16.486: I/dalvikvm(27191): at android.view.ViewGroup.dispatchDraw(ViewGroup.java:2893)
10-18 14:18:16.486: I/dalvikvm(27191): at android.widget.AbsListView.dispatchDraw(AbsListView.java:2796)
10-18 14:18:16.486: I/dalvikvm(27191): at android.widget.ListView.dispatchDraw(ListView.java:3335)
10-18 14:18:16.486: I/dalvikvm(27191): at android.view.View.draw(View.java:14291)
10-18 14:18:16.486: I/dalvikvm(27191): at android.widget.AbsListView.draw(AbsListView.java:4993)
10-18 14:18:16.486: I/dalvikvm(27191): at android.view.View.draw(View.java:14064)
10-18 14:18:16.486: I/dalvikvm(27191): at android.view.ViewGroup.drawChild(ViewGroup.java:3024)
10-18 14:18:16.486: I/dalvikvm(27191): at android.view.ViewGroup.dispatchDraw(ViewGroup.java:2893)
10-18 14:18:16.486: I/dalvikvm(27191): at android.view.View.buildDrawingCache(View.java:13432)
10-18 14:18:16.486: I/dalvikvm(27191): at android.view.View.getDrawingCache(View.java:13216)
10-18 14:18:16.486: I/dalvikvm(27191): at android.view.View.draw(View.java:13870)
10-18 14:18:16.486: I/dalvikvm(27191): at android.view.ViewGroup.drawChild(ViewGroup.java:3024)
10-18 14:18:16.486: I/dalvikvm(27191): at android.view.ViewGroup.dispatchDraw(ViewGroup.java:2893)
10-18 14:18:16.486: I/dalvikvm(27191): at org.appcelerator.titanium.view.TiCompositeLayout.dispatchDraw(TiCompositeLayout.java:646)
10-18 14:18:16.486: I/dalvikvm(27191): at android.view.View.draw(View.java:14062)
10-18 14:18:16.486: I/dalvikvm(27191): at android.view.ViewGroup.drawChild(ViewGroup.java:3024)
10-18 14:18:16.486: I/dalvikvm(27191): at android.view.ViewGroup.dispatchDraw(ViewGroup.java:2893)
10-18 14:18:16.486: I/dalvikvm(27191): at org.appcelerator.titanium.view.TiCompositeLayout.dispatchDraw(TiCompositeLayout.java:646)
10-18 14:18:16.486: I/dalvikvm(27191): at android.view.View.draw(View.java:14183)
10-18 14:18:16.486: I/dalvikvm(27191): at android.view.View.draw(View.java:14064)
10-18 14:18:16.486: I/dalvikvm(27191): at android.view.ViewGroup.drawChild(ViewGroup.java:3024)
10-18 14:18:16.486: I/dalvikvm(27191): at android.view.ViewGroup.dispatchDraw(ViewGroup.java:2893)
10-18 14:18:16.486: I/dalvikvm(27191): at org.appcelerator.titanium.view.TiCompositeLayout.dispatchDraw(TiCompositeLayout.java:646)
10-18 14:18:16.486: I/dalvikvm(27191): at android.view.View.draw(View.java:14062)
10-18 14:18:16.486: I/dalvikvm(27191): at android.view.ViewGroup.drawChild(ViewGroup.java:3024)
10-18 14:18:16.486: I/dalvikvm(27191): at android.view.ViewGroup.dispatchDraw(ViewGroup.java:2893)
10-18 14:18:16.486: I/dalvikvm(27191): at android.view.View.draw(View.java:14062)
10-18 14:18:16.486: I/dalvikvm(27191): at android.view.ViewGroup.drawChild(ViewGroup.java:3024)
10-18 14:18:16.486: I/dalvikvm(27191): at android.view.ViewGroup.dispatchDraw(ViewGroup.java:2893)
10-18 14:18:16.486: I/dalvikvm(27191): at android.view.View.draw(View.java:14062)
10-18 14:18:16.486: I/dalvikvm(27191): at android.view.ViewGroup.drawChild(ViewGroup.java:3024)
10-18 14:18:16.486: I/dalvikvm(27191): at android.view.ViewGroup.dispatchDraw(ViewGroup.java:2893)
10-18 14:18:16.496: I/dalvikvm(27191): at android.view.View.draw(View.java:14183)
10-18 14:18:16.496: I/dalvikvm(27191): at android.widget.FrameLayout.draw(FrameLayout.java:467)
10-18 14:18:16.496: I/dalvikvm(27191): at com.android.internal.policy.impl.PhoneWindow$DecorView.draw(PhoneWindow.java:2449)
10-18 14:18:16.496: I/dalvikvm(27191): at android.view.ViewRootImpl.drawSoftware(ViewRootImpl.java:2545)
10-18 14:18:16.496: I/dalvikvm(27191): at android.view.ViewRootImpl.draw(ViewRootImpl.java:2439)
10-18 14:18:16.496: I/dalvikvm(27191): at android.view.ViewRootImpl.performDraw(ViewRootImpl.java:2307)
10-18 14:18:16.496: I/dalvikvm(27191): at android.view.ViewRootImpl.performTraversals(ViewRootImpl.java:2113)
10-18 14:18:16.496: I/dalvikvm(27191): at android.view.ViewRootImpl.doTraversal(ViewRootImpl.java:1183)
10-18 14:18:16.496: I/dalvikvm(27191): at android.view.ViewRootImpl$TraversalRunnable.run(ViewRootImpl.java:4863)
10-18 14:18:16.496: I/dalvikvm(27191): at android.view.Choreographer$CallbackRecord.run(Choreographer.java:749)
10-18 14:18:16.496: I/dalvikvm(27191): at android.view.Choreographer.doCallbacks(Choreographer.java:562)
10-18 14:18:16.496: I/dalvikvm(27191): at android.view.Choreographer.doFrame(Choreographer.java:532)
10-18 14:18:16.496: I/dalvikvm(27191): at android.view.Choreographer$FrameDisplayEventReceiver.run(Choreographer.java:735)
10-18 14:18:16.496: I/dalvikvm(27191): at android.os.Handler.handleCallback(Handler.java:725)
10-18 14:18:16.496: I/dalvikvm(27191): at android.os.Handler.dispatchMessage(Handler.java:92)
10-18 14:18:16.496: I/dalvikvm(27191): at android.os.Looper.loop(Looper.java:137)
10-18 14:18:16.496: I/dalvikvm(27191): at android.app.ActivityThread.main(ActivityThread.java:5329)
10-18 14:18:16.496: I/dalvikvm(27191): at java.lang.reflect.Method.invokeNative(Native Method)
10-18 14:18:16.496: I/dalvikvm(27191): at java.lang.reflect.Method.invoke(Method.java:511)
10-18 14:18:16.496: I/dalvikvm(27191): at com.android.internal.os.ZygoteInit$MethodAndArgsCaller.run(ZygoteInit.java:1102)
10-18 14:18:16.496: I/dalvikvm(27191): at com.android.internal.os.ZygoteInit.main(ZygoteInit.java:869)
10-18 14:18:16.496: I/dalvikvm(27191): at dalvik.system.NativeStart.main(Native Method)
10-18 14:18:16.526: D/GestureDetector(27191): [Surface Touch Event] mSweepDown False, mLRSDCnt : -1 mTouchCnt : 4 mFalseSizeCnt:0
10-18 14:18:16.526: I/Choreographer(27191): Skipped 30 frames! The application may be doing too much work on its main thread.
10-18 14:18:16.616: D/Finsky(20419): [1] 5.onFinished: Installation state replication succeeded.
10-18 14:18:16.616: I/dalvikvm-heap(27191): Clamp target GC heap from 133.701MB to 128.000MB
10-18 14:18:16.616: D/dalvikvm(27191): GC_FOR_ALLOC freed 67K, 2% free 127795K/130116K, paused 69ms, total 70ms
10-18 14:18:16.616: I/dalvikvm-heap(27191): Forcing collection of SoftReferences for 1267216-byte allocation
10-18 14:18:16.666: E/MP-Decision(1674): num online cores: 4 reqd : 3 available : 4 rq_depth:1.000000 hotplug_avg_load_dw: 181
10-18 14:18:16.666: E/MP-Decision(1674): DOWN cpu:3 core_idx:3 Ns:3.100000 Ts:240 total_time_down:245.000000
10-18 14:18:16.706: I/dalvikvm-heap(27191): Clamp target GC heap from 133.697MB to 128.000MB
10-18 14:18:16.706: D/dalvikvm(27191): GC_BEFORE_OOM freed 3K, 2% free 127791K/130116K, paused 89ms, total 89ms
10-18 14:18:16.706: E/dalvikvm-heap(27191): Out of memory on a 1267216-byte allocation.
10-18 14:18:16.706: I/dalvikvm(27191): "main" prio=5 tid=1 RUNNABLE
10-18 14:18:16.706: I/dalvikvm(27191): | group="main" sCount=0 dsCount=0 obj=0x4150eb38 self=0x4137f9e8
10-18 14:18:16.706: I/dalvikvm(27191): | sysTid=27191 nice=0 sched=0/0 cgrp=apps handle=1075209692
10-18 14:18:16.706: I/dalvikvm(27191): | state=R schedstat=( 0 0 0 ) utm=1060 stm=113 core=1
10-18 14:18:16.706: I/dalvikvm(27191): at android.graphics.Bitmap.nativeCreate(Native Method)
10-18 14:18:16.706: I/dalvikvm(27191): at android.graphics.Bitmap.createBitmap(Bitmap.java:718)
10-18 14:18:16.706: I/dalvikvm(27191): at android.graphics.Bitmap.createBitmap(Bitmap.java:678)
10-18 14:18:16.706: I/dalvikvm(27191): at android.view.View.buildDrawingCache(View.java:13367)
10-18 14:18:16.706: I/dalvikvm(27191): at android.view.View.getDrawingCache(View.java:13216)
10-18 14:18:16.706: I/dalvikvm(27191): at android.view.View.draw(View.java:13870)
10-18 14:18:16.706: I/dalvikvm(27191): at android.view.ViewGroup.drawChild(ViewGroup.java:3024)
10-18 14:18:16.706: I/dalvikvm(27191): at android.widget.ListView.drawChild(ListView.java:3340)
10-18 14:18:16.706: I/dalvikvm(27191): at android.view.ViewGroup.dispatchDraw(ViewGroup.java:2893)
10-18 14:18:16.706: I/dalvikvm(27191): at android.widget.AbsListView.dispatchDraw(AbsListView.java:2796)
10-18 14:18:16.706: I/dalvikvm(27191): at android.widget.ListView.dispatchDraw(ListView.java:3335)
10-18 14:18:16.706: I/dalvikvm(27191): at android.view.View.draw(View.java:14291)
10-18 14:18:16.706: I/dalvikvm(27191): at android.widget.AbsListView.draw(AbsListView.java:4993)
10-18 14:18:16.706: I/dalvikvm(27191): at android.view.View.draw(View.java:14064)
10-18 14:18:16.706: I/dalvikvm(27191): at android.view.ViewGroup.drawChild(ViewGroup.java:3024)
10-18 14:18:16.706: I/dalvikvm(27191): at android.view.ViewGroup.dispatchDraw(ViewGroup.java:2893)
10-18 14:18:16.706: I/dalvikvm(27191): at android.view.View.buildDrawingCache(View.java:13432)
10-18 14:18:16.706: I/dalvikvm(27191): at android.view.View.getDrawingCache(View.java:13216)
10-18 14:18:16.706: I/dalvikvm(27191): at android.view.View.draw(View.java:13870)
10-18 14:18:16.706: I/dalvikvm(27191): at android.view.ViewGroup.drawChild(ViewGroup.java:3024)
10-18 14:18:16.706: I/dalvikvm(27191): at android.view.ViewGroup.dispatchDraw(ViewGroup.java:2893)
10-18 14:18:16.706: I/dalvikvm(27191): at org.appcelerator.titanium.view.TiCompositeLayout.dispatchDraw(TiCompositeLayout.java:646)
10-18 14:18:16.706: I/dalvikvm(27191): at android.view.View.draw(View.java:14062)
10-18 14:18:16.706: I/dalvikvm(27191): at android.view.ViewGroup.drawChild(ViewGroup.java:3024)
10-18 14:18:16.706: I/dalvikvm(27191): at android.view.ViewGroup.dispatchDraw(ViewGroup.java:2893)
10-18 14:18:16.706: I/dalvikvm(27191): at org.appcelerator.titanium.view.TiCompositeLayout.dispatchDraw(TiCompositeLayout.java:646)
10-18 14:18:16.706: I/dalvikvm(27191): at android.view.View.draw(View.java:14183)
10-18 14:18:16.706: I/dalvikvm(27191): at android.view.View.draw(View.java:14064)
10-18 14:18:16.706: I/dalvikvm(27191): at android.view.ViewGroup.drawChild(ViewGroup.java:3024)
10-18 14:18:16.706: I/dalvikvm(27191): at android.view.ViewGroup.dispatchDraw(ViewGroup.java:2893)
10-18 14:18:16.706: I/dalvikvm(27191): at org.appcelerator.titanium.view.TiCompositeLayout.dispatchDraw(TiCompositeLayout.java:646)
10-18 14:18:16.706: I/dalvikvm(27191): at android.view.View.draw(View.java:14062)
10-18 14:18:16.706: I/dalvikvm(27191): at android.view.ViewGroup.drawChild(ViewGroup.java:3024)
10-18 14:18:16.706: I/dalvikvm(27191): at android.view.ViewGroup.dispatchDraw(ViewGroup.java:2893)
10-18 14:18:16.706: I/dalvikvm(27191): at android.view.View.draw(View.java:14062)
10-18 14:18:16.706: I/dalvikvm(27191): at android.view.ViewGroup.drawChild(ViewGroup.java:3024)
10-18 14:18:16.706: I/dalvikvm(27191): at android.view.ViewGroup.dispatchDraw(ViewGroup.java:2893)
10-18 14:18:16.706: I/dalvikvm(27191): at android.view.View.draw(View.java:14062)
10-18 14:18:16.706: I/dalvikvm(27191): at android.view.ViewGroup.drawChild(ViewGroup.java:3024)
10-18 14:18:16.706: I/dalvikvm(27191): at android.view.ViewGroup.dispatchDraw(ViewGroup.java:2893)
10-18 14:18:16.706: I/dalvikvm(27191): at android.view.View.draw(View.java:14183)
10-18 14:18:16.706: I/dalvikvm(27191): at android.widget.FrameLayout.draw(FrameLayout.java:467)
10-18 14:18:16.706: I/dalvikvm(27191): at com.android.internal.policy.impl.PhoneWindow$DecorView.draw(PhoneWindow.java:2449)
10-18 14:18:16.706: I/dalvikvm(27191): at android.view.ViewRootImpl.drawSoftware(ViewRootImpl.java:2545)
10-18 14:18:16.706: I/dalvikvm(27191): at android.view.ViewRootImpl.draw(ViewRootImpl.java:2439)
10-18 14:18:16.706: I/dalvikvm(27191): at android.view.ViewRootImpl.performDraw(ViewRootImpl.java:2307)
10-18 14:18:16.706: I/dalvikvm(27191): at android.view.ViewRootImpl.performTraversals(ViewRootImpl.java:2113)
