03-21 16:23:38.765: A/libc(7650): Fatal signal 11 (SIGSEGV) at 0x0000000c (code=1), thread 7667 (KrollRuntimeThr)
03-21 16:23:39.075: E/MP-Decision(1727): num online cores: 1 reqd : 2 available : 4 rq_depth:2.200000 hotplug_avg_load_dw: 66
03-21 16:23:39.075: E/MP-Decision(1727): UP cpu:1 core_idx:1 Nw:1.900000 Tw:140 total_time_up:49.000000
03-21 16:23:39.525: E/QcrilMsgTunnelSocket(3191): IOExceptionjava.io.IOException: No such file or directoryReason: No such file or directory
03-21 16:23:39.876: E/MP-Decision(1727): num online cores: 2 reqd : 1 available : 4 rq_depth:0.300000 hotplug_avg_load_dw: 19
03-21 16:23:39.876: E/MP-Decision(1727): DOWN cpu:1 core_idx:1 Ns:1.100000 Ts:190 total_time_down:588.000000
03-21 16:23:40.837: E/MP-Decision(1727): num online cores: 1 reqd : 2 available : 4 rq_depth:3.300000 hotplug_avg_load_dw: 30
03-21 16:23:40.837: E/MP-Decision(1727): UP cpu:1 core_idx:1 Nw:1.900000 Tw:140 total_time_up:146.000000
03-21 16:23:41.187: E/MP-Decision(1727): num online cores: 2 reqd : 1 available : 4 rq_depth:1.400000 hotplug_avg_load_dw: 19
03-21 16:23:41.187: E/MP-Decision(1727): DOWN cpu:1 core_idx:1 Ns:1.100000 Ts:190 total_time_down:0.000000
03-21 16:23:41.637: E/MP-Decision(1727): num online cores: 1 reqd : 2 available : 4 rq_depth:1.000000 hotplug_avg_load_dw: 66
03-21 16:23:41.637: E/MP-Decision(1727): UP cpu:1 core_idx:1 Nw:1.900000 Tw:140 total_time_up:0.000000
03-21 16:23:41.888: E/MP-Decision(1727): num online cores: 2 reqd : 1 available : 4 rq_depth:0.900000 hotplug_avg_load_dw: 29
03-21 16:23:41.888: E/MP-Decision(1727): DOWN cpu:1 core_idx:1 Ns:1.100000 Ts:190 total_time_down:243.000000
03-21 16:23:42.468: E/MP-Decision(1727): num online cores: 1 reqd : 2 available : 4 rq_depth:1.300000 hotplug_avg_load_dw: 59
03-21 16:23:42.468: E/MP-Decision(1727): UP cpu:1 core_idx:1 Nw:1.900000 Tw:140 total_time_up:0.000000
03-21 16:23:43.529: E/QcrilMsgTunnelSocket(3191): IOExceptionjava.io.IOException: No such file or directoryReason: No such file or directory
03-21 16:23:45.521: E/MP-Decision(1727): num online cores: 2 reqd : 1 available : 4 rq_depth:0.000000 hotplug_avg_load_dw: 14
03-21 16:23:45.521: E/MP-Decision(1727): DOWN cpu:1 core_idx:1 Ns:1.100000 Ts:190 total_time_down:245.000000
03-21 16:23:47.223: E/SmartFaceManager(777): checkForSmartRotation S: -1
03-21 16:23:47.233: E/SmartFaceService(777): setValue, key: smart-rotation-ui-orientation value: -1
03-21 16:23:47.233: E/Stay/Rotation Worker(777): Set mRotationUI: -1
03-21 16:23:47.233: E/SmartFaceService(777): register:396274
03-21 16:23:47.233: E/SmartFaceService.Client(777): New SmartFaceService.Client, service type: 1000 pid: 777
03-21 16:23:47.253: E/CameraController(777): Wait for 1
03-21 16:23:47.253: E/CameraController(777): handleMessage: { what=1 when=-2ms arg1=8 }
03-21 16:23:47.263: E/SecCamera-JNI-Java(777): SecCamera.open()
03-21 16:23:47.263: E/SecCamera-JNI-Java(777): SecCamera()
03-21 16:23:47.263: E/CameraService(215): system_server
03-21 16:23:47.263: E/CameraService(215): CameraService::connect before lock (pid 777, org id 11)
03-21 16:23:47.263: E/CameraService(215): orgID: 3 checkingID: 0 seems GOOD
03-21 16:23:47.263: E/CameraService(215): orgID: 3 checkingID: 1 seems GOOD
03-21 16:23:47.263: E/CameraService(215): orgID: 3 checkingID: 2 seems GOOD
03-21 16:23:47.263: E/CameraController(777): open() as 1000
03-21 16:23:47.273: E/CameraService(215): orgID: 3 checkingID: 3 seems GOOD
03-21 16:23:47.273: E/CameraService(215): orgID: 3 checkingID: 4 seems GOOD
03-21 16:23:47.273: E/QualcommCamera(215): Qint android::get_camera_info(int, camera_info*): E
03-21 16:23:47.353: E/MP-Decision(1727): num online cores: 1 reqd : 2 available : 4 rq_depth:3.400000 hotplug_avg_load_dw: 28
03-21 16:23:47.353: E/MP-Decision(1727): UP cpu:1 core_idx:1 Nw:1.900000 Tw:140 total_time_up:146.000000
03-21 16:23:47.353: E/SecCameraCoreManager(215): initialize1
03-21 16:23:47.353: E/QualcommCamera(215): int android::camera_device_open(const hw_module_t*, char const*, hw_device_t**): start : 1
03-21 16:23:47.353: E/mm-camera-intf(215): mm_camera_native_control : mode(46), value1(0), value2(0), value3(1)
03-21 16:23:47.363: E/mm-camera(238): mctl_store_curr_target Current target is 0
03-21 16:23:47.363: E/mm-camera(238): camera_plugin_client_open: plugin client open exit, rc = 0
03-21 16:23:47.363: E/mm-camera-intf(215): mm_camera_open: opened, break out while loop
03-21 16:23:47.363: E/mm-camera-intf(215): mm_camera_poll_thread_launch: poll_type = 0, read fd = 61, write fd = 62 timeout = 7000, obj_address = 0x43aca008, poll_cb = 0x43acb22c
03-21 16:23:47.363: E/mm-camera(238): mctl_stats_init_ops, E, p_cfg_ctrl->ion_dev_fd: 13
03-21 16:23:47.363: E/mm-camera(238): sensor_load_chromatix: libchromatix_s5k6b2yx_preview.so: 32
03-21 16:23:47.363: E/mm-camera(238): camera_plugin_client_private_ioctl_to_plugin: received private ioctl
03-21 16:23:47.363: E/mm-camera(238): camera_plugin_grant_pix_interface Support simultaneous camera 1 Sensor type 0 BAYER 0
03-21 16:23:47.363: E/mm-camera(238): camera_plugin_grant_pix_interface Support simultaneous camera 1 Sensor type 0
03-21 16:23:47.363: E/mm-camera(238): axi_client_init axi client 1
03-21 16:23:47.363: E/mm-camera(238):
03-21 16:23:47.383: E/mm-camera(238): vfe_ops_init: E
03-21 16:23:47.393: E/mm-camera(238): vfe_legacy_stats_buffer_init: AEC_STATS_BUFNUM
03-21 16:23:47.393: E/mm-camera(238): vfe_legacy_stats_buffer_init: AEC_STATS_BUFNUM
03-21 16:23:47.393: E/mm-camera(238): axi_set_params: wm0: ub_offset 0 ub_size 239
03-21 16:23:47.393: E/mm-camera(238): axi_set_params: wm1: ub_offset 240 ub_size 119
03-21 16:23:47.393: E/mm-camera(238): axi_set_params: wm2: ub_offset 360 ub_size 319
03-21 16:23:47.393: E/mm-camera(238): axi_set_params: wm3: ub_offset 680 ub_size 119
03-21 16:23:47.393: E/mm-camera(238): axi_set_params: wm4: ub_offset 800 ub_size 159
03-21 16:23:47.393: E/mm-camera(238): axi_set_params: wm5: ub_offset 0 ub_size 0
03-21 16:23:47.393: E/mm-camera(238): axi_set_params: wm6: ub_offset 0 ub_size 0
03-21 16:23:47.393: E/mm-camera(238): mctl_init_stats_proc_info: snap_max_line_cnt =26784
03-21 16:23:47.393: E/mm-camera(238): config_proc_CAMERA_GET_CAPABILITIES: prop->max_pict_width 1920 prop->max_pict_height 1080
03-21 16:23:47.393: E/mm-camera-intf(215): mm_camera_poll_thread_launch: poll_type = 1, read fd = 63, write fd = 64 timeout = 7000, obj_address = 0x43aca008, poll_cb = 0x43aca134
03-21 16:23:47.393: E/mm-camera(238): config_proc_native_ctrl_cmd: CAMERA_SET_PARM_DIMENSION called
03-21 16:23:47.393: E/mm-camera(238): config_validate_dimension: full_size_width 1920 qtr_size_width 1920 RDI 0: W X H: 1920 X 1080, RDI 1: W X H: 1920 X 540
03-21 16:23:47.393: E/mm-camera(238): config_validate_dimension: RDI2: W X H: 0 X 0
03-21 16:23:47.403: E/QCameraHWI_Parm(215): setIntelligentMode: nishu intelligent_mode=0 : E
03-21 16:23:47.403: E/mm-camera(238): sensor_client_set_params: cmd type: 15
03-21 16:23:47.403: E/mm-camera(238): s5k6b2yx_set_streaming_mode: regular mode settings done.
03-21 16:23:47.403: E/QCameraHWI_Parm(215): setIntelligentMode: vision mode set to 0
03-21 16:23:47.403: E/mm-camera(238): config_proc_CAMERA_SET_RECORDING_HINT rc = 1, status = 1, Current usecase : Camera
03-21 16:23:47.403: E/mm-camera(238): config_proc_CAMERA_SET_DIS_ENABLE: DIS Enabled? : No
03-21 16:23:47.403: E/mm-camera(238): sensor_client_set_params: cmd type: 15
03-21 16:23:47.403: E/mm-camera(238): s5k6b2yx_set_streaming_mode: regular mode settings done.
03-21 16:23:47.413: E/QCameraHWI_Parm(215): setPowerMode: Enable Normal Power Mode
03-21 16:23:47.413: E/mm-camera(238): config_proc_CAMERA_SET_LOW_POWER_MODE Low power mode enabled? : No
03-21 16:23:47.413: E/QCameraHWI_Parm(215): setPreviewSize: requested preview size 1440 x 1080 (cameraid 1)
03-21 16:23:47.413: E/QCameraHWI_Parm(215): setPictureSize: requested picture size 1920 x 1080
03-21 16:23:47.413: E/QCameraHWI_Parm(215): setJpegThumbnailSize: requested jpeg thumbnail size : 176x144
03-21 16:23:47.413: E/QCameraHWI_Parm(215): setJpegThumbnailSize: thumbnail aspect 7281, width 512, height 288
03-21 16:23:47.413: E/QCameraHWI_Parm(215): setJpegThumbnailSize: set jpeg thumbnail size : 512x288
03-21 16:23:47.413: E/mm-camera-intf(215): mm_camera_get_parm: bestshot_reconfigure: 0
03-21 16:23:47.413: E/QCameraHWI_Parm(215): setZoom: This sensor not supported
03-21 16:23:47.413: E/QCameraHWI(215): isZSLMode, isZSLMode = 0
03-21 16:23:47.423: E/mm-camera-intf(215): mm_camera_get_parm: bestshot_reconfigure: 0
03-21 16:23:47.423: E/QCameraHWI_Parm(215): Calling Contrast set on Lower layer
03-21 16:23:47.423: E/QCameraHWI_Parm(215): Lower layer returned 1
03-21 16:23:47.423: E/mm-camera-intf(215): mm_camera_get_parm: bestshot_reconfigure: 0
03-21 16:23:47.423: E/QCameraHWI_Parm(215): FPS: i=0 : minFps = 4000, maxFps = 30000
03-21 16:23:47.433: E/mm-camera(238): sensor_client_set_params: cmd type: 2
03-21 16:23:47.433: E/mm-camera(238): sensor_client_set_params: cmd type: 2
03-21 16:23:47.433: E/mm-camera(238): config_proc_CAMERA_SET_PARM_BRIGHTNESS E
03-21 16:23:47.433: E/QCameraHWI_Parm(215): setAntiShake: setAntiShake: 0
03-21 16:23:47.433: E/mm-camera-intf(215): mm_camera_native_control : mode(11), value1(0), value2(0), value3(1)
03-21 16:23:47.443: E/QCameraHWI_Parm(215): setFocusAreas: sensor is not support focus mode
03-21 16:23:47.443: E/mm-camera-intf(215): mm_camera_native_control : mode(16), value1(7), value2(0), value3(1)
03-21 16:23:47.443: E/QCameraHWI_Parm(215): setFlash: LED FLASH not supported
03-21 16:23:47.443: E/QCameraHWI_Parm(215): setStreamFlipHint: ### mRotation: 0, flip value : 0
03-21 16:23:47.443: E/mm-camera(238): config_proc_CAMERA_SET_FLIP_HINT rc = 1, status = 1,
03-21 16:23:47.443: E/QCameraHWI_Parm(215): setParameters: SUCCESS
03-21 16:23:47.443: E/QCameraHWI(215): createPreview : BEGIN
03-21 16:23:47.443: E/QCameraHWI(215): Mymode Preview = 5
03-21 16:23:47.443: E/QCameraHWI_Preview(215): QCameraStream_preview: E
03-21 16:23:47.443: E/QCameraHWI_Preview(215): QCameraStream_preview: X
03-21 16:23:47.443: E/QCameraHWI(215): createPreview : END
03-21 16:23:47.443: E/QCameraHWI(215): Mymode Record = 5
03-21 16:23:47.443: E/QCameraHWI(215): createSnapshot : BEGIN
03-21 16:23:47.443: E/QCameraHWI(215): Mymode Snap = 5
03-21 16:23:47.443: E/QCameraHWI(215): createSnapshot : before creating an instance of SnapshotMain, num buffers = 1
03-21 16:23:47.443: E/QCameraHWI_Still(215): createInstance : E
03-21 16:23:47.443: E/QCameraHWI_Still(215): QCameraStream_SnapshotMain: E
03-21 16:23:47.443: E/QCameraHWI_Still(215): QCameraStream_SnapshotMain : X
03-21 16:23:47.443: E/QCameraHWI(215): Mymode Snap = 5
03-21 16:23:47.443: E/QCameraHWI(215): createSnapshot : END
03-21 16:23:47.443: E/mm-still-omx(215): mm_jpeg_init : Launch jobmgr thread
03-21 16:23:47.453: E/QCameraHWI(215): isCameraReady mCameraState 1
03-21 16:23:47.453: E/QualcommCamera(215): int android::camera_device_open(const hw_module_t*, char const*, hw_device_t**): succeeded to open
03-21 16:23:47.453: E/QualcommCamera(215): int android::camera_device_open(const hw_module_t*, char const*, hw_device_t**): end rc 0
03-21 16:23:47.453: E/SecCameraCoreManager(215): initialize2
03-21 16:23:47.453: E/QualcommCamera(215): Qchar* android::get_parameters(camera_device*): E
03-21 16:23:47.453: E/QualcommCamera(215): Qvoid android::put_parameters(camera_device*, char*): E
03-21 16:23:47.453: E/QualcommCamera(215): Qint android::send_command(camera_device*, int32_t, int32_t, int32_t): E
03-21 16:23:47.453: E/QualcommCamera(215): Qint android::send_command(camera_device*, int32_t, int32_t, int32_t): E
03-21 16:23:47.453: E/QualcommCamera(215): Qvoid android::set_CallBacks(camera_device*, camera_notify_callback, camera_data_callback, camera_data_timestamp_callback, camera_request_memory, void*): E
03-21 16:23:47.453: E/QCameraHWI(215): setCallbacks: E
03-21 16:23:47.453: E/QualcommCamera(215): Qint android::get_camera_info(int, camera_info*): E
03-21 16:23:47.453: E/CameraController(777): open() x
03-21 16:23:47.463: E/QualcommCamera(215): Qchar* android::get_parameters(camera_device*): E
03-21 16:23:47.463: E/QualcommCamera(215): Qvoid android::put_parameters(camera_device*, char*): E
03-21 16:23:47.463: E/CameraController(777): Preview need to be rotated counter clock-wise 90 degree.
03-21 16:23:47.463: E/CameraController(777): setCamreaParameter with mode: 1 service_type: 1000
03-21 16:23:47.473: E/QualcommCamera(215): Qint android::set_parameters(camera_device*, char const*): E
03-21 16:23:47.473: E/QCameraHWI_Parm(215): setIntelligentMode: nishu intelligent_mode=1 : E
03-21 16:23:47.473: E/mm-camera(238): sensor_client_set_params: cmd type: 15
03-21 16:23:47.473: E/mm-camera(238): s5k6b2yx_set_streaming_mode: mode 2 settings done.
03-21 16:23:47.473: E/QCameraHWI_Parm(215): setIntelligentMode: vision mode set to 1
03-21 16:23:47.473: E/QCameraHWI_Parm(215): setPowerMode: Enable Normal Power Mode
03-21 16:23:47.473: E/mm-camera(238): config_proc_CAMERA_SET_LOW_POWER_MODE Low power mode enabled? : No
03-21 16:23:47.473: E/CameraController(777): Pre-Configured preview size: 480x270
03-21 16:23:47.483: E/QCameraHWI_Parm(215): setPreviewSize: requested preview size 480 x 270 (cameraid 1)
03-21 16:23:47.483: E/QCameraHWI_Parm(215): setPictureSize: requested picture size 1920 x 1080
03-21 16:23:47.483: E/QCameraHWI_Parm(215): setJpegThumbnailSize: requested jpeg thumbnail size : 512x288
03-21 16:23:47.483: E/QCameraHWI_Parm(215): setZoom: This sensor not supported
03-21 16:23:47.483: E/QCameraHWI(215): isZSLMode, isZSLMode = 0
03-21 16:23:47.483: E/QCameraHWI_Parm(215): Calling Contrast set on Lower layer
03-21 16:23:47.483: E/QCameraHWI_Parm(215): Lower layer returned 1
03-21 16:23:47.483: E/mm-camera-intf(215): mm_camera_get_parm: bestshot_reconfigure: 0
03-21 16:23:47.483: E/QCameraHWI_Parm(215): setPreviewFpsRange: error: FPS range (15, 30) not supported
03-21 16:23:47.483: E/QCameraHWI_Parm(215): setFocusAreas: sensor is not support focus mode
03-21 16:23:47.483: E/QCameraHWI_Parm(215): setFlash: LED FLASH not supported
03-21 16:23:47.483: E/QCameraHWI_Parm(215): setStreamFlipHint: ### mRotation: 0, flip value : 0
03-21 16:23:47.483: E/mm-camera(238): config_proc_CAMERA_SET_FLIP_HINT rc = 1, status = 1,
03-21 16:23:47.483: E/QCameraHWI_Parm(215): setParameters: SUCCESS
03-21 16:23:47.483: E/QualcommCamera(215): Qint android::preview_enabled(camera_device*): E
03-21 16:23:47.483: E/QCameraHWI(215): previewEnabled: mPreviewState = 0
03-21 16:23:47.483: E/QCameraHWI(215): setPreviewWindow:Received Setting NULL preview window
03-21 16:23:47.483: E/QCameraHWI(215): setPreviewWindow: mPreviewWindow = 0x0x0, mStreamDisplay = 0x0x437ab008
03-21 16:23:47.483: E/QCameraHWI_Preview(215): setPreviewWindow: E
03-21 16:23:47.483: E/CameraController(777): StartPreview()
03-21 16:23:47.493: E/QualcommCamera(215): Qchar* android::get_parameters(camera_device*): E
03-21 16:23:47.493: E/QualcommCamera(215): Qvoid android::put_parameters(camera_device*, char*): E
03-21 16:23:47.493: E/QualcommCamera(215): Qint android::start_preview(camera_device*): E
03-21 16:23:47.493: E/QCameraHWI(215): startPreview: HAL::startPreview begin
03-21 16:23:47.493: E/QCameraHWI(215): startPreview: start preview now
03-21 16:23:47.493: E/QCameraHWI(215): isZSLMode, isZSLMode = 0
03-21 16:23:47.493: E/mm-camera(238): config_proc_native_ctrl_cmd: CAMERA_SET_PARM_DIMENSION called
03-21 16:23:47.493: E/mm-camera(238): config_validate_dimension: full_size_width 1920 qtr_size_width 1920 RDI 0: W X H: 1920 X 1080, RDI 1: W X H: 1920 X 540
03-21 16:23:47.493: E/mm-camera(238): config_validate_dimension: RDI2: W X H: 0 X 0
03-21 16:23:47.493: E/QCameraStream(215): setMode: E, mActive = 0, streamid = 0, image_mode = 0
03-21 16:23:47.493: E/QCameraStream(215): setMode: E, mActive = 0, streamid = 0, image_mode = 2
03-21 16:23:47.493: E/QCameraStream(215): setMode: E, mActive = 0, streamid = 0, image_mode = 1
03-21 16:23:47.493: E/QCameraHWI(215): startPreview2: myMode = 5
03-21 16:23:47.493: E/QCameraHWI(215): startPreview2: setPreviewWindow
03-21 16:23:47.493: E/QCameraHWI_Preview(215): setPreviewWindow: E
03-21 16:23:47.493: E/QCameraHWI(215): isZSLMode, isZSLMode = 0
03-21 16:23:47.493: E/QCameraHWI(215): In NZSL mode
03-21 16:23:47.493: E/QCameraHWI(215): Setting OP MODE to MM_CAMERA_OP_MODE_VIDEO
03-21 16:23:47.493: E/QCameraHWI(215): OP Mode Set
03-21 16:23:47.493: E/QCameraHWI(215): isZSLMode, isZSLMode = 0
03-21 16:23:47.493: E/QCameraStream(215): setFormat: E, mActive = 0, streamid = 10752, image_mode = 0
03-21 16:23:47.493: E/mm--camera_config_v2(238): config_v2_v4l2_request: MSM_V4L2_VID_CAP_TYPE called.
03-21 16:23:47.493: E/mm--camera_config_v2(238): config_update_stream_info: inst_idx : 1
03-21 16:23:47.493: E/mm--camera_config_v2(238): config_update_stream_info Storing stream parameters for video inst 1 as : width = 480, height 270, format = 1 inst_handle = 81810081 cid = 0
03-21 16:23:47.493: E/QCameraStream(215): initStream: X, mActive = 0, streamid = 10752, image_mode = 0
03-21 16:23:47.493: E/QCameraHWI(215): startPreview2 : called initStream from Preview and ret = 0
03-21 16:23:47.493: E/QCameraStream(215): setFormat: E, mActive = 0, streamid = 10752, image_mode = 0
03-21 16:23:47.493: E/mm--camera_config_v2(238): config_v2_v4l2_request: MSM_V4L2_VID_CAP_TYPE called.
03-21 16:23:47.493: E/mm--camera_config_v2(238): config_update_stream_info: inst_idx : 1
03-21 16:23:47.493: E/mm--camera_config_v2(238): config_update_stream_info Storing stream parameters for video inst 1 as : width = 480, height 270, format = 1 inst_handle = 81810081 cid = 0
03-21 16:23:47.493: E/QCameraHWI(215): getBuf: len:196608, y_off:129600, cbcr:64800 num buffers: 12 planes:2 streamid:10752
03-21 16:23:47.493: E/QCameraHWI(215): Interface requesting Preview Buffers
03-21 16:23:47.493: E/QCameraHWI(215): Debug : getBuf : initPreviewOnlyBuffers
03-21 16:23:47.493: E/QCameraHWI_Preview(215): initPreviewOnlyBuffers: E
03-21 16:23:47.493: E/QCameraHWI(215): isZSLMode, isZSLMode = 0
03-21 16:23:47.493: E/QCameraHWI_Preview(215): getBufferNoDisplay: main image: rotation = 0, yoff = 0, cbcroff = 0, size = 194400, width = 480, height = 270
03-21 16:23:47.493: E/QCameraHWI(215): Init Heap =0x43770b14. pmem_type =4, num_of_buf=12. buf_len=194400, cbcr_off=0
03-21 16:23:47.493: E/QCameraHWI(215): isZSLMode, isZSLMode = 0
03-21 16:23:47.493: E/QCameraHWI(215): heap->fd[0] =67, camera_memory=0x43841c30
03-21 16:23:47.493: E/QCameraHWI(215): isZSLMode, isZSLMode = 0
03-21 16:23:47.493: E/QCameraHWI(215): heap->fd[1] =70, camera_memory=0x43841ce0
03-21 16:23:47.493: E/QCameraHWI(215): isZSLMode, isZSLMode = 0
03-21 16:23:47.493: E/QCameraHWI(215): heap->fd[2] =73, camera_memory=0x43841dc0
03-21 16:23:47.493: E/QCameraHWI(215): isZSLMode, isZSLMode = 0
03-21 16:23:47.493: E/QCameraHWI(215): heap->fd[3] =76, camera_memory=0x43841ea0
03-21 16:23:47.493: E/QCameraHWI(215): isZSLMode, isZSLMode = 0
03-21 16:23:47.493: E/QCameraHWI(215): heap->fd[4] =79, camera_memory=0x43841f80
03-21 16:23:47.493: E/QCameraHWI(215): isZSLMode, isZSLMode = 0
03-21 16:23:47.493: E/QCameraHWI(215): heap->fd[5] =82, camera_memory=0x437ca928
03-21 16:23:47.493: E/QCameraHWI(215): isZSLMode, isZSLMode = 0
03-21 16:23:47.493: E/QCameraHWI(215): heap->fd[6] =85, camera_memory=0x437caa08
03-21 16:23:47.493: E/QCameraHWI(215): isZSLMode, isZSLMode = 0
03-21 16:23:47.493: E/QCameraHWI(215): heap->fd[7] =88, camera_memory=0x437caae8
03-21 16:23:47.493: E/QCameraHWI(215): isZSLMode, isZSLMode = 0
03-21 16:23:47.493: E/QCameraHWI(215): heap->fd[8] =91, camera_memory=0x437cabc8
03-21 16:23:47.493: E/QCameraHWI(215): isZSLMode, isZSLMode = 0
03-21 16:23:47.493: E/QCameraHWI(215): heap->fd[9] =94, camera_memory=0x437caca8
03-21 16:23:47.493: E/QCameraHWI(215): isZSLMode, isZSLMode = 0
03-21 16:23:47.493: E/QCameraHWI(215): heap->fd[10] =97, camera_memory=0x437cad88
03-21 16:23:47.493: E/QCameraHWI(215): isZSLMode, isZSLMode = 0
03-21 16:23:47.493: E/QCameraHWI(215): heap->fd[11] =100, camera_memory=0x437cae68
03-21 16:23:47.493: E/QCameraHWI_Preview(215): initPreviewOnlyBuffers: idx = 0, fd = 67, size = 0, cbcr_offset = 129600, y_offset = 0, vaddr = 0x439c5000
03-21 16:23:47.493: E/QCameraHWI_Preview(215): Planes: 0 length: 129600 userptr: 67 offset: 0
03-21 16:23:47.493: E/QCameraHWI_Preview(215): Planes: 1 length: 64800 userptr: 67 offset: 129600
03-21 16:23:47.493: E/QCameraHWI_Preview(215): initPreviewOnlyBuffers: idx = 1, fd = 70, size = 0, cbcr_offset = 129600, y_offset = 0, vaddr = 0x43ad9000
03-21 16:23:47.493: E/QCameraHWI_Preview(215): Planes: 0 length: 129600 userptr: 70 offset: 0
03-21 16:23:47.493: E/QCameraHWI_Preview(215): Planes: 1 length: 64800 userptr: 70 offset: 129600
03-21 16:23:47.493: E/QCameraHWI_Preview(215): initPreviewOnlyBuffers: idx = 2, fd = 73, size = 0, cbcr_offset = 129600, y_offset = 0, vaddr = 0x43bc0000
03-21 16:23:47.493: E/QCameraHWI_Preview(215): Planes: 0 length: 129600 userptr: 73 offset: 0
03-21 16:23:47.493: E/QCameraHWI_Preview(215): Planes: 1 length: 64800 userptr: 73 offset: 129600
03-21 16:23:47.493: E/QCameraHWI_Preview(215): initPreviewOnlyBuffers: idx = 3, fd = 76, size = 0, cbcr_offset = 129600, y_offset = 0, vaddr = 0x43de3000
03-21 16:23:47.493: E/QCameraHWI_Preview(215): Planes: 0 length: 129600 userptr: 76 offset: 0
03-21 16:23:47.493: E/QCameraHWI_Preview(215): Planes: 1 length: 64800 userptr: 76 offset: 129600
03-21 16:23:47.493: E/QCameraHWI_Preview(215): initPreviewOnlyBuffers: idx = 4, fd = 79, size = 0, cbcr_offset = 129600, y_offset = 0, vaddr = 0x44272000
03-21 16:23:47.493: E/QCameraHWI_Preview(215): Planes: 0 length: 129600 userptr: 79 offset: 0
03-21 16:23:47.493: E/QCameraHWI_Preview(215): Planes: 1 length: 64800 userptr: 79 offset: 129600
03-21 16:23:47.493: E/QCameraHWI_Preview(215): initPreviewOnlyBuffers: idx = 5, fd = 82, size = 0, cbcr_offset = 129600, y_offset = 0, vaddr = 0x444ef000
03-21 16:23:47.493: E/QCameraHWI_Preview(215): Planes: 0 length: 129600 userptr: 82 offset: 0
03-21 16:23:47.493: E/QCameraHWI_Preview(215): Planes: 1 length: 64800 userptr: 82 offset: 129600
03-21 16:23:47.503: E/QCameraHWI_Preview(215): initPreviewOnlyBuffers: idx = 6, fd = 85, size = 0, cbcr_offset = 129600, y_offset = 0, vaddr = 0x4452a000
03-21 16:23:47.503: E/QCameraHWI_Preview(215): Planes: 0 length: 129600 userptr: 85 offset: 0
03-21 16:23:47.503: E/QCameraHWI_Preview(215): Planes: 1 length: 64800 userptr: 85 offset: 129600
03-21 16:23:47.503: E/QCameraHWI_Preview(215): initPreviewOnlyBuffers: idx = 7, fd = 88, size = 0, cbcr_offset = 129600, y_offset = 0, vaddr = 0x44776000
03-21 16:23:47.503: E/QCameraHWI_Preview(215): Planes: 0 length: 129600 userptr: 88 offset: 0
03-21 16:23:47.503: E/QCameraHWI_Preview(215): Planes: 1 length: 64800 userptr: 88 offset: 129600
03-21 16:23:47.503: E/QCameraHWI_Preview(215): initPreviewOnlyBuffers: idx = 8, fd = 91, size = 0, cbcr_offset = 129600, y_offset = 0, vaddr = 0x448c2000
03-21 16:23:47.503: E/QCameraHWI_Preview(215): Planes: 0 length: 129600 userptr: 91 offset: 0
03-21 16:23:47.503: E/QCameraHWI_Preview(215): Planes: 1 length: 64800 userptr: 91 offset: 129600
03-21 16:23:47.503: E/QCameraHWI_Preview(215): initPreviewOnlyBuffers: idx = 9, fd = 94, size = 0, cbcr_offset = 129600, y_offset = 0, vaddr = 0x44ca1000
03-21 16:23:47.503: E/QCameraHWI_Preview(215): Planes: 0 length: 129600 userptr: 94 offset: 0
03-21 16:23:47.503: E/QCameraHWI_Preview(215): Planes: 1 length: 64800 userptr: 94 offset: 129600
03-21 16:23:47.503: E/QCameraHWI_Preview(215): initPreviewOnlyBuffers: idx = 10, fd = 97, size = 0, cbcr_offset = 129600, y_offset = 0, vaddr = 0x45a8c000
03-21 16:23:47.503: E/QCameraHWI_Preview(215): Planes: 0 length: 129600 userptr: 97 offset: 0
03-21 16:23:47.503: E/QCameraHWI_Preview(215): Planes: 1 length: 64800 userptr: 97 offset: 129600
03-21 16:23:47.503: E/QCameraHWI_Preview(215): initPreviewOnlyBuffers: idx = 11, fd = 100, size = 0, cbcr_offset = 129600, y_offset = 0, vaddr = 0x45b0d000
03-21 16:23:47.503: E/QCameraHWI_Preview(215): Planes: 0 length: 129600 userptr: 100 offset: 0
03-21 16:23:47.503: E/QCameraHWI_Preview(215): Planes: 1 length: 64800 userptr: 100 offset: 129600
03-21 16:23:47.503: E/QCameraHWI_Preview(215): initPreviewOnlyBuffers: X
03-21 16:23:47.503: E/mm-camera(238): cam_mctl_thread: Woke up Socket fd
03-21 16:23:47.503: E/mm-camera(238): mctl_divert_socket_recvmsg: Receieved msg_type=0
03-21 16:23:47.503: E/mm-camera(238): cam_mctl_thread: Woke up Socket fd
03-21 16:23:47.503: E/mm-camera(238): mctl_divert_socket_recvmsg: Receieved msg_type=0
03-21 16:23:47.503: E/mm-camera(238): cam_mctl_thread: Woke up Socket fd
03-21 16:23:47.503: E/mm-camera(238): mctl_divert_socket_recvmsg: Receieved msg_type=0
03-21 16:23:47.503: E/mm-camera(238): cam_mctl_thread: Woke up Socket fd
03-21 16:23:47.503: E/mm-camera(238): mctl_divert_socket_recvmsg: Receieved msg_type=0
03-21 16:23:47.503: E/mm-camera(238): cam_mctl_thread: Woke up Socket fd
03-21 16:23:47.503: E/mm-camera(238): mctl_divert_socket_recvmsg: Receieved msg_type=0
03-21 16:23:47.503: E/mm-camera(238): cam_mctl_thread: Woke up Socket fd
03-21 16:23:47.503: E/mm-camera(238): mctl_divert_socket_recvmsg: Receieved msg_type=0
03-21 16:23:47.503: E/mm-camera(238): cam_mctl_thread: Woke up Socket fd
03-21 16:23:47.503: E/mm-camera(238): mctl_divert_socket_recvmsg: Receieved msg_type=0
03-21 16:23:47.503: E/mm-camera(238): cam_mctl_thread: Woke up Socket fd
03-21 16:23:47.503: E/mm-camera(238): mctl_divert_socket_recvmsg: Receieved msg_type=0
03-21 16:23:47.503: E/mm-camera(238): cam_mctl_thread: Woke up Socket fd
03-21 16:23:47.503: E/mm-camera(238): mctl_divert_socket_recvmsg: Receieved msg_type=0
03-21 16:23:47.503: E/mm-camera(238): cam_mctl_thread: Woke up Socket fd
03-21 16:23:47.503: E/mm-camera(238): mctl_divert_socket_recvmsg: Receieved msg_type=0
03-21 16:23:47.503: E/mm-camera(238): cam_mctl_thread: Woke up Socket fd
03-21 16:23:47.503: E/mm-camera(238): mctl_divert_socket_recvmsg: Receieved msg_type=0
03-21 16:23:47.503: E/mm-camera(238): cam_mctl_thread: Woke up Socket fd
03-21 16:23:47.503: E/mm-camera(238): mctl_divert_socket_recvmsg: Receieved msg_type=0
03-21 16:23:47.523: E/QcrilMsgTunnelSocket(3191): IOExceptionjava.io.IOException: No such file or directoryReason: No such file or directory
03-21 16:23:47.533: E/mm--camera_config_v2(238): config_MSM_V4L2_STREAM_ON, - Inside Stream ON
03-21 16:23:47.533: E/mm-camera(238): camera_plugin_client_isp_timing_notify_to_plugin: timing event 1
03-21 16:23:47.533: E/mm--camera_config_v2(238): config_MSM_V4L2_STREAM_ON op_mode = VIDEO User set bundle 0, Stream on 1 for 1
03-21 16:23:47.533: E/mm-camera(238): ispif_client_set_params, i: 0, InterfaceType: 0
03-21 16:23:47.533: E/mm-camera(238): ispif_client_set_params: X stream_info ispif_set 1 ispif_client 1
03-21 16:23:47.533: E/mm--camera_config_v2(238): config_v2_CAMERA_SET_CHANNEL_STREAM rc = 0, status = 1
03-21 16:23:47.533: E/mm--camera_config_v2(238): config_decide_vfe_outputs: Ports Used 1, Op mode 64
03-21 16:23:47.533: E/mm--camera_config_v2(238): config_decide_vfe_outputs Current mode 0 Full size streaming : Disabled
03-21 16:23:47.533: E/mm--camera_config_v2(238): config_decide_vfe_outputs: Primary: 480x270, extra_pad: 0x0, Fmt: 1, Type: 1, Path: 1
03-21 16:23:47.533: E/mm--camera_config_v2(238): config_decide_vfe_outputs: Secondary: 480x270, extra_pad: 0x0, Fmt: 0, Type: 0, Path: 0
03-21 16:23:47.533: E/mm--camera_config_v2(238): config_MSM_V4L2_STREAM_ON pstreamon_bundle_mask 0
03-21 16:23:47.533: E/mm-camera(238): camera_plugin_client_isp_timing_notify_to_plugin: timing event 3
03-21 16:23:47.533: E/mm--camera_config_v2(238): config_update_inst_handles Updated the inst handles as 81810081, 0, 81810081, 81810081, 0
03-21 16:23:47.533: E/mm-camera(238): sensor_client_set_params: cmd type: 12
03-21 16:23:47.533: E/mm-camera(238): sensor_client_set_params: cmd type: 0
03-21 16:23:47.543: E/mm--camera_config_v2(238): config_v2_CAMERA_START_common: sensor_set.data.chromatix_type: 10
03-21 16:23:47.543: E/mm-camera(238): sensor_client_set_params: cmd type: 3
03-21 16:23:47.543: E/mm-camera(238): sensor_load_chromatix: libchromatix_s5k6b2yx_smartstay.so: 34
03-21 16:23:47.543: E/mm-camera(238): camif_client_set_params: camif has associated with obj mask 0x1
03-21 16:23:47.543: E/mm-camera(238): vfe_process: op_mode : 4
03-21 16:23:47.543: E/mm-camera(238): vfe_config_mode: VideoCFg config 17ffffff
03-21 16:23:47.543: E/mm-camera(238): vfe_operation_config: format 2
03-21 16:23:47.543: E/mm-camera(238): vfe_operation_config:vfe_op_mode=4
03-21 16:23:47.543: E/mm-camera(238): vfe_set_bestshot: Bestshot mode not changed
03-21 16:23:47.543: E/mm-camera(238): axi_vfe_config: wm0: ub_offset 0 ub_size 239
03-21 16:23:47.543: E/mm-camera(238): axi_vfe_config: wm1: ub_offset 240 ub_size 119
03-21 16:23:47.543: E/mm-camera(238): axi_vfe_config: wm2: ub_offset 360 ub_size 319
03-21 16:23:47.543: E/mm-camera(238): axi_vfe_config: wm3: ub_offset 680 ub_size 119
03-21 16:23:47.543: E/mm-camera(238): axi_vfe_config: wm4: ub_offset 800 ub_size 159
03-21 16:23:47.543: E/mm-camera(238): axi_vfe_config: wm5: ub_offset 0 ub_size 0
03-21 16:23:47.543: E/mm-camera(238): axi_vfe_config: wm6: ub_offset 0 ub_size 0
03-21 16:23:47.543: E/mm-camera(238): sensor_client_set_params: cmd type: 1
03-21 16:23:47.553: E/MP-Decision(1727): num online cores: 2 reqd : 3 available : 4 rq_depth:4.600000 hotplug_avg_load_dw: 102
03-21 16:23:47.553: E/MP-Decision(1727): UP cpu:1 core_idx:1 Nw:1.900000 Tw:140 total_time_up:0.000000
03-21 16:23:47.553: E/MP-Decision(1727): UP cpu:2 core_idx:2 Nw:2.700000 Tw:90 total_time_up:95.000000
03-21 16:23:47.573: E/mm-camera(238): sensor_client_set_params: cmd type: 11
03-21 16:23:47.623: E/mm-camera(238): camera_plugin_client_isp_timing_notify_to_plugin: timing event 5
03-21 16:23:47.623: E/QCameraHWI(215): processCtrlEvent: MM_CAMERA_CTRL_EVT_HDR_DONE is 5
03-21 16:23:47.623: E/QualcommCamera(215): Qint android::start_preview(camera_device*): X
03-21 16:23:47.623: E/QCameraHWI(215): isZSLMode, isZSLMode = 0
03-21 16:23:47.623: E/CameraController(777): 100ms Time out!
03-21 16:23:47.623: E/CameraController(777): StartPreview() X
03-21 16:23:47.623: E/CameraController(777): handleMessage signal: 1
03-21 16:23:47.623: E/CameraController(777): waitHere, 367ms
03-21 16:23:47.623: E/CameraController(777): DONE!
03-21 16:23:47.633: E/mm-camera(238): sensor_client_set_params: cmd type: 1
03-21 16:23:47.633: E/QCameraHWI_Preview(215): [JAY] frame_skip_count = 6
03-21 16:23:47.673: E/mm-camera(238): sensor_client_set_params: cmd type: 1
03-21 16:23:47.673: E/QCameraHWI_Preview(215): [JAY] frame_skip_count = 5
03-21 16:23:47.703: E/QCameraHWI_Preview(215): [JAY] frame_skip_count = 4
03-21 16:23:47.703: E/mm-camera(238): sensor_client_set_params: cmd type: 1
03-21 16:23:47.733: E/QCameraHWI_Preview(215): [JAY] frame_skip_count = 3
03-21 16:23:47.733: E/mm-camera(238): sensor_client_set_params: cmd type: 1
03-21 16:23:47.773: E/QCameraHWI_Preview(215): [JAY] frame_skip_count = 2
03-21 16:23:47.773: E/mm-camera(238): sensor_client_set_params: cmd type: 1
03-21 16:23:47.803: E/MP-Decision(1727): num online cores: 3 reqd : 2 available : 4 rq_depth:0.000000 hotplug_avg_load_dw: 25
03-21 16:23:47.803: E/MP-Decision(1727): DOWN cpu:2 core_idx:2 Ns:2.100000 Ts:240 total_time_down:242.000000
03-21 16:23:47.803: E/mm-camera(238): sensor_client_set_params: cmd type: 1
03-21 16:23:47.803: E/QCameraHWI_Preview(215): [JAY] frame_skip_count = 1
03-21 16:23:47.843: E/mm-camera(238): sensor_client_set_params: cmd type: 1
03-21 16:23:47.843: E/QualcommCamera(215): Qvoid android::disable_msg_type(camera_device*, int32_t): E
03-21 16:23:47.843: E/SmartFaceService(777): Orientation: 0
03-21 16:23:47.853: E/MP-Decision(1727): num online cores: 2 reqd : 1 available : 4 rq_depth:0.900000 hotplug_avg_load_dw: 17
03-21 16:23:47.853: E/MP-Decision(1727): DOWN cpu:1 core_idx:1 Ns:1.100000 Ts:190 total_time_down:90.000000
03-21 16:23:47.853: E/SmartFaceService(777): Calling onPreviewFrame: Thread[Scroll/Pause Worker,5,main]/396889
03-21 16:23:47.853: E/SmartFaceService(777): Calling onPreviewFrame: Thread[Stay/Rotation Worker,5,main]/396890
03-21 16:23:47.873: E/mm-camera(238): sensor_client_set_params: cmd type: 1
03-21 16:23:47.873: E/Stay/Rotation Worker(777): UI Orientation for SmartRotation: 0
03-21 16:23:47.903: E/mm-camera(238): sensor_client_set_params: cmd type: 1
03-21 16:23:47.944: E/mm-camera(238): sensor_client_set_params: cmd type: 1
03-21 16:23:47.944: E/QualcommCamera(215): Qvoid android::disable_msg_type(camera_device*, int32_t): E
03-21 16:23:47.944: E/SmartFaceService(777): Orientation: 0
03-21 16:23:47.944: E/SmartFaceService(777): Calling onPreviewFrame: Thread[Scroll/Pause Worker,5,main]/396986
03-21 16:23:47.944: E/SmartFaceService(777): Calling onPreviewFrame: Thread[Stay/Rotation Worker,5,main]/396986
03-21 16:23:47.954: E/QualcommCamera(215): Qvoid android::disable_msg_type(camera_device*, int32_t): E
03-21 16:23:47.954: E/QualcommCamera(215): Qvoid android::disable_msg_type(camera_device*, int32_t): E
03-21 16:23:47.954: E/SmartFaceService(777): Orientation: 0
03-21 16:23:47.954: E/SmartFaceService(777): Calling onPreviewFrame: Thread[Scroll/Pause Worker,5,main]/396992
03-21 16:23:47.954: E/SmartFaceService(777): Calling onPreviewFrame: Thread[Stay/Rotation Worker,5,main]/396992
03-21 16:23:47.964: E/SmartFaceService(777): Orientation: 0
03-21 16:23:47.964: E/SmartFaceService(777): Calling onPreviewFrame: Thread[Scroll/Pause Worker,5,main]/397001
03-21 16:23:47.964: E/SmartFaceService(777): Calling onPreviewFrame: Thread[Stay/Rotation Worker,5,main]/397001
03-21 16:23:47.984: E/mm-camera(238): sensor_client_set_params: cmd type: 1
03-21 16:23:48.044: E/mm-camera(238): sensor_client_set_params: cmd type: 1
03-21 16:23:48.044: E/QualcommCamera(215): Qvoid android::disable_msg_type(camera_device*, int32_t): E
03-21 16:23:48.044: E/SmartFaceService(777): Orientation: 0
03-21 16:23:48.044: E/SmartFaceService(777): Calling onPreviewFrame: Thread[Scroll/Pause Worker,5,main]/397087
03-21 16:23:48.044: E/SmartFaceService(777): Calling onPreviewFrame: Thread[Stay/Rotation Worker,5,main]/397087
03-21 16:23:48.054: E/MP-Decision(1727): num online cores: 1 reqd : 2 available : 4 rq_depth:11.200000 hotplug_avg_load_dw: 57
03-21 16:23:48.054: E/MP-Decision(1727): UP cpu:1 core_idx:1 Nw:1.900000 Tw:140 total_time_up:185.000000
03-21 16:23:48.054: E/QualcommCamera(215): Qvoid android::disable_msg_type(camera_device*, int32_t): E
03-21 16:23:48.054: E/SmartFaceService(777): Orientation: 0
03-21 16:23:48.054: E/SmartFaceService(777): Calling onPreviewFrame: Thread[Scroll/Pause Worker,5,main]/397098
03-21 16:23:48.054: E/SmartFaceService(777): Calling onPreviewFrame: Thread[Stay/Rotation Worker,5,main]/397098
03-21 16:23:48.064: E/QualcommCamera(215): Qvoid android::disable_msg_type(camera_device*, int32_t): E
03-21 16:23:48.074: E/mm-camera(238): sensor_client_set_params: cmd type: 1
03-21 16:23:48.074: E/QualcommCamera(215): Qvoid android::disable_msg_type(camera_device*, int32_t): E
03-21 16:23:48.084: E/SmartFaceService(777): Orientation: 0
03-21 16:23:48.084: E/SmartFaceService(777): Calling onPreviewFrame: Thread[Scroll/Pause Worker,5,main]/397120
03-21 16:23:48.084: E/SmartFaceService(777): Calling onPreviewFrame: Thread[Stay/Rotation Worker,5,main]/397120
03-21 16:23:48.104: E/MP-Decision(1727): num online cores: 2 reqd : 4 available : 4 rq_depth:4.900000 hotplug_avg_load_dw: 112
03-21 16:23:48.104: E/MP-Decision(1727): UP cpu:1 core_idx:1 Nw:1.900000 Tw:140 total_time_up:0.000000
03-21 16:23:48.104: E/MP-Decision(1727): UP cpu:2 core_idx:2 Nw:2.700000 Tw:90 total_time_up:232.000000
03-21 16:23:48.104: E/MP-Decision(1727): UP cpu:3 core_idx:3 Nw:3.500000 Tw:90 total_time_up:232.000000
03-21 16:23:48.114: E/mm-camera(238): sensor_client_set_params: cmd type: 1
03-21 16:23:48.114: E/QualcommCamera(215): Qvoid android::disable_msg_type(camera_device*, int32_t): E
03-21 16:23:48.114: E/SmartFaceService(777): Orientation: 0
03-21 16:23:48.114: E/SmartFaceService(777): Calling onPreviewFrame: Thread[Scroll/Pause Worker,5,main]/397151
03-21 16:23:48.114: E/SmartFaceService(777): Calling onPreviewFrame: Thread[Stay/Rotation Worker,5,main]/397151
03-21 16:23:48.124: E/SmartFaceManager(777): No Callback!
03-21 16:23:48.144: E/QualcommCamera(215): Qvoid android::disable_msg_type(camera_device*, int32_t): E
03-21 16:23:48.144: E/mm-camera(238): sensor_client_set_params: cmd type: 1
03-21 16:23:48.144: E/SmartFaceService(777): Orientation: 0
03-21 16:23:48.144: E/SmartFaceService(777): Calling onPreviewFrame: Thread[Scroll/Pause Worker,5,main]/397185
03-21 16:23:48.144: E/SmartFaceService(777): Calling onPreviewFrame: Thread[Stay/Rotation Worker,5,main]/397185
03-21 16:23:48.174: E/SmartFaceManager(777): checkForSmartRotation onInfo: 1000: 0
03-21 16:23:48.174: E/mm-camera(238): sensor_client_set_params: cmd type: 1
03-21 16:23:48.174: E/QualcommCamera(215): Qvoid android::disable_msg_type(camera_device*, int32_t): E
03-21 16:23:48.174: E/Stay/Rotation Worker(777): processSmartRotation[302ms], ret: -1 needToRotate: 0
03-21 16:23:48.174: E/Stay/Rotation Worker(777): UI Orientation for SmartRotation: 0
03-21 16:23:48.174: E/SmartFaceService(777): unregister:397216
03-21 16:23:48.184: E/QualcommCamera(215): Qvoid android::disable_msg_type(camera_device*, int32_t): E
03-21 16:23:48.184: E/QualcommCamera(215): Qvoid android::disable_msg_type(camera_device*, int32_t): E
03-21 16:23:48.184: E/SmartFaceService(777): Orientation: 0
03-21 16:23:48.184: E/SmartFaceService(777): Calling onPreviewFrame: Thread[Scroll/Pause Worker,5,main]/397220
03-21 16:23:48.184: E/SmartFaceService(777): Calling onPreviewFrame: Thread[Stay/Rotation Worker,5,main]/397220
03-21 16:23:48.184: E/CameraController(777): Wait for 0
03-21 16:23:48.184: E/CameraController(777): handleMessage: { what=0 when=-3ms }
03-21 16:23:48.204: E/Stay/Rotation Worker(777): processSmartRotation[29ms], ret: 1 needToRotate: 1
03-21 16:23:48.214: E/mm-camera(238): sensor_client_set_params: cmd type: 1
03-21 16:23:48.244: E/mm-camera(238): sensor_client_set_params: cmd type: 1
03-21 16:23:48.244: E/QualcommCamera(215): Qvoid android::disable_msg_type(camera_device*, int32_t): E
03-21 16:23:48.244: E/QualcommCamera(215): Qvoid android::stop_preview(camera_device*): E
03-21 16:23:48.244: E/QCameraHWI(215): enqueue: queue size = 1
03-21 16:23:48.244: E/QCameraHWI(215): enqueue: queue size = 1
03-21 16:23:48.254: E/QCameraHWI(215): isZSLMode, isZSLMode = 0
03-21 16:23:48.254: E/QCameraHWI(215): cancelPictureInternal : destroy_stream_bundle of snapshot & thumbnail
03-21 16:23:48.254: E/QCameraStream(215): streamOff: Stream:0 is not active
03-21 16:23:48.254: E/QCameraStream(215): streamOff: Stream:0 is not active
03-21 16:23:48.254: E/QCameraHWI(215): isZSLMode, isZSLMode = 0
03-21 16:23:48.254: E/mm-camera(238): camera_plugin_client_isp_timing_notify_to_plugin: timing event 2
03-21 16:23:48.284: E/mm-camera(238): sensor_client_set_params: cmd type: 1
03-21 16:23:48.314: E/mm-camera(238): sensor_client_set_params: cmd type: 1
03-21 16:23:48.354: E/MP-Decision(1727): num online cores: 4 reqd : 3 available : 4 rq_depth:2.800000 hotplug_avg_load_dw: 87
03-21 16:23:48.354: E/MP-Decision(1727): DOWN cpu:3 core_idx:3 Ns:3.100000 Ts:240 total_time_down:241.000000
03-21 16:23:48.354: E/mm-camera(238): cam_mctl_thread: Woke up Socket fd
03-21 16:23:48.354: E/mm-camera(238): mctl_divert_socket_recvmsg: Receieved msg_type=1
03-21 16:23:48.354: E/mm-camera(238): cam_mctl_thread: Woke up Socket fd
03-21 16:23:48.354: E/mm-camera(238): mctl_divert_socket_recvmsg: Receieved msg_type=1
03-21 16:23:48.354: E/mm-camera(238): cam_mctl_thread: Woke up Socket fd
03-21 16:23:48.354: E/mm-camera(238): mctl_divert_socket_recvmsg: Receieved msg_type=1
03-21 16:23:48.354: E/mm-camera(238): cam_mctl_thread: Woke up Socket fd
03-21 16:23:48.354: E/mm-camera(238): mctl_divert_socket_recvmsg: Receieved msg_type=1
03-21 16:23:48.354: E/mm-camera(238): cam_mctl_thread: Woke up Socket fd
03-21 16:23:48.354: E/mm-camera(238): mctl_divert_socket_recvmsg: Receieved msg_type=1
03-21 16:23:48.354: E/mm-camera(238): cam_mctl_thread: Woke up Socket fd
03-21 16:23:48.354: E/mm-camera(238): mctl_divert_socket_recvmsg: Receieved msg_type=1
03-21 16:23:48.354: E/mm-camera(238): cam_mctl_thread: Woke up Socket fd
03-21 16:23:48.354: E/mm-camera(238): mctl_divert_socket_recvmsg: Receieved msg_type=1
03-21 16:23:48.354: E/mm-camera(238): cam_mctl_thread: Woke up Socket fd
03-21 16:23:48.354: E/mm-camera(238): mctl_divert_socket_recvmsg: Receieved msg_type=1
03-21 16:23:48.354: E/mm-camera(238): cam_mctl_thread: Woke up Socket fd
03-21 16:23:48.354: E/mm-camera(238): mctl_divert_socket_recvmsg: Receieved msg_type=1
03-21 16:23:48.354: E/mm-camera(238): cam_mctl_thread: Woke up Socket fd
03-21 16:23:48.354: E/mm-camera(238): mctl_divert_socket_recvmsg: Receieved msg_type=1
03-21 16:23:48.354: E/mm-camera(238): cam_mctl_thread: Woke up Socket fd
03-21 16:23:48.354: E/mm-camera(238): mctl_divert_socket_recvmsg: Receieved msg_type=1
03-21 16:23:48.354: E/mm-camera(238): cam_mctl_thread: Woke up Socket fd
03-21 16:23:48.354: E/mm-camera(238): mctl_divert_socket_recvmsg: Receieved msg_type=1
03-21 16:23:48.354: E/QCameraHWI(215): putBuf: E
03-21 16:23:48.354: E/QCameraHWI(215): Release 0x43770b14
03-21 16:23:48.354: E/SELinux(7821): selinux_android_seapp_context_reload: seapp_contexts file is loaded from /seapp_contexts
03-21 16:23:48.354: E/QCameraHWI(215): putBuf: X
03-21 16:23:48.364: E/QCameraStream(215): streamOff: Stream:0 is not active
03-21 16:23:48.364: E/QCameraHWI(215): isZSLMode, isZSLMode = 0
03-21 16:23:48.364: E/QualcommCamera(215): Qvoid android::disable_msg_type(camera_device*, int32_t): E
03-21 16:23:48.364: E/QualcommCamera(215): Qvoid android::disable_msg_type(camera_device*, int32_t): E
03-21 16:23:48.364: E/QualcommCamera(215): Qvoid android::disable_msg_type(camera_device*, int32_t): E
03-21 16:23:48.364: E/QualcommCamera(215): Qvoid android::stop_preview(camera_device*): E
03-21 16:23:48.364: E/QualcommCamera(215): Qint android::cancel_picture(camera_device*): E
03-21 16:23:48.364: E/QualcommCamera(215): Qvoid android::release(camera_device*): E
03-21 16:23:48.364: E/QualcommCamera(215): Qint android::close_camera_device(hw_device_t*): device =0x437bee60 E
03-21 16:23:48.364: E/mm-still-omx(215): mm_jpeg_close: E
03-21 16:23:48.364: E/mm-still-omx(215): mm_jpeg_close: abort ongoing jobs
03-21 16:23:48.364: E/mm-still-omx(215): mm_jpeg_close: abort todo jobs
03-21 16:23:48.364: E/mm-still-omx(215): mm_jpeg_close: abort done jobs in cb threads
03-21 16:23:48.364: E/mm-still-omx(215): mm_jpeg_close: X
03-21 16:23:48.364: E/mm-still-omx(215): mm_jpeg_jobmgr_thread: jpeg encoder input queue 1
03-21 16:23:48.364: E/QCameraHWI(215): enqueue: queue size = 1
03-21 16:23:48.364: E/QCameraHWI(215): enqueue: queue size = 1
03-21 16:23:48.364: E/QCameraHWI_Preview(215): virtual void android::QCameraStream_preview::release() : Stream not Initalized
03-21 16:23:48.364: E/QCameraHWI_Record(215): virtual void android::QCameraStream_record::release() : Stream not Initalized
03-21 16:23:48.364: E/QCameraStream(215): streamOff: Stream:0 is not active
03-21 16:23:48.364: E/QCameraStream(215): streamOff: Stream:0 is not active
03-21 16:23:48.364: E/mm-camera(238): config_shutdown_pp Camera not in streaming mode. Returning.
03-21 16:23:48.364: E/mm-camera(238): sensor_client_set_params: cmd type: 12
03-21 16:23:48.364: E/SmartFaceService(777): Clear worker messages
03-21 16:23:48.424: E/mm-camera(238): vfe_ops_deinit: E
03-21 16:23:48.424: E/mm-camera(238): mctl_stats_deinit_ops, E p_cfg_ctrl->ion_dev_fd: 13
03-21 16:23:48.484: E/CameraController(777): 100ms Time out!
03-21 16:23:48.484: E/CameraController(777): handleMessage signal: 0
03-21 16:23:48.494: E/SmartFaceManager(777): checkForSmartRotation E: false
03-21 16:23:48.494: E/CameraController(777): waitHere, 309ms
03-21 16:23:48.494: E/CameraController(777): DONE!
03-21 16:23:48.754: E/MP-Decision(1727): num online cores: 3 reqd : 2 available : 4 rq_depth:1.000000 hotplug_avg_load_dw: 108
03-21 16:23:48.754: E/MP-Decision(1727): DOWN cpu:2 core_idx:2 Ns:2.100000 Ts:240 total_time_down:245.000000
03-21 16:23:49.055: E/MoreInfoHPW_ViewGroup(7821): Parent view is not a TextView
03-21 16:23:49.185: E/EnterpriseContainerManager(777): ContainerPolicy Service is not yet ready!!!
03-21 16:23:49.555: E/MP-Decision(1727): num online cores: 2 reqd : 1 available : 4 rq_depth:0.500000 hotplug_avg_load_dw: 22
03-21 16:23:49.555: E/MP-Decision(1727): DOWN cpu:1 core_idx:1 Ns:1.100000 Ts:190 total_time_down:242.000000
03-21 16:23:51.537: E/QcrilMsgTunnelSocket(3191): IOExceptionjava.io.IOException: No such file or directoryReason: No such file or directory
03-21 16:23:55.070: E/Watchdog(777): !@Sync 13
03-21 16:23:55.531: E/QcrilMsgTunnelSocket(3191): IOExceptionjava.io.IOException: No such file or directoryReason: No such file or directory
03-21 16:23:59.535: E/QcrilMsgTunnelSocket(3191): IOExceptionjava.io.IOException: No such file or directoryReason: No such file or directory
03-21 16:24:03.539: E/QcrilMsgTunnelSocket(3191): IOExceptionjava.io.IOException: No such file or directoryReason: No such file or directory
03-21 16:24:07.543: E/QcrilMsgTunnelSocket(3191): IOExceptionjava.io.IOException: No such file or directoryReason: No such file or directory
03-21 16:24:11.537: E/QcrilMsgTunnelSocket(3191): IOExceptionjava.io.IOException: No such file or directoryReason: No such file or directory
03-21 16:24:15.540: E/QcrilMsgTunnelSocket(3191): IOExceptionjava.io.IOException: No such file or directoryReason: No such file or directory
03-21 16:24:19.534: E/QcrilMsgTunnelSocket(3191): IOExceptionjava.io.IOException: No such file or directoryReason: No such file or directory
03-21 16:24:23.548: E/QcrilMsgTunnelSocket(3191): IOExceptionjava.io.IOException: No such file or directoryReason: No such file or directory
03-21 16:24:25.080: E/Watchdog(777): !@Sync 14
03-21 16:24:27.542: E/QcrilMsgTunnelSocket(3191): IOExceptionjava.io.IOException: No such file or directoryReason: No such file or directory
03-21 16:24:31.536: E/QcrilMsgTunnelSocket(3191): IOExceptionjava.io.IOException: No such file or directoryReason: No such file or directory
03-21 16:24:35.550: E/QcrilMsgTunnelSocket(3191): IOExceptionjava.io.IOException: No such file or directoryReason: No such file or directory
03-21 16:24:39.544: E/QcrilMsgTunnelSocket(3191): IOExceptionjava.io.IOException: No such file or directoryReason: No such file or directory
03-21 16:24:43.548: E/QcrilMsgTunnelSocket(3191): IOExceptionjava.io.IOException: No such file or directoryReason: No such file or directory
03-21 16:24:47.552: E/QcrilMsgTunnelSocket(3191): IOExceptionjava.io.IOException: No such file or directoryReason: No such file or directory
03-21 16:24:47.962: E/WifiHW(777): ##################### set firmware type 0 #####################
03-21 16:24:51.556: E/QcrilMsgTunnelSocket(3191): IOExceptionjava.io.IOException: No such file or directoryReason: No such file or directory
03-21 16:24:53.087: E/WifiHW(777): ##################### set firmware type 0 #####################
03-21 16:24:53.107: E/MP-Decision(1727): num online cores: 1 reqd : 3 available : 4 rq_depth:2.900000 hotplug_avg_load_dw: 47
03-21 16:24:53.107: E/MP-Decision(1727): UP cpu:1 core_idx:1 Nw:1.900000 Tw:140 total_time_up:143.000000
03-21 16:24:53.107: E/MP-Decision(1727): UP cpu:2 core_idx:2 Nw:2.700000 Tw:90 total_time_up:143.000000
03-21 16:24:53.407: E/MP-Decision(1727): num online cores: 3 reqd : 1 available : 4 rq_depth:0.300000 hotplug_avg_load_dw: 19
03-21 16:24:53.407: E/MP-Decision(1727): DOWN cpu:2 core_idx:2 Ns:2.100000 Ts:240 total_time_down:197.000000
03-21 16:24:53.407: E/MP-Decision(1727): DOWN cpu:1 core_idx:1 Ns:1.100000 Ts:190 total_time_down:197.000000
03-21 16:24:55.079: E/Watchdog(777): !@Sync 15
03-21 16:24:55.549: E/QcrilMsgTunnelSocket(3191): IOExceptionjava.io.IOException: No such file or directoryReason: No such file or directory
03-21 16:24:59.553: E/QcrilMsgTunnelSocket(3191): IOExceptionjava.io.IOException: No such file or directoryReason: No such file or directory
03-21 16:25:02.917: E/WifiHW(777): ##################### set firmware type 0 #####################
03-21 16:25:02.997: E/MP-Decision(1727): num online cores: 1 reqd : 2 available : 4 rq_depth:2.000000 hotplug_avg_load_dw: 31
03-21 16:25:02.997: E/MP-Decision(1727): UP cpu:1 core_idx:1 Nw:1.900000 Tw:140 total_time_up:146.000000
03-21 16:25:03.107: E/WifiHW(777): ##################### set firmware type 0 #####################
03-21 16:25:03.347: E/MP-Decision(1727): num online cores: 2 reqd : 1 available : 4 rq_depth:0.000000 hotplug_avg_load_dw: 14