07-31 14:35:05.029: D/audio_hw_primary(179): start_output_stream: enter: usecase(1: low-latency-playback) devices(0x2)
07-31 14:35:05.029: D/audio_hw_primary(179): select_devices: out_snd_device(2: speaker) in_snd_device(0: none)
07-31 14:35:05.029: D/audio_hw_primary(179): enable_snd_device: sending audio calibration for snd_device(2) acdb_id(14)
07-31 14:35:05.029: D/ACDB-LOADER(179): ACDB -> send_afe_cal
07-31 14:35:05.029: D/audio_hw_primary(179): enable_snd_device: snd_device(2: speaker)
07-31 14:35:05.039: D/audio_hw_primary(179): enable_audio_route: apply mixer path: low-latency-playback
07-31 14:35:05.039: I/ActivityManager(532): START u0 {cmp=com.appcelerator.kitchensink/org.appcelerator.titanium.TiActivity (has extras)} from pid 3013
07-31 14:35:05.049: D/audio_hw_primary(179): start_output_stream: exit
07-31 14:35:05.099: D/dalvikvm(532): GC_FOR_ALLOC freed 611K, 18% free 23422K/28384K, paused 45ms, total 45ms
07-31 14:35:05.139: D/dalvikvm(532): GC_FOR_ALLOC freed 1111K, 20% free 22863K/28384K, paused 44ms, total 44ms
07-31 14:35:05.169: I/System.out(3013): before org.appcelerator.titanium.TiActivity@4241d760_onCreate()
07-31 14:35:05.169: D/TouchTestDriver(3013): 14:35:05,179 [main] Activity org.appcelerator.titanium.TiActivity@4241d760 launched without a URI.
07-31 14:35:05.169: I/System.out(3013): before org.appcelerator.titanium.TiActivity@4241d760_onCreate()
07-31 14:35:05.169: D/TouchTestDriver(3013): 14:35:05,179 [main] Activity org.appcelerator.titanium.TiActivity@4241d760 launched without a URI.
07-31 14:35:05.169: I/System.out(3013): after ListView_setAdapter
07-31 14:35:05.169: W/ResourceType(3013): No package identifier when getting name for resource number 0x00000065
07-31 14:35:05.169: D/TouchTestDriver(3013): 14:35:05,183 [main] injectListeners on listView: android.widget.ListView{42401e40 VFED.VC. ......I. 0,0-0,0 #65}
07-31 14:35:05.249: D/Window(3013): Checkpoint: postWindowCreated()
07-31 14:35:05.269: I/System.out(3013): after org.appcelerator.titanium.TiActivity@4241d760_onCreate()
07-31 14:35:05.269: D/TouchTestDriver(3013): 14:35:05,279 [main] Discovered org.appcelerator.titanium.TiActivity@4241d760 in com.appcelerator.kitchensink
07-31 14:35:05.269: D/TouchTestDriver(3013): 14:35:05,279 [main] startSession(org.appcelerator.titanium.TiActivity@4241d760)
07-31 14:35:05.269: D/TouchTestDriver(3013): 14:35:05,279 [main] ====> stack.push:org.appcelerator.titanium.TiActivity@4241d760
07-31 14:35:05.269: D/TouchTestDriver(3013): 14:35:05,280 [main] URL is missing. Assuming activity was not launched by TouchTest Agent.
07-31 14:35:05.269: I/System.out(3013): after org.appcelerator.titanium.TiActivity@4241d760_onCreate()
07-31 14:35:05.269: D/TouchTestDriver(3013): 14:35:05,280 [main] Discovered org.appcelerator.titanium.TiActivity@4241d760 in com.appcelerator.kitchensink
07-31 14:35:05.269: D/TouchTestDriver(3013): 14:35:05,281 [main] startSession(org.appcelerator.titanium.TiActivity@4241d760)
07-31 14:35:05.369: D/TouchTestDriver(3013): 14:35:05,379 [main] startSession(org.appcelerator.titanium.TiActivity@4241d760)
07-31 14:35:05.369: I/ActivityManager(532): Displayed com.appcelerator.kitchensink/org.appcelerator.titanium.TiActivity: +208ms
07-31 14:35:06.670: I/ActivityManager(532): START u0 {cmp=com.appcelerator.kitchensink/org.appcelerator.titanium.TiActivity (has extras)} from pid 3013
07-31 14:35:06.730: D/dalvikvm(532): GC_FOR_ALLOC freed 577K, 18% free 23427K/28384K, paused 46ms, total 47ms
07-31 14:35:06.780: D/dalvikvm(532): GC_FOR_ALLOC freed 1115K, 20% free 22865K/28384K, paused 45ms, total 46ms
07-31 14:35:06.820: I/System.out(3013): before org.appcelerator.titanium.TiActivity@4250eeb0_onCreate()
07-31 14:35:06.830: D/TouchTestDriver(3013): 14:35:06,835 [main] Activity org.appcelerator.titanium.TiActivity@4250eeb0 launched without a URI.
07-31 14:35:06.830: I/System.out(3013): before org.appcelerator.titanium.TiActivity@4250eeb0_onCreate()
07-31 14:35:06.830: D/TouchTestDriver(3013): 14:35:06,836 [main] Activity org.appcelerator.titanium.TiActivity@4250eeb0 launched without a URI.
07-31 14:35:06.840: D/skia(3013): --- SkImageDecoder::Factory returned null
07-31 14:35:06.840: D/Window(3013): Checkpoint: postWindowCreated()
07-31 14:35:06.860: I/System.out(3013): after org.appcelerator.titanium.TiActivity@4250eeb0_onCreate()
07-31 14:35:06.860: D/TouchTestDriver(3013): 14:35:06,872 [main] Discovered org.appcelerator.titanium.TiActivity@4250eeb0 in com.appcelerator.kitchensink
07-31 14:35:06.870: D/TouchTestDriver(3013): 14:35:06,873 [main] startSession(org.appcelerator.titanium.TiActivity@4250eeb0)
07-31 14:35:06.870: D/TouchTestDriver(3013): 14:35:06,876 [main] ====> stack.push:org.appcelerator.titanium.TiActivity@4250eeb0
07-31 14:35:06.870: D/TouchTestDriver(3013): 14:35:06,876 [main] URL is missing. Assuming activity was not launched by TouchTest Agent.
07-31 14:35:06.870: I/System.out(3013): after org.appcelerator.titanium.TiActivity@4250eeb0_onCreate()
07-31 14:35:06.870: D/TouchTestDriver(3013): 14:35:06,877 [main] Discovered org.appcelerator.titanium.TiActivity@4250eeb0 in com.appcelerator.kitchensink
07-31 14:35:06.870: D/TouchTestDriver(3013): 14:35:06,878 [main] startSession(org.appcelerator.titanium.TiActivity@4250eeb0)
07-31 14:35:06.921: D/TouchTestDriver(3013): 14:35:06,926 [main] startSession(org.appcelerator.titanium.TiActivity@4250eeb0)
07-31 14:35:06.961: I/ActivityManager(532): Displayed com.appcelerator.kitchensink/org.appcelerator.titanium.TiActivity: +146ms
07-31 14:35:07.091: D/skia(3013): --- SkImageDecoder::Factory returned null
07-31 14:35:07.341: D/skia(3013): --- SkImageDecoder::Factory returned null
07-31 14:35:07.591: D/skia(3013): --- SkImageDecoder::Factory returned null
07-31 14:35:07.841: D/skia(3013): --- SkImageDecoder::Factory returned null
07-31 14:35:09.793: D/audio_hw_primary(179): out_standby: enter: usecase(1: low-latency-playback)
07-31 14:35:09.843: D/audio_hw_primary(179): stop_output_stream: enter: usecase(1: low-latency-playback)
07-31 14:35:09.843: D/audio_hw_primary(179): disable_audio_route: reset mixer path: low-latency-playback
07-31 14:35:09.843: D/audio_hw_primary(179): disable_snd_device: snd_device(2: speaker)
07-31 14:35:09.863: D/audio_hw_primary(179): stop_output_stream: exit: status(0)
07-31 14:35:09.863: D/audio_hw_primary(179): out_standby: exit
07-31 14:35:25.419: D/audio_hw_primary(179): start_output_stream: enter: usecase(1: low-latency-playback) devices(0x2)
07-31 14:35:25.419: D/audio_hw_primary(179): select_devices: out_snd_device(2: speaker) in_snd_device(0: none)
07-31 14:35:25.419: D/audio_hw_primary(179): enable_snd_device: sending audio calibration for snd_device(2) acdb_id(14)
07-31 14:35:25.419: D/ACDB-LOADER(179): ACDB -> send_afe_cal
07-31 14:35:25.419: D/audio_hw_primary(179): enable_snd_device: snd_device(2: speaker)
07-31 14:35:25.419: D/audio_hw_primary(179): enable_audio_route: apply mixer path: low-latency-playback
07-31 14:35:25.429: D/audio_hw_primary(179): start_output_stream: exit
07-31 14:35:25.459: I/TiAPI(3013): LOAD CALLED
07-31 14:35:28.592: D/audio_hw_primary(179): out_standby: enter: usecase(1: low-latency-playback)
07-31 14:35:28.632: D/audio_hw_primary(179): stop_output_stream: enter: usecase(1: low-latency-playback)
07-31 14:35:28.632: D/audio_hw_primary(179): disable_audio_route: reset mixer path: low-latency-playback
07-31 14:35:28.632: D/audio_hw_primary(179): disable_snd_device: snd_device(2: speaker)
07-31 14:35:28.642: D/audio_hw_primary(179): stop_output_stream: exit: status(0)
07-31 14:35:28.642: D/audio_hw_primary(179): out_standby: exit
07-31 14:35:29.172: I/MusicSyncAdapter(1553): Sync failed due to soft error.
07-31 14:35:29.172: W/BackupTransportService(532): Error sending final backup to server:
07-31 14:35:29.172: W/BackupTransportService(532): org.apache.http.conn.ConnectTimeoutException: Connect to /74.125.29.95:443 timed out
07-31 14:35:29.172: W/BackupTransportService(532): at org.apache.http.conn.scheme.PlainSocketFactory.connectSocket(PlainSocketFactory.java:121)
07-31 14:35:29.172: W/BackupTransportService(532): at org.apache.http.impl.conn.DefaultClientConnectionOperator.openConnection(DefaultClientConnectionOperator.java:144)
07-31 14:35:29.172: W/BackupTransportService(532): at org.apache.http.impl.conn.AbstractPoolEntry.open(AbstractPoolEntry.java:164)
07-31 14:35:29.172: W/BackupTransportService(532): at org.apache.http.impl.conn.AbstractPooledConnAdapter.open(AbstractPooledConnAdapter.java:119)
07-31 14:35:29.172: W/BackupTransportService(532): at org.apache.http.impl.client.DefaultRequestDirector.execute(DefaultRequestDirector.java:360)
07-31 14:35:29.172: W/BackupTransportService(532): at org.apache.http.impl.client.AbstractHttpClient.execute(AbstractHttpClient.java:555)
07-31 14:35:29.172: W/BackupTransportService(532): at org.apache.http.impl.client.AbstractHttpClient.execute(AbstractHttpClient.java:487)
07-31 14:35:29.172: W/BackupTransportService(532): at android.net.http.AndroidHttpClient.execute(AndroidHttpClient.java:257)
07-31 14:35:29.172: W/BackupTransportService(532): at com.google.android.common.http.GoogleHttpClient.executeWithoutRewriting(GoogleHttpClient.java:202)
07-31 14:35:29.172: W/BackupTransportService(532): at com.google.android.common.http.GoogleHttpClient.execute(GoogleHttpClient.java:244)
07-31 14:35:29.172: W/BackupTransportService(532): at com.google.android.common.http.GoogleHttpClient.execute(GoogleHttpClient.java:312)
07-31 14:35:29.172: W/BackupTransportService(532): at com.google.android.backup.BackupTransportService.sendRequestLocked(BackupTransportService.java:831)
07-31 14:35:29.172: W/BackupTransportService(532): at com.google.android.backup.BackupTransportService.access$600(BackupTransportService.java:78)
07-31 14:35:29.172: W/BackupTransportService(532): at com.google.android.backup.BackupTransportService$1.finishBackup(BackupTransportService.java:444)
07-31 14:35:29.172: W/BackupTransportService(532): at com.android.server.BackupManagerService$PerformBackupTask.operationComplete(BackupManagerService.java:2204)
07-31 14:35:29.172: W/BackupTransportService(532): at com.android.server.BackupManagerService$BackupHandler.handleMessage(BackupManagerService.java:544)
07-31 14:35:29.172: W/BackupTransportService(532): at android.os.Handler.dispatchMessage(Handler.java:99)
07-31 14:35:29.172: W/BackupTransportService(532): at android.os.Looper.loop(Looper.java:137)
07-31 14:35:29.172: W/BackupTransportService(532): at android.os.HandlerThread.run(HandlerThread.java:61)
07-31 14:35:29.192: I/PerformBackupTask(532): Backup pass finished.
07-31 14:35:29.252: D/SyncManager(532): failed sync operation appcel123@gmail.com u0 (com.google), com.google.android.music.MusicContent, SERVER, earliestRunTime 17166283, reason: 10041, SyncResult: stats [ numIoExceptions: 1]
07-31 14:35:29.312: I/MusicLeanback(1553): Conditions not met for autocaching.
07-31 14:35:29.312: I/MusicLeanback(1553): Stop autocaching.
07-31 14:35:29.322: W/ArtDownloadService(1553): Setting cache size 11110962
07-31 14:35:29.332: W/ArtDownloadService(1553): Setting cache size 11110962
07-31 14:35:29.332: D/dalvikvm(1553): GC_CONCURRENT freed 474K, 6% free 9578K/10088K, paused 1ms+2ms, total 14ms
07-31 14:35:29.533: D/TouchTestDriver(3013): 14:35:29,537 [main] startSession(org.appcelerator.titanium.TiActivity@4250eeb0)
07-31 14:35:29.533: W/InputMethodManagerService(532): Window already focused, ignoring focus gain of: com.android.internal.view.IInputMethodClient$Stub$Proxy@42054070 attribute=null, token = android.os.BinderProxy@421f6cb0
07-31 14:35:32.195: E/GTalkService(884): connectionClosed: no XMPPConnection - That's strange!