07-31 15:01:52.087: E/TiAnalyticsSvc(3013): at org.apache.http.impl.conn.DefaultClientConnectionOperator.openConnection(DefaultClientConnectionOperator.java:144)
07-31 15:01:52.087: E/TiAnalyticsSvc(3013): at org.apache.http.impl.conn.AbstractPoolEntry.open(AbstractPoolEntry.java:164)
07-31 15:01:52.087: E/TiAnalyticsSvc(3013): at org.apache.http.impl.conn.AbstractPooledConnAdapter.open(AbstractPooledConnAdapter.java:119)
07-31 15:01:52.087: E/TiAnalyticsSvc(3013): at org.apache.http.impl.client.DefaultRequestDirector.execute(DefaultRequestDirector.java:360)
07-31 15:01:52.087: E/TiAnalyticsSvc(3013): at org.apache.http.impl.client.AbstractHttpClient.execute(AbstractHttpClient.java:555)
07-31 15:01:52.087: E/TiAnalyticsSvc(3013): at org.apache.http.impl.client.AbstractHttpClient.execute(AbstractHttpClient.java:653)
07-31 15:01:52.087: E/TiAnalyticsSvc(3013): at org.apache.http.impl.client.AbstractHttpClient.execute(AbstractHttpClient.java:627)
07-31 15:01:52.087: E/TiAnalyticsSvc(3013): at org.apache.http.impl.client.AbstractHttpClient.execute(AbstractHttpClient.java:616)
07-31 15:01:52.087: E/TiAnalyticsSvc(3013): at org.appcelerator.titanium.analytics.TiAnalyticsService$1.run(TiAnalyticsService.java:143)
07-31 15:01:52.087: E/TiAnalyticsSvc(3013): at java.lang.Thread.run(Thread.java:841)
07-31 15:01:52.087: I/TiAnalyticsSvc(3013): (Thread-278) [4,2794957] Stopping Analytics Service
07-31 15:01:52.987: D/audio_hw_primary(179): start_output_stream: enter: usecase(1: low-latency-playback) devices(0x2)
07-31 15:01:52.987: D/audio_hw_primary(179): select_devices: out_snd_device(2: speaker) in_snd_device(0: none)
07-31 15:01:52.987: D/audio_hw_primary(179): enable_snd_device: sending audio calibration for snd_device(2) acdb_id(14)
07-31 15:01:52.987: D/ACDB-LOADER(179): ACDB -> send_afe_cal
07-31 15:01:52.987: D/audio_hw_primary(179): enable_snd_device: snd_device(2: speaker)
07-31 15:01:52.997: D/audio_hw_primary(179): enable_audio_route: apply mixer path: low-latency-playback
07-31 15:01:52.997: I/ActivityManager(532): START u0 {cmp=com.appcelerator.kitchensink/org.appcelerator.titanium.TiActivity (has extras)} from pid 3013
07-31 15:01:53.007: D/audio_hw_primary(179): start_output_stream: exit
07-31 15:01:53.078: D/dalvikvm(532): GC_FOR_ALLOC freed 587K, 18% free 23409K/28384K, paused 65ms, total 65ms
07-31 15:01:53.128: D/dalvikvm(532): GC_FOR_ALLOC freed 1112K, 20% free 22850K/28384K, paused 47ms, total 47ms
07-31 15:01:53.218: I/System.out(3013): before org.appcelerator.titanium.TiActivity@42434c60_onCreate()
07-31 15:01:53.218: D/TouchTestDriver(3013): 15:01:53,231 [main] Activity org.appcelerator.titanium.TiActivity@42434c60 launched without a URI.
07-31 15:01:53.218: I/System.out(3013): before org.appcelerator.titanium.TiActivity@42434c60_onCreate()
07-31 15:01:53.218: D/TouchTestDriver(3013): 15:01:53,232 [main] Activity org.appcelerator.titanium.TiActivity@42434c60 launched without a URI.
07-31 15:01:53.288: D/dalvikvm(3013): GC_FOR_ALLOC freed 758K, 15% free 16525K/19348K, paused 57ms, total 57ms
07-31 15:01:53.348: D/dalvikvm(3013): GC_FOR_ALLOC freed 160K, 15% free 16519K/19348K, paused 56ms, total 56ms
07-31 15:01:53.358: D/skia(3013): --- SkImageDecoder::Factory returned null
07-31 15:01:53.368: D/Window(3013): Checkpoint: postWindowCreated()
07-31 15:01:53.378: I/System.out(3013): after org.appcelerator.titanium.TiActivity@42434c60_onCreate()
07-31 15:01:53.378: D/TouchTestDriver(3013): 15:01:53,394 [main] Discovered org.appcelerator.titanium.TiActivity@42434c60 in com.appcelerator.kitchensink
07-31 15:01:53.378: D/TouchTestDriver(3013): 15:01:53,394 [main] startSession(org.appcelerator.titanium.TiActivity@42434c60)
07-31 15:01:53.388: D/TouchTestDriver(3013): 15:01:53,395 [main] ====> stack.push:org.appcelerator.titanium.TiActivity@42434c60
07-31 15:01:53.388: D/TouchTestDriver(3013): 15:01:53,395 [main] URL is missing. Assuming activity was not launched by TouchTest Agent.
07-31 15:01:53.388: I/System.out(3013): after org.appcelerator.titanium.TiActivity@42434c60_onCreate()
07-31 15:01:53.388: D/TouchTestDriver(3013): 15:01:53,395 [main] Discovered org.appcelerator.titanium.TiActivity@42434c60 in com.appcelerator.kitchensink
07-31 15:01:53.388: D/TouchTestDriver(3013): 15:01:53,396 [main] startSession(org.appcelerator.titanium.TiActivity@42434c60)
07-31 15:01:53.438: D/TouchTestDriver(3013): 15:01:53,447 [main] startSession(org.appcelerator.titanium.TiActivity@42434c60)
07-31 15:01:53.478: I/ActivityManager(532): Displayed com.appcelerator.kitchensink/org.appcelerator.titanium.TiActivity: +266ms
07-31 15:01:53.608: D/skia(3013): --- SkImageDecoder::Factory returned null
07-31 15:01:53.858: D/skia(3013): --- SkImageDecoder::Factory returned null
07-31 15:01:54.109: D/skia(3013): --- SkImageDecoder::Factory returned null
07-31 15:01:54.359: D/skia(3013): --- SkImageDecoder::Factory returned null
07-31 15:01:56.171: D/audio_hw_primary(179): out_standby: enter: usecase(1: low-latency-playback)
07-31 15:01:56.221: D/audio_hw_primary(179): stop_output_stream: enter: usecase(1: low-latency-playback)
07-31 15:01:56.221: D/audio_hw_primary(179): disable_audio_route: reset mixer path: low-latency-playback
07-31 15:01:56.221: D/audio_hw_primary(179): disable_snd_device: snd_device(2: speaker)
07-31 15:01:56.231: D/audio_hw_primary(179): stop_output_stream: exit: status(0)
07-31 15:01:56.231: D/audio_hw_primary(179): out_standby: exit
07-31 15:02:13.017: D/skia(3013): --- SkImageDecoder::Factory returned null
07-31 15:02:13.017: D/audio_hw_primary(179): start_output_stream: enter: usecase(1: low-latency-playback) devices(0x2)
07-31 15:02:13.017: D/audio_hw_primary(179): select_devices: out_snd_device(2: speaker) in_snd_device(0: none)
07-31 15:02:13.017: D/audio_hw_primary(179): enable_snd_device: sending audio calibration for snd_device(2) acdb_id(14)
07-31 15:02:13.017: D/ACDB-LOADER(179): ACDB -> send_afe_cal
07-31 15:02:13.017: D/audio_hw_primary(179): enable_snd_device: snd_device(2: speaker)
07-31 15:02:13.037: D/audio_hw_primary(179): enable_audio_route: apply mixer path: low-latency-playback
07-31 15:02:13.047: D/audio_hw_primary(179): start_output_stream: exit
07-31 15:02:13.267: D/skia(3013): --- SkImageDecoder::Factory returned null
07-31 15:02:13.517: D/skia(3013): --- SkImageDecoder::Factory returned null
07-31 15:02:13.768: D/skia(3013): --- SkImageDecoder::Factory returned null
07-31 15:02:14.018: D/skia(3013): --- SkImageDecoder::Factory returned null
07-31 15:02:15.249: I/MusicSyncAdapter(1553): Sync failed due to soft error.
07-31 15:02:15.259: D/SyncManager(532): failed sync operation appcel123@gmail.com u0 (com.google), com.google.android.music.MusicContent, SERVER, earliestRunTime 18772439, reason: 10041, SyncResult: stats [ numIoExceptions: 1]
07-31 15:02:15.279: W/ArtDownloadService(1553): Setting cache size -1
07-31 15:02:15.309: W/BackupTransportService(532): Error sending final backup to server:
07-31 15:02:15.309: W/BackupTransportService(532): org.apache.http.conn.ConnectTimeoutException: Connect to /74.125.29.95:443 timed out
07-31 15:02:15.309: W/BackupTransportService(532): at org.apache.http.conn.scheme.PlainSocketFactory.connectSocket(PlainSocketFactory.java:121)
07-31 15:02:15.309: W/BackupTransportService(532): at org.apache.http.impl.conn.DefaultClientConnectionOperator.openConnection(DefaultClientConnectionOperator.java:144)
07-31 15:02:15.309: W/BackupTransportService(532): at org.apache.http.impl.conn.AbstractPoolEntry.open(AbstractPoolEntry.java:164)
07-31 15:02:15.309: W/BackupTransportService(532): at org.apache.http.impl.conn.AbstractPooledConnAdapter.open(AbstractPooledConnAdapter.java:119)
07-31 15:02:15.309: W/BackupTransportService(532): at org.apache.http.impl.client.DefaultRequestDirector.execute(DefaultRequestDirector.java:360)
07-31 15:02:15.309: W/BackupTransportService(532): at org.apache.http.impl.client.AbstractHttpClient.execute(AbstractHttpClient.java:555)
07-31 15:02:15.309: W/BackupTransportService(532): at org.apache.http.impl.client.AbstractHttpClient.execute(AbstractHttpClient.java:487)
07-31 15:02:15.309: W/BackupTransportService(532): at android.net.http.AndroidHttpClient.execute(AndroidHttpClient.java:257)
07-31 15:02:15.309: W/BackupTransportService(532): at com.google.android.common.http.GoogleHttpClient.executeWithoutRewriting(GoogleHttpClient.java:202)
07-31 15:02:15.309: W/BackupTransportService(532): at com.google.android.common.http.GoogleHttpClient.execute(GoogleHttpClient.java:244)
07-31 15:02:15.309: W/BackupTransportService(532): at com.google.android.common.http.GoogleHttpClient.execute(GoogleHttpClient.java:312)
07-31 15:02:15.309: W/BackupTransportService(532): at com.google.android.backup.BackupTransportService.sendRequestLocked(BackupTransportService.java:831)
07-31 15:02:15.309: W/BackupTransportService(532): at com.google.android.backup.BackupTransportService.access$600(BackupTransportService.java:78)
07-31 15:02:15.309: W/BackupTransportService(532): at com.google.android.backup.BackupTransportService$1.finishBackup(BackupTransportService.java:444)
07-31 15:02:15.309: W/BackupTransportService(532): at com.android.server.BackupManagerService$PerformBackupTask.operationComplete(BackupManagerService.java:2204)
07-31 15:02:15.309: W/BackupTransportService(532): at com.android.server.BackupManagerService$BackupHandler.handleMessage(BackupManagerService.java:544)
07-31 15:02:15.309: W/BackupTransportService(532): at android.os.Handler.dispatchMessage(Handler.java:99)
07-31 15:02:15.309: W/BackupTransportService(532): at android.os.Looper.loop(Looper.java:137)
07-31 15:02:15.309: W/BackupTransportService(532): at android.os.HandlerThread.run(HandlerThread.java:61)
07-31 15:02:15.309: I/PerformBackupTask(532): Backup pass finished.
07-31 15:02:15.399: I/MusicLeanback(1553): Conditions not met for autocaching.
07-31 15:02:15.399: I/MusicLeanback(1553): Stop autocaching.
07-31 15:02:15.399: W/ArtDownloadService(1553): Setting cache size 11110962
07-31 15:02:16.200: D/audio_hw_primary(179): out_standby: enter: usecase(1: low-latency-playback)
07-31 15:02:16.240: D/audio_hw_primary(179): stop_output_stream: enter: usecase(1: low-latency-playback)
07-31 15:02:16.240: D/audio_hw_primary(179): disable_audio_route: reset mixer path: low-latency-playback
07-31 15:02:16.240: D/audio_hw_primary(179): disable_snd_device: snd_device(2: speaker)
07-31 15:02:16.240: D/audio_hw_primary(179): stop_output_stream: exit: status(0)
07-31 15:02:16.240: D/audio_hw_primary(179): out_standby: exit
07-31 15:02:16.320: D/audio_hw_primary(179): start_output_stream: enter: usecase(1: low-latency-playback) devices(0x2)
07-31 15:02:16.320: D/audio_hw_primary(179): select_devices: out_snd_device(2: speaker) in_snd_device(0: none)
07-31 15:02:16.320: D/audio_hw_primary(179): enable_snd_device: sending audio calibration for snd_device(2) acdb_id(14)
07-31 15:02:16.320: D/ACDB-LOADER(179): ACDB -> send_afe_cal
07-31 15:02:16.320: D/audio_hw_primary(179): enable_snd_device: snd_device(2: speaker)
07-31 15:02:16.320: D/audio_hw_primary(179): enable_audio_route: apply mixer path: low-latency-playback
07-31 15:02:16.330: D/audio_hw_primary(179): start_output_stream: exit
07-31 15:02:18.282: E/GTalkService(884): connectionClosed: no XMPPConnection - That's strange!
07-31 15:02:20.144: D/audio_hw_primary(179): out_standby: enter: usecase(1: low-latency-playback)
07-31 15:02:20.194: D/audio_hw_primary(179): stop_output_stream: enter: usecase(1: low-latency-playback)
07-31 15:02:20.194: D/audio_hw_primary(179): disable_audio_route: reset mixer path: low-latency-playback
07-31 15:02:20.194: D/audio_hw_primary(179): disable_snd_device: snd_device(2: speaker)
07-31 15:02:20.204: D/audio_hw_primary(179): stop_output_stream: exit: status(0)
07-31 15:02:20.204: D/audio_hw_primary(179): out_standby: exit
07-31 15:02:21.285: D/ConnectivityService(532): handleInetConditionHoldEnd: net=1, condition=0, published condition=0
07-31 15:02:23.217: I/TiAnalyticsSvc(3013): (Thread-279) [31135,2826092] Analytics Service Started
07-31 15:02:27.861: I/GTalkService/c(884): [AndroidEndpoint@1105756568] connect: acct=1000000, state=CONNECTING
07-31 15:02:28.282: E/TiAnalyticsSvc(3013): (Thread-279) [5058,2831150] Error posting events: Connect to /23.23.227.162:443 timed out
07-31 15:02:28.282: E/TiAnalyticsSvc(3013): org.apache.http.conn.ConnectTimeoutException: Connect to /23.23.227.162:443 timed out
07-31 15:02:28.282: E/TiAnalyticsSvc(3013): at org.apache.http.conn.scheme.PlainSocketFactory.connectSocket(PlainSocketFactory.java:121)
07-31 15:02:28.282: E/TiAnalyticsSvc(3013): at org.apache.http.impl.conn.DefaultClientConnectionOperator.openConnection(DefaultClientConnectionOperator.java:144)
07-31 15:02:28.282: E/TiAnalyticsSvc(3013): at org.apache.http.impl.conn.AbstractPoolEntry.open(AbstractPoolEntry.java:164)
07-31 15:02:28.282: E/TiAnalyticsSvc(3013): at org.apache.http.impl.conn.AbstractPooledConnAdapter.open(AbstractPooledConnAdapter.java:119)
07-31 15:02:28.282: E/TiAnalyticsSvc(3013): at org.apache.http.impl.client.DefaultRequestDirector.execute(DefaultRequestDirector.java:360)
07-31 15:02:28.282: E/TiAnalyticsSvc(3013): at org.apache.http.impl.client.AbstractHttpClient.execute(AbstractHttpClient.java:555)
07-31 15:02:28.282: E/TiAnalyticsSvc(3013): at org.apache.http.impl.client.AbstractHttpClient.execute(AbstractHttpClient.java:653)
07-31 15:02:28.282: E/TiAnalyticsSvc(3013): at org.apache.http.impl.client.AbstractHttpClient.execute(AbstractHttpClient.java:627)
07-31 15:02:28.282: E/TiAnalyticsSvc(3013): at org.apache.http.impl.client.AbstractHttpClient.execute(AbstractHttpClient.java:616)
07-31 15:02:28.282: E/TiAnalyticsSvc(3013): at org.appcelerator.titanium.analytics.TiAnalyticsService$1.run(TiAnalyticsService.java:143)
07-31 15:02:28.282: E/TiAnalyticsSvc(3013): at java.lang.Thread.run(Thread.java:841)
07-31 15:02:28.282: I/TiAnalyticsSvc(3013): (Thread-279) [2,2831152] Stopping Analytics Service
07-31 15:02:37.911: D/audio_hw_primary(179): start_output_stream: enter: usecase(1: low-latency-playback) devices(0x2)
07-31 15:02:37.911: D/audio_hw_primary(179): select_devices: out_snd_device(2: speaker) in_snd_device(0: none)
07-31 15:02:37.911: D/audio_hw_primary(179): enable_snd_device: sending audio calibration for snd_device(2) acdb_id(14)
07-31 15:02:37.911: D/ACDB-LOADER(179): ACDB -> send_afe_cal
07-31 15:02:37.911: D/audio_hw_primary(179): enable_snd_device: snd_device(2: speaker)
07-31 15:02:37.921: D/audio_hw_primary(179): enable_audio_route: apply mixer path: low-latency-playback
07-31 15:02:37.921: D/audio_hw_primary(179): start_output_stream: exit
07-31 15:02:37.961: D/dalvikvm(532): GC_FOR_ALLOC freed 894K, 18% free 23388K/28384K, paused 56ms, total 57ms
07-31 15:02:38.021: D/dalvikvm(532): GC_FOR_ALLOC freed 1125K, 20% free 22816K/28384K, paused 50ms, total 51ms
07-31 15:02:38.081: D/TouchTestDriver(3013): 15:02:38,093 [main] startSession(org.appcelerator.titanium.TiActivity@42677288)
07-31 15:02:38.081: D/TouchTestDriver(3013): 15:02:38,093 [main] ====> stack.push:org.appcelerator.titanium.TiActivity@42677288
07-31 15:02:38.081: D/TouchTestDriver(3013): 15:02:38,094 [main] URL is missing. Assuming activity was not launched by TouchTest Agent.
07-31 15:02:38.452: D/Window(3013): Window is closed normally.
07-31 15:02:41.084: D/audio_hw_primary(179): out_standby: enter: usecase(1: low-latency-playback)
07-31 15:02:41.124: D/audio_hw_primary(179): stop_output_stream: enter: usecase(1: low-latency-playback)
07-31 15:02:41.124: D/audio_hw_primary(179): disable_audio_route: reset mixer path: low-latency-playback
07-31 15:02:41.124: D/audio_hw_primary(179): disable_snd_device: snd_device(2: speaker)
07-31 15:02:41.134: D/audio_hw_primary(179): stop_output_stream: exit: status(0)
07-31 15:02:41.134: D/audio_hw_primary(179): out_standby: exit
07-31 15:02:42.606: D/audio_hw_primary(179): start_output_stream: enter: usecase(1: low-latency-playback) devices(0x2)
07-31 15:02:42.606: D/audio_hw_primary(179): select_devices: out_snd_device(2: speaker) in_snd_device(0: none)
07-31 15:02:42.606: D/audio_hw_primary(179): enable_snd_device: sending audio calibration for snd_device(2) acdb_id(14)
07-31 15:02:42.606: D/ACDB-LOADER(179): ACDB -> send_afe_cal
07-31 15:02:42.606: D/audio_hw_primary(179): enable_snd_device: snd_device(2: speaker)
07-31 15:02:42.606: I/ActivityManager(532): START u0 {cmp=com.appcelerator.kitchensink/org.appcelerator.titanium.TiActivity (has extras)} from pid 3013
07-31 15:02:42.616: D/audio_hw_primary(179): enable_audio_route: apply mixer path: low-latency-playback
07-31 15:02:42.626: D/audio_hw_primary(179): start_output_stream: exit
07-31 15:02:42.686: D/dalvikvm(532): GC_FOR_ALLOC freed 571K, 18% free 23375K/28384K, paused 65ms, total 65ms
07-31 15:02:42.736: D/dalvikvm(532): GC_FOR_ALLOC freed 1111K, 20% free 22817K/28384K, paused 43ms, total 44ms
07-31 15:02:42.756: I/System.out(3013): before org.appcelerator.titanium.TiActivity@426018d8_onCreate()
07-31 15:02:42.756: D/TouchTestDriver(3013): 15:02:42,775 [main] Activity org.appcelerator.titanium.TiActivity@426018d8 launched without a URI.
07-31 15:02:42.766: I/System.out(3013): before org.appcelerator.titanium.TiActivity@426018d8_onCreate()
07-31 15:02:42.766: D/TouchTestDriver(3013): 15:02:42,775 [main] Activity org.appcelerator.titanium.TiActivity@426018d8 launched without a URI.
07-31 15:02:42.776: D/skia(3013): --- SkImageDecoder::Factory returned null
07-31 15:02:42.786: D/Window(3013): Checkpoint: postWindowCreated()
07-31 15:02:42.886: I/System.out(3013): after org.appcelerator.titanium.TiActivity@426018d8_onCreate()
07-31 15:02:42.886: D/TouchTestDriver(3013): 15:02:42,904 [main] Discovered org.appcelerator.titanium.TiActivity@426018d8 in com.appcelerator.kitchensink
07-31 15:02:42.886: D/TouchTestDriver(3013): 15:02:42,904 [main] startSession(org.appcelerator.titanium.TiActivity@426018d8)
07-31 15:02:42.886: D/TouchTestDriver(3013): 15:02:42,905 [main] ====> stack.push:org.appcelerator.titanium.TiActivity@426018d8
07-31 15:02:42.896: D/TouchTestDriver(3013): 15:02:42,905 [main] URL is missing. Assuming activity was not launched by TouchTest Agent.
07-31 15:02:42.896: I/System.out(3013): after org.appcelerator.titanium.TiActivity@426018d8_onCreate()
07-31 15:02:42.896: D/TouchTestDriver(3013): 15:02:42,906 [main] Discovered org.appcelerator.titanium.TiActivity@426018d8 in com.appcelerator.kitchensink
07-31 15:02:42.896: D/TouchTestDriver(3013): 15:02:42,906 [main] startSession(org.appcelerator.titanium.TiActivity@426018d8)
07-31 15:02:42.946: D/TouchTestDriver(3013): 15:02:42,964 [main] startSession(org.appcelerator.titanium.TiActivity@426018d8)
07-31 15:02:42.996: I/ActivityManager(532): Displayed com.appcelerator.kitchensink/org.appcelerator.titanium.TiActivity: +241ms
07-31 15:02:43.076: D/dalvikvm(3013): GC_FOR_ALLOC freed 905K, 14% free 16766K/19348K, paused 59ms, total 59ms
07-31 15:02:43.086: D/skia(3013): --- SkImageDecoder::Factory returned null
07-31 15:02:43.337: D/skia(3013): --- SkImageDecoder::Factory returned null
07-31 15:02:43.587: D/skia(3013): --- SkImageDecoder::Factory returned null
07-31 15:02:43.837: D/skia(3013): --- SkImageDecoder::Factory returned null
07-31 15:02:45.789: D/audio_hw_primary(179): out_standby: enter: usecase(1: low-latency-playback)
07-31 15:02:45.829: D/audio_hw_primary(179): stop_output_stream: enter: usecase(1: low-latency-playback)
07-31 15:02:45.829: D/audio_hw_primary(179): disable_audio_route: reset mixer path: low-latency-playback
07-31 15:02:45.829: D/audio_hw_primary(179): disable_snd_device: snd_device(2: speaker)
07-31 15:02:45.849: D/audio_hw_primary(179): stop_output_stream: exit: status(0)
07-31 15:02:45.849: D/audio_hw_primary(179): out_standby: exit
07-31 15:03:12.765: I/TiAnalyticsSvc(3013): (Thread-280) [44490,2875642] Analytics Service Started
07-31 15:03:17.940: E/TiAnalyticsSvc(3013): (Thread-280) [5164,2880806] Error posting events: Connect to /23.23.227.162:443 timed out
07-31 15:03:17.940: E/TiAnalyticsSvc(3013): org.apache.http.conn.ConnectTimeoutException: Connect to /23.23.227.162:443 timed out
07-31 15:03:17.940: E/TiAnalyticsSvc(3013): at org.apache.http.conn.scheme.PlainSocketFactory.connectSocket(PlainSocketFactory.java:121)
07-31 15:03:17.940: E/TiAnalyticsSvc(3013): at org.apache.http.impl.conn.DefaultClientConnectionOperator.openConnection(DefaultClientConnectionOperator.java:144)
07-31 15:03:17.940: E/TiAnalyticsSvc(3013): at org.apache.http.impl.conn.AbstractPoolEntry.open(AbstractPoolEntry.java:164)
07-31 15:03:17.940: E/TiAnalyticsSvc(3013): at org.apache.http.impl.conn.AbstractPooledConnAdapter.open(AbstractPooledConnAdapter.java:119)
07-31 15:03:17.940: E/TiAnalyticsSvc(3013): at org.apache.http.impl.client.DefaultRequestDirector.execute(DefaultRequestDirector.java:360)
07-31 15:03:17.940: E/TiAnalyticsSvc(3013): at org.apache.http.impl.client.AbstractHttpClient.execute(AbstractHttpClient.java:555)
07-31 15:03:17.940: E/TiAnalyticsSvc(3013): at org.apache.http.impl.client.AbstractHttpClient.execute(AbstractHttpClient.java:653)
07-31 15:03:17.940: E/TiAnalyticsSvc(3013): at org.apache.http.impl.client.AbstractHttpClient.execute(AbstractHttpClient.java:627)
07-31 15:03:17.940: E/TiAnalyticsSvc(3013): at org.apache.http.impl.client.AbstractHttpClient.execute(AbstractHttpClient.java:616)
07-31 15:03:17.940: E/TiAnalyticsSvc(3013): at org.appcelerator.titanium.analytics.TiAnalyticsService$1.run(TiAnalyticsService.java:143)
07-31 15:03:17.940: E/TiAnalyticsSvc(3013): at java.lang.Thread.run(Thread.java:841)
07-31 15:03:17.940: I/TiAnalyticsSvc(3013): (Thread-280) [3,2880809] Stopping Analytics Service
07-31 15:03:31.003: E/GTalkService(884): connectionClosed: no XMPPConnection - That's strange!
07-31 15:03:34.006: D/ConnectivityService(532): handleInetConditionHoldEnd: net=1, condition=0, published condition=0
07-31 15:03:46.678: I/MusicSyncAdapter(1553): Sync failed due to soft error.
07-31 15:03:46.728: D/SyncManager(532): failed sync operation appcel123@gmail.com u0 (com.google), com.google.android.music.MusicContent, SERVER, earliestRunTime 18987520, reason: IsSyncable, SyncResult: stats [ numIoExceptions: 1]
07-31 15:03:46.748: I/MusicLeanback(1553): Conditions not met for autocaching.
07-31 15:03:46.748: I/MusicLeanback(1553): Stop autocaching.
07-31 15:03:46.768: W/ArtDownloadService(1553): Setting cache size -1
07-31 15:03:46.768: W/ArtDownloadService(1553): Setting cache size 11110962
07-31 15:03:46.778: D/dalvikvm(1553): GC_CONCURRENT freed 495K, 6% free 9561K/10116K, paused 2ms+1ms, total 16ms
07-31 15:03:50.162: I/GTalkService/c(884): [AndroidEndpoint@1105756568] connect: acct=1000000, state=CONNECTING
07-31 15:03:50.182: D/dalvikvm(884): GC_CONCURRENT freed 379K, 7% free 9830K/10544K, paused 3ms+2ms, total 24ms
07-31 15:04:53.323: E/GTalkService(884): connectionClosed: no XMPPConnection - That's strange!
07-31 15:04:56.326: D/ConnectivityService(532): handleInetConditionHoldEnd: net=1, condition=0, published condition=0
07-31 15:05:31.621: I/GTalkService/c(884): [AndroidEndpoint@1105756568] connect: acct=1000000, state=CONNECTING
07-31 15:05:49.398: I/MusicSyncAdapter(1553): Sync failed due to soft error.
07-31 15:05:49.458: D/SyncManager(532): failed sync operation appcel123@gmail.com u0 (com.google), com.google.android.music.MusicContent, SERVER, earliestRunTime 19185094, reason: IsSyncable, SyncResult: stats [ numIoExceptions: 1]
07-31 15:05:49.528: I/MusicLeanback(1553): Conditions not met for autocaching.
07-31 15:05:49.528: I/MusicLeanback(1553): Stop autocaching.
07-31 15:05:49.538: W/ArtDownloadService(1553): Setting cache size 11110962
07-31 15:05:49.538: W/ArtDownloadService(1553): Setting cache size 11110962
07-31 15:06:32.971: I/wpa_supplicant(675): wlan0: CTRL-EVENT-DISCONNECTED bssid=c0:62:6b:66:cf:fa reason=1
07-31 15:06:32.981: D/Tethering(532): InitialState.processMessage what=4
07-31 15:06:32.981: D/Tethering(532): sendTetherStateChangedBroadcast 0, 0, 0
07-31 15:06:32.981: D/CommandListener(174): Clearing all IP addresses on wlan0
07-31 15:06:33.001: D/ConnectivityService(532): ConnectivityChange for WIFI: DISCONNECTED/DISCONNECTED
07-31 15:06:33.001: D/ConnectivityService(532): Attempting to switch to BLUETOOTH_TETHER
07-31 15:06:33.001: D/ConnectivityService(532): Attempting to switch to ETHERNET
07-31 15:06:33.021: D/NetUtils(532): android_net_utils_resetConnections in env=0x753f1e18 clazz=0xb0e00001 iface=wlan0 mask=0x3
07-31 15:06:33.021: D/ConnectivityService(532): resetConnections(wlan0, 3)
07-31 15:06:33.051: W/GDataClient(884): Unable to execute HTTP request.org.apache.http.conn.HttpHostConnectException: Connection to https://android.clients.google.com refused
07-31 15:06:33.081: E/GTalkService(884): connectionClosed: no XMPPConnection - That's strange!
07-31 15:06:33.081: E/PlayEventLogger(1553): Error when executing upload request: Connect to /74.125.29.95:443 timed out
07-31 15:06:33.081: E/PlayEventLogger(1553): org.apache.http.conn.ConnectTimeoutException: Connect to /74.125.29.95:443 timed out
07-31 15:06:33.081: E/PlayEventLogger(1553): at org.apache.http.conn.scheme.PlainSocketFactory.connectSocket(PlainSocketFactory.java:121)
07-31 15:06:33.081: E/PlayEventLogger(1553): at org.apache.http.impl.conn.DefaultClientConnectionOperator.openConnection(DefaultClientConnectionOperator.java:144)
07-31 15:06:33.081: E/PlayEventLogger(1553): at org.apache.http.impl.conn.AbstractPoolEntry.open(AbstractPoolEntry.java:164)
07-31 15:06:33.081: E/PlayEventLogger(1553): at org.apache.http.impl.conn.AbstractPooledConnAdapter.open(AbstractPooledConnAdapter.java:119)
07-31 15:06:33.081: E/PlayEventLogger(1553): at org.apache.http.impl.client.DefaultRequestDirector.execute(DefaultRequestDirector.java:360)
07-31 15:06:33.081: E/PlayEventLogger(1553): at org.apache.http.impl.client.AbstractHttpClient.execute(AbstractHttpClient.java:555)
07-31 15:06:33.081: E/PlayEventLogger(1553): at org.apache.http.impl.client.AbstractHttpClient.execute(AbstractHttpClient.java:487)
07-31 15:06:33.081: E/PlayEventLogger(1553): at android.net.http.AndroidHttpClient.execute(AndroidHttpClient.java:257)
07-31 15:06:33.081: E/PlayEventLogger(1553): at com.google.android.common.http.GoogleHttpClient.executeWithoutRewriting(GoogleHttpClient.java:202)
07-31 15:06:33.081: E/PlayEventLogger(1553): at com.google.android.common.http.GoogleHttpClient.execute(GoogleHttpClient.java:259)
07-31 15:06:33.081: E/PlayEventLogger(1553): at com.google.android.common.http.GoogleHttpClient.execute(GoogleHttpClient.java:312)
07-31 15:06:33.081: E/PlayEventLogger(1553): at com.google.android.play.analytics.EventLogger.uploadLog(EventLogger.java:496)
07-31 15:06:33.081: E/PlayEventLogger(1553): at com.google.android.play.analytics.EventLogger.uploadEventsImpl(EventLogger.java:444)
07-31 15:06:33.081: E/PlayEventLogger(1553): at com.google.android.play.analytics.EventLogger.dispatchMessage(EventLogger.java:354)
07-31 15:06:33.081: E/PlayEventLogger(1553): at android.os.Looper.loop(Looper.java:137)
07-31 15:06:33.081: E/PlayEventLogger(1553): at android.os.HandlerThread.run(HandlerThread.java:61)
07-31 15:06:33.091: D/SyncManager(532): failed sync operation appcel123@gmail.com u0 (com.google), subscribedfeeds, LOCAL, earliestRunTime 19030270, reason: 10021, SyncResult: stats [ numIoExceptions: 1]
07-31 15:06:33.091: E/CheckinTask(884): Checkin failed: https://android.clients.google.com/checkin (request #0): org.apache.http.conn.HttpHostConnectException: Connection to https://android.clients.google.com refused
07-31 15:06:33.141: D/Nat464Xlat(532): requiresClat: netType=1, hasIPv4Address=false
07-31 15:06:33.141: D/ConnectivityService(532): handleInetConditionChange: no active default network - ignore
07-31 15:06:33.891: I/wpa_supplicant(675): wlan0: Trying to associate with SSID 'ITOS-DEV'
07-31 15:06:33.962: I/wpa_supplicant(675): wlan0: Associated with c0:62:6b:66:cf:fa
07-31 15:06:33.962: I/wpa_supplicant(675): wlan0: CTRL-EVENT-CONNECTED - Connection to c0:62:6b:66:cf:fa completed (auth) [id=3 id_str=]
07-31 15:06:33.972: D/Tethering(532): sendTetherStateChangedBroadcast 1, 0, 0
07-31 15:06:34.602: D/ConnectivityService(532): Captive portal check NetworkInfo: type: WIFI[], state: CONNECTING/CAPTIVE_PORTAL_CHECK, reason: (unspecified), extra: "ITOS-DEV", roaming: false, failover: false, isAvailable: true
07-31 15:06:34.612: D/ConnectivityService(532): ConnectivityChange for WIFI: CONNECTED/CONNECTED
07-31 15:06:34.662: D/Nat464Xlat(532): requiresClat: netType=1, hasIPv4Address=true
07-31 15:06:34.702: I/CheckinService(884): Preparing to send checkin request
07-31 15:06:34.712: I/EventLogService(884): Accumulating logs since 1375308073420
07-31 15:06:34.772: I/Adreno200-EGL(884): : EGL 1.4 QUALCOMM Build: Iabe52cfaeae4c5fab1acacfe6f056ba15fa93274
07-31 15:06:34.782: D/dalvikvm(1063): GC_CONCURRENT freed 402K, 6% free 9322K/9848K, paused 1ms+1ms, total 21ms
07-31 15:06:34.983: D/dalvikvm(884): GC_CONCURRENT freed 617K, 9% free 9601K/10504K, paused 1ms+2ms, total 18ms
07-31 15:06:35.393: D/dalvikvm(884): GC_CONCURRENT freed 312K, 7% free 9776K/10504K, paused 2ms+1ms, total 15ms
07-31 15:06:35.393: D/dalvikvm(884): WAIT_FOR_CONCURRENT_GC blocked 10ms
07-31 15:06:35.413: D/dalvikvm(884): GC_FOR_ALLOC freed 43K, 6% free 9894K/10504K, paused 12ms, total 12ms
07-31 15:06:35.413: I/dalvikvm-heap(884): Grow heap (frag case) to 9.824MB for 82220-byte allocation
07-31 15:06:35.423: D/dalvikvm(884): GC_FOR_ALLOC freed <1K, 6% free 9974K/10588K, paused 13ms, total 13ms
07-31 15:06:35.433: D/dalvikvm(884): GC_FOR_ALLOC freed 40K, 7% free 9934K/10588K, paused 12ms, total 12ms
07-31 15:06:35.463: D/dalvikvm(884): GC_FOR_ALLOC freed 412K, 8% free 9748K/10588K, paused 12ms, total 12ms
07-31 15:06:35.483: D/dalvikvm(884): GC_FOR_ALLOC freed 168K, 8% free 9821K/10588K, paused 12ms, total 12ms
07-31 15:06:35.493: I/CheckinTask(884): Sending checkin request (27118 bytes)
07-31 15:06:35.613: D/ConnectivityService(532): NetTransition Wakelock for ConnectedState released by timeout
07-31 15:06:36.154: D/Tethering(532): MasterInitialState.processMessage what=3
07-31 15:06:36.264: I/GTalkService/c(884): [AndroidEndpoint@1105756568] connect: acct=1000000, state=CONNECTING
07-31 15:06:36.274: D/dalvikvm(789): GC_CONCURRENT freed 344K, 7% free 10339K/11000K, paused 2ms+4ms, total 85ms
07-31 15:06:36.284: E/(532): W/virtual loc_api_adapter_err LocApiAdapter::enableData(int): default implementation invoked
07-31 15:06:36.284: E/(532): W/virtual loc_api_adapter_err LocApiAdapter::setAPN(char*, int): default implementation invoked
07-31 15:06:36.294: D/GCM(884): GcmService start Intent { act=android.net.conn.CONNECTIVITY_CHANGE flg=0x8000010 cmp=com.google.android.gms/.gcm.GcmService (has extras) } android.net.conn.CONNECTIVITY_CHANGE
07-31 15:06:37.685: D/Tethering(532): MasterInitialState.processMessage what=3
07-31 15:06:37.795: D/GCM(884): GcmService start Intent { act=android.net.conn.CONNECTIVITY_CHANGE flg=0x8000010 cmp=com.google.android.gms/.gcm.GcmService (has extras) } android.net.conn.CONNECTIVITY_CHANGE
07-31 15:06:37.795: E/(532): W/virtual loc_api_adapter_err LocApiAdapter::enableData(int): default implementation invoked
07-31 15:06:37.795: E/(532): W/virtual loc_api_adapter_err LocApiAdapter::setAPN(char*, int): default implementation invoked
07-31 15:07:36.422: I/MusicSyncAdapter(1553): Sync failed due to soft error.
07-31 15:07:36.453: D/SyncManager(532): failed sync operation appcel123@gmail.com u0 (com.google), com.google.android.music.MusicContent, SERVER, earliestRunTime 19093611, reason: 10041, SyncResult: stats [ numIoExceptions: 1]
07-31 15:07:36.473: V/BackupManagerService(532): Scheduling immediate backup pass
07-31 15:07:36.473: V/BackupManagerService(532): Running a backup pass
07-31 15:07:36.473: V/BackupManagerService(532): clearing pending backups
07-31 15:07:36.473: V/PerformBackupTask(532): Beginning backup of 12 targets
07-31 15:07:36.473: I/PerformBackupTask(532): Initializing (wiping) backup state and transport storage
07-31 15:07:36.563: V/BackupManagerService(532): Ancestral packages: 10
07-31 15:07:36.573: I/MusicLeanback(1553): Conditions not met for autocaching.
07-31 15:07:36.573: I/MusicLeanback(1553): Stop autocaching.
07-31 15:07:36.583: W/ArtDownloadService(1553): Setting cache size 11110962
07-31 15:07:36.583: D/BackupManagerService(532): Now staging backup of android
07-31 15:07:36.593: W/ArtDownloadService(1553): Setting cache size 11110962
07-31 15:07:36.593: D/dalvikvm(1553): GC_CONCURRENT freed 443K, 6% free 9568K/10072K, paused 1ms+2ms, total 16ms
07-31 15:07:36.593: D/BackupManagerService(532): Now staging backup of com.android.providers.settings
07-31 15:07:36.593: D/BackupManagerService(532): Now staging backup of com.android.nfc
07-31 15:07:36.593: D/BackupManagerService(532): Now staging backup of com.android.providers.userdictionary
07-31 15:07:36.603: D/BackupManagerService(532): Now staging backup of com.google.android.calendar
07-31 15:07:36.603: D/BackupManagerService(532): Now staging backup of com.google.android.gallery3d
07-31 15:07:36.603: D/BackupManagerService(532): Now staging backup of com.google.android.gm
07-31 15:07:36.613: D/BackupManagerService(532): Now staging backup of com.google.android.talk
07-31 15:07:36.613: D/BackupManagerService(532): Now staging backup of com.google.android.inputmethod.latin
07-31 15:07:36.633: D/BackupManagerService(532): Now staging backup of com.android.vending
07-31 15:07:36.633: D/BackupManagerService(532): Now staging backup of com.android.sharedstoragebackup
07-31 15:07:36.633: D/BackupManagerService(532): Now staging backup of com.google.android.marvin.talkback
07-31 15:07:36.643: V/BackupServiceBinder(532): doBackup() invoked
07-31 15:07:36.643: D/PerformBackupTask(532): invokeAgentForBackup on @pm@
07-31 15:07:36.643: I/PMBA(532): Previous metadata null mismatch vs 748593 - rewriting
07-31 15:07:36.653: W/BackupTransportService(532): Unknown package in backup request: @pm@
07-31 15:07:39.475: E/GTalkService(884): connectionClosed: no XMPPConnection - That's strange!
07-31 15:07:42.488: D/ConnectivityService(532): handleInetConditionHoldEnd: net=1, condition=0, published condition=0
07-31 15:07:45.712: I/GTalkService/c(884): [AndroidEndpoint@1105756568] connect: acct=1000000, state=CONNECTING
07-31 15:08:36.841: W/BackupTransportService(532): Error sending final backup to server:
07-31 15:08:36.841: W/BackupTransportService(532): org.apache.http.conn.ConnectTimeoutException: Connect to /74.125.29.95:443 timed out
07-31 15:08:36.841: W/BackupTransportService(532): at org.apache.http.conn.scheme.PlainSocketFactory.connectSocket(PlainSocketFactory.java:121)
07-31 15:08:36.841: W/BackupTransportService(532): at org.apache.http.impl.conn.DefaultClientConnectionOperator.openConnection(DefaultClientConnectionOperator.java:144)
07-31 15:08:36.841: W/BackupTransportService(532): at org.apache.http.impl.conn.AbstractPoolEntry.open(AbstractPoolEntry.java:164)
07-31 15:08:36.841: W/BackupTransportService(532): at org.apache.http.impl.conn.AbstractPooledConnAdapter.open(AbstractPooledConnAdapter.java:119)
07-31 15:08:36.841: W/BackupTransportService(532): at org.apache.http.impl.client.DefaultRequestDirector.execute(DefaultRequestDirector.java:360)
07-31 15:08:36.841: W/BackupTransportService(532): at org.apache.http.impl.client.AbstractHttpClient.execute(AbstractHttpClient.java:555)
07-31 15:08:36.841: W/BackupTransportService(532): at org.apache.http.impl.client.AbstractHttpClient.execute(AbstractHttpClient.java:487)
07-31 15:08:36.841: W/BackupTransportService(532): at android.net.http.AndroidHttpClient.execute(AndroidHttpClient.java:257)
07-31 15:08:36.841: W/BackupTransportService(532): at com.google.android.common.http.GoogleHttpClient.executeWithoutRewriting(GoogleHttpClient.java:202)
07-31 15:08:36.841: W/BackupTransportService(532): at com.google.android.common.http.GoogleHttpClient.execute(GoogleHttpClient.java:244)
07-31 15:08:36.841: W/BackupTransportService(532): at com.google.android.common.http.GoogleHttpClient.execute(GoogleHttpClient.java:312)
07-31 15:08:36.841: W/BackupTransportService(532): at com.google.android.backup.BackupTransportService.sendRequestLocked(BackupTransportService.java:831)
07-31 15:08:36.841: W/BackupTransportService(532): at com.google.android.backup.BackupTransportService.access$600(BackupTransportService.java:78)
07-31 15:08:36.841: W/BackupTransportService(532): at com.google.android.backup.BackupTransportService$1.finishBackup(BackupTransportService.java:444)
07-31 15:08:36.841: W/BackupTransportService(532): at com.android.server.BackupManagerService$PerformBackupTask.operationComplete(BackupManagerService.java:2204)
07-31 15:08:36.841: W/BackupTransportService(532): at com.android.server.BackupManagerService$BackupHandler.handleMessage(BackupManagerService.java:544)
07-31 15:08:36.841: W/BackupTransportService(532): at android.os.Handler.dispatchMessage(Handler.java:99)
07-31 15:08:36.841: W/BackupTransportService(532): at android.os.Looper.loop(Looper.java:137)
07-31 15:08:36.841: W/BackupTransportService(532): at android.os.HandlerThread.run(HandlerThread.java:61)
07-31 15:08:36.851: I/PerformBackupTask(532): Backup pass finished.
07-31 15:08:48.843: E/GTalkService(884): connectionClosed: no XMPPConnection - That's strange!
07-31 15:08:51.846: D/ConnectivityService(532): handleInetConditionHoldEnd: net=1, condition=0, published condition=0
07-31 15:09:01.295: I/GTalkService/c(884): [AndroidEndpoint@1105756568] connect: acct=1000000, state=CONNECTING
07-31 15:09:01.345: D/dalvikvm(884): GC_CONCURRENT freed 379K, 7% free 9830K/10544K, paused 5ms+1ms, total 42ms
07-31 15:09:08.642: I/MusicSyncAdapter(1553): Sync failed due to soft error.
07-31 15:09:08.672: D/SyncManager(532): failed sync operation appcel123@gmail.com u0 (com.google), com.google.android.music.MusicContent, SERVER, earliestRunTime 19307820, reason: IsSyncable, SyncResult: stats [ numIoExceptions: 1]
07-31 15:09:08.773: I/MusicLeanback(1553): Conditions not met for autocaching.
07-31 15:09:08.773: I/MusicLeanback(1553): Stop autocaching.
07-31 15:09:08.783: W/ArtDownloadService(1553): Setting cache size 11110962
07-31 15:09:08.783: W/ArtDownloadService(1553): Setting cache size 11110962
07-31 15:10:04.517: E/GTalkService(884): connectionClosed: no XMPPConnection - That's strange!
07-31 15:10:07.530: D/ConnectivityService(532): handleInetConditionHoldEnd: net=1, condition=0, published condition=0
07-31 15:10:29.551: D/dalvikvm(532): GC_EXPLICIT freed 3105K, 20% free 22977K/28384K, paused 8ms+6ms, total 123ms
07-31 15:10:29.561: I/GTalkService/c(884): [AndroidEndpoint@1105756568] connect: acct=1000000, state=CONNECTING
07-31 15:11:12.714: I/MusicSyncAdapter(1553): Sync failed due to soft error.
07-31 15:11:12.754: D/SyncManager(532): failed sync operation appcel123@gmail.com u0 (com.google), com.google.android.music.MusicContent, SERVER, earliestRunTime 19507034, reason: IsSyncable, SyncResult: stats [ numIoExceptions: 1]
07-31 15:11:12.854: I/MusicLeanback(1553): Conditions not met for autocaching.
07-31 15:11:12.854: I/MusicLeanback(1553): Stop autocaching.
07-31 15:11:12.854: W/ArtDownloadService(1553): Setting cache size -1
07-31 15:11:12.864: W/ArtDownloadService(1553): Setting cache size 11110962
07-31 15:11:12.874: D/dalvikvm(1553): GC_CONCURRENT freed 385K, 6% free 9568K/10092K, paused 2ms+2ms, total 14ms
07-31 15:11:12.874: D/dalvikvm(1553): WAIT_FOR_CONCURRENT_GC blocked 8ms
07-31 15:11:32.683: E/GTalkService(884): connectionClosed: no XMPPConnection - That's strange!
07-31 15:11:35.686: D/ConnectivityService(532): handleInetConditionHoldEnd: net=1, condition=0, published condition=0
07-31 15:11:54.154: I/wpa_supplicant(675): wlan0: CTRL-EVENT-DISCONNECTED bssid=c0:62:6b:66:cf:fa reason=1
07-31 15:11:54.164: D/Tethering(532): InitialState.processMessage what=4
07-31 15:11:54.174: D/CommandListener(174): Clearing all IP addresses on wlan0
07-31 15:11:54.194: D/Tethering(532): sendTetherStateChangedBroadcast 0, 0, 0
07-31 15:11:54.224: D/ConnectivityService(532): ConnectivityChange for WIFI: DISCONNECTED/DISCONNECTED
07-31 15:11:54.224: D/ConnectivityService(532): Attempting to switch to BLUETOOTH_TETHER
07-31 15:11:54.224: D/ConnectivityService(532): Attempting to switch to ETHERNET
07-31 15:11:54.234: D/NetUtils(532): android_net_utils_resetConnections in env=0x753f1e18 clazz=0xce100001 iface=wlan0 mask=0x3
07-31 15:11:54.234: D/ConnectivityService(532): resetConnections(wlan0, 3)
07-31 15:11:54.264: E/CheckinTask(884): Checkin failed: https://android.clients.google.com/checkin (request #0): org.apache.http.conn.HttpHostConnectException: Connection to https://android.clients.google.com refused
07-31 15:11:54.284: E/PlayEventLogger(1553): Error when executing upload request: Connect to /74.125.29.95:443 timed out
07-31 15:11:54.284: E/PlayEventLogger(1553): org.apache.http.conn.ConnectTimeoutException: Connect to /74.125.29.95:443 timed out
07-31 15:11:54.284: E/PlayEventLogger(1553): at org.apache.http.conn.scheme.PlainSocketFactory.connectSocket(PlainSocketFactory.java:121)
07-31 15:11:54.284: E/PlayEventLogger(1553): at org.apache.http.impl.conn.DefaultClientConnectionOperator.openConnection(DefaultClientConnectionOperator.java:144)
07-31 15:11:54.284: E/PlayEventLogger(1553): at org.apache.http.impl.conn.AbstractPoolEntry.open(AbstractPoolEntry.java:164)
07-31 15:11:54.284: E/PlayEventLogger(1553): at org.apache.http.impl.conn.AbstractPooledConnAdapter.open(AbstractPooledConnAdapter.java:119)
07-31 15:11:54.284: E/PlayEventLogger(1553): at org.apache.http.impl.client.DefaultRequestDirector.execute(DefaultRequestDirector.java:360)
07-31 15:11:54.284: E/PlayEventLogger(1553): at org.apache.http.impl.client.AbstractHttpClient.execute(AbstractHttpClient.java:555)
07-31 15:11:54.284: E/PlayEventLogger(1553): at org.apache.http.impl.client.AbstractHttpClient.execute(AbstractHttpClient.java:487)
07-31 15:11:54.284: E/PlayEventLogger(1553): at android.net.http.AndroidHttpClient.execute(AndroidHttpClient.java:257)
07-31 15:11:54.284: E/PlayEventLogger(1553): at com.google.android.common.http.GoogleHttpClient.executeWithoutRewriting(GoogleHttpClient.java:202)
07-31 15:11:54.284: E/PlayEventLogger(1553): at com.google.android.common.http.GoogleHttpClient.execute(GoogleHttpClient.java:259)
07-31 15:11:54.284: E/PlayEventLogger(1553): at com.google.android.common.http.GoogleHttpClient.execute(GoogleHttpClient.java:312)
07-31 15:11:54.284: E/PlayEventLogger(1553): at com.google.android.play.analytics.EventLogger.uploadLog(EventLogger.java:496)
07-31 15:11:54.284: E/PlayEventLogger(1553): at com.google.android.play.analytics.EventLogger.uploadEventsImpl(EventLogger.java:444)
07-31 15:11:54.284: E/PlayEventLogger(1553): at com.google.android.play.analytics.EventLogger.dispatchMessage(EventLogger.java:354)
07-31 15:11:54.284: E/PlayEventLogger(1553): at android.os.Looper.loop(Looper.java:137)
07-31 15:11:54.284: E/PlayEventLogger(1553): at android.os.HandlerThread.run(HandlerThread.java:61)
07-31 15:11:54.294: W/GDataClient(884): Unable to execute HTTP request.org.apache.http.conn.HttpHostConnectException: Connection to https://android.clients.google.com refused
07-31 15:11:54.294: D/SyncManager(532): failed sync operation appcel123@gmail.com u0 (com.google), subscribedfeeds, LOCAL, earliestRunTime 19351440, reason: 10021, SyncResult: stats [ numIoExceptions: 1]
07-31 15:11:54.324: D/Nat464Xlat(532): requiresClat: netType=1, hasIPv4Address=false
07-31 15:11:55.045: I/wpa_supplicant(675): wlan0: Trying to associate with SSID 'ITOS-DEV'
07-31 15:11:55.085: I/wpa_supplicant(675): wlan0: Associated with c0:62:6b:66:cf:fa
07-31 15:11:55.085: I/wpa_supplicant(675): wlan0: CTRL-EVENT-CONNECTED - Connection to c0:62:6b:66:cf:fa completed (auth) [id=3 id_str=]
07-31 15:11:55.105: D/Tethering(532): sendTetherStateChangedBroadcast 1, 0, 0
07-31 15:11:55.725: D/ConnectivityService(532): Captive portal check NetworkInfo: type: WIFI[], state: CONNECTING/CAPTIVE_PORTAL_CHECK, reason: (unspecified), extra: "ITOS-DEV", roaming: false, failover: false, isAvailable: true
07-31 15:11:55.735: D/ConnectivityService(532): ConnectivityChange for WIFI: CONNECTED/CONNECTED
07-31 15:11:55.766: D/Nat464Xlat(532): requiresClat: netType=1, hasIPv4Address=true
07-31 15:11:55.806: I/CheckinService(884): Preparing to send checkin request
07-31 15:11:55.806: I/EventLogService(884): Accumulating logs since 1375308394715
07-31 15:11:55.866: I/Adreno200-EGL(884): : EGL 1.4 QUALCOMM Build: Iabe52cfaeae4c5fab1acacfe6f056ba15fa93274
07-31 15:11:56.066: D/dalvikvm(884): GC_CONCURRENT freed 613K, 9% free 9604K/10504K, paused 1ms+1ms, total 22ms
07-31 15:11:56.456: D/dalvikvm(884): GC_CONCURRENT freed 315K, 7% free 9776K/10504K, paused 1ms+1ms, total 13ms
07-31 15:11:56.456: D/dalvikvm(884): WAIT_FOR_CONCURRENT_GC blocked 9ms
07-31 15:11:56.466: D/dalvikvm(884): GC_FOR_ALLOC freed 43K, 6% free 9894K/10504K, paused 12ms, total 12ms
07-31 15:11:56.466: I/dalvikvm-heap(884): Grow heap (frag case) to 9.824MB for 82220-byte allocation
07-31 15:11:56.486: D/dalvikvm(884): GC_FOR_ALLOC freed <1K, 6% free 9974K/10588K, paused 15ms, total 15ms
07-31 15:11:56.506: D/dalvikvm(884): GC_FOR_ALLOC freed 40K, 7% free 9934K/10588K, paused 17ms, total 17ms
07-31 15:11:56.546: D/dalvikvm(884): GC_FOR_ALLOC freed 412K, 8% free 9748K/10588K, paused 17ms, total 18ms
07-31 15:11:56.576: D/dalvikvm(884): GC_FOR_ALLOC freed 168K, 8% free 9821K/10588K, paused 17ms, total 17ms
07-31 15:11:56.596: I/CheckinTask(884): Sending checkin request (27118 bytes)
07-31 15:11:56.736: D/ConnectivityService(532): NetTransition Wakelock for ConnectedState released by timeout
07-31 15:11:57.327: D/Tethering(532): MasterInitialState.processMessage what=3
07-31 15:11:57.427: I/GTalkService/c(884): [AndroidEndpoint@1105756568] connect: acct=1000000, state=CONNECTING
07-31 15:11:57.447: E/(532): W/virtual loc_api_adapter_err LocApiAdapter::enableData(int): default implementation invoked
07-31 15:11:57.447: E/(532): W/virtual loc_api_adapter_err LocApiAdapter::setAPN(char*, int): default implementation invoked
07-31 15:11:57.467: D/GCM(884): GcmService start Intent { act=android.net.conn.CONNECTIVITY_CHANGE flg=0x8000010 cmp=com.google.android.gms/.gcm.GcmService (has extras) } android.net.conn.CONNECTIVITY_CHANGE
07-31 15:11:58.788: D/Tethering(532): MasterInitialState.processMessage what=3
07-31 15:11:58.899: D/GCM(884): GcmService start Intent { act=android.net.conn.CONNECTIVITY_CHANGE flg=0x8000010 cmp=com.google.android.gms/.gcm.GcmService (has extras) } android.net.conn.CONNECTIVITY_CHANGE
07-31 15:11:58.909: E/(532): W/virtual loc_api_adapter_err LocApiAdapter::enableData(int): default implementation invoked
07-31 15:11:58.909: E/(532): W/virtual loc_api_adapter_err LocApiAdapter::setAPN(char*, int): default implementation invoked
07-31 15:11:59.209: W/ProcessStats(532): Skipping unknown process pid 19788
07-31 15:11:59.209: W/ProcessStats(532): Skipping unknown process pid 19790
07-31 15:11:59.209: W/ProcessStats(532): Skipping unknown process pid 19791
07-31 15:11:59.209: W/ProcessStats(532): Skipping unknown process pid 19793
07-31 15:11:59.209: W/ProcessStats(532): Skipping unknown process pid 19794
07-31 15:11:59.209: W/ProcessStats(532): Skipping unknown process pid 19796
07-31 15:12:09.008: D/dalvikvm(692): GC_CONCURRENT freed 2189K, 72% free 15110K/52336K, paused 3ms+20ms, total 63ms
07-31 15:12:57.606: I/MusicSyncAdapter(1553): Sync failed due to soft error.
07-31 15:12:57.646: D/SyncManager(532): failed sync operation appcel123@gmail.com u0 (com.google), com.google.android.music.MusicContent, SERVER, earliestRunTime 19414828, reason: 10041, SyncResult: stats [ numIoExceptions: 1]
07-31 15:12:57.736: I/MusicLeanback(1553): Conditions not met for autocaching.
07-31 15:12:57.736: I/MusicLeanback(1553): Stop autocaching.
07-31 15:12:57.736: W/ArtDownloadService(1553): Setting cache size -1
07-31 15:12:57.756: D/dalvikvm(1553): GC_FOR_ALLOC freed 250K, 6% free 9545K/10088K, paused 12ms, total 12ms
07-31 15:12:57.756: W/ArtDownloadService(1553): Setting cache size 11110962
07-31 15:12:57.766: D/dalvikvm(1553): GC_FOR_ALLOC freed 73K, 6% free 9515K/10088K, paused 11ms, total 11ms
07-31 15:13:00.679: E/GTalkService(884): connectionClosed: no XMPPConnection - That's strange!
07-31 15:13:03.692: D/ConnectivityService(532): handleInetConditionHoldEnd: net=1, condition=0, published condition=0
07-31 15:13:12.631: I/GTalkService/c(884): [AndroidEndpoint@1105756568] connect: acct=1000000, state=CONNECTING
07-31 15:14:15.802: E/GTalkService(884): connectionClosed: no XMPPConnection - That's strange!
07-31 15:14:18.815: D/ConnectivityService(532): handleInetConditionHoldEnd: net=1, condition=0, published condition=0
07-31 15:14:29.626: I/MusicSyncAdapter(1553): Sync failed due to soft error.
07-31 15:14:29.676: D/SyncManager(532): failed sync operation appcel123@gmail.com u0 (com.google), com.google.android.music.MusicContent, SERVER, earliestRunTime 19631118, reason: IsSyncable, SyncResult: stats [ numIoExceptions: 1]
07-31 15:14:29.696: V/BackupManagerService(532): Scheduling immediate backup pass
07-31 15:14:29.696: V/BackupManagerService(532): Running a backup pass
07-31 15:14:29.696: V/BackupManagerService(532): clearing pending backups
07-31 15:14:29.696: V/PerformBackupTask(532): Beginning backup of 12 targets
07-31 15:14:29.696: I/PerformBackupTask(532): Initializing (wiping) backup state and transport storage
07-31 15:14:29.786: V/BackupManagerService(532): Ancestral packages: 10
07-31 15:14:29.796: I/MusicLeanback(1553): Conditions not met for autocaching.
07-31 15:14:29.796: I/MusicLeanback(1553): Stop autocaching.
07-31 15:14:29.826: W/ArtDownloadService(1553): Setting cache size 11110962
