07-31 13:24:45.832: D/BackupManagerService(532): Now staging backup of com.android.vending
07-31 13:24:45.842: D/BackupManagerService(532): Now staging backup of com.android.sharedstoragebackup
07-31 13:24:45.842: D/BackupManagerService(532): Now staging backup of com.google.android.marvin.talkback
07-31 13:24:45.842: D/PerformBackupTask(532): invokeAgentForBackup on @pm@
07-31 13:24:45.842: I/PMBA(532): Previous metadata null mismatch vs 748593 - rewriting
07-31 13:24:48.565: D/ConnectivityService(532): ConnectivityChange for WIFI: DISCONNECTED/DISCONNECTED
07-31 13:24:48.575: D/ConnectivityService(532): Attempting to switch to BLUETOOTH_TETHER
07-31 13:24:48.575: D/ConnectivityService(532): Attempting to switch to ETHERNET
07-31 13:24:48.585: D/ConnectivityService(532): resetConnections(wlan0, 3)
07-31 13:24:48.645: I/PerformBackupTask(532): Backup pass finished.
07-31 13:24:48.685: D/Nat464Xlat(532): requiresClat: netType=1, hasIPv4Address=false
07-31 13:24:48.685: D/ConnectivityService(532): handleInetConditionChange: no active default network - ignore
07-31 13:24:50.197: D/ConnectivityService(532): Captive portal check NetworkInfo: type: WIFI[], state: CONNECTING/CAPTIVE_PORTAL_CHECK, reason: (unspecified), extra: "ITOS-DEV", roaming: false, failover: false, isAvailable: true
07-31 13:24:50.207: D/ConnectivityService(532): ConnectivityChange for WIFI: CONNECTED/CONNECTED
07-31 13:24:50.257: D/Nat464Xlat(532): requiresClat: netType=1, hasIPv4Address=true
07-31 13:24:51.208: D/ConnectivityService(532): NetTransition Wakelock for ConnectedState released by timeout
07-31 13:25:58.093: D/ConnectivityService(532): handleInetConditionHoldEnd: net=1, condition=0, published condition=0
07-31 13:27:08.492: D/ConnectivityService(532): handleInetConditionHoldEnd: net=1, condition=0, published condition=0
07-31 13:28:26.097: D/ConnectivityService(532): handleInetConditionHoldEnd: net=1, condition=0, published condition=0
07-31 13:29:58.177: D/ConnectivityService(532): handleInetConditionHoldEnd: net=1, condition=0, published condition=0
07-31 13:30:10.079: D/ConnectivityService(532): ConnectivityChange for WIFI: DISCONNECTED/DISCONNECTED
07-31 13:30:10.079: D/ConnectivityService(532): Attempting to switch to BLUETOOTH_TETHER
07-31 13:30:10.079: D/ConnectivityService(532): Attempting to switch to ETHERNET
07-31 13:30:10.089: D/ConnectivityService(532): resetConnections(wlan0, 3)
07-31 13:30:10.179: D/Nat464Xlat(532): requiresClat: netType=1, hasIPv4Address=false
07-31 13:30:11.710: D/ConnectivityService(532): Captive portal check NetworkInfo: type: WIFI[], state: CONNECTING/CAPTIVE_PORTAL_CHECK, reason: (unspecified), extra: "ITOS-DEV", roaming: false, failover: false, isAvailable: true
07-31 13:30:11.720: D/ConnectivityService(532): ConnectivityChange for WIFI: CONNECTED/CONNECTED
07-31 13:30:11.750: D/Nat464Xlat(532): requiresClat: netType=1, hasIPv4Address=true
07-31 13:30:12.721: D/ConnectivityService(532): NetTransition Wakelock for ConnectedState released by timeout
07-31 13:30:13.192: V/BackupManagerService(532): Scheduling immediate backup pass
07-31 13:30:13.242: V/BackupManagerService(532): Running a backup pass
07-31 13:30:13.272: V/BackupManagerService(532): clearing pending backups
07-31 13:30:13.272: V/PerformBackupTask(532): Beginning backup of 12 targets
07-31 13:30:13.272: I/PerformBackupTask(532): Initializing (wiping) backup state and transport storage
07-31 13:30:13.302: V/BackupManagerService(532): Ancestral packages: 10
07-31 13:30:13.322: D/BackupManagerService(532): Now staging backup of android
07-31 13:30:13.332: D/BackupManagerService(532): Now staging backup of com.android.providers.settings
07-31 13:30:13.342: D/BackupManagerService(532): Now staging backup of com.android.nfc
07-31 13:30:13.342: D/BackupManagerService(532): Now staging backup of com.android.providers.userdictionary
07-31 13:30:13.352: D/BackupManagerService(532): Now staging backup of com.google.android.calendar
07-31 13:30:13.352: D/BackupManagerService(532): Now staging backup of com.google.android.gallery3d
07-31 13:30:13.352: D/BackupManagerService(532): Now staging backup of com.google.android.gm
07-31 13:30:13.362: D/BackupManagerService(532): Now staging backup of com.google.android.talk
07-31 13:30:13.372: D/BackupManagerService(532): Now staging backup of com.google.android.inputmethod.latin
07-31 13:30:13.372: D/BackupManagerService(532): Now staging backup of com.android.vending
07-31 13:30:13.372: D/BackupManagerService(532): Now staging backup of com.android.sharedstoragebackup
07-31 13:30:13.382: D/BackupManagerService(532): Now staging backup of com.google.android.marvin.talkback
07-31 13:30:13.382: D/PerformBackupTask(532): invokeAgentForBackup on @pm@
07-31 13:30:13.392: I/PMBA(532): Previous metadata null mismatch vs 748593 - rewriting
07-31 13:30:14.793: V/BackupManagerService(532): Scheduling immediate backup pass
07-31 13:30:14.833: I/BackupManagerService(532): Backup time but one already running
07-31 13:31:13.661: I/PerformBackupTask(532): Backup pass finished.
07-31 13:31:19.607: D/ConnectivityService(532): handleInetConditionHoldEnd: net=1, condition=0, published condition=0
07-31 13:32:34.890: D/ConnectivityService(532): handleInetConditionHoldEnd: net=1, condition=0, published condition=0
07-31 13:34:02.415: D/ConnectivityService(532): handleInetConditionHoldEnd: net=1, condition=0, published condition=0
07-31 13:35:31.442: D/ConnectivityService(532): ConnectivityChange for WIFI: DISCONNECTED/DISCONNECTED
07-31 13:35:31.442: D/ConnectivityService(532): Attempting to switch to BLUETOOTH_TETHER
07-31 13:35:31.442: D/ConnectivityService(532): Attempting to switch to ETHERNET
07-31 13:35:31.452: D/ConnectivityService(532): resetConnections(wlan0, 3)
07-31 13:35:31.602: D/Nat464Xlat(532): requiresClat: netType=1, hasIPv4Address=false
07-31 13:35:31.602: D/ConnectivityService(532): handleInetConditionChange: no active default network - ignore
07-31 13:35:33.154: D/ConnectivityService(532): Captive portal check NetworkInfo: type: WIFI[], state: CONNECTING/CAPTIVE_PORTAL_CHECK, reason: (unspecified), extra: "ITOS-DEV", roaming: false, failover: false, isAvailable: true
07-31 13:35:33.164: D/ConnectivityService(532): ConnectivityChange for WIFI: CONNECTED/CONNECTED
07-31 13:35:33.214: D/Nat464Xlat(532): requiresClat: netType=1, hasIPv4Address=true
07-31 13:35:34.175: D/ConnectivityService(532): NetTransition Wakelock for ConnectedState released by timeout
07-31 13:35:34.605: V/BackupManagerService(532): Scheduling immediate backup pass
07-31 13:35:34.655: V/BackupManagerService(532): Running a backup pass
07-31 13:35:34.655: V/BackupManagerService(532): clearing pending backups
07-31 13:35:34.655: V/PerformBackupTask(532): Beginning backup of 12 targets
07-31 13:35:34.655: I/PerformBackupTask(532): Initializing (wiping) backup state and transport storage
07-31 13:35:34.705: V/BackupManagerService(532): Ancestral packages: 10
07-31 13:35:34.735: D/BackupManagerService(532): Now staging backup of android
07-31 13:35:34.745: D/BackupManagerService(532): Now staging backup of com.android.providers.settings
07-31 13:35:34.745: D/BackupManagerService(532): Now staging backup of com.android.nfc
07-31 13:35:34.756: D/BackupManagerService(532): Now staging backup of com.android.providers.userdictionary
07-31 13:35:34.756: D/BackupManagerService(532): Now staging backup of com.google.android.calendar
07-31 13:35:34.766: D/BackupManagerService(532): Now staging backup of com.google.android.gallery3d
07-31 13:35:34.776: D/BackupManagerService(532): Now staging backup of com.google.android.gm
07-31 13:35:34.776: D/BackupManagerService(532): Now staging backup of com.google.android.talk
07-31 13:35:34.776: D/BackupManagerService(532): Now staging backup of com.google.android.inputmethod.latin
07-31 13:35:34.786: D/BackupManagerService(532): Now staging backup of com.android.vending
07-31 13:35:34.786: D/BackupManagerService(532): Now staging backup of com.android.sharedstoragebackup
07-31 13:35:34.796: D/BackupManagerService(532): Now staging backup of com.google.android.marvin.talkback
07-31 13:35:34.796: D/PerformBackupTask(532): invokeAgentForBackup on @pm@
07-31 13:35:34.806: I/PMBA(532): Previous metadata null mismatch vs 748593 - rewriting
07-31 13:35:36.237: V/BackupManagerService(532): Scheduling immediate backup pass
07-31 13:35:36.277: I/BackupManagerService(532): Backup time but one already running
07-31 13:36:35.074: I/PerformBackupTask(532): Backup pass finished.
07-31 13:36:41.050: D/ConnectivityService(532): handleInetConditionHoldEnd: net=1, condition=0, published condition=0
07-31 13:36:59.989: I/ActivityManager(532): No longer want com.android.chrome (pid 12178): empty for 1808s
07-31 13:37:52.490: D/ConnectivityService(532): handleInetConditionHoldEnd: net=1, condition=0, published condition=0
07-31 13:39:12.338: D/ConnectivityService(532): handleInetConditionHoldEnd: net=1, condition=0, published condition=0
07-31 13:39:34.710: I/PowerManagerService(532): Waking up from sleep...
07-31 13:39:34.710: W/PowerUI(692): unknown intent: Intent { act=android.intent.action.ACTION_POWER_CONNECTED flg=0x8000010 }
07-31 13:39:34.710: I/EntropyMixer(532): Writing entropy...
07-31 13:39:34.720: I/ActivityManager(532): Start proc com.android.chrome for broadcast com.android.chrome/org.chromium.base.PowerStatusReceiver: pid=14287 uid=10009 gids={50009, 1006, 3003, 1015, 1028}
07-31 13:39:34.870: I/WindowManager(532): Lock screen displayed!
07-31 13:39:40.996: D/PhoneStatusBar(692): disable: < expand icons alerts ticker system_info BACK HOME recent* CLOCK search
> 07-31 13:39:41.016: D/PhoneStatusBar(692): disable: < expand icons alerts ticker system_info back* home* recent clock* search
> 07-31 13:39:41.046: W/InputMethodManagerService(532): Window already focused, ignoring focus gain of: com.android.internal.view.IInputMethodClient$Stub$Proxy@42c21610 attribute=android.view.inputmethod.EditorInfo@42c21620, token = android.os.BinderProxy@42cae898
07-31 13:40:48.642: D/ConnectivityService(532): handleInetConditionHoldEnd: net=1, condition=0, published condition=0
07-31 13:40:52.816: D/ConnectivityService(532): ConnectivityChange for WIFI: DISCONNECTED/DISCONNECTED
07-31 13:40:52.816: D/ConnectivityService(532): Attempting to switch to BLUETOOTH_TETHER
07-31 13:40:52.816: D/ConnectivityService(532): Attempting to switch to ETHERNET
07-31 13:40:52.826: D/ConnectivityService(532): resetConnections(wlan0, 3)
07-31 13:40:52.956: D/Nat464Xlat(532): requiresClat: netType=1, hasIPv4Address=false
07-31 13:40:54.377: D/ConnectivityService(532): Captive portal check NetworkInfo: type: WIFI[], state: CONNECTING/CAPTIVE_PORTAL_CHECK, reason: (unspecified), extra: "ITOS-DEV", roaming: false, failover: false, isAvailable: true
07-31 13:40:54.397: D/ConnectivityService(532): ConnectivityChange for WIFI: CONNECTED/CONNECTED
07-31 13:40:54.437: D/Nat464Xlat(532): requiresClat: netType=1, hasIPv4Address=true
07-31 13:40:55.398: D/ConnectivityService(532): NetTransition Wakelock for ConnectedState released by timeout
07-31 13:40:55.969: V/BackupManagerService(532): Scheduling immediate backup pass
07-31 13:40:55.989: V/BackupManagerService(532): Running a backup pass
07-31 13:40:55.999: V/BackupManagerService(532): clearing pending backups
07-31 13:40:55.999: V/PerformBackupTask(532): Beginning backup of 12 targets
07-31 13:40:55.999: I/PerformBackupTask(532): Initializing (wiping) backup state and transport storage
07-31 13:40:56.089: V/BackupManagerService(532): Ancestral packages: 10
07-31 13:40:56.099: D/BackupManagerService(532): Now staging backup of android
07-31 13:40:56.109: D/BackupManagerService(532): Now staging backup of com.android.providers.settings
07-31 13:40:56.119: D/BackupManagerService(532): Now staging backup of com.android.nfc
07-31 13:40:56.119: D/BackupManagerService(532): Now staging backup of com.android.providers.userdictionary
07-31 13:40:56.129: D/BackupManagerService(532): Now staging backup of com.google.android.calendar
07-31 13:40:56.129: D/BackupManagerService(532): Now staging backup of com.google.android.gallery3d
07-31 13:40:56.139: D/BackupManagerService(532): Now staging backup of com.google.android.gm
07-31 13:40:56.139: D/BackupManagerService(532): Now staging backup of com.google.android.talk
07-31 13:40:56.149: D/BackupManagerService(532): Now staging backup of com.google.android.inputmethod.latin
07-31 13:40:56.159: D/BackupManagerService(532): Now staging backup of com.android.vending
07-31 13:40:56.159: D/BackupManagerService(532): Now staging backup of com.android.sharedstoragebackup
07-31 13:40:56.159: D/BackupManagerService(532): Now staging backup of com.google.android.marvin.talkback
07-31 13:40:56.169: D/PerformBackupTask(532): invokeAgentForBackup on @pm@
07-31 13:40:56.169: I/PMBA(532): Previous metadata null mismatch vs 748593 - rewriting
07-31 13:40:57.480: V/BackupManagerService(532): Scheduling immediate backup pass
07-31 13:40:57.500: I/BackupManagerService(532): Backup time but one already running
07-31 13:41:56.368: I/PerformBackupTask(532): Backup pass finished.
07-31 13:42:02.334: D/ConnectivityService(532): handleInetConditionHoldEnd: net=1, condition=0, published condition=0
07-31 13:43:12.652: D/ConnectivityService(532): handleInetConditionHoldEnd: net=1, condition=0, published condition=0
07-31 13:44:30.178: D/ConnectivityService(532): handleInetConditionHoldEnd: net=1, condition=0, published condition=0
07-31 13:44:51.409: I/ActivityManager(532): No longer want com.google.android.talk (pid 13339): empty for 1845s
07-31 13:45:04.962: I/ActivityManager(532): START u0 {cmp=com.appcelerator.kitchensink/org.appcelerator.titanium.TiActivity (has extras)} from pid 3013
07-31 13:45:15.622: W/InputMethodManagerService(532): Window already focused, ignoring focus gain of: com.android.internal.view.IInputMethodClient$Stub$Proxy@4237dcd0 attribute=android.view.inputmethod.EditorInfo@41fb1f28, token = android.os.BinderProxy@42167e18
07-31 13:45:16.984: I/ActivityManager(532): START u0 {cmp=com.appcelerator.kitchensink/org.appcelerator.titanium.TiActivity (has extras)} from pid 3013
07-31 13:45:38.775: V/BackupManagerService(532): Running a backup pass
07-31 13:45:38.785: V/BackupManagerService(532): clearing pending backups
07-31 13:45:38.785: V/PerformBackupTask(532): Beginning backup of 12 targets
07-31 13:45:38.785: I/PerformBackupTask(532): Initializing (wiping) backup state and transport storage
07-31 13:45:38.865: V/BackupManagerService(532): Ancestral packages: 10
07-31 13:45:38.895: D/BackupManagerService(532): Now staging backup of android
07-31 13:45:38.905: D/BackupManagerService(532): Now staging backup of com.android.providers.settings
07-31 13:45:38.905: D/BackupManagerService(532): Now staging backup of com.android.nfc
07-31 13:45:38.905: D/BackupManagerService(532): Now staging backup of com.android.providers.userdictionary
07-31 13:45:38.915: D/BackupManagerService(532): Now staging backup of com.google.android.calendar
07-31 13:45:38.915: D/BackupManagerService(532): Now staging backup of com.google.android.gallery3d
07-31 13:45:38.915: D/BackupManagerService(532): Now staging backup of com.google.android.gm
07-31 13:45:38.915: D/BackupManagerService(532): Now staging backup of com.google.android.talk
07-31 13:45:38.925: D/BackupManagerService(532): Now staging backup of com.google.android.inputmethod.latin
07-31 13:45:38.935: D/BackupManagerService(532): Now staging backup of com.android.vending
07-31 13:45:38.935: D/BackupManagerService(532): Now staging backup of com.android.sharedstoragebackup
07-31 13:45:38.935: D/BackupManagerService(532): Now staging backup of com.google.android.marvin.talkback
07-31 13:45:38.945: D/PerformBackupTask(532): invokeAgentForBackup on @pm@
07-31 13:45:38.945: I/PMBA(532): Previous metadata null mismatch vs 748593 - rewriting
07-31 13:45:49.365: W/InputMethodManagerService(532): Window already focused, ignoring focus gain of: com.android.internal.view.IInputMethodClient$Stub$Proxy@42463238 attribute=android.view.inputmethod.EditorInfo@423bda18, token = android.os.BinderProxy@42167e18
07-31 13:45:50.496: I/ActivityManager(532): START u0 {cmp=com.appcelerator.kitchensink/org.appcelerator.titanium.TiActivity (has extras)} from pid 3013
07-31 13:45:52.628: I/ActivityManager(532): START u0 {cmp=com.appcelerator.kitchensink/org.appcelerator.titanium.TiActivity (has extras)} from pid 3013
07-31 13:46:00.986: I/ActivityManager(532): START u0 {cmp=com.appcelerator.kitchensink/org.appcelerator.titanium.TiTranslucentActivity (has extras)} from pid 3013
07-31 13:46:01.927: D/ConnectivityService(532): handleInetConditionHoldEnd: net=1, condition=0, published condition=0
07-31 13:46:04.450: I/ActivityManager(532): START u0 {cmp=com.appcelerator.kitchensink/org.appcelerator.titanium.TiActivity (has extras)} from pid 3013
07-31 13:46:14.039: D/ConnectivityService(532): ConnectivityChange for WIFI: DISCONNECTED/DISCONNECTED
07-31 13:46:14.039: D/ConnectivityService(532): Attempting to switch to BLUETOOTH_TETHER
07-31 13:46:14.039: D/ConnectivityService(532): Attempting to switch to ETHERNET
07-31 13:46:14.049: D/ConnectivityService(532): resetConnections(wlan0, 3)
07-31 13:46:14.159: I/PerformBackupTask(532): Backup pass finished.
07-31 13:46:14.169: D/Nat464Xlat(532): requiresClat: netType=1, hasIPv4Address=false
07-31 13:46:15.781: D/ConnectivityService(532): Captive portal check NetworkInfo: type: WIFI[], state: CONNECTING/CAPTIVE_PORTAL_CHECK, reason: (unspecified), extra: "ITOS-DEV", roaming: false, failover: false, isAvailable: true
07-31 13:46:15.791: D/ConnectivityService(532): ConnectivityChange for WIFI: CONNECTED/CONNECTED
07-31 13:46:15.821: D/Nat464Xlat(532): requiresClat: netType=1, hasIPv4Address=true
07-31 13:46:16.792: D/ConnectivityService(532): NetTransition Wakelock for ConnectedState released by timeout
07-31 13:46:51.476: I/ActivityManager(532): START u0 {cmp=com.appcelerator.kitchensink/org.appcelerator.titanium.TiActivity (has extras)} from pid 3013
07-31 13:46:52.967: I/ActivityManager(532): START u0 {cmp=com.appcelerator.kitchensink/org.appcelerator.titanium.TiActivity (has extras)} from pid 3013
07-31 13:47:23.927: D/ConnectivityService(532): handleInetConditionHoldEnd: net=1, condition=0, published condition=0
07-31 13:48:41.373: D/ConnectivityService(532): handleInetConditionHoldEnd: net=1, condition=0, published condition=0
07-31 13:50:13.052: D/ConnectivityService(532): handleInetConditionHoldEnd: net=1, condition=0, published condition=0
07-31 13:51:35.383: W/SocketClient(174): write error (Broken pipe)
07-31 13:51:35.383: D/ConnectivityService(532): ConnectivityChange for WIFI: DISCONNECTED/DISCONNECTED
07-31 13:51:35.383: D/ConnectivityService(532): Attempting to switch to BLUETOOTH_TETHER
07-31 13:51:35.383: D/ConnectivityService(532): Attempting to switch to ETHERNET
07-31 13:51:35.393: D/ConnectivityService(532): resetConnections(wlan0, 3)
07-31 13:51:35.503: D/Nat464Xlat(532): requiresClat: netType=1, hasIPv4Address=false
07-31 13:51:35.503: D/ConnectivityService(532): handleInetConditionChange: no active default network - ignore
07-31 13:51:36.954: D/ConnectivityService(532): Captive portal check NetworkInfo: type: WIFI[], state: CONNECTING/CAPTIVE_PORTAL_CHECK, reason: (unspecified), extra: "ITOS-DEV", roaming: false, failover: false, isAvailable: true
07-31 13:51:36.954: D/ConnectivityService(532): ConnectivityChange for WIFI: CONNECTED/CONNECTED
07-31 13:51:36.984: D/Nat464Xlat(532): requiresClat: netType=1, hasIPv4Address=true
07-31 13:51:37.965: D/ConnectivityService(532): NetTransition Wakelock for ConnectedState released by timeout
07-31 13:51:38.516: V/BackupManagerService(532): Scheduling immediate backup pass
07-31 13:51:38.536: V/BackupManagerService(532): Running a backup pass
07-31 13:51:38.556: V/BackupManagerService(532): clearing pending backups
07-31 13:51:38.576: V/PerformBackupTask(532): Beginning backup of 12 targets
07-31 13:51:38.576: I/PerformBackupTask(532): Initializing (wiping) backup state and transport storage
07-31 13:51:38.616: V/BackupManagerService(532): Ancestral packages: 10
07-31 13:51:38.626: D/BackupManagerService(532): Now staging backup of android
07-31 13:51:38.636: D/BackupManagerService(532): Now staging backup of com.android.providers.settings
07-31 13:51:38.636: D/BackupManagerService(532): Now staging backup of com.android.nfc
07-31 13:51:38.646: D/BackupManagerService(532): Now staging backup of com.android.providers.userdictionary
07-31 13:51:38.646: D/BackupManagerService(532): Now staging backup of com.google.android.calendar
07-31 13:51:38.656: D/BackupManagerService(532): Now staging backup of com.google.android.gallery3d
07-31 13:51:38.656: D/BackupManagerService(532): Now staging backup of com.google.android.gm
07-31 13:51:38.666: D/BackupManagerService(532): Now staging backup of com.google.android.talk
07-31 13:51:38.666: D/BackupManagerService(532): Now staging backup of com.google.android.inputmethod.latin
07-31 13:51:38.676: D/BackupManagerService(532): Now staging backup of com.android.vending
07-31 13:51:38.676: D/BackupManagerService(532): Now staging backup of com.android.sharedstoragebackup
07-31 13:51:38.686: D/BackupManagerService(532): Now staging backup of com.google.android.marvin.talkback
07-31 13:51:38.696: D/PerformBackupTask(532): invokeAgentForBackup on @pm@
07-31 13:51:38.696: I/PMBA(532): Previous metadata null mismatch vs 748593 - rewriting
07-31 13:51:40.007: V/BackupManagerService(532): Scheduling immediate backup pass
07-31 13:51:40.017: I/BackupManagerService(532): Backup time but one already running
07-31 13:52:38.905: I/PerformBackupTask(532): Backup pass finished.
07-31 13:52:44.810: D/ConnectivityService(532): handleInetConditionHoldEnd: net=1, condition=0, published condition=0
07-31 13:53:54.889: D/ConnectivityService(532): handleInetConditionHoldEnd: net=1, condition=0, published condition=0
07-31 13:54:59.992: I/ActivityManager(532): No longer want com.google.android.apps.currents (pid 13741): empty for 1811s
07-31 13:55:11.854: D/ConnectivityService(532): handleInetConditionHoldEnd: net=1, condition=0, published condition=0
07-31 13:56:42.572: D/ConnectivityService(532): handleInetConditionHoldEnd: net=1, condition=0, published condition=0
07-31 13:56:56.716: D/ConnectivityService(532): ConnectivityChange for WIFI: DISCONNECTED/DISCONNECTED
07-31 13:56:56.716: D/ConnectivityService(532): Attempting to switch to BLUETOOTH_TETHER
07-31 13:56:56.716: D/ConnectivityService(532): Attempting to switch to ETHERNET
07-31 13:56:56.746: D/ConnectivityService(532): resetConnections(wlan0, 3)
07-31 13:56:56.856: D/Nat464Xlat(532): requiresClat: netType=1, hasIPv4Address=false
07-31 13:56:58.368: D/ConnectivityService(532): Captive portal check NetworkInfo: type: WIFI[], state: CONNECTING/CAPTIVE_PORTAL_CHECK, reason: (unspecified), extra: "ITOS-DEV", roaming: false, failover: false, isAvailable: true
07-31 13:56:58.388: D/ConnectivityService(532): ConnectivityChange for WIFI: CONNECTED/CONNECTED
07-31 13:56:58.428: D/Nat464Xlat(532): requiresClat: netType=1, hasIPv4Address=true
07-31 13:56:59.389: D/ConnectivityService(532): NetTransition Wakelock for ConnectedState released by timeout
07-31 13:56:59.879: V/BackupManagerService(532): Scheduling immediate backup pass
07-31 13:56:59.889: V/BackupManagerService(532): Running a backup pass
07-31 13:56:59.899: V/BackupManagerService(532): clearing pending backups
07-31 13:56:59.929: V/PerformBackupTask(532): Beginning backup of 12 targets
07-31 13:56:59.929: I/PerformBackupTask(532): Initializing (wiping) backup state and transport storage
07-31 13:56:59.969: V/BackupManagerService(532): Ancestral packages: 10
07-31 13:56:59.989: D/BackupManagerService(532): Now staging backup of android
07-31 13:56:59.999: D/BackupManagerService(532): Now staging backup of com.android.providers.settings
07-31 13:57:00.009: D/BackupManagerService(532): Now staging backup of com.android.nfc
07-31 13:57:00.009: D/BackupManagerService(532): Now staging backup of com.android.providers.userdictionary
07-31 13:57:00.019: D/BackupManagerService(532): Now staging backup of com.google.android.calendar
07-31 13:57:00.029: D/BackupManagerService(532): Now staging backup of com.google.android.gallery3d
07-31 13:57:00.029: D/BackupManagerService(532): Now staging backup of com.google.android.gm
07-31 13:57:00.039: D/BackupManagerService(532): Now staging backup of com.google.android.talk
07-31 13:57:00.039: D/BackupManagerService(532): Now staging backup of com.google.android.inputmethod.latin
07-31 13:57:00.049: D/BackupManagerService(532): Now staging backup of com.android.vending
07-31 13:57:00.049: D/BackupManagerService(532): Now staging backup of com.android.sharedstoragebackup
07-31 13:57:00.049: D/BackupManagerService(532): Now staging backup of com.google.android.marvin.talkback
07-31 13:57:00.059: D/PerformBackupTask(532): invokeAgentForBackup on @pm@
07-31 13:57:00.059: I/PMBA(532): Previous metadata null mismatch vs 748593 - rewriting
07-31 13:57:01.461: V/BackupManagerService(532): Scheduling immediate backup pass
07-31 13:57:01.481: I/BackupManagerService(532): Backup time but one already running
07-31 13:58:00.318: I/PerformBackupTask(532): Backup pass finished.
07-31 13:58:06.254: D/ConnectivityService(532): handleInetConditionHoldEnd: net=1, condition=0, published condition=0
07-31 13:59:21.447: D/ConnectivityService(532): handleInetConditionHoldEnd: net=1, condition=0, published condition=0
07-31 14:00:48.813: D/ConnectivityService(532): handleInetConditionHoldEnd: net=1, condition=0, published condition=0
07-31 14:02:18.000: D/ConnectivityService(532): ConnectivityChange for WIFI: DISCONNECTED/DISCONNECTED
07-31 14:02:18.000: D/ConnectivityService(532): Attempting to switch to BLUETOOTH_TETHER
07-31 14:02:18.000: D/ConnectivityService(532): Attempting to switch to ETHERNET
07-31 14:02:18.010: D/ConnectivityService(532): resetConnections(wlan0, 3)
07-31 14:02:18.110: D/Nat464Xlat(532): requiresClat: netType=1, hasIPv4Address=false
07-31 14:02:18.110: D/ConnectivityService(532): handleInetConditionChange: no active default network - ignore
07-31 14:02:19.571: D/ConnectivityService(532): Captive portal check NetworkInfo: type: WIFI[], state: CONNECTING/CAPTIVE_PORTAL_CHECK, reason: (unspecified), extra: "ITOS-DEV", roaming: false, failover: false, isAvailable: true
07-31 14:02:19.571: D/ConnectivityService(532): ConnectivityChange for WIFI: CONNECTED/CONNECTED
07-31 14:02:19.601: D/Nat464Xlat(532): requiresClat: netType=1, hasIPv4Address=true
07-31 14:02:20.582: D/ConnectivityService(532): NetTransition Wakelock for ConnectedState released by timeout
07-31 14:02:21.133: V/BackupManagerService(532): Scheduling immediate backup pass
07-31 14:02:21.153: V/BackupManagerService(532): Running a backup pass
07-31 14:02:21.203: V/BackupManagerService(532): clearing pending backups
07-31 14:02:21.203: V/PerformBackupTask(532): Beginning backup of 12 targets
07-31 14:02:21.203: I/PerformBackupTask(532): Initializing (wiping) backup state and transport storage
07-31 14:02:21.243: V/BackupManagerService(532): Ancestral packages: 10
07-31 14:02:21.263: D/BackupManagerService(532): Now staging backup of android
07-31 14:02:21.273: D/BackupManagerService(532): Now staging backup of com.android.providers.settings
07-31 14:02:21.273: D/BackupManagerService(532): Now staging backup of com.android.nfc
07-31 14:02:21.273: D/BackupManagerService(532): Now staging backup of com.android.providers.userdictionary
07-31 14:02:21.283: D/BackupManagerService(532): Now staging backup of com.google.android.calendar
07-31 14:02:21.293: D/BackupManagerService(532): Now staging backup of com.google.android.gallery3d
07-31 14:02:21.293: D/BackupManagerService(532): Now staging backup of com.google.android.gm
07-31 14:02:21.303: D/BackupManagerService(532): Now staging backup of com.google.android.talk
07-31 14:02:21.303: D/BackupManagerService(532): Now staging backup of com.google.android.inputmethod.latin
07-31 14:02:21.313: D/BackupManagerService(532): Now staging backup of com.android.vending
07-31 14:02:21.313: D/BackupManagerService(532): Now staging backup of com.android.sharedstoragebackup
07-31 14:02:21.323: D/BackupManagerService(532): Now staging backup of com.google.android.marvin.talkback
07-31 14:02:21.323: D/PerformBackupTask(532): invokeAgentForBackup on @pm@
07-31 14:02:21.333: I/PMBA(532): Previous metadata null mismatch vs 748593 - rewriting
07-31 14:02:22.654: V/BackupManagerService(532): Scheduling immediate backup pass
07-31 14:02:22.664: I/BackupManagerService(532): Backup time but one already running
07-31 14:03:21.542: I/PerformBackupTask(532): Backup pass finished.
07-31 14:03:27.537: D/ConnectivityService(532): handleInetConditionHoldEnd: net=1, condition=0, published condition=0
07-31 14:04:04.594: I/PowerManagerService(532): Going to sleep due to screen timeout...
07-31 14:04:10.279: D/PhoneStatusBar(692): disable: < expand icons alerts ticker system_info back home RECENT* clock search
> 07-31 14:04:10.329: D/PhoneStatusBar(692): disable: < expand icons alerts ticker system_info BACK* HOME* RECENT CLOCK* search
> 07-31 14:04:39.137: D/ConnectivityService(532): handleInetConditionHoldEnd: net=1, condition=0, published condition=0
07-31 14:04:43.952: I/PowerManagerService(532): Waking up from sleep...
07-31 14:04:43.952: I/EntropyMixer(532): Writing entropy...
07-31 14:04:43.962: W/PowerUI(692): unknown intent: Intent { act=android.intent.action.ACTION_POWER_CONNECTED flg=0x8000010 }
07-31 14:04:44.002: I/WindowManager(532): Lock screen displayed!
07-31 14:04:45.594: D/PhoneStatusBar(692): disable: < expand icons alerts ticker system_info BACK HOME recent* CLOCK search
> 07-31 14:04:45.614: D/PhoneStatusBar(692): disable: < expand icons alerts ticker system_info back* home* recent clock* search
> 07-31 14:04:45.644: W/InputMethodManagerService(532): Window already focused, ignoring focus gain of: com.android.internal.view.IInputMethodClient$Stub$Proxy@423fd018 attribute=android.view.inputmethod.EditorInfo@423ae5e8, token = android.os.BinderProxy@42324b88
07-31 14:05:42.129: I/ActivityManager(532): START u0 {cmp=com.appcelerator.kitchensink/org.appcelerator.titanium.TiActivity (has extras)} from pid 3013
07-31 14:05:43.420: I/ActivityManager(532): START u0 {cmp=com.appcelerator.kitchensink/org.appcelerator.titanium.TiActivity (has extras)} from pid 3013
07-31 14:05:59.215: D/ConnectivityService(532): handleInetConditionHoldEnd: net=1, condition=0, published condition=0
07-31 14:07:36.090: D/ConnectivityService(532): handleInetConditionHoldEnd: net=1, condition=0, published condition=0
07-31 14:07:39.153: D/ConnectivityService(532): ConnectivityChange for WIFI: DISCONNECTED/DISCONNECTED
07-31 14:07:39.153: D/ConnectivityService(532): Attempting to switch to BLUETOOTH_TETHER
07-31 14:07:39.153: D/ConnectivityService(532): Attempting to switch to ETHERNET
07-31 14:07:39.163: D/ConnectivityService(532): resetConnections(wlan0, 3)
07-31 14:07:39.273: D/Nat464Xlat(532): requiresClat: netType=1, hasIPv4Address=false
07-31 14:07:40.845: D/ConnectivityService(532): Captive portal check NetworkInfo: type: WIFI[], state: CONNECTING/CAPTIVE_PORTAL_CHECK, reason: (unspecified), extra: "ITOS-DEV", roaming: false, failover: false, isAvailable: true
07-31 14:07:40.855: D/ConnectivityService(532): ConnectivityChange for WIFI: CONNECTED/CONNECTED
07-31 14:07:40.885: D/Nat464Xlat(532): requiresClat: netType=1, hasIPv4Address=true
07-31 14:07:41.846: D/ConnectivityService(532): NetTransition Wakelock for ConnectedState released by timeout
07-31 14:07:42.276: V/BackupManagerService(532): Scheduling immediate backup pass
07-31 14:07:42.296: V/BackupManagerService(532): Running a backup pass
07-31 14:07:42.346: V/BackupManagerService(532): clearing pending backups
07-31 14:07:42.346: V/PerformBackupTask(532): Beginning backup of 12 targets
07-31 14:07:42.346: I/PerformBackupTask(532): Initializing (wiping) backup state and transport storage
07-31 14:07:42.426: V/BackupManagerService(532): Ancestral packages: 10
07-31 14:07:42.456: D/BackupManagerService(532): Now staging backup of android
07-31 14:07:42.456: D/BackupManagerService(532): Now staging backup of com.android.providers.settings
07-31 14:07:42.466: D/BackupManagerService(532): Now staging backup of com.android.nfc
07-31 14:07:42.466: D/BackupManagerService(532): Now staging backup of com.android.providers.userdictionary
07-31 14:07:42.476: D/BackupManagerService(532): Now staging backup of com.google.android.calendar
07-31 14:07:42.476: D/BackupManagerService(532): Now staging backup of com.google.android.gallery3d
07-31 14:07:42.486: D/BackupManagerService(532): Now staging backup of com.google.android.gm
07-31 14:07:42.486: D/BackupManagerService(532): Now staging backup of com.google.android.talk
07-31 14:07:42.486: D/BackupManagerService(532): Now staging backup of com.google.android.inputmethod.latin
07-31 14:07:42.496: D/BackupManagerService(532): Now staging backup of com.android.vending
07-31 14:07:42.496: D/BackupManagerService(532): Now staging backup of com.android.sharedstoragebackup
07-31 14:07:42.496: D/BackupManagerService(532): Now staging backup of com.google.android.marvin.talkback
07-31 14:07:42.506: D/PerformBackupTask(532): invokeAgentForBackup on @pm@
07-31 14:07:42.506: I/PMBA(532): Previous metadata null mismatch vs 748593 - rewriting
07-31 14:07:43.898: V/BackupManagerService(532): Scheduling immediate backup pass
07-31 14:07:43.898: I/BackupManagerService(532): Backup time but one already running
07-31 14:08:42.715: I/PerformBackupTask(532): Backup pass finished.
07-31 14:08:48.651: D/ConnectivityService(532): handleInetConditionHoldEnd: net=1, condition=0, published condition=0
07-31 14:10:02.813: D/ConnectivityService(532): handleInetConditionHoldEnd: net=1, condition=0, published condition=0
07-31 14:11:27.856: D/ConnectivityService(532): handleInetConditionHoldEnd: net=1, condition=0, published condition=0
07-31 14:13:00.587: D/ConnectivityService(532): ConnectivityChange for WIFI: DISCONNECTED/DISCONNECTED
07-31 14:13:00.587: D/ConnectivityService(532): Attempting to switch to BLUETOOTH_TETHER
07-31 14:13:00.587: D/ConnectivityService(532): Attempting to switch to ETHERNET
07-31 14:13:00.607: D/ConnectivityService(532): resetConnections(wlan0, 3)
07-31 14:13:00.707: D/Nat464Xlat(532): requiresClat: netType=1, hasIPv4Address=false
07-31 14:13:00.717: D/ConnectivityService(532): handleInetConditionChange: no active default network - ignore
07-31 14:13:02.188: D/ConnectivityService(532): Captive portal check NetworkInfo: type: WIFI[], state: CONNECTING/CAPTIVE_PORTAL_CHECK, reason: (unspecified), extra: "ITOS-DEV", roaming: false, failover: false, isAvailable: true
07-31 14:13:02.198: D/ConnectivityService(532): ConnectivityChange for WIFI: CONNECTED/CONNECTED
07-31 14:13:02.218: D/Nat464Xlat(532): requiresClat: netType=1, hasIPv4Address=true
07-31 14:13:03.199: D/ConnectivityService(532): NetTransition Wakelock for ConnectedState released by timeout
07-31 14:13:03.730: V/BackupManagerService(532): Scheduling immediate backup pass
07-31 14:13:03.750: V/BackupManagerService(532): Running a backup pass
07-31 14:13:03.760: V/BackupManagerService(532): clearing pending backups
07-31 14:13:03.830: V/PerformBackupTask(532): Beginning backup of 12 targets
07-31 14:13:03.830: I/PerformBackupTask(532): Initializing (wiping) backup state and transport storage
07-31 14:13:03.840: V/BackupManagerService(532): Ancestral packages: 10
07-31 14:13:03.850: D/BackupManagerService(532): Now staging backup of android
07-31 14:13:03.860: D/BackupManagerService(532): Now staging backup of com.android.providers.settings
07-31 14:13:03.870: D/BackupManagerService(532): Now staging backup of com.android.nfc
07-31 14:13:03.870: D/BackupManagerService(532): Now staging backup of com.android.providers.userdictionary
07-31 14:13:03.880: D/BackupManagerService(532): Now staging backup of com.google.android.calendar
07-31 14:13:03.880: D/BackupManagerService(532): Now staging backup of com.google.android.gallery3d
07-31 14:13:03.890: D/BackupManagerService(532): Now staging backup of com.google.android.gm
07-31 14:13:03.890: D/BackupManagerService(532): Now staging backup of com.google.android.talk
07-31 14:13:03.900: D/BackupManagerService(532): Now staging backup of com.google.android.inputmethod.latin
07-31 14:13:03.900: D/BackupManagerService(532): Now staging backup of com.android.vending
07-31 14:13:03.910: D/BackupManagerService(532): Now staging backup of com.android.sharedstoragebackup
07-31 14:13:03.910: D/BackupManagerService(532): Now staging backup of com.google.android.marvin.talkback
07-31 14:13:03.920: D/PerformBackupTask(532): invokeAgentForBackup on @pm@
07-31 14:13:03.920: I/PMBA(532): Previous metadata null mismatch vs 748593 - rewriting
07-31 14:13:05.251: V/BackupManagerService(532): Scheduling immediate backup pass
07-31 14:13:05.261: I/BackupManagerService(532): Backup time but one already running
07-31 14:14:04.139: I/PerformBackupTask(532): Backup pass finished.
07-31 14:14:10.094: D/ConnectivityService(532): handleInetConditionHoldEnd: net=1, condition=0, published condition=0
07-31 14:14:54.888: I/ActivityManager(532): START u0 {cmp=com.appcelerator.kitchensink/org.appcelerator.titanium.TiActivity (has extras)} from pid 3013
07-31 14:15:02.275: W/InputMethodManagerService(532): Window already focused, ignoring focus gain of: com.android.internal.view.IInputMethodClient$Stub$Proxy@42366fa0 attribute=android.view.inputmethod.EditorInfo@41f733c8, token = android.os.BinderProxy@42167e18
07-31 14:15:08.601: I/ActivityManager(532): START u0 {cmp=com.appcelerator.kitchensink/org.appcelerator.titanium.TiActivity (has extras)} from pid 3013
07-31 14:15:16.609: I/ActivityManager(532): START u0 {act=android.intent.action.MAIN cat=[android.intent.category.LAUNCHER] flg=0x10200000 cmp=com.appcelerator.kitchensink/.KitchensinkActivity} from pid 866
07-31 14:15:17.320: I/ActivityManager(532): START u0 {cmp=com.appcelerator.kitchensink/org.appcelerator.titanium.TiActivity (has extras)} from pid 3013
07-31 14:15:18.902: I/ActivityManager(532): START u0 {cmp=com.appcelerator.kitchensink/org.appcelerator.titanium.TiActivity (has extras)} from pid 3013
07-31 14:15:20.803: D/ConnectivityService(532): handleInetConditionHoldEnd: net=1, condition=0, published condition=0
07-31 14:15:21.144: I/ActivityManager(532): START u0 {cmp=com.appcelerator.kitchensink/org.appcelerator.titanium.TiActivity (has extras)} from pid 3013
07-31 14:15:22.715: I/ActivityManager(532): START u0 {cmp=com.appcelerator.kitchensink/org.appcelerator.titanium.TiActivity (has extras)} from pid 3013
07-31 14:16:39.210: D/ConnectivityService(532): handleInetConditionHoldEnd: net=1, condition=0, published condition=0
07-31 14:18:12.811: D/ConnectivityService(532): handleInetConditionHoldEnd: net=1, condition=0, published condition=0
07-31 14:18:21.970: D/ConnectivityService(532): ConnectivityChange for WIFI: DISCONNECTED/DISCONNECTED
07-31 14:18:21.970: D/ConnectivityService(532): Attempting to switch to BLUETOOTH_TETHER
07-31 14:18:21.970: D/ConnectivityService(532): Attempting to switch to ETHERNET
07-31 14:18:21.980: D/ConnectivityService(532): resetConnections(wlan0, 3)
07-31 14:18:22.070: D/Nat464Xlat(532): requiresClat: netType=1, hasIPv4Address=false
07-31 14:18:23.592: D/ConnectivityService(532): Captive portal check NetworkInfo: type: WIFI[], state: CONNECTING/CAPTIVE_PORTAL_CHECK, reason: (unspecified), extra: "ITOS-DEV", roaming: false, failover: false, isAvailable: true
07-31 14:18:23.602: D/ConnectivityService(532): ConnectivityChange for WIFI: CONNECTED/CONNECTED
07-31 14:18:23.642: D/Nat464Xlat(532): requiresClat: netType=1, hasIPv4Address=true
07-31 14:18:24.613: D/ConnectivityService(532): NetTransition Wakelock for ConnectedState released by timeout
07-31 14:18:25.083: V/BackupManagerService(532): Scheduling immediate backup pass
07-31 14:18:25.103: V/BackupManagerService(532): Running a backup pass
07-31 14:18:25.113: V/BackupManagerService(532): clearing pending backups
07-31 14:18:25.163: V/PerformBackupTask(532): Beginning backup of 12 targets
07-31 14:18:25.163: I/PerformBackupTask(532): Initializing (wiping) backup state and transport storage
07-31 14:18:25.183: V/BackupManagerService(532): Ancestral packages: 10
07-31 14:18:25.203: D/BackupManagerService(532): Now staging backup of android
07-31 14:18:25.213: D/BackupManagerService(532): Now staging backup of com.android.providers.settings
07-31 14:18:25.213: D/BackupManagerService(532): Now staging backup of com.android.nfc
07-31 14:18:25.213: D/BackupManagerService(532): Now staging backup of com.android.providers.userdictionary
07-31 14:18:25.223: D/BackupManagerService(532): Now staging backup of com.google.android.calendar
07-31 14:18:25.223: D/BackupManagerService(532): Now staging backup of com.google.android.gallery3d
07-31 14:18:25.223: D/BackupManagerService(532): Now staging backup of com.google.android.gm
07-31 14:18:25.233: D/BackupManagerService(532): Now staging backup of com.google.android.talk
07-31 14:18:25.233: D/BackupManagerService(532): Now staging backup of com.google.android.inputmethod.latin
07-31 14:18:25.233: D/BackupManagerService(532): Now staging backup of com.android.vending
07-31 14:18:25.243: D/BackupManagerService(532): Now staging backup of com.android.sharedstoragebackup
07-31 14:18:25.243: D/BackupManagerService(532): Now staging backup of com.google.android.marvin.talkback
07-31 14:18:25.243: D/PerformBackupTask(532): invokeAgentForBackup on @pm@
07-31 14:18:25.253: I/PMBA(532): Previous metadata null mismatch vs 748593 - rewriting
07-31 14:18:26.695: V/BackupManagerService(532): Scheduling immediate backup pass
07-31 14:18:26.705: I/BackupManagerService(532): Backup time but one already running
07-31 14:19:25.442: I/PerformBackupTask(532): Backup pass finished.
07-31 14:19:31.368: D/ConnectivityService(532): handleInetConditionHoldEnd: net=1, condition=0, published condition=0
07-31 14:20:40.816: D/ConnectivityService(532): handleInetConditionHoldEnd: net=1, condition=0, published condition=0
07-31 14:21:56.489: D/ConnectivityService(532): handleInetConditionHoldEnd: net=1, condition=0, published condition=0
07-31 14:23:24.655: D/ConnectivityService(532): handleInetConditionHoldEnd: net=1, condition=0, published condition=0
07-31 14:23:40.661: W/PowerUI(692): unknown intent: Intent { act=android.intent.action.ACTION_POWER_CONNECTED flg=0x8000010 }
07-31 14:23:40.661: I/EntropyMixer(532): Writing entropy...
07-31 14:23:43.324: D/ConnectivityService(532): ConnectivityChange for WIFI: DISCONNECTED/DISCONNECTED
07-31 14:23:43.324: D/ConnectivityService(532): Attempting to switch to BLUETOOTH_TETHER
07-31 14:23:43.324: D/ConnectivityService(532): Attempting to switch to ETHERNET
07-31 14:23:43.344: D/ConnectivityService(532): resetConnections(wlan0, 3)
07-31 14:23:43.454: D/Nat464Xlat(532): requiresClat: netType=1, hasIPv4Address=false
07-31 14:23:44.905: D/ConnectivityService(532): Captive portal check NetworkInfo: type: WIFI[], state: CONNECTING/CAPTIVE_PORTAL_CHECK, reason: (unspecified), extra: "ITOS-DEV", roaming: false, failover: false, isAvailable: true
07-31 14:23:44.915: D/ConnectivityService(532): ConnectivityChange for WIFI: CONNECTED/CONNECTED
07-31 14:23:44.935: D/Nat464Xlat(532): requiresClat: netType=1, hasIPv4Address=true
07-31 14:23:45.686: W/ProcessStats(532): Skipping unknown process pid 16954
07-31 14:23:45.686: W/ProcessStats(532): Skipping unknown process pid 16961
07-31 14:23:45.686: W/ProcessStats(532): Skipping unknown process pid 16965
07-31 14:23:45.916: D/ConnectivityService(532): NetTransition Wakelock for ConnectedState released by timeout
07-31 14:23:46.447: V/BackupManagerService(532): Scheduling immediate backup pass
07-31 14:23:46.477: V/BackupManagerService(532): Running a backup pass
07-31 14:23:46.477: V/BackupManagerService(532): clearing pending backups
07-31 14:23:46.527: V/PerformBackupTask(532): Beginning backup of 12 targets
07-31 14:23:46.527: I/PerformBackupTask(532): Initializing (wiping) backup state and transport storage
07-31 14:23:46.597: V/BackupManagerService(532): Ancestral packages: 10
07-31 14:23:46.607: D/BackupManagerService(532): Now staging backup of android
07-31 14:23:46.617: D/BackupManagerService(532): Now staging backup of com.android.providers.settings
07-31 14:23:46.617: D/BackupManagerService(532): Now staging backup of com.android.nfc
07-31 14:23:46.627: D/BackupManagerService(532): Now staging backup of com.android.providers.userdictionary
07-31 14:23:46.627: D/BackupManagerService(532): Now staging backup of com.google.android.calendar
07-31 14:23:46.627: D/BackupManagerService(532): Now staging backup of com.google.android.gallery3d
07-31 14:23:46.627: D/BackupManagerService(532): Now staging backup of com.google.android.gm
07-31 14:23:46.637: D/BackupManagerService(532): Now staging backup of com.google.android.talk
07-31 14:23:46.637: D/BackupManagerService(532): Now staging backup of com.google.android.inputmethod.latin
07-31 14:23:46.647: D/BackupManagerService(532): Now staging backup of com.android.vending
07-31 14:23:46.647: D/BackupManagerService(532): Now staging backup of com.android.sharedstoragebackup
07-31 14:23:46.647: D/BackupManagerService(532): Now staging backup of com.google.android.marvin.talkback
07-31 14:23:46.657: D/PerformBackupTask(532): invokeAgentForBackup on @pm@
07-31 14:23:46.657: I/PMBA(532): Previous metadata null mismatch vs 748593 - rewriting
07-31 14:23:47.968: V/BackupManagerService(532): Scheduling immediate backup pass
07-31 14:23:47.978: I/BackupManagerService(532): Backup time but one already running
07-31 14:24:46.846: I/PerformBackupTask(532): Backup pass finished.
07-31 14:24:52.811: D/ConnectivityService(532): handleInetConditionHoldEnd: net=1, condition=0, published condition=0
07-31 14:26:10.407: D/ConnectivityService(532): handleInetConditionHoldEnd: net=1, condition=0, published condition=0
07-31 14:27:42.407: D/ConnectivityService(532): handleInetConditionHoldEnd: net=1, condition=0, published condition=0
07-31 14:29:01.694: I/ActivityManager(532): Start proc com.google.android.talk for service com.google.android.talk/com.google.android.apps.babel.realtimechat.RealTimeChatService$AlarmWrapperService: pid=17141 uid=10030 gids={50030, 3003, 1015, 1006, 3002, 1028}
07-31 14:29:04.507: D/ConnectivityService(532): ConnectivityChange for WIFI: DISCONNECTED/DISCONNECTED
07-31 14:29:04.507: D/ConnectivityService(532): Attempting to switch to BLUETOOTH_TETHER
07-31 14:29:04.507: D/ConnectivityService(532): Attempting to switch to ETHERNET
07-31 14:29:04.527: D/ConnectivityService(532): resetConnections(wlan0, 3)
07-31 14:29:04.637: D/Nat464Xlat(532): requiresClat: netType=1, hasIPv4Address=false
07-31 14:29:04.637: D/ConnectivityService(532): handleInetConditionChange: no active default network - ignore
07-31 14:29:06.079: D/ConnectivityService(532): Captive portal check NetworkInfo: type: WIFI[], state: CONNECTING/CAPTIVE_PORTAL_CHECK, reason: (unspecified), extra: "ITOS-DEV", roaming: false, failover: false, isAvailable: true
07-31 14:29:06.089: D/ConnectivityService(532): ConnectivityChange for WIFI: CONNECTED/CONNECTED
07-31 14:29:06.129: D/Nat464Xlat(532): requiresClat: netType=1, hasIPv4Address=true
07-31 14:29:07.100: D/ConnectivityService(532): NetTransition Wakelock for ConnectedState released by timeout
07-31 14:29:07.650: V/BackupManagerService(532): Scheduling immediate backup pass
07-31 14:29:07.660: V/BackupManagerService(532): Running a backup pass
07-31 14:29:07.670: V/BackupManagerService(532): clearing pending backups
07-31 14:29:07.690: V/PerformBackupTask(532): Beginning backup of 12 targets
07-31 14:29:07.700: I/PerformBackupTask(532): Initializing (wiping) backup state and transport storage
07-31 14:29:07.710: V/BackupManagerService(532): Ancestral packages: 10
07-31 14:29:07.740: D/BackupManagerService(532): Now staging backup of android
07-31 14:29:07.750: D/BackupManagerService(532): Now staging backup of com.android.providers.settings
07-31 14:29:07.760: D/BackupManagerService(532): Now staging backup of com.android.nfc
07-31 14:29:07.760: D/BackupManagerService(532): Now staging backup of com.android.providers.userdictionary
07-31 14:29:07.770: D/BackupManagerService(532): Now staging backup of com.google.android.calendar
07-31 14:29:07.770: D/BackupManagerService(532): Now staging backup of com.google.android.gallery3d
07-31 14:29:07.770: D/BackupManagerService(532): Now staging backup of com.google.android.gm
07-31 14:29:07.780: D/BackupManagerService(532): Now staging backup of com.google.android.talk
07-31 14:29:07.780: D/BackupManagerService(532): Now staging backup of com.google.android.inputmethod.latin
07-31 14:29:07.780: D/BackupManagerService(532): Now staging backup of com.android.vending
07-31 14:29:07.790: D/BackupManagerService(532): Now staging backup of com.android.sharedstoragebackup
07-31 14:29:07.790: D/BackupManagerService(532): Now staging backup of com.google.android.marvin.talkback
07-31 14:29:07.800: D/PerformBackupTask(532): invokeAgentForBackup on @pm@
07-31 14:29:07.800: I/PMBA(532): Previous metadata null mismatch vs 748593 - rewriting
07-31 14:29:09.141: V/BackupManagerService(532): Scheduling immediate backup pass
07-31 14:29:09.162: I/BackupManagerService(532): Backup time but one already running
07-31 14:30:07.999: I/PerformBackupTask(532): Backup pass finished.
07-31 14:30:13.925: D/ConnectivityService(532): handleInetConditionHoldEnd: net=1, condition=0, published condition=0
07-31 14:31:31.210: D/ConnectivityService(532): handleInetConditionHoldEnd: net=1, condition=0, published condition=0
