07-31 14:59:49.287: I/TiAPI(3013): ImageView animation frame has changed, index 4
07-31 14:59:49.337: I/TiAPI(3013): ImageView animation frame has changed, index 5
07-31 14:59:49.387: I/TiAPI(3013): ImageView animation frame has changed, index 6
07-31 14:59:49.437: I/TiAPI(3013): ImageView animation frame has changed, index 7
07-31 14:59:49.487: I/TiAPI(3013): ImageView animation frame has changed, index 8
07-31 14:59:49.537: I/TiAPI(3013): ImageView animation frame has changed, index 9
07-31 14:59:49.587: I/TiAPI(3013): ImageView animation frame has changed, index 10
07-31 14:59:49.637: I/TiAPI(3013): ImageView animation frame has changed, index 11
07-31 14:59:49.687: I/TiAPI(3013): ImageView animation frame has changed, index 12
07-31 14:59:49.737: I/TiAPI(3013): ImageView animation frame has changed, index 13
07-31 14:59:49.787: I/TiAPI(3013): ImageView animation frame has changed, index 14
07-31 14:59:49.837: I/TiAPI(3013): ImageView animation frame has changed, index 15
07-31 14:59:49.897: I/TiAPI(3013): ImageView animation frame has changed, index 16
07-31 14:59:49.957: I/TiAPI(3013): ImageView animation frame has changed, index 0
07-31 14:59:49.987: I/TiAPI(3013): ImageView animation frame has changed, index 1
07-31 14:59:50.037: I/TiAPI(3013): ImageView animation frame has changed, index 2
07-31 14:59:50.088: I/TiAPI(3013): ImageView animation frame has changed, index 3
07-31 14:59:50.138: I/TiAPI(3013): ImageView animation frame has changed, index 4
07-31 14:59:50.208: I/TiAPI(3013): ImageView animation frame has changed, index 5
07-31 14:59:50.248: I/TiAPI(3013): ImageView animation frame has changed, index 6
07-31 14:59:50.288: I/TiAPI(3013): ImageView animation frame has changed, index 7
07-31 14:59:50.338: I/TiAPI(3013): ImageView animation frame has changed, index 8
07-31 14:59:50.388: I/TiAPI(3013): ImageView animation frame has changed, index 9
07-31 14:59:50.438: I/TiAPI(3013): ImageView animation frame has changed, index 10
07-31 14:59:50.488: I/TiAPI(3013): ImageView animation frame has changed, index 11
07-31 14:59:50.538: I/TiAPI(3013): ImageView animation frame has changed, index 12
07-31 14:59:50.588: I/TiAPI(3013): ImageView animation frame has changed, index 13
07-31 14:59:50.638: I/TiAPI(3013): ImageView animation frame has changed, index 14
07-31 14:59:50.748: I/TiAPI(3013): ImageView animation frame has changed, index 15
07-31 14:59:50.748: I/TiAPI(3013): ImageView animation frame has changed, index 16
07-31 14:59:50.798: I/TiAPI(3013): ImageView animation frame has changed, index 0
07-31 14:59:50.848: I/TiAPI(3013): ImageView animation frame has changed, index 1
07-31 14:59:50.898: I/TiAPI(3013): ImageView animation frame has changed, index 2
07-31 14:59:50.948: I/TiAPI(3013): ImageView animation frame has changed, index 3
07-31 14:59:50.998: I/TiAPI(3013): ImageView animation frame has changed, index 4
07-31 14:59:51.048: I/TiAPI(3013): ImageView animation frame has changed, index 5
07-31 14:59:51.099: I/TiAPI(3013): ImageView animation frame has changed, index 6
07-31 14:59:51.149: I/TiAPI(3013): ImageView animation frame has changed, index 7
07-31 14:59:51.199: I/TiAPI(3013): ImageView animation frame has changed, index 8
07-31 14:59:51.249: I/TiAPI(3013): ImageView animation frame has changed, index 9
07-31 14:59:51.299: I/TiAPI(3013): ImageView animation frame has changed, index 10
07-31 14:59:51.359: I/TiAPI(3013): ImageView animation frame has changed, index 11
07-31 14:59:51.399: I/TiAPI(3013): ImageView animation frame has changed, index 12
07-31 14:59:51.459: I/TiAPI(3013): ImageView animation frame has changed, index 13
07-31 14:59:51.519: I/TiAPI(3013): ImageView animation frame has changed, index 14
07-31 14:59:51.559: I/TiAPI(3013): ImageView animation frame has changed, index 15
07-31 14:59:51.609: I/TiAPI(3013): ImageView animation frame has changed, index 16
07-31 14:59:51.659: I/TiAPI(3013): ImageView animation frame has changed, index 0
07-31 14:59:51.719: I/TiAPI(3013): ImageView animation frame has changed, index 1
07-31 14:59:51.749: I/TiAPI(3013): ImageView animation frame has changed, index 2
07-31 14:59:51.799: I/TiAPI(3013): ImageView animation frame has changed, index 3
07-31 14:59:51.859: I/TiAPI(3013): ImageView animation frame has changed, index 4
07-31 14:59:51.899: I/TiAPI(3013): ImageView animation frame has changed, index 5
07-31 14:59:51.949: I/TiAPI(3013): ImageView animation frame has changed, index 6
07-31 14:59:51.999: I/TiAPI(3013): ImageView animation frame has changed, index 7
07-31 14:59:52.049: I/TiAPI(3013): ImageView animation frame has changed, index 8
07-31 14:59:52.100: I/TiAPI(3013): ImageView animation frame has changed, index 9
07-31 14:59:52.150: I/TiAPI(3013): ImageView animation frame has changed, index 10
07-31 14:59:52.210: I/TiAPI(3013): ImageView animation frame has changed, index 11
07-31 14:59:52.250: I/TiAPI(3013): ImageView animation frame has changed, index 12
07-31 14:59:52.310: I/TiAPI(3013): ImageView animation frame has changed, index 13
07-31 14:59:52.360: I/TiAPI(3013): ImageView animation frame has changed, index 14
07-31 14:59:52.420: I/TiAPI(3013): ImageView animation frame has changed, index 15
07-31 14:59:52.460: I/TiAPI(3013): ImageView animation frame has changed, index 16
07-31 14:59:52.510: I/TiAPI(3013): ImageView animation frame has changed, index 0
07-31 14:59:52.570: I/TiAPI(3013): ImageView animation frame has changed, index 1
07-31 14:59:52.610: I/TiAPI(3013): ImageView animation frame has changed, index 2
07-31 14:59:52.650: I/TiAPI(3013): ImageView animation frame has changed, index 3
07-31 14:59:52.700: I/TiAPI(3013): ImageView animation frame has changed, index 4
07-31 14:59:52.750: I/TiAPI(3013): ImageView animation frame has changed, index 5
07-31 14:59:52.800: I/TiAPI(3013): ImageView animation frame has changed, index 6
07-31 14:59:52.850: I/TiAPI(3013): ImageView animation frame has changed, index 7
07-31 14:59:52.900: I/TiAPI(3013): ImageView animation frame has changed, index 8
07-31 14:59:52.950: I/TiAPI(3013): ImageView animation frame has changed, index 9
07-31 14:59:53.000: I/TiAPI(3013): ImageView animation frame has changed, index 10
07-31 14:59:53.050: I/TiAPI(3013): ImageView animation frame has changed, index 11
07-31 14:59:53.110: I/TiAPI(3013): ImageView animation frame has changed, index 12
07-31 14:59:53.151: I/TiAPI(3013): ImageView animation frame has changed, index 13
07-31 14:59:53.211: I/TiAPI(3013): ImageView animation frame has changed, index 14
07-31 14:59:53.261: I/TiAPI(3013): ImageView animation frame has changed, index 15
07-31 14:59:53.311: I/TiAPI(3013): ImageView animation frame has changed, index 16
07-31 14:59:53.361: I/TiAPI(3013): ImageView animation frame has changed, index 0
07-31 14:59:53.411: I/TiAPI(3013): ImageView animation frame has changed, index 1
07-31 14:59:53.471: I/TiAPI(3013): ImageView animation frame has changed, index 2
07-31 14:59:53.521: I/TiAPI(3013): ImageView animation frame has changed, index 3
07-31 14:59:53.571: I/TiAPI(3013): ImageView animation frame has changed, index 4
07-31 14:59:53.621: I/TiAPI(3013): ImageView animation frame has changed, index 5
07-31 14:59:53.671: I/TiAPI(3013): ImageView animation frame has changed, index 6
07-31 14:59:53.721: I/TiAPI(3013): ImageView animation frame has changed, index 7
07-31 14:59:53.771: I/TiAPI(3013): ImageView animation frame has changed, index 8
07-31 14:59:53.821: I/TiAPI(3013): ImageView animation frame has changed, index 9
07-31 14:59:53.871: I/TiAPI(3013): ImageView animation frame has changed, index 10
07-31 14:59:53.921: I/TiAPI(3013): ImageView animation frame has changed, index 11
07-31 14:59:53.971: I/TiAPI(3013): ImageView animation frame has changed, index 12
07-31 14:59:54.021: I/TiAPI(3013): ImageView animation frame has changed, index 13
07-31 14:59:54.071: I/TiAPI(3013): ImageView animation frame has changed, index 14
07-31 14:59:54.121: I/TiAPI(3013): ImageView animation frame has changed, index 15
07-31 14:59:54.172: I/TiAPI(3013): ImageView animation frame has changed, index 16
07-31 14:59:54.222: I/TiAPI(3013): ImageView animation frame has changed, index 0
07-31 14:59:54.272: I/TiAPI(3013): ImageView animation frame has changed, index 1
07-31 14:59:54.322: I/TiAPI(3013): ImageView animation frame has changed, index 2
07-31 14:59:54.372: I/TiAPI(3013): ImageView animation frame has changed, index 3
07-31 14:59:54.422: I/TiAPI(3013): ImageView animation frame has changed, index 4
07-31 14:59:54.472: I/TiAPI(3013): ImageView animation frame has changed, index 5
07-31 14:59:54.522: I/TiAPI(3013): ImageView animation frame has changed, index 6
07-31 14:59:54.572: I/TiAPI(3013): ImageView animation frame has changed, index 7
07-31 14:59:54.622: I/TiAPI(3013): ImageView animation frame has changed, index 8
07-31 14:59:54.672: I/TiAPI(3013): ImageView animation frame has changed, index 9
07-31 14:59:54.722: I/TiAPI(3013): ImageView animation frame has changed, index 10
07-31 14:59:54.772: I/TiAPI(3013): ImageView animation frame has changed, index 11
07-31 14:59:54.822: I/TiAPI(3013): ImageView animation frame has changed, index 12
07-31 14:59:54.872: I/TiAPI(3013): ImageView animation frame has changed, index 13
07-31 14:59:54.922: I/TiAPI(3013): ImageView animation frame has changed, index 14
07-31 14:59:54.972: I/TiAPI(3013): ImageView animation frame has changed, index 15
07-31 14:59:55.022: I/TiAPI(3013): ImageView animation frame has changed, index 16
07-31 14:59:55.072: I/TiAPI(3013): ImageView animation frame has changed, index 0
07-31 14:59:55.122: I/TiAPI(3013): ImageView animation frame has changed, index 1
07-31 14:59:55.172: I/TiAPI(3013): ImageView animation frame has changed, index 2
07-31 14:59:55.223: I/TiAPI(3013): ImageView animation frame has changed, index 3
07-31 14:59:55.273: I/TiAPI(3013): ImageView animation frame has changed, index 4
07-31 14:59:55.323: I/TiAPI(3013): ImageView animation frame has changed, index 5
07-31 14:59:55.373: I/TiAPI(3013): ImageView animation frame has changed, index 6
07-31 14:59:55.423: I/TiAPI(3013): ImageView animation frame has changed, index 7
07-31 14:59:55.473: I/TiAPI(3013): ImageView animation frame has changed, index 8
07-31 14:59:55.513: I/TiAPI(3013): ImageView animation frame has changed, index 9
07-31 14:59:55.563: I/TiAPI(3013): ImageView animation frame has changed, index 10
07-31 14:59:55.623: I/TiAPI(3013): ImageView animation frame has changed, index 11
07-31 14:59:55.673: I/TiAPI(3013): ImageView animation frame has changed, index 12
07-31 14:59:55.713: I/TiAPI(3013): ImageView animation frame has changed, index 13
07-31 14:59:55.763: I/TiAPI(3013): ImageView animation frame has changed, index 14
07-31 14:59:55.823: I/TiAPI(3013): ImageView animation frame has changed, index 15
07-31 14:59:55.873: I/TiAPI(3013): ImageView animation frame has changed, index 16
07-31 14:59:55.913: I/TiAPI(3013): ImageView animation frame has changed, index 0
07-31 14:59:55.963: I/TiAPI(3013): ImageView animation frame has changed, index 1
07-31 14:59:56.013: I/TiAPI(3013): ImageView animation frame has changed, index 2
07-31 14:59:56.073: I/TiAPI(3013): ImageView animation frame has changed, index 3
07-31 14:59:56.123: I/TiAPI(3013): ImageView animation frame has changed, index 4
07-31 14:59:56.163: I/TiAPI(3013): ImageView animation frame has changed, index 5
07-31 14:59:56.224: I/TiAPI(3013): ImageView animation frame has changed, index 6
07-31 14:59:56.274: I/TiAPI(3013): ImageView animation frame has changed, index 7
07-31 14:59:56.324: I/TiAPI(3013): ImageView animation frame has changed, index 8
07-31 14:59:56.374: I/TiAPI(3013): ImageView animation frame has changed, index 9
07-31 14:59:56.424: I/TiAPI(3013): ImageView animation frame has changed, index 10
07-31 14:59:56.474: I/TiAPI(3013): ImageView animation frame has changed, index 11
07-31 14:59:56.524: I/TiAPI(3013): ImageView animation frame has changed, index 12
07-31 14:59:56.574: I/TiAPI(3013): ImageView animation frame has changed, index 13
07-31 14:59:56.624: I/TiAPI(3013): ImageView animation frame has changed, index 14
07-31 14:59:56.674: I/TiAPI(3013): ImageView animation frame has changed, index 15
07-31 14:59:56.724: I/TiAPI(3013): ImageView animation frame has changed, index 16
07-31 14:59:56.774: I/TiAPI(3013): ImageView animation frame has changed, index 0
07-31 14:59:56.824: I/TiAPI(3013): ImageView animation frame has changed, index 1
07-31 14:59:56.874: I/TiAPI(3013): ImageView animation frame has changed, index 2
07-31 14:59:56.924: I/TiAPI(3013): ImageView animation frame has changed, index 3
07-31 14:59:56.974: I/TiAPI(3013): ImageView animation frame has changed, index 4
07-31 14:59:57.024: I/TiAPI(3013): ImageView animation frame has changed, index 5
07-31 14:59:57.074: I/TiAPI(3013): ImageView animation frame has changed, index 6
07-31 14:59:57.124: I/TiAPI(3013): ImageView animation frame has changed, index 7
07-31 14:59:57.174: I/TiAPI(3013): ImageView animation frame has changed, index 8
07-31 14:59:57.225: I/TiAPI(3013): ImageView animation frame has changed, index 9
07-31 14:59:57.275: I/TiAPI(3013): ImageView animation frame has changed, index 10
07-31 14:59:57.325: I/TiAPI(3013): ImageView animation frame has changed, index 11
07-31 14:59:57.375: I/TiAPI(3013): ImageView animation frame has changed, index 12
07-31 14:59:57.425: I/TiAPI(3013): ImageView animation frame has changed, index 13
07-31 14:59:57.475: I/TiAPI(3013): ImageView animation frame has changed, index 14
07-31 14:59:57.535: I/TiAPI(3013): ImageView animation frame has changed, index 15
07-31 14:59:57.595: I/TiAPI(3013): ImageView animation frame has changed, index 16
07-31 14:59:57.645: I/TiAPI(3013): ImageView animation frame has changed, index 0
07-31 14:59:57.695: I/TiAPI(3013): ImageView animation frame has changed, index 1
07-31 14:59:57.735: I/TiAPI(3013): ImageView animation frame has changed, index 2
07-31 14:59:57.775: I/TiAPI(3013): ImageView animation frame has changed, index 3
07-31 14:59:57.825: I/TiAPI(3013): ImageView animation frame has changed, index 4
07-31 14:59:57.875: I/TiAPI(3013): ImageView animation frame has changed, index 5
07-31 14:59:57.925: I/TiAPI(3013): ImageView animation frame has changed, index 6
07-31 14:59:57.975: I/TiAPI(3013): ImageView animation frame has changed, index 7
07-31 14:59:58.025: I/TiAPI(3013): ImageView animation frame has changed, index 8
07-31 14:59:58.065: D/audio_hw_primary(179): start_output_stream: enter: usecase(1: low-latency-playback) devices(0x2)
07-31 14:59:58.065: D/audio_hw_primary(179): select_devices: out_snd_device(3: speaker-reverse) in_snd_device(0: none)
07-31 14:59:58.065: D/audio_hw_primary(179): enable_snd_device: sending audio calibration for snd_device(3) acdb_id(14)
07-31 14:59:58.065: D/ACDB-LOADER(179): ACDB -> send_afe_cal
07-31 14:59:58.065: D/audio_hw_primary(179): enable_snd_device: snd_device(3: speaker-reverse)
07-31 14:59:58.065: D/audio_hw_primary(179): enable_audio_route: apply mixer path: low-latency-playback
07-31 14:59:58.075: D/audio_hw_primary(179): start_output_stream: exit
07-31 14:59:58.135: D/dalvikvm(532): GC_FOR_ALLOC freed 1420K, 20% free 22808K/28384K, paused 53ms, total 54ms
07-31 14:59:58.155: I/TiAPI(3013): ImageView animation frame has changed, index 9
07-31 14:59:58.276: I/TiAPI(3013): ImageView animation frame has changed, index 10
07-31 14:59:58.346: I/TiAPI(3013): ImageView animation frame has changed, index 11
07-31 14:59:58.416: D/TouchTestDriver(3013): 14:59:58,425 [main] startSession(org.appcelerator.titanium.TiActivity@42677288)
07-31 14:59:58.416: D/TouchTestDriver(3013): 14:59:58,426 [main] ====> stack.push:org.appcelerator.titanium.TiActivity@42677288
07-31 14:59:58.416: D/TouchTestDriver(3013): 14:59:58,426 [main] URL is missing. Assuming activity was not launched by TouchTest Agent.
07-31 14:59:58.416: I/TiAPI(3013): ImageView animation frame has changed, index 12
07-31 14:59:58.436: I/TiAPI(3013): ImageView animation frame has changed, index 13
07-31 14:59:58.466: I/TiAPI(3013): ImageView animation frame has changed, index 14
07-31 14:59:58.516: I/TiAPI(3013): ImageView animation frame has changed, index 15
07-31 14:59:58.566: I/TiAPI(3013): ImageView animation frame has changed, index 16
07-31 14:59:58.616: I/TiAPI(3013): ImageView animation frame has changed, index 0
07-31 14:59:58.666: I/TiAPI(3013): ImageView animation frame has changed, index 1
07-31 14:59:58.716: I/TiAPI(3013): ImageView animation frame has changed, index 2
07-31 14:59:58.746: D/Window(3013): Window is closed normally.
07-31 15:00:01.228: D/audio_hw_primary(179): out_standby: enter: usecase(1: low-latency-playback)
07-31 15:00:01.278: D/audio_hw_primary(179): stop_output_stream: enter: usecase(1: low-latency-playback)
07-31 15:00:01.278: D/audio_hw_primary(179): disable_audio_route: reset mixer path: low-latency-playback
07-31 15:00:01.288: D/audio_hw_primary(179): disable_snd_device: snd_device(3: speaker-reverse)
07-31 15:00:01.298: D/audio_hw_primary(179): stop_output_stream: exit: status(0)
07-31 15:00:01.298: D/audio_hw_primary(179): out_standby: exit
07-31 15:00:01.949: V/DigitalWidgetViewsFactory(1167): DigitalWidget sets next alarm string to null
07-31 15:00:06.994: I/InputReader(532): Reconfiguring input devices. changes=0x00000004
07-31 15:00:06.994: I/InputReader(532): Device reconfigured: id=6, name='elan-touchscreen', size 1200x1920, orientation 0, mode 1, display id 0
07-31 15:00:06.994: I/InputReader(532): Reconfiguring input devices. changes=0x00000004
07-31 15:00:06.994: I/InputReader(532): Device reconfigured: id=6, name='elan-touchscreen', size 1200x1920, orientation 0, mode 1, display id 0
07-31 15:00:06.994: I/ActivityManager(532): Config changes=1480 {1.0 310mcc?mnc en_US ldltr sw600dp w600dp h887dp 320dpi lrg port finger -keyb/v/h -nav/h s.44}
07-31 15:00:07.034: D/audio_hw_primary(179): adev_set_parameters: enter: rotation=0
07-31 15:00:07.034: D/audio_hw_primary(179): adev_set_parameters: exit with code(0)
07-31 15:00:07.104: D/PhoneStatusBar(692): mSettingsPanelGravity = 8388661
07-31 15:00:07.104: I/WindowManager(532): Screen frozen for +183ms due to Window{41ee88e0 u0 NavigationBar}
07-31 15:00:08.506: D/Module(3013): Loading module: ui/common/baseui/image_view_file -> Resources/ui/common/baseui/image_view_file.js
07-31 15:00:08.516: D/audio_hw_primary(179): start_output_stream: enter: usecase(1: low-latency-playback) devices(0x2)
07-31 15:00:08.516: D/audio_hw_primary(179): select_devices: out_snd_device(2: speaker) in_snd_device(0: none)
07-31 15:00:08.516: D/audio_hw_primary(179): enable_snd_device: sending audio calibration for snd_device(2) acdb_id(14)
07-31 15:00:08.516: D/ACDB-LOADER(179): ACDB -> send_afe_cal
07-31 15:00:08.516: D/audio_hw_primary(179): enable_snd_device: snd_device(2: speaker)
07-31 15:00:08.526: D/audio_hw_primary(179): enable_audio_route: apply mixer path: low-latency-playback
07-31 15:00:08.526: I/ActivityManager(532): START u0 {cmp=com.appcelerator.kitchensink/org.appcelerator.titanium.TiActivity (has extras)} from pid 3013
07-31 15:00:08.536: D/audio_hw_primary(179): start_output_stream: exit
07-31 15:00:08.576: D/dalvikvm(532): GC_FOR_ALLOC freed 675K, 18% free 23356K/28384K, paused 46ms, total 46ms
07-31 15:00:08.626: D/dalvikvm(532): GC_FOR_ALLOC freed 1125K, 20% free 22783K/28384K, paused 44ms, total 44ms
07-31 15:00:08.656: I/System.out(3013): before org.appcelerator.titanium.TiActivity@42639bc8_onCreate()
07-31 15:00:08.656: D/TouchTestDriver(3013): 15:00:08,670 [main] Activity org.appcelerator.titanium.TiActivity@42639bc8 launched without a URI.
07-31 15:00:08.656: I/System.out(3013): before org.appcelerator.titanium.TiActivity@42639bc8_onCreate()
07-31 15:00:08.656: D/TouchTestDriver(3013): 15:00:08,671 [main] Activity org.appcelerator.titanium.TiActivity@42639bc8 launched without a URI.
07-31 15:00:08.726: D/dalvikvm(3013): GC_FOR_ALLOC freed 2329K, 15% free 16550K/19284K, paused 63ms, total 63ms
07-31 15:00:08.796: D/dalvikvm(3013): GC_FOR_ALLOC freed 120K, 15% free 16508K/19284K, paused 65ms, total 65ms
07-31 15:00:08.856: D/dalvikvm(3013): GC_FOR_ALLOC freed 73K, 15% free 16511K/19284K, paused 55ms, total 55ms
07-31 15:00:08.916: D/dalvikvm(3013): GC_FOR_ALLOC freed 64K, 15% free 16523K/19284K, paused 54ms, total 54ms
07-31 15:00:08.976: D/dalvikvm(3013): GC_FOR_ALLOC freed 67K, 15% free 16532K/19284K, paused 53ms, total 53ms
07-31 15:00:09.026: D/dalvikvm(3013): GC_FOR_ALLOC freed 67K, 15% free 16541K/19284K, paused 53ms, total 53ms
07-31 15:00:09.036: D/Window(3013): Checkpoint: postWindowCreated()
07-31 15:00:09.136: I/System.out(3013): after org.appcelerator.titanium.TiActivity@42639bc8_onCreate()
07-31 15:00:09.136: D/TouchTestDriver(3013): 15:00:09,152 [main] Discovered org.appcelerator.titanium.TiActivity@42639bc8 in com.appcelerator.kitchensink
07-31 15:00:09.136: D/TouchTestDriver(3013): 15:00:09,152 [main] startSession(org.appcelerator.titanium.TiActivity@42639bc8)
07-31 15:00:09.136: D/TouchTestDriver(3013): 15:00:09,152 [main] ====> stack.push:org.appcelerator.titanium.TiActivity@42639bc8
07-31 15:00:09.136: D/TouchTestDriver(3013): 15:00:09,153 [main] URL is missing. Assuming activity was not launched by TouchTest Agent.
07-31 15:00:09.136: I/System.out(3013): after org.appcelerator.titanium.TiActivity@42639bc8_onCreate()
07-31 15:00:09.136: D/TouchTestDriver(3013): 15:00:09,153 [main] Discovered org.appcelerator.titanium.TiActivity@42639bc8 in com.appcelerator.kitchensink
07-31 15:00:09.136: D/TouchTestDriver(3013): 15:00:09,153 [main] startSession(org.appcelerator.titanium.TiActivity@42639bc8)
07-31 15:00:09.196: D/TouchTestDriver(3013): 15:00:09,211 [main] startSession(org.appcelerator.titanium.TiActivity@42639bc8)
07-31 15:00:09.246: I/ActivityManager(532): Displayed com.appcelerator.kitchensink/org.appcelerator.titanium.TiActivity: +594ms
07-31 15:00:11.188: D/dalvikvm(532): GC_EXPLICIT freed 577K, 20% free 22793K/28384K, paused 3ms+5ms, total 81ms
07-31 15:00:11.689: D/audio_hw_primary(179): out_standby: enter: usecase(1: low-latency-playback)
07-31 15:00:11.739: D/audio_hw_primary(179): stop_output_stream: enter: usecase(1: low-latency-playback)
07-31 15:00:11.739: D/audio_hw_primary(179): disable_audio_route: reset mixer path: low-latency-playback
07-31 15:00:11.739: D/audio_hw_primary(179): disable_snd_device: snd_device(2: speaker)
07-31 15:00:11.749: D/audio_hw_primary(179): stop_output_stream: exit: status(0)
07-31 15:00:11.749: D/audio_hw_primary(179): out_standby: exit
07-31 15:00:21.648: D/audio_hw_primary(179): start_output_stream: enter: usecase(1: low-latency-playback) devices(0x2)
07-31 15:00:21.648: D/audio_hw_primary(179): select_devices: out_snd_device(2: speaker) in_snd_device(0: none)
07-31 15:00:21.648: D/audio_hw_primary(179): enable_snd_device: sending audio calibration for snd_device(2) acdb_id(14)
07-31 15:00:21.648: D/ACDB-LOADER(179): ACDB -> send_afe_cal
07-31 15:00:21.648: D/audio_hw_primary(179): enable_snd_device: snd_device(2: speaker)
07-31 15:00:21.658: D/audio_hw_primary(179): enable_audio_route: apply mixer path: low-latency-playback
07-31 15:00:21.668: D/audio_hw_primary(179): start_output_stream: exit
07-31 15:00:27.014: D/TouchTestDriver(3013): 15:00:27,024 [main] startSession(org.appcelerator.titanium.TiActivity@42639bc8)
07-31 15:00:27.024: W/InputMethodManagerService(532): Window already focused, ignoring focus gain of: com.android.internal.view.IInputMethodClient$Stub$Proxy@42303d08 attribute=null, token = android.os.BinderProxy@4225fce8
07-31 15:00:29.156: I/MusicSyncAdapter(1553): Sync failed due to soft error.
07-31 15:00:29.166: D/SyncManager(532): failed sync operation appcel123@gmail.com u0 (com.google), com.google.android.music.MusicContent, SERVER, earliestRunTime 18864158, reason: IsSyncable, SyncResult: stats [ numIoExceptions: 1]
07-31 15:00:29.286: I/MusicLeanback(1553): Conditions not met for autocaching.
07-31 15:00:29.286: I/MusicLeanback(1553): Stop autocaching.
07-31 15:00:29.286: W/ArtDownloadService(1553): Setting cache size -1
07-31 15:00:29.286: W/ArtDownloadService(1553): Setting cache size 11110962
07-31 15:00:29.306: D/dalvikvm(1553): GC_CONCURRENT freed 440K, 6% free 9581K/10124K, paused 2ms+1ms, total 15ms
07-31 15:00:29.806: I/GTalkService/c(884): [AndroidEndpoint@1105756568] connect: acct=1000000, state=CONNECTING
07-31 15:00:30.027: D/audio_hw_primary(179): out_standby: enter: usecase(1: low-latency-playback)
07-31 15:00:30.067: D/audio_hw_primary(179): stop_output_stream: enter: usecase(1: low-latency-playback)
07-31 15:00:30.067: D/audio_hw_primary(179): disable_audio_route: reset mixer path: low-latency-playback
07-31 15:00:30.067: D/audio_hw_primary(179): disable_snd_device: snd_device(2: speaker)
07-31 15:00:30.077: D/audio_hw_primary(179): stop_output_stream: exit: status(0)
07-31 15:00:30.077: D/audio_hw_primary(179): out_standby: exit
07-31 15:00:35.902: D/audio_hw_primary(179): start_output_stream: enter: usecase(1: low-latency-playback) devices(0x2)
07-31 15:00:35.902: D/audio_hw_primary(179): select_devices: out_snd_device(2: speaker) in_snd_device(0: none)
07-31 15:00:35.902: D/audio_hw_primary(179): enable_snd_device: sending audio calibration for snd_device(2) acdb_id(14)
07-31 15:00:35.902: D/ACDB-LOADER(179): ACDB -> send_afe_cal
07-31 15:00:35.902: D/audio_hw_primary(179): enable_snd_device: snd_device(2: speaker)
07-31 15:00:35.902: D/audio_hw_primary(179): enable_audio_route: apply mixer path: low-latency-playback
07-31 15:00:35.912: D/audio_hw_primary(179): start_output_stream: exit
07-31 15:00:38.665: I/TiAnalyticsSvc(3013): (Thread-277) [166589,2721528] Analytics Service Started
07-31 15:00:39.946: D/audio_hw_primary(179): out_standby: enter: usecase(1: low-latency-playback)
07-31 15:00:40.006: D/audio_hw_primary(179): stop_output_stream: enter: usecase(1: low-latency-playback)
07-31 15:00:40.006: D/audio_hw_primary(179): disable_audio_route: reset mixer path: low-latency-playback
07-31 15:00:40.006: D/audio_hw_primary(179): disable_snd_device: snd_device(2: speaker)
07-31 15:00:40.016: D/audio_hw_primary(179): stop_output_stream: exit: status(0)
07-31 15:00:40.016: D/audio_hw_primary(179): out_standby: exit
07-31 15:00:43.800: E/TiAnalyticsSvc(3013): (Thread-277) [5142,2726670] Error posting events: Connect to /23.23.227.162:443 timed out
07-31 15:00:43.800: E/TiAnalyticsSvc(3013): org.apache.http.conn.ConnectTimeoutException: Connect to /23.23.227.162:443 timed out
07-31 15:00:43.800: E/TiAnalyticsSvc(3013): at org.apache.http.conn.scheme.PlainSocketFactory.connectSocket(PlainSocketFactory.java:121)
07-31 15:00:43.800: E/TiAnalyticsSvc(3013): at org.apache.http.impl.conn.DefaultClientConnectionOperator.openConnection(DefaultClientConnectionOperator.java:144)
07-31 15:00:43.800: E/TiAnalyticsSvc(3013): at org.apache.http.impl.conn.AbstractPoolEntry.open(AbstractPoolEntry.java:164)
07-31 15:00:43.800: E/TiAnalyticsSvc(3013): at org.apache.http.impl.conn.AbstractPooledConnAdapter.open(AbstractPooledConnAdapter.java:119)
07-31 15:00:43.800: E/TiAnalyticsSvc(3013): at org.apache.http.impl.client.DefaultRequestDirector.execute(DefaultRequestDirector.java:360)
07-31 15:00:43.800: E/TiAnalyticsSvc(3013): at org.apache.http.impl.client.AbstractHttpClient.execute(AbstractHttpClient.java:555)
07-31 15:00:43.800: E/TiAnalyticsSvc(3013): at org.apache.http.impl.client.AbstractHttpClient.execute(AbstractHttpClient.java:653)
07-31 15:00:43.800: E/TiAnalyticsSvc(3013): at org.apache.http.impl.client.AbstractHttpClient.execute(AbstractHttpClient.java:627)
07-31 15:00:43.800: E/TiAnalyticsSvc(3013): at org.apache.http.impl.client.AbstractHttpClient.execute(AbstractHttpClient.java:616)
07-31 15:00:43.800: E/TiAnalyticsSvc(3013): at org.appcelerator.titanium.analytics.TiAnalyticsService$1.run(TiAnalyticsService.java:143)
07-31 15:00:43.800: E/TiAnalyticsSvc(3013): at java.lang.Thread.run(Thread.java:841)
07-31 15:00:43.800: I/TiAnalyticsSvc(3013): (Thread-277) [4,2726674] Stopping Analytics Service
07-31 15:00:47.013: D/audio_hw_primary(179): start_output_stream: enter: usecase(1: low-latency-playback) devices(0x2)
07-31 15:00:47.013: D/audio_hw_primary(179): select_devices: out_snd_device(2: speaker) in_snd_device(0: none)
07-31 15:00:47.013: D/audio_hw_primary(179): enable_snd_device: sending audio calibration for snd_device(2) acdb_id(14)
07-31 15:00:47.013: D/ACDB-LOADER(179): ACDB -> send_afe_cal
07-31 15:00:47.013: D/audio_hw_primary(179): enable_snd_device: snd_device(2: speaker)
07-31 15:00:47.023: D/audio_hw_primary(179): enable_audio_route: apply mixer path: low-latency-playback
07-31 15:00:47.033: D/audio_hw_primary(179): start_output_stream: exit
07-31 15:00:51.888: D/audio_hw_primary(179): out_standby: enter: usecase(1: low-latency-playback)
07-31 15:00:51.938: D/audio_hw_primary(179): stop_output_stream: enter: usecase(1: low-latency-playback)
07-31 15:00:51.938: D/audio_hw_primary(179): disable_audio_route: reset mixer path: low-latency-playback
07-31 15:00:51.938: D/audio_hw_primary(179): disable_snd_device: snd_device(2: speaker)
07-31 15:00:51.938: D/audio_hw_primary(179): stop_output_stream: exit: status(0)
07-31 15:00:51.938: D/audio_hw_primary(179): out_standby: exit
07-31 15:00:54.350: I/InputReader(532): Reconfiguring input devices. changes=0x00000004
07-31 15:00:54.350: I/InputReader(532): Device reconfigured: id=6, name='elan-touchscreen', size 1200x1920, orientation 3, mode 1, display id 0
07-31 15:00:54.350: I/InputReader(532): Reconfiguring input devices. changes=0x00000004
07-31 15:00:54.350: I/InputReader(532): Device reconfigured: id=6, name='elan-touchscreen', size 1200x1920, orientation 3, mode 1, display id 0
07-31 15:00:54.350: I/ActivityManager(532): Config changes=1480 {1.0 310mcc?mnc en_US ldltr sw600dp w960dp h527dp 320dpi lrg land finger -keyb/v/h -nav/h s.45}
07-31 15:00:54.410: D/audio_hw_primary(179): adev_set_parameters: enter: rotation=270
07-31 15:00:54.410: D/audio_hw_primary(179): adev_set_parameters: exit with code(0)
07-31 15:00:54.470: D/PhoneStatusBar(692): mSettingsPanelGravity = 8388661
07-31 15:00:54.480: I/WindowManager(532): Screen frozen for +202ms due to Window{41ee88e0 u0 NavigationBar}
07-31 15:00:56.372: I/ActivityManager(532): Config changes=1480 {1.0 310mcc?mnc en_US ldltr sw600dp w600dp h887dp 320dpi lrg port finger -keyb/v/h -nav/h s.46}
07-31 15:00:56.402: I/InputReader(532): Reconfiguring input devices. changes=0x00000004
07-31 15:00:56.402: I/InputReader(532): Device reconfigured: id=6, name='elan-touchscreen', size 1200x1920, orientation 0, mode 1, display id 0
07-31 15:00:56.402: I/InputReader(532): Reconfiguring input devices. changes=0x00000004
07-31 15:00:56.402: I/InputReader(532): Device reconfigured: id=6, name='elan-touchscreen', size 1200x1920, orientation 0, mode 1, display id 0
07-31 15:00:56.442: D/audio_hw_primary(179): adev_set_parameters: enter: rotation=0
07-31 15:00:56.442: D/audio_hw_primary(179): adev_set_parameters: exit with code(0)
07-31 15:00:56.502: D/PhoneStatusBar(692): mSettingsPanelGravity = 8388661
07-31 15:00:56.512: I/WindowManager(532): Screen frozen for +193ms due to Window{41ee88e0 u0 NavigationBar}
07-31 15:00:58.624: D/dalvikvm(532): GC_EXPLICIT freed 229K, 20% free 22830K/28384K, paused 3ms+6ms, total 111ms
07-31 15:01:08.554: D/audio_hw_primary(179): start_output_stream: enter: usecase(1: low-latency-playback) devices(0x2)
07-31 15:01:08.554: D/audio_hw_primary(179): select_devices: out_snd_device(2: speaker) in_snd_device(0: none)
07-31 15:01:08.554: D/audio_hw_primary(179): enable_snd_device: sending audio calibration for snd_device(2) acdb_id(14)
07-31 15:01:08.554: D/ACDB-LOADER(179): ACDB -> send_afe_cal
07-31 15:01:08.554: D/audio_hw_primary(179): enable_snd_device: snd_device(2: speaker)
07-31 15:01:08.564: D/audio_hw_primary(179): enable_audio_route: apply mixer path: low-latency-playback
07-31 15:01:08.574: D/audio_hw_primary(179): start_output_stream: exit
07-31 15:01:08.574: D/TouchTestDriver(3013): 15:01:08,576 [main] Built: {"action":"back","locator":""}
07-31 15:01:08.574: D/TouchTestDriver(3013): 15:01:08,576 [main] Recorded action: [action:backstringValue:{"action":"back","locator":""}]
07-31 15:01:08.574: D/TouchTestDriver(3013): 15:01:08,576 [main] addRecordedAction() called while recording is not enabled!
07-31 15:01:08.574: D/TouchTestDriver(3013): 15:01:08,582 [main] startSession(org.appcelerator.titanium.TiActivity@42639bc8)
07-31 15:01:08.574: W/InputMethodManagerService(532): Window already focused, ignoring focus gain of: com.android.internal.view.IInputMethodClient$Stub$Proxy@422f5f60 attribute=null, token = android.os.BinderProxy@4225fce8
07-31 15:01:11.427: V/DeadZone(692): consuming errant click: (332.14285,20.571411)
07-31 15:01:11.717: D/audio_hw_primary(179): out_standby: enter: usecase(1: low-latency-playback)
07-31 15:01:11.757: D/audio_hw_primary(179): stop_output_stream: enter: usecase(1: low-latency-playback)
07-31 15:01:11.757: D/audio_hw_primary(179): disable_audio_route: reset mixer path: low-latency-playback
07-31 15:01:11.757: D/audio_hw_primary(179): disable_snd_device: snd_device(2: speaker)
07-31 15:01:11.757: D/audio_hw_primary(179): stop_output_stream: exit: status(0)
07-31 15:01:11.757: D/audio_hw_primary(179): out_standby: exit
07-31 15:01:11.837: I/wpa_supplicant(675): wlan0: CTRL-EVENT-DISCONNECTED bssid=c0:62:6b:66:cd:da reason=1
07-31 15:01:11.837: D/Tethering(532): InitialState.processMessage what=4
07-31 15:01:11.837: D/Tethering(532): sendTetherStateChangedBroadcast 0, 0, 0
07-31 15:01:11.837: D/CommandListener(174): Clearing all IP addresses on wlan0
07-31 15:01:11.847: D/ConnectivityService(532): ConnectivityChange for WIFI: DISCONNECTED/DISCONNECTED
07-31 15:01:11.847: D/ConnectivityService(532): Attempting to switch to BLUETOOTH_TETHER
07-31 15:01:11.847: D/ConnectivityService(532): Attempting to switch to ETHERNET
07-31 15:01:11.857: D/NetUtils(532): android_net_utils_resetConnections in env=0x753f1e18 clazz=0x95300001 iface=wlan0 mask=0x3
07-31 15:01:11.857: D/ConnectivityService(532): resetConnections(wlan0, 3)
07-31 15:01:11.877: E/GTalkService(884): connectionClosed: no XMPPConnection - That's strange!
07-31 15:01:11.887: E/CheckinTask(884): Checkin failed: https://android.clients.google.com/checkin (request #0): org.apache.http.conn.HttpHostConnectException: Connection to https://android.clients.google.com refused
07-31 15:01:11.887: E/PlayEventLogger(1553): Error when executing upload request: Connect to /74.125.29.95:443 timed out
07-31 15:01:11.887: E/PlayEventLogger(1553): org.apache.http.conn.ConnectTimeoutException: Connect to /74.125.29.95:443 timed out
07-31 15:01:11.887: E/PlayEventLogger(1553): at org.apache.http.conn.scheme.PlainSocketFactory.connectSocket(PlainSocketFactory.java:121)
07-31 15:01:11.887: E/PlayEventLogger(1553): at org.apache.http.impl.conn.DefaultClientConnectionOperator.openConnection(DefaultClientConnectionOperator.java:144)
07-31 15:01:11.887: E/PlayEventLogger(1553): at org.apache.http.impl.conn.AbstractPoolEntry.open(AbstractPoolEntry.java:164)
07-31 15:01:11.887: E/PlayEventLogger(1553): at org.apache.http.impl.conn.AbstractPooledConnAdapter.open(AbstractPooledConnAdapter.java:119)
07-31 15:01:11.887: E/PlayEventLogger(1553): at org.apache.http.impl.client.DefaultRequestDirector.execute(DefaultRequestDirector.java:360)
07-31 15:01:11.887: E/PlayEventLogger(1553): at org.apache.http.impl.client.AbstractHttpClient.execute(AbstractHttpClient.java:555)
07-31 15:01:11.887: E/PlayEventLogger(1553): at org.apache.http.impl.client.AbstractHttpClient.execute(AbstractHttpClient.java:487)
07-31 15:01:11.887: E/PlayEventLogger(1553): at android.net.http.AndroidHttpClient.execute(AndroidHttpClient.java:257)
07-31 15:01:11.887: E/PlayEventLogger(1553): at com.google.android.common.http.GoogleHttpClient.executeWithoutRewriting(GoogleHttpClient.java:202)
07-31 15:01:11.887: E/PlayEventLogger(1553): at com.google.android.common.http.GoogleHttpClient.execute(GoogleHttpClient.java:259)
07-31 15:01:11.887: E/PlayEventLogger(1553): at com.google.android.common.http.GoogleHttpClient.execute(GoogleHttpClient.java:312)
07-31 15:01:11.887: E/PlayEventLogger(1553): at com.google.android.play.analytics.EventLogger.uploadLog(EventLogger.java:496)
07-31 15:01:11.887: E/PlayEventLogger(1553): at com.google.android.play.analytics.EventLogger.uploadEventsImpl(EventLogger.java:444)
07-31 15:01:11.887: E/PlayEventLogger(1553): at com.google.android.play.analytics.EventLogger.dispatchMessage(EventLogger.java:354)
07-31 15:01:11.887: E/PlayEventLogger(1553): at android.os.Looper.loop(Looper.java:137)
07-31 15:01:11.887: E/PlayEventLogger(1553): at android.os.HandlerThread.run(HandlerThread.java:61)
07-31 15:01:11.897: W/GDataClient(884): Unable to execute HTTP request.org.apache.http.conn.HttpHostConnectException: Connection to https://android.clients.google.com refused
07-31 15:01:11.907: D/SyncManager(532): failed sync operation appcel123@gmail.com u0 (com.google), subscribedfeeds, LOCAL, earliestRunTime 18709142, reason: 10021, SyncResult: stats [ numIoExceptions: 1]
07-31 15:01:11.937: D/Nat464Xlat(532): requiresClat: netType=1, hasIPv4Address=false
07-31 15:01:11.937: D/ConnectivityService(532): handleInetConditionChange: no active default network - ignore
07-31 15:01:12.678: I/wpa_supplicant(675): wlan0: Trying to associate with SSID 'ITOS-DEV'
07-31 15:01:12.728: I/wpa_supplicant(675): wlan0: Associated with c0:62:6b:66:cf:fa
07-31 15:01:12.728: I/wpa_supplicant(675): wlan0: CTRL-EVENT-CONNECTED - Connection to c0:62:6b:66:cf:fa completed (auth) [id=3 id_str=]
07-31 15:01:12.738: D/Tethering(532): sendTetherStateChangedBroadcast 1, 0, 0
07-31 15:01:13.369: D/ConnectivityService(532): Captive portal check NetworkInfo: type: WIFI[], state: CONNECTING/CAPTIVE_PORTAL_CHECK, reason: (unspecified), extra: "ITOS-DEV", roaming: false, failover: false, isAvailable: true
07-31 15:01:13.379: D/ConnectivityService(532): ConnectivityChange for WIFI: CONNECTED/CONNECTED
07-31 15:01:13.389: D/Nat464Xlat(532): requiresClat: netType=1, hasIPv4Address=true
07-31 15:01:13.409: I/CheckinService(884): Preparing to send checkin request
07-31 15:01:13.409: I/EventLogService(884): Accumulating logs since 1375307752275
07-31 15:01:13.469: I/Adreno200-EGL(884): : EGL 1.4 QUALCOMM Build: Iabe52cfaeae4c5fab1acacfe6f056ba15fa93274
07-31 15:01:13.629: D/dalvikvm(884): GC_CONCURRENT freed 616K, 9% free 9607K/10504K, paused 2ms+2ms, total 18ms
07-31 15:01:14.089: D/dalvikvm(884): GC_CONCURRENT freed 329K, 7% free 9776K/10504K, paused 1ms+2ms, total 13ms
07-31 15:01:14.089: D/dalvikvm(884): WAIT_FOR_CONCURRENT_GC blocked 9ms
07-31 15:01:14.100: D/dalvikvm(884): GC_FOR_ALLOC freed 43K, 6% free 9894K/10504K, paused 12ms, total 12ms
07-31 15:01:14.100: I/dalvikvm-heap(884): Grow heap (frag case) to 9.824MB for 82220-byte allocation
07-31 15:01:14.110: D/dalvikvm(884): GC_FOR_ALLOC freed <1K, 6% free 9974K/10588K, paused 13ms, total 13ms
07-31 15:01:14.130: D/dalvikvm(884): GC_FOR_ALLOC freed 40K, 7% free 9934K/10588K, paused 12ms, total 12ms
07-31 15:01:14.150: D/dalvikvm(884): GC_FOR_ALLOC freed 412K, 8% free 9748K/10588K, paused 12ms, total 12ms
07-31 15:01:14.180: D/dalvikvm(884): GC_FOR_ALLOC freed 168K, 8% free 9821K/10588K, paused 12ms, total 12ms
07-31 15:01:14.190: I/CheckinTask(884): Sending checkin request (27118 bytes)
07-31 15:01:14.380: D/ConnectivityService(532): NetTransition Wakelock for ConnectedState released by timeout
07-31 15:01:14.940: D/Tethering(532): MasterInitialState.processMessage what=3
07-31 15:01:14.950: V/BackupManagerService(532): Scheduling immediate backup pass
07-31 15:01:14.960: V/BackupManagerService(532): Running a backup pass
07-31 15:01:14.980: V/BackupManagerService(532): clearing pending backups
07-31 15:01:14.990: I/GTalkService/c(884): [AndroidEndpoint@1105756568] connect: acct=1000000, state=CONNECTING
07-31 15:01:14.990: V/PerformBackupTask(532): Beginning backup of 12 targets
07-31 15:01:15.030: E/(532): W/virtual loc_api_adapter_err LocApiAdapter::enableData(int): default implementation invoked
07-31 15:01:15.030: E/(532): W/virtual loc_api_adapter_err LocApiAdapter::setAPN(char*, int): default implementation invoked
07-31 15:01:15.030: I/PerformBackupTask(532): Initializing (wiping) backup state and transport storage
07-31 15:01:15.040: V/BackupManagerService(532): Ancestral packages: 10
07-31 15:01:15.050: D/BackupManagerService(532): Now staging backup of android
07-31 15:01:15.060: D/GCM(884): GcmService start Intent { act=android.net.conn.CONNECTIVITY_CHANGE flg=0x8000010 cmp=com.google.android.gms/.gcm.GcmService (has extras) } android.net.conn.CONNECTIVITY_CHANGE
07-31 15:01:15.060: D/BackupManagerService(532): Now staging backup of com.android.providers.settings
07-31 15:01:15.070: D/BackupManagerService(532): Now staging backup of com.android.nfc
07-31 15:01:15.070: D/BackupManagerService(532): Now staging backup of com.android.providers.userdictionary
07-31 15:01:15.070: D/BackupManagerService(532): Now staging backup of com.google.android.calendar
07-31 15:01:15.080: D/BackupManagerService(532): Now staging backup of com.google.android.gallery3d
07-31 15:01:15.080: D/BackupManagerService(532): Now staging backup of com.google.android.gm
07-31 15:01:15.080: D/BackupManagerService(532): Now staging backup of com.google.android.talk
07-31 15:01:15.090: D/BackupManagerService(532): Now staging backup of com.google.android.inputmethod.latin
07-31 15:01:15.090: D/BackupManagerService(532): Now staging backup of com.android.vending
07-31 15:01:15.090: D/BackupManagerService(532): Now staging backup of com.android.sharedstoragebackup
07-31 15:01:15.100: V/BackupServiceBinder(532): doBackup() invoked
07-31 15:01:15.100: D/BackupManagerService(532): Now staging backup of com.google.android.marvin.talkback
07-31 15:01:15.100: D/PerformBackupTask(532): invokeAgentForBackup on @pm@
07-31 15:01:15.100: I/PMBA(532): Previous metadata null mismatch vs 748593 - rewriting
07-31 15:01:15.110: W/BackupTransportService(532): Unknown package in backup request: @pm@
07-31 15:01:15.281: D/audio_hw_primary(179): start_output_stream: enter: usecase(1: low-latency-playback) devices(0x2)
07-31 15:01:15.281: D/audio_hw_primary(179): select_devices: out_snd_device(2: speaker) in_snd_device(0: none)
07-31 15:01:15.281: D/audio_hw_primary(179): enable_snd_device: sending audio calibration for snd_device(2) acdb_id(14)
07-31 15:01:15.281: D/ACDB-LOADER(179): ACDB -> send_afe_cal
07-31 15:01:15.281: D/audio_hw_primary(179): enable_snd_device: snd_device(2: speaker)
07-31 15:01:15.291: D/audio_hw_primary(179): enable_audio_route: apply mixer path: low-latency-playback
07-31 15:01:15.301: D/audio_hw_primary(179): start_output_stream: exit
07-31 15:01:15.341: D/dalvikvm(532): GC_FOR_ALLOC freed 2196K, 20% free 22893K/28384K, paused 65ms, total 65ms
07-31 15:01:15.431: D/TouchTestDriver(3013): 15:01:15,444 [main] startSession(org.appcelerator.titanium.TiActivity@42677288)
07-31 15:01:15.431: D/TouchTestDriver(3013): 15:01:15,445 [main] ====> stack.push:org.appcelerator.titanium.TiActivity@42677288
07-31 15:01:15.441: D/TouchTestDriver(3013): 15:01:15,445 [main] URL is missing. Assuming activity was not launched by TouchTest Agent.
07-31 15:01:15.781: D/Window(3013): Window is closed normally.
07-31 15:01:16.402: D/Tethering(532): MasterInitialState.processMessage what=3
07-31 15:01:16.402: V/BackupManagerService(532): Scheduling immediate backup pass
07-31 15:01:16.402: I/BackupManagerService(532): Backup time but one already running
07-31 15:01:16.432: E/(532): W/virtual loc_api_adapter_err LocApiAdapter::enableData(int): default implementation invoked
07-31 15:01:16.432: E/(532): W/virtual loc_api_adapter_err LocApiAdapter::setAPN(char*, int): default implementation invoked
07-31 15:01:16.452: D/GCM(884): GcmService start Intent { act=android.net.conn.CONNECTIVITY_CHANGE flg=0x8000010 cmp=com.google.android.gms/.gcm.GcmService (has extras) } android.net.conn.CONNECTIVITY_CHANGE
07-31 15:01:16.782: D/Module(3013): Loading module: ui/common/baseui/image_view_remote -> Resources/ui/common/baseui/image_view_remote.js
07-31 15:01:16.802: I/ActivityManager(532): START u0 {cmp=com.appcelerator.kitchensink/org.appcelerator.titanium.TiActivity (has extras)} from pid 3013
07-31 15:01:16.862: D/dalvikvm(532): GC_FOR_ALLOC freed 764K, 18% free 23406K/28384K, paused 47ms, total 47ms
07-31 15:01:16.912: D/dalvikvm(532): GC_FOR_ALLOC freed 1114K, 20% free 22845K/28384K, paused 45ms, total 45ms
07-31 15:01:16.962: I/System.out(3013): before org.appcelerator.titanium.TiActivity@426e6688_onCreate()
07-31 15:01:16.962: D/TouchTestDriver(3013): 15:01:16,967 [main] Activity org.appcelerator.titanium.TiActivity@426e6688 launched without a URI.
07-31 15:01:16.962: I/System.out(3013): before org.appcelerator.titanium.TiActivity@426e6688_onCreate()
07-31 15:01:16.962: D/TouchTestDriver(3013): 15:01:16,967 [main] Activity org.appcelerator.titanium.TiActivity@426e6688 launched without a URI.
07-31 15:01:16.972: D/skia(3013): --- SkImageDecoder::Factory returned null
07-31 15:01:16.982: D/Window(3013): Checkpoint: postWindowCreated()
07-31 15:01:16.992: I/System.out(3013): after org.appcelerator.titanium.TiActivity@426e6688_onCreate()
07-31 15:01:16.992: D/TouchTestDriver(3013): 15:01:17,002 [main] Discovered org.appcelerator.titanium.TiActivity@426e6688 in com.appcelerator.kitchensink
07-31 15:01:16.992: D/TouchTestDriver(3013): 15:01:17,002 [main] startSession(org.appcelerator.titanium.TiActivity@426e6688)
07-31 15:01:16.992: D/TouchTestDriver(3013): 15:01:17,002 [main] ====> stack.push:org.appcelerator.titanium.TiActivity@426e6688
07-31 15:01:16.992: D/TouchTestDriver(3013): 15:01:17,002 [main] URL is missing. Assuming activity was not launched by TouchTest Agent.
07-31 15:01:16.992: I/System.out(3013): after org.appcelerator.titanium.TiActivity@426e6688_onCreate()
07-31 15:01:16.992: D/TouchTestDriver(3013): 15:01:17,003 [main] Discovered org.appcelerator.titanium.TiActivity@426e6688 in com.appcelerator.kitchensink
07-31 15:01:16.992: D/TouchTestDriver(3013): 15:01:17,003 [main] startSession(org.appcelerator.titanium.TiActivity@426e6688)
07-31 15:01:17.042: D/TouchTestDriver(3013): 15:01:17,051 [main] startSession(org.appcelerator.titanium.TiActivity@426e6688)
07-31 15:01:17.092: I/ActivityManager(532): Displayed com.appcelerator.kitchensink/org.appcelerator.titanium.TiActivity: +153ms
07-31 15:01:17.313: D/dalvikvm(3013): GC_FOR_ALLOC freed 1184K, 14% free 16716K/19284K, paused 86ms, total 87ms
07-31 15:01:17.313: D/skia(3013): --- SkImageDecoder::Factory returned null
07-31 15:01:17.563: D/skia(3013): --- SkImageDecoder::Factory returned null
07-31 15:01:17.813: D/skia(3013): --- SkImageDecoder::Factory returned null
07-31 15:01:18.063: D/skia(3013): --- SkImageDecoder::Factory returned null
07-31 15:01:19.895: D/audio_hw_primary(179): out_standby: enter: usecase(1: low-latency-playback)
07-31 15:01:19.945: D/audio_hw_primary(179): stop_output_stream: enter: usecase(1: low-latency-playback)
07-31 15:01:19.945: D/audio_hw_primary(179): disable_audio_route: reset mixer path: low-latency-playback
07-31 15:01:19.945: D/audio_hw_primary(179): disable_snd_device: snd_device(2: speaker)
07-31 15:01:19.955: D/audio_hw_primary(179): stop_output_stream: exit: status(0)
07-31 15:01:19.955: D/audio_hw_primary(179): out_standby: exit
07-31 15:01:46.942: I/TiAnalyticsSvc(3013): (Thread-278) [63137,2789811] Analytics Service Started
07-31 15:01:47.642: D/audio_hw_primary(179): start_output_stream: enter: usecase(1: low-latency-playback) devices(0x2)
07-31 15:01:47.642: D/audio_hw_primary(179): select_devices: out_snd_device(2: speaker) in_snd_device(0: none)
07-31 15:01:47.642: D/audio_hw_primary(179): enable_snd_device: sending audio calibration for snd_device(2) acdb_id(14)
07-31 15:01:47.642: D/ACDB-LOADER(179): ACDB -> send_afe_cal
07-31 15:01:47.642: D/audio_hw_primary(179): enable_snd_device: snd_device(2: speaker)
07-31 15:01:47.652: D/audio_hw_primary(179): enable_audio_route: apply mixer path: low-latency-playback
07-31 15:01:47.662: D/audio_hw_primary(179): start_output_stream: exit
07-31 15:01:47.682: D/dalvikvm(532): GC_FOR_ALLOC freed 654K, 18% free 23412K/28384K, paused 46ms, total 46ms
07-31 15:01:47.742: D/dalvikvm(532): GC_FOR_ALLOC freed 1116K, 20% free 22849K/28384K, paused 50ms, total 51ms
07-31 15:01:47.902: D/TouchTestDriver(3013): 15:01:47,906 [main] startSession(org.appcelerator.titanium.TiActivity@42677288)
07-31 15:01:47.902: D/TouchTestDriver(3013): 15:01:47,906 [main] ====> stack.push:org.appcelerator.titanium.TiActivity@42677288
07-31 15:01:47.902: D/TouchTestDriver(3013): 15:01:47,906 [main] URL is missing. Assuming activity was not launched by TouchTest Agent.
07-31 15:01:48.243: D/Window(3013): Window is closed normally.
07-31 15:01:50.805: D/audio_hw_primary(179): out_standby: enter: usecase(1: low-latency-playback)
07-31 15:01:50.855: D/audio_hw_primary(179): stop_output_stream: enter: usecase(1: low-latency-playback)
07-31 15:01:50.855: D/audio_hw_primary(179): disable_audio_route: reset mixer path: low-latency-playback
07-31 15:01:50.855: D/audio_hw_primary(179): disable_snd_device: snd_device(2: speaker)
07-31 15:01:50.865: D/audio_hw_primary(179): stop_output_stream: exit: status(0)
07-31 15:01:50.865: D/audio_hw_primary(179): out_standby: exit
07-31 15:01:52.087: E/TiAnalyticsSvc(3013): (Thread-278) [5142,2794953] Error posting events: Connect to /23.23.227.162:443 timed out
07-31 15:01:52.087: E/TiAnalyticsSvc(3013): org.apache.http.conn.ConnectTimeoutException: Connect to /23.23.227.162:443 timed out
07-31 15:01:52.087: E/TiAnalyticsSvc(3013): at org.apache.http.conn.scheme.PlainSocketFactory.connectSocket(PlainSocketFactory.java:121)
