07-31 12:16:55.922: I/PowerManagerService(532): Going to sleep due to screen timeout...
07-31 12:16:56.522: I/WindowManager(532): No lock screen!
07-31 12:16:57.043: I/WindowManager(532): Screenshot Window{41f1b0e0 u0 com.appcelerator.kitchensink/org.appcelerator.titanium.TiTranslucentActivity} was all black! mSurfaceLayer=21030 minLayer=21005 maxLayer=21030
07-31 12:17:02.048: D/PhoneStatusBar(692): disable: < expand icons alerts ticker system_info back home RECENT* clock search
> 07-31 12:17:02.138: D/PhoneStatusBar(692): disable: < expand icons alerts ticker system_info BACK* HOME* RECENT CLOCK* search
> 07-31 12:17:14.450: I/PerformBackupTask(532): Backup pass finished.
07-31 12:17:29.775: D/ConnectivityService(532): handleInetConditionHoldEnd: net=1, condition=0, published condition=0
07-31 12:18:46.249: D/ConnectivityService(532): handleInetConditionHoldEnd: net=1, condition=0, published condition=0
07-31 12:20:15.927: D/ConnectivityService(532): handleInetConditionHoldEnd: net=1, condition=0, published condition=0
07-31 12:20:32.083: D/ConnectivityService(532): ConnectivityChange for WIFI: DISCONNECTED/DISCONNECTED
07-31 12:20:32.083: D/ConnectivityService(532): Attempting to switch to BLUETOOTH_TETHER
07-31 12:20:32.083: D/ConnectivityService(532): Attempting to switch to ETHERNET
07-31 12:20:32.103: D/ConnectivityService(532): resetConnections(wlan0, 3)
07-31 12:20:32.193: D/Nat464Xlat(532): requiresClat: netType=1, hasIPv4Address=false
07-31 12:20:33.674: D/ConnectivityService(532): Captive portal check NetworkInfo: type: WIFI[], state: CONNECTING/CAPTIVE_PORTAL_CHECK, reason: (unspecified), extra: "ITOS-DEV", roaming: false, failover: false, isAvailable: true
07-31 12:20:33.704: D/ConnectivityService(532): ConnectivityChange for WIFI: CONNECTED/CONNECTED
07-31 12:20:33.744: D/Nat464Xlat(532): requiresClat: netType=1, hasIPv4Address=true
07-31 12:20:34.695: D/ConnectivityService(532): NetTransition Wakelock for ConnectedState released by timeout
07-31 12:20:35.206: V/BackupManagerService(532): Scheduling immediate backup pass
07-31 12:20:35.256: V/BackupManagerService(532): Running a backup pass
07-31 12:20:35.256: V/BackupManagerService(532): clearing pending backups
07-31 12:20:35.256: V/PerformBackupTask(532): Beginning backup of 12 targets
07-31 12:20:35.256: I/PerformBackupTask(532): Initializing (wiping) backup state and transport storage
07-31 12:20:35.306: V/BackupManagerService(532): Ancestral packages: 10
07-31 12:20:35.326: D/BackupManagerService(532): Now staging backup of android
07-31 12:20:35.336: D/BackupManagerService(532): Now staging backup of com.android.providers.settings
07-31 12:20:35.346: D/BackupManagerService(532): Now staging backup of com.android.nfc
07-31 12:20:35.346: D/BackupManagerService(532): Now staging backup of com.android.providers.userdictionary
07-31 12:20:35.356: D/BackupManagerService(532): Now staging backup of com.google.android.calendar
07-31 12:20:35.356: D/BackupManagerService(532): Now staging backup of com.google.android.gallery3d
07-31 12:20:35.366: D/BackupManagerService(532): Now staging backup of com.google.android.gm
07-31 12:20:35.366: D/BackupManagerService(532): Now staging backup of com.google.android.talk
07-31 12:20:35.376: D/BackupManagerService(532): Now staging backup of com.google.android.inputmethod.latin
07-31 12:20:35.376: D/BackupManagerService(532): Now staging backup of com.android.vending
07-31 12:20:35.386: D/BackupManagerService(532): Now staging backup of com.android.sharedstoragebackup
07-31 12:20:35.386: D/BackupManagerService(532): Now staging backup of com.google.android.marvin.talkback
07-31 12:20:35.386: D/PerformBackupTask(532): invokeAgentForBackup on @pm@
07-31 12:20:35.396: I/PMBA(532): Previous metadata null mismatch vs 748593 - rewriting
07-31 12:20:36.787: V/BackupManagerService(532): Scheduling immediate backup pass
07-31 12:20:36.817: I/BackupManagerService(532): Backup time but one already running
07-31 12:21:35.605: I/PerformBackupTask(532): Backup pass finished.
07-31 12:21:41.530: D/ConnectivityService(532): handleInetConditionHoldEnd: net=1, condition=0, published condition=0
07-31 12:22:57.775: D/ConnectivityService(532): handleInetConditionHoldEnd: net=1, condition=0, published condition=0
07-31 12:24:27.052: D/ConnectivityService(532): handleInetConditionHoldEnd: net=1, condition=0, published condition=0
07-31 12:25:53.686: D/ConnectivityService(532): ConnectivityChange for WIFI: DISCONNECTED/DISCONNECTED
07-31 12:25:53.686: D/ConnectivityService(532): Attempting to switch to BLUETOOTH_TETHER
07-31 12:25:53.686: D/ConnectivityService(532): Attempting to switch to ETHERNET
07-31 12:25:53.706: D/ConnectivityService(532): resetConnections(wlan0, 3)
07-31 12:25:53.797: D/Nat464Xlat(532): requiresClat: netType=1, hasIPv4Address=false
07-31 12:25:53.797: D/ConnectivityService(532): handleInetConditionChange: no active default network - ignore
07-31 12:25:55.438: D/ConnectivityService(532): Captive portal check NetworkInfo: type: WIFI[], state: CONNECTING/CAPTIVE_PORTAL_CHECK, reason: (unspecified), extra: "ITOS-DEV", roaming: false, failover: false, isAvailable: true
07-31 12:25:55.458: D/ConnectivityService(532): ConnectivityChange for WIFI: CONNECTED/CONNECTED
07-31 12:25:55.488: D/Nat464Xlat(532): requiresClat: netType=1, hasIPv4Address=true
07-31 12:25:56.459: D/ConnectivityService(532): NetTransition Wakelock for ConnectedState released by timeout
07-31 12:25:56.819: V/BackupManagerService(532): Scheduling immediate backup pass
07-31 12:25:56.860: V/BackupManagerService(532): Running a backup pass
07-31 12:25:56.870: V/BackupManagerService(532): clearing pending backups
07-31 12:25:56.870: V/PerformBackupTask(532): Beginning backup of 12 targets
07-31 12:25:56.870: I/PerformBackupTask(532): Initializing (wiping) backup state and transport storage
07-31 12:25:56.930: V/BackupManagerService(532): Ancestral packages: 10
07-31 12:25:56.950: D/BackupManagerService(532): Now staging backup of android
07-31 12:25:56.960: D/BackupManagerService(532): Now staging backup of com.android.providers.settings
07-31 12:25:56.970: D/BackupManagerService(532): Now staging backup of com.android.nfc
07-31 12:25:56.970: D/BackupManagerService(532): Now staging backup of com.android.providers.userdictionary
07-31 12:25:56.980: D/BackupManagerService(532): Now staging backup of com.google.android.calendar
07-31 12:25:56.980: D/BackupManagerService(532): Now staging backup of com.google.android.gallery3d
07-31 12:25:56.990: D/BackupManagerService(532): Now staging backup of com.google.android.gm
07-31 12:25:56.990: D/BackupManagerService(532): Now staging backup of com.google.android.talk
07-31 12:25:57.000: D/BackupManagerService(532): Now staging backup of com.google.android.inputmethod.latin
07-31 12:25:57.000: D/BackupManagerService(532): Now staging backup of com.android.vending
07-31 12:25:57.000: D/BackupManagerService(532): Now staging backup of com.android.sharedstoragebackup
07-31 12:25:57.010: D/BackupManagerService(532): Now staging backup of com.google.android.marvin.talkback
07-31 12:25:57.010: D/PerformBackupTask(532): invokeAgentForBackup on @pm@
07-31 12:25:57.010: I/PMBA(532): Previous metadata null mismatch vs 748593 - rewriting
07-31 12:25:58.531: V/BackupManagerService(532): Scheduling immediate backup pass
07-31 12:25:58.561: I/BackupManagerService(532): Backup time but one already running
07-31 12:26:57.238: I/PerformBackupTask(532): Backup pass finished.
07-31 12:27:03.134: D/ConnectivityService(532): handleInetConditionHoldEnd: net=1, condition=0, published condition=0
07-31 12:28:16.816: D/ConnectivityService(532): handleInetConditionHoldEnd: net=1, condition=0, published condition=0
07-31 12:29:40.978: D/ConnectivityService(532): handleInetConditionHoldEnd: net=1, condition=0, published condition=0
07-31 12:31:15.070: D/ConnectivityService(532): ConnectivityChange for WIFI: DISCONNECTED/DISCONNECTED
07-31 12:31:15.070: D/ConnectivityService(532): Attempting to switch to BLUETOOTH_TETHER
07-31 12:31:15.070: D/ConnectivityService(532): Attempting to switch to ETHERNET
07-31 12:31:15.080: D/ConnectivityService(532): resetConnections(wlan0, 3)
07-31 12:31:15.210: D/Nat464Xlat(532): requiresClat: netType=1, hasIPv4Address=false
07-31 12:31:15.210: D/ConnectivityService(532): handleInetConditionChange: no active default network - ignore
07-31 12:31:16.762: D/ConnectivityService(532): Captive portal check NetworkInfo: type: WIFI[], state: CONNECTING/CAPTIVE_PORTAL_CHECK, reason: (unspecified), extra: "ITOS-DEV", roaming: false, failover: false, isAvailable: true
07-31 12:31:16.782: D/ConnectivityService(532): ConnectivityChange for WIFI: CONNECTED/CONNECTED
07-31 12:31:16.822: D/Nat464Xlat(532): requiresClat: netType=1, hasIPv4Address=true
07-31 12:31:17.783: D/ConnectivityService(532): NetTransition Wakelock for ConnectedState released by timeout
07-31 12:31:18.233: V/BackupManagerService(532): Scheduling immediate backup pass
07-31 12:31:18.273: V/BackupManagerService(532): Running a backup pass
07-31 12:31:18.273: V/BackupManagerService(532): clearing pending backups
07-31 12:31:18.273: V/PerformBackupTask(532): Beginning backup of 12 targets
07-31 12:31:18.273: I/PerformBackupTask(532): Initializing (wiping) backup state and transport storage
07-31 12:31:18.323: V/BackupManagerService(532): Ancestral packages: 10
07-31 12:31:18.343: D/BackupManagerService(532): Now staging backup of android
07-31 12:31:18.353: D/BackupManagerService(532): Now staging backup of com.android.providers.settings
07-31 12:31:18.363: D/BackupManagerService(532): Now staging backup of com.android.nfc
07-31 12:31:18.373: D/BackupManagerService(532): Now staging backup of com.android.providers.userdictionary
07-31 12:31:18.373: D/BackupManagerService(532): Now staging backup of com.google.android.calendar
07-31 12:31:18.383: D/BackupManagerService(532): Now staging backup of com.google.android.gallery3d
07-31 12:31:18.383: D/BackupManagerService(532): Now staging backup of com.google.android.gm
07-31 12:31:18.393: D/BackupManagerService(532): Now staging backup of com.google.android.talk
07-31 12:31:18.393: D/BackupManagerService(532): Now staging backup of com.google.android.inputmethod.latin
07-31 12:31:18.403: D/BackupManagerService(532): Now staging backup of com.android.vending
07-31 12:31:18.403: D/BackupManagerService(532): Now staging backup of com.android.sharedstoragebackup
07-31 12:31:18.403: D/BackupManagerService(532): Now staging backup of com.google.android.marvin.talkback
07-31 12:31:18.413: D/PerformBackupTask(532): invokeAgentForBackup on @pm@
07-31 12:31:18.413: I/PMBA(532): Previous metadata null mismatch vs 748593 - rewriting
07-31 12:31:19.855: V/BackupManagerService(532): Scheduling immediate backup pass
07-31 12:31:19.895: I/BackupManagerService(532): Backup time but one already running
07-31 12:32:18.662: I/PerformBackupTask(532): Backup pass finished.
07-31 12:32:24.648: D/ConnectivityService(532): handleInetConditionHoldEnd: net=1, condition=0, published condition=0
07-31 12:33:38.730: D/ConnectivityService(532): handleInetConditionHoldEnd: net=1, condition=0, published condition=0
07-31 12:34:28.318: I/ActivityManager(532): No longer want com.google.android.talk (pid 10066): empty for 1800s
07-31 12:35:03.693: D/ConnectivityService(532): handleInetConditionHoldEnd: net=1, condition=0, published condition=0
07-31 12:36:36.564: D/ConnectivityService(532): ConnectivityChange for WIFI: DISCONNECTED/DISCONNECTED
07-31 12:36:36.564: D/ConnectivityService(532): Attempting to switch to BLUETOOTH_TETHER
07-31 12:36:36.564: D/ConnectivityService(532): Attempting to switch to ETHERNET
07-31 12:36:36.584: D/ConnectivityService(532): resetConnections(wlan0, 3)
07-31 12:36:36.674: D/Nat464Xlat(532): requiresClat: netType=1, hasIPv4Address=false
07-31 12:36:36.674: D/ConnectivityService(532): handleInetConditionChange: no active default network - ignore
07-31 12:36:38.225: D/ConnectivityService(532): Captive portal check NetworkInfo: type: WIFI[], state: CONNECTING/CAPTIVE_PORTAL_CHECK, reason: (unspecified), extra: "ITOS-DEV", roaming: false, failover: false, isAvailable: true
07-31 12:36:38.245: D/ConnectivityService(532): ConnectivityChange for WIFI: CONNECTED/CONNECTED
07-31 12:36:38.285: D/Nat464Xlat(532): requiresClat: netType=1, hasIPv4Address=true
07-31 12:36:39.246: D/ConnectivityService(532): NetTransition Wakelock for ConnectedState released by timeout
07-31 12:36:39.687: V/BackupManagerService(532): Scheduling immediate backup pass
07-31 12:36:39.737: V/BackupManagerService(532): Running a backup pass
07-31 12:36:39.747: V/BackupManagerService(532): clearing pending backups
07-31 12:36:39.777: V/PerformBackupTask(532): Beginning backup of 12 targets
07-31 12:36:39.777: I/PerformBackupTask(532): Initializing (wiping) backup state and transport storage
07-31 12:36:39.807: V/BackupManagerService(532): Ancestral packages: 10
07-31 12:36:39.827: D/BackupManagerService(532): Now staging backup of android
07-31 12:36:39.837: D/BackupManagerService(532): Now staging backup of com.android.providers.settings
07-31 12:36:39.837: D/BackupManagerService(532): Now staging backup of com.android.nfc
07-31 12:36:39.847: D/BackupManagerService(532): Now staging backup of com.android.providers.userdictionary
07-31 12:36:39.847: D/BackupManagerService(532): Now staging backup of com.google.android.calendar
07-31 12:36:39.877: D/BackupManagerService(532): Now staging backup of com.google.android.gallery3d
07-31 12:36:39.877: D/BackupManagerService(532): Now staging backup of com.google.android.gm
07-31 12:36:39.887: D/BackupManagerService(532): Now staging backup of com.google.android.talk
07-31 12:36:39.887: D/BackupManagerService(532): Now staging backup of com.google.android.inputmethod.latin
07-31 12:36:39.897: D/BackupManagerService(532): Now staging backup of com.android.vending
07-31 12:36:39.897: D/BackupManagerService(532): Now staging backup of com.android.sharedstoragebackup
07-31 12:36:39.907: D/BackupManagerService(532): Now staging backup of com.google.android.marvin.talkback
07-31 12:36:39.907: D/PerformBackupTask(532): invokeAgentForBackup on @pm@
07-31 12:36:39.917: I/PMBA(532): Previous metadata null mismatch vs 748593 - rewriting
07-31 12:36:41.318: V/BackupManagerService(532): Scheduling immediate backup pass
07-31 12:36:41.368: I/BackupManagerService(532): Backup time but one already running
07-31 12:36:59.996: I/ActivityManager(532): No longer want com.android.chrome (pid 8248): empty for 1804s
07-31 12:37:40.126: I/PerformBackupTask(532): Backup pass finished.
07-31 12:37:46.091: D/ConnectivityService(532): handleInetConditionHoldEnd: net=1, condition=0, published condition=0
07-31 12:39:02.736: D/ConnectivityService(532): handleInetConditionHoldEnd: net=1, condition=0, published condition=0
07-31 12:40:32.974: D/ConnectivityService(532): handleInetConditionHoldEnd: net=1, condition=0, published condition=0
07-31 12:40:48.760: V/BackupManagerService(532): Running a backup pass
07-31 12:40:48.770: V/BackupManagerService(532): clearing pending backups
07-31 12:40:48.770: V/PerformBackupTask(532): Beginning backup of 12 targets
07-31 12:40:48.770: I/PerformBackupTask(532): Initializing (wiping) backup state and transport storage
07-31 12:40:48.860: V/BackupManagerService(532): Ancestral packages: 10
07-31 12:40:48.890: D/BackupManagerService(532): Now staging backup of android
07-31 12:40:48.890: D/BackupManagerService(532): Now staging backup of com.android.providers.settings
07-31 12:40:48.900: D/BackupManagerService(532): Now staging backup of com.android.nfc
07-31 12:40:48.900: D/BackupManagerService(532): Now staging backup of com.android.providers.userdictionary
07-31 12:40:48.900: D/BackupManagerService(532): Now staging backup of com.google.android.calendar
07-31 12:40:48.900: D/BackupManagerService(532): Now staging backup of com.google.android.gallery3d
07-31 12:40:48.910: D/BackupManagerService(532): Now staging backup of com.google.android.gm
07-31 12:40:48.910: D/BackupManagerService(532): Now staging backup of com.google.android.talk
07-31 12:40:48.910: D/BackupManagerService(532): Now staging backup of com.google.android.inputmethod.latin
07-31 12:40:48.920: D/BackupManagerService(532): Now staging backup of com.android.vending
07-31 12:40:48.920: D/BackupManagerService(532): Now staging backup of com.android.sharedstoragebackup
07-31 12:40:48.920: D/BackupManagerService(532): Now staging backup of com.google.android.marvin.talkback
07-31 12:40:48.930: D/PerformBackupTask(532): invokeAgentForBackup on @pm@
07-31 12:40:48.930: I/PMBA(532): Previous metadata null mismatch vs 748593 - rewriting
07-31 12:41:49.079: I/PerformBackupTask(532): Backup pass finished.
07-31 12:41:57.747: D/ConnectivityService(532): ConnectivityChange for WIFI: DISCONNECTED/DISCONNECTED
07-31 12:41:57.747: D/ConnectivityService(532): Attempting to switch to BLUETOOTH_TETHER
07-31 12:41:57.747: D/ConnectivityService(532): Attempting to switch to ETHERNET
07-31 12:41:57.757: D/ConnectivityService(532): resetConnections(wlan0, 3)
07-31 12:41:57.847: D/Nat464Xlat(532): requiresClat: netType=1, hasIPv4Address=false
07-31 12:41:57.847: D/ConnectivityService(532): handleInetConditionChange: no active default network - ignore
07-31 12:41:59.419: D/ConnectivityService(532): Captive portal check NetworkInfo: type: WIFI[], state: CONNECTING/CAPTIVE_PORTAL_CHECK, reason: (unspecified), extra: "ITOS-DEV", roaming: false, failover: false, isAvailable: true
07-31 12:41:59.429: D/ConnectivityService(532): ConnectivityChange for WIFI: CONNECTED/CONNECTED
07-31 12:41:59.469: D/Nat464Xlat(532): requiresClat: netType=1, hasIPv4Address=true
07-31 12:42:00.430: D/ConnectivityService(532): NetTransition Wakelock for ConnectedState released by timeout
07-31 12:43:07.215: D/ConnectivityService(532): handleInetConditionHoldEnd: net=1, condition=0, published condition=0
07-31 12:44:19.375: D/ConnectivityService(532): handleInetConditionHoldEnd: net=1, condition=0, published condition=0
07-31 12:44:38.524: I/EntropyMixer(532): Writing entropy...
07-31 12:45:40.334: D/ConnectivityService(532): handleInetConditionHoldEnd: net=1, condition=0, published condition=0
07-31 12:47:18.970: D/ConnectivityService(532): handleInetConditionHoldEnd: net=1, condition=0, published condition=0
07-31 12:47:19.251: D/ConnectivityService(532): ConnectivityChange for WIFI: DISCONNECTED/DISCONNECTED
07-31 12:47:19.251: D/ConnectivityService(532): Attempting to switch to BLUETOOTH_TETHER
07-31 12:47:19.251: D/ConnectivityService(532): Attempting to switch to ETHERNET
07-31 12:47:19.261: D/ConnectivityService(532): resetConnections(wlan0, 3)
07-31 12:47:19.351: D/Nat464Xlat(532): requiresClat: netType=1, hasIPv4Address=false
07-31 12:47:20.882: D/ConnectivityService(532): Captive portal check NetworkInfo: type: WIFI[], state: CONNECTING/CAPTIVE_PORTAL_CHECK, reason: (unspecified), extra: "ITOS-DEV", roaming: false, failover: false, isAvailable: true
07-31 12:47:20.882: D/ConnectivityService(532): ConnectivityChange for WIFI: CONNECTED/CONNECTED
07-31 12:47:20.922: D/Nat464Xlat(532): requiresClat: netType=1, hasIPv4Address=true
07-31 12:47:21.893: D/ConnectivityService(532): NetTransition Wakelock for ConnectedState released by timeout
07-31 12:47:22.374: V/BackupManagerService(532): Scheduling immediate backup pass
07-31 12:47:22.424: V/BackupManagerService(532): Running a backup pass
07-31 12:47:22.454: V/BackupManagerService(532): clearing pending backups
07-31 12:47:22.454: V/PerformBackupTask(532): Beginning backup of 12 targets
07-31 12:47:22.454: I/PerformBackupTask(532): Initializing (wiping) backup state and transport storage
07-31 12:47:22.474: V/BackupManagerService(532): Ancestral packages: 10
07-31 12:47:22.504: D/BackupManagerService(532): Now staging backup of android
07-31 12:47:22.514: D/BackupManagerService(532): Now staging backup of com.android.providers.settings
07-31 12:47:22.524: D/BackupManagerService(532): Now staging backup of com.android.nfc
07-31 12:47:22.524: D/BackupManagerService(532): Now staging backup of com.android.providers.userdictionary
07-31 12:47:22.534: D/BackupManagerService(532): Now staging backup of com.google.android.calendar
07-31 12:47:22.534: D/BackupManagerService(532): Now staging backup of com.google.android.gallery3d
07-31 12:47:22.544: D/BackupManagerService(532): Now staging backup of com.google.android.gm
07-31 12:47:22.544: D/BackupManagerService(532): Now staging backup of com.google.android.talk
07-31 12:47:22.554: D/BackupManagerService(532): Now staging backup of com.google.android.inputmethod.latin
07-31 12:47:22.554: D/BackupManagerService(532): Now staging backup of com.android.vending
07-31 12:47:22.554: D/BackupManagerService(532): Now staging backup of com.android.sharedstoragebackup
07-31 12:47:22.564: D/BackupManagerService(532): Now staging backup of com.google.android.marvin.talkback
07-31 12:47:22.564: D/PerformBackupTask(532): invokeAgentForBackup on @pm@
07-31 12:47:22.574: I/PMBA(532): Previous metadata null mismatch vs 748593 - rewriting
07-31 12:47:23.965: V/BackupManagerService(532): Scheduling immediate backup pass
07-31 12:47:23.995: I/BackupManagerService(532): Backup time but one already running
07-31 12:48:22.823: I/PerformBackupTask(532): Backup pass finished.
07-31 12:48:28.738: D/ConnectivityService(532): handleInetConditionHoldEnd: net=1, condition=0, published condition=0
07-31 12:49:44.973: D/ConnectivityService(532): handleInetConditionHoldEnd: net=1, condition=0, published condition=0
07-31 12:51:14.170: D/ConnectivityService(532): handleInetConditionHoldEnd: net=1, condition=0, published condition=0
07-31 12:52:40.754: D/ConnectivityService(532): ConnectivityChange for WIFI: DISCONNECTED/DISCONNECTED
07-31 12:52:40.754: D/ConnectivityService(532): Attempting to switch to BLUETOOTH_TETHER
07-31 12:52:40.754: D/ConnectivityService(532): Attempting to switch to ETHERNET
07-31 12:52:40.764: D/ConnectivityService(532): resetConnections(wlan0, 3)
07-31 12:52:40.854: D/Nat464Xlat(532): requiresClat: netType=1, hasIPv4Address=false
07-31 12:52:40.854: D/ConnectivityService(532): handleInetConditionChange: no active default network - ignore
07-31 12:52:42.326: D/ConnectivityService(532): Captive portal check NetworkInfo: type: WIFI[], state: CONNECTING/CAPTIVE_PORTAL_CHECK, reason: (unspecified), extra: "ITOS-DEV", roaming: false, failover: false, isAvailable: true
07-31 12:52:42.336: D/ConnectivityService(532): ConnectivityChange for WIFI: CONNECTED/CONNECTED
07-31 12:52:42.376: D/Nat464Xlat(532): requiresClat: netType=1, hasIPv4Address=true
07-31 12:52:43.347: D/ConnectivityService(532): NetTransition Wakelock for ConnectedState released by timeout
07-31 12:52:43.857: V/BackupManagerService(532): Scheduling immediate backup pass
07-31 12:52:43.907: V/BackupManagerService(532): Running a backup pass
07-31 12:52:43.937: V/BackupManagerService(532): clearing pending backups
07-31 12:52:43.937: V/PerformBackupTask(532): Beginning backup of 12 targets
07-31 12:52:43.937: I/PerformBackupTask(532): Initializing (wiping) backup state and transport storage
07-31 12:52:43.947: V/BackupManagerService(532): Ancestral packages: 10
07-31 12:52:43.977: D/BackupManagerService(532): Now staging backup of android
07-31 12:52:43.987: D/BackupManagerService(532): Now staging backup of com.android.providers.settings
07-31 12:52:43.987: D/BackupManagerService(532): Now staging backup of com.android.nfc
07-31 12:52:43.997: D/BackupManagerService(532): Now staging backup of com.android.providers.userdictionary
07-31 12:52:43.997: D/BackupManagerService(532): Now staging backup of com.google.android.calendar
07-31 12:52:44.007: D/BackupManagerService(532): Now staging backup of com.google.android.gallery3d
07-31 12:52:44.007: D/BackupManagerService(532): Now staging backup of com.google.android.gm
07-31 12:52:44.007: D/BackupManagerService(532): Now staging backup of com.google.android.talk
07-31 12:52:44.017: D/BackupManagerService(532): Now staging backup of com.google.android.inputmethod.latin
07-31 12:52:44.027: D/BackupManagerService(532): Now staging backup of com.android.vending
07-31 12:52:44.027: D/BackupManagerService(532): Now staging backup of com.android.sharedstoragebackup
07-31 12:52:44.037: D/BackupManagerService(532): Now staging backup of com.google.android.marvin.talkback
07-31 12:52:44.037: D/PerformBackupTask(532): invokeAgentForBackup on @pm@
07-31 12:52:44.047: I/PMBA(532): Previous metadata null mismatch vs 748593 - rewriting
07-31 12:52:45.419: V/BackupManagerService(532): Scheduling immediate backup pass
07-31 12:52:45.449: I/BackupManagerService(532): Backup time but one already running
07-31 12:53:44.246: I/PerformBackupTask(532): Backup pass finished.
07-31 12:53:50.252: D/ConnectivityService(532): handleInetConditionHoldEnd: net=1, condition=0, published condition=0
07-31 12:55:04.575: D/ConnectivityService(532): handleInetConditionHoldEnd: net=1, condition=0, published condition=0
07-31 12:55:36.866: I/PowerManagerService(532): Waking up from sleep...
07-31 12:55:36.876: I/EntropyMixer(532): Writing entropy...
07-31 12:55:36.886: W/PowerUI(692): unknown intent: Intent { act=android.intent.action.ACTION_POWER_CONNECTED flg=0x8000010 }
07-31 12:55:36.886: I/ActivityManager(532): Start proc com.android.chrome for broadcast com.android.chrome/org.chromium.base.PowerStatusReceiver: pid=12178 uid=10009 gids={50009, 1006, 3003, 1015, 1028}
07-31 12:55:36.936: I/WindowManager(532): Lock screen displayed!
07-31 12:55:44.153: D/PhoneStatusBar(692): disable: < expand icons alerts ticker system_info BACK HOME recent* CLOCK search
> 07-31 12:55:44.183: D/PhoneStatusBar(692): disable: < expand icons alerts ticker system_info back* home* recent clock* search
> 07-31 12:55:44.193: W/InputMethodManagerService(532): Window already focused, ignoring focus gain of: com.android.internal.view.IInputMethodClient$Stub$Proxy@42256c38 attribute=android.view.inputmethod.EditorInfo@42256c48, token = android.os.BinderProxy@42294930
07-31 12:56:15.814: I/ActivityManager(532): START u0 {cmp=com.appcelerator.kitchensink/org.appcelerator.titanium.TiActivity (has extras)} from pid 3013
07-31 12:56:26.855: I/ActivityManager(532): Config changes=1480 {1.0 310mcc?mnc en_US ldltr sw600dp w960dp h527dp 320dpi lrg land finger -keyb/v/h -nav/h s.25}
07-31 12:56:26.955: I/WindowManager(532): Screen frozen for +149ms due to Window{41ee88e0 u0 NavigationBar}
07-31 12:56:28.186: I/ActivityManager(532): Config changes=1480 {1.0 310mcc?mnc en_US ldltr sw600dp w600dp h887dp 320dpi lrg port finger -keyb/v/h -nav/h s.26}
07-31 12:56:28.296: I/WindowManager(532): Screen frozen for +163ms due to Window{41ee88e0 u0 NavigationBar}
07-31 12:56:30.078: D/ConnectivityService(532): handleInetConditionHoldEnd: net=1, condition=0, published condition=0
07-31 12:57:01.699: I/ActivityManager(532): START u0 {cmp=com.appcelerator.kitchensink/org.appcelerator.titanium.TiActivity (has extras)} from pid 3013
07-31 12:57:09.967: W/ProcessStats(532): Skipping unknown process pid 12424
07-31 12:57:22.409: I/ActivityManager(532): START u0 {cmp=com.appcelerator.kitchensink/org.appcelerator.titanium.TiActivity (has extras)} from pid 3013
07-31 12:57:31.548: I/ActivityManager(532): Config changes=1480 {1.0 310mcc?mnc en_US ldltr sw600dp w960dp h527dp 320dpi lrg land finger -keyb/v/h -nav/h s.27}
07-31 12:57:31.678: I/WindowManager(532): Screen frozen for +165ms due to Window{424dc9a8 u0 com.appcelerator.kitchensink/org.appcelerator.titanium.TiActivity}
07-31 12:57:33.079: I/ActivityManager(532): Config changes=1480 {1.0 310mcc?mnc en_US ldltr sw600dp w600dp h887dp 320dpi lrg port finger -keyb/v/h -nav/h s.28}
07-31 12:57:33.210: I/WindowManager(532): Screen frozen for +166ms due to Window{41ee88e0 u0 NavigationBar}
07-31 12:57:46.382: I/ActivityManager(532): START u0 {cmp=com.appcelerator.kitchensink/org.appcelerator.titanium.TiActivity (has extras)} from pid 3013
07-31 12:57:58.865: I/ActivityManager(532): Config changes=1480 {1.0 310mcc?mnc en_US ldltr sw600dp w960dp h527dp 320dpi lrg land finger -keyb/v/h -nav/h s.29}
07-31 12:57:58.995: I/WindowManager(532): Screen frozen for +198ms due to Window{41ee88e0 u0 NavigationBar}
07-31 12:58:00.176: I/ActivityManager(532): Config changes=1480 {1.0 310mcc?mnc en_US ldltr sw600dp w600dp h887dp 320dpi lrg port finger -keyb/v/h -nav/h s.30}
07-31 12:58:00.296: I/WindowManager(532): Screen frozen for +177ms due to Window{41ee88e0 u0 NavigationBar}
07-31 12:58:01.908: D/ConnectivityService(532): ConnectivityChange for WIFI: DISCONNECTED/DISCONNECTED
07-31 12:58:01.908: D/ConnectivityService(532): Attempting to switch to BLUETOOTH_TETHER
07-31 12:58:01.908: D/ConnectivityService(532): Attempting to switch to ETHERNET
07-31 12:58:01.918: D/ConnectivityService(532): resetConnections(wlan0, 3)
07-31 12:58:02.018: D/Nat464Xlat(532): requiresClat: netType=1, hasIPv4Address=false
07-31 12:58:02.018: D/ConnectivityService(532): handleInetConditionChange: no active default network - ignore
07-31 12:58:02.028: W/SocketClient(174): write error (Broken pipe)
07-31 12:58:03.309: D/ConnectivityService(532): Captive portal check NetworkInfo: type: WIFI[], state: CONNECTING/CAPTIVE_PORTAL_CHECK, reason: (unspecified), extra: "ITOS-DEV", roaming: false, failover: false, isAvailable: true
07-31 12:58:03.339: D/ConnectivityService(532): ConnectivityChange for WIFI: CONNECTED/CONNECTED
07-31 12:58:03.369: D/Nat464Xlat(532): requiresClat: netType=1, hasIPv4Address=true
07-31 12:58:04.340: D/ConnectivityService(532): NetTransition Wakelock for ConnectedState released by timeout
07-31 12:58:05.041: V/BackupManagerService(532): Scheduling immediate backup pass
07-31 12:58:05.051: V/BackupManagerService(532): Running a backup pass
07-31 12:58:05.061: V/BackupManagerService(532): clearing pending backups
07-31 12:58:05.061: V/PerformBackupTask(532): Beginning backup of 12 targets
07-31 12:58:05.061: I/PerformBackupTask(532): Initializing (wiping) backup state and transport storage
07-31 12:58:05.151: V/BackupManagerService(532): Ancestral packages: 10
07-31 12:58:05.171: D/BackupManagerService(532): Now staging backup of android
07-31 12:58:05.181: D/BackupManagerService(532): Now staging backup of com.android.providers.settings
07-31 12:58:05.191: D/BackupManagerService(532): Now staging backup of com.android.nfc
07-31 12:58:05.191: D/BackupManagerService(532): Now staging backup of com.android.providers.userdictionary
07-31 12:58:05.201: D/BackupManagerService(532): Now staging backup of com.google.android.calendar
07-31 12:58:05.201: D/BackupManagerService(532): Now staging backup of com.google.android.gallery3d
07-31 12:58:05.211: D/BackupManagerService(532): Now staging backup of com.google.android.gm
07-31 12:58:05.211: D/BackupManagerService(532): Now staging backup of com.google.android.talk
07-31 12:58:05.221: D/BackupManagerService(532): Now staging backup of com.google.android.inputmethod.latin
07-31 12:58:05.221: D/BackupManagerService(532): Now staging backup of com.android.vending
07-31 12:58:05.221: D/BackupManagerService(532): Now staging backup of com.android.sharedstoragebackup
07-31 12:58:05.231: D/BackupManagerService(532): Now staging backup of com.google.android.marvin.talkback
07-31 12:58:05.231: D/PerformBackupTask(532): invokeAgentForBackup on @pm@
07-31 12:58:05.231: I/PMBA(532): Previous metadata null mismatch vs 748593 - rewriting
07-31 12:58:06.432: V/BackupManagerService(532): Scheduling immediate backup pass
07-31 12:58:06.442: I/BackupManagerService(532): Backup time but one already running
07-31 12:59:05.430: I/PerformBackupTask(532): Backup pass finished.
07-31 12:59:11.375: D/ConnectivityService(532): handleInetConditionHoldEnd: net=1, condition=0, published condition=0
07-31 13:00:27.930: D/ConnectivityService(532): handleInetConditionHoldEnd: net=1, condition=0, published condition=0
07-31 13:01:49.049: D/ConnectivityService(532): handleInetConditionHoldEnd: net=1, condition=0, published condition=0
07-31 13:03:22.971: D/ConnectivityService(532): ConnectivityChange for WIFI: DISCONNECTED/DISCONNECTED
07-31 13:03:22.971: D/ConnectivityService(532): Attempting to switch to BLUETOOTH_TETHER
07-31 13:03:22.971: D/ConnectivityService(532): Attempting to switch to ETHERNET
07-31 13:03:22.981: D/ConnectivityService(532): resetConnections(wlan0, 3)
07-31 13:03:23.091: D/Nat464Xlat(532): requiresClat: netType=1, hasIPv4Address=false
07-31 13:03:23.091: D/ConnectivityService(532): handleInetConditionChange: no active default network - ignore
07-31 13:03:23.992: V/BackupManagerService(532): Running a backup pass
07-31 13:03:23.992: V/BackupManagerService(532): clearing pending backups
07-31 13:03:23.992: V/PerformBackupTask(532): Beginning backup of 12 targets
07-31 13:03:23.992: I/PerformBackupTask(532): Initializing (wiping) backup state and transport storage
07-31 13:03:24.012: V/BackupManagerService(532): Ancestral packages: 10
07-31 13:03:24.022: D/BackupManagerService(532): Now staging backup of android
07-31 13:03:24.032: D/BackupManagerService(532): Now staging backup of com.android.providers.settings
07-31 13:03:24.042: D/BackupManagerService(532): Now staging backup of com.android.nfc
07-31 13:03:24.042: D/BackupManagerService(532): Now staging backup of com.android.providers.userdictionary
07-31 13:03:24.042: D/BackupManagerService(532): Now staging backup of com.google.android.calendar
07-31 13:03:24.042: D/BackupManagerService(532): Now staging backup of com.google.android.gallery3d
07-31 13:03:24.052: D/BackupManagerService(532): Now staging backup of com.google.android.gm
07-31 13:03:24.052: D/BackupManagerService(532): Now staging backup of com.google.android.talk
07-31 13:03:24.052: D/BackupManagerService(532): Now staging backup of com.google.android.inputmethod.latin
07-31 13:03:24.062: D/BackupManagerService(532): Now staging backup of com.android.vending
07-31 13:03:24.062: D/BackupManagerService(532): Now staging backup of com.android.sharedstoragebackup
07-31 13:03:24.062: D/BackupManagerService(532): Now staging backup of com.google.android.marvin.talkback
07-31 13:03:24.072: E/PerformBackupTask(532): Transport error in initializeDevice()
07-31 13:03:24.072: V/BackupManagerService(532): Ancestral packages: 10
07-31 13:03:24.092: I/PerformBackupTask(532): Backup pass finished.
07-31 13:03:24.612: D/ConnectivityService(532): Captive portal check NetworkInfo: type: WIFI[], state: CONNECTING/CAPTIVE_PORTAL_CHECK, reason: (unspecified), extra: "ITOS-DEV", roaming: false, failover: false, isAvailable: true
07-31 13:03:24.632: D/ConnectivityService(532): ConnectivityChange for WIFI: CONNECTED/CONNECTED
07-31 13:03:24.662: D/Nat464Xlat(532): requiresClat: netType=1, hasIPv4Address=true
07-31 13:03:25.633: D/ConnectivityService(532): NetTransition Wakelock for ConnectedState released by timeout
07-31 13:03:26.104: V/BackupManagerService(532): Scheduling immediate backup pass
07-31 13:03:26.114: V/BackupManagerService(532): Running a backup pass
07-31 13:03:26.134: V/BackupManagerService(532): clearing pending backups
07-31 13:03:26.134: V/PerformBackupTask(532): Beginning backup of 12 targets
07-31 13:03:26.134: I/PerformBackupTask(532): Initializing (wiping) backup state and transport storage
07-31 13:03:26.194: V/BackupManagerService(532): Ancestral packages: 10
07-31 13:03:26.214: D/BackupManagerService(532): Now staging backup of android
07-31 13:03:26.234: D/BackupManagerService(532): Now staging backup of com.android.providers.settings
07-31 13:03:26.234: D/BackupManagerService(532): Now staging backup of com.android.nfc
07-31 13:03:26.244: D/BackupManagerService(532): Now staging backup of com.android.providers.userdictionary
07-31 13:03:26.264: D/BackupManagerService(532): Now staging backup of com.google.android.calendar
07-31 13:03:26.274: D/BackupManagerService(532): Now staging backup of com.google.android.gallery3d
07-31 13:03:26.274: D/BackupManagerService(532): Now staging backup of com.google.android.gm
07-31 13:03:26.284: D/BackupManagerService(532): Now staging backup of com.google.android.talk
07-31 13:03:26.304: D/BackupManagerService(532): Now staging backup of com.google.android.inputmethod.latin
07-31 13:03:26.304: D/BackupManagerService(532): Now staging backup of com.android.vending
07-31 13:03:26.314: D/BackupManagerService(532): Now staging backup of com.android.sharedstoragebackup
07-31 13:03:26.314: D/BackupManagerService(532): Now staging backup of com.google.android.marvin.talkback
07-31 13:03:26.324: D/PerformBackupTask(532): invokeAgentForBackup on @pm@
07-31 13:03:26.324: I/PMBA(532): Previous metadata null mismatch vs 748593 - rewriting
07-31 13:03:27.685: V/BackupManagerService(532): Scheduling immediate backup pass
07-31 13:03:27.705: I/BackupManagerService(532): Backup time but one already running
07-31 13:04:26.573: I/PerformBackupTask(532): Backup pass finished.
07-31 13:04:32.489: D/ConnectivityService(532): handleInetConditionHoldEnd: net=1, condition=0, published condition=0
07-31 13:05:47.532: D/ConnectivityService(532): handleInetConditionHoldEnd: net=1, condition=0, published condition=0
07-31 13:07:14.487: D/ConnectivityService(532): handleInetConditionHoldEnd: net=1, condition=0, published condition=0
07-31 13:07:40.272: V/BackupManagerService(532): Running a backup pass
07-31 13:07:40.272: V/BackupManagerService(532): clearing pending backups
07-31 13:07:40.272: V/PerformBackupTask(532): Beginning backup of 12 targets
07-31 13:07:40.272: I/PerformBackupTask(532): Initializing (wiping) backup state and transport storage
07-31 13:07:40.362: V/BackupManagerService(532): Ancestral packages: 10
07-31 13:07:40.372: D/BackupManagerService(532): Now staging backup of android
07-31 13:07:40.382: D/BackupManagerService(532): Now staging backup of com.android.providers.settings
07-31 13:07:40.382: D/BackupManagerService(532): Now staging backup of com.android.nfc
07-31 13:07:40.392: D/BackupManagerService(532): Now staging backup of com.android.providers.userdictionary
07-31 13:07:40.392: D/BackupManagerService(532): Now staging backup of com.google.android.calendar
07-31 13:07:40.392: D/BackupManagerService(532): Now staging backup of com.google.android.gallery3d
07-31 13:07:40.402: D/BackupManagerService(532): Now staging backup of com.google.android.gm
07-31 13:07:40.402: D/BackupManagerService(532): Now staging backup of com.google.android.talk
07-31 13:07:40.402: D/BackupManagerService(532): Now staging backup of com.google.android.inputmethod.latin
07-31 13:07:40.412: D/BackupManagerService(532): Now staging backup of com.android.vending
07-31 13:07:40.412: D/BackupManagerService(532): Now staging backup of com.android.sharedstoragebackup
07-31 13:07:40.412: D/BackupManagerService(532): Now staging backup of com.google.android.marvin.talkback
07-31 13:07:40.422: D/PerformBackupTask(532): invokeAgentForBackup on @pm@
07-31 13:07:40.422: I/PMBA(532): Previous metadata null mismatch vs 748593 - rewriting
07-31 13:08:40.561: I/PerformBackupTask(532): Backup pass finished.
07-31 13:08:44.314: D/ConnectivityService(532): ConnectivityChange for WIFI: DISCONNECTED/DISCONNECTED
07-31 13:08:44.314: D/ConnectivityService(532): Attempting to switch to BLUETOOTH_TETHER
07-31 13:08:44.314: D/ConnectivityService(532): Attempting to switch to ETHERNET
07-31 13:08:44.314: D/ConnectivityService(532): resetConnections(wlan0, 3)
07-31 13:08:44.414: D/Nat464Xlat(532): requiresClat: netType=1, hasIPv4Address=false
07-31 13:08:44.414: D/ConnectivityService(532): handleInetConditionChange: no active default network - ignore
07-31 13:08:44.414: W/SocketClient(174): write error (Broken pipe)
07-31 13:08:45.796: D/ConnectivityService(532): Captive portal check NetworkInfo: type: WIFI[], state: CONNECTING/CAPTIVE_PORTAL_CHECK, reason: (unspecified), extra: "ITOS-DEV", roaming: false, failover: false, isAvailable: true
07-31 13:08:45.806: D/ConnectivityService(532): ConnectivityChange for WIFI: CONNECTED/CONNECTED
07-31 13:08:45.846: D/Nat464Xlat(532): requiresClat: netType=1, hasIPv4Address=true
07-31 13:08:46.807: D/ConnectivityService(532): NetTransition Wakelock for ConnectedState released by timeout
07-31 13:09:53.772: D/ConnectivityService(532): handleInetConditionHoldEnd: net=1, condition=0, published condition=0
07-31 13:11:07.464: D/ConnectivityService(532): handleInetConditionHoldEnd: net=1, condition=0, published condition=0
07-31 13:12:31.536: D/ConnectivityService(532): handleInetConditionHoldEnd: net=1, condition=0, published condition=0
07-31 13:13:06.420: V/BackupManagerService(532): Running a backup pass
07-31 13:13:06.420: V/BackupManagerService(532): clearing pending backups
07-31 13:13:06.420: V/PerformBackupTask(532): Beginning backup of 12 targets
07-31 13:13:06.420: I/PerformBackupTask(532): Initializing (wiping) backup state and transport storage
07-31 13:13:06.510: V/BackupManagerService(532): Ancestral packages: 10
07-31 13:13:06.530: D/BackupManagerService(532): Now staging backup of android
07-31 13:13:06.530: D/BackupManagerService(532): Now staging backup of com.android.providers.settings
07-31 13:13:06.540: D/BackupManagerService(532): Now staging backup of com.android.nfc
07-31 13:13:06.540: D/BackupManagerService(532): Now staging backup of com.android.providers.userdictionary
07-31 13:13:06.540: D/BackupManagerService(532): Now staging backup of com.google.android.calendar
07-31 13:13:06.550: D/BackupManagerService(532): Now staging backup of com.google.android.gallery3d
07-31 13:13:06.550: D/BackupManagerService(532): Now staging backup of com.google.android.gm
07-31 13:13:06.550: D/BackupManagerService(532): Now staging backup of com.google.android.talk
07-31 13:13:06.560: D/BackupManagerService(532): Now staging backup of com.google.android.inputmethod.latin
07-31 13:13:06.560: D/BackupManagerService(532): Now staging backup of com.android.vending
07-31 13:13:06.560: D/BackupManagerService(532): Now staging backup of com.android.sharedstoragebackup
07-31 13:13:06.570: D/BackupManagerService(532): Now staging backup of com.google.android.marvin.talkback
07-31 13:13:06.570: D/PerformBackupTask(532): invokeAgentForBackup on @pm@
07-31 13:13:06.570: I/PMBA(532): Previous metadata null mismatch vs 748593 - rewriting
07-31 13:14:01.684: I/ActivityManager(532): Start proc com.google.android.talk for service com.google.android.talk/com.google.android.apps.babel.realtimechat.RealTimeChatService$AlarmWrapperService: pid=13339 uid=10030 gids={50030, 3003, 1015, 1006, 3002, 1028}
07-31 13:14:05.458: D/ConnectivityService(532): ConnectivityChange for WIFI: DISCONNECTED/DISCONNECTED
07-31 13:14:05.458: D/ConnectivityService(532): Attempting to switch to BLUETOOTH_TETHER
07-31 13:14:05.458: D/ConnectivityService(532): Attempting to switch to ETHERNET
07-31 13:14:05.478: D/ConnectivityService(532): resetConnections(wlan0, 3)
07-31 13:14:05.548: I/PerformBackupTask(532): Backup pass finished.
07-31 13:14:05.598: D/Nat464Xlat(532): requiresClat: netType=1, hasIPv4Address=false
07-31 13:14:05.598: D/ConnectivityService(532): handleInetConditionChange: no active default network - ignore
07-31 13:14:07.149: D/ConnectivityService(532): Captive portal check NetworkInfo: type: WIFI[], state: CONNECTING/CAPTIVE_PORTAL_CHECK, reason: (unspecified), extra: "ITOS-DEV", roaming: false, failover: false, isAvailable: true
07-31 13:14:07.169: D/ConnectivityService(532): ConnectivityChange for WIFI: CONNECTED/CONNECTED
07-31 13:14:07.199: D/Nat464Xlat(532): requiresClat: netType=1, hasIPv4Address=true
07-31 13:14:08.170: D/ConnectivityService(532): NetTransition Wakelock for ConnectedState released by timeout
07-31 13:15:15.056: D/ConnectivityService(532): handleInetConditionHoldEnd: net=1, condition=0, published condition=0
07-31 13:16:32.021: D/ConnectivityService(532): handleInetConditionHoldEnd: net=1, condition=0, published condition=0
07-31 13:16:51.530: I/PowerManagerService(532): Going to sleep due to screen timeout...
07-31 13:16:57.285: D/PhoneStatusBar(692): disable: < expand icons alerts ticker system_info back home RECENT* clock search
> 07-31 13:16:57.355: D/PhoneStatusBar(692): disable: < expand icons alerts ticker system_info BACK* HOME* RECENT CLOCK* search
> 07-31 13:18:02.739: D/ConnectivityService(532): handleInetConditionHoldEnd: net=1, condition=0, published condition=0
07-31 13:19:27.091: D/ConnectivityService(532): ConnectivityChange for WIFI: DISCONNECTED/DISCONNECTED
07-31 13:19:27.091: D/ConnectivityService(532): Attempting to switch to BLUETOOTH_TETHER
07-31 13:19:27.091: D/ConnectivityService(532): Attempting to switch to ETHERNET
07-31 13:19:27.091: D/ConnectivityService(532): resetConnections(wlan0, 3)
07-31 13:19:27.202: D/Nat464Xlat(532): requiresClat: netType=1, hasIPv4Address=false
07-31 13:19:27.202: D/ConnectivityService(532): handleInetConditionChange: no active default network - ignore
07-31 13:19:28.823: D/ConnectivityService(532): Captive portal check NetworkInfo: type: WIFI[], state: CONNECTING/CAPTIVE_PORTAL_CHECK, reason: (unspecified), extra: "ITOS-DEV", roaming: false, failover: false, isAvailable: true
07-31 13:19:28.843: D/ConnectivityService(532): ConnectivityChange for WIFI: CONNECTED/CONNECTED
07-31 13:19:28.883: D/Nat464Xlat(532): requiresClat: netType=1, hasIPv4Address=true
07-31 13:19:29.844: D/ConnectivityService(532): NetTransition Wakelock for ConnectedState released by timeout
07-31 13:19:30.225: V/BackupManagerService(532): Scheduling immediate backup pass
07-31 13:19:30.285: V/BackupManagerService(532): Running a backup pass
07-31 13:19:30.285: V/BackupManagerService(532): clearing pending backups
07-31 13:19:30.285: V/PerformBackupTask(532): Beginning backup of 12 targets
07-31 13:19:30.285: I/PerformBackupTask(532): Initializing (wiping) backup state and transport storage
07-31 13:19:30.335: V/BackupManagerService(532): Ancestral packages: 10
07-31 13:19:30.355: D/BackupManagerService(532): Now staging backup of android
07-31 13:19:30.355: D/BackupManagerService(532): Now staging backup of com.android.providers.settings
07-31 13:19:30.365: D/BackupManagerService(532): Now staging backup of com.android.nfc
07-31 13:19:30.375: D/BackupManagerService(532): Now staging backup of com.android.providers.userdictionary
07-31 13:19:30.375: D/BackupManagerService(532): Now staging backup of com.google.android.calendar
07-31 13:19:30.385: D/BackupManagerService(532): Now staging backup of com.google.android.gallery3d
07-31 13:19:30.385: D/BackupManagerService(532): Now staging backup of com.google.android.gm
07-31 13:19:30.395: D/BackupManagerService(532): Now staging backup of com.google.android.talk
07-31 13:19:30.395: D/BackupManagerService(532): Now staging backup of com.google.android.inputmethod.latin
07-31 13:19:30.405: D/BackupManagerService(532): Now staging backup of com.android.vending
07-31 13:19:30.405: D/BackupManagerService(532): Now staging backup of com.android.sharedstoragebackup
07-31 13:19:30.405: D/BackupManagerService(532): Now staging backup of com.google.android.marvin.talkback
07-31 13:19:30.415: D/PerformBackupTask(532): invokeAgentForBackup on @pm@
07-31 13:19:30.415: I/PMBA(532): Previous metadata null mismatch vs 748593 - rewriting
07-31 13:19:31.916: V/BackupManagerService(532): Scheduling immediate backup pass
07-31 13:19:31.956: I/BackupManagerService(532): Backup time but one already running
07-31 13:20:30.613: I/PerformBackupTask(532): Backup pass finished.
07-31 13:20:30.663: I/ActivityManager(532): Start proc com.google.android.apps.currents for service com.google.android.apps.currents/com.google.apps.dots.android.app.service.SyncService: pid=13741 uid=10011 gids={50011, 3003, 1015, 1028}
07-31 13:20:30.754: D/ActivityThread(13741): Loading provider com.google.android.apps.currents: com.google.apps.dots.android.currents.provider.CurrentsContentProvider
07-31 13:20:35.829: W/ActivityManager(532): Unable to start service Intent { act=com.google.android.gms.analytics.service.START (has extras) } U=0: not found
07-31 13:20:36.579: D/ConnectivityService(532): handleInetConditionHoldEnd: net=1, condition=0, published condition=0
07-31 13:20:40.833: W/ActivityManager(532): Unable to start service Intent { act=com.google.android.gms.analytics.service.START (has extras) } U=0: not found
07-31 13:21:51.212: D/ConnectivityService(532): handleInetConditionHoldEnd: net=1, condition=0, published condition=0
07-31 13:23:17.296: D/ConnectivityService(532): handleInetConditionHoldEnd: net=1, condition=0, published condition=0
07-31 13:24:45.662: V/BackupManagerService(532): Running a backup pass
07-31 13:24:45.662: V/BackupManagerService(532): clearing pending backups
07-31 13:24:45.662: V/PerformBackupTask(532): Beginning backup of 12 targets
07-31 13:24:45.662: I/PerformBackupTask(532): Initializing (wiping) backup state and transport storage
07-31 13:24:45.772: V/BackupManagerService(532): Ancestral packages: 10
07-31 13:24:45.802: D/BackupManagerService(532): Now staging backup of android
07-31 13:24:45.812: D/BackupManagerService(532): Now staging backup of com.android.providers.settings
07-31 13:24:45.812: D/BackupManagerService(532): Now staging backup of com.android.nfc
07-31 13:24:45.812: D/BackupManagerService(532): Now staging backup of com.android.providers.userdictionary
07-31 13:24:45.822: D/BackupManagerService(532): Now staging backup of com.google.android.calendar
07-31 13:24:45.822: D/BackupManagerService(532): Now staging backup of com.google.android.gallery3d
07-31 13:24:45.822: D/BackupManagerService(532): Now staging backup of com.google.android.gm
07-31 13:24:45.832: D/BackupManagerService(532): Now staging backup of com.google.android.talk
07-31 13:24:45.832: D/BackupManagerService(532): Now staging backup of com.google.android.inputmethod.latin
