07-31 14:32:38.045: I/ActivityManager(532): START u0 {cmp=com.appcelerator.kitchensink/org.appcelerator.titanium.TiActivity (has extras)} from pid 3013
07-31 14:33:02.649: D/ConnectivityService(532): handleInetConditionHoldEnd: net=1, condition=0, published condition=0
07-31 14:34:18.243: W/InputMethodManagerService(532): Window already focused, ignoring focus gain of: com.android.internal.view.IInputMethodClient$Stub$Proxy@421978c8 attribute=null, token = android.os.BinderProxy@42c71750
07-31 14:34:22.477: I/ActivityManager(532): START u0 {cmp=com.appcelerator.kitchensink/org.appcelerator.titanium.TiActivity (has extras)} from pid 3013
07-31 14:34:25.690: D/ConnectivityService(532): ConnectivityChange for WIFI: DISCONNECTED/DISCONNECTED
07-31 14:34:25.690: D/ConnectivityService(532): Attempting to switch to BLUETOOTH_TETHER
07-31 14:34:25.690: D/ConnectivityService(532): Attempting to switch to ETHERNET
07-31 14:34:25.710: D/ConnectivityService(532): resetConnections(wlan0, 3)
07-31 14:34:25.820: D/Nat464Xlat(532): requiresClat: netType=1, hasIPv4Address=false
07-31 14:34:25.820: D/ConnectivityService(532): handleInetConditionChange: no active default network - ignore
07-31 14:34:25.830: W/SocketClient(174): write error (Broken pipe)
07-31 14:34:27.342: D/ConnectivityService(532): Captive portal check NetworkInfo: type: WIFI[], state: CONNECTING/CAPTIVE_PORTAL_CHECK, reason: (unspecified), extra: "ITOS-DEV", roaming: false, failover: false, isAvailable: true
07-31 14:34:27.362: D/ConnectivityService(532): ConnectivityChange for WIFI: CONNECTED/CONNECTED
07-31 14:34:27.392: D/Nat464Xlat(532): requiresClat: netType=1, hasIPv4Address=true
07-31 14:34:28.363: D/ConnectivityService(532): NetTransition Wakelock for ConnectedState released by timeout
07-31 14:34:28.833: V/BackupManagerService(532): Scheduling immediate backup pass
07-31 14:34:28.853: V/BackupManagerService(532): Running a backup pass
07-31 14:34:28.873: V/BackupManagerService(532): clearing pending backups
07-31 14:34:28.893: V/PerformBackupTask(532): Beginning backup of 12 targets
07-31 14:34:28.893: I/PerformBackupTask(532): Initializing (wiping) backup state and transport storage
07-31 14:34:28.943: V/BackupManagerService(532): Ancestral packages: 10
07-31 14:34:28.964: D/BackupManagerService(532): Now staging backup of android
07-31 14:34:28.964: D/BackupManagerService(532): Now staging backup of com.android.providers.settings
07-31 14:34:28.974: D/BackupManagerService(532): Now staging backup of com.android.nfc
07-31 14:34:28.974: D/BackupManagerService(532): Now staging backup of com.android.providers.userdictionary
07-31 14:34:28.974: D/BackupManagerService(532): Now staging backup of com.google.android.calendar
07-31 14:34:28.984: D/BackupManagerService(532): Now staging backup of com.google.android.gallery3d
07-31 14:34:28.984: D/BackupManagerService(532): Now staging backup of com.google.android.gm
07-31 14:34:28.984: D/BackupManagerService(532): Now staging backup of com.google.android.talk
07-31 14:34:28.994: D/BackupManagerService(532): Now staging backup of com.google.android.inputmethod.latin
07-31 14:34:28.994: D/BackupManagerService(532): Now staging backup of com.android.vending
07-31 14:34:28.994: D/BackupManagerService(532): Now staging backup of com.android.sharedstoragebackup
07-31 14:34:29.004: D/BackupManagerService(532): Now staging backup of com.google.android.marvin.talkback
07-31 14:34:29.004: D/PerformBackupTask(532): invokeAgentForBackup on @pm@
07-31 14:34:29.004: I/PMBA(532): Previous metadata null mismatch vs 748593 - rewriting
07-31 14:34:30.425: V/BackupManagerService(532): Scheduling immediate backup pass
07-31 14:34:30.435: I/BackupManagerService(532): Backup time but one already running
07-31 14:35:05.039: I/ActivityManager(532): START u0 {cmp=com.appcelerator.kitchensink/org.appcelerator.titanium.TiActivity (has extras)} from pid 3013
07-31 14:35:06.670: I/ActivityManager(532): START u0 {cmp=com.appcelerator.kitchensink/org.appcelerator.titanium.TiActivity (has extras)} from pid 3013
07-31 14:35:29.192: I/PerformBackupTask(532): Backup pass finished.
07-31 14:35:29.533: W/InputMethodManagerService(532): Window already focused, ignoring focus gain of: com.android.internal.view.IInputMethodClient$Stub$Proxy@42054070 attribute=null, token = android.os.BinderProxy@421f6cb0
07-31 14:35:35.208: D/ConnectivityService(532): handleInetConditionHoldEnd: net=1, condition=0, published condition=0
07-31 14:36:30.973: I/ActivityManager(532): START u0 {act=com.android.systemui.recent.action.TOGGLE_RECENTS flg=0x10800000 cmp=com.android.systemui/.recent.RecentsActivity (has extras)} from pid 692
07-31 14:36:31.033: V/DeadZone(692): consuming errant click: (975.0,46.285767)
07-31 14:36:31.183: V/DeadZone(692): consuming errant click: (995.5357,32.57141)
07-31 14:36:31.183: I/ActivityManager(532): START u0 {act=android.intent.action.MAIN cat=[android.intent.category.HOME] flg=0x10200000 cmp=com.android.launcher/com.android.launcher2.Launcher} from pid 692
07-31 14:36:31.323: V/DeadZone(692): consuming errant click: (986.6071,42.0)
07-31 14:36:31.473: V/DeadZone(692): consuming errant click: (1009.8214,57.42859)
07-31 14:36:38.260: I/ActivityManager(532): START u0 {act=android.intent.action.MAIN cat=[android.intent.category.LAUNCHER] flg=0x10200000 cmp=com.android.settings/.Settings} from pid 866
07-31 14:36:38.410: I/ActivityManager(532): Start proc com.android.settings for activity com.android.settings/.Settings: pid=17689 uid=1000 gids={41000, 1015, 1028, 3002, 3001, 3003, 3007}
07-31 14:36:38.520: W/ContextImpl(17689): Calling a method in the system process without a qualified user: android.app.ContextImpl.bindService:1439 android.content.ContextWrapper.bindService:496 android.bluetooth.BluetoothInputDevice.:240 android.bluetooth.BluetoothAdapter.getProfileProxy:1168 com.android.settings.bluetooth.LocalBluetoothAdapter.getProfileProxy:94
07-31 14:36:38.530: W/ContextImpl(17689): Calling a method in the system process without a qualified user: android.app.ContextImpl.bindService:1439 android.content.ContextWrapper.bindService:496 android.bluetooth.BluetoothPan.:141 android.bluetooth.BluetoothAdapter.getProfileProxy:1171 com.android.settings.bluetooth.PanProfile.:73
07-31 14:36:38.530: W/ContextImpl(17689): Calling a method in the system process without a qualified user: android.app.ContextImpl.bindService:1439 android.content.ContextWrapper.bindService:496 android.bluetooth.BluetoothPbap.:161 com.android.settings.bluetooth.PbapServerProfile.:68 com.android.settings.bluetooth.LocalBluetoothProfileManager.:124
07-31 14:36:38.620: D/WifiService(532): setWifiEnabled: true pid=17689, uid=1000
07-31 14:36:42.624: I/ActivityManager(532): START u0 {act=android.intent.action.MAIN cat=[android.intent.category.HOME] flg=0x10200000 cmp=com.android.launcher/com.android.launcher2.Launcher} from pid 532
07-31 14:36:49.441: D/ConnectivityService(532): handleInetConditionHoldEnd: net=1, condition=0, published condition=0
07-31 14:37:22.383: I/ActivityManager(532): START u0 {act=android.intent.action.MAIN cat=[android.intent.category.LAUNCHER] flg=0x10200000 cmp=com.android.settings/.Settings} from pid 866
07-31 14:37:23.624: I/ActivityManager(532): START u0 {act=android.intent.action.MAIN cat=[android.intent.category.HOME] flg=0x10200000 cmp=com.android.launcher/com.android.launcher2.Launcher} from pid 532
07-31 14:37:27.358: I/ActivityManager(532): START u0 {act=android.intent.action.MAIN cat=[android.intent.category.LAUNCHER] flg=0x10200000 cmp=com.appcelerator.kitchensink/.KitchensinkActivity} from pid 866
07-31 14:37:33.624: I/ActivityManager(532): START u0 {cmp=com.appcelerator.kitchensink/org.appcelerator.titanium.TiActivity (has extras)} from pid 3013
07-31 14:38:14.734: D/ConnectivityService(532): handleInetConditionHoldEnd: net=1, condition=0, published condition=0
07-31 14:39:30.127: I/ActivityManager(532): Config changes=1480 {1.0 310mcc?mnc en_US ldltr sw600dp w960dp h527dp 320dpi lrg land finger -keyb/v/h -nav/h s.31}
07-31 14:39:30.237: I/WindowManager(532): Screen frozen for +158ms due to Window{41ee88e0 u0 NavigationBar}
07-31 14:39:47.114: D/ConnectivityService(532): ConnectivityChange for WIFI: DISCONNECTED/DISCONNECTED
07-31 14:39:47.114: D/ConnectivityService(532): Attempting to switch to BLUETOOTH_TETHER
07-31 14:39:47.114: D/ConnectivityService(532): Attempting to switch to ETHERNET
07-31 14:39:47.124: D/ConnectivityService(532): resetConnections(wlan0, 3)
07-31 14:39:47.224: D/Nat464Xlat(532): requiresClat: netType=1, hasIPv4Address=false
07-31 14:39:47.224: D/ConnectivityService(532): handleInetConditionChange: no active default network - ignore
07-31 14:39:47.224: W/SocketClient(174): write error (Broken pipe)
07-31 14:39:48.705: D/ConnectivityService(532): Captive portal check NetworkInfo: type: WIFI[], state: CONNECTING/CAPTIVE_PORTAL_CHECK, reason: (unspecified), extra: "ITOS-DEV", roaming: false, failover: false, isAvailable: true
07-31 14:39:48.725: D/ConnectivityService(532): ConnectivityChange for WIFI: CONNECTED/CONNECTED
07-31 14:39:48.766: D/Nat464Xlat(532): requiresClat: netType=1, hasIPv4Address=true
07-31 14:39:49.736: D/ConnectivityService(532): NetTransition Wakelock for ConnectedState released by timeout
07-31 14:40:43.369: I/ActivityManager(532): Config changes=1480 {1.0 310mcc?mnc en_US ldltr sw600dp w600dp h887dp 320dpi lrg port finger -keyb/v/h -nav/h s.32}
07-31 14:40:43.489: I/WindowManager(532): Screen frozen for +180ms due to Window{41ee88e0 u0 NavigationBar}
07-31 14:40:50.666: V/BackupManagerService(532): Scheduling immediate backup pass
07-31 14:40:50.666: V/BackupManagerService(532): Running a backup pass
07-31 14:40:50.666: V/BackupManagerService(532): clearing pending backups
07-31 14:40:50.666: V/PerformBackupTask(532): Beginning backup of 12 targets
07-31 14:40:50.666: I/PerformBackupTask(532): Initializing (wiping) backup state and transport storage
07-31 14:40:50.756: V/BackupManagerService(532): Ancestral packages: 10
07-31 14:40:50.776: D/BackupManagerService(532): Now staging backup of android
07-31 14:40:50.786: D/BackupManagerService(532): Now staging backup of com.android.providers.settings
07-31 14:40:50.796: D/BackupManagerService(532): Now staging backup of com.android.nfc
07-31 14:40:50.796: D/BackupManagerService(532): Now staging backup of com.android.providers.userdictionary
07-31 14:40:50.796: D/BackupManagerService(532): Now staging backup of com.google.android.calendar
07-31 14:40:50.806: D/BackupManagerService(532): Now staging backup of com.google.android.gallery3d
07-31 14:40:50.806: D/BackupManagerService(532): Now staging backup of com.google.android.gm
07-31 14:40:50.806: D/BackupManagerService(532): Now staging backup of com.google.android.talk
07-31 14:40:50.816: D/BackupManagerService(532): Now staging backup of com.google.android.inputmethod.latin
07-31 14:40:50.816: D/BackupManagerService(532): Now staging backup of com.android.vending
07-31 14:40:50.816: D/BackupManagerService(532): Now staging backup of com.android.sharedstoragebackup
07-31 14:40:50.826: D/BackupManagerService(532): Now staging backup of com.google.android.marvin.talkback
07-31 14:40:50.826: D/PerformBackupTask(532): invokeAgentForBackup on @pm@
07-31 14:40:50.826: I/PMBA(532): Previous metadata null mismatch vs 748593 - rewriting
07-31 14:40:56.572: D/ConnectivityService(532): handleInetConditionHoldEnd: net=1, condition=0, published condition=0
07-31 14:41:51.095: I/PerformBackupTask(532): Backup pass finished.
07-31 14:42:13.607: D/ConnectivityService(532): handleInetConditionHoldEnd: net=1, condition=0, published condition=0
07-31 14:42:24.758: I/ActivityManager(532): START u0 {cmp=com.appcelerator.kitchensink/org.appcelerator.titanium.TiActivity (has extras)} from pid 3013
07-31 14:42:26.539: I/ActivityManager(532): START u0 {cmp=com.appcelerator.kitchensink/org.appcelerator.titanium.TiActivity (has extras)} from pid 3013
07-31 14:43:44.485: D/ConnectivityService(532): handleInetConditionHoldEnd: net=1, condition=0, published condition=0
07-31 14:45:08.247: D/ConnectivityService(532): ConnectivityChange for WIFI: DISCONNECTED/DISCONNECTED
07-31 14:45:08.247: D/ConnectivityService(532): Attempting to switch to BLUETOOTH_TETHER
07-31 14:45:08.247: D/ConnectivityService(532): Attempting to switch to ETHERNET
07-31 14:45:08.257: D/ConnectivityService(532): resetConnections(wlan0, 3)
07-31 14:45:08.357: D/Nat464Xlat(532): requiresClat: netType=1, hasIPv4Address=false
07-31 14:45:08.357: D/ConnectivityService(532): handleInetConditionChange: no active default network - ignore
07-31 14:45:09.819: D/ConnectivityService(532): Captive portal check NetworkInfo: type: WIFI[], state: CONNECTING/CAPTIVE_PORTAL_CHECK, reason: (unspecified), extra: "ITOS-DEV", roaming: false, failover: false, isAvailable: true
07-31 14:45:09.829: D/ConnectivityService(532): ConnectivityChange for WIFI: CONNECTED/CONNECTED
07-31 14:45:09.859: D/Nat464Xlat(532): requiresClat: netType=1, hasIPv4Address=true
07-31 14:45:10.840: D/ConnectivityService(532): NetTransition Wakelock for ConnectedState released by timeout
07-31 14:46:17.675: D/ConnectivityService(532): handleInetConditionHoldEnd: net=1, condition=0, published condition=0
07-31 14:47:28.734: D/ConnectivityService(532): handleInetConditionHoldEnd: net=1, condition=0, published condition=0
07-31 14:47:43.669: V/BackupManagerService(532): Scheduling immediate backup pass
07-31 14:47:43.669: V/BackupManagerService(532): Running a backup pass
07-31 14:47:43.669: V/BackupManagerService(532): clearing pending backups
07-31 14:47:43.669: V/PerformBackupTask(532): Beginning backup of 12 targets
07-31 14:47:43.669: I/PerformBackupTask(532): Initializing (wiping) backup state and transport storage
07-31 14:47:43.759: V/BackupManagerService(532): Ancestral packages: 10
07-31 14:47:43.769: D/BackupManagerService(532): Now staging backup of android
07-31 14:47:43.779: D/BackupManagerService(532): Now staging backup of com.android.providers.settings
07-31 14:47:43.779: D/BackupManagerService(532): Now staging backup of com.android.nfc
07-31 14:47:43.789: D/BackupManagerService(532): Now staging backup of com.android.providers.userdictionary
07-31 14:47:43.789: D/BackupManagerService(532): Now staging backup of com.google.android.calendar
07-31 14:47:43.789: D/BackupManagerService(532): Now staging backup of com.google.android.gallery3d
07-31 14:47:43.799: D/BackupManagerService(532): Now staging backup of com.google.android.gm
07-31 14:47:43.799: D/BackupManagerService(532): Now staging backup of com.google.android.talk
07-31 14:47:43.799: D/BackupManagerService(532): Now staging backup of com.google.android.inputmethod.latin
07-31 14:47:43.809: D/BackupManagerService(532): Now staging backup of com.android.vending
07-31 14:47:43.809: D/BackupManagerService(532): Now staging backup of com.android.sharedstoragebackup
07-31 14:47:43.809: D/BackupManagerService(532): Now staging backup of com.google.android.marvin.talkback
07-31 14:47:43.819: D/PerformBackupTask(532): invokeAgentForBackup on @pm@
07-31 14:47:43.819: I/PMBA(532): Previous metadata null mismatch vs 748593 - rewriting
07-31 14:48:44.038: I/PerformBackupTask(532): Backup pass finished.
07-31 14:48:47.691: D/ConnectivityService(532): handleInetConditionHoldEnd: net=1, condition=0, published condition=0
07-31 14:50:22.334: D/ConnectivityService(532): handleInetConditionHoldEnd: net=1, condition=0, published condition=0
07-31 14:50:29.501: D/ConnectivityService(532): ConnectivityChange for WIFI: DISCONNECTED/DISCONNECTED
07-31 14:50:29.501: D/ConnectivityService(532): Attempting to switch to BLUETOOTH_TETHER
07-31 14:50:29.501: D/ConnectivityService(532): Attempting to switch to ETHERNET
07-31 14:50:29.511: D/ConnectivityService(532): resetConnections(wlan0, 3)
07-31 14:50:29.621: D/Nat464Xlat(532): requiresClat: netType=1, hasIPv4Address=false
07-31 14:50:31.102: D/ConnectivityService(532): Captive portal check NetworkInfo: type: WIFI[], state: CONNECTING/CAPTIVE_PORTAL_CHECK, reason: (unspecified), extra: "ITOS-DEV", roaming: false, failover: false, isAvailable: true
07-31 14:50:31.112: D/ConnectivityService(532): ConnectivityChange for WIFI: CONNECTED/CONNECTED
07-31 14:50:31.142: D/Nat464Xlat(532): requiresClat: netType=1, hasIPv4Address=true
07-31 14:50:32.113: D/ConnectivityService(532): NetTransition Wakelock for ConnectedState released by timeout
07-31 14:51:39.529: D/ConnectivityService(532): handleInetConditionHoldEnd: net=1, condition=0, published condition=0
07-31 14:52:57.375: D/ConnectivityService(532): handleInetConditionHoldEnd: net=1, condition=0, published condition=0
07-31 14:53:18.175: W/InputMethodManagerService(532): Window already focused, ignoring focus gain of: com.android.internal.view.IInputMethodClient$Stub$Proxy@424a9240 attribute=null, token = android.os.BinderProxy@423d5160
07-31 14:53:18.465: I/ActivityManager(532): START u0 {act=android.intent.action.MAIN cat=[android.intent.category.HOME] flg=0x10200000 cmp=com.android.launcher/com.android.launcher2.Launcher} from pid 532
07-31 14:53:29.356: I/ActivityManager(532): START u0 {act=android.intent.action.MAIN cat=[android.intent.category.LAUNCHER] flg=0x10200000 cmp=com.appcelerator.kitchensink/.KitchensinkActivity} from pid 866
07-31 14:53:46.343: I/ActivityManager(532): START u0 {cmp=com.appcelerator.kitchensink/org.appcelerator.titanium.TiActivity (has extras)} from pid 3013
07-31 14:53:46.493: I/ActivityManager(532): No longer want com.android.chrome (pid 14287): empty for 1805s
07-31 14:53:48.495: I/ActivityManager(532): START u0 {cmp=com.appcelerator.kitchensink/org.appcelerator.titanium.TiActivity (has extras)} from pid 3013
07-31 14:53:59.966: I/ActivityManager(532): Config changes=1480 {1.0 310mcc?mnc en_US ldltr sw600dp w960dp h527dp 320dpi lrg land finger -keyb/v/h -nav/h s.33}
07-31 14:54:00.136: I/WindowManager(532): Screen frozen for +196ms due to Window{41ee88e0 u0 NavigationBar}
07-31 14:54:01.758: I/ActivityManager(532): Config changes=1480 {1.0 310mcc?mnc en_US ldltr sw600dp w600dp h887dp 320dpi lrg port finger -keyb/v/h -nav/h s.34}
07-31 14:54:01.898: I/WindowManager(532): Screen frozen for +183ms due to Window{4204ce60 u0 com.appcelerator.kitchensink/org.appcelerator.titanium.TiActivity}
07-31 14:54:05.762: I/ActivityManager(532): Config changes=1480 {1.0 310mcc?mnc en_US ldltr sw600dp w960dp h527dp 320dpi lrg land finger -keyb/v/h -nav/h s.35}
07-31 14:54:05.862: I/WindowManager(532): Screen frozen for +130ms due to Window{4204ce60 u0 com.appcelerator.kitchensink/org.appcelerator.titanium.TiActivity}
07-31 14:54:08.174: I/ActivityManager(532): Config changes=1480 {1.0 310mcc?mnc en_US ldltr sw600dp w600dp h887dp 320dpi lrg port finger -keyb/v/h -nav/h s.36}
07-31 14:54:08.314: I/WindowManager(532): Screen frozen for +167ms due to Window{4204ce60 u0 com.appcelerator.kitchensink/org.appcelerator.titanium.TiActivity}
07-31 14:54:29.845: D/ConnectivityService(532): handleInetConditionHoldEnd: net=1, condition=0, published condition=0
07-31 14:54:34.680: I/ActivityManager(532): Config changes=1480 {1.0 310mcc?mnc en_US ldltr sw600dp w960dp h527dp 320dpi lrg land finger -keyb/v/h -nav/h s.37}
07-31 14:54:34.810: I/WindowManager(532): Screen frozen for +156ms due to Window{4204ce60 u0 com.appcelerator.kitchensink/org.appcelerator.titanium.TiActivity}
07-31 14:54:35.951: I/ActivityManager(532): Config changes=1480 {1.0 310mcc?mnc en_US ldltr sw600dp w600dp h887dp 320dpi lrg port finger -keyb/v/h -nav/h s.38}
07-31 14:54:36.091: I/WindowManager(532): Screen frozen for +166ms due to Window{4204ce60 u0 com.appcelerator.kitchensink/org.appcelerator.titanium.TiActivity}
07-31 14:54:38.133: V/DeadZone(692): consuming errant click: (744.6428,5.1428223)
07-31 14:54:38.654: V/DeadZone(692): consuming errant click: (751.7857,2.5714111)
07-31 14:54:38.884: V/DeadZone(692): consuming errant click: (746.4286,2.5714111)
07-31 14:55:04.379: V/BackupManagerService(532): Scheduling immediate backup pass
07-31 14:55:04.379: V/BackupManagerService(532): Running a backup pass
07-31 14:55:04.379: V/BackupManagerService(532): clearing pending backups
07-31 14:55:04.379: V/PerformBackupTask(532): Beginning backup of 12 targets
07-31 14:55:04.379: I/PerformBackupTask(532): Initializing (wiping) backup state and transport storage
07-31 14:55:04.489: V/BackupManagerService(532): Ancestral packages: 10
07-31 14:55:04.509: D/BackupManagerService(532): Now staging backup of android
07-31 14:55:04.519: D/BackupManagerService(532): Now staging backup of com.android.providers.settings
07-31 14:55:04.519: D/BackupManagerService(532): Now staging backup of com.android.nfc
07-31 14:55:04.529: D/BackupManagerService(532): Now staging backup of com.android.providers.userdictionary
07-31 14:55:04.529: D/BackupManagerService(532): Now staging backup of com.google.android.calendar
07-31 14:55:04.529: D/BackupManagerService(532): Now staging backup of com.google.android.gallery3d
07-31 14:55:04.539: D/BackupManagerService(532): Now staging backup of com.google.android.gm
07-31 14:55:04.539: D/BackupManagerService(532): Now staging backup of com.google.android.talk
07-31 14:55:04.549: D/BackupManagerService(532): Now staging backup of com.google.android.inputmethod.latin
07-31 14:55:04.549: D/BackupManagerService(532): Now staging backup of com.android.vending
07-31 14:55:04.549: D/BackupManagerService(532): Now staging backup of com.android.sharedstoragebackup
07-31 14:55:04.549: D/BackupManagerService(532): Now staging backup of com.google.android.marvin.talkback
07-31 14:55:04.559: D/PerformBackupTask(532): invokeAgentForBackup on @pm@
07-31 14:55:04.559: I/PMBA(532): Previous metadata null mismatch vs 748593 - rewriting
07-31 14:55:34.188: I/ActivityManager(532): Config changes=1480 {1.0 310mcc?mnc en_US ldltr sw600dp w960dp h527dp 320dpi lrg land finger -keyb/v/h -nav/h s.39}
07-31 14:55:34.298: I/WindowManager(532): Screen frozen for +152ms due to Window{4204ce60 u0 com.appcelerator.kitchensink/org.appcelerator.titanium.TiActivity}
07-31 14:55:50.674: D/ConnectivityService(532): ConnectivityChange for WIFI: DISCONNECTED/DISCONNECTED
07-31 14:55:50.674: D/ConnectivityService(532): Attempting to switch to BLUETOOTH_TETHER
07-31 14:55:50.674: D/ConnectivityService(532): Attempting to switch to ETHERNET
07-31 14:55:50.684: D/ConnectivityService(532): resetConnections(wlan0, 3)
07-31 14:55:50.684: D/ConnectivityService(532): --------- beginning of /dev/log/main
07-31 14:55:50.774: W/BackupTransportService(532): Error sending final backup to server:
07-31 14:55:50.774: W/BackupTransportService(532): org.apache.http.conn.ConnectTimeoutException: Connect to /74.125.29.95:443 timed out
07-31 14:55:50.774: W/BackupTransportService(532): at org.apache.http.conn.scheme.PlainSocketFactory.connectSocket(PlainSocketFactory.java:121)
07-31 14:55:50.774: W/BackupTransportService(532): at org.apache.http.impl.conn.DefaultClientConnectionOperator.openConnection(DefaultClientConnectionOperator.java:144)
07-31 14:55:50.774: W/BackupTransportService(532): at org.apache.http.impl.conn.AbstractPoolEntry.open(AbstractPoolEntry.java:164)
07-31 14:55:50.774: W/BackupTransportService(532): at org.apache.http.impl.conn.AbstractPooledConnAdapter.open(AbstractPooledConnAdapter.java:119)
07-31 14:55:50.774: W/BackupTransportService(532): at org.apache.http.impl.client.DefaultRequestDirector.execute(DefaultRequestDirector.java:360)
07-31 14:55:50.774: W/BackupTransportService(532): at org.apache.http.impl.client.AbstractHttpClient.execute(AbstractHttpClient.java:555)
07-31 14:55:50.774: W/BackupTransportService(532): at org.apache.http.impl.client.AbstractHttpClient.execute(AbstractHttpClient.java:487)
07-31 14:55:50.774: W/BackupTransportService(532): at android.net.http.AndroidHttpClient.execute(AndroidHttpClient.java:257)
07-31 14:55:50.774: W/BackupTransportService(532): at com.google.android.common.http.GoogleHttpClient.executeWithoutRewriting(GoogleHttpClient.java:202)
07-31 14:55:50.774: W/BackupTransportService(532): at com.google.android.common.http.GoogleHttpClient.execute(GoogleHttpClient.java:244)
07-31 14:55:50.774: W/BackupTransportService(532): at com.google.android.common.http.GoogleHttpClient.execute(GoogleHttpClient.java:312)
07-31 14:55:50.774: W/BackupTransportService(532): at com.google.android.backup.BackupTransportService.sendRequestLocked(BackupTransportService.java:831)
07-31 14:55:50.774: W/BackupTransportService(532): at com.google.android.backup.BackupTransportService.access$600(BackupTransportService.java:78)
07-31 14:55:50.774: W/BackupTransportService(532): at com.google.android.backup.BackupTransportService$1.finishBackup(BackupTransportService.java:444)
07-31 14:55:50.774: W/BackupTransportService(532): at com.android.server.BackupManagerService$PerformBackupTask.operationComplete(BackupManagerService.java:2204)
07-31 14:55:50.774: W/BackupTransportService(532): at com.android.server.BackupManagerService$BackupHandler.handleMessage(BackupManagerService.java:544)
07-31 14:55:50.774: W/BackupTransportService(532): at android.os.Handler.dispatchMessage(Handler.java:99)
07-31 14:55:50.774: W/BackupTransportService(532): at android.os.Looper.loop(Looper.java:137)
07-31 14:55:50.774: W/BackupTransportService(532): at android.os.HandlerThread.run(HandlerThread.java:61)
07-31 14:55:50.784: D/Nat464Xlat(532): requiresClat: netType=1, hasIPv4Address=false
07-31 14:55:50.784: D/ConnectivityService(532): handleInetConditionChange: no active default network - ignore
07-31 14:55:50.784: I/PerformBackupTask(532): Backup pass finished.
07-31 14:55:50.794: D/SyncManager(532): failed sync operation appcel123@gmail.com u0 (com.google), subscribedfeeds, LOCAL, earliestRunTime 18387927, reason: 10021, SyncResult: stats [ numIoExceptions: 1]
07-31 14:55:50.794: I/TiAPI(3013): ImageView animation frame has changed, index 12
07-31 14:55:50.824: W/GLSActivity(1063): [qq] Status from wire: NetworkError status: NETWORK_ERROR
07-31 14:55:50.824: E/GLSUser(1063): Empty consent data
07-31 14:55:50.824: I/GLSUser(1063): GLS error: NetworkError appcel123@gmail.com oauth2:https://www.googleapis.com/auth/userlocation.reporting
07-31 14:55:50.824: W/GLSActivity(1063): [qq] Status from wire: NetworkError status: NETWORK_ERROR
07-31 14:55:50.824: E/GCoreUlr(789): VolleyError: il: java.io.IOException: NetworkError, response is null
07-31 14:55:50.824: E/GCoreUlr(789): InitializerService can't get server values
07-31 14:55:50.824: E/GCoreUlr(789): java.io.IOException
07-31 14:55:50.824: E/GCoreUlr(789): at drj.a(SourceFile:120)
07-31 14:55:50.824: E/GCoreUlr(789): at com.google.android.location.reporting.service.InitializerService.b(SourceFile:243)
07-31 14:55:50.824: E/GCoreUlr(789): at com.google.android.location.reporting.service.InitializerService.onHandleIntent(SourceFile:153)
07-31 14:55:50.824: E/GCoreUlr(789): at android.app.IntentService$ServiceHandler.handleMessage(IntentService.java:65)
07-31 14:55:50.824: E/GCoreUlr(789): at android.os.Handler.dispatchMessage(Handler.java:99)
07-31 14:55:50.824: E/GCoreUlr(789): at android.os.Looper.loop(Looper.java:137)
07-31 14:55:50.824: E/GCoreUlr(789): at android.os.HandlerThread.run(HandlerThread.java:61)
07-31 14:55:50.824: E/GCoreUlr(789): Caused by: il: java.io.IOException: NetworkError
07-31 14:55:50.824: E/GCoreUlr(789): at zi.b(SourceFile:700)
07-31 14:55:50.824: E/GCoreUlr(789): at zi.b(SourceFile:403)
07-31 14:55:50.824: E/GCoreUlr(789): at zi.a(SourceFile:373)
07-31 14:55:50.824: E/GCoreUlr(789): at zi.a(SourceFile:352)
07-31 14:55:50.824: E/GCoreUlr(789): at drj.a(SourceFile:102)
07-31 14:55:50.824: E/GCoreUlr(789): ... 6 more
07-31 14:55:50.824: E/GCoreUlr(789): Caused by: java.io.IOException: NetworkError
07-31 14:55:50.824: E/GCoreUlr(789): at pw.a(SourceFile:413)
07-31 14:55:50.824: E/GCoreUlr(789): at zw.b(SourceFile:70)
07-31 14:55:50.824: E/GCoreUlr(789): at zi.b(SourceFile:696)
07-31 14:55:50.824: E/GCoreUlr(789): ... 10 more
07-31 14:55:50.834: I/TiAPI(3013): ImageView animation frame has changed, index 11
07-31 14:55:50.864: I/TiAPI(3013): ImageView animation frame has changed, index 10
07-31 14:55:50.894: I/TiAPI(3013): ImageView animation frame has changed, index 9
07-31 14:55:50.924: I/TiAPI(3013): ImageView animation frame has changed, index 8
07-31 14:55:50.964: I/TiAPI(3013): ImageView animation frame has changed, index 7
07-31 14:55:51.004: I/TiAPI(3013): ImageView animation frame has changed, index 6
07-31 14:55:51.024: I/TiAPI(3013): ImageView animation frame has changed, index 5
07-31 14:55:51.064: I/TiAPI(3013): ImageView animation frame has changed, index 4
07-31 14:55:51.114: I/TiAPI(3013): ImageView animation frame has changed, index 3
07-31 14:55:51.154: I/TiAPI(3013): ImageView animation frame has changed, index 2
07-31 14:55:51.184: I/TiAPI(3013): ImageView animation frame has changed, index 1
07-31 14:55:51.214: I/TiAPI(3013): ImageView animation frame has changed, index 0
07-31 14:55:51.255: I/TiAPI(3013): ImageView animation frame has changed, index 16
07-31 14:55:51.295: I/TiAPI(3013): ImageView animation frame has changed, index 15
07-31 14:55:51.335: I/TiAPI(3013): ImageView animation frame has changed, index 14
07-31 14:55:51.365: I/TiAPI(3013): ImageView animation frame has changed, index 13
07-31 14:55:51.395: I/TiAPI(3013): ImageView animation frame has changed, index 12
07-31 14:55:51.435: I/TiAPI(3013): ImageView animation frame has changed, index 11
07-31 14:55:51.465: I/TiAPI(3013): ImageView animation frame has changed, index 10
07-31 14:55:51.495: I/TiAPI(3013): ImageView animation frame has changed, index 9
07-31 14:55:51.535: I/TiAPI(3013): ImageView animation frame has changed, index 8
07-31 14:55:51.535: I/wpa_supplicant(675): wlan0: Trying to associate with SSID 'ITOS-DEV'
07-31 14:55:51.585: I/wpa_supplicant(675): wlan0: Associated with c0:62:6b:66:cd:da
07-31 14:55:51.585: I/wpa_supplicant(675): wlan0: CTRL-EVENT-CONNECTED - Connection to c0:62:6b:66:cd:da completed (auth) [id=3 id_str=]
07-31 14:55:51.595: D/Tethering(532): sendTetherStateChangedBroadcast 1, 0, 0
07-31 14:55:51.615: I/TiAPI(3013): ImageView animation frame has changed, index 7
07-31 14:55:51.655: I/TiAPI(3013): ImageView animation frame has changed, index 6
07-31 14:55:51.675: I/TiAPI(3013): ImageView animation frame has changed, index 5
07-31 14:55:51.705: I/TiAPI(3013): ImageView animation frame has changed, index 4
07-31 14:55:51.735: I/TiAPI(3013): ImageView animation frame has changed, index 3
07-31 14:55:51.775: I/TiAPI(3013): ImageView animation frame has changed, index 2
07-31 14:55:51.815: I/TiAPI(3013): ImageView animation frame has changed, index 1
07-31 14:55:51.855: I/TiAPI(3013): ImageView animation frame has changed, index 0
07-31 14:55:51.885: I/TiAPI(3013): ImageView animation frame has changed, index 16
07-31 14:55:51.925: I/TiAPI(3013): ImageView animation frame has changed, index 15
07-31 14:55:51.965: I/TiAPI(3013): ImageView animation frame has changed, index 14
07-31 14:55:52.005: I/TiAPI(3013): ImageView animation frame has changed, index 13
07-31 14:55:52.045: I/TiAPI(3013): ImageView animation frame has changed, index 12
07-31 14:55:52.085: I/TiAPI(3013): ImageView animation frame has changed, index 11
07-31 14:55:52.115: I/TiAPI(3013): ImageView animation frame has changed, index 10
07-31 14:55:52.155: I/TiAPI(3013): ImageView animation frame has changed, index 9
07-31 14:55:52.185: I/TiAPI(3013): ImageView animation frame has changed, index 8
07-31 14:55:52.205: D/ConnectivityService(532): Captive portal check NetworkInfo: type: WIFI[], state: CONNECTING/CAPTIVE_PORTAL_CHECK, reason: (unspecified), extra: "ITOS-DEV", roaming: false, failover: false, isAvailable: true
07-31 14:55:52.205: D/ConnectivityService(532): ConnectivityChange for WIFI: CONNECTED/CONNECTED
07-31 14:55:52.235: D/Nat464Xlat(532): requiresClat: netType=1, hasIPv4Address=true
07-31 14:55:52.245: I/TiAPI(3013): ImageView animation frame has changed, index 7
07-31 14:55:52.256: I/CheckinService(884): Preparing to send checkin request
07-31 14:55:52.256: I/EventLogService(884): Accumulating logs since 1375307431180
07-31 14:55:52.276: I/TiAPI(3013): ImageView animation frame has changed, index 6
07-31 14:55:52.316: I/Adreno200-EGL(884): : EGL 1.4 QUALCOMM Build: Iabe52cfaeae4c5fab1acacfe6f056ba15fa93274
07-31 14:55:52.326: I/TiAPI(3013): ImageView animation frame has changed, index 5
07-31 14:55:52.356: I/TiAPI(3013): ImageView animation frame has changed, index 4
07-31 14:55:52.386: I/TiAPI(3013): ImageView animation frame has changed, index 3
07-31 14:55:52.426: I/TiAPI(3013): ImageView animation frame has changed, index 2
07-31 14:55:52.456: I/TiAPI(3013): ImageView animation frame has changed, index 1
07-31 14:55:52.486: I/TiAPI(3013): ImageView animation frame has changed, index 0
07-31 14:55:52.516: D/dalvikvm(884): GC_CONCURRENT freed 619K, 9% free 9608K/10504K, paused 2ms+2ms, total 16ms
07-31 14:55:52.516: I/TiAPI(3013): ImageView animation frame has changed, index 16
07-31 14:55:52.556: I/TiAPI(3013): ImageView animation frame has changed, index 15
07-31 14:55:52.586: I/TiAPI(3013): ImageView animation frame has changed, index 14
07-31 14:55:52.626: I/TiAPI(3013): ImageView animation frame has changed, index 13
07-31 14:55:52.656: I/TiAPI(3013): ImageView animation frame has changed, index 12
07-31 14:55:52.686: I/TiAPI(3013): ImageView animation frame has changed, index 11
07-31 14:55:52.716: I/TiAPI(3013): ImageView animation frame has changed, index 10
07-31 14:55:52.756: I/TiAPI(3013): ImageView animation frame has changed, index 9
07-31 14:55:52.786: I/TiAPI(3013): ImageView animation frame has changed, index 8
07-31 14:55:52.816: I/TiAPI(3013): ImageView animation frame has changed, index 7
07-31 14:55:52.856: I/TiAPI(3013): ImageView animation frame has changed, index 6
07-31 14:55:52.886: I/TiAPI(3013): ImageView animation frame has changed, index 5
07-31 14:55:52.916: I/TiAPI(3013): ImageView animation frame has changed, index 4
07-31 14:55:52.956: I/TiAPI(3013): ImageView animation frame has changed, index 3
07-31 14:55:52.956: D/dalvikvm(884): GC_CONCURRENT freed 326K, 7% free 9781K/10504K, paused 1ms+1ms, total 15ms
07-31 14:55:52.956: D/dalvikvm(884): WAIT_FOR_CONCURRENT_GC blocked 10ms
07-31 14:55:52.986: D/dalvikvm(884): GC_FOR_ALLOC freed 43K, 6% free 9898K/10504K, paused 23ms, total 26ms
07-31 14:55:52.986: I/dalvikvm-heap(884): Grow heap (frag case) to 9.828MB for 82220-byte allocation
07-31 14:55:52.996: I/TiAPI(3013): ImageView animation frame has changed, index 2
07-31 14:55:52.996: D/dalvikvm(884): GC_FOR_ALLOC freed <1K, 6% free 9979K/10588K, paused 15ms, total 15ms
07-31 14:55:53.006: D/dalvikvm(884): GC_FOR_ALLOC freed 40K, 7% free 9938K/10588K, paused 14ms, total 14ms
07-31 14:55:53.016: I/TiAPI(3013): ImageView animation frame has changed, index 1
07-31 14:55:53.056: D/dalvikvm(884): GC_FOR_ALLOC freed 412K, 8% free 9753K/10588K, paused 13ms, total 13ms
07-31 14:55:53.056: I/TiAPI(3013): ImageView animation frame has changed, index 0
07-31 14:55:53.076: D/dalvikvm(884): GC_FOR_ALLOC freed 168K, 8% free 9826K/10588K, paused 14ms, total 14ms
07-31 14:55:53.086: I/TiAPI(3013): ImageView animation frame has changed, index 16
07-31 14:55:53.086: I/CheckinTask(884): Sending checkin request (27119 bytes)
07-31 14:55:53.116: I/TiAPI(3013): ImageView animation frame has changed, index 15
07-31 14:55:53.156: I/TiAPI(3013): ImageView animation frame has changed, index 14
07-31 14:55:53.186: I/TiAPI(3013): ImageView animation frame has changed, index 13
07-31 14:55:53.206: D/ConnectivityService(532): NetTransition Wakelock for ConnectedState released by timeout
07-31 14:55:53.216: I/TiAPI(3013): ImageView animation frame has changed, index 12
07-31 14:55:53.246: I/TiAPI(3013): ImageView animation frame has changed, index 11
07-31 14:55:53.287: I/TiAPI(3013): ImageView animation frame has changed, index 10
07-31 14:55:53.317: I/TiAPI(3013): ImageView animation frame has changed, index 9
07-31 14:55:53.357: I/TiAPI(3013): ImageView animation frame has changed, index 8
07-31 14:55:53.387: I/TiAPI(3013): ImageView animation frame has changed, index 7
07-31 14:55:53.417: I/TiAPI(3013): ImageView animation frame has changed, index 6
07-31 14:55:53.447: I/TiAPI(3013): ImageView animation frame has changed, index 5
07-31 14:55:53.487: I/TiAPI(3013): ImageView animation frame has changed, index 4
07-31 14:55:53.517: I/TiAPI(3013): ImageView animation frame has changed, index 3
07-31 14:55:53.547: I/TiAPI(3013): ImageView animation frame has changed, index 2
07-31 14:55:53.587: I/TiAPI(3013): ImageView animation frame has changed, index 1
07-31 14:55:53.617: I/TiAPI(3013): ImageView animation frame has changed, index 0
07-31 14:55:53.647: I/TiAPI(3013): ImageView animation frame has changed, index 16
07-31 14:55:53.687: I/TiAPI(3013): ImageView animation frame has changed, index 15
07-31 14:55:53.717: I/TiAPI(3013): ImageView animation frame has changed, index 14
07-31 14:55:53.747: I/TiAPI(3013): ImageView animation frame has changed, index 13
07-31 14:55:53.787: D/Tethering(532): MasterInitialState.processMessage what=3
07-31 14:55:53.787: I/TiAPI(3013): ImageView animation frame has changed, index 12
07-31 14:55:53.827: I/TiAPI(3013): ImageView animation frame has changed, index 11
07-31 14:55:53.837: I/GTalkService/c(884): [AndroidEndpoint@1105756568] connect: acct=1000000, state=CONNECTING
07-31 14:55:53.857: I/TiAPI(3013): ImageView animation frame has changed, index 10
07-31 14:55:53.877: D/GCM(884): GcmService start Intent { act=android.net.conn.CONNECTIVITY_CHANGE flg=0x8000010 cmp=com.google.android.gms/.gcm.GcmService (has extras) } android.net.conn.CONNECTIVITY_CHANGE
07-31 14:55:53.887: I/TiAPI(3013): ImageView animation frame has changed, index 9
07-31 14:55:53.887: E/(532): W/virtual loc_api_adapter_err LocApiAdapter::enableData(int): default implementation invoked
07-31 14:55:53.887: E/(532): W/virtual loc_api_adapter_err LocApiAdapter::setAPN(char*, int): default implementation invoked
07-31 14:55:53.917: I/TiAPI(3013): ImageView animation frame has changed, index 8
07-31 14:55:53.947: I/TiAPI(3013): ImageView animation frame has changed, index 7
07-31 14:55:53.987: I/TiAPI(3013): ImageView animation frame has changed, index 6
07-31 14:55:54.027: I/TiAPI(3013): ImageView animation frame has changed, index 5
07-31 14:55:54.057: I/TiAPI(3013): ImageView animation frame has changed, index 4
07-31 14:55:54.087: I/TiAPI(3013): ImageView animation frame has changed, index 3
07-31 14:55:54.117: I/TiAPI(3013): ImageView animation frame has changed, index 2
07-31 14:55:54.157: I/TiAPI(3013): ImageView animation frame has changed, index 1
07-31 14:55:54.197: I/TiAPI(3013): ImageView animation frame has changed, index 0
07-31 14:55:54.247: I/TiAPI(3013): ImageView animation frame has changed, index 16
07-31 14:55:54.297: I/TiAPI(3013): ImageView animation frame has changed, index 15
07-31 14:55:54.328: I/TiAPI(3013): ImageView animation frame has changed, index 14
07-31 14:55:54.378: I/TiAPI(3013): ImageView animation frame has changed, index 13
07-31 14:55:54.428: I/TiAPI(3013): ImageView animation frame has changed, index 12
07-31 14:55:54.478: I/TiAPI(3013): ImageView animation frame has changed, index 11
07-31 14:55:54.528: I/TiAPI(3013): ImageView animation frame has changed, index 10
07-31 14:55:54.578: I/TiAPI(3013): ImageView animation frame has changed, index 9
07-31 14:55:54.628: I/TiAPI(3013): ImageView animation frame has changed, index 8
07-31 14:55:54.678: I/TiAPI(3013): ImageView animation frame has changed, index 7
07-31 14:55:54.728: I/TiAPI(3013): ImageView animation frame has changed, index 6
07-31 14:55:54.778: I/TiAPI(3013): ImageView animation frame has changed, index 5
07-31 14:55:54.818: I/TiAPI(3013): ImageView animation frame has changed, index 4
07-31 14:55:54.848: I/TiAPI(3013): ImageView animation frame has changed, index 3
07-31 14:55:54.888: I/TiAPI(3013): ImageView animation frame has changed, index 2
07-31 14:55:54.918: I/TiAPI(3013): ImageView animation frame has changed, index 1
07-31 14:55:54.948: I/TiAPI(3013): ImageView animation frame has changed, index 0
07-31 14:55:54.988: I/TiAPI(3013): ImageView animation frame has changed, index 16
07-31 14:55:55.018: I/TiAPI(3013): ImageView animation frame has changed, index 15
07-31 14:55:55.048: I/TiAPI(3013): ImageView animation frame has changed, index 14
07-31 14:55:55.088: I/TiAPI(3013): ImageView animation frame has changed, index 13
07-31 14:55:55.118: I/TiAPI(3013): ImageView animation frame has changed, index 12
07-31 14:55:55.148: I/TiAPI(3013): ImageView animation frame has changed, index 11
07-31 14:55:55.178: I/TiAPI(3013): ImageView animation frame has changed, index 10
07-31 14:55:55.218: I/TiAPI(3013): ImageView animation frame has changed, index 9
07-31 14:55:55.238: D/Tethering(532): MasterInitialState.processMessage what=3
07-31 14:55:55.268: E/(532): W/virtual loc_api_adapter_err LocApiAdapter::enableData(int): default implementation invoked
07-31 14:55:55.268: E/(532): W/virtual loc_api_adapter_err LocApiAdapter::setAPN(char*, int): default implementation invoked
07-31 14:55:55.268: I/TiAPI(3013): ImageView animation frame has changed, index 8
07-31 14:55:55.318: I/TiAPI(3013): ImageView animation frame has changed, index 7
07-31 14:55:55.318: D/GCM(884): GcmService start Intent { act=android.net.conn.CONNECTIVITY_CHANGE flg=0x8000010 cmp=com.google.android.gms/.gcm.GcmService (has extras) } android.net.conn.CONNECTIVITY_CHANGE
07-31 14:55:55.349: I/TiAPI(3013): ImageView animation frame has changed, index 6
07-31 14:55:55.389: I/TiAPI(3013): ImageView animation frame has changed, index 5
07-31 14:55:55.419: I/TiAPI(3013): ImageView animation frame has changed, index 4
07-31 14:55:55.459: I/TiAPI(3013): ImageView animation frame has changed, index 3
07-31 14:55:55.479: I/TiAPI(3013): ImageView animation frame has changed, index 2
07-31 14:55:55.519: I/TiAPI(3013): ImageView animation frame has changed, index 1
07-31 14:55:55.549: I/TiAPI(3013): ImageView animation frame has changed, index 0
07-31 14:55:55.579: I/TiAPI(3013): ImageView animation frame has changed, index 16
07-31 14:55:55.619: I/TiAPI(3013): ImageView animation frame has changed, index 15
07-31 14:55:55.649: I/TiAPI(3013): ImageView animation frame has changed, index 14
07-31 14:55:55.679: I/TiAPI(3013): ImageView animation frame has changed, index 13
07-31 14:55:55.719: I/TiAPI(3013): ImageView animation frame has changed, index 12
07-31 14:55:55.749: I/TiAPI(3013): ImageView animation frame has changed, index 11
07-31 14:55:55.779: I/TiAPI(3013): ImageView animation frame has changed, index 10
07-31 14:55:55.819: I/TiAPI(3013): ImageView animation frame has changed, index 9
07-31 14:55:55.849: I/TiAPI(3013): ImageView animation frame has changed, index 8
07-31 14:55:55.879: I/TiAPI(3013): ImageView animation frame has changed, index 7
07-31 14:55:55.919: I/TiAPI(3013): ImageView animation frame has changed, index 6
07-31 14:55:55.949: I/TiAPI(3013): ImageView animation frame has changed, index 5
07-31 14:55:55.979: I/TiAPI(3013): ImageView animation frame has changed, index 4
07-31 14:55:56.019: I/TiAPI(3013): ImageView animation frame has changed, index 3
07-31 14:55:56.049: I/TiAPI(3013): ImageView animation frame has changed, index 2
07-31 14:55:56.089: I/TiAPI(3013): ImageView animation frame has changed, index 1
07-31 14:55:56.119: I/TiAPI(3013): ImageView animation frame has changed, index 0
07-31 14:55:56.159: I/TiAPI(3013): ImageView animation frame has changed, index 16
07-31 14:55:56.189: I/TiAPI(3013): ImageView animation frame has changed, index 15
07-31 14:55:56.219: I/TiAPI(3013): ImageView animation frame has changed, index 14
07-31 14:55:56.259: I/TiAPI(3013): ImageView animation frame has changed, index 13
07-31 14:55:56.299: I/TiAPI(3013): ImageView animation frame has changed, index 12
07-31 14:55:56.329: I/TiAPI(3013): ImageView animation frame has changed, index 11
07-31 14:55:56.370: I/TiAPI(3013): ImageView animation frame has changed, index 10
07-31 14:55:56.400: I/TiAPI(3013): ImageView animation frame has changed, index 9
07-31 14:55:56.430: I/TiAPI(3013): ImageView animation frame has changed, index 8
07-31 14:55:56.460: I/TiAPI(3013): ImageView animation frame has changed, index 7
07-31 14:55:56.490: I/TiAPI(3013): ImageView animation frame has changed, index 6
07-31 14:55:56.520: I/TiAPI(3013): ImageView animation frame has changed, index 5
07-31 14:55:56.550: I/TiAPI(3013): ImageView animation frame has changed, index 4
07-31 14:55:56.590: I/TiAPI(3013): ImageView animation frame has changed, index 3
07-31 14:55:56.620: I/TiAPI(3013): ImageView animation frame has changed, index 2
07-31 14:55:56.650: I/TiAPI(3013): ImageView animation frame has changed, index 1
07-31 14:55:56.680: I/TiAPI(3013): ImageView animation frame has changed, index 0
07-31 14:55:56.730: I/TiAPI(3013): ImageView animation frame has changed, index 16
07-31 14:55:56.760: I/TiAPI(3013): ImageView animation frame has changed, index 15
07-31 14:55:56.800: I/TiAPI(3013): ImageView animation frame has changed, index 14
07-31 14:55:56.840: I/TiAPI(3013): ImageView animation frame has changed, index 13
07-31 14:55:56.880: I/TiAPI(3013): ImageView animation frame has changed, index 12
07-31 14:55:56.910: I/TiAPI(3013): ImageView animation frame has changed, index 11
07-31 14:55:56.950: I/TiAPI(3013): ImageView animation frame has changed, index 10
07-31 14:55:56.980: I/TiAPI(3013): ImageView animation frame has changed, index 9
07-31 14:55:57.010: I/TiAPI(3013): ImageView animation frame has changed, index 8
07-31 14:55:57.050: I/TiAPI(3013): ImageView animation frame has changed, index 7
07-31 14:55:57.080: I/TiAPI(3013): ImageView animation frame has changed, index 6
07-31 14:55:57.110: I/TiAPI(3013): ImageView animation frame has changed, index 5
07-31 14:55:57.150: I/TiAPI(3013): ImageView animation frame has changed, index 4
07-31 14:55:57.180: I/TiAPI(3013): ImageView animation frame has changed, index 3
07-31 14:55:57.210: I/TiAPI(3013): ImageView animation frame has changed, index 2
07-31 14:55:57.250: I/TiAPI(3013): ImageView animation frame has changed, index 1
07-31 14:55:57.280: I/TiAPI(3013): ImageView animation frame has changed, index 0
07-31 14:55:57.310: I/TiAPI(3013): ImageView animation frame has changed, index 16
07-31 14:55:57.350: I/TiAPI(3013): ImageView animation frame has changed, index 15
07-31 14:55:57.381: I/TiAPI(3013): ImageView animation frame has changed, index 14
07-31 14:55:57.411: I/TiAPI(3013): ImageView animation frame has changed, index 13
07-31 14:55:57.451: I/TiAPI(3013): ImageView animation frame has changed, index 12
07-31 14:55:57.481: I/TiAPI(3013): ImageView animation frame has changed, index 11
07-31 14:55:57.511: I/TiAPI(3013): ImageView animation frame has changed, index 10
07-31 14:55:57.551: I/TiAPI(3013): ImageView animation frame has changed, index 9
07-31 14:55:57.581: I/TiAPI(3013): ImageView animation frame has changed, index 8
07-31 14:55:57.611: I/TiAPI(3013): ImageView animation frame has changed, index 7
07-31 14:55:57.651: I/TiAPI(3013): ImageView animation frame has changed, index 6
07-31 14:55:57.681: I/TiAPI(3013): ImageView animation frame has changed, index 5
07-31 14:55:57.711: I/TiAPI(3013): ImageView animation frame has changed, index 4
07-31 14:55:57.751: I/TiAPI(3013): ImageView animation frame has changed, index 3
07-31 14:55:57.781: I/TiAPI(3013): ImageView animation frame has changed, index 2
07-31 14:55:57.811: I/TiAPI(3013): ImageView animation frame has changed, index 1
07-31 14:55:57.851: I/TiAPI(3013): ImageView animation frame has changed, index 0
07-31 14:55:57.881: I/TiAPI(3013): ImageView animation frame has changed, index 16
07-31 14:55:57.911: I/TiAPI(3013): ImageView animation frame has changed, index 15
07-31 14:55:57.951: I/TiAPI(3013): ImageView animation frame has changed, index 14
07-31 14:55:57.981: I/TiAPI(3013): ImageView animation frame has changed, index 13
07-31 14:55:58.021: I/TiAPI(3013): ImageView animation frame has changed, index 12
07-31 14:55:58.051: I/TiAPI(3013): ImageView animation frame has changed, index 11
07-31 14:55:58.081: I/TiAPI(3013): ImageView animation frame has changed, index 10
07-31 14:55:58.111: I/TiAPI(3013): ImageView animation frame has changed, index 9
07-31 14:55:58.151: I/TiAPI(3013): ImageView animation frame has changed, index 8
07-31 14:55:58.181: I/TiAPI(3013): ImageView animation frame has changed, index 7
07-31 14:55:58.221: I/TiAPI(3013): ImageView animation frame has changed, index 6
07-31 14:55:58.251: I/TiAPI(3013): ImageView animation frame has changed, index 5
07-31 14:55:58.281: I/TiAPI(3013): ImageView animation frame has changed, index 4
07-31 14:55:58.311: I/TiAPI(3013): ImageView animation frame has changed, index 3
07-31 14:55:58.351: I/TiAPI(3013): ImageView animation frame has changed, index 2
07-31 14:55:58.381: I/TiAPI(3013): ImageView animation frame has changed, index 1
07-31 14:55:58.412: I/TiAPI(3013): ImageView animation frame has changed, index 0
07-31 14:55:58.452: I/TiAPI(3013): ImageView animation frame has changed, index 16
07-31 14:55:58.492: I/TiAPI(3013): ImageView animation frame has changed, index 15
07-31 14:55:58.532: I/TiAPI(3013): ImageView animation frame has changed, index 14
07-31 14:55:58.562: I/TiAPI(3013): ImageView animation frame has changed, index 13
07-31 14:55:58.592: I/TiAPI(3013): ImageView animation frame has changed, index 12
07-31 14:55:58.632: I/TiAPI(3013): ImageView animation frame has changed, index 11
07-31 14:55:58.662: I/TiAPI(3013): ImageView animation frame has changed, index 10
07-31 14:55:58.702: I/TiAPI(3013): ImageView animation frame has changed, index 9
07-31 14:55:58.732: I/TiAPI(3013): ImageView animation frame has changed, index 8
