07-31 14:57:39.640: I/TiAPI(3013): ImageView animation frame has changed, index 4
07-31 14:57:39.740: I/TiAPI(3013): ImageView animation frame has changed, index 5
07-31 14:57:39.850: I/TiAPI(3013): ImageView animation frame has changed, index 6
07-31 14:57:39.951: I/TiAPI(3013): ImageView animation frame has changed, index 7
07-31 14:57:40.051: I/TiAPI(3013): ImageView animation frame has changed, index 8
07-31 14:57:40.151: I/TiAPI(3013): ImageView animation frame has changed, index 9
07-31 14:57:40.251: I/TiAPI(3013): ImageView animation frame has changed, index 10
07-31 14:57:40.351: I/TiAPI(3013): ImageView animation frame has changed, index 11
07-31 14:57:40.451: I/TiAPI(3013): ImageView animation frame has changed, index 12
07-31 14:57:40.551: I/TiAPI(3013): ImageView animation frame has changed, index 13
07-31 14:57:40.651: I/TiAPI(3013): ImageView animation frame has changed, index 14
07-31 14:57:40.751: I/TiAPI(3013): ImageView animation frame has changed, index 15
07-31 14:57:40.851: I/TiAPI(3013): ImageView animation frame has changed, index 16
07-31 14:57:40.952: I/TiAPI(3013): ImageView animation frame has changed, index 0
07-31 14:57:41.052: I/TiAPI(3013): ImageView animation frame has changed, index 1
07-31 14:57:41.152: I/TiAPI(3013): ImageView animation frame has changed, index 2
07-31 14:57:41.252: I/TiAPI(3013): ImageView animation frame has changed, index 3
07-31 14:57:41.352: I/TiAPI(3013): ImageView animation frame has changed, index 4
07-31 14:57:41.452: I/TiAPI(3013): ImageView animation frame has changed, index 5
07-31 14:57:41.552: I/TiAPI(3013): ImageView animation frame has changed, index 6
07-31 14:57:41.652: I/TiAPI(3013): ImageView animation frame has changed, index 7
07-31 14:57:41.752: I/TiAPI(3013): ImageView animation frame has changed, index 8
07-31 14:57:41.852: I/TiAPI(3013): ImageView animation frame has changed, index 9
07-31 14:57:41.953: I/TiAPI(3013): ImageView animation frame has changed, index 10
07-31 14:57:42.053: I/TiAPI(3013): ImageView animation frame has changed, index 11
07-31 14:57:42.153: I/TiAPI(3013): ImageView animation frame has changed, index 12
07-31 14:57:42.253: I/TiAPI(3013): ImageView animation frame has changed, index 13
07-31 14:57:42.353: I/TiAPI(3013): ImageView animation frame has changed, index 14
07-31 14:57:42.453: I/TiAPI(3013): ImageView animation frame has changed, index 15
07-31 14:57:42.553: I/TiAPI(3013): ImageView animation frame has changed, index 16
07-31 14:57:42.653: I/TiAPI(3013): ImageView animation frame has changed, index 0
07-31 14:57:42.753: I/TiAPI(3013): ImageView animation frame has changed, index 1
07-31 14:57:42.853: I/TiAPI(3013): ImageView animation frame has changed, index 2
07-31 14:57:42.954: I/TiAPI(3013): ImageView animation frame has changed, index 3
07-31 14:57:43.054: I/TiAPI(3013): ImageView animation frame has changed, index 4
07-31 14:57:43.154: I/TiAPI(3013): ImageView animation frame has changed, index 5
07-31 14:57:43.254: I/TiAPI(3013): ImageView animation frame has changed, index 6
07-31 14:57:43.354: I/TiAPI(3013): ImageView animation frame has changed, index 7
07-31 14:57:43.454: I/TiAPI(3013): ImageView animation frame has changed, index 8
07-31 14:57:43.554: I/TiAPI(3013): ImageView animation frame has changed, index 9
07-31 14:57:43.654: I/TiAPI(3013): ImageView animation frame has changed, index 10
07-31 14:57:43.754: I/TiAPI(3013): ImageView animation frame has changed, index 11
07-31 14:57:43.854: I/TiAPI(3013): ImageView animation frame has changed, index 12
07-31 14:57:43.954: I/TiAPI(3013): ImageView animation frame has changed, index 13
07-31 14:57:44.055: I/TiAPI(3013): ImageView animation frame has changed, index 14
07-31 14:57:44.155: I/TiAPI(3013): ImageView animation frame has changed, index 15
07-31 14:57:44.255: I/TiAPI(3013): ImageView animation frame has changed, index 16
07-31 14:57:44.355: I/TiAPI(3013): ImageView animation frame has changed, index 0
07-31 14:57:44.445: I/TiAPI(3013): ImageView animation frame has changed, index 1
07-31 14:57:44.545: I/TiAPI(3013): ImageView animation frame has changed, index 2
07-31 14:57:44.645: I/TiAPI(3013): ImageView animation frame has changed, index 3
07-31 14:57:44.745: I/TiAPI(3013): ImageView animation frame has changed, index 4
07-31 14:57:44.845: I/TiAPI(3013): ImageView animation frame has changed, index 5
07-31 14:57:44.945: I/TiAPI(3013): ImageView animation frame has changed, index 6
07-31 14:57:45.046: I/TiAPI(3013): ImageView animation frame has changed, index 7
07-31 14:57:45.146: I/TiAPI(3013): ImageView animation frame has changed, index 8
07-31 14:57:45.246: I/TiAPI(3013): ImageView animation frame has changed, index 9
07-31 14:57:45.346: I/TiAPI(3013): ImageView animation frame has changed, index 10
07-31 14:57:45.446: I/TiAPI(3013): ImageView animation frame has changed, index 11
07-31 14:57:45.546: I/TiAPI(3013): ImageView animation frame has changed, index 12
07-31 14:57:45.646: I/TiAPI(3013): ImageView animation frame has changed, index 13
07-31 14:57:45.746: I/TiAPI(3013): ImageView animation frame has changed, index 14
07-31 14:57:45.846: I/TiAPI(3013): ImageView animation frame has changed, index 15
07-31 14:57:45.946: I/TiAPI(3013): ImageView animation frame has changed, index 16
07-31 14:57:46.047: I/TiAPI(3013): ImageView animation frame has changed, index 0
07-31 14:57:46.147: I/TiAPI(3013): ImageView animation frame has changed, index 1
07-31 14:57:46.247: I/TiAPI(3013): ImageView animation frame has changed, index 2
07-31 14:57:46.347: I/TiAPI(3013): ImageView animation frame has changed, index 3
07-31 14:57:46.447: I/TiAPI(3013): ImageView animation frame has changed, index 4
07-31 14:57:46.547: I/TiAPI(3013): ImageView animation frame has changed, index 5
07-31 14:57:46.647: I/TiAPI(3013): ImageView animation frame has changed, index 6
07-31 14:57:46.747: I/TiAPI(3013): ImageView animation frame has changed, index 7
07-31 14:57:46.847: I/TiAPI(3013): ImageView animation frame has changed, index 8
07-31 14:57:46.927: I/TiAnalyticsSvc(3013): (Thread-268) [203098,2549795] Analytics Service Started
07-31 14:57:46.947: I/TiAPI(3013): ImageView animation frame has changed, index 9
07-31 14:57:47.047: I/TiAPI(3013): ImageView animation frame has changed, index 10
07-31 14:57:47.148: I/TiAPI(3013): ImageView animation frame has changed, index 11
07-31 14:57:47.248: I/TiAPI(3013): ImageView animation frame has changed, index 12
07-31 14:57:47.348: I/TiAPI(3013): ImageView animation frame has changed, index 13
07-31 14:57:47.448: I/TiAPI(3013): ImageView animation frame has changed, index 14
07-31 14:57:47.548: I/TiAPI(3013): ImageView animation frame has changed, index 15
07-31 14:57:47.648: I/TiAPI(3013): ImageView animation frame has changed, index 16
07-31 14:57:47.748: I/TiAPI(3013): ImageView animation frame has changed, index 0
07-31 14:57:47.848: I/TiAPI(3013): ImageView animation frame has changed, index 1
07-31 14:57:47.948: I/TiAPI(3013): ImageView animation frame has changed, index 2
07-31 14:57:48.048: I/TiAPI(3013): ImageView animation frame has changed, index 3
07-31 14:57:48.079: D/dalvikvm(789): GC_CONCURRENT freed 331K, 7% free 10299K/11032K, paused 3ms+3ms, total 31ms
07-31 14:57:48.149: I/TiAPI(3013): ImageView animation frame has changed, index 4
07-31 14:57:48.269: I/TiAPI(3013): ImageView animation frame has changed, index 5
07-31 14:57:48.349: I/TiAPI(3013): ImageView animation frame has changed, index 6
07-31 14:57:48.449: I/TiAPI(3013): ImageView animation frame has changed, index 7
07-31 14:57:48.549: I/TiAPI(3013): ImageView animation frame has changed, index 8
07-31 14:57:48.649: I/TiAPI(3013): ImageView animation frame has changed, index 9
07-31 14:57:48.749: I/TiAPI(3013): ImageView animation frame has changed, index 10
07-31 14:57:48.849: I/TiAPI(3013): ImageView animation frame has changed, index 11
07-31 14:57:48.949: I/TiAPI(3013): ImageView animation frame has changed, index 12
07-31 14:57:49.049: I/TiAPI(3013): ImageView animation frame has changed, index 13
07-31 14:57:49.160: I/TiAPI(3013): ImageView animation frame has changed, index 14
07-31 14:57:49.260: I/TiAPI(3013): ImageView animation frame has changed, index 15
07-31 14:57:49.360: I/TiAPI(3013): ImageView animation frame has changed, index 16
07-31 14:57:49.460: I/TiAPI(3013): ImageView animation frame has changed, index 0
07-31 14:57:49.560: I/TiAPI(3013): ImageView animation frame has changed, index 1
07-31 14:57:49.660: I/TiAPI(3013): ImageView animation frame has changed, index 2
07-31 14:57:49.760: I/TiAPI(3013): ImageView animation frame has changed, index 3
07-31 14:57:49.860: I/TiAPI(3013): ImageView animation frame has changed, index 4
07-31 14:57:49.960: I/TiAPI(3013): ImageView animation frame has changed, index 5
07-31 14:57:50.060: I/TiAPI(3013): ImageView animation frame has changed, index 6
07-31 14:57:50.161: I/TiAPI(3013): ImageView animation frame has changed, index 7
07-31 14:57:50.261: I/TiAPI(3013): ImageView animation frame has changed, index 8
07-31 14:57:50.361: I/TiAPI(3013): ImageView animation frame has changed, index 9
07-31 14:57:50.461: I/TiAPI(3013): ImageView animation frame has changed, index 10
07-31 14:57:50.561: I/TiAPI(3013): ImageView animation frame has changed, index 11
07-31 14:57:50.661: I/TiAPI(3013): ImageView animation frame has changed, index 12
07-31 14:57:50.761: I/TiAPI(3013): ImageView animation frame has changed, index 13
07-31 14:57:50.861: I/TiAPI(3013): ImageView animation frame has changed, index 14
07-31 14:57:50.961: I/TiAPI(3013): ImageView animation frame has changed, index 15
07-31 14:57:51.061: I/TiAPI(3013): ImageView animation frame has changed, index 16
07-31 14:57:51.162: I/TiAPI(3013): ImageView animation frame has changed, index 0
07-31 14:57:51.272: I/TiAPI(3013): ImageView animation frame has changed, index 1
07-31 14:57:51.372: I/TiAPI(3013): ImageView animation frame has changed, index 2
07-31 14:57:51.472: I/TiAPI(3013): ImageView animation frame has changed, index 3
07-31 14:57:51.572: I/TiAPI(3013): ImageView animation frame has changed, index 4
07-31 14:57:51.672: I/TiAPI(3013): ImageView animation frame has changed, index 5
07-31 14:57:51.772: I/TiAPI(3013): ImageView animation frame has changed, index 6
07-31 14:57:51.872: I/TiAPI(3013): ImageView animation frame has changed, index 7
07-31 14:57:51.972: I/TiAPI(3013): ImageView animation frame has changed, index 8
07-31 14:57:52.072: I/TiAPI(3013): ImageView animation frame has changed, index 9
07-31 14:57:52.072: E/TiAnalyticsSvc(3013): (Thread-268) [5141,2554936] Error posting events: Connect to /23.23.227.162:443 timed out
07-31 14:57:52.072: E/TiAnalyticsSvc(3013): org.apache.http.conn.ConnectTimeoutException: Connect to /23.23.227.162:443 timed out
07-31 14:57:52.072: E/TiAnalyticsSvc(3013): at org.apache.http.conn.scheme.PlainSocketFactory.connectSocket(PlainSocketFactory.java:121)
07-31 14:57:52.072: E/TiAnalyticsSvc(3013): at org.apache.http.impl.conn.DefaultClientConnectionOperator.openConnection(DefaultClientConnectionOperator.java:144)
07-31 14:57:52.072: E/TiAnalyticsSvc(3013): at org.apache.http.impl.conn.AbstractPoolEntry.open(AbstractPoolEntry.java:164)
07-31 14:57:52.072: E/TiAnalyticsSvc(3013): at org.apache.http.impl.conn.AbstractPooledConnAdapter.open(AbstractPooledConnAdapter.java:119)
07-31 14:57:52.072: E/TiAnalyticsSvc(3013): at org.apache.http.impl.client.DefaultRequestDirector.execute(DefaultRequestDirector.java:360)
07-31 14:57:52.072: E/TiAnalyticsSvc(3013): at org.apache.http.impl.client.AbstractHttpClient.execute(AbstractHttpClient.java:555)
07-31 14:57:52.072: E/TiAnalyticsSvc(3013): at org.apache.http.impl.client.AbstractHttpClient.execute(AbstractHttpClient.java:653)
07-31 14:57:52.072: E/TiAnalyticsSvc(3013): at org.apache.http.impl.client.AbstractHttpClient.execute(AbstractHttpClient.java:627)
07-31 14:57:52.072: E/TiAnalyticsSvc(3013): at org.apache.http.impl.client.AbstractHttpClient.execute(AbstractHttpClient.java:616)
07-31 14:57:52.072: E/TiAnalyticsSvc(3013): at org.appcelerator.titanium.analytics.TiAnalyticsService$1.run(TiAnalyticsService.java:143)
07-31 14:57:52.072: E/TiAnalyticsSvc(3013): at java.lang.Thread.run(Thread.java:841)
07-31 14:57:52.072: I/TiAnalyticsSvc(3013): (Thread-268) [3,2554939] Stopping Analytics Service
07-31 14:57:52.172: I/TiAPI(3013): ImageView animation frame has changed, index 10
07-31 14:57:52.273: I/TiAPI(3013): ImageView animation frame has changed, index 11
07-31 14:57:52.373: I/TiAPI(3013): ImageView animation frame has changed, index 12
07-31 14:57:52.473: I/TiAPI(3013): ImageView animation frame has changed, index 13
07-31 14:57:52.573: I/TiAPI(3013): ImageView animation frame has changed, index 14
07-31 14:57:52.673: I/TiAPI(3013): ImageView animation frame has changed, index 15
07-31 14:57:52.773: I/TiAPI(3013): ImageView animation frame has changed, index 16
07-31 14:57:52.873: I/TiAPI(3013): ImageView animation frame has changed, index 0
07-31 14:57:52.973: I/TiAPI(3013): ImageView animation frame has changed, index 1
07-31 14:57:53.073: I/TiAPI(3013): ImageView animation frame has changed, index 2
07-31 14:57:53.173: I/TiAPI(3013): ImageView animation frame has changed, index 3
07-31 14:57:53.274: I/TiAPI(3013): ImageView animation frame has changed, index 4
07-31 14:57:53.374: I/TiAPI(3013): ImageView animation frame has changed, index 5
07-31 14:57:53.474: I/TiAPI(3013): ImageView animation frame has changed, index 6
07-31 14:57:53.574: I/TiAPI(3013): ImageView animation frame has changed, index 7
07-31 14:57:53.674: I/TiAPI(3013): ImageView animation frame has changed, index 8
07-31 14:57:53.774: I/TiAPI(3013): ImageView animation frame has changed, index 9
07-31 14:57:53.874: I/TiAPI(3013): ImageView animation frame has changed, index 10
07-31 14:57:53.974: I/TiAPI(3013): ImageView animation frame has changed, index 11
07-31 14:57:54.074: I/TiAPI(3013): ImageView animation frame has changed, index 12
07-31 14:57:54.174: I/TiAPI(3013): ImageView animation frame has changed, index 13
07-31 14:57:54.275: I/TiAPI(3013): ImageView animation frame has changed, index 14
07-31 14:57:54.375: I/TiAPI(3013): ImageView animation frame has changed, index 15
07-31 14:57:54.475: I/TiAPI(3013): ImageView animation frame has changed, index 16
07-31 14:57:54.575: I/TiAPI(3013): ImageView animation frame has changed, index 0
07-31 14:57:54.675: I/TiAPI(3013): ImageView animation frame has changed, index 1
07-31 14:57:54.765: I/TiAPI(3013): ImageView animation frame has changed, index 2
07-31 14:57:54.865: I/TiAPI(3013): ImageView animation frame has changed, index 3
07-31 14:57:54.965: I/TiAPI(3013): ImageView animation frame has changed, index 4
07-31 14:57:55.065: I/TiAPI(3013): ImageView animation frame has changed, index 5
07-31 14:57:55.165: I/TiAPI(3013): ImageView animation frame has changed, index 6
07-31 14:57:55.266: I/TiAPI(3013): ImageView animation frame has changed, index 7
07-31 14:57:55.366: I/TiAPI(3013): ImageView animation frame has changed, index 8
07-31 14:57:55.466: I/TiAPI(3013): ImageView animation frame has changed, index 9
07-31 14:57:55.566: I/TiAPI(3013): ImageView animation frame has changed, index 10
07-31 14:57:55.666: I/TiAPI(3013): ImageView animation frame has changed, index 11
07-31 14:57:55.766: I/TiAPI(3013): ImageView animation frame has changed, index 12
07-31 14:57:55.866: I/TiAPI(3013): ImageView animation frame has changed, index 13
07-31 14:57:55.966: I/TiAPI(3013): ImageView animation frame has changed, index 14
07-31 14:57:56.066: I/TiAPI(3013): ImageView animation frame has changed, index 15
07-31 14:57:56.166: I/TiAPI(3013): ImageView animation frame has changed, index 16
07-31 14:57:56.266: I/TiAPI(3013): ImageView animation frame has changed, index 0
07-31 14:57:56.367: I/TiAPI(3013): ImageView animation frame has changed, index 1
07-31 14:57:56.467: I/TiAPI(3013): ImageView animation frame has changed, index 2
07-31 14:57:56.567: I/TiAPI(3013): ImageView animation frame has changed, index 3
07-31 14:57:56.667: I/TiAPI(3013): ImageView animation frame has changed, index 4
07-31 14:57:56.767: I/TiAPI(3013): ImageView animation frame has changed, index 5
07-31 14:57:56.867: I/TiAPI(3013): ImageView animation frame has changed, index 6
07-31 14:57:56.967: I/TiAPI(3013): ImageView animation frame has changed, index 7
07-31 14:57:57.067: I/TiAPI(3013): ImageView animation frame has changed, index 8
07-31 14:57:57.167: I/TiAPI(3013): ImageView animation frame has changed, index 9
07-31 14:57:57.267: I/TiAPI(3013): ImageView animation frame has changed, index 10
07-31 14:57:57.368: I/TiAPI(3013): ImageView animation frame has changed, index 11
07-31 14:57:57.468: I/TiAPI(3013): ImageView animation frame has changed, index 12
07-31 14:57:57.568: I/TiAPI(3013): ImageView animation frame has changed, index 13
07-31 14:57:57.668: I/TiAPI(3013): ImageView animation frame has changed, index 14
07-31 14:57:57.778: I/TiAPI(3013): ImageView animation frame has changed, index 15
07-31 14:57:57.878: I/TiAPI(3013): ImageView animation frame has changed, index 16
07-31 14:57:57.978: I/TiAPI(3013): ImageView animation frame has changed, index 0
07-31 14:57:58.078: I/TiAPI(3013): ImageView animation frame has changed, index 1
07-31 14:57:58.178: I/TiAPI(3013): ImageView animation frame has changed, index 2
07-31 14:57:58.278: I/TiAPI(3013): ImageView animation frame has changed, index 3
07-31 14:57:58.379: I/TiAPI(3013): ImageView animation frame has changed, index 4
07-31 14:57:58.479: I/TiAPI(3013): ImageView animation frame has changed, index 5
07-31 14:57:58.579: I/TiAPI(3013): ImageView animation frame has changed, index 6
07-31 14:57:58.679: I/TiAPI(3013): ImageView animation frame has changed, index 7
07-31 14:57:58.779: I/TiAPI(3013): ImageView animation frame has changed, index 8
07-31 14:57:58.879: I/TiAPI(3013): ImageView animation frame has changed, index 9
07-31 14:57:58.979: I/TiAPI(3013): ImageView animation frame has changed, index 10
07-31 14:57:59.079: I/TiAPI(3013): ImageView animation frame has changed, index 11
07-31 14:57:59.179: I/TiAPI(3013): ImageView animation frame has changed, index 12
07-31 14:57:59.279: I/TiAPI(3013): ImageView animation frame has changed, index 13
07-31 14:57:59.380: I/TiAPI(3013): ImageView animation frame has changed, index 14
07-31 14:57:59.480: I/TiAPI(3013): ImageView animation frame has changed, index 15
07-31 14:57:59.580: I/TiAPI(3013): ImageView animation frame has changed, index 16
07-31 14:57:59.680: I/TiAPI(3013): ImageView animation frame has changed, index 0
07-31 14:57:59.780: I/TiAPI(3013): ImageView animation frame has changed, index 1
07-31 14:57:59.880: I/TiAPI(3013): ImageView animation frame has changed, index 2
07-31 14:57:59.980: I/TiAPI(3013): ImageView animation frame has changed, index 3
07-31 14:58:00.080: I/TiAPI(3013): ImageView animation frame has changed, index 4
07-31 14:58:00.180: I/TiAPI(3013): ImageView animation frame has changed, index 5
07-31 14:58:00.280: I/TiAPI(3013): ImageView animation frame has changed, index 6
07-31 14:58:00.381: I/TiAPI(3013): ImageView animation frame has changed, index 7
07-31 14:58:00.481: I/TiAPI(3013): ImageView animation frame has changed, index 8
07-31 14:58:00.581: I/TiAPI(3013): ImageView animation frame has changed, index 9
07-31 14:58:00.681: I/TiAPI(3013): ImageView animation frame has changed, index 10
07-31 14:58:00.781: I/TiAPI(3013): ImageView animation frame has changed, index 11
07-31 14:58:00.881: I/TiAPI(3013): ImageView animation frame has changed, index 12
07-31 14:58:00.981: I/TiAPI(3013): ImageView animation frame has changed, index 13
07-31 14:58:01.081: I/TiAPI(3013): ImageView animation frame has changed, index 14
07-31 14:58:01.181: I/TiAPI(3013): ImageView animation frame has changed, index 15
07-31 14:58:01.281: I/TiAPI(3013): ImageView animation frame has changed, index 16
07-31 14:58:01.381: I/TiAPI(3013): ImageView animation frame has changed, index 0
07-31 14:58:01.482: I/TiAPI(3013): ImageView animation frame has changed, index 1
07-31 14:58:01.582: I/TiAPI(3013): ImageView animation frame has changed, index 2
07-31 14:58:01.682: I/TiAPI(3013): ImageView animation frame has changed, index 3
07-31 14:58:01.782: I/TiAPI(3013): ImageView animation frame has changed, index 4
07-31 14:58:01.882: I/TiAPI(3013): ImageView animation frame has changed, index 5
07-31 14:58:01.982: I/TiAPI(3013): ImageView animation frame has changed, index 6
07-31 14:58:02.082: I/TiAPI(3013): ImageView animation frame has changed, index 7
07-31 14:58:02.182: I/TiAPI(3013): ImageView animation frame has changed, index 8
07-31 14:58:02.282: I/TiAPI(3013): ImageView animation frame has changed, index 9
07-31 14:58:02.382: I/TiAPI(3013): ImageView animation frame has changed, index 10
07-31 14:58:02.483: I/TiAPI(3013): ImageView animation frame has changed, index 11
07-31 14:58:02.583: I/TiAPI(3013): ImageView animation frame has changed, index 12
07-31 14:58:02.683: I/TiAPI(3013): ImageView animation frame has changed, index 13
07-31 14:58:02.793: I/TiAPI(3013): ImageView animation frame has changed, index 14
07-31 14:58:02.883: I/TiAPI(3013): ImageView animation frame has changed, index 15
07-31 14:58:02.983: I/TiAPI(3013): ImageView animation frame has changed, index 16
07-31 14:58:03.083: I/TiAPI(3013): ImageView animation frame has changed, index 0
07-31 14:58:03.183: I/TiAPI(3013): ImageView animation frame has changed, index 1
07-31 14:58:03.283: I/TiAPI(3013): ImageView animation frame has changed, index 2
07-31 14:58:03.383: I/TiAPI(3013): ImageView animation frame has changed, index 3
07-31 14:58:03.494: I/TiAPI(3013): ImageView animation frame has changed, index 4
07-31 14:58:03.594: I/TiAPI(3013): ImageView animation frame has changed, index 5
07-31 14:58:03.684: I/TiAPI(3013): ImageView animation frame has changed, index 6
07-31 14:58:03.784: I/TiAPI(3013): ImageView animation frame has changed, index 7
07-31 14:58:03.894: I/TiAPI(3013): ImageView animation frame has changed, index 8
07-31 14:58:03.994: I/TiAPI(3013): ImageView animation frame has changed, index 9
07-31 14:58:04.094: I/TiAPI(3013): ImageView animation frame has changed, index 10
07-31 14:58:04.194: I/TiAPI(3013): ImageView animation frame has changed, index 11
07-31 14:58:04.294: I/TiAPI(3013): ImageView animation frame has changed, index 12
07-31 14:58:04.384: I/TiAPI(3013): ImageView animation frame has changed, index 13
07-31 14:58:04.495: I/TiAPI(3013): ImageView animation frame has changed, index 14
07-31 14:58:04.595: I/TiAPI(3013): ImageView animation frame has changed, index 15
07-31 14:58:04.695: I/TiAPI(3013): ImageView animation frame has changed, index 16
07-31 14:58:04.795: I/TiAPI(3013): ImageView animation frame has changed, index 0
07-31 14:58:04.895: I/TiAPI(3013): ImageView animation frame has changed, index 1
07-31 14:58:04.995: I/TiAPI(3013): ImageView animation frame has changed, index 2
07-31 14:58:05.085: I/TiAPI(3013): ImageView animation frame has changed, index 3
07-31 14:58:05.185: I/TiAPI(3013): ImageView animation frame has changed, index 4
07-31 14:58:05.285: I/TiAPI(3013): ImageView animation frame has changed, index 5
07-31 14:58:05.385: I/TiAPI(3013): ImageView animation frame has changed, index 6
07-31 14:58:05.485: I/TiAPI(3013): ImageView animation frame has changed, index 7
07-31 14:58:05.586: I/TiAPI(3013): ImageView animation frame has changed, index 8
07-31 14:58:05.686: I/TiAPI(3013): ImageView animation frame has changed, index 9
07-31 14:58:05.786: I/TiAPI(3013): ImageView animation frame has changed, index 10
07-31 14:58:05.886: I/TiAPI(3013): ImageView animation frame has changed, index 11
07-31 14:58:05.986: I/TiAPI(3013): ImageView animation frame has changed, index 12
07-31 14:58:06.086: I/TiAPI(3013): ImageView animation frame has changed, index 13
07-31 14:58:06.186: I/TiAPI(3013): ImageView animation frame has changed, index 14
07-31 14:58:06.286: I/TiAPI(3013): ImageView animation frame has changed, index 15
07-31 14:58:06.386: I/TiAPI(3013): ImageView animation frame has changed, index 16
07-31 14:58:06.486: I/TiAPI(3013): ImageView animation frame has changed, index 0
07-31 14:58:06.587: I/TiAPI(3013): ImageView animation frame has changed, index 1
07-31 14:58:06.687: I/TiAPI(3013): ImageView animation frame has changed, index 2
07-31 14:58:06.787: I/TiAPI(3013): ImageView animation frame has changed, index 3
07-31 14:58:06.887: I/TiAPI(3013): ImageView animation frame has changed, index 4
07-31 14:58:06.987: I/TiAPI(3013): ImageView animation frame has changed, index 5
07-31 14:58:07.087: I/TiAPI(3013): ImageView animation frame has changed, index 6
07-31 14:58:07.187: I/TiAPI(3013): ImageView animation frame has changed, index 7
07-31 14:58:07.287: I/TiAPI(3013): ImageView animation frame has changed, index 8
07-31 14:58:07.387: I/TiAPI(3013): ImageView animation frame has changed, index 9
07-31 14:58:07.487: I/TiAPI(3013): ImageView animation frame has changed, index 10
07-31 14:58:07.588: I/TiAPI(3013): ImageView animation frame has changed, index 11
07-31 14:58:07.688: I/TiAPI(3013): ImageView animation frame has changed, index 12
07-31 14:58:07.788: I/TiAPI(3013): ImageView animation frame has changed, index 13
07-31 14:58:07.888: I/TiAPI(3013): ImageView animation frame has changed, index 14
07-31 14:58:07.988: I/TiAPI(3013): ImageView animation frame has changed, index 15
07-31 14:58:08.088: I/TiAPI(3013): ImageView animation frame has changed, index 16
07-31 14:58:08.188: I/TiAPI(3013): ImageView animation frame has changed, index 0
07-31 14:58:08.288: I/TiAPI(3013): ImageView animation frame has changed, index 1
07-31 14:58:08.388: I/TiAPI(3013): ImageView animation frame has changed, index 2
07-31 14:58:08.488: I/TiAPI(3013): ImageView animation frame has changed, index 3
07-31 14:58:08.589: I/TiAPI(3013): ImageView animation frame has changed, index 4
07-31 14:58:08.689: I/TiAPI(3013): ImageView animation frame has changed, index 5
07-31 14:58:08.789: I/TiAPI(3013): ImageView animation frame has changed, index 6
07-31 14:58:08.889: I/TiAPI(3013): ImageView animation frame has changed, index 7
07-31 14:58:08.989: I/TiAPI(3013): ImageView animation frame has changed, index 8
07-31 14:58:09.089: I/TiAPI(3013): ImageView animation frame has changed, index 9
07-31 14:58:09.189: I/TiAPI(3013): ImageView animation frame has changed, index 10
07-31 14:58:09.289: I/TiAPI(3013): ImageView animation frame has changed, index 11
07-31 14:58:09.389: I/TiAPI(3013): ImageView animation frame has changed, index 12
07-31 14:58:09.489: I/TiAPI(3013): ImageView animation frame has changed, index 13
07-31 14:58:09.589: I/TiAPI(3013): ImageView animation frame has changed, index 14
07-31 14:58:09.690: I/TiAPI(3013): ImageView animation frame has changed, index 15
07-31 14:58:09.790: I/TiAPI(3013): ImageView animation frame has changed, index 16
07-31 14:58:09.890: I/TiAPI(3013): ImageView animation frame has changed, index 0
07-31 14:58:09.990: I/TiAPI(3013): ImageView animation frame has changed, index 1
07-31 14:58:10.090: I/TiAPI(3013): ImageView animation frame has changed, index 2
07-31 14:58:10.190: I/TiAPI(3013): ImageView animation frame has changed, index 3
07-31 14:58:10.290: I/TiAPI(3013): ImageView animation frame has changed, index 4
07-31 14:58:10.390: I/TiAPI(3013): ImageView animation frame has changed, index 5
07-31 14:58:10.490: I/TiAPI(3013): ImageView animation frame has changed, index 6
07-31 14:58:10.590: I/TiAPI(3013): ImageView animation frame has changed, index 7
07-31 14:58:10.691: I/TiAPI(3013): ImageView animation frame has changed, index 8
07-31 14:58:10.791: I/TiAPI(3013): ImageView animation frame has changed, index 9
07-31 14:58:10.891: I/TiAPI(3013): ImageView animation frame has changed, index 10
07-31 14:58:10.991: I/TiAPI(3013): ImageView animation frame has changed, index 11
07-31 14:58:11.091: I/TiAPI(3013): ImageView animation frame has changed, index 12
07-31 14:58:11.191: I/TiAPI(3013): ImageView animation frame has changed, index 13
07-31 14:58:11.291: I/TiAPI(3013): ImageView animation frame has changed, index 14
07-31 14:58:11.401: I/TiAPI(3013): ImageView animation frame has changed, index 15
07-31 14:58:11.501: I/TiAPI(3013): ImageView animation frame has changed, index 16
07-31 14:58:11.601: I/TiAPI(3013): ImageView animation frame has changed, index 0
07-31 14:58:11.702: I/TiAPI(3013): ImageView animation frame has changed, index 1
07-31 14:58:11.802: I/TiAPI(3013): ImageView animation frame has changed, index 2
07-31 14:58:11.902: I/TiAPI(3013): ImageView animation frame has changed, index 3
07-31 14:58:12.002: I/TiAPI(3013): ImageView animation frame has changed, index 4
07-31 14:58:12.102: I/TiAPI(3013): ImageView animation frame has changed, index 5
07-31 14:58:12.202: I/TiAPI(3013): ImageView animation frame has changed, index 6
07-31 14:58:12.302: I/TiAPI(3013): ImageView animation frame has changed, index 7
07-31 14:58:12.402: I/TiAPI(3013): ImageView animation frame has changed, index 8
07-31 14:58:12.502: I/TiAPI(3013): ImageView animation frame has changed, index 9
07-31 14:58:12.602: I/TiAPI(3013): ImageView animation frame has changed, index 10
07-31 14:58:12.683: E/GTalkService(884): connectionClosed: no XMPPConnection - That's strange!
07-31 14:58:12.703: I/TiAPI(3013): ImageView animation frame has changed, index 11
07-31 14:58:12.803: I/TiAPI(3013): ImageView animation frame has changed, index 12
07-31 14:58:12.903: I/TiAPI(3013): ImageView animation frame has changed, index 13
07-31 14:58:13.003: I/TiAPI(3013): ImageView animation frame has changed, index 14
07-31 14:58:13.103: I/TiAPI(3013): ImageView animation frame has changed, index 15
07-31 14:58:13.203: I/TiAPI(3013): ImageView animation frame has changed, index 16
07-31 14:58:13.303: I/TiAPI(3013): ImageView animation frame has changed, index 0
07-31 14:58:13.403: I/TiAPI(3013): ImageView animation frame has changed, index 1
07-31 14:58:13.503: I/TiAPI(3013): ImageView animation frame has changed, index 2
07-31 14:58:13.603: I/TiAPI(3013): ImageView animation frame has changed, index 3
07-31 14:58:13.704: I/TiAPI(3013): ImageView animation frame has changed, index 4
07-31 14:58:13.804: I/TiAPI(3013): ImageView animation frame has changed, index 5
07-31 14:58:13.904: I/TiAPI(3013): ImageView animation frame has changed, index 6
07-31 14:58:14.004: I/TiAPI(3013): ImageView animation frame has changed, index 7
07-31 14:58:14.104: I/TiAPI(3013): ImageView animation frame has changed, index 8
07-31 14:58:14.204: I/TiAPI(3013): ImageView animation frame has changed, index 9
07-31 14:58:14.304: I/TiAPI(3013): ImageView animation frame has changed, index 10
07-31 14:58:14.404: I/TiAPI(3013): ImageView animation frame has changed, index 11
07-31 14:58:14.504: I/TiAPI(3013): ImageView animation frame has changed, index 12
07-31 14:58:14.604: I/TiAPI(3013): ImageView animation frame has changed, index 13
07-31 14:58:14.704: I/TiAPI(3013): ImageView animation frame has changed, index 14
07-31 14:58:14.805: I/TiAPI(3013): ImageView animation frame has changed, index 15
07-31 14:58:14.905: I/TiAPI(3013): ImageView animation frame has changed, index 16
07-31 14:58:15.005: I/TiAPI(3013): ImageView animation frame has changed, index 0
07-31 14:58:15.105: I/TiAPI(3013): ImageView animation frame has changed, index 1
07-31 14:58:15.195: I/TiAPI(3013): ImageView animation frame has changed, index 2
07-31 14:58:15.295: I/TiAPI(3013): ImageView animation frame has changed, index 3
07-31 14:58:15.395: I/TiAPI(3013): ImageView animation frame has changed, index 4
07-31 14:58:15.505: I/TiAPI(3013): ImageView animation frame has changed, index 5
07-31 14:58:15.605: I/TiAPI(3013): ImageView animation frame has changed, index 6
07-31 14:58:15.675: D/ConnectivityService(532): handleInetConditionHoldEnd: net=1, condition=0, published condition=0
07-31 14:58:15.705: I/TiAPI(3013): ImageView animation frame has changed, index 7
07-31 14:58:15.806: I/TiAPI(3013): ImageView animation frame has changed, index 8
07-31 14:58:15.906: I/TiAPI(3013): ImageView animation frame has changed, index 9
07-31 14:58:16.006: I/TiAPI(3013): ImageView animation frame has changed, index 10
07-31 14:58:16.106: I/TiAPI(3013): ImageView animation frame has changed, index 11
07-31 14:58:16.206: I/TiAPI(3013): ImageView animation frame has changed, index 12
07-31 14:58:16.306: I/TiAPI(3013): ImageView animation frame has changed, index 13
07-31 14:58:16.406: I/TiAPI(3013): ImageView animation frame has changed, index 14
07-31 14:58:16.496: I/TiAPI(3013): ImageView animation frame has changed, index 15
07-31 14:58:16.606: I/TiAPI(3013): ImageView animation frame has changed, index 16
07-31 14:58:16.706: I/TiAPI(3013): ImageView animation frame has changed, index 0
07-31 14:58:16.807: I/TiAPI(3013): ImageView animation frame has changed, index 1
07-31 14:58:16.907: I/TiAPI(3013): ImageView animation frame has changed, index 2
07-31 14:58:17.007: I/TiAPI(3013): ImageView animation frame has changed, index 3
07-31 14:58:17.107: I/TiAPI(3013): ImageView animation frame has changed, index 4
07-31 14:58:17.207: I/TiAPI(3013): ImageView animation frame has changed, index 5
07-31 14:58:17.307: I/TiAPI(3013): ImageView animation frame has changed, index 6
07-31 14:58:17.417: I/TiAPI(3013): ImageView animation frame has changed, index 7
07-31 14:58:17.507: I/TiAPI(3013): ImageView animation frame has changed, index 8
07-31 14:58:17.607: I/TiAPI(3013): ImageView animation frame has changed, index 9
07-31 14:58:17.707: I/TiAPI(3013): ImageView animation frame has changed, index 10
07-31 14:58:17.808: I/TiAPI(3013): ImageView animation frame has changed, index 11
07-31 14:58:17.908: I/TiAPI(3013): ImageView animation frame has changed, index 12
07-31 14:58:18.008: I/TiAPI(3013): ImageView animation frame has changed, index 13
07-31 14:58:18.108: I/TiAPI(3013): ImageView animation frame has changed, index 14
07-31 14:58:18.208: I/TiAPI(3013): ImageView animation frame has changed, index 15
07-31 14:58:18.308: I/TiAPI(3013): ImageView animation frame has changed, index 16
07-31 14:58:18.408: I/TiAPI(3013): ImageView animation frame has changed, index 0
07-31 14:58:18.508: I/TiAPI(3013): ImageView animation frame has changed, index 1
07-31 14:58:18.608: I/TiAPI(3013): ImageView animation frame has changed, index 2
07-31 14:58:18.708: I/TiAPI(3013): ImageView animation frame has changed, index 3
07-31 14:58:18.808: I/TiAPI(3013): ImageView animation frame has changed, index 4
07-31 14:58:18.909: I/TiAPI(3013): ImageView animation frame has changed, index 5
07-31 14:58:19.009: I/TiAPI(3013): ImageView animation frame has changed, index 6
07-31 14:58:19.109: I/TiAPI(3013): ImageView animation frame has changed, index 7
07-31 14:58:19.209: I/TiAPI(3013): ImageView animation frame has changed, index 8
07-31 14:58:19.309: I/TiAPI(3013): ImageView animation frame has changed, index 9
07-31 14:58:19.409: I/TiAPI(3013): ImageView animation frame has changed, index 10
07-31 14:58:19.509: I/TiAPI(3013): ImageView animation frame has changed, index 11
07-31 14:58:19.609: I/TiAPI(3013): ImageView animation frame has changed, index 12
07-31 14:58:19.709: I/TiAPI(3013): ImageView animation frame has changed, index 13
07-31 14:58:19.809: I/TiAPI(3013): ImageView animation frame has changed, index 14
07-31 14:58:19.910: I/TiAPI(3013): ImageView animation frame has changed, index 15
07-31 14:58:20.010: I/TiAPI(3013): ImageView animation frame has changed, index 16
07-31 14:58:20.110: I/TiAPI(3013): ImageView animation frame has changed, index 0
07-31 14:58:20.210: I/TiAPI(3013): ImageView animation frame has changed, index 1
07-31 14:58:20.310: I/TiAPI(3013): ImageView animation frame has changed, index 2
07-31 14:58:20.410: I/TiAPI(3013): ImageView animation frame has changed, index 3
07-31 14:58:20.510: I/TiAPI(3013): ImageView animation frame has changed, index 4
07-31 14:58:20.610: I/TiAPI(3013): ImageView animation frame has changed, index 5
07-31 14:58:20.710: I/TiAPI(3013): ImageView animation frame has changed, index 6
07-31 14:58:20.810: I/TiAPI(3013): ImageView animation frame has changed, index 7
07-31 14:58:20.911: I/TiAPI(3013): ImageView animation frame has changed, index 8
07-31 14:58:21.011: I/TiAPI(3013): ImageView animation frame has changed, index 9
07-31 14:58:21.111: I/TiAPI(3013): ImageView animation frame has changed, index 10
07-31 14:58:21.211: I/TiAPI(3013): ImageView animation frame has changed, index 11
07-31 14:58:21.311: I/TiAPI(3013): ImageView animation frame has changed, index 12
07-31 14:58:21.411: I/TiAPI(3013): ImageView animation frame has changed, index 13
07-31 14:58:21.511: I/TiAPI(3013): ImageView animation frame has changed, index 14
07-31 14:58:21.611: I/TiAPI(3013): ImageView animation frame has changed, index 15
07-31 14:58:21.711: I/TiAPI(3013): ImageView animation frame has changed, index 16
07-31 14:58:21.811: I/TiAPI(3013): ImageView animation frame has changed, index 0
07-31 14:58:21.912: I/TiAPI(3013): ImageView animation frame has changed, index 1
07-31 14:58:22.012: I/TiAPI(3013): ImageView animation frame has changed, index 2
07-31 14:58:22.112: I/TiAPI(3013): ImageView animation frame has changed, index 3
07-31 14:58:22.212: I/TiAPI(3013): ImageView animation frame has changed, index 4
07-31 14:58:22.312: I/TiAPI(3013): ImageView animation frame has changed, index 5
07-31 14:58:22.412: I/TiAPI(3013): ImageView animation frame has changed, index 6
07-31 14:58:22.522: I/TiAPI(3013): ImageView animation frame has changed, index 7
07-31 14:58:22.612: I/TiAPI(3013): ImageView animation frame has changed, index 8
07-31 14:58:22.712: I/TiAPI(3013): ImageView animation frame has changed, index 9
07-31 14:58:22.812: I/TiAPI(3013): ImageView animation frame has changed, index 10
07-31 14:58:22.912: I/TiAPI(3013): ImageView animation frame has changed, index 11
07-31 14:58:23.013: I/TiAPI(3013): ImageView animation frame has changed, index 12
07-31 14:58:23.113: I/TiAPI(3013): ImageView animation frame has changed, index 13
07-31 14:58:23.213: I/TiAPI(3013): ImageView animation frame has changed, index 14
07-31 14:58:23.313: I/TiAPI(3013): ImageView animation frame has changed, index 15
07-31 14:58:23.413: I/TiAPI(3013): ImageView animation frame has changed, index 16
07-31 14:58:23.513: I/TiAPI(3013): ImageView animation frame has changed, index 0
07-31 14:58:23.613: I/TiAPI(3013): ImageView animation frame has changed, index 1
07-31 14:58:23.713: I/TiAPI(3013): ImageView animation frame has changed, index 2
07-31 14:58:23.813: I/TiAPI(3013): ImageView animation frame has changed, index 3
07-31 14:58:23.913: I/TiAPI(3013): ImageView animation frame has changed, index 4
07-31 14:58:24.014: I/TiAPI(3013): ImageView animation frame has changed, index 5
07-31 14:58:24.114: I/TiAPI(3013): ImageView animation frame has changed, index 6
07-31 14:58:24.214: I/TiAPI(3013): ImageView animation frame has changed, index 7
07-31 14:58:24.314: I/TiAPI(3013): ImageView animation frame has changed, index 8
07-31 14:58:24.424: I/TiAPI(3013): ImageView animation frame has changed, index 9
07-31 14:58:24.514: I/TiAPI(3013): ImageView animation frame has changed, index 10
07-31 14:58:24.614: I/TiAPI(3013): ImageView animation frame has changed, index 11
07-31 14:58:24.714: I/TiAPI(3013): ImageView animation frame has changed, index 12
07-31 14:58:24.814: I/TiAPI(3013): ImageView animation frame has changed, index 13
07-31 14:58:24.914: I/TiAPI(3013): ImageView animation frame has changed, index 14
07-31 14:58:25.015: I/TiAPI(3013): ImageView animation frame has changed, index 15
07-31 14:58:25.115: I/TiAPI(3013): ImageView animation frame has changed, index 16
07-31 14:58:25.215: I/TiAPI(3013): ImageView animation frame has changed, index 0
07-31 14:58:25.315: I/TiAPI(3013): ImageView animation frame has changed, index 1
07-31 14:58:25.415: I/TiAPI(3013): ImageView animation frame has changed, index 2
07-31 14:58:25.505: I/TiAPI(3013): ImageView animation frame has changed, index 3
07-31 14:58:25.615: I/TiAPI(3013): ImageView animation frame has changed, index 4
07-31 14:58:25.715: I/TiAPI(3013): ImageView animation frame has changed, index 5
07-31 14:58:25.795: I/MusicSyncAdapter(1553): Sync failed due to soft error.
07-31 14:58:25.795: D/SyncManager(532): failed sync operation appcel123@gmail.com u0 (com.google), com.google.android.music.MusicContent, SERVER, earliestRunTime 18662733, reason: IsSyncable, SyncResult: stats [ numIoExceptions: 1]
07-31 14:58:25.805: I/TiAPI(3013): ImageView animation frame has changed, index 6
07-31 14:58:25.905: I/MusicLeanback(1553): Conditions not met for autocaching.
07-31 14:58:25.905: I/MusicLeanback(1553): Stop autocaching.
07-31 14:58:25.905: W/ArtDownloadService(1553): Setting cache size -1
07-31 14:58:25.915: W/ArtDownloadService(1553): Setting cache size 11110962
07-31 14:58:25.915: I/TiAPI(3013): ImageView animation frame has changed, index 7
07-31 14:58:26.016: I/TiAPI(3013): ImageView animation frame has changed, index 8
07-31 14:58:26.116: I/TiAPI(3013): ImageView animation frame has changed, index 9
07-31 14:58:26.216: I/TiAPI(3013): ImageView animation frame has changed, index 10
07-31 14:58:26.316: I/TiAPI(3013): ImageView animation frame has changed, index 11
07-31 14:58:26.416: I/TiAPI(3013): ImageView animation frame has changed, index 12
07-31 14:58:26.516: I/TiAPI(3013): ImageView animation frame has changed, index 13
07-31 14:58:26.616: I/TiAPI(3013): ImageView animation frame has changed, index 14
07-31 14:58:26.716: I/TiAPI(3013): ImageView animation frame has changed, index 15
07-31 14:58:26.816: I/TiAPI(3013): ImageView animation frame has changed, index 16
07-31 14:58:26.916: I/TiAPI(3013): ImageView animation frame has changed, index 0
07-31 14:58:27.016: I/TiAPI(3013): ImageView animation frame has changed, index 1
07-31 14:58:27.117: I/TiAPI(3013): ImageView animation frame has changed, index 2
07-31 14:58:27.217: I/TiAPI(3013): ImageView animation frame has changed, index 3
07-31 14:58:27.317: I/TiAPI(3013): ImageView animation frame has changed, index 4
07-31 14:58:27.427: I/TiAPI(3013): ImageView animation frame has changed, index 5
07-31 14:58:27.517: I/TiAPI(3013): ImageView animation frame has changed, index 6
07-31 14:58:27.617: I/TiAPI(3013): ImageView animation frame has changed, index 7
07-31 14:58:27.727: I/TiAPI(3013): ImageView animation frame has changed, index 8
07-31 14:58:27.817: I/TiAPI(3013): ImageView animation frame has changed, index 9
07-31 14:58:27.917: I/TiAPI(3013): ImageView animation frame has changed, index 10
07-31 14:58:28.027: I/TiAPI(3013): ImageView animation frame has changed, index 11
07-31 14:58:28.118: I/TiAPI(3013): ImageView animation frame has changed, index 12
07-31 14:58:28.218: I/TiAPI(3013): ImageView animation frame has changed, index 13
07-31 14:58:28.328: I/TiAPI(3013): ImageView animation frame has changed, index 14
07-31 14:58:28.418: I/TiAPI(3013): ImageView animation frame has changed, index 15
07-31 14:58:28.518: I/TiAPI(3013): ImageView animation frame has changed, index 16
07-31 14:58:28.628: I/TiAPI(3013): ImageView animation frame has changed, index 0
07-31 14:58:28.718: I/TiAPI(3013): ImageView animation frame has changed, index 1
07-31 14:58:28.818: I/TiAPI(3013): ImageView animation frame has changed, index 2
07-31 14:58:28.928: I/TiAPI(3013): ImageView animation frame has changed, index 3
07-31 14:58:29.018: I/TiAPI(3013): ImageView animation frame has changed, index 4
07-31 14:58:29.119: I/TiAPI(3013): ImageView animation frame has changed, index 5
07-31 14:58:29.229: I/TiAPI(3013): ImageView animation frame has changed, index 6
07-31 14:58:29.319: I/TiAPI(3013): ImageView animation frame has changed, index 7
07-31 14:58:29.419: I/TiAPI(3013): ImageView animation frame has changed, index 8
07-31 14:58:29.519: I/TiAPI(3013): ImageView animation frame has changed, index 9
07-31 14:58:29.619: I/TiAPI(3013): ImageView animation frame has changed, index 10
07-31 14:58:29.719: I/TiAPI(3013): ImageView animation frame has changed, index 11
07-31 14:58:29.819: I/TiAPI(3013): ImageView animation frame has changed, index 12
07-31 14:58:29.919: I/TiAPI(3013): ImageView animation frame has changed, index 13
07-31 14:58:30.019: I/TiAPI(3013): ImageView animation frame has changed, index 14
07-31 14:58:30.120: I/TiAPI(3013): ImageView animation frame has changed, index 15
07-31 14:58:30.220: I/TiAPI(3013): ImageView animation frame has changed, index 16
07-31 14:58:30.320: I/TiAPI(3013): ImageView animation frame has changed, index 0
07-31 14:58:30.420: I/TiAPI(3013): ImageView animation frame has changed, index 1
07-31 14:58:30.520: I/TiAPI(3013): ImageView animation frame has changed, index 2
07-31 14:58:30.620: I/TiAPI(3013): ImageView animation frame has changed, index 3
07-31 14:58:30.720: I/TiAPI(3013): ImageView animation frame has changed, index 4
07-31 14:58:30.820: I/TiAPI(3013): ImageView animation frame has changed, index 5
07-31 14:58:30.920: I/TiAPI(3013): ImageView animation frame has changed, index 6
07-31 14:58:31.020: I/TiAPI(3013): ImageView animation frame has changed, index 7
07-31 14:58:31.120: I/TiAPI(3013): ImageView animation frame has changed, index 8
07-31 14:58:31.221: I/TiAPI(3013): ImageView animation frame has changed, index 9
07-31 14:58:31.321: I/TiAPI(3013): ImageView animation frame has changed, index 10
07-31 14:58:31.421: I/TiAPI(3013): ImageView animation frame has changed, index 11
07-31 14:58:31.521: I/TiAPI(3013): ImageView animation frame has changed, index 12
07-31 14:58:31.621: I/TiAPI(3013): ImageView animation frame has changed, index 13
07-31 14:58:31.721: I/TiAPI(3013): ImageView animation frame has changed, index 14
07-31 14:58:31.831: I/TiAPI(3013): ImageView animation frame has changed, index 15
07-31 14:58:31.931: I/TiAPI(3013): ImageView animation frame has changed, index 16
07-31 14:58:32.031: I/TiAPI(3013): ImageView animation frame has changed, index 0
07-31 14:58:32.131: I/TiAPI(3013): ImageView animation frame has changed, index 1
07-31 14:58:32.232: I/TiAPI(3013): ImageView animation frame has changed, index 2
07-31 14:58:32.332: I/TiAPI(3013): ImageView animation frame has changed, index 3
07-31 14:58:32.432: I/TiAPI(3013): ImageView animation frame has changed, index 4
07-31 14:58:32.532: I/TiAPI(3013): ImageView animation frame has changed, index 5
07-31 14:58:32.632: I/TiAPI(3013): ImageView animation frame has changed, index 6
07-31 14:58:32.732: I/TiAPI(3013): ImageView animation frame has changed, index 7
07-31 14:58:32.832: I/TiAPI(3013): ImageView animation frame has changed, index 8
07-31 14:58:32.932: I/TiAPI(3013): ImageView animation frame has changed, index 9
07-31 14:58:33.032: I/TiAPI(3013): ImageView animation frame has changed, index 10
07-31 14:58:33.132: I/TiAPI(3013): ImageView animation frame has changed, index 11
07-31 14:58:33.233: I/TiAPI(3013): ImageView animation frame has changed, index 12
07-31 14:58:33.333: I/TiAPI(3013): ImageView animation frame has changed, index 13
07-31 14:58:33.433: I/TiAPI(3013): ImageView animation frame has changed, index 14
07-31 14:58:33.533: I/TiAPI(3013): ImageView animation frame has changed, index 15
07-31 14:58:33.633: I/TiAPI(3013): ImageView animation frame has changed, index 16
07-31 14:58:33.733: I/TiAPI(3013): ImageView animation frame has changed, index 0
07-31 14:58:33.833: I/TiAPI(3013): ImageView animation frame has changed, index 1
07-31 14:58:33.933: I/TiAPI(3013): ImageView animation frame has changed, index 2
07-31 14:58:34.033: I/TiAPI(3013): ImageView animation frame has changed, index 3
07-31 14:58:34.133: I/TiAPI(3013): ImageView animation frame has changed, index 4
07-31 14:58:34.234: I/TiAPI(3013): ImageView animation frame has changed, index 5
07-31 14:58:34.334: I/TiAPI(3013): ImageView animation frame has changed, index 6
07-31 14:58:34.434: I/TiAPI(3013): ImageView animation frame has changed, index 7
07-31 14:58:34.534: I/TiAPI(3013): ImageView animation frame has changed, index 8
07-31 14:58:34.634: I/TiAPI(3013): ImageView animation frame has changed, index 9
07-31 14:58:34.734: I/TiAPI(3013): ImageView animation frame has changed, index 10
07-31 14:58:34.834: I/TiAPI(3013): ImageView animation frame has changed, index 11
07-31 14:58:34.934: I/TiAPI(3013): ImageView animation frame has changed, index 12
07-31 14:58:35.034: I/TiAPI(3013): ImageView animation frame has changed, index 13
07-31 14:58:35.134: I/TiAPI(3013): ImageView animation frame has changed, index 14
07-31 14:58:35.245: I/TiAPI(3013): ImageView animation frame has changed, index 15
07-31 14:58:35.335: I/TiAPI(3013): ImageView animation frame has changed, index 16
07-31 14:58:35.435: I/TiAPI(3013): ImageView animation frame has changed, index 0
07-31 14:58:35.535: I/TiAPI(3013): ImageView animation frame has changed, index 1
07-31 14:58:35.635: D/audio_hw_primary(179): start_output_stream: enter: usecase(1: low-latency-playback) devices(0x2)
07-31 14:58:35.635: D/audio_hw_primary(179): select_devices: out_snd_device(2: speaker) in_snd_device(0: none)
07-31 14:58:35.635: D/audio_hw_primary(179): enable_snd_device: sending audio calibration for snd_device(2) acdb_id(14)
07-31 14:58:35.635: D/ACDB-LOADER(179): ACDB -> send_afe_cal
07-31 14:58:35.635: D/audio_hw_primary(179): enable_snd_device: snd_device(2: speaker)
07-31 14:58:35.645: I/TiAPI(3013): ImageView animation frame has changed, index 2
07-31 14:58:35.645: D/audio_hw_primary(179): enable_audio_route: apply mixer path: low-latency-playback
07-31 14:58:35.655: D/audio_hw_primary(179): start_output_stream: exit
07-31 14:58:35.725: I/TiAPI(3013): ImageView animation frame has changed, index 3
07-31 14:58:35.835: I/TiAPI(3013): ImageView animation frame has changed, index 4
07-31 14:58:35.925: I/TiAPI(3013): ImageView animation frame has changed, index 5
07-31 14:58:36.025: I/TiAPI(3013): ImageView animation frame has changed, index 6
