07-31 15:14:29.826: W/ArtDownloadService(1553): Setting cache size 11110962
07-31 15:14:29.826: D/BackupManagerService(532): Now staging backup of android
07-31 15:14:29.826: D/BackupManagerService(532): Now staging backup of com.android.providers.settings
07-31 15:14:29.836: D/BackupManagerService(532): Now staging backup of com.android.nfc
07-31 15:14:29.836: D/BackupManagerService(532): Now staging backup of com.android.providers.userdictionary
07-31 15:14:29.836: D/BackupManagerService(532): Now staging backup of com.google.android.calendar
07-31 15:14:29.846: D/BackupManagerService(532): Now staging backup of com.google.android.gallery3d
07-31 15:14:29.846: D/BackupManagerService(532): Now staging backup of com.google.android.gm
07-31 15:14:29.846: D/BackupManagerService(532): Now staging backup of com.google.android.talk
07-31 15:14:29.856: D/BackupManagerService(532): Now staging backup of com.google.android.inputmethod.latin
07-31 15:14:29.856: D/BackupManagerService(532): Now staging backup of com.android.vending
07-31 15:14:29.856: D/BackupManagerService(532): Now staging backup of com.android.sharedstoragebackup
07-31 15:14:29.866: V/BackupServiceBinder(532): doBackup() invoked
07-31 15:14:29.866: D/BackupManagerService(532): Now staging backup of com.google.android.marvin.talkback
07-31 15:14:29.866: D/PerformBackupTask(532): invokeAgentForBackup on @pm@
07-31 15:14:29.866: I/PMBA(532): Previous metadata null mismatch vs 748593 - rewriting
07-31 15:14:29.876: W/BackupTransportService(532): Unknown package in backup request: @pm@
07-31 15:14:39.685: I/GTalkService/c(884): [AndroidEndpoint@1105756568] connect: acct=1000000, state=CONNECTING
07-31 15:14:39.715: D/dalvikvm(884): GC_CONCURRENT freed 380K, 7% free 9830K/10544K, paused 2ms+2ms, total 24ms
07-31 15:15:01.957: V/DigitalWidgetViewsFactory(1167): DigitalWidget sets next alarm string to null
07-31 15:15:30.085: W/BackupTransportService(532): Error sending final backup to server:
07-31 15:15:30.085: W/BackupTransportService(532): org.apache.http.conn.ConnectTimeoutException: Connect to /74.125.29.95:443 timed out
07-31 15:15:30.085: W/BackupTransportService(532): at org.apache.http.conn.scheme.PlainSocketFactory.connectSocket(PlainSocketFactory.java:121)
07-31 15:15:30.085: W/BackupTransportService(532): at org.apache.http.impl.conn.DefaultClientConnectionOperator.openConnection(DefaultClientConnectionOperator.java:144)
07-31 15:15:30.085: W/BackupTransportService(532): at org.apache.http.impl.conn.AbstractPoolEntry.open(AbstractPoolEntry.java:164)
07-31 15:15:30.085: W/BackupTransportService(532): at org.apache.http.impl.conn.AbstractPooledConnAdapter.open(AbstractPooledConnAdapter.java:119)
07-31 15:15:30.085: W/BackupTransportService(532): at org.apache.http.impl.client.DefaultRequestDirector.execute(DefaultRequestDirector.java:360)
07-31 15:15:30.085: W/BackupTransportService(532): at org.apache.http.impl.client.AbstractHttpClient.execute(AbstractHttpClient.java:555)
07-31 15:15:30.085: W/BackupTransportService(532): at org.apache.http.impl.client.AbstractHttpClient.execute(AbstractHttpClient.java:487)
07-31 15:15:30.085: W/BackupTransportService(532): at android.net.http.AndroidHttpClient.execute(AndroidHttpClient.java:257)
07-31 15:15:30.085: W/BackupTransportService(532): at com.google.android.common.http.GoogleHttpClient.executeWithoutRewriting(GoogleHttpClient.java:202)
07-31 15:15:30.085: W/BackupTransportService(532): at com.google.android.common.http.GoogleHttpClient.execute(GoogleHttpClient.java:244)
07-31 15:15:30.085: W/BackupTransportService(532): at com.google.android.common.http.GoogleHttpClient.execute(GoogleHttpClient.java:312)
07-31 15:15:30.085: W/BackupTransportService(532): at com.google.android.backup.BackupTransportService.sendRequestLocked(BackupTransportService.java:831)
07-31 15:15:30.085: W/BackupTransportService(532): at com.google.android.backup.BackupTransportService.access$600(BackupTransportService.java:78)
07-31 15:15:30.085: W/BackupTransportService(532): at com.google.android.backup.BackupTransportService$1.finishBackup(BackupTransportService.java:444)
07-31 15:15:30.085: W/BackupTransportService(532): at com.android.server.BackupManagerService$PerformBackupTask.operationComplete(BackupManagerService.java:2204)
07-31 15:15:30.085: W/BackupTransportService(532): at com.android.server.BackupManagerService$BackupHandler.handleMessage(BackupManagerService.java:544)
07-31 15:15:30.085: W/BackupTransportService(532): at android.os.Handler.dispatchMessage(Handler.java:99)
07-31 15:15:30.085: W/BackupTransportService(532): at android.os.Looper.loop(Looper.java:137)
07-31 15:15:30.085: W/BackupTransportService(532): at android.os.HandlerThread.run(HandlerThread.java:61)
07-31 15:15:30.095: I/PerformBackupTask(532): Backup pass finished.
07-31 15:15:42.917: E/GTalkService(884): connectionClosed: no XMPPConnection - That's strange!
07-31 15:15:45.930: D/ConnectivityService(532): handleInetConditionHoldEnd: net=1, condition=0, published condition=0
07-31 15:16:03.147: I/ActivityManager(532): START u0 {act=android.intent.action.MAIN cat=[android.intent.category.HOME] flg=0x10200000 cmp=com.android.launcher/com.android.launcher2.Launcher} from pid 532
07-31 15:16:03.157: D/audio_hw_primary(179): start_output_stream: enter: usecase(1: low-latency-playback) devices(0x2)
07-31 15:16:03.157: D/audio_hw_primary(179): select_devices: out_snd_device(2: speaker) in_snd_device(0: none)
07-31 15:16:03.157: D/audio_hw_primary(179): enable_snd_device: sending audio calibration for snd_device(2) acdb_id(14)
07-31 15:16:03.157: D/ACDB-LOADER(179): ACDB -> send_afe_cal
07-31 15:16:03.157: D/audio_hw_primary(179): enable_snd_device: snd_device(2: speaker)
07-31 15:16:03.167: D/audio_hw_primary(179): enable_audio_route: apply mixer path: low-latency-playback
07-31 15:16:03.177: D/audio_hw_primary(179): start_output_stream: exit
07-31 15:16:03.227: D/dalvikvm(532): GC_CONCURRENT freed 2989K, 18% free 23521K/28384K, paused 3ms+5ms, total 70ms
07-31 15:16:03.227: D/dalvikvm(532): WAIT_FOR_CONCURRENT_GC blocked 64ms
07-31 15:16:06.270: I/ActivityManager(532): START u0 {act=android.intent.action.MAIN cat=[android.intent.category.LAUNCHER] flg=0x10200000 cmp=com.appcelerator.kitchensink/.KitchensinkActivity} from pid 866
07-31 15:16:06.320: D/dalvikvm(532): GC_FOR_ALLOC freed 1253K, 20% free 22867K/28384K, paused 47ms, total 48ms
07-31 15:16:06.370: D/dalvikvm(532): GC_FOR_ALLOC freed 1113K, 20% free 22861K/28384K, paused 46ms, total 46ms
07-31 15:16:06.450: D/TouchTestDriver(3013): 15:16:06,455 [main] startSession(org.appcelerator.titanium.TiActivity@426018d8)
07-31 15:16:09.383: D/audio_hw_primary(179): out_standby: enter: usecase(1: low-latency-playback)
07-31 15:16:09.443: D/audio_hw_primary(179): stop_output_stream: enter: usecase(1: low-latency-playback)
07-31 15:16:09.443: D/audio_hw_primary(179): disable_audio_route: reset mixer path: low-latency-playback
07-31 15:16:09.443: D/audio_hw_primary(179): disable_snd_device: snd_device(2: speaker)
07-31 15:16:09.453: D/audio_hw_primary(179): stop_output_stream: exit: status(0)
07-31 15:16:09.453: D/audio_hw_primary(179): out_standby: exit
07-31 15:16:30.694: I/GTalkService/c(884): [AndroidEndpoint@1105756568] connect: acct=1000000, state=CONNECTING
07-31 15:16:33.446: I/MusicSyncAdapter(1553): Sync failed due to soft error.
07-31 15:16:33.476: D/SyncManager(532): failed sync operation appcel123@gmail.com u0 (com.google), com.google.android.music.MusicContent, SERVER, earliestRunTime 19828053, reason: IsSyncable, SyncResult: stats [ numIoExceptions: 1]
07-31 15:16:33.617: I/MusicLeanback(1553): Conditions not met for autocaching.
07-31 15:16:33.617: I/MusicLeanback(1553): Stop autocaching.
07-31 15:16:33.637: W/ArtDownloadService(1553): Setting cache size 11110962
07-31 15:16:33.637: W/ArtDownloadService(1553): Setting cache size 11110962
07-31 15:16:33.647: D/dalvikvm(1553): GC_CONCURRENT freed 365K, 6% free 9573K/10088K, paused 1ms+2ms, total 16ms
07-31 15:16:36.449: I/TiAnalyticsSvc(3013): (Thread-281) [798508,3679317] Analytics Service Started
07-31 15:16:41.604: E/TiAnalyticsSvc(3013): (Thread-281) [5146,3684463] Error posting events: Connect to /23.23.227.162:443 timed out
07-31 15:16:41.604: E/TiAnalyticsSvc(3013): org.apache.http.conn.ConnectTimeoutException: Connect to /23.23.227.162:443 timed out
07-31 15:16:41.604: E/TiAnalyticsSvc(3013): at org.apache.http.conn.scheme.PlainSocketFactory.connectSocket(PlainSocketFactory.java:121)
07-31 15:16:41.604: E/TiAnalyticsSvc(3013): at org.apache.http.impl.conn.DefaultClientConnectionOperator.openConnection(DefaultClientConnectionOperator.java:144)
07-31 15:16:41.604: E/TiAnalyticsSvc(3013): at org.apache.http.impl.conn.AbstractPoolEntry.open(AbstractPoolEntry.java:164)
07-31 15:16:41.604: E/TiAnalyticsSvc(3013): at org.apache.http.impl.conn.AbstractPooledConnAdapter.open(AbstractPooledConnAdapter.java:119)
07-31 15:16:41.604: E/TiAnalyticsSvc(3013): at org.apache.http.impl.client.DefaultRequestDirector.execute(DefaultRequestDirector.java:360)
07-31 15:16:41.604: E/TiAnalyticsSvc(3013): at org.apache.http.impl.client.AbstractHttpClient.execute(AbstractHttpClient.java:555)
07-31 15:16:41.604: E/TiAnalyticsSvc(3013): at org.apache.http.impl.client.AbstractHttpClient.execute(AbstractHttpClient.java:653)
07-31 15:16:41.604: E/TiAnalyticsSvc(3013): at org.apache.http.impl.client.AbstractHttpClient.execute(AbstractHttpClient.java:627)
07-31 15:16:41.604: E/TiAnalyticsSvc(3013): at org.apache.http.impl.client.AbstractHttpClient.execute(AbstractHttpClient.java:616)
07-31 15:16:41.604: E/TiAnalyticsSvc(3013): at org.appcelerator.titanium.analytics.TiAnalyticsService$1.run(TiAnalyticsService.java:143)
07-31 15:16:41.604: E/TiAnalyticsSvc(3013): at java.lang.Thread.run(Thread.java:841)
07-31 15:16:41.604: I/TiAnalyticsSvc(3013): (Thread-281) [4,3684467] Stopping Analytics Service
07-31 15:17:15.327: I/wpa_supplicant(675): wlan0: CTRL-EVENT-DISCONNECTED bssid=c0:62:6b:66:cf:fa reason=1
07-31 15:17:15.347: D/Tethering(532): InitialState.processMessage what=4
07-31 15:17:15.347: D/CommandListener(174): Clearing all IP addresses on wlan0
07-31 15:17:15.367: D/Tethering(532): sendTetherStateChangedBroadcast 0, 0, 0
07-31 15:17:15.387: D/ConnectivityService(532): ConnectivityChange for WIFI: DISCONNECTED/DISCONNECTED
07-31 15:17:15.387: D/ConnectivityService(532): Attempting to switch to BLUETOOTH_TETHER
07-31 15:17:15.387: D/ConnectivityService(532): Attempting to switch to ETHERNET
07-31 15:17:15.397: D/NetUtils(532): android_net_utils_resetConnections in env=0x753f1e18 clazz=0xe9600001 iface=wlan0 mask=0x3
07-31 15:17:15.397: D/ConnectivityService(532): resetConnections(wlan0, 3)
07-31 15:17:15.417: E/CheckinTask(884): Checkin failed: https://android.clients.google.com/checkin (request #0): org.apache.http.conn.HttpHostConnectException: Connection to https://android.clients.google.com refused
07-31 15:17:15.427: W/GDataClient(884): Unable to execute HTTP request.org.apache.http.conn.HttpHostConnectException: Connection to https://android.clients.google.com refused
07-31 15:17:15.427: E/GTalkService(884): connectionClosed: no XMPPConnection - That's strange!
07-31 15:17:15.437: D/SyncManager(532): failed sync operation appcel123@gmail.com u0 (com.google), subscribedfeeds, LOCAL, earliestRunTime 19672644, reason: 10021, SyncResult: stats [ numIoExceptions: 1]
07-31 15:17:15.437: I/EventLogService(884): Aggregate from 1375308715824 (log), 1375307108308 (data)
07-31 15:17:15.437: E/PlayEventLogger(1553): Error when executing upload request: Connect to /74.125.29.95:443 timed out
07-31 15:17:15.437: E/PlayEventLogger(1553): org.apache.http.conn.ConnectTimeoutException: Connect to /74.125.29.95:443 timed out
07-31 15:17:15.437: E/PlayEventLogger(1553): at org.apache.http.conn.scheme.PlainSocketFactory.connectSocket(PlainSocketFactory.java:121)
07-31 15:17:15.437: E/PlayEventLogger(1553): at org.apache.http.impl.conn.DefaultClientConnectionOperator.openConnection(DefaultClientConnectionOperator.java:144)
07-31 15:17:15.437: E/PlayEventLogger(1553): at org.apache.http.impl.conn.AbstractPoolEntry.open(AbstractPoolEntry.java:164)
07-31 15:17:15.437: E/PlayEventLogger(1553): at org.apache.http.impl.conn.AbstractPooledConnAdapter.open(AbstractPooledConnAdapter.java:119)
07-31 15:17:15.437: E/PlayEventLogger(1553): at org.apache.http.impl.client.DefaultRequestDirector.execute(DefaultRequestDirector.java:360)
07-31 15:17:15.437: E/PlayEventLogger(1553): at org.apache.http.impl.client.AbstractHttpClient.execute(AbstractHttpClient.java:555)
07-31 15:17:15.437: E/PlayEventLogger(1553): at org.apache.http.impl.client.AbstractHttpClient.execute(AbstractHttpClient.java:487)
07-31 15:17:15.437: E/PlayEventLogger(1553): at android.net.http.AndroidHttpClient.execute(AndroidHttpClient.java:257)
07-31 15:17:15.437: E/PlayEventLogger(1553): at com.google.android.common.http.GoogleHttpClient.executeWithoutRewriting(GoogleHttpClient.java:202)
07-31 15:17:15.437: E/PlayEventLogger(1553): at com.google.android.common.http.GoogleHttpClient.execute(GoogleHttpClient.java:259)
07-31 15:17:15.437: E/PlayEventLogger(1553): at com.google.android.common.http.GoogleHttpClient.execute(GoogleHttpClient.java:312)
07-31 15:17:15.437: E/PlayEventLogger(1553): at com.google.android.play.analytics.EventLogger.uploadLog(EventLogger.java:496)
07-31 15:17:15.437: E/PlayEventLogger(1553): at com.google.android.play.analytics.EventLogger.uploadEventsImpl(EventLogger.java:444)
07-31 15:17:15.437: E/PlayEventLogger(1553): at com.google.android.play.analytics.EventLogger.dispatchMessage(EventLogger.java:354)
07-31 15:17:15.437: E/PlayEventLogger(1553): at android.os.Looper.loop(Looper.java:137)
07-31 15:17:15.437: E/PlayEventLogger(1553): at android.os.HandlerThread.run(HandlerThread.java:61)
07-31 15:17:15.487: D/Nat464Xlat(532): requiresClat: netType=1, hasIPv4Address=false
07-31 15:17:15.487: D/ConnectivityService(532): handleInetConditionChange: no active default network - ignore
07-31 15:17:15.487: W/SocketClient(174): write error (Broken pipe)
07-31 15:17:15.507: I/ServiceDumpSys(884): dumping service [account]
07-31 15:17:16.268: I/wpa_supplicant(675): wlan0: Trying to associate with SSID 'ITOS-DEV'
07-31 15:17:16.318: I/wpa_supplicant(675): wlan0: Associated with c0:62:6b:66:cf:fa
07-31 15:17:16.318: I/wpa_supplicant(675): wlan0: CTRL-EVENT-CONNECTED - Connection to c0:62:6b:66:cf:fa completed (auth) [id=3 id_str=]
07-31 15:17:16.328: D/Tethering(532): sendTetherStateChangedBroadcast 1, 0, 0
07-31 15:17:16.388: D/dalvikvm(789): GC_CONCURRENT freed 403K, 6% free 10376K/11000K, paused 2ms+3ms, total 36ms
07-31 15:17:16.949: D/ConnectivityService(532): Captive portal check NetworkInfo: type: WIFI[], state: CONNECTING/CAPTIVE_PORTAL_CHECK, reason: (unspecified), extra: "ITOS-DEV", roaming: false, failover: false, isAvailable: true
07-31 15:17:16.969: D/ConnectivityService(532): ConnectivityChange for WIFI: CONNECTED/CONNECTED
07-31 15:17:17.019: D/Nat464Xlat(532): requiresClat: netType=1, hasIPv4Address=true
07-31 15:17:17.039: I/CheckinService(884): Preparing to send checkin request
07-31 15:17:17.039: I/EventLogService(884): Accumulating logs since 1375309035450
07-31 15:17:17.099: I/Adreno200-EGL(884): : EGL 1.4 QUALCOMM Build: Iabe52cfaeae4c5fab1acacfe6f056ba15fa93274
07-31 15:17:17.119: D/dalvikvm(884): GC_CONCURRENT freed 618K, 9% free 9596K/10504K, paused 2ms+2ms, total 15ms
07-31 15:17:17.780: D/dalvikvm(884): GC_CONCURRENT freed 340K, 8% free 9698K/10504K, paused 2ms+1ms, total 14ms
07-31 15:17:17.780: D/dalvikvm(884): WAIT_FOR_CONCURRENT_GC blocked 12ms
07-31 15:17:17.800: D/dalvikvm(884): GC_FOR_ALLOC freed 82K, 7% free 9854K/10504K, paused 12ms, total 12ms
07-31 15:17:17.810: D/dalvikvm(884): GC_FOR_ALLOC freed <1K, 6% free 9894K/10504K, paused 12ms, total 12ms
07-31 15:17:17.810: I/dalvikvm-heap(884): Grow heap (frag case) to 9.823MB for 82220-byte allocation
07-31 15:17:17.820: D/dalvikvm(884): GC_FOR_ALLOC freed 0K, 6% free 9974K/10588K, paused 13ms, total 13ms
07-31 15:17:17.840: D/dalvikvm(884): GC_FOR_ALLOC freed 40K, 7% free 9934K/10588K, paused 15ms, total 16ms
07-31 15:17:17.870: D/dalvikvm(884): GC_FOR_ALLOC freed 413K, 8% free 9748K/10588K, paused 13ms, total 13ms
07-31 15:17:17.890: D/dalvikvm(884): GC_FOR_ALLOC freed 168K, 8% free 9821K/10588K, paused 12ms, total 12ms
07-31 15:17:17.900: I/CheckinTask(884): Sending checkin request (27118 bytes)
07-31 15:17:17.970: D/ConnectivityService(532): NetTransition Wakelock for ConnectedState released by timeout
07-31 15:17:18.500: D/Tethering(532): MasterInitialState.processMessage what=3
07-31 15:17:18.560: I/GTalkService/c(884): [AndroidEndpoint@1105756568] connect: acct=1000000, state=CONNECTING
07-31 15:17:18.610: D/GCM(884): GcmService start Intent { act=android.net.conn.CONNECTIVITY_CHANGE flg=0x8000010 cmp=com.google.android.gms/.gcm.GcmService (has extras) } android.net.conn.CONNECTIVITY_CHANGE
07-31 15:17:18.610: E/(532): W/virtual loc_api_adapter_err LocApiAdapter::enableData(int): default implementation invoked
07-31 15:17:18.610: E/(532): W/virtual loc_api_adapter_err LocApiAdapter::setAPN(char*, int): default implementation invoked
07-31 15:17:20.042: D/Tethering(532): MasterInitialState.processMessage what=3
07-31 15:17:20.092: D/dalvikvm(879): GC_CONCURRENT freed 392K, 5% free 9430K/9848K, paused 4ms+6ms, total 26ms
07-31 15:17:20.132: E/(532): W/virtual loc_api_adapter_err LocApiAdapter::enableData(int): default implementation invoked
07-31 15:17:20.132: E/(532): W/virtual loc_api_adapter_err LocApiAdapter::setAPN(char*, int): default implementation invoked
07-31 15:17:20.152: D/GCM(884): GcmService start Intent { act=android.net.conn.CONNECTIVITY_CHANGE flg=0x8000010 cmp=com.google.android.gms/.gcm.GcmService (has extras) } android.net.conn.CONNECTIVITY_CHANGE
07-31 15:17:42.324: D/MDnsDS(174): MDnsSdListener::Monitor poll timed out
07-31 15:17:42.324: D/MDnsDS(174): Going to poll with pollCount 1
07-31 15:18:18.759: I/MusicSyncAdapter(1553): Sync failed due to soft error.
07-31 15:18:18.779: D/SyncManager(532): failed sync operation appcel123@gmail.com u0 (com.google), com.google.android.music.MusicContent, SERVER, earliestRunTime 19736012, reason: 10041, SyncResult: stats [ numIoExceptions: 1]
07-31 15:18:18.899: I/MusicLeanback(1553): Conditions not met for autocaching.
07-31 15:18:18.899: I/MusicLeanback(1553): Stop autocaching.
07-31 15:18:18.909: W/ArtDownloadService(1553): Setting cache size -1
07-31 15:18:18.919: W/ArtDownloadService(1553): Setting cache size 11110962
07-31 15:18:21.802: E/GTalkService(884): connectionClosed: no XMPPConnection - That's strange!
07-31 15:18:24.805: D/ConnectivityService(532): handleInetConditionHoldEnd: net=1, condition=0, published condition=0
07-31 15:18:35.285: I/GTalkService/c(884): [AndroidEndpoint@1105756568] connect: acct=1000000, state=CONNECTING
07-31 15:18:38.649: D/audio_hw_primary(179): start_output_stream: enter: usecase(1: low-latency-playback) devices(0x2)
07-31 15:18:38.649: D/audio_hw_primary(179): select_devices: out_snd_device(2: speaker) in_snd_device(0: none)
07-31 15:18:38.649: D/audio_hw_primary(179): enable_snd_device: sending audio calibration for snd_device(2) acdb_id(14)
07-31 15:18:38.649: D/ACDB-LOADER(179): ACDB -> send_afe_cal
07-31 15:18:38.649: D/audio_hw_primary(179): enable_snd_device: snd_device(2: speaker)
07-31 15:18:38.659: D/audio_hw_primary(179): enable_audio_route: apply mixer path: low-latency-playback
07-31 15:18:38.669: D/audio_hw_primary(179): start_output_stream: exit
07-31 15:18:39.099: I/ActivityManager(532): Start proc com.android.chrome for broadcast com.android.chrome/org.chromium.base.PowerStatusReceiver: pid=20132 uid=10009 gids={50009, 1006, 3003, 1015, 1028}
07-31 15:18:39.139: D/PicasaSyncManager(1751): battery info: false
07-31 15:18:39.139: D/PicasaUploaderSyncManager(2284): battery info: false
07-31 15:18:41.822: D/audio_hw_primary(179): out_standby: enter: usecase(1: low-latency-playback)
07-31 15:18:41.882: D/audio_hw_primary(179): stop_output_stream: enter: usecase(1: low-latency-playback)
07-31 15:18:41.882: D/audio_hw_primary(179): disable_audio_route: reset mixer path: low-latency-playback
07-31 15:18:41.882: D/audio_hw_primary(179): disable_snd_device: snd_device(2: speaker)
07-31 15:18:41.892: D/audio_hw_primary(179): stop_output_stream: exit: status(0)
07-31 15:18:41.892: D/audio_hw_primary(179): out_standby: exit
07-31 15:19:30.910: I/EntropyMixer(532): Writing entropy...
07-31 15:19:30.920: D/PicasaSyncManager(1751): battery info: true
07-31 15:19:30.920: D/PicasaUploaderSyncManager(2284): battery info: true
07-31 15:19:30.920: W/PowerUI(692): unknown intent: Intent { act=android.intent.action.ACTION_POWER_CONNECTED flg=0x8000010 }
07-31 15:19:32.101: D/MtpService(879): updating state; isCurrentUser=true, mMtpLocked=false
07-31 15:19:32.101: D/MtpService(879): addStorageLocked 65537 /storage/emulated/0
07-31 15:19:32.101: D/MtpService(879): updating state; isCurrentUser=true, mMtpLocked=false
07-31 15:19:32.101: D/MtpService(879): starting MTP server in MTP mode
07-31 15:19:32.101: D/MtpService(879): addStorageLocked 65537 /storage/emulated/0
07-31 15:19:38.437: E/GTalkService(884): connectionClosed: no XMPPConnection - That's strange!
07-31 15:19:41.450: D/ConnectivityService(532): handleInetConditionHoldEnd: net=1, condition=0, published condition=0
07-31 15:19:53.992: D/audio_hw_primary(179): start_output_stream: enter: usecase(1: low-latency-playback) devices(0x2)
07-31 15:19:53.992: D/audio_hw_primary(179): select_devices: out_snd_device(2: speaker) in_snd_device(0: none)
07-31 15:19:53.992: D/audio_hw_primary(179): enable_snd_device: sending audio calibration for snd_device(2) acdb_id(14)
07-31 15:19:53.992: D/ACDB-LOADER(179): ACDB -> send_afe_cal
07-31 15:19:53.992: D/audio_hw_primary(179): enable_snd_device: snd_device(2: speaker)
07-31 15:19:54.002: D/audio_hw_primary(179): enable_audio_route: apply mixer path: low-latency-playback
07-31 15:19:54.012: D/audio_hw_primary(179): start_output_stream: exit
07-31 15:19:54.072: D/dalvikvm(532): GC_FOR_ALLOC freed 2513K, 18% free 23539K/28384K, paused 75ms, total 75ms
07-31 15:19:54.132: D/dalvikvm(532): GC_FOR_ALLOC freed 1149K, 20% free 22943K/28384K, paused 50ms, total 51ms
07-31 15:19:54.272: D/TouchTestDriver(3013): 15:19:54,275 [main] startSession(org.appcelerator.titanium.TiActivity@42677288)
07-31 15:19:54.272: D/TouchTestDriver(3013): 15:19:54,275 [main] ====> stack.push:org.appcelerator.titanium.TiActivity@42677288
07-31 15:19:54.272: D/TouchTestDriver(3013): 15:19:54,276 [main] URL is missing. Assuming activity was not launched by TouchTest Agent.
07-31 15:19:54.633: D/Window(3013): Window is closed normally.
07-31 15:19:57.175: D/audio_hw_primary(179): out_standby: enter: usecase(1: low-latency-playback)
07-31 15:19:57.215: D/audio_hw_primary(179): stop_output_stream: enter: usecase(1: low-latency-playback)
07-31 15:19:57.215: D/audio_hw_primary(179): disable_audio_route: reset mixer path: low-latency-playback
07-31 15:19:57.215: D/audio_hw_primary(179): disable_snd_device: snd_device(2: speaker)
07-31 15:19:57.225: D/audio_hw_primary(179): stop_output_stream: exit: status(0)
07-31 15:19:57.225: D/audio_hw_primary(179): out_standby: exit
07-31 15:19:57.686: I/MusicSyncAdapter(1553): Sync failed due to soft error.
07-31 15:19:57.726: D/SyncManager(532): failed sync operation appcel123@gmail.com u0 (com.google), com.google.android.music.MusicContent, SERVER, earliestRunTime 19951879, reason: IsSyncable, SyncResult: stats [ numIoExceptions: 1]
07-31 15:19:57.766: I/MusicLeanback(1553): Conditions not met for autocaching.
07-31 15:19:57.766: I/MusicLeanback(1553): Stop autocaching.
07-31 15:19:57.776: W/ArtDownloadService(1553): Setting cache size -1
07-31 15:19:57.786: W/ArtDownloadService(1553): Setting cache size 11110962
07-31 15:19:57.796: D/dalvikvm(1553): GC_CONCURRENT freed 459K, 6% free 9585K/10112K, paused 1ms+1ms, total 14ms
07-31 15:20:03.021: D/audio_hw_primary(179): start_output_stream: enter: usecase(1: low-latency-playback) devices(0x2)
07-31 15:20:03.021: D/audio_hw_primary(179): select_devices: out_snd_device(2: speaker) in_snd_device(0: none)
07-31 15:20:03.021: D/audio_hw_primary(179): enable_snd_device: sending audio calibration for snd_device(2) acdb_id(14)
07-31 15:20:03.021: D/ACDB-LOADER(179): ACDB -> send_afe_cal
07-31 15:20:03.021: D/audio_hw_primary(179): enable_snd_device: snd_device(2: speaker)
07-31 15:20:03.031: D/audio_hw_primary(179): enable_audio_route: apply mixer path: low-latency-playback
07-31 15:20:03.041: D/audio_hw_primary(179): start_output_stream: exit
07-31 15:20:03.041: I/ActivityManager(532): START u0 {cmp=com.appcelerator.kitchensink/org.appcelerator.titanium.TiActivity (has extras)} from pid 3013
07-31 15:20:03.091: D/dalvikvm(532): GC_FOR_ALLOC freed 743K, 18% free 23435K/28384K, paused 50ms, total 50ms
07-31 15:20:03.141: D/dalvikvm(532): GC_FOR_ALLOC freed 1128K, 20% free 22860K/28384K, paused 44ms, total 44ms
07-31 15:20:03.171: I/System.out(3013): before org.appcelerator.titanium.TiActivity@425a9c90_onCreate()
07-31 15:20:03.171: D/TouchTestDriver(3013): 15:20:03,178 [main] Activity org.appcelerator.titanium.TiActivity@425a9c90 launched without a URI.
07-31 15:20:03.171: I/System.out(3013): before org.appcelerator.titanium.TiActivity@425a9c90_onCreate()
07-31 15:20:03.171: D/TouchTestDriver(3013): 15:20:03,178 [main] Activity org.appcelerator.titanium.TiActivity@425a9c90 launched without a URI.
07-31 15:20:03.231: D/dalvikvm(3013): GC_FOR_ALLOC freed 968K, 14% free 16724K/19412K, paused 54ms, total 54ms
07-31 15:20:03.241: D/skia(3013): --- SkImageDecoder::Factory returned null
07-31 15:20:03.331: D/Window(3013): Checkpoint: postWindowCreated()
07-31 15:20:03.341: I/System.out(3013): after org.appcelerator.titanium.TiActivity@425a9c90_onCreate()
07-31 15:20:03.341: D/TouchTestDriver(3013): 15:20:03,354 [main] Discovered org.appcelerator.titanium.TiActivity@425a9c90 in com.appcelerator.kitchensink
07-31 15:20:03.341: D/TouchTestDriver(3013): 15:20:03,354 [main] startSession(org.appcelerator.titanium.TiActivity@425a9c90)
07-31 15:20:03.351: D/TouchTestDriver(3013): 15:20:03,355 [main] ====> stack.push:org.appcelerator.titanium.TiActivity@425a9c90
07-31 15:20:03.351: D/TouchTestDriver(3013): 15:20:03,355 [main] URL is missing. Assuming activity was not launched by TouchTest Agent.
07-31 15:20:03.351: I/System.out(3013): after org.appcelerator.titanium.TiActivity@425a9c90_onCreate()
07-31 15:20:03.351: D/TouchTestDriver(3013): 15:20:03,355 [main] Discovered org.appcelerator.titanium.TiActivity@425a9c90 in com.appcelerator.kitchensink
07-31 15:20:03.351: D/TouchTestDriver(3013): 15:20:03,356 [main] startSession(org.appcelerator.titanium.TiActivity@425a9c90)
07-31 15:20:03.401: D/TouchTestDriver(3013): 15:20:03,407 [main] startSession(org.appcelerator.titanium.TiActivity@425a9c90)
07-31 15:20:03.441: I/ActivityManager(532): Displayed com.appcelerator.kitchensink/org.appcelerator.titanium.TiActivity: +278ms
07-31 15:20:03.491: D/skia(3013): --- SkImageDecoder::Factory returned null
07-31 15:20:03.752: D/skia(3013): --- SkImageDecoder::Factory returned null
07-31 15:20:04.002: D/skia(3013): --- SkImageDecoder::Factory returned null
07-31 15:20:04.252: D/skia(3013): --- SkImageDecoder::Factory returned null
07-31 15:20:05.403: I/GTalkService/c(884): [AndroidEndpoint@1105756568] connect: acct=1000000, state=CONNECTING
07-31 15:20:05.423: D/dalvikvm(884): GC_CONCURRENT freed 382K, 7% free 9829K/10544K, paused 3ms+2ms, total 23ms
07-31 15:20:06.204: D/audio_hw_primary(179): out_standby: enter: usecase(1: low-latency-playback)
07-31 15:20:06.254: D/audio_hw_primary(179): stop_output_stream: enter: usecase(1: low-latency-playback)
07-31 15:20:06.254: D/audio_hw_primary(179): disable_audio_route: reset mixer path: low-latency-playback
07-31 15:20:06.254: D/audio_hw_primary(179): disable_snd_device: snd_device(2: speaker)
07-31 15:20:06.264: D/audio_hw_primary(179): stop_output_stream: exit: status(0)
07-31 15:20:06.264: D/audio_hw_primary(179): out_standby: exit
07-31 15:20:12.160: D/audio_hw_primary(179): start_output_stream: enter: usecase(1: low-latency-playback) devices(0x2)
07-31 15:20:12.160: D/audio_hw_primary(179): select_devices: out_snd_device(2: speaker) in_snd_device(0: none)
07-31 15:20:12.160: D/audio_hw_primary(179): enable_snd_device: sending audio calibration for snd_device(2) acdb_id(14)
07-31 15:20:12.160: D/ACDB-LOADER(179): ACDB -> send_afe_cal
07-31 15:20:12.160: D/audio_hw_primary(179): enable_snd_device: snd_device(2: speaker)
07-31 15:20:12.160: D/audio_hw_primary(179): enable_audio_route: apply mixer path: low-latency-playback
07-31 15:20:12.170: D/audio_hw_primary(179): start_output_stream: exit
07-31 15:20:14.482: D/skia(3013): --- SkImageDecoder::Factory returned null
07-31 15:20:14.742: D/skia(3013): --- SkImageDecoder::Factory returned null
07-31 15:20:14.993: D/skia(3013): --- SkImageDecoder::Factory returned null
07-31 15:20:15.243: D/skia(3013): --- SkImageDecoder::Factory returned null
07-31 15:20:15.493: D/skia(3013): --- SkImageDecoder::Factory returned null
07-31 15:20:17.605: D/audio_hw_primary(179): out_standby: enter: usecase(1: low-latency-playback)
07-31 15:20:17.665: D/audio_hw_primary(179): stop_output_stream: enter: usecase(1: low-latency-playback)
07-31 15:20:17.665: D/audio_hw_primary(179): disable_audio_route: reset mixer path: low-latency-playback
07-31 15:20:17.665: D/audio_hw_primary(179): disable_snd_device: snd_device(2: speaker)
07-31 15:20:17.665: D/audio_hw_primary(179): stop_output_stream: exit: status(0)
07-31 15:20:17.665: D/audio_hw_primary(179): out_standby: exit