07-31 14:55:58.762: I/TiAPI(3013): ImageView animation frame has changed, index 7
07-31 14:55:58.792: I/TiAPI(3013): ImageView animation frame has changed, index 6
07-31 14:55:58.832: I/TiAPI(3013): ImageView animation frame has changed, index 5
07-31 14:55:58.862: I/TiAPI(3013): ImageView animation frame has changed, index 4
07-31 14:55:58.902: I/TiAPI(3013): ImageView animation frame has changed, index 3
07-31 14:55:58.932: I/TiAPI(3013): ImageView animation frame has changed, index 2
07-31 14:55:58.962: I/TiAPI(3013): ImageView animation frame has changed, index 1
07-31 14:55:58.992: I/TiAPI(3013): ImageView animation frame has changed, index 0
07-31 14:55:59.032: I/TiAPI(3013): ImageView animation frame has changed, index 16
07-31 14:55:59.062: I/TiAPI(3013): ImageView animation frame has changed, index 15
07-31 14:55:59.092: I/TiAPI(3013): ImageView animation frame has changed, index 14
07-31 14:55:59.132: I/TiAPI(3013): ImageView animation frame has changed, index 13
07-31 14:55:59.162: I/TiAPI(3013): ImageView animation frame has changed, index 12
07-31 14:55:59.192: I/TiAPI(3013): ImageView animation frame has changed, index 11
07-31 14:55:59.232: I/TiAPI(3013): ImageView animation frame has changed, index 10
07-31 14:55:59.262: I/TiAPI(3013): ImageView animation frame has changed, index 9
07-31 14:55:59.292: I/TiAPI(3013): ImageView animation frame has changed, index 8
07-31 14:55:59.332: I/TiAPI(3013): ImageView animation frame has changed, index 7
07-31 14:55:59.362: I/TiAPI(3013): ImageView animation frame has changed, index 6
07-31 14:55:59.402: I/TiAPI(3013): ImageView animation frame has changed, index 5
07-31 14:55:59.433: I/TiAPI(3013): ImageView animation frame has changed, index 4
07-31 14:55:59.463: I/TiAPI(3013): ImageView animation frame has changed, index 3
07-31 14:55:59.493: I/TiAPI(3013): ImageView animation frame has changed, index 2
07-31 14:55:59.533: I/TiAPI(3013): ImageView animation frame has changed, index 1
07-31 14:55:59.563: I/TiAPI(3013): ImageView animation frame has changed, index 0
07-31 14:55:59.593: I/TiAPI(3013): ImageView animation frame has changed, index 16
07-31 14:55:59.633: I/TiAPI(3013): ImageView animation frame has changed, index 15
07-31 14:55:59.663: I/TiAPI(3013): ImageView animation frame has changed, index 14
07-31 14:55:59.693: I/TiAPI(3013): ImageView animation frame has changed, index 13
07-31 14:55:59.733: I/TiAPI(3013): ImageView animation frame has changed, index 12
07-31 14:55:59.753: D/audio_hw_primary(179): out_standby: enter: usecase(1: low-latency-playback)
07-31 14:55:59.763: I/TiAPI(3013): ImageView animation frame has changed, index 11
07-31 14:55:59.793: I/TiAPI(3013): ImageView animation frame has changed, index 10
07-31 14:55:59.793: D/audio_hw_primary(179): stop_output_stream: enter: usecase(1: low-latency-playback)
07-31 14:55:59.793: D/audio_hw_primary(179): disable_audio_route: reset mixer path: low-latency-playback
07-31 14:55:59.793: D/audio_hw_primary(179): disable_snd_device: snd_device(3: speaker-reverse)
07-31 14:55:59.803: D/audio_hw_primary(179): stop_output_stream: exit: status(0)
07-31 14:55:59.803: D/audio_hw_primary(179): out_standby: exit
07-31 14:55:59.833: I/TiAPI(3013): ImageView animation frame has changed, index 9
07-31 14:55:59.863: I/TiAPI(3013): ImageView animation frame has changed, index 8
07-31 14:55:59.893: I/TiAPI(3013): ImageView animation frame has changed, index 7
07-31 14:55:59.933: I/TiAPI(3013): ImageView animation frame has changed, index 6
07-31 14:55:59.963: I/TiAPI(3013): ImageView animation frame has changed, index 5
07-31 14:55:59.993: I/TiAPI(3013): ImageView animation frame has changed, index 4
07-31 14:56:00.033: I/TiAPI(3013): ImageView animation frame has changed, index 3
07-31 14:56:00.063: I/TiAPI(3013): ImageView animation frame has changed, index 2
07-31 14:56:00.093: I/TiAPI(3013): ImageView animation frame has changed, index 1
07-31 14:56:00.133: I/TiAPI(3013): ImageView animation frame has changed, index 0
07-31 14:56:00.163: I/TiAPI(3013): ImageView animation frame has changed, index 16
07-31 14:56:00.193: I/TiAPI(3013): ImageView animation frame has changed, index 15
07-31 14:56:00.233: I/TiAPI(3013): ImageView animation frame has changed, index 14
07-31 14:56:00.263: I/TiAPI(3013): ImageView animation frame has changed, index 13
07-31 14:56:00.293: I/TiAPI(3013): ImageView animation frame has changed, index 12
07-31 14:56:00.333: I/TiAPI(3013): ImageView animation frame has changed, index 11
07-31 14:56:00.363: I/TiAPI(3013): ImageView animation frame has changed, index 10
07-31 14:56:00.393: I/TiAPI(3013): ImageView animation frame has changed, index 9
07-31 14:56:00.433: I/TiAPI(3013): ImageView animation frame has changed, index 8
07-31 14:56:00.464: I/TiAPI(3013): ImageView animation frame has changed, index 7
07-31 14:56:00.494: I/TiAPI(3013): ImageView animation frame has changed, index 6
07-31 14:56:00.534: I/TiAPI(3013): ImageView animation frame has changed, index 5
07-31 14:56:00.564: I/TiAPI(3013): ImageView animation frame has changed, index 4
07-31 14:56:00.594: I/TiAPI(3013): ImageView animation frame has changed, index 3
07-31 14:56:00.634: I/TiAPI(3013): ImageView animation frame has changed, index 2
07-31 14:56:00.664: I/TiAPI(3013): ImageView animation frame has changed, index 1
07-31 14:56:00.694: I/TiAPI(3013): ImageView animation frame has changed, index 0
07-31 14:56:00.734: I/TiAPI(3013): ImageView animation frame has changed, index 16
07-31 14:56:00.764: I/TiAPI(3013): ImageView animation frame has changed, index 15
07-31 14:56:00.794: I/TiAPI(3013): ImageView animation frame has changed, index 14
07-31 14:56:00.834: I/TiAPI(3013): ImageView animation frame has changed, index 13
07-31 14:56:00.864: I/TiAPI(3013): ImageView animation frame has changed, index 12
07-31 14:56:00.894: I/TiAPI(3013): ImageView animation frame has changed, index 11
07-31 14:56:00.934: I/TiAPI(3013): ImageView animation frame has changed, index 10
07-31 14:56:00.964: I/TiAPI(3013): ImageView animation frame has changed, index 9
07-31 14:56:00.994: I/TiAPI(3013): ImageView animation frame has changed, index 8
07-31 14:56:01.024: I/TiAPI(3013): ImageView animation frame has changed, index 7
07-31 14:56:01.064: I/TiAPI(3013): ImageView animation frame has changed, index 6
07-31 14:56:01.094: I/TiAPI(3013): ImageView animation frame has changed, index 5
07-31 14:56:01.134: I/TiAPI(3013): ImageView animation frame has changed, index 4
07-31 14:56:01.164: I/TiAPI(3013): ImageView animation frame has changed, index 3
07-31 14:56:01.204: I/InputReader(532): Reconfiguring input devices. changes=0x00000004
07-31 14:56:01.204: I/InputReader(532): Device reconfigured: id=6, name='elan-touchscreen', size 1200x1920, orientation 0, mode 1, display id 0
07-31 14:56:01.214: I/ActivityManager(532): Config changes=1480 {1.0 310mcc?mnc en_US ldltr sw600dp w600dp h887dp 320dpi lrg port finger -keyb/v/h -nav/h s.40}
07-31 14:56:01.254: D/audio_hw_primary(179): adev_set_parameters: enter: rotation=0
07-31 14:56:01.254: D/audio_hw_primary(179): adev_set_parameters: exit with code(0)
07-31 14:56:01.274: D/PhoneStatusBar(692): mSettingsPanelGravity = 8388661
07-31 14:56:01.294: D/dalvikvm(1486): GC_CONCURRENT freed 390K, 5% free 9427K/9844K, paused 2ms+2ms, total 25ms
07-31 14:56:01.314: I/TiAPI(3013): ImageView animation frame has changed, index 2
07-31 14:56:01.314: I/TiAPI(3013): ImageView animation frame has changed, index 1
07-31 14:56:01.334: I/TiAPI(3013): ImageView animation frame has changed, index 0
07-31 14:56:01.344: I/WindowManager(532): Screen frozen for +170ms due to Window{4204ce60 u0 com.appcelerator.kitchensink/org.appcelerator.titanium.TiActivity}
07-31 14:56:01.384: I/TiAPI(3013): ImageView animation frame has changed, index 16
07-31 14:56:01.434: I/TiAPI(3013): ImageView animation frame has changed, index 15
07-31 14:56:01.464: I/TiAPI(3013): ImageView animation frame has changed, index 14
07-31 14:56:01.495: I/TiAPI(3013): ImageView animation frame has changed, index 13
07-31 14:56:01.535: I/TiAPI(3013): ImageView animation frame has changed, index 12
07-31 14:56:01.565: I/TiAPI(3013): ImageView animation frame has changed, index 11
07-31 14:56:01.605: I/TiAPI(3013): ImageView animation frame has changed, index 10
07-31 14:56:01.635: I/TiAPI(3013): ImageView animation frame has changed, index 9
07-31 14:56:01.665: I/TiAPI(3013): ImageView animation frame has changed, index 8
07-31 14:56:01.705: I/TiAPI(3013): ImageView animation frame has changed, index 7
07-31 14:56:01.735: I/TiAPI(3013): ImageView animation frame has changed, index 6
07-31 14:56:01.765: I/TiAPI(3013): ImageView animation frame has changed, index 5
07-31 14:56:01.805: I/TiAPI(3013): ImageView animation frame has changed, index 4
07-31 14:56:01.835: I/TiAPI(3013): ImageView animation frame has changed, index 3
07-31 14:56:01.865: I/TiAPI(3013): ImageView animation frame has changed, index 2
07-31 14:56:01.905: I/TiAPI(3013): ImageView animation frame has changed, index 1
07-31 14:56:01.935: I/TiAPI(3013): ImageView animation frame has changed, index 0
07-31 14:56:01.965: I/TiAPI(3013): ImageView animation frame has changed, index 16
07-31 14:56:02.005: I/TiAPI(3013): ImageView animation frame has changed, index 15
07-31 14:56:02.035: I/TiAPI(3013): ImageView animation frame has changed, index 14
07-31 14:56:02.065: I/TiAPI(3013): ImageView animation frame has changed, index 13
07-31 14:56:02.105: I/TiAPI(3013): ImageView animation frame has changed, index 12
07-31 14:56:02.145: I/TiAPI(3013): ImageView animation frame has changed, index 11
07-31 14:56:02.175: I/TiAPI(3013): ImageView animation frame has changed, index 10
07-31 14:56:02.205: I/TiAPI(3013): ImageView animation frame has changed, index 9
07-31 14:56:02.245: I/TiAPI(3013): ImageView animation frame has changed, index 8
07-31 14:56:02.275: I/TiAPI(3013): ImageView animation frame has changed, index 7
07-31 14:56:02.305: I/TiAPI(3013): ImageView animation frame has changed, index 6
07-31 14:56:02.345: I/TiAPI(3013): ImageView animation frame has changed, index 5
07-31 14:56:02.375: I/TiAPI(3013): ImageView animation frame has changed, index 4
07-31 14:56:02.405: I/TiAPI(3013): ImageView animation frame has changed, index 3
07-31 14:56:02.445: I/TiAPI(3013): ImageView animation frame has changed, index 2
07-31 14:56:02.475: I/TiAPI(3013): ImageView animation frame has changed, index 1
07-31 14:56:02.506: I/TiAPI(3013): ImageView animation frame has changed, index 0
07-31 14:56:02.536: I/TiAPI(3013): ImageView animation frame has changed, index 16
07-31 14:56:02.576: I/TiAPI(3013): ImageView animation frame has changed, index 15
07-31 14:56:02.636: I/TiAPI(3013): ImageView animation frame has changed, index 14
07-31 14:56:02.666: I/TiAPI(3013): ImageView animation frame has changed, index 13
07-31 14:56:02.706: I/TiAPI(3013): ImageView animation frame has changed, index 12
07-31 14:56:02.736: I/TiAPI(3013): ImageView animation frame has changed, index 11
07-31 14:56:02.766: I/TiAPI(3013): ImageView animation frame has changed, index 10
07-31 14:56:02.806: I/TiAPI(3013): ImageView animation frame has changed, index 9
07-31 14:56:02.836: I/TiAPI(3013): ImageView animation frame has changed, index 8
07-31 14:56:02.866: I/TiAPI(3013): ImageView animation frame has changed, index 7
07-31 14:56:02.906: I/TiAPI(3013): ImageView animation frame has changed, index 6
07-31 14:56:02.936: I/TiAPI(3013): ImageView animation frame has changed, index 5
07-31 14:56:02.966: I/TiAPI(3013): ImageView animation frame has changed, index 4
07-31 14:56:03.006: I/TiAPI(3013): ImageView animation frame has changed, index 3
07-31 14:56:03.036: I/TiAPI(3013): ImageView animation frame has changed, index 2
07-31 14:56:03.066: I/TiAPI(3013): ImageView animation frame has changed, index 1
07-31 14:56:03.096: I/TiAPI(3013): ImageView animation frame has changed, index 0
07-31 14:56:03.136: I/TiAPI(3013): ImageView animation frame has changed, index 16
07-31 14:56:03.166: I/TiAPI(3013): ImageView animation frame has changed, index 15
07-31 14:56:03.206: I/TiAPI(3013): ImageView animation frame has changed, index 14
07-31 14:56:03.236: I/TiAPI(3013): ImageView animation frame has changed, index 13
07-31 14:56:03.266: I/TiAPI(3013): ImageView animation frame has changed, index 12
07-31 14:56:03.306: I/TiAPI(3013): ImageView animation frame has changed, index 11
07-31 14:56:03.336: I/TiAPI(3013): ImageView animation frame has changed, index 10
07-31 14:56:03.366: I/TiAPI(3013): ImageView animation frame has changed, index 9
07-31 14:56:03.416: I/TiAPI(3013): ImageView animation frame has changed, index 8
07-31 14:56:03.416: D/dalvikvm(532): GC_EXPLICIT freed 1308K, 20% free 22913K/28384K, paused 2ms+6ms, total 78ms
07-31 14:56:03.456: I/TiAPI(3013): ImageView animation frame has changed, index 7
07-31 14:56:03.486: I/TiAPI(3013): ImageView animation frame has changed, index 6
07-31 14:56:03.527: I/TiAPI(3013): ImageView animation frame has changed, index 5
07-31 14:56:03.547: I/TiAPI(3013): ImageView animation frame has changed, index 4
07-31 14:56:03.597: I/TiAPI(3013): ImageView animation frame has changed, index 3
07-31 14:56:03.617: I/TiAPI(3013): ImageView animation frame has changed, index 2
07-31 14:56:03.657: I/TiAPI(3013): ImageView animation frame has changed, index 1
07-31 14:56:03.687: I/TiAPI(3013): ImageView animation frame has changed, index 0
07-31 14:56:03.727: I/TiAPI(3013): ImageView animation frame has changed, index 16
07-31 14:56:03.757: I/TiAPI(3013): ImageView animation frame has changed, index 15
07-31 14:56:03.787: I/TiAPI(3013): ImageView animation frame has changed, index 14
07-31 14:56:03.827: I/TiAPI(3013): ImageView animation frame has changed, index 13
07-31 14:56:03.857: I/TiAPI(3013): ImageView animation frame has changed, index 12
07-31 14:56:03.887: I/TiAPI(3013): ImageView animation frame has changed, index 11
07-31 14:56:03.927: I/TiAPI(3013): ImageView animation frame has changed, index 10
07-31 14:56:03.957: I/TiAPI(3013): ImageView animation frame has changed, index 9
07-31 14:56:03.987: I/TiAPI(3013): ImageView animation frame has changed, index 8
07-31 14:56:04.027: I/TiAPI(3013): ImageView animation frame has changed, index 7
07-31 14:56:04.057: I/TiAPI(3013): ImageView animation frame has changed, index 6
07-31 14:56:04.087: I/TiAPI(3013): ImageView animation frame has changed, index 5
07-31 14:56:04.127: I/TiAPI(3013): ImageView animation frame has changed, index 4
07-31 14:56:04.157: I/TiAPI(3013): ImageView animation frame has changed, index 3
07-31 14:56:04.187: I/TiAPI(3013): ImageView animation frame has changed, index 2
07-31 14:56:04.227: I/TiAPI(3013): ImageView animation frame has changed, index 1
07-31 14:56:04.257: I/TiAPI(3013): ImageView animation frame has changed, index 0
07-31 14:56:04.287: I/TiAPI(3013): ImageView animation frame has changed, index 16
07-31 14:56:04.317: I/TiAPI(3013): ImageView animation frame has changed, index 15
07-31 14:56:04.357: I/TiAPI(3013): ImageView animation frame has changed, index 14
07-31 14:56:04.387: I/TiAPI(3013): ImageView animation frame has changed, index 13
07-31 14:56:04.417: I/TiAPI(3013): ImageView animation frame has changed, index 12
07-31 14:56:04.457: I/TiAPI(3013): ImageView animation frame has changed, index 11
07-31 14:56:04.487: I/TiAPI(3013): ImageView animation frame has changed, index 10
07-31 14:56:04.517: I/TiAPI(3013): ImageView animation frame has changed, index 9
07-31 14:56:04.558: I/TiAPI(3013): ImageView animation frame has changed, index 8
07-31 14:56:04.588: I/TiAPI(3013): ImageView animation frame has changed, index 7
07-31 14:56:04.628: I/TiAPI(3013): ImageView animation frame has changed, index 6
07-31 14:56:04.658: I/TiAPI(3013): ImageView animation frame has changed, index 5
07-31 14:56:04.688: I/TiAPI(3013): ImageView animation frame has changed, index 4
07-31 14:56:04.718: I/TiAPI(3013): ImageView animation frame has changed, index 3
07-31 14:56:04.758: I/TiAPI(3013): ImageView animation frame has changed, index 2
07-31 14:56:04.788: I/TiAPI(3013): ImageView animation frame has changed, index 1
07-31 14:56:04.828: I/TiAPI(3013): ImageView animation frame has changed, index 0
07-31 14:56:04.858: I/TiAPI(3013): ImageView animation frame has changed, index 16
07-31 14:56:04.888: I/TiAPI(3013): ImageView animation frame has changed, index 15
07-31 14:56:04.918: I/TiAPI(3013): ImageView animation frame has changed, index 14
07-31 14:56:04.948: I/TiAPI(3013): ImageView animation frame has changed, index 13
07-31 14:56:04.988: I/TiAPI(3013): ImageView animation frame has changed, index 12
07-31 14:56:05.018: I/TiAPI(3013): ImageView animation frame has changed, index 11
07-31 14:56:05.048: I/TiAPI(3013): ImageView animation frame has changed, index 10
07-31 14:56:05.078: I/TiAPI(3013): ImageView animation frame has changed, index 9
07-31 14:56:05.118: I/TiAPI(3013): ImageView animation frame has changed, index 8
07-31 14:56:05.158: I/TiAPI(3013): ImageView animation frame has changed, index 7
07-31 14:56:05.188: I/TiAPI(3013): ImageView animation frame has changed, index 6
07-31 14:56:05.218: I/TiAPI(3013): ImageView animation frame has changed, index 5
07-31 14:56:05.248: I/TiAPI(3013): ImageView animation frame has changed, index 4
07-31 14:56:05.288: I/TiAPI(3013): ImageView animation frame has changed, index 3
07-31 14:56:05.318: I/TiAPI(3013): ImageView animation frame has changed, index 2
07-31 14:56:05.358: I/TiAPI(3013): ImageView animation frame has changed, index 1
07-31 14:56:05.388: I/TiAPI(3013): ImageView animation frame has changed, index 0
07-31 14:56:05.418: I/TiAPI(3013): ImageView animation frame has changed, index 16
07-31 14:56:05.458: I/TiAPI(3013): ImageView animation frame has changed, index 15
07-31 14:56:05.488: I/TiAPI(3013): ImageView animation frame has changed, index 14
07-31 14:56:05.518: I/TiAPI(3013): ImageView animation frame has changed, index 13
07-31 14:56:05.548: I/TiAPI(3013): ImageView animation frame has changed, index 12
07-31 14:56:05.589: I/TiAPI(3013): ImageView animation frame has changed, index 11
07-31 14:56:05.619: I/TiAPI(3013): ImageView animation frame has changed, index 10
07-31 14:56:05.659: I/TiAPI(3013): ImageView animation frame has changed, index 9
07-31 14:56:05.689: I/TiAPI(3013): ImageView animation frame has changed, index 8
07-31 14:56:05.719: I/TiAPI(3013): ImageView animation frame has changed, index 7
07-31 14:56:05.759: I/TiAPI(3013): ImageView animation frame has changed, index 6
07-31 14:56:05.789: I/TiAPI(3013): ImageView animation frame has changed, index 5
07-31 14:56:05.819: I/TiAPI(3013): ImageView animation frame has changed, index 4
07-31 14:56:05.859: I/TiAPI(3013): ImageView animation frame has changed, index 3
07-31 14:56:05.889: I/TiAPI(3013): ImageView animation frame has changed, index 2
07-31 14:56:05.919: I/TiAPI(3013): ImageView animation frame has changed, index 1
07-31 14:56:05.959: I/TiAPI(3013): ImageView animation frame has changed, index 0
07-31 14:56:05.989: I/TiAPI(3013): ImageView animation frame has changed, index 16
07-31 14:56:05.999: D/audio_hw_primary(179): start_output_stream: enter: usecase(1: low-latency-playback) devices(0x2)
07-31 14:56:05.999: D/audio_hw_primary(179): select_devices: out_snd_device(2: speaker) in_snd_device(0: none)
07-31 14:56:05.999: D/audio_hw_primary(179): enable_snd_device: sending audio calibration for snd_device(2) acdb_id(14)
07-31 14:56:05.999: D/ACDB-LOADER(179): ACDB -> send_afe_cal
07-31 14:56:05.999: D/audio_hw_primary(179): enable_snd_device: snd_device(2: speaker)
07-31 14:56:06.009: D/audio_hw_primary(179): enable_audio_route: apply mixer path: low-latency-playback
07-31 14:56:06.019: I/TiAPI(3013): ImageView animation stopped
07-31 14:56:06.019: I/TiAPI(3013): ImageView animation frame has changed, index 15
07-31 14:56:06.019: D/audio_hw_primary(179): start_output_stream: exit
07-31 14:56:07.040: I/TiAPI(3013): ImageView animation started
07-31 14:56:08.241: I/TiAPI(3013): ImageView animation frame has changed, index 16
07-31 14:56:09.442: I/TiAPI(3013): ImageView animation frame has changed, index 15
07-31 14:56:10.173: D/audio_hw_primary(179): out_standby: enter: usecase(1: low-latency-playback)
07-31 14:56:10.223: D/audio_hw_primary(179): stop_output_stream: enter: usecase(1: low-latency-playback)
07-31 14:56:10.223: D/audio_hw_primary(179): disable_audio_route: reset mixer path: low-latency-playback
07-31 14:56:10.223: D/audio_hw_primary(179): disable_snd_device: snd_device(2: speaker)
07-31 14:56:10.243: D/audio_hw_primary(179): stop_output_stream: exit: status(0)
07-31 14:56:10.243: D/audio_hw_primary(179): out_standby: exit
07-31 14:56:10.653: I/TiAPI(3013): ImageView animation frame has changed, index 14
07-31 14:56:11.845: I/TiAPI(3013): ImageView animation frame has changed, index 13
07-31 14:56:13.046: I/TiAPI(3013): ImageView animation frame has changed, index 12
07-31 14:56:14.247: I/TiAPI(3013): ImageView animation frame has changed, index 11
07-31 14:56:15.448: I/TiAPI(3013): ImageView animation frame has changed, index 10
07-31 14:56:16.649: I/TiAPI(3013): ImageView animation frame has changed, index 9
07-31 14:56:17.850: I/TiAPI(3013): ImageView animation frame has changed, index 8
07-31 14:56:19.052: I/TiAPI(3013): ImageView animation frame has changed, index 7
07-31 14:56:20.253: I/TiAPI(3013): ImageView animation frame has changed, index 6
07-31 14:56:21.454: I/TiAPI(3013): ImageView animation frame has changed, index 5
07-31 14:56:22.645: I/TiAPI(3013): ImageView animation frame has changed, index 4
07-31 14:56:23.846: I/TiAPI(3013): ImageView animation frame has changed, index 3
07-31 14:56:25.058: I/TiAPI(3013): ImageView animation frame has changed, index 2
07-31 14:56:26.259: I/TiAPI(3013): ImageView animation frame has changed, index 1
07-31 14:56:27.450: I/TiAPI(3013): ImageView animation frame has changed, index 0
07-31 14:56:28.661: I/TiAPI(3013): ImageView animation frame has changed, index 16
07-31 14:56:29.852: I/TiAPI(3013): ImageView animation frame has changed, index 15
07-31 14:56:31.053: I/TiAPI(3013): ImageView animation frame has changed, index 14
07-31 14:56:32.255: I/TiAPI(3013): ImageView animation frame has changed, index 13
07-31 14:56:33.446: I/TiAPI(3013): ImageView animation frame has changed, index 12
07-31 14:56:34.647: I/TiAPI(3013): ImageView animation frame has changed, index 11
07-31 14:56:35.848: I/TiAPI(3013): ImageView animation frame has changed, index 10
07-31 14:56:37.059: I/TiAPI(3013): ImageView animation frame has changed, index 9
07-31 14:56:38.250: I/TiAPI(3013): ImageView animation frame has changed, index 8
07-31 14:56:39.452: I/TiAPI(3013): ImageView animation frame has changed, index 7
07-31 14:56:40.653: I/TiAPI(3013): ImageView animation frame has changed, index 6
07-31 14:56:41.854: I/TiAPI(3013): ImageView animation frame has changed, index 5
07-31 14:56:43.055: I/TiAPI(3013): ImageView animation frame has changed, index 4
07-31 14:56:44.256: I/TiAPI(3013): ImageView animation frame has changed, index 3
07-31 14:56:45.457: I/TiAPI(3013): ImageView animation frame has changed, index 2
07-31 14:56:46.649: I/TiAPI(3013): ImageView animation frame has changed, index 1
07-31 14:56:47.850: I/TiAPI(3013): ImageView animation frame has changed, index 0
07-31 14:56:49.051: I/TiAPI(3013): ImageView animation frame has changed, index 16
07-31 14:56:50.252: I/TiAPI(3013): ImageView animation frame has changed, index 15
07-31 14:56:51.453: I/TiAPI(3013): ImageView animation frame has changed, index 14
07-31 14:56:52.664: I/TiAPI(3013): ImageView animation frame has changed, index 13
07-31 14:56:53.856: I/TiAPI(3013): ImageView animation frame has changed, index 12
07-31 14:56:54.066: I/MusicSyncAdapter(1553): Sync failed due to soft error.
07-31 14:56:54.076: D/SyncManager(532): failed sync operation appcel123@gmail.com u0 (com.google), com.google.android.music.MusicContent, SERVER, earliestRunTime 18451896, reason: 10041, SyncResult: stats [ numIoExceptions: 1]
07-31 14:56:54.186: I/MusicLeanback(1553): Conditions not met for autocaching.
07-31 14:56:54.186: I/MusicLeanback(1553): Stop autocaching.
07-31 14:56:54.186: W/ArtDownloadService(1553): Setting cache size -1
07-31 14:56:54.196: W/ArtDownloadService(1553): Setting cache size 11110962
07-31 14:56:54.206: D/dalvikvm(1553): GC_CONCURRENT freed 430K, 5% free 9585K/10072K, paused 2ms+2ms, total 14ms
07-31 14:56:55.057: I/TiAPI(3013): ImageView animation frame has changed, index 11
07-31 14:56:56.248: I/TiAPI(3013): ImageView animation frame has changed, index 10
07-31 14:56:57.159: E/GTalkService(884): connectionClosed: no XMPPConnection - That's strange!
07-31 14:56:57.459: I/TiAPI(3013): ImageView animation frame has changed, index 9
07-31 14:56:58.660: I/TiAPI(3013): ImageView animation frame has changed, index 8
07-31 14:56:59.851: I/TiAPI(3013): ImageView animation frame has changed, index 7
07-31 14:57:00.172: D/ConnectivityService(532): handleInetConditionHoldEnd: net=1, condition=0, published condition=0
07-31 14:57:01.063: I/TiAPI(3013): ImageView animation frame has changed, index 6
07-31 14:57:02.274: I/TiAPI(3013): ImageView animation frame has changed, index 5
07-31 14:57:03.455: I/TiAPI(3013): ImageView animation frame has changed, index 4
07-31 14:57:04.656: I/TiAPI(3013): ImageView animation frame has changed, index 3
07-31 14:57:05.857: I/TiAPI(3013): ImageView animation frame has changed, index 2
07-31 14:57:07.068: I/TiAPI(3013): ImageView animation frame has changed, index 1
07-31 14:57:08.260: I/TiAPI(3013): ImageView animation frame has changed, index 0
07-31 14:57:09.461: I/TiAPI(3013): ImageView animation frame has changed, index 16
07-31 14:57:09.531: I/GTalkService/c(884): [AndroidEndpoint@1105756568] connect: acct=1000000, state=CONNECTING
07-31 14:57:10.662: I/TiAPI(3013): ImageView animation frame has changed, index 15
07-31 14:57:11.693: D/audio_hw_primary(179): start_output_stream: enter: usecase(1: low-latency-playback) devices(0x2)
07-31 14:57:11.693: D/audio_hw_primary(179): select_devices: out_snd_device(2: speaker) in_snd_device(0: none)
07-31 14:57:11.693: D/audio_hw_primary(179): enable_snd_device: sending audio calibration for snd_device(2) acdb_id(14)
07-31 14:57:11.693: D/ACDB-LOADER(179): ACDB -> send_afe_cal
07-31 14:57:11.693: D/audio_hw_primary(179): enable_snd_device: snd_device(2: speaker)
07-31 14:57:11.703: D/audio_hw_primary(179): enable_audio_route: apply mixer path: low-latency-playback
07-31 14:57:11.713: D/audio_hw_primary(179): start_output_stream: exit
07-31 14:57:11.753: D/dalvikvm(532): GC_FOR_ALLOC freed 1420K, 20% free 22822K/28384K, paused 51ms, total 51ms
07-31 14:57:11.883: I/TiAPI(3013): ImageView animation frame has changed, index 14
07-31 14:57:11.943: D/TouchTestDriver(3013): 14:57:11,950 [main] startSession(org.appcelerator.titanium.TiActivity@42677288)
07-31 14:57:11.943: D/TouchTestDriver(3013): 14:57:11,951 [main] ====> stack.push:org.appcelerator.titanium.TiActivity@42677288
07-31 14:57:11.943: D/TouchTestDriver(3013): 14:57:11,951 [main] URL is missing. Assuming activity was not launched by TouchTest Agent.
07-31 14:57:12.264: D/Window(3013): Window is closed normally.
07-31 14:57:14.856: D/audio_hw_primary(179): out_standby: enter: usecase(1: low-latency-playback)
07-31 14:57:14.906: D/audio_hw_primary(179): stop_output_stream: enter: usecase(1: low-latency-playback)
07-31 14:57:14.906: D/audio_hw_primary(179): disable_audio_route: reset mixer path: low-latency-playback
07-31 14:57:14.906: D/audio_hw_primary(179): disable_snd_device: snd_device(2: speaker)
07-31 14:57:14.916: D/audio_hw_primary(179): stop_output_stream: exit: status(0)
07-31 14:57:14.916: D/audio_hw_primary(179): out_standby: exit
07-31 14:57:16.748: D/audio_hw_primary(179): start_output_stream: enter: usecase(1: low-latency-playback) devices(0x2)
07-31 14:57:16.748: D/audio_hw_primary(179): select_devices: out_snd_device(2: speaker) in_snd_device(0: none)
07-31 14:57:16.748: D/audio_hw_primary(179): enable_snd_device: sending audio calibration for snd_device(2) acdb_id(14)
07-31 14:57:16.748: D/ACDB-LOADER(179): ACDB -> send_afe_cal
07-31 14:57:16.748: D/audio_hw_primary(179): enable_snd_device: snd_device(2: speaker)
07-31 14:57:16.748: D/audio_hw_primary(179): enable_audio_route: apply mixer path: low-latency-playback
07-31 14:57:16.748: I/ActivityManager(532): START u0 {cmp=com.appcelerator.kitchensink/org.appcelerator.titanium.TiActivity (has extras)} from pid 3013
07-31 14:57:16.758: D/audio_hw_primary(179): start_output_stream: exit
07-31 14:57:16.798: D/dalvikvm(532): GC_FOR_ALLOC freed 599K, 18% free 23368K/28384K, paused 45ms, total 45ms
07-31 14:57:16.848: D/dalvikvm(532): GC_FOR_ALLOC freed 1111K, 20% free 22809K/28384K, paused 44ms, total 44ms
07-31 14:57:16.878: I/System.out(3013): before org.appcelerator.titanium.TiActivity@42457b90_onCreate()
07-31 14:57:16.878: D/TouchTestDriver(3013): 14:57:16,888 [main] Activity org.appcelerator.titanium.TiActivity@42457b90 launched without a URI.
07-31 14:57:16.878: I/System.out(3013): before org.appcelerator.titanium.TiActivity@42457b90_onCreate()
07-31 14:57:16.878: D/TouchTestDriver(3013): 14:57:16,889 [main] Activity org.appcelerator.titanium.TiActivity@42457b90 launched without a URI.
07-31 14:57:16.898: D/Window(3013): Checkpoint: postWindowCreated()
07-31 14:57:16.988: I/System.out(3013): after org.appcelerator.titanium.TiActivity@42457b90_onCreate()
07-31 14:57:16.988: D/TouchTestDriver(3013): 14:57:17,001 [main] Discovered org.appcelerator.titanium.TiActivity@42457b90 in com.appcelerator.kitchensink
07-31 14:57:16.988: D/TouchTestDriver(3013): 14:57:17,002 [main] startSession(org.appcelerator.titanium.TiActivity@42457b90)
07-31 14:57:16.988: D/TouchTestDriver(3013): 14:57:17,002 [main] ====> stack.push:org.appcelerator.titanium.TiActivity@42457b90
07-31 14:57:16.988: D/TouchTestDriver(3013): 14:57:17,002 [main] URL is missing. Assuming activity was not launched by TouchTest Agent.
07-31 14:57:16.988: I/System.out(3013): after org.appcelerator.titanium.TiActivity@42457b90_onCreate()
07-31 14:57:16.988: D/TouchTestDriver(3013): 14:57:17,002 [main] Discovered org.appcelerator.titanium.TiActivity@42457b90 in com.appcelerator.kitchensink
07-31 14:57:16.988: D/TouchTestDriver(3013): 14:57:17,003 [main] startSession(org.appcelerator.titanium.TiActivity@42457b90)
07-31 14:57:17.018: I/TiAPI(3013): ImageView animation started
07-31 14:57:17.038: D/TouchTestDriver(3013): 14:57:17,048 [main] startSession(org.appcelerator.titanium.TiActivity@42457b90)
07-31 14:57:17.078: I/ActivityManager(532): Displayed com.appcelerator.kitchensink/org.appcelerator.titanium.TiActivity: +208ms
07-31 14:57:17.118: I/TiAPI(3013): ImageView animation frame has changed, index 0
07-31 14:57:17.218: I/TiAPI(3013): ImageView animation frame has changed, index 1
07-31 14:57:17.318: I/TiAPI(3013): ImageView animation frame has changed, index 2
07-31 14:57:17.469: I/TiAPI(3013): ImageView animation frame has changed, index 3
07-31 14:57:17.539: I/TiAPI(3013): ImageView animation frame has changed, index 4
07-31 14:57:17.619: I/TiAPI(3013): ImageView animation frame has changed, index 5
07-31 14:57:17.719: I/TiAPI(3013): ImageView animation frame has changed, index 6
07-31 14:57:17.819: I/TiAPI(3013): ImageView animation frame has changed, index 7
07-31 14:57:17.919: I/TiAPI(3013): ImageView animation frame has changed, index 8
07-31 14:57:18.019: I/TiAPI(3013): ImageView animation frame has changed, index 9
07-31 14:57:18.119: I/TiAPI(3013): ImageView animation frame has changed, index 10
07-31 14:57:18.219: I/TiAPI(3013): ImageView animation frame has changed, index 11
07-31 14:57:18.319: I/TiAPI(3013): ImageView animation frame has changed, index 12
07-31 14:57:18.420: I/TiAPI(3013): ImageView animation frame has changed, index 13
07-31 14:57:18.520: I/TiAPI(3013): ImageView animation frame has changed, index 14
07-31 14:57:18.620: I/TiAPI(3013): ImageView animation frame has changed, index 15
07-31 14:57:18.720: I/TiAPI(3013): ImageView animation frame has changed, index 16
07-31 14:57:18.820: I/TiAPI(3013): ImageView animation frame has changed, index 0
07-31 14:57:18.920: I/TiAPI(3013): ImageView animation frame has changed, index 1
07-31 14:57:19.020: I/TiAPI(3013): ImageView animation frame has changed, index 2
07-31 14:57:19.120: I/TiAPI(3013): ImageView animation frame has changed, index 3
07-31 14:57:19.220: I/TiAPI(3013): ImageView animation frame has changed, index 4
07-31 14:57:19.320: I/TiAPI(3013): ImageView animation frame has changed, index 5
07-31 14:57:19.421: I/TiAPI(3013): ImageView animation frame has changed, index 6
07-31 14:57:19.521: I/TiAPI(3013): ImageView animation frame has changed, index 7
07-31 14:57:19.621: I/TiAPI(3013): ImageView animation frame has changed, index 8
07-31 14:57:19.721: I/TiAPI(3013): ImageView animation frame has changed, index 9
07-31 14:57:19.821: I/TiAPI(3013): ImageView animation frame has changed, index 10
07-31 14:57:19.921: D/audio_hw_primary(179): out_standby: enter: usecase(1: low-latency-playback)
07-31 14:57:19.921: I/TiAPI(3013): ImageView animation frame has changed, index 11
07-31 14:57:19.971: D/audio_hw_primary(179): stop_output_stream: enter: usecase(1: low-latency-playback)
07-31 14:57:19.971: D/audio_hw_primary(179): disable_audio_route: reset mixer path: low-latency-playback
07-31 14:57:19.971: D/audio_hw_primary(179): disable_snd_device: snd_device(2: speaker)
07-31 14:57:19.971: D/audio_hw_primary(179): stop_output_stream: exit: status(0)
07-31 14:57:19.971: D/audio_hw_primary(179): out_standby: exit
07-31 14:57:20.021: I/TiAPI(3013): ImageView animation frame has changed, index 12
07-31 14:57:20.121: I/TiAPI(3013): ImageView animation frame has changed, index 13
07-31 14:57:20.221: I/TiAPI(3013): ImageView animation frame has changed, index 14
07-31 14:57:20.321: I/TiAPI(3013): ImageView animation frame has changed, index 15
07-31 14:57:20.422: I/TiAPI(3013): ImageView animation frame has changed, index 16
07-31 14:57:20.522: I/TiAPI(3013): ImageView animation frame has changed, index 0
07-31 14:57:20.622: I/TiAPI(3013): ImageView animation frame has changed, index 1
07-31 14:57:20.722: I/TiAPI(3013): ImageView animation frame has changed, index 2
07-31 14:57:20.822: I/TiAPI(3013): ImageView animation frame has changed, index 3
07-31 14:57:20.922: I/TiAPI(3013): ImageView animation frame has changed, index 4
07-31 14:57:21.022: I/TiAPI(3013): ImageView animation frame has changed, index 5
07-31 14:57:21.122: I/TiAPI(3013): ImageView animation frame has changed, index 6
07-31 14:57:21.222: I/TiAPI(3013): ImageView animation frame has changed, index 7
07-31 14:57:21.322: I/TiAPI(3013): ImageView animation frame has changed, index 8
07-31 14:57:21.422: I/TiAPI(3013): ImageView animation frame has changed, index 9
07-31 14:57:21.523: I/TiAPI(3013): ImageView animation frame has changed, index 10
07-31 14:57:21.623: I/TiAPI(3013): ImageView animation frame has changed, index 11
07-31 14:57:21.733: I/TiAPI(3013): ImageView animation frame has changed, index 12
07-31 14:57:21.833: D/dalvikvm(3013): GC_CONCURRENT freed 2343K, 13% free 16703K/19092K, paused 2ms+11ms, total 81ms
07-31 14:57:21.833: I/TiAPI(3013): ImageView animation frame has changed, index 13
07-31 14:57:21.933: I/TiAPI(3013): ImageView animation frame has changed, index 14
07-31 14:57:22.033: I/TiAPI(3013): ImageView animation frame has changed, index 15
07-31 14:57:22.133: I/TiAPI(3013): ImageView animation frame has changed, index 16
07-31 14:57:22.233: I/TiAPI(3013): ImageView animation frame has changed, index 0
07-31 14:57:22.333: I/TiAPI(3013): ImageView animation frame has changed, index 1
07-31 14:57:22.433: I/TiAPI(3013): ImageView animation frame has changed, index 2
07-31 14:57:22.534: I/TiAPI(3013): ImageView animation frame has changed, index 3
07-31 14:57:22.634: I/TiAPI(3013): ImageView animation frame has changed, index 4
07-31 14:57:22.734: I/TiAPI(3013): ImageView animation frame has changed, index 5
07-31 14:57:22.834: I/TiAPI(3013): ImageView animation frame has changed, index 6
07-31 14:57:22.934: I/TiAPI(3013): ImageView animation frame has changed, index 7
07-31 14:57:23.034: I/TiAPI(3013): ImageView animation frame has changed, index 8
07-31 14:57:23.134: I/TiAPI(3013): ImageView animation frame has changed, index 9
07-31 14:57:23.234: I/TiAPI(3013): ImageView animation frame has changed, index 10
07-31 14:57:23.334: I/TiAPI(3013): ImageView animation frame has changed, index 11
07-31 14:57:23.434: I/TiAPI(3013): ImageView animation frame has changed, index 12
07-31 14:57:23.535: I/TiAPI(3013): ImageView animation frame has changed, index 13
07-31 14:57:23.635: I/TiAPI(3013): ImageView animation frame has changed, index 14
07-31 14:57:23.735: I/TiAPI(3013): ImageView animation frame has changed, index 15
07-31 14:57:23.835: I/TiAPI(3013): ImageView animation frame has changed, index 16
07-31 14:57:23.935: I/TiAPI(3013): ImageView animation frame has changed, index 0
07-31 14:57:24.025: I/TiAPI(3013): ImageView animation frame has changed, index 1
07-31 14:57:24.135: I/TiAPI(3013): ImageView animation frame has changed, index 2
07-31 14:57:24.225: I/TiAPI(3013): ImageView animation frame has changed, index 3
07-31 14:57:24.325: I/TiAPI(3013): ImageView animation frame has changed, index 4
07-31 14:57:24.425: I/TiAPI(3013): ImageView animation frame has changed, index 5
07-31 14:57:24.526: I/TiAPI(3013): ImageView animation frame has changed, index 6
07-31 14:57:24.626: I/TiAPI(3013): ImageView animation frame has changed, index 7
07-31 14:57:24.726: I/TiAPI(3013): ImageView animation frame has changed, index 8
07-31 14:57:24.826: I/TiAPI(3013): ImageView animation frame has changed, index 9
07-31 14:57:24.926: I/TiAPI(3013): ImageView animation frame has changed, index 10
07-31 14:57:25.026: I/TiAPI(3013): ImageView animation frame has changed, index 11
07-31 14:57:25.126: I/TiAPI(3013): ImageView animation frame has changed, index 12
07-31 14:57:25.226: I/TiAPI(3013): ImageView animation frame has changed, index 13
07-31 14:57:25.326: I/TiAPI(3013): ImageView animation frame has changed, index 14
07-31 14:57:25.426: I/TiAPI(3013): ImageView animation frame has changed, index 15
07-31 14:57:25.527: I/TiAPI(3013): ImageView animation frame has changed, index 16
07-31 14:57:25.627: I/TiAPI(3013): ImageView animation frame has changed, index 0
07-31 14:57:25.727: I/TiAPI(3013): ImageView animation frame has changed, index 1
07-31 14:57:25.827: I/TiAPI(3013): ImageView animation frame has changed, index 2
07-31 14:57:25.927: I/TiAPI(3013): ImageView animation frame has changed, index 3
07-31 14:57:26.027: I/TiAPI(3013): ImageView animation frame has changed, index 4
07-31 14:57:26.127: I/TiAPI(3013): ImageView animation frame has changed, index 5
07-31 14:57:26.227: I/TiAPI(3013): ImageView animation frame has changed, index 6
07-31 14:57:26.327: I/TiAPI(3013): ImageView animation frame has changed, index 7
07-31 14:57:26.427: I/TiAPI(3013): ImageView animation frame has changed, index 8
07-31 14:57:26.527: I/TiAPI(3013): ImageView animation frame has changed, index 9
07-31 14:57:26.628: I/TiAPI(3013): ImageView animation frame has changed, index 10
07-31 14:57:26.728: I/TiAPI(3013): ImageView animation frame has changed, index 11
07-31 14:57:26.828: I/TiAPI(3013): ImageView animation frame has changed, index 12
07-31 14:57:26.928: I/TiAPI(3013): ImageView animation frame has changed, index 13
07-31 14:57:27.028: I/TiAPI(3013): ImageView animation frame has changed, index 14
07-31 14:57:27.128: I/TiAPI(3013): ImageView animation frame has changed, index 15
07-31 14:57:27.228: I/TiAPI(3013): ImageView animation frame has changed, index 16
07-31 14:57:27.328: I/TiAPI(3013): ImageView animation frame has changed, index 0
07-31 14:57:27.428: I/TiAPI(3013): ImageView animation frame has changed, index 1
07-31 14:57:27.528: I/TiAPI(3013): ImageView animation frame has changed, index 2
07-31 14:57:27.629: I/TiAPI(3013): ImageView animation frame has changed, index 3
07-31 14:57:27.729: I/TiAPI(3013): ImageView animation frame has changed, index 4
07-31 14:57:27.829: I/TiAPI(3013): ImageView animation frame has changed, index 5
07-31 14:57:27.929: I/TiAPI(3013): ImageView animation frame has changed, index 6
07-31 14:57:28.029: I/TiAPI(3013): ImageView animation frame has changed, index 7
07-31 14:57:28.129: I/TiAPI(3013): ImageView animation frame has changed, index 8
07-31 14:57:28.229: I/TiAPI(3013): ImageView animation frame has changed, index 9
07-31 14:57:28.329: I/TiAPI(3013): ImageView animation frame has changed, index 10
07-31 14:57:28.429: I/TiAPI(3013): ImageView animation frame has changed, index 11
07-31 14:57:28.529: I/TiAPI(3013): ImageView animation frame has changed, index 12
07-31 14:57:28.630: I/TiAPI(3013): ImageView animation frame has changed, index 13
07-31 14:57:28.730: I/TiAPI(3013): ImageView animation frame has changed, index 14
07-31 14:57:28.830: I/TiAPI(3013): ImageView animation frame has changed, index 15
07-31 14:57:28.930: I/TiAPI(3013): ImageView animation frame has changed, index 16
07-31 14:57:29.030: I/TiAPI(3013): ImageView animation frame has changed, index 0
07-31 14:57:29.130: I/TiAPI(3013): ImageView animation frame has changed, index 1
07-31 14:57:29.230: I/TiAPI(3013): ImageView animation frame has changed, index 2
07-31 14:57:29.330: I/TiAPI(3013): ImageView animation frame has changed, index 3
07-31 14:57:29.430: I/TiAPI(3013): ImageView animation frame has changed, index 4
07-31 14:57:29.530: I/TiAPI(3013): ImageView animation frame has changed, index 5
07-31 14:57:29.631: I/TiAPI(3013): ImageView animation frame has changed, index 6
07-31 14:57:29.731: I/TiAPI(3013): ImageView animation frame has changed, index 7
07-31 14:57:29.831: I/TiAPI(3013): ImageView animation frame has changed, index 8
07-31 14:57:29.931: I/TiAPI(3013): ImageView animation frame has changed, index 9
07-31 14:57:30.031: I/TiAPI(3013): ImageView animation frame has changed, index 10
07-31 14:57:30.131: I/TiAPI(3013): ImageView animation frame has changed, index 11
07-31 14:57:30.231: I/TiAPI(3013): ImageView animation frame has changed, index 12
07-31 14:57:30.331: I/TiAPI(3013): ImageView animation frame has changed, index 13
07-31 14:57:30.431: I/TiAPI(3013): ImageView animation frame has changed, index 14
07-31 14:57:30.531: I/TiAPI(3013): ImageView animation frame has changed, index 15
07-31 14:57:30.631: I/TiAPI(3013): ImageView animation frame has changed, index 16
07-31 14:57:30.732: I/TiAPI(3013): ImageView animation frame has changed, index 0
07-31 14:57:30.832: I/TiAPI(3013): ImageView animation frame has changed, index 1
07-31 14:57:30.932: I/TiAPI(3013): ImageView animation frame has changed, index 2
07-31 14:57:31.032: I/TiAPI(3013): ImageView animation frame has changed, index 3
07-31 14:57:31.132: I/TiAPI(3013): ImageView animation frame has changed, index 4
07-31 14:57:31.232: I/TiAPI(3013): ImageView animation frame has changed, index 5
07-31 14:57:31.332: I/TiAPI(3013): ImageView animation frame has changed, index 6
07-31 14:57:31.432: I/TiAPI(3013): ImageView animation frame has changed, index 7
07-31 14:57:31.532: I/TiAPI(3013): ImageView animation frame has changed, index 8
07-31 14:57:31.632: I/TiAPI(3013): ImageView animation frame has changed, index 9
07-31 14:57:31.733: I/TiAPI(3013): ImageView animation frame has changed, index 10
07-31 14:57:31.833: I/TiAPI(3013): ImageView animation frame has changed, index 11
07-31 14:57:31.933: I/TiAPI(3013): ImageView animation frame has changed, index 12
07-31 14:57:32.033: I/TiAPI(3013): ImageView animation frame has changed, index 13
07-31 14:57:32.133: I/TiAPI(3013): ImageView animation frame has changed, index 14
07-31 14:57:32.233: I/TiAPI(3013): ImageView animation frame has changed, index 15
07-31 14:57:32.333: I/TiAPI(3013): ImageView animation frame has changed, index 16
07-31 14:57:32.433: I/TiAPI(3013): ImageView animation frame has changed, index 0
07-31 14:57:32.533: I/TiAPI(3013): ImageView animation frame has changed, index 1
07-31 14:57:32.633: I/TiAPI(3013): ImageView animation frame has changed, index 2
07-31 14:57:32.734: I/TiAPI(3013): ImageView animation frame has changed, index 3
07-31 14:57:32.834: I/TiAPI(3013): ImageView animation frame has changed, index 4
07-31 14:57:32.934: I/TiAPI(3013): ImageView animation frame has changed, index 5
07-31 14:57:33.034: I/TiAPI(3013): ImageView animation frame has changed, index 6
07-31 14:57:33.134: I/TiAPI(3013): ImageView animation frame has changed, index 7
07-31 14:57:33.234: I/TiAPI(3013): ImageView animation frame has changed, index 8
07-31 14:57:33.334: I/TiAPI(3013): ImageView animation frame has changed, index 9
07-31 14:57:33.434: I/TiAPI(3013): ImageView animation frame has changed, index 10
07-31 14:57:33.534: I/TiAPI(3013): ImageView animation frame has changed, index 11
07-31 14:57:33.634: I/TiAPI(3013): ImageView animation frame has changed, index 12
07-31 14:57:33.735: I/TiAPI(3013): ImageView animation frame has changed, index 13
07-31 14:57:33.835: I/TiAPI(3013): ImageView animation frame has changed, index 14
07-31 14:57:33.935: I/TiAPI(3013): ImageView animation frame has changed, index 15
07-31 14:57:34.035: I/TiAPI(3013): ImageView animation frame has changed, index 16
07-31 14:57:34.135: I/TiAPI(3013): ImageView animation frame has changed, index 0
07-31 14:57:34.225: I/TiAPI(3013): ImageView animation frame has changed, index 1
07-31 14:57:34.325: I/TiAPI(3013): ImageView animation frame has changed, index 2
07-31 14:57:34.425: I/TiAPI(3013): ImageView animation frame has changed, index 3
07-31 14:57:34.525: I/TiAPI(3013): ImageView animation frame has changed, index 4
07-31 14:57:34.625: I/TiAPI(3013): ImageView animation frame has changed, index 5
07-31 14:57:34.735: I/TiAPI(3013): ImageView animation frame has changed, index 6
07-31 14:57:34.836: I/TiAPI(3013): ImageView animation frame has changed, index 7
07-31 14:57:34.926: I/TiAPI(3013): ImageView animation frame has changed, index 8
07-31 14:57:35.036: I/TiAPI(3013): ImageView animation frame has changed, index 9
07-31 14:57:35.136: I/TiAPI(3013): ImageView animation frame has changed, index 10
07-31 14:57:35.236: I/TiAPI(3013): ImageView animation frame has changed, index 11
07-31 14:57:35.336: I/TiAPI(3013): ImageView animation frame has changed, index 12
07-31 14:57:35.436: I/TiAPI(3013): ImageView animation frame has changed, index 13
07-31 14:57:35.536: I/TiAPI(3013): ImageView animation frame has changed, index 14
07-31 14:57:35.636: I/TiAPI(3013): ImageView animation frame has changed, index 15
07-31 14:57:35.736: I/TiAPI(3013): ImageView animation frame has changed, index 16
07-31 14:57:35.837: I/TiAPI(3013): ImageView animation frame has changed, index 0
07-31 14:57:35.937: I/TiAPI(3013): ImageView animation frame has changed, index 1
07-31 14:57:36.037: I/TiAPI(3013): ImageView animation frame has changed, index 2
07-31 14:57:36.137: I/TiAPI(3013): ImageView animation frame has changed, index 3
07-31 14:57:36.237: I/TiAPI(3013): ImageView animation frame has changed, index 4
07-31 14:57:36.337: I/TiAPI(3013): ImageView animation frame has changed, index 5
07-31 14:57:36.437: I/TiAPI(3013): ImageView animation frame has changed, index 6
07-31 14:57:36.537: I/TiAPI(3013): ImageView animation frame has changed, index 7
07-31 14:57:36.637: I/TiAPI(3013): ImageView animation frame has changed, index 8
07-31 14:57:36.737: I/TiAPI(3013): ImageView animation frame has changed, index 9
07-31 14:57:36.838: I/TiAPI(3013): ImageView animation frame has changed, index 10
07-31 14:57:36.938: I/TiAPI(3013): ImageView animation frame has changed, index 11
07-31 14:57:37.038: I/TiAPI(3013): ImageView animation frame has changed, index 12
07-31 14:57:37.138: I/TiAPI(3013): ImageView animation frame has changed, index 13
07-31 14:57:37.238: I/TiAPI(3013): ImageView animation frame has changed, index 14
07-31 14:57:37.338: I/TiAPI(3013): ImageView animation frame has changed, index 15
07-31 14:57:37.438: I/TiAPI(3013): ImageView animation frame has changed, index 16
07-31 14:57:37.538: I/TiAPI(3013): ImageView animation frame has changed, index 0
07-31 14:57:37.638: I/TiAPI(3013): ImageView animation frame has changed, index 1
07-31 14:57:37.738: I/TiAPI(3013): ImageView animation frame has changed, index 2
07-31 14:57:37.839: I/TiAPI(3013): ImageView animation frame has changed, index 3
07-31 14:57:37.939: I/TiAPI(3013): ImageView animation frame has changed, index 4
07-31 14:57:38.039: I/TiAPI(3013): ImageView animation frame has changed, index 5
07-31 14:57:38.139: I/TiAPI(3013): ImageView animation frame has changed, index 6
07-31 14:57:38.239: I/TiAPI(3013): ImageView animation frame has changed, index 7
07-31 14:57:38.339: I/TiAPI(3013): ImageView animation frame has changed, index 8
07-31 14:57:38.439: I/TiAPI(3013): ImageView animation frame has changed, index 9
07-31 14:57:38.539: I/TiAPI(3013): ImageView animation frame has changed, index 10
07-31 14:57:38.639: I/TiAPI(3013): ImageView animation frame has changed, index 11
07-31 14:57:38.739: I/TiAPI(3013): ImageView animation frame has changed, index 12
07-31 14:57:38.839: I/TiAPI(3013): ImageView animation frame has changed, index 13
07-31 14:57:38.940: I/TiAPI(3013): ImageView animation frame has changed, index 14
07-31 14:57:39.040: I/TiAPI(3013): ImageView animation frame has changed, index 15
07-31 14:57:39.140: I/TiAPI(3013): ImageView animation frame has changed, index 16
07-31 14:57:39.240: I/TiAPI(3013): ImageView animation frame has changed, index 0
07-31 14:57:39.340: I/TiAPI(3013): ImageView animation frame has changed, index 1
07-31 14:57:39.440: I/TiAPI(3013): ImageView animation frame has changed, index 2
07-31 14:57:39.540: I/TiAPI(3013): ImageView animation frame has changed, index 3
