07-31 14:58:36.125: I/TiAPI(3013): ImageView animation frame has changed, index 7
07-31 14:58:36.225: I/TiAPI(3013): ImageView animation frame has changed, index 8
07-31 14:58:36.326: I/TiAPI(3013): ImageView animation frame has changed, index 9
07-31 14:58:36.426: I/TiAPI(3013): ImageView animation frame has changed, index 10
07-31 14:58:36.526: I/TiAPI(3013): ImageView animation frame has changed, index 11
07-31 14:58:36.626: I/TiAPI(3013): ImageView animation frame has changed, index 12
07-31 14:58:36.726: I/TiAPI(3013): ImageView animation frame has changed, index 13
07-31 14:58:36.826: I/TiAPI(3013): ImageView animation frame has changed, index 14
07-31 14:58:36.926: I/TiAPI(3013): ImageView animation frame has changed, index 15
07-31 14:58:37.026: I/TiAPI(3013): ImageView animation frame has changed, index 16
07-31 14:58:37.126: I/TiAPI(3013): ImageView animation frame has changed, index 0
07-31 14:58:37.196: I/TiAPI(3013): ImageView animation stopped
07-31 14:58:37.327: I/GTalkService/c(884): [AndroidEndpoint@1105756568] connect: acct=1000000, state=CONNECTING
07-31 14:58:37.337: D/dalvikvm(884): GC_CONCURRENT freed 382K, 7% free 9835K/10544K, paused 1ms+1ms, total 15ms
07-31 14:58:37.897: I/TiAPI(3013): ImageView animation started
07-31 14:58:38.598: I/TiAPI(3013): ImageView animation frame has changed, index 0
07-31 14:58:39.298: I/TiAPI(3013): ImageView animation frame has changed, index 1
07-31 14:58:39.999: I/TiAPI(3013): ImageView animation frame has changed, index 2
07-31 14:58:40.700: I/TiAPI(3013): ImageView animation frame has changed, index 3
07-31 14:58:41.050: I/TiAPI(3013): ImageView animation stopped
07-31 14:58:45.154: I/TiAPI(3013): ImageView animation started
07-31 14:58:45.224: I/TiAPI(3013): ImageView animation frame has changed, index 0
07-31 14:58:45.274: I/TiAPI(3013): ImageView animation frame has changed, index 1
07-31 14:58:45.344: I/TiAPI(3013): ImageView animation frame has changed, index 2
07-31 14:58:45.404: I/TiAPI(3013): ImageView animation frame has changed, index 3
07-31 14:58:45.464: I/TiAPI(3013): ImageView animation frame has changed, index 4
07-31 14:58:45.525: I/TiAPI(3013): ImageView animation frame has changed, index 5
07-31 14:58:45.585: I/TiAPI(3013): ImageView animation frame has changed, index 6
07-31 14:58:45.655: I/TiAPI(3013): ImageView animation frame has changed, index 7
07-31 14:58:45.705: I/TiAPI(3013): ImageView animation frame has changed, index 8
07-31 14:58:45.765: I/TiAPI(3013): ImageView animation frame has changed, index 9
07-31 14:58:45.825: I/TiAPI(3013): ImageView animation frame has changed, index 10
07-31 14:58:45.905: I/TiAPI(3013): ImageView animation frame has changed, index 11
07-31 14:58:45.955: I/TiAPI(3013): ImageView animation frame has changed, index 12
07-31 14:58:45.995: I/TiAPI(3013): ImageView animation frame has changed, index 13
07-31 14:58:46.055: I/TiAPI(3013): ImageView animation frame has changed, index 14
07-31 14:58:46.115: I/TiAPI(3013): ImageView animation frame has changed, index 15
07-31 14:58:46.175: I/TiAPI(3013): ImageView animation frame has changed, index 16
07-31 14:58:46.235: I/TiAPI(3013): ImageView animation frame has changed, index 0
07-31 14:58:46.295: I/TiAPI(3013): ImageView animation frame has changed, index 1
07-31 14:58:46.375: I/TiAPI(3013): ImageView animation frame has changed, index 2
07-31 14:58:46.425: I/TiAPI(3013): ImageView animation frame has changed, index 3
07-31 14:58:46.475: I/TiAPI(3013): ImageView animation frame has changed, index 4
07-31 14:58:46.536: I/TiAPI(3013): ImageView animation frame has changed, index 5
07-31 14:58:46.596: I/TiAPI(3013): ImageView animation frame has changed, index 6
07-31 14:58:46.656: I/TiAPI(3013): ImageView animation frame has changed, index 7
07-31 14:58:46.716: I/TiAPI(3013): ImageView animation frame has changed, index 8
07-31 14:58:46.776: I/TiAPI(3013): ImageView animation frame has changed, index 9
07-31 14:58:46.836: I/TiAPI(3013): ImageView animation frame has changed, index 10
07-31 14:58:46.886: D/dalvikvm(3013): GC_CONCURRENT freed 2512K, 14% free 16684K/19224K, paused 1ms+12ms, total 102ms
07-31 14:58:46.896: I/TiAPI(3013): ImageView animation frame has changed, index 11
07-31 14:58:46.966: I/TiAPI(3013): ImageView animation frame has changed, index 12
07-31 14:58:47.016: I/TiAPI(3013): ImageView animation frame has changed, index 13
07-31 14:58:47.076: I/TiAPI(3013): ImageView animation frame has changed, index 14
07-31 14:58:47.136: I/TiAPI(3013): ImageView animation frame has changed, index 15
07-31 14:58:47.196: I/TiAPI(3013): ImageView animation frame has changed, index 16
07-31 14:58:47.256: I/TiAPI(3013): ImageView animation frame has changed, index 0
07-31 14:58:47.326: I/TiAPI(3013): ImageView animation frame has changed, index 1
07-31 14:58:47.386: I/TiAPI(3013): ImageView animation frame has changed, index 2
07-31 14:58:47.446: I/TiAPI(3013): ImageView animation frame has changed, index 3
07-31 14:58:47.506: I/TiAPI(3013): ImageView animation frame has changed, index 4
07-31 14:58:47.557: I/TiAPI(3013): ImageView animation frame has changed, index 5
07-31 14:58:47.627: I/TiAPI(3013): ImageView animation frame has changed, index 6
07-31 14:58:47.687: I/TiAPI(3013): ImageView animation frame has changed, index 7
07-31 14:58:47.747: I/TiAPI(3013): ImageView animation frame has changed, index 8
07-31 14:58:47.807: I/TiAPI(3013): ImageView animation frame has changed, index 9
07-31 14:58:47.867: I/TiAPI(3013): ImageView animation frame has changed, index 10
07-31 14:58:47.937: I/TiAPI(3013): ImageView animation frame has changed, index 11
07-31 14:58:47.987: I/TiAPI(3013): ImageView animation frame has changed, index 12
07-31 14:58:48.047: I/TiAPI(3013): ImageView animation frame has changed, index 13
07-31 14:58:48.107: I/TiAPI(3013): ImageView animation frame has changed, index 14
07-31 14:58:48.167: I/TiAPI(3013): ImageView animation frame has changed, index 15
07-31 14:58:48.237: I/TiAPI(3013): ImageView animation frame has changed, index 16
07-31 14:58:48.297: D/audio_hw_primary(179): out_standby: enter: usecase(1: low-latency-playback)
07-31 14:58:48.307: I/TiAPI(3013): ImageView animation frame has changed, index 0
07-31 14:58:48.347: D/audio_hw_primary(179): stop_output_stream: enter: usecase(1: low-latency-playback)
07-31 14:58:48.347: D/audio_hw_primary(179): disable_audio_route: reset mixer path: low-latency-playback
07-31 14:58:48.347: D/audio_hw_primary(179): disable_snd_device: snd_device(2: speaker)
07-31 14:58:48.347: D/audio_hw_primary(179): stop_output_stream: exit: status(0)
07-31 14:58:48.347: D/audio_hw_primary(179): out_standby: exit
07-31 14:58:48.357: I/TiAPI(3013): ImageView animation frame has changed, index 1
07-31 14:58:48.407: I/TiAPI(3013): ImageView animation frame has changed, index 2
07-31 14:58:48.467: I/TiAPI(3013): ImageView animation frame has changed, index 3
07-31 14:58:48.527: I/TiAPI(3013): ImageView animation frame has changed, index 4
07-31 14:58:48.588: I/TiAPI(3013): ImageView animation frame has changed, index 5
07-31 14:58:48.648: I/TiAPI(3013): ImageView animation frame has changed, index 6
07-31 14:58:48.698: I/InputReader(532): Reconfiguring input devices. changes=0x00000004
07-31 14:58:48.698: I/InputReader(532): Device reconfigured: id=6, name='elan-touchscreen', size 1200x1920, orientation 3, mode 1, display id 0
07-31 14:58:48.698: I/ActivityManager(532): Config changes=1480 {1.0 310mcc?mnc en_US ldltr sw600dp w960dp h527dp 320dpi lrg land finger -keyb/v/h -nav/h s.41}
07-31 14:58:48.728: D/audio_hw_primary(179): adev_set_parameters: enter: rotation=270
07-31 14:58:48.728: D/audio_hw_primary(179): adev_set_parameters: exit with code(0)
07-31 14:58:48.738: I/TiAPI(3013): ImageView animation frame has changed, index 7
07-31 14:58:48.778: D/PhoneStatusBar(692): mSettingsPanelGravity = 8388661
07-31 14:58:48.788: I/TiAPI(3013): ImageView animation frame has changed, index 8
07-31 14:58:48.798: I/WindowManager(532): Screen frozen for +128ms due to Window{4207a0a0 u0 com.appcelerator.kitchensink/org.appcelerator.titanium.TiActivity}
07-31 14:58:48.808: D/dalvikvm(692): GC_CONCURRENT freed 852K, 71% free 15252K/52336K, paused 2ms+8ms, total 32ms
07-31 14:58:48.838: I/TiAPI(3013): ImageView animation frame has changed, index 9
07-31 14:58:48.898: I/TiAPI(3013): ImageView animation frame has changed, index 10
07-31 14:58:48.998: I/TiAPI(3013): ImageView animation frame has changed, index 11
07-31 14:58:49.018: I/TiAPI(3013): ImageView animation frame has changed, index 12
07-31 14:58:49.068: I/TiAPI(3013): ImageView animation frame has changed, index 13
07-31 14:58:49.128: I/TiAPI(3013): ImageView animation frame has changed, index 14
07-31 14:58:49.188: I/TiAPI(3013): ImageView animation frame has changed, index 15
07-31 14:58:49.248: I/TiAPI(3013): ImageView animation frame has changed, index 16
07-31 14:58:49.308: I/TiAPI(3013): ImageView animation frame has changed, index 0
07-31 14:58:49.368: I/TiAPI(3013): ImageView animation frame has changed, index 1
07-31 14:58:49.428: I/TiAPI(3013): ImageView animation frame has changed, index 2
07-31 14:58:49.498: I/TiAPI(3013): ImageView animation frame has changed, index 3
07-31 14:58:49.558: I/TiAPI(3013): ImageView animation frame has changed, index 4
07-31 14:58:49.629: I/TiAPI(3013): ImageView animation frame has changed, index 5
07-31 14:58:49.679: I/TiAPI(3013): ImageView animation frame has changed, index 6
07-31 14:58:49.739: I/TiAPI(3013): ImageView animation frame has changed, index 7
07-31 14:58:49.799: I/TiAPI(3013): ImageView animation frame has changed, index 8
07-31 14:58:49.859: I/TiAPI(3013): ImageView animation frame has changed, index 9
07-31 14:58:49.919: I/TiAPI(3013): ImageView animation frame has changed, index 10
07-31 14:58:49.979: I/TiAPI(3013): ImageView animation frame has changed, index 11
07-31 14:58:50.039: I/TiAPI(3013): ImageView animation frame has changed, index 12
07-31 14:58:50.099: I/TiAPI(3013): ImageView animation frame has changed, index 13
07-31 14:58:50.159: I/TiAPI(3013): ImageView animation frame has changed, index 14
07-31 14:58:50.219: I/TiAPI(3013): ImageView animation frame has changed, index 15
07-31 14:58:50.279: I/InputReader(532): Reconfiguring input devices. changes=0x00000004
07-31 14:58:50.279: I/InputReader(532): Device reconfigured: id=6, name='elan-touchscreen', size 1200x1920, orientation 0, mode 1, display id 0
07-31 14:58:50.279: I/InputReader(532): Reconfiguring input devices. changes=0x00000004
07-31 14:58:50.279: I/InputReader(532): Device reconfigured: id=6, name='elan-touchscreen', size 1200x1920, orientation 0, mode 1, display id 0
07-31 14:58:50.279: I/ActivityManager(532): Config changes=1480 {1.0 310mcc?mnc en_US ldltr sw600dp w600dp h887dp 320dpi lrg port finger -keyb/v/h -nav/h s.42}
07-31 14:58:50.289: I/TiAPI(3013): ImageView animation frame has changed, index 16
07-31 14:58:50.309: D/audio_hw_primary(179): adev_set_parameters: enter: rotation=0
07-31 14:58:50.309: D/audio_hw_primary(179): adev_set_parameters: exit with code(0)
07-31 14:58:50.329: D/dalvikvm(2310): GC_CONCURRENT freed 383K, 5% free 8911K/9320K, paused 1ms+2ms, total 32ms
07-31 14:58:50.349: I/TiAPI(3013): ImageView animation frame has changed, index 0
07-31 14:58:50.369: D/PhoneStatusBar(692): mSettingsPanelGravity = 8388661
07-31 14:58:50.409: I/TiAPI(3013): ImageView animation frame has changed, index 1
07-31 14:58:50.409: I/WindowManager(532): Screen frozen for +154ms due to Window{4207a0a0 u0 com.appcelerator.kitchensink/org.appcelerator.titanium.TiActivity}
07-31 14:58:50.459: I/TiAPI(3013): ImageView animation frame has changed, index 2
07-31 14:58:50.519: I/TiAPI(3013): ImageView animation frame has changed, index 3
07-31 14:58:50.579: I/TiAPI(3013): ImageView animation frame has changed, index 4
07-31 14:58:50.640: I/TiAPI(3013): ImageView animation frame has changed, index 5
07-31 14:58:50.700: I/TiAPI(3013): ImageView animation frame has changed, index 6
07-31 14:58:50.760: I/TiAPI(3013): ImageView animation frame has changed, index 7
07-31 14:58:50.820: I/TiAPI(3013): ImageView animation frame has changed, index 8
07-31 14:58:50.880: I/TiAPI(3013): ImageView animation frame has changed, index 9
07-31 14:58:50.940: I/TiAPI(3013): ImageView animation frame has changed, index 10
07-31 14:58:51.000: I/TiAPI(3013): ImageView animation frame has changed, index 11
07-31 14:58:51.060: I/TiAPI(3013): ImageView animation frame has changed, index 12
07-31 14:58:51.120: I/TiAPI(3013): ImageView animation frame has changed, index 13
07-31 14:58:51.180: I/TiAPI(3013): ImageView animation frame has changed, index 14
07-31 14:58:51.240: I/TiAPI(3013): ImageView animation frame has changed, index 15
07-31 14:58:51.300: I/TiAPI(3013): ImageView animation frame has changed, index 16
07-31 14:58:51.360: I/TiAPI(3013): ImageView animation frame has changed, index 0
07-31 14:58:51.420: I/TiAPI(3013): ImageView animation frame has changed, index 1
07-31 14:58:51.480: I/TiAPI(3013): ImageView animation frame has changed, index 2
07-31 14:58:51.540: I/TiAPI(3013): ImageView animation frame has changed, index 3
07-31 14:58:51.600: I/TiAPI(3013): ImageView animation frame has changed, index 4
07-31 14:58:51.661: I/TiAPI(3013): ImageView animation frame has changed, index 5
07-31 14:58:51.721: I/TiAPI(3013): ImageView animation frame has changed, index 6
07-31 14:58:51.781: I/TiAPI(3013): ImageView animation frame has changed, index 7
07-31 14:58:51.831: I/InputReader(532): Reconfiguring input devices. changes=0x00000004
07-31 14:58:51.831: I/InputReader(532): Device reconfigured: id=6, name='elan-touchscreen', size 1200x1920, orientation 3, mode 1, display id 0
07-31 14:58:51.831: I/ActivityManager(532): Config changes=1480 {1.0 310mcc?mnc en_US ldltr sw600dp w960dp h527dp 320dpi lrg land finger -keyb/v/h -nav/h s.43}
07-31 14:58:51.861: I/TiAPI(3013): ImageView animation frame has changed, index 8
07-31 14:58:51.871: D/audio_hw_primary(179): adev_set_parameters: enter: rotation=270
07-31 14:58:51.871: D/audio_hw_primary(179): adev_set_parameters: exit with code(0)
07-31 14:58:51.921: D/PhoneStatusBar(692): mSettingsPanelGravity = 8388661
07-31 14:58:51.951: I/TiAPI(3013): ImageView animation frame has changed, index 9
07-31 14:58:51.991: I/TiAPI(3013): ImageView animation frame has changed, index 10
07-31 14:58:52.011: I/WindowManager(532): Screen frozen for +228ms due to Window{4207a0a0 u0 com.appcelerator.kitchensink/org.appcelerator.titanium.TiActivity}
07-31 14:58:52.031: I/TiAPI(3013): ImageView animation frame has changed, index 11
07-31 14:58:52.091: I/TiAPI(3013): ImageView animation frame has changed, index 12
07-31 14:58:52.141: I/TiAPI(3013): ImageView animation frame has changed, index 13
07-31 14:58:52.201: I/TiAPI(3013): ImageView animation frame has changed, index 14
07-31 14:58:52.261: I/TiAPI(3013): ImageView animation frame has changed, index 15
07-31 14:58:52.341: I/TiAPI(3013): ImageView animation frame has changed, index 16
07-31 14:58:52.391: I/TiAPI(3013): ImageView animation frame has changed, index 0
07-31 14:58:52.441: I/TiAPI(3013): ImageView animation frame has changed, index 1
07-31 14:58:52.501: I/TiAPI(3013): ImageView animation frame has changed, index 2
07-31 14:58:52.561: I/TiAPI(3013): ImageView animation frame has changed, index 3
07-31 14:58:52.652: I/TiAPI(3013): ImageView animation frame has changed, index 4
07-31 14:58:52.692: I/TiAPI(3013): ImageView animation frame has changed, index 5
07-31 14:58:52.742: I/TiAPI(3013): ImageView animation frame has changed, index 6
07-31 14:58:52.802: I/TiAPI(3013): ImageView animation frame has changed, index 7
07-31 14:58:52.862: I/TiAPI(3013): ImageView animation frame has changed, index 8
07-31 14:58:52.922: I/TiAPI(3013): ImageView animation frame has changed, index 9
07-31 14:58:52.992: I/TiAPI(3013): ImageView animation frame has changed, index 10
07-31 14:58:53.062: I/TiAPI(3013): ImageView animation frame has changed, index 11
07-31 14:58:53.112: I/TiAPI(3013): ImageView animation frame has changed, index 12
07-31 14:58:53.172: I/TiAPI(3013): ImageView animation frame has changed, index 13
07-31 14:58:53.242: I/TiAPI(3013): ImageView animation frame has changed, index 14
07-31 14:58:53.312: I/TiAPI(3013): ImageView animation frame has changed, index 15
07-31 14:58:53.342: I/TiAPI(3013): ImageView animation frame has changed, index 16
07-31 14:58:53.422: I/TiAPI(3013): ImageView animation frame has changed, index 0
07-31 14:58:53.492: I/TiAPI(3013): ImageView animation frame has changed, index 1
07-31 14:58:53.532: I/TiAPI(3013): ImageView animation frame has changed, index 2
07-31 14:58:53.602: I/TiAPI(3013): ImageView animation frame has changed, index 3
07-31 14:58:53.652: I/TiAPI(3013): ImageView animation frame has changed, index 4
07-31 14:58:53.713: I/TiAPI(3013): ImageView animation frame has changed, index 5
07-31 14:58:53.763: I/TiAPI(3013): ImageView animation frame has changed, index 6
07-31 14:58:53.833: I/TiAPI(3013): ImageView animation frame has changed, index 7
07-31 14:58:53.893: I/TiAPI(3013): ImageView animation frame has changed, index 8
07-31 14:58:53.953: I/TiAPI(3013): ImageView animation frame has changed, index 9
07-31 14:58:54.013: I/TiAPI(3013): ImageView animation frame has changed, index 10
07-31 14:58:54.023: D/audio_hw_primary(179): start_output_stream: enter: usecase(1: low-latency-playback) devices(0x2)
07-31 14:58:54.023: D/audio_hw_primary(179): select_devices: out_snd_device(3: speaker-reverse) in_snd_device(0: none)
07-31 14:58:54.023: D/audio_hw_primary(179): enable_snd_device: sending audio calibration for snd_device(3) acdb_id(14)
07-31 14:58:54.023: D/ACDB-LOADER(179): ACDB -> send_afe_cal
07-31 14:58:54.023: D/audio_hw_primary(179): enable_snd_device: snd_device(3: speaker-reverse)
07-31 14:58:54.033: D/audio_hw_primary(179): enable_audio_route: apply mixer path: low-latency-playback
07-31 14:58:54.043: D/audio_hw_primary(179): start_output_stream: exit
07-31 14:58:54.063: I/TiAPI(3013): ImageView animation stopped
07-31 14:58:54.083: D/dalvikvm(532): GC_EXPLICIT freed 910K, 20% free 22865K/28384K, paused 2ms+6ms, total 61ms
07-31 14:58:57.176: D/audio_hw_primary(179): out_standby: enter: usecase(1: low-latency-playback)
07-31 14:58:57.226: D/audio_hw_primary(179): stop_output_stream: enter: usecase(1: low-latency-playback)
07-31 14:58:57.226: D/audio_hw_primary(179): disable_audio_route: reset mixer path: low-latency-playback
07-31 14:58:57.226: D/audio_hw_primary(179): disable_snd_device: snd_device(3: speaker-reverse)
07-31 14:58:57.226: D/audio_hw_primary(179): stop_output_stream: exit: status(0)
07-31 14:58:57.226: D/audio_hw_primary(179): out_standby: exit
07-31 14:58:57.807: D/audio_hw_primary(179): start_output_stream: enter: usecase(1: low-latency-playback) devices(0x2)
07-31 14:58:57.807: D/audio_hw_primary(179): select_devices: out_snd_device(3: speaker-reverse) in_snd_device(0: none)
07-31 14:58:57.807: D/audio_hw_primary(179): enable_snd_device: sending audio calibration for snd_device(3) acdb_id(14)
07-31 14:58:57.807: D/ACDB-LOADER(179): ACDB -> send_afe_cal
07-31 14:58:57.807: D/audio_hw_primary(179): enable_snd_device: snd_device(3: speaker-reverse)
07-31 14:58:57.817: D/audio_hw_primary(179): enable_audio_route: apply mixer path: low-latency-playback
07-31 14:58:57.827: D/audio_hw_primary(179): start_output_stream: exit
07-31 14:59:00.459: I/TiAPI(3013): ImageView animation started
07-31 14:59:00.819: I/TiAPI(3013): ImageView animation frame has changed, index 0
07-31 14:59:01.180: I/TiAPI(3013): ImageView animation frame has changed, index 1
07-31 14:59:01.540: I/TiAPI(3013): ImageView animation frame has changed, index 2
07-31 14:59:01.901: I/TiAPI(3013): ImageView animation frame has changed, index 3
07-31 14:59:02.261: I/TiAPI(3013): ImageView animation frame has changed, index 4
07-31 14:59:02.621: I/TiAPI(3013): ImageView animation frame has changed, index 5
07-31 14:59:02.982: I/TiAPI(3013): ImageView animation frame has changed, index 6
07-31 14:59:03.342: I/TiAPI(3013): ImageView animation frame has changed, index 7
07-31 14:59:03.602: D/audio_hw_primary(179): out_standby: enter: usecase(1: low-latency-playback)
07-31 14:59:03.642: D/audio_hw_primary(179): stop_output_stream: enter: usecase(1: low-latency-playback)
07-31 14:59:03.642: D/audio_hw_primary(179): disable_audio_route: reset mixer path: low-latency-playback
07-31 14:59:03.642: D/audio_hw_primary(179): disable_snd_device: snd_device(3: speaker-reverse)
07-31 14:59:03.642: D/audio_hw_primary(179): stop_output_stream: exit: status(0)
07-31 14:59:03.642: D/audio_hw_primary(179): out_standby: exit
07-31 14:59:03.702: I/TiAPI(3013): ImageView animation frame has changed, index 8
07-31 14:59:04.063: I/TiAPI(3013): ImageView animation frame has changed, index 9
07-31 14:59:04.143: D/audio_hw_primary(179): start_output_stream: enter: usecase(1: low-latency-playback) devices(0x2)
07-31 14:59:04.143: D/audio_hw_primary(179): select_devices: out_snd_device(3: speaker-reverse) in_snd_device(0: none)
07-31 14:59:04.143: D/audio_hw_primary(179): enable_snd_device: sending audio calibration for snd_device(3) acdb_id(14)
07-31 14:59:04.143: D/ACDB-LOADER(179): ACDB -> send_afe_cal
07-31 14:59:04.143: D/audio_hw_primary(179): enable_snd_device: snd_device(3: speaker-reverse)
07-31 14:59:04.153: D/audio_hw_primary(179): enable_audio_route: apply mixer path: low-latency-playback
07-31 14:59:04.163: D/audio_hw_primary(179): start_output_stream: exit
07-31 14:59:04.433: I/TiAPI(3013): ImageView animation frame has changed, index 10
07-31 14:59:04.793: I/TiAPI(3013): ImageView animation frame has changed, index 11
07-31 14:59:05.154: I/TiAPI(3013): ImageView animation frame has changed, index 12
07-31 14:59:05.514: I/TiAPI(3013): ImageView animation frame has changed, index 13
07-31 14:59:05.874: I/TiAPI(3013): ImageView animation frame has changed, index 14
07-31 14:59:06.235: I/TiAPI(3013): ImageView animation frame has changed, index 15
07-31 14:59:06.585: I/TiAPI(3013): ImageView animation frame has changed, index 16
07-31 14:59:06.945: I/TiAPI(3013): ImageView animation frame has changed, index 0
07-31 14:59:07.306: I/TiAPI(3013): ImageView animation frame has changed, index 1
07-31 14:59:07.666: I/TiAPI(3013): ImageView animation frame has changed, index 2
07-31 14:59:08.027: I/TiAPI(3013): ImageView animation frame has changed, index 3
07-31 14:59:08.387: I/TiAPI(3013): ImageView animation frame has changed, index 4
07-31 14:59:08.747: I/TiAPI(3013): ImageView animation frame has changed, index 5
07-31 14:59:09.108: I/TiAPI(3013): ImageView animation frame has changed, index 6
07-31 14:59:09.468: I/TiAPI(3013): ImageView animation frame has changed, index 7
07-31 14:59:09.828: I/TiAPI(3013): ImageView animation frame has changed, index 8
07-31 14:59:10.189: I/TiAPI(3013): ImageView animation frame has changed, index 9
07-31 14:59:10.549: I/TiAPI(3013): ImageView animation frame has changed, index 10
07-31 14:59:10.909: I/TiAPI(3013): ImageView animation frame has changed, index 11
07-31 14:59:11.280: I/TiAPI(3013): ImageView animation frame has changed, index 12
07-31 14:59:11.630: I/TiAPI(3013): ImageView animation frame has changed, index 13
07-31 14:59:11.990: I/TiAPI(3013): ImageView animation frame has changed, index 14
07-31 14:59:12.351: I/TiAPI(3013): ImageView animation frame has changed, index 15
07-31 14:59:12.711: I/TiAPI(3013): ImageView animation frame has changed, index 16
07-31 14:59:13.071: I/TiAPI(3013): ImageView animation frame has changed, index 0
07-31 14:59:13.432: I/TiAPI(3013): ImageView animation frame has changed, index 1
07-31 14:59:13.792: I/TiAPI(3013): ImageView animation frame has changed, index 2
07-31 14:59:14.152: I/TiAPI(3013): ImageView animation frame has changed, index 3
07-31 14:59:14.333: D/audio_hw_primary(179): out_standby: enter: usecase(1: low-latency-playback)
07-31 14:59:14.383: D/audio_hw_primary(179): stop_output_stream: enter: usecase(1: low-latency-playback)
07-31 14:59:14.383: D/audio_hw_primary(179): disable_audio_route: reset mixer path: low-latency-playback
07-31 14:59:14.383: D/audio_hw_primary(179): disable_snd_device: snd_device(3: speaker-reverse)
07-31 14:59:14.393: D/audio_hw_primary(179): stop_output_stream: exit: status(0)
07-31 14:59:14.393: D/audio_hw_primary(179): out_standby: exit
07-31 14:59:14.513: I/TiAPI(3013): ImageView animation frame has changed, index 4
07-31 14:59:14.873: I/TiAPI(3013): ImageView animation frame has changed, index 5
07-31 14:59:15.234: I/TiAPI(3013): ImageView animation frame has changed, index 6
07-31 14:59:15.604: I/TiAPI(3013): ImageView animation frame has changed, index 7
07-31 14:59:15.954: I/TiAPI(3013): ImageView animation frame has changed, index 8
07-31 14:59:16.315: I/TiAPI(3013): ImageView animation frame has changed, index 9
07-31 14:59:16.685: I/TiAPI(3013): ImageView animation frame has changed, index 10
07-31 14:59:17.035: I/TiAPI(3013): ImageView animation frame has changed, index 11
07-31 14:59:17.396: I/TiAPI(3013): ImageView animation frame has changed, index 12
07-31 14:59:17.766: I/TiAPI(3013): ImageView animation frame has changed, index 13
07-31 14:59:18.116: I/TiAPI(3013): ImageView animation frame has changed, index 14
07-31 14:59:18.477: I/TiAPI(3013): ImageView animation frame has changed, index 15
07-31 14:59:18.837: I/TiAPI(3013): ImageView animation frame has changed, index 16
07-31 14:59:19.197: I/TiAPI(3013): ImageView animation frame has changed, index 0
07-31 14:59:19.558: I/TiAPI(3013): ImageView animation frame has changed, index 1
07-31 14:59:19.918: I/TiAPI(3013): ImageView animation frame has changed, index 2
07-31 14:59:20.278: I/TiAPI(3013): ImageView animation frame has changed, index 3
07-31 14:59:20.639: I/TiAPI(3013): ImageView animation frame has changed, index 4
07-31 14:59:20.999: I/TiAPI(3013): ImageView animation frame has changed, index 5
07-31 14:59:21.360: I/TiAPI(3013): ImageView animation frame has changed, index 6
07-31 14:59:21.720: I/TiAPI(3013): ImageView animation frame has changed, index 7
07-31 14:59:22.080: I/TiAPI(3013): ImageView animation frame has changed, index 8
07-31 14:59:22.441: I/TiAPI(3013): ImageView animation frame has changed, index 9
07-31 14:59:22.801: I/TiAPI(3013): ImageView animation frame has changed, index 10
07-31 14:59:23.161: I/TiAPI(3013): ImageView animation frame has changed, index 11
07-31 14:59:23.522: I/TiAPI(3013): ImageView animation frame has changed, index 12
07-31 14:59:23.882: I/TiAPI(3013): ImageView animation frame has changed, index 13
07-31 14:59:24.242: I/TiAPI(3013): ImageView animation frame has changed, index 14
07-31 14:59:24.603: I/TiAPI(3013): ImageView animation frame has changed, index 15
07-31 14:59:24.963: I/TiAPI(3013): ImageView animation frame has changed, index 16
07-31 14:59:25.323: I/TiAPI(3013): ImageView animation frame has changed, index 0
07-31 14:59:25.684: I/TiAPI(3013): ImageView animation frame has changed, index 1
07-31 14:59:26.044: I/TiAPI(3013): ImageView animation frame has changed, index 2
07-31 14:59:26.404: I/TiAPI(3013): ImageView animation frame has changed, index 3
07-31 14:59:26.765: I/TiAPI(3013): ImageView animation frame has changed, index 4
07-31 14:59:27.125: I/TiAPI(3013): ImageView animation frame has changed, index 5
07-31 14:59:27.475: I/TiAPI(3013): ImageView animation frame has changed, index 6
07-31 14:59:27.836: I/TiAPI(3013): ImageView animation frame has changed, index 7
07-31 14:59:28.196: I/TiAPI(3013): ImageView animation frame has changed, index 8
07-31 14:59:28.557: I/TiAPI(3013): ImageView animation frame has changed, index 9
07-31 14:59:28.917: I/TiAPI(3013): ImageView animation frame has changed, index 10
07-31 14:59:28.977: I/ActivityManager(532): No longer want com.google.android.talk (pid 17141): empty for 1807s
07-31 14:59:28.977: I/ActivityManager(532): No longer want com.google.android.gms (pid 996): empty for 1807s
07-31 14:59:29.277: I/TiAPI(3013): ImageView animation frame has changed, index 11
07-31 14:59:29.648: I/TiAPI(3013): ImageView animation frame has changed, index 12
07-31 14:59:30.008: I/TiAPI(3013): ImageView animation frame has changed, index 13
07-31 14:59:30.358: I/TiAPI(3013): ImageView animation frame has changed, index 14
07-31 14:59:30.719: I/TiAPI(3013): ImageView animation frame has changed, index 15
07-31 14:59:31.079: I/TiAPI(3013): ImageView animation frame has changed, index 16
07-31 14:59:31.449: I/TiAPI(3013): ImageView animation frame has changed, index 0
07-31 14:59:31.810: I/TiAPI(3013): ImageView animation frame has changed, index 1
07-31 14:59:32.170: I/TiAPI(3013): ImageView animation frame has changed, index 2
07-31 14:59:32.520: I/TiAPI(3013): ImageView animation frame has changed, index 3
07-31 14:59:32.891: I/TiAPI(3013): ImageView animation frame has changed, index 4
07-31 14:59:33.251: I/TiAPI(3013): ImageView animation frame has changed, index 5
07-31 14:59:33.621: I/TiAPI(3013): ImageView animation frame has changed, index 6
07-31 14:59:33.972: I/TiAPI(3013): ImageView animation frame has changed, index 7
07-31 14:59:34.052: D/audio_hw_primary(179): start_output_stream: enter: usecase(1: low-latency-playback) devices(0x2)
07-31 14:59:34.052: D/audio_hw_primary(179): select_devices: out_snd_device(3: speaker-reverse) in_snd_device(0: none)
07-31 14:59:34.052: D/audio_hw_primary(179): enable_snd_device: sending audio calibration for snd_device(3) acdb_id(14)
07-31 14:59:34.052: D/ACDB-LOADER(179): ACDB -> send_afe_cal
07-31 14:59:34.052: D/audio_hw_primary(179): enable_snd_device: snd_device(3: speaker-reverse)
07-31 14:59:34.062: D/audio_hw_primary(179): enable_audio_route: apply mixer path: low-latency-playback
07-31 14:59:34.072: D/audio_hw_primary(179): start_output_stream: exit
07-31 14:59:34.332: I/TiAPI(3013): ImageView animation frame has changed, index 8
07-31 14:59:34.693: I/TiAPI(3013): ImageView animation frame has changed, index 9
07-31 14:59:35.053: I/TiAPI(3013): ImageView animation frame has changed, index 10
07-31 14:59:35.413: I/TiAPI(3013): ImageView animation frame has changed, index 11
07-31 14:59:35.774: I/TiAPI(3013): ImageView animation frame has changed, index 12
07-31 14:59:36.134: I/TiAPI(3013): ImageView animation frame has changed, index 13
07-31 14:59:36.494: I/TiAPI(3013): ImageView animation frame has changed, index 14
07-31 14:59:36.855: I/TiAPI(3013): ImageView animation frame has changed, index 15
07-31 14:59:37.205: I/TiAPI(3013): ImageView animation frame has changed, index 16
07-31 14:59:37.215: D/audio_hw_primary(179): out_standby: enter: usecase(1: low-latency-playback)
07-31 14:59:37.265: D/audio_hw_primary(179): stop_output_stream: enter: usecase(1: low-latency-playback)
07-31 14:59:37.265: D/audio_hw_primary(179): disable_audio_route: reset mixer path: low-latency-playback
07-31 14:59:37.265: D/audio_hw_primary(179): disable_snd_device: snd_device(3: speaker-reverse)
07-31 14:59:37.275: D/audio_hw_primary(179): stop_output_stream: exit: status(0)
07-31 14:59:37.275: D/audio_hw_primary(179): out_standby: exit
07-31 14:59:37.565: I/TiAPI(3013): ImageView animation frame has changed, index 0
07-31 14:59:37.766: I/TiAPI(3013): ImageView animation stopped
07-31 14:59:37.776: D/audio_hw_primary(179): start_output_stream: enter: usecase(1: low-latency-playback) devices(0x2)
07-31 14:59:37.776: D/audio_hw_primary(179): select_devices: out_snd_device(3: speaker-reverse) in_snd_device(0: none)
07-31 14:59:37.776: D/audio_hw_primary(179): enable_snd_device: sending audio calibration for snd_device(3) acdb_id(14)
07-31 14:59:37.776: D/ACDB-LOADER(179): ACDB -> send_afe_cal
07-31 14:59:37.776: D/audio_hw_primary(179): enable_snd_device: snd_device(3: speaker-reverse)
07-31 14:59:37.776: D/audio_hw_primary(179): enable_audio_route: apply mixer path: low-latency-playback
07-31 14:59:37.786: D/audio_hw_primary(179): start_output_stream: exit
07-31 14:59:38.797: I/TiAPI(3013): ImageView animation started
07-31 14:59:38.867: I/TiAPI(3013): ImageView animation frame has changed, index 0
07-31 14:59:38.907: I/TiAPI(3013): ImageView animation frame has changed, index 1
07-31 14:59:38.957: I/TiAPI(3013): ImageView animation frame has changed, index 2
07-31 14:59:39.007: I/TiAPI(3013): ImageView animation frame has changed, index 3
07-31 14:59:39.057: I/TiAPI(3013): ImageView animation frame has changed, index 4
07-31 14:59:39.107: I/TiAPI(3013): ImageView animation frame has changed, index 5
07-31 14:59:39.157: I/TiAPI(3013): ImageView animation frame has changed, index 6
07-31 14:59:39.207: I/TiAPI(3013): ImageView animation frame has changed, index 7
07-31 14:59:39.267: I/TiAPI(3013): ImageView animation frame has changed, index 8
07-31 14:59:39.297: I/TiAPI(3013): ImageView animation frame has changed, index 9
07-31 14:59:39.347: I/TiAPI(3013): ImageView animation frame has changed, index 10
07-31 14:59:39.397: I/TiAPI(3013): ImageView animation frame has changed, index 11
07-31 14:59:39.447: I/TiAPI(3013): ImageView animation frame has changed, index 12
07-31 14:59:39.497: I/TiAPI(3013): ImageView animation frame has changed, index 13
07-31 14:59:39.547: I/TiAPI(3013): ImageView animation frame has changed, index 14
07-31 14:59:39.597: I/TiAPI(3013): ImageView animation frame has changed, index 15
07-31 14:59:39.647: I/TiAPI(3013): ImageView animation frame has changed, index 16
07-31 14:59:39.697: I/TiAPI(3013): ImageView animation frame has changed, index 0
07-31 14:59:39.747: I/TiAPI(3013): ImageView animation frame has changed, index 1
07-31 14:59:39.797: I/TiAPI(3013): ImageView animation frame has changed, index 2
07-31 14:59:39.848: I/TiAPI(3013): ImageView animation frame has changed, index 3
07-31 14:59:39.898: I/TiAPI(3013): ImageView animation frame has changed, index 4
07-31 14:59:39.948: I/TiAPI(3013): ImageView animation frame has changed, index 5
07-31 14:59:39.998: I/TiAPI(3013): ImageView animation frame has changed, index 6
07-31 14:59:40.048: I/TiAPI(3013): ImageView animation frame has changed, index 7
07-31 14:59:40.098: I/TiAPI(3013): ImageView animation frame has changed, index 8
07-31 14:59:40.148: I/TiAPI(3013): ImageView animation frame has changed, index 9
07-31 14:59:40.198: I/TiAPI(3013): ImageView animation frame has changed, index 10
07-31 14:59:40.248: I/TiAPI(3013): ImageView animation frame has changed, index 11
07-31 14:59:40.298: I/TiAPI(3013): ImageView animation frame has changed, index 12
07-31 14:59:40.348: I/TiAPI(3013): ImageView animation frame has changed, index 13
07-31 14:59:40.398: I/TiAPI(3013): ImageView animation frame has changed, index 14
07-31 14:59:40.458: I/TiAPI(3013): ImageView animation frame has changed, index 15
07-31 14:59:40.508: I/TiAPI(3013): ImageView animation frame has changed, index 16
07-31 14:59:40.518: E/GTalkService(884): connectionClosed: no XMPPConnection - That's strange!
07-31 14:59:40.558: I/TiAPI(3013): ImageView animation frame has changed, index 0
07-31 14:59:40.608: I/TiAPI(3013): ImageView animation frame has changed, index 1
07-31 14:59:40.658: I/TiAPI(3013): ImageView animation frame has changed, index 2
07-31 14:59:40.708: I/TiAPI(3013): ImageView animation frame has changed, index 3
07-31 14:59:40.758: I/TiAPI(3013): ImageView animation frame has changed, index 4
07-31 14:59:40.808: I/TiAPI(3013): ImageView animation frame has changed, index 5
07-31 14:59:40.859: I/TiAPI(3013): ImageView animation frame has changed, index 6
07-31 14:59:40.909: I/TiAPI(3013): ImageView animation frame has changed, index 7
07-31 14:59:40.959: I/TiAPI(3013): ImageView animation frame has changed, index 8
07-31 14:59:41.019: I/TiAPI(3013): ImageView animation frame has changed, index 9
07-31 14:59:41.059: I/TiAPI(3013): ImageView animation frame has changed, index 10
07-31 14:59:41.109: I/TiAPI(3013): ImageView animation frame has changed, index 11
07-31 14:59:41.159: I/TiAPI(3013): ImageView animation frame has changed, index 12
07-31 14:59:41.209: I/TiAPI(3013): ImageView animation frame has changed, index 13
07-31 14:59:41.259: I/TiAPI(3013): ImageView animation frame has changed, index 14
07-31 14:59:41.319: I/TiAPI(3013): ImageView animation frame has changed, index 15
07-31 14:59:41.359: I/TiAPI(3013): ImageView animation frame has changed, index 16
07-31 14:59:41.409: I/TiAPI(3013): ImageView animation frame has changed, index 0
07-31 14:59:41.459: I/TiAPI(3013): ImageView animation frame has changed, index 1
07-31 14:59:41.509: I/TiAPI(3013): ImageView animation frame has changed, index 2
07-31 14:59:41.559: I/TiAPI(3013): ImageView animation frame has changed, index 3
07-31 14:59:41.609: I/TiAPI(3013): ImageView animation frame has changed, index 4
07-31 14:59:41.659: I/TiAPI(3013): ImageView animation frame has changed, index 5
07-31 14:59:41.709: I/TiAPI(3013): ImageView animation frame has changed, index 6
07-31 14:59:41.759: I/TiAPI(3013): ImageView animation frame has changed, index 7
07-31 14:59:41.809: I/TiAPI(3013): ImageView animation frame has changed, index 8
07-31 14:59:41.860: I/TiAPI(3013): ImageView animation frame has changed, index 9
07-31 14:59:41.910: I/TiAPI(3013): ImageView animation frame has changed, index 10
07-31 14:59:41.940: D/audio_hw_primary(179): out_standby: enter: usecase(1: low-latency-playback)
07-31 14:59:41.970: I/TiAPI(3013): ImageView animation frame has changed, index 11
07-31 14:59:41.990: D/audio_hw_primary(179): stop_output_stream: enter: usecase(1: low-latency-playback)
07-31 14:59:41.990: D/audio_hw_primary(179): disable_audio_route: reset mixer path: low-latency-playback
07-31 14:59:41.990: D/audio_hw_primary(179): disable_snd_device: snd_device(3: speaker-reverse)
07-31 14:59:41.990: D/audio_hw_primary(179): stop_output_stream: exit: status(0)
07-31 14:59:41.990: D/audio_hw_primary(179): out_standby: exit
07-31 14:59:42.010: I/TiAPI(3013): ImageView animation frame has changed, index 12
07-31 14:59:42.060: I/TiAPI(3013): ImageView animation frame has changed, index 13
07-31 14:59:42.110: I/TiAPI(3013): ImageView animation frame has changed, index 14
07-31 14:59:42.160: I/TiAPI(3013): ImageView animation frame has changed, index 15
07-31 14:59:42.210: I/TiAPI(3013): ImageView animation frame has changed, index 16
07-31 14:59:42.260: I/TiAPI(3013): ImageView animation frame has changed, index 0
07-31 14:59:42.310: I/TiAPI(3013): ImageView animation frame has changed, index 1
07-31 14:59:42.360: I/TiAPI(3013): ImageView animation frame has changed, index 2
07-31 14:59:42.410: I/TiAPI(3013): ImageView animation frame has changed, index 3
07-31 14:59:42.460: I/TiAPI(3013): ImageView animation frame has changed, index 4
07-31 14:59:42.510: I/TiAPI(3013): ImageView animation frame has changed, index 5
07-31 14:59:42.560: I/TiAPI(3013): ImageView animation frame has changed, index 6
07-31 14:59:42.610: I/TiAPI(3013): ImageView animation frame has changed, index 7
07-31 14:59:42.660: I/TiAPI(3013): ImageView animation frame has changed, index 8
07-31 14:59:42.710: I/TiAPI(3013): ImageView animation frame has changed, index 9
07-31 14:59:42.760: I/TiAPI(3013): ImageView animation frame has changed, index 10
07-31 14:59:42.810: I/TiAPI(3013): ImageView animation frame has changed, index 11
07-31 14:59:42.860: I/TiAPI(3013): ImageView animation frame has changed, index 12
07-31 14:59:42.911: I/TiAPI(3013): ImageView animation frame has changed, index 13
07-31 14:59:42.961: I/TiAPI(3013): ImageView animation frame has changed, index 14
07-31 14:59:43.011: I/TiAPI(3013): ImageView animation frame has changed, index 15
07-31 14:59:43.071: I/TiAPI(3013): ImageView animation frame has changed, index 16
07-31 14:59:43.111: I/TiAPI(3013): ImageView animation frame has changed, index 0
07-31 14:59:43.161: I/TiAPI(3013): ImageView animation frame has changed, index 1
07-31 14:59:43.211: I/TiAPI(3013): ImageView animation frame has changed, index 2
07-31 14:59:43.261: I/TiAPI(3013): ImageView animation frame has changed, index 3
07-31 14:59:43.311: I/TiAPI(3013): ImageView animation frame has changed, index 4
07-31 14:59:43.361: I/TiAPI(3013): ImageView animation frame has changed, index 5
07-31 14:59:43.411: I/TiAPI(3013): ImageView animation frame has changed, index 6
07-31 14:59:43.461: I/TiAPI(3013): ImageView animation frame has changed, index 7
07-31 14:59:43.511: I/TiAPI(3013): ImageView animation frame has changed, index 8
07-31 14:59:43.521: D/ConnectivityService(532): handleInetConditionHoldEnd: net=1, condition=0, published condition=0
07-31 14:59:43.561: I/TiAPI(3013): ImageView animation frame has changed, index 9
07-31 14:59:43.611: I/TiAPI(3013): ImageView animation frame has changed, index 10
07-31 14:59:43.661: I/TiAPI(3013): ImageView animation frame has changed, index 11
07-31 14:59:43.721: I/TiAPI(3013): ImageView animation frame has changed, index 12
07-31 14:59:43.781: I/TiAPI(3013): ImageView animation frame has changed, index 13
07-31 14:59:43.811: I/TiAPI(3013): ImageView animation frame has changed, index 14
07-31 14:59:43.871: I/TiAPI(3013): ImageView animation frame has changed, index 15
07-31 14:59:43.932: I/TiAPI(3013): ImageView animation frame has changed, index 16
07-31 14:59:43.972: I/TiAPI(3013): ImageView animation frame has changed, index 0
07-31 14:59:44.012: I/TiAPI(3013): ImageView animation frame has changed, index 1
07-31 14:59:44.062: I/TiAPI(3013): ImageView animation frame has changed, index 2
07-31 14:59:44.112: I/TiAPI(3013): ImageView animation frame has changed, index 3
07-31 14:59:44.162: I/TiAPI(3013): ImageView animation frame has changed, index 4
07-31 14:59:44.212: I/TiAPI(3013): ImageView animation frame has changed, index 5
07-31 14:59:44.262: I/TiAPI(3013): ImageView animation frame has changed, index 6
07-31 14:59:44.312: I/TiAPI(3013): ImageView animation frame has changed, index 7
07-31 14:59:44.362: I/TiAPI(3013): ImageView animation frame has changed, index 8
07-31 14:59:44.412: I/TiAPI(3013): ImageView animation frame has changed, index 9
07-31 14:59:44.462: I/TiAPI(3013): ImageView animation frame has changed, index 10
07-31 14:59:44.532: I/TiAPI(3013): ImageView animation frame has changed, index 11
07-31 14:59:44.572: I/TiAPI(3013): ImageView animation frame has changed, index 12
07-31 14:59:44.612: I/TiAPI(3013): ImageView animation frame has changed, index 13
07-31 14:59:44.662: I/TiAPI(3013): ImageView animation frame has changed, index 14
07-31 14:59:44.712: I/TiAPI(3013): ImageView animation frame has changed, index 15
07-31 14:59:44.762: I/TiAPI(3013): ImageView animation frame has changed, index 16
07-31 14:59:44.812: I/TiAPI(3013): ImageView animation frame has changed, index 0
07-31 14:59:44.862: I/TiAPI(3013): ImageView animation frame has changed, index 1
07-31 14:59:44.912: I/TiAPI(3013): ImageView animation frame has changed, index 2
07-31 14:59:44.963: I/TiAPI(3013): ImageView animation frame has changed, index 3
07-31 14:59:45.013: I/TiAPI(3013): ImageView animation frame has changed, index 4
07-31 14:59:45.063: I/TiAPI(3013): ImageView animation frame has changed, index 5
07-31 14:59:45.113: I/TiAPI(3013): ImageView animation frame has changed, index 6
07-31 14:59:45.163: I/TiAPI(3013): ImageView animation frame has changed, index 7
07-31 14:59:45.213: I/TiAPI(3013): ImageView animation frame has changed, index 8
07-31 14:59:45.263: I/TiAPI(3013): ImageView animation frame has changed, index 9
07-31 14:59:45.313: I/TiAPI(3013): ImageView animation frame has changed, index 10
07-31 14:59:45.363: I/TiAPI(3013): ImageView animation frame has changed, index 11
07-31 14:59:45.413: I/TiAPI(3013): ImageView animation frame has changed, index 12
07-31 14:59:45.463: I/TiAPI(3013): ImageView animation frame has changed, index 13
07-31 14:59:45.513: I/TiAPI(3013): ImageView animation frame has changed, index 14
07-31 14:59:45.573: I/TiAPI(3013): ImageView animation frame has changed, index 15
07-31 14:59:45.613: I/TiAPI(3013): ImageView animation frame has changed, index 16
07-31 14:59:45.673: I/TiAPI(3013): ImageView animation frame has changed, index 0
07-31 14:59:45.733: I/TiAPI(3013): ImageView animation frame has changed, index 1
07-31 14:59:45.783: I/TiAPI(3013): ImageView animation frame has changed, index 2
07-31 14:59:45.823: I/TiAPI(3013): ImageView animation frame has changed, index 3
07-31 14:59:45.873: I/TiAPI(3013): ImageView animation frame has changed, index 4
07-31 14:59:45.933: I/TiAPI(3013): ImageView animation frame has changed, index 5
07-31 14:59:45.974: I/TiAPI(3013): ImageView animation frame has changed, index 6
07-31 14:59:46.024: I/TiAPI(3013): ImageView animation frame has changed, index 7
07-31 14:59:46.074: I/TiAPI(3013): ImageView animation frame has changed, index 8
07-31 14:59:46.124: I/TiAPI(3013): ImageView animation frame has changed, index 9
07-31 14:59:46.174: I/TiAPI(3013): ImageView animation frame has changed, index 10
07-31 14:59:46.224: I/TiAPI(3013): ImageView animation frame has changed, index 11
07-31 14:59:46.274: I/TiAPI(3013): ImageView animation frame has changed, index 12
07-31 14:59:46.324: I/TiAPI(3013): ImageView animation frame has changed, index 13
07-31 14:59:46.404: I/TiAPI(3013): ImageView animation frame has changed, index 14
07-31 14:59:46.434: I/TiAPI(3013): ImageView animation frame has changed, index 15
07-31 14:59:46.484: I/TiAPI(3013): ImageView animation frame has changed, index 16
07-31 14:59:46.554: I/TiAPI(3013): ImageView animation frame has changed, index 0
07-31 14:59:46.584: I/TiAPI(3013): ImageView animation frame has changed, index 1
07-31 14:59:46.654: I/TiAPI(3013): ImageView animation frame has changed, index 2
07-31 14:59:46.704: I/TiAPI(3013): ImageView animation frame has changed, index 3
07-31 14:59:46.734: I/TiAPI(3013): ImageView animation frame has changed, index 4
07-31 14:59:46.784: I/TiAPI(3013): ImageView animation frame has changed, index 5
07-31 14:59:46.834: I/TiAPI(3013): ImageView animation frame has changed, index 6
07-31 14:59:46.884: I/TiAPI(3013): ImageView animation frame has changed, index 7
07-31 14:59:46.934: I/TiAPI(3013): ImageView animation frame has changed, index 8
07-31 14:59:46.985: I/TiAPI(3013): ImageView animation frame has changed, index 9
07-31 14:59:47.035: I/TiAPI(3013): ImageView animation frame has changed, index 10
07-31 14:59:47.085: I/TiAPI(3013): ImageView animation frame has changed, index 11
07-31 14:59:47.135: I/TiAPI(3013): ImageView animation frame has changed, index 12
07-31 14:59:47.185: I/TiAPI(3013): ImageView animation frame has changed, index 13
07-31 14:59:47.235: I/TiAPI(3013): ImageView animation frame has changed, index 14
07-31 14:59:47.285: I/TiAPI(3013): ImageView animation frame has changed, index 15
07-31 14:59:47.335: I/TiAPI(3013): ImageView animation frame has changed, index 16
07-31 14:59:47.385: I/TiAPI(3013): ImageView animation frame has changed, index 0
07-31 14:59:47.425: I/TiAPI(3013): ImageView animation frame has changed, index 1
07-31 14:59:47.475: I/TiAPI(3013): ImageView animation frame has changed, index 2
07-31 14:59:47.525: I/TiAPI(3013): ImageView animation frame has changed, index 3
07-31 14:59:47.575: I/TiAPI(3013): ImageView animation frame has changed, index 4
07-31 14:59:47.625: I/TiAPI(3013): ImageView animation frame has changed, index 5
07-31 14:59:47.675: I/TiAPI(3013): ImageView animation frame has changed, index 6
07-31 14:59:47.735: I/TiAPI(3013): ImageView animation frame has changed, index 7
07-31 14:59:47.785: I/TiAPI(3013): ImageView animation frame has changed, index 8
07-31 14:59:47.835: I/TiAPI(3013): ImageView animation frame has changed, index 9
07-31 14:59:47.885: I/TiAPI(3013): ImageView animation frame has changed, index 10
07-31 14:59:47.935: I/TiAPI(3013): ImageView animation frame has changed, index 11
07-31 14:59:47.995: I/TiAPI(3013): ImageView animation frame has changed, index 12
07-31 14:59:48.036: I/TiAPI(3013): ImageView animation frame has changed, index 13
07-31 14:59:48.086: I/TiAPI(3013): ImageView animation frame has changed, index 14
07-31 14:59:48.136: I/TiAPI(3013): ImageView animation frame has changed, index 15
07-31 14:59:48.186: I/TiAPI(3013): ImageView animation frame has changed, index 16
07-31 14:59:48.236: I/TiAPI(3013): ImageView animation frame has changed, index 0
07-31 14:59:48.286: I/TiAPI(3013): ImageView animation frame has changed, index 1
07-31 14:59:48.336: I/TiAPI(3013): ImageView animation frame has changed, index 2
07-31 14:59:48.386: I/TiAPI(3013): ImageView animation frame has changed, index 3
07-31 14:59:48.436: I/TiAPI(3013): ImageView animation frame has changed, index 4
07-31 14:59:48.486: I/TiAPI(3013): ImageView animation frame has changed, index 5
07-31 14:59:48.536: I/TiAPI(3013): ImageView animation frame has changed, index 6
07-31 14:59:48.586: I/TiAPI(3013): ImageView animation frame has changed, index 7
07-31 14:59:48.636: I/TiAPI(3013): ImageView animation frame has changed, index 8
07-31 14:59:48.686: I/TiAPI(3013): ImageView animation frame has changed, index 9
07-31 14:59:48.736: I/TiAPI(3013): ImageView animation frame has changed, index 10
07-31 14:59:48.786: I/TiAPI(3013): ImageView animation frame has changed, index 11
07-31 14:59:48.836: I/TiAPI(3013): ImageView animation frame has changed, index 12
07-31 14:59:48.886: I/TiAPI(3013): ImageView animation frame has changed, index 13
07-31 14:59:48.936: I/TiAPI(3013): ImageView animation frame has changed, index 14
07-31 14:59:48.986: I/TiAPI(3013): ImageView animation frame has changed, index 15
07-31 14:59:49.037: I/TiAPI(3013): ImageView animation frame has changed, index 16
07-31 14:59:49.087: I/TiAPI(3013): ImageView animation frame has changed, index 0
07-31 14:59:49.137: I/TiAPI(3013): ImageView animation frame has changed, index 1
07-31 14:59:49.187: I/TiAPI(3013): ImageView animation frame has changed, index 2
07-31 14:59:49.237: I/TiAPI(3013): ImageView animation frame has changed, index 3
