First Run (Clean Install) :
D/AndroidRuntime(13420):
D/AndroidRuntime(13420): >>>>>> AndroidRuntime START com.android.internal.os.RuntimeInit <<<<<<
D/AndroidRuntime(13420): CheckJNI is OFF
D/dalvikvm(13420): Trying to load lib libjavacore.so 0x0
D/dalvikvm(13420): Added shared lib libjavacore.so 0x0
D/dalvikvm(13420): Trying to load lib libnativehelper.so 0x0
D/dalvikvm(13420): Added shared lib libnativehelper.so 0x0
D/AndroidRuntime(13420): Calling main entry com.android.commands.pm.Pm
W/ActivityManager( 809): No content provider found for permission revoke: file:///data/local/tmp/app.apk
W/ActivityManager( 809): No content provider found for permission revoke: file:///data/local/tmp/app.apk
I/PackageManager( 809): Copying native libraries to /data/app-lib/vmdl1446599331
V/PackageManager( 809): installPackageLI
I/PackageManager( 809): Running dexopt on: com.mfoundry.AndroidBackgroundTest
I/ActivityManager( 809): Force stopping package com.mfoundry.AndroidBackgroundTest appid=10001 user=-1
D/PackageManager( 809): New package installed in /data/app/com.mfoundry.AndroidBackgroundTest-1.apk
W/Settings( 809): Setting default_input_method has moved from android.provider.Settings.Secure to android.provider.Settings.Global.
I/RegisteredPolicyManager( 809): Package removed:com.mfoundry.AndroidBackgroundTest
I/DevicePolicyManagerService( 809): Notified isValidMDM=true
I/DevicePolicyManagerService( 809): Notified isValidMDM=true
I/DevicePolicyManagerService( 809): Notified isValidMDM=true
I/DevicePolicyManagerService( 809): Notified isValidMDM=true
I/DevicePolicyManagerService( 809): Notified isValidMDM=true E/com.android.settings/com.amazon.identity.auth.device.framework.MAPApplicationInformationQueryer(12920): Notified by action android.intent.action.PACKAGE_ADDED to invalidate app cache
I/DevicePolicyManagerService( 809): isAdmin ComponentInfo{com.android.email/com.android.email.SecurityPolicy$PolicyAdmin} whiteListed true
I/DevicePolicyManagerService( 809): isAdmin ComponentInfo{com.amazon.kindle.devicecontrols/com.amazon.kindle.devicecontrols.receivers.DeviceControlsAdminReceiver} whiteListed true
I/DevicePolicyManagerService( 809): isAdmin ComponentInfo{com.amazon.parentalcontrols/com.amazon.parentalcontrols.receivers.ParentalAdminReceiver} whiteListed true
I/DevicePolicyManagerService( 809): isAdmin ComponentInfo{com.amazon.kindle.rdmdeviceadmin/com.amazon.rdmdeviceadmin.DeviceControlsAdminReceiver} whiteListed true
V/IntentResolver( 809): Resolving type null scheme null of intent Intent { act=com.amazon.whisperlink.actview.ui.SELECTION flg=0x8 }
V/IntentResolver( 809): Action list: [Landroid.content.pm.PackageParser$ServiceIntentInfo;@41a6fb20
V/IntentResolver( 809): Matching against filter ServiceIntentInfo{4169dae0 com.amazon.mp3.wp.WpServicesHandler}
V/IntentResolver( 809): Filter matched! match=0x108000
V/IntentResolver( 809): Matching against filter ServiceIntentInfo{415acb40 com.amazon.messaging.common.whisperplay.internal.service.WhisperPlayPlaybackControlLocalService}
V/IntentResolver( 809): Filter matched! match=0x108000
I/DevicePolicyManagerService( 809): isAdmin ComponentInfo{com.amazon.kor.demo/com.amazon.kor.demo.receiver.BindDeviceAdminReceiver} whiteListed true
V/IntentResolver( 809): Final result list:
V/IntentResolver( 809): ResolveInfo{4119f190 com.amazon.mp3.wp.WpServicesHandler p=0 o=0 m=0x108000}
V/IntentResolver( 809): ResolveInfo{414f44a8 com.amazon.messaging.common.whisperplay.internal.service.WhisperPlayPlaybackControlLocalService p=0 o=0 m=0x108000}
I/InputReader( 809): Reconfiguring input devices. changes=0x00000010
W/PackageManager( 809): Launching com.svox.pico (32051) with AMZ_APP_GID
W/Settings( 809): Setting default_input_method has moved from android.provider.Settings.Secure to android.provider.Settings.Global.
I/ActivityManager( 809): Start proc com.svox.pico for broadcast com.svox.pico/.VoiceDataInstallerReceiver: pid=13442 uid=32051 gids={72051, 1015, 1028, 9001}
W/PackageManager( 809): Launching com.amazon.dcp (32074) with AMZ_APP_GID
I/ActivityManager( 809): Start proc com.amazon.dcp for broadcast com.amazon.dcp/.framework.ServicePersistenceHelper: pid=13464 uid=32074 gids={72074, 2001, 3003, 1015, 3002, 1028, 9001}
D/AndroidRuntime(13420): Shutting down VM
W/Searchables( 809): No web search activity found
W/RecognitionManagerService( 809): no available voice recognition services found for user 0
W/ContextImpl( 809): Calling a method in the system process without a qualified user: android.app.ContextImpl.sendBroadcast:1310 com.amazon.android.service.search.SearchManagerService$MyPackageMonitor.updateSearchables:98 com.amazon.android.service.search.SearchManagerService$MyPackageMonitor.onSomePackagesChanged:86 com.android.internal.content.PackageMonitor.onReceive:379 android.app.LoadedApk$ReceiverDispatcher$Args.run:774
D/AndroidRuntime(13500):
D/AndroidRuntime(13500): >>>>>> AndroidRuntime START com.android.internal.os.RuntimeInit <<<<<<
D/AndroidRuntime(13500): CheckJNI is OFF
D/dalvikvm(13500): Trying to load lib libjavacore.so 0x0
D/dalvikvm(13500): Added shared lib libjavacore.so 0x0
D/dalvikvm(13500): Trying to load lib libnativehelper.so 0x0
D/dalvikvm(13500): Added shared lib libnativehelper.so 0x0
D/AndroidRuntime(13500): Calling main entry com.android.commands.am.Am
D/dalvikvm(13500): Note: class Landroid/app/ActivityManagerNative; has 157 unimplemented (abstract) methods
I/ActivityManager( 809): START u0 {act=android.intent.action.MAIN cat=[android.intent.category.LAUNCHER] flg=0x10200000 cmp=com.mfoundry.AndroidBackgroundTest/.AndroidbackgroundtestActivity} from pid 13500
D/AndroidRuntime(13500): Shutting down VM
I/ActivityManager( 809): Start proc com.mfoundry.AndroidBackgroundTest for activity com.mfoundry.AndroidBackgroundTest/.AndroidbackgroundtestActivity: pid=13512 uid=10001 gids={50001, 1015, 3003, 1028}
I/dalvikvm(13512): Turning on JNI app bug workarounds for target SDK version 10...
D/ActivityManager( 809): reply from CABL: Success
D/ActivityManager( 809): ????????????????????????????????????????????????
I/AmazonPhoneWindowManager( 809): repositioning status bar
I/TiApplication(13512): (main) [0,0] checkpoint, app created.
I/TiApplication(13512): (main) [21,21] Titanium 3.1.3 (2013/09/18 12:01 222f4d1)
D/ProfileManager(13512): Create ProfileManager instance
I/TiDbHelper(13512): (main) [137,158] No value in database for platform key: 'unique_machine_id' returning supplied default ''
I/TiDbHelper(13512): (main) [5,163] No value in database for platform key: 'hardware_machine_id' returning supplied default ''
I/TiApplication(13512): (main) [36,199] Titanium Javascript runtime: v8
D/dalvikvm(13512): Trying to load lib /data/app-lib/com.mfoundry.AndroidBackgroundTest-1/libstlport_shared.so 0x410e34f8
D/dalvikvm(13512): Added shared lib /data/app-lib/com.mfoundry.AndroidBackgroundTest-1/libstlport_shared.so 0x410e34f8
D/dalvikvm(13512): No JNI_OnLoad found in /data/app-lib/com.mfoundry.AndroidBackgroundTest-1/libstlport_shared.so 0x410e34f8, skipping init
D/dalvikvm(13512): Trying to load lib /data/app-lib/com.mfoundry.AndroidBackgroundTest-1/libkroll-v8.so 0x410e34f8
D/dalvikvm(13512): Added shared lib /data/app-lib/com.mfoundry.AndroidBackgroundTest-1/libkroll-v8.so 0x410e34f8
I/Activity(13512): Constructing ActvityExender com.amazon.android.app.AmazonActivityExtender.
I/Activity(13512): Constructed ActvityExender com.amazon.android.app.AmazonActivityExtender.
I/TiRootActivity(13512): (main) [0,0] checkpoint, on root activity create, savedInstanceState: null
I/TiAnalyticsDb(13512): (main) [26,26] Upgrading Database from 1 to 4
D/dalvikvm(13512): Trying to load lib /data/app-lib/com.mfoundry.AndroidBackgroundTest-1/libtiverify.so 0x410e34f8
D/dalvikvm(13512): Added shared lib /data/app-lib/com.mfoundry.AndroidBackgroundTest-1/libtiverify.so 0x410e34f8
I/TiRootActivity(13512): (main) [0,0] checkpoint, on root activity resume. activity = com.mfoundry.AndroidBackgroundTest.AndroidbackgroundtestActivity@4117d5f0
D/SurfaceTexture( 410): [Starting com.mfoundry.AndroidBackgroundTest] setFilteringEnabled called with mCurrentTextureBuf == NULL
I/ActivityManager( 809): Displayed com.mfoundry.AndroidBackgroundTest/.AndroidbackgroundtestActivity: +604ms
I/ChargeProtectionService( 809): New full charge capacity, adjust charge current
I/ChargeProtectionService( 809): New charge current: 2226 mA
D/Module (13512): Loading module: ui/tablet/ApplicationWindow -> Resources/ui/tablet/ApplicationWindow.js
D/Module (13512): Loading module: ui/common/FirstView -> Resources/ui/common/FirstView.js
E/Looper ( 809): MSG TIMEOUT: delta=0 { what=2718 when=-1ms target={ Handler (com.android.server.Watchdog$HeartbeatHandler) {411998f0} } } Backgrounded:
I/ActivityManager( 809): No longer want com.amazon.webapp (pid 12524): empty #17
I/ActivityManager( 809): No longer want com.android.settings (pid 12920): empty #18
I/TiAnalyticsSvc(13512): (Thread-323) [30047,30047] Analytics Service Started
D/SoftkeyButton( 1135): Softkeybar Key press animation is disabled.
D/AmazonInternalDialog( 1135): onAttachedToWindow. window=FavoritesPanel
D/SoftkeyButton( 1135): Softkeybar Key press animation is disabled.
D/SoftkeyButton( 1135): Softkeybar Key press animation is disabled.
D/SoftkeyButton( 1135): sendEvent 3
D/SoftkeyButton( 1135): injecting event KeyEvent { action=ACTION_UP, keyCode=KEYCODE_HOME, scanCode=0, metaState=0, flags=0x48, repeatCount=0, eventTime=1548397, downTime=1548346, deviceId=-1, source=0x101 }
I/LAB126 ( 1130): PhoneStatusBar hears intent. action: android.intent.action.CLOSE_SYSTEM_DIALOGS
I/ActivityManager( 809): START u0 {act=android.intent.action.MAIN cat=[android.intent.category.HOME] flg=0x10200000 cmp=com.amazon.kindle.otter/.Launcher} from pid 809
D/ActivityManager( 809): reply from CABL: Success
D/ActivityManager( 809): ????????????????????????????????????????????????
I/AmazonPhoneWindowManager( 809): repositioning status bar
I/TiAnalyticsSvc(13512): (Thread-323) [773,30820] Stopping Analytics Service
E/Looper ( 809): MSG TIMEOUT: delta=0 { what=2718 when=0 target={ Handler (com.android.server.Watchdog$HeartbeatHandler) {411998f0} } } Brought to Foreground:
I/ActivityManager( 809): START u0 {act=com.amazon.kindle.otter.action.SHOW_APPS flg=0x10000000 cmp=com.amazon.kindle.otter/.activities.AppsLibraryActivity} from pid 1377
D/ActivityManager( 809): reply from CABL: Success
D/ActivityManager( 809): ????????????????????????????????????????????????
I/AmazonPhoneWindowManager( 809): repositioning status bar
D/SurfaceTexture( 410): [Starting com.amazon.kindle.otter] setFilteringEnabled called with mCurrentTextureBuf == NULL
I/ActivityManager( 809): Displayed com.amazon.kindle.otter/.activities.AppsLibraryActivity: +360ms
I/ActivityManager( 809): START u0 {act=android.intent.action.MAIN cat=[android.intent.category.LAUNCHER] flg=0x10200000 pkg=com.mfoundry.AndroidBackgroundTest cmp=com.mfoundry.AndroidBackgroundTest/.AndroidbackgroundtestActivity} from pid 1431
D/ActivityManager( 809): reply from CABL: Success
D/ActivityManager( 809): ????????????????????????????????????????????????
I/Activity(13512): Constructing ActvityExender com.amazon.android.app.AmazonActivityExtender.
I/Activity(13512): Constructed ActvityExender com.amazon.android.app.AmazonActivityExtender.
I/TiRootActivity(13512): (main) [0,0] checkpoint, on root activity create, savedInstanceState: null
I/ChargeProtectionService( 809): New temperature state (14, 23] C, adjust charge current
I/ChargeProtectionService( 809): New charge current: 3117 mA
I/TiRootActivity(13512): (main) [0,0] checkpoint, on root activity resume. activity = com.mfoundry.AndroidBackgroundTest.AndroidbackgroundtestActivity@4125ccc0
I/ActivityManager( 809): Displayed com.mfoundry.AndroidBackgroundTest/.AndroidbackgroundtestActivity: +3s508ms
E/Looper ( 809): MSG TIMEOUT: delta=0 { what=2718 when=-1ms target={ Handler (com.android.server.Watchdog$HeartbeatHandler) {411998f0} } }