I/ActivityManager( 791): START u0 {act=android.intent.action.MAIN cat=[android.intent.category.LAUNCHER] flg=0x10200000 pkg=com.mfoundry.enterprise.mbanking.push cmp=com.mfoundry.enterprise.mbanking.push/.MybankActivity} from pid 988
D/dalvikvm(30159): Late-enabling CheckJNI
I/ActivityManager( 791): Start proc com.mfoundry.enterprise.mbanking.push for activity com.mfoundry.enterprise.mbanking.push/.MybankActivity: pid=30159 uid=10001 gids={50001, 1015, 1006, 3003, 1028}
D/ActivityManager( 791): reply from CABL: Success
D/ActivityManager( 791): ????????????????????????????????????????????????
I/AmazonPhoneWindowManager( 791): repositioning status bar
I/TiApplication(30159): (main) [0,0] checkpoint, app created.
I/TiApplication(30159): (main) [169,169] Titanium 3.1.3 (2013/09/18 12:01 222f4d1)
D/ProfileManager(30159): Create ProfileManager instance
D/SurfaceTexture( 398): [Starting com.mfoundry.enterprise.mbanking.push] setFilteringEnabled called with mCurrentTextureBuf == NULL
I/TiApplication(30159): (main) [301,470] Titanium Javascript runtime: v8
D/HelloworldAndroidModule(30159): (main) [3,473] inside onAppCreate
D/MbThreatMetrixAndroidModule(30159): (main) [1,474] inside onAppCreate
D/dalvikvm(30159): Trying to load lib /data/app-lib/com.mfoundry.enterprise.mbanking.push-1/libstlport_shared.so 0x40ef6ec8
D/dalvikvm(30159): Added shared lib /data/app-lib/com.mfoundry.enterprise.mbanking.push-1/libstlport_shared.so 0x40ef6ec8
D/dalvikvm(30159): No JNI_OnLoad found in /data/app-lib/com.mfoundry.enterprise.mbanking.push-1/libstlport_shared.so 0x40ef6ec8, skipping init
D/dalvikvm(30159): Trying to load lib /data/app-lib/com.mfoundry.enterprise.mbanking.push-1/libkroll-v8.so 0x40ef6ec8
D/dalvikvm(30159): Added shared lib /data/app-lib/com.mfoundry.enterprise.mbanking.push-1/libkroll-v8.so 0x40ef6ec8
I/Activity(30159): Constructing ActvityExender com.amazon.android.app.AmazonActivityExtender.
I/Activity(30159): Constructed ActvityExender com.amazon.android.app.AmazonActivityExtender.
I/TiRootActivity(30159): (main) [0,0] checkpoint, on root activity create, savedInstanceState: null
I/TiApplication(30159): (main) [0,0] Analytics have been disabled
W/V8Object(30159): Runtime disposed, cannot set property 'userAgent'
D/dalvikvm(30159): Trying to load lib /data/app-lib/com.mfoundry.enterprise.mbanking.push-1/libcom.mfoundry.mb.threatmetrix.so 0x40ef6ec8
D/dalvikvm(30159): Added shared lib /data/app-lib/com.mfoundry.enterprise.mbanking.push-1/libcom.mfoundry.mb.threatmetrix.so 0x40ef6ec8
D/dalvikvm(30159): No JNI_OnLoad found in /data/app-lib/com.mfoundry.enterprise.mbanking.push-1/libcom.mfoundry.mb.threatmetrix.so 0x40ef6ec8, skipping init
D/dalvikvm(30159): Trying to load lib /data/app-lib/com.mfoundry.enterprise.mbanking.push-1/libti.map.so 0x40ef6ec8
D/dalvikvm(30159): Added shared lib /data/app-lib/com.mfoundry.enterprise.mbanking.push-1/libti.map.so 0x40ef6ec8
D/dalvikvm(30159): No JNI_OnLoad found in /data/app-lib/com.mfoundry.enterprise.mbanking.push-1/libti.map.so 0x40ef6ec8, skipping init
D/dalvikvm(30159): Trying to load lib /data/app-lib/com.mfoundry.enterprise.mbanking.push-1/libcom.activate.gcm.so 0x40ef6ec8
D/dalvikvm(30159): Added shared lib /data/app-lib/com.mfoundry.enterprise.mbanking.push-1/libcom.activate.gcm.so 0x40ef6ec8
D/dalvikvm(30159): No JNI_OnLoad found in /data/app-lib/com.mfoundry.enterprise.mbanking.push-1/libcom.activate.gcm.so 0x40ef6ec8, skipping init
D/dalvikvm(30159): Trying to load lib /data/app-lib/com.mfoundry.enterprise.mbanking.push-1/libcom.mfoundry.mb.secureprops.so 0x40ef6ec8
D/dalvikvm(30159): Added shared lib /data/app-lib/com.mfoundry.enterprise.mbanking.push-1/libcom.mfoundry.mb.secureprops.so 0x40ef6ec8
D/dalvikvm(30159): No JNI_OnLoad found in /data/app-lib/com.mfoundry.enterprise.mbanking.push-1/libcom.mfoundry.mb.secureprops.so 0x40ef6ec8, skipping init
D/dalvikvm(30159): Trying to load lib /data/app-lib/com.mfoundry.enterprise.mbanking.push-1/libti.imagefactory.so 0x40ef6ec8
D/dalvikvm(30159): Added shared lib /data/app-lib/com.mfoundry.enterprise.mbanking.push-1/libti.imagefactory.so 0x40ef6ec8
D/dalvikvm(30159): No JNI_OnLoad found in /data/app-lib/com.mfoundry.enterprise.mbanking.push-1/libti.imagefactory.so 0x40ef6ec8, skipping init
D/dalvikvm(30159): Trying to load lib /data/app-lib/com.mfoundry.enterprise.mbanking.push-1/libcom.mfoundry.mb.checkdeposit.so 0x40ef6ec8
D/dalvikvm(30159): Added shared lib /data/app-lib/com.mfoundry.enterprise.mbanking.push-1/libcom.mfoundry.mb.checkdeposit.so 0x40ef6ec8
D/dalvikvm(30159): No JNI_OnLoad found in /data/app-lib/com.mfoundry.enterprise.mbanking.push-1/libcom.mfoundry.mb.checkdeposit.so 0x40ef6ec8, skipping init
D/dalvikvm(30159): Trying to load lib /data/app-lib/com.mfoundry.enterprise.mbanking.push-1/libcom.mfoundry.mb.helloworld.so 0x40ef6ec8
D/dalvikvm(30159): Added shared lib /data/app-lib/com.mfoundry.enterprise.mbanking.push-1/libcom.mfoundry.mb.helloworld.so 0x40ef6ec8
D/dalvikvm(30159): No JNI_OnLoad found in /data/app-lib/com.mfoundry.enterprise.mbanking.push-1/libcom.mfoundry.mb.helloworld.so 0x40ef6ec8, skipping init
D/dalvikvm(30159): Trying to load lib /data/app-lib/com.mfoundry.enterprise.mbanking.push-1/libtiverify.so 0x40ef6ec8
D/dalvikvm(30159): Added shared lib /data/app-lib/com.mfoundry.enterprise.mbanking.push-1/libtiverify.so 0x40ef6ec8
I/TiRootActivity(30159): (main) [0,0] checkpoint, on root activity resume. activity = com.mfoundry.enterprise.mbanking.push.MybankActivity@411d2aa0
D/libEGL (30159): loaded /vendor/lib/egl/libEGL_adreno.so
D/libEGL (30159): loaded /vendor/lib/egl/libGLESv1_CM_adreno.so
D/libEGL (30159): loaded /vendor/lib/egl/libGLESv2_adreno.so
W/Adreno-GSL(30159): : Android framework reported version 2. So, don't force ES30
I/Adreno-EGL(30159): : EGL 1.4 QUALCOMM build: (CL3851443)
I/Adreno-EGL(30159): OpenGL ES Shader Compiler Version: 17.01.09
I/Adreno-EGL(30159): Build Date: 09/13/13 Fri I/Adreno-EGL(30159): Local Branch:
I/Adreno-EGL(30159): Remote Branch:
I/Adreno-EGL(30159): Local Patches:
I/Adreno-EGL(30159): Reconstruct Branch:
D/OpenGLRenderer(30159): Enabling debug mode 0
I/ActivityManager( 791): Displayed com.mfoundry.enterprise.mbanking.push/.MybankActivity: +806ms
I/dalvikvm(30159): Total arena pages for JIT: 11
I/dalvikvm(30159): Total arena pages for JIT: 12
I/dalvikvm(30159): Total arena pages for JIT: 13
I/dalvikvm(30159): Total arena pages for JIT: 14
I/dalvikvm(30159): Total arena pages for JIT: 15
I/dalvikvm(30159): Total arena pages for JIT: 16
I/dalvikvm(30159): Total arena pages for JIT: 17
I/dalvikvm(30159): Total arena pages for JIT: 18
I/dalvikvm(30159): Total arena pages for JIT: 19
I/dalvikvm(30159): Total arena pages for JIT: 20
I/dalvikvm(30159): Total arena pages for JIT: 21
I/dalvikvm(30159): Total arena pages for JIT: 22
I/dalvikvm(30159): Total arena pages for JIT: 23
I/dalvikvm(30159): Total arena pages for JIT: 24
I/dalvikvm(30159): Total arena pages for JIT: 25
I/dalvikvm(30159): Total arena pages for JIT: 26
I/dalvikvm(30159): Total arena pages for JIT: 27
I/dalvikvm(30159): Total arena pages for JIT: 28
I/dalvikvm(30159): Total arena pages for JIT: 29
I/dalvikvm(30159): Total arena pages for JIT: 30
I/dalvikvm(30159): Total arena pages for JIT: 31
I/dalvikvm(30159): Total arena pages for JIT: 32
I/dalvikvm(30159): Total arena pages for JIT: 33
I/dalvikvm(30159): Total arena pages for JIT: 34
I/dalvikvm(30159): Total arena pages for JIT: 35
I/dalvikvm(30159): Total arena pages for JIT: 36
I/dalvikvm(30159): Total arena pages for JIT: 37
I/dalvikvm(30159): Total arena pages for JIT: 38
I/dalvikvm(30159): Total arena pages for JIT: 39
I/dalvikvm(30159): Total arena pages for JIT: 40
I/dalvikvm(30159): Total arena pages for JIT: 41
I/dalvikvm(30159): Total arena pages for JIT: 42
I/dalvikvm(30159): Total arena pages for JIT: 43
I/dalvikvm(30159): Total arena pages for JIT: 44
I/dalvikvm(30159): Total arena pages for JIT: 45
I/dalvikvm(30159): Total arena pages for JIT: 46
I/dalvikvm(30159): Total arena pages for JIT: 47
I/dalvikvm(30159): Total arena pages for JIT: 48
I/dalvikvm(30159): Total arena pages for JIT: 49
I/dalvikvm(30159): Total arena pages for JIT: 50
I/dalvikvm(30159): Total arena pages for JIT: 51
I/dalvikvm(30159): Total arena pages for JIT: 52
I/dalvikvm(30159): Total arena pages for JIT: 53
I/dalvikvm(30159): Total arena pages for JIT: 54
I/dalvikvm(30159): Total arena pages for JIT: 55
I/dalvikvm(30159): Total arena pages for JIT: 56
I/dalvikvm(30159): Total arena pages for JIT: 57
I/dalvikvm(30159): Total arena pages for JIT: 58
I/dalvikvm(30159): Total arena pages for JIT: 59
I/dalvikvm(30159): Total arena pages for JIT: 60
I/dalvikvm(30159): Total arena pages for JIT: 61
I/dalvikvm(30159): Total arena pages for JIT: 62
I/dalvikvm(30159): Total arena pages for JIT: 63
I/dalvikvm(30159): Total arena pages for JIT: 64
I/dalvikvm(30159): Total arena pages for JIT: 65
I/dalvikvm(30159): Total arena pages for JIT: 66
I/dalvikvm(30159): Total arena pages for JIT: 67
I/dalvikvm(30159): Total arena pages for JIT: 68
I/dalvikvm(30159): Total arena pages for JIT: 69
I/dalvikvm(30159): Total arena pages for JIT: 70
I/dalvikvm(30159): Total arena pages for JIT: 71
I/dalvikvm(30159): Total arena pages for JIT: 72
I/dalvikvm(30159): Total arena pages for JIT: 73
I/dalvikvm(30159): Total arena pages for JIT: 74
I/dalvikvm(30159): Total arena pages for JIT: 75
I/dalvikvm(30159): Total arena pages for JIT: 76
I/dalvikvm(30159): Total arena pages for JIT: 77
I/dalvikvm(30159): Total arena pages for JIT: 78
I/dalvikvm(30159): Total arena pages for JIT: 79
I/dalvikvm(30159): Total arena pages for JIT: 80
I/dalvikvm(30159): Total arena pages for JIT: 81
I/dalvikvm(30159): Total arena pages for JIT: 82
I/dalvikvm(30159): Total arena pages for JIT: 83
I/dalvikvm(30159): Total arena pages for JIT: 84
I/dalvikvm(30159): Total arena pages for JIT: 85
I/dalvikvm(30159): Total arena pages for JIT: 86
I/dalvikvm(30159): Total arena pages for JIT: 87
I/dalvikvm(30159): Total arena pages for JIT: 88
I/dalvikvm(30159): Total arena pages for JIT: 89
I/dalvikvm(30159): Total arena pages for JIT: 90
I/dalvikvm(30159): Total arena pages for JIT: 91
I/dalvikvm(30159): Total arena pages for JIT: 92
I/dalvikvm(30159): Total arena pages for JIT: 93
I/dalvikvm(30159): Total arena pages for JIT: 94
I/dalvikvm(30159): Total arena pages for JIT: 95
I/dalvikvm(30159): Total arena pages for JIT: 96
I/dalvikvm(30159): Total arena pages for JIT: 97
I/dalvikvm(30159): Total arena pages for JIT: 98
I/dalvikvm(30159): Total arena pages for JIT: 99
I/dalvikvm(30159): Total arena pages for JIT: 100
I/dalvikvm(30159): Total arena pages for JIT: 101
I/dalvikvm(30159): Total arena pages for JIT: 102
I/dalvikvm(30159): Total arena pages for JIT: 103
I/dalvikvm(30159): Total arena pages for JIT: 104
I/dalvikvm(30159): Total arena pages for JIT: 105
I/dalvikvm(30159): Total arena pages for JIT: 106
I/TiAPI (30159): [INFO] [mBanking_Ti] has overlaying status bar: false
I/TiAPI (30159): [INFO] [mBanking_Ti] has overlaying status bar: false
D/skia (30159): --- SkImageDecoder::Factory returned null
D/skia (30159): --- SkImageDecoder::Factory returned null
D/skia (30159): --- SkImageDecoder::Factory returned null
I/TiAPI (30159): [INFO] [mBanking_Ti] Retrieved Device MUID: cad85f6a-64f2-4b7d-8ea4-4b32301d1850
I/TiAPI (30159): [INFO] [mBanking_Ti] has overlaying status bar: false
D/ActivityManager( 791): reply from CABL: Success
D/ActivityManager( 791): ????????????????????????????????????????????????
I/ActivityManager( 791): START u0 {cmp=com.mfoundry.enterprise.mbanking.push/org.appcelerator.titanium.TiActivity (has extras)} from pid 30159
I/Activity(30159): Constructing ActvityExender com.amazon.android.app.AmazonActivityExtender.
I/Activity(30159): Constructed ActvityExender com.amazon.android.app.AmazonActivityExtender.
I/TiAPI (30159): [INFO] [mBanking_Ti] Accessing Application Config service at: https://vmdev2.mfoundry.com/yosemite/appconfig/api/configuration/json/tmb/en/android/tablet?platform-version=4.2.2&platform-density=xhdpi&app-version=3.2.0.23×tamp=1384822846204&config-version=0
D/skia (30159): --- SkImageDecoder::Factory returned null
I/ActivityManager( 791): Displayed com.mfoundry.enterprise.mbanking.push/org.appcelerator.titanium.TiActivity: +121ms
D/skia (30159): --- SkImageDecoder::Factory returned null
D/skia (30159): --- SkImageDecoder::Factory returned null
D/skia (30159): --- SkImageDecoder::Factory returned null
D/skia (30159): --- SkImageDecoder::Factory returned null
D/skia (30159): --- SkImageDecoder::Factory returned null
D/skia (30159): --- SkImageDecoder::Factory returned null
I/TiAPI (30159): [INFO] [mBanking_Ti] Init event received for config
I/TiAPI (30159): [INFO] [mBanking_Ti] Retrieving resource /styles.json
I/TiAPI (30159): [INFO] [mBanking_Ti] Sending the request: https://vmdev2.mfoundry.com/yosemite/appconfig/api/styles/tmb/en/app/styles/tablet/styles.json?extended=/app/styles/com.mfoundry.mb.helloworld_styles.json
I/TiAPI (30159): [INFO] [mBanking_Ti] Retrieving resource /lang/common.xml
I/TiAPI (30159): [INFO] [mBanking_Ti] Sending the request: https://vmdev2.mfoundry.com/yosemite/appconfig/api/lang/bundle/android/tablet/tmb/en/lang/common.xml?extended=/lang/com.mfoundry.mb.helloworld_app.xml
D/skia (30159): --- SkImageDecoder::Factory returned null
I/TiAPI (30159): [INFO] [mBanking_Ti] Init event received for extensions
D/skia (30159): --- SkImageDecoder::Factory returned null
D/skia (30159): --- SkImageDecoder::Factory returned null
D/skia (30159): --- SkImageDecoder::Factory returned null
D/skia (30159): --- SkImageDecoder::Factory returned null
D/skia (30159): --- SkImageDecoder::Factory returned null
D/skia (30159): --- SkImageDecoder::Factory returned null
D/skia (30159): --- SkImageDecoder::Factory returned null
D/skia (30159): --- SkImageDecoder::Factory returned null
D/skia (30159): --- SkImageDecoder::Factory returned null
D/skia (30159): --- SkImageDecoder::Factory returned null
D/skia (30159): --- SkImageDecoder::Factory returned null
D/skia (30159): --- SkImageDecoder::Factory returned null
D/skia (30159): --- SkImageDecoder::Factory returned null
D/skia (30159): --- SkImageDecoder::Factory returned null
D/skia (30159): --- SkImageDecoder::Factory returned null
D/skia (30159): --- SkImageDecoder::Factory returned null
D/skia (30159): --- SkImageDecoder::Factory returned null
D/skia (30159): --- SkImageDecoder::Factory returned null
D/skia (30159): --- SkImageDecoder::Factory returned null
D/skia (30159): --- SkImageDecoder::Factory returned null
D/skia (30159): --- SkImageDecoder::Factory returned null
D/skia (30159): --- SkImageDecoder::Factory returned null
I/TiAPI (30159): [INFO] [mBanking_Ti] Received a response 4
D/skia (30159): --- SkImageDecoder::Factory returned null
D/skia (30159): --- SkImageDecoder::Factory returned null
D/skia (30159): --- SkImageDecoder::Factory returned null
D/skia (30159): --- SkImageDecoder::Factory returned null
D/skia (30159): --- SkImageDecoder::Factory returned null
D/skia (30159): --- SkImageDecoder::Factory returned null
I/TiAPI (30159): [INFO] [mBanking_Ti] Retrieving resource /lang/app_wap.xml
I/TiAPI (30159): [INFO] [mBanking_Ti] Sending the request: https://vmdev2.mfoundry.com/yosemite/appconfig/api/lang/bundle/android/tablet/tmb/en/lang/app.xml?langdefault=app_wap
D/skia (30159): --- SkImageDecoder::Factory returned null
D/skia (30159): --- SkImageDecoder::Factory returned null
D/skia (30159): --- SkImageDecoder::Factory returned null
D/skia (30159): --- SkImageDecoder::Factory returned null
D/skia (30159): --- SkImageDecoder::Factory returned null
D/skia (30159): --- SkImageDecoder::Factory returned null
D/skia (30159): --- SkImageDecoder::Factory returned null
D/skia (30159): --- SkImageDecoder::Factory returned null
D/skia (30159): --- SkImageDecoder::Factory returned null
D/skia (30159): --- SkImageDecoder::Factory returned null
D/skia (30159): --- SkImageDecoder::Factory returned null
D/skia (30159): --- SkImageDecoder::Factory returned null
D/skia (30159): --- SkImageDecoder::Factory returned null
D/skia (30159): --- SkImageDecoder::Factory returned null
D/skia (30159): --- SkImageDecoder::Factory returned null
D/skia (30159): --- SkImageDecoder::Factory returned null
D/skia (30159): --- SkImageDecoder::Factory returned null
D/skia (30159): --- SkImageDecoder::Factory returned null
D/skia (30159): --- SkImageDecoder::Factory returned null
D/skia (30159): --- SkImageDecoder::Factory returned null
D/skia (30159): --- SkImageDecoder::Factory returned null
I/TiAPI (30159): [INFO] [mBanking_Ti] Received a response 4
I/TiAPI (30159): [INFO] [mBanking_Ti] Retrieving resource /mbplatform/android/styles.json
I/TiAPI (30159): [INFO] [mBanking_Ti] Sending the request: https://vmdev2.mfoundry.com/yosemite/appconfig/api/styles/tmb/en/app/styles/tablet/android/styles.json
D/skia (30159): --- SkImageDecoder::Factory returned null
D/skia (30159): --- SkImageDecoder::Factory returned null
D/skia (30159): --- SkImageDecoder::Factory returned null
D/skia (30159): --- SkImageDecoder::Factory returned null
D/skia (30159): --- SkImageDecoder::Factory returned null
D/skia (30159): --- SkImageDecoder::Factory returned null
D/skia (30159): --- SkImageDecoder::Factory returned null
D/skia (30159): --- SkImageDecoder::Factory returned null
D/skia (30159): --- SkImageDecoder::Factory returned null
D/skia (30159): --- SkImageDecoder::Factory returned null
D/skia (30159): --- SkImageDecoder::Factory returned null
D/skia (30159): --- SkImageDecoder::Factory returned null
D/skia (30159): --- SkImageDecoder::Factory returned null
D/skia (30159): --- SkImageDecoder::Factory returned null
D/skia (30159): --- SkImageDecoder::Factory returned null
I/TiAPI (30159): [INFO] [mBanking_Ti] Received a response 4
I/TiAPI (30159): [INFO] [mBanking_Ti] Loaded platform specific properties /mbplatform/android/styles.json
I/TiAPI (30159): [INFO] [mBanking_Ti] start installing styles
D/skia (30159): --- SkImageDecoder::Factory returned null
D/skia (30159): --- SkImageDecoder::Factory returned null
D/skia (30159): --- SkImageDecoder::Factory returned null
D/skia (30159): --- SkImageDecoder::Factory returned null
D/skia (30159): --- SkImageDecoder::Factory returned null
D/skia (30159): --- SkImageDecoder::Factory returned null
D/skia (30159): --- SkImageDecoder::Factory returned null
D/skia (30159): --- SkImageDecoder::Factory returned null
D/skia (30159): --- SkImageDecoder::Factory returned null
D/skia (30159): --- SkImageDecoder::Factory returned null
I/TiAPI (30159): [INFO] [mBanking_Ti] done adding 832 keys --TIME: 239ms
I/TiAPI (30159): [INFO] [mBanking_Ti] Init event received for styles
D/skia (30159): --- SkImageDecoder::Factory returned null
D/skia (30159): --- SkImageDecoder::Factory returned null
D/skia (30159): --- SkImageDecoder::Factory returned null
D/skia (30159): --- SkImageDecoder::Factory returned null
D/skia (30159): --- SkImageDecoder::Factory returned null
D/skia (30159): --- SkImageDecoder::Factory returned null
D/skia (30159): --- SkImageDecoder::Factory returned null
D/skia (30159): --- SkImageDecoder::Factory returned null
D/skia (30159): --- SkImageDecoder::Factory returned null
D/skia (30159): --- SkImageDecoder::Factory returned null
D/skia (30159): --- SkImageDecoder::Factory returned null
D/skia (30159): --- SkImageDecoder::Factory returned null
D/skia (30159): --- SkImageDecoder::Factory returned null
D/skia (30159): --- SkImageDecoder::Factory returned null
D/skia (30159): --- SkImageDecoder::Factory returned null
D/skia (30159): --- SkImageDecoder::Factory returned null
D/skia (30159): --- SkImageDecoder::Factory returned null
D/skia (30159): --- SkImageDecoder::Factory returned null
D/skia (30159): --- SkImageDecoder::Factory returned null
D/skia (30159): --- SkImageDecoder::Factory returned null
D/skia (30159): --- SkImageDecoder::Factory returned null
I/TiAPI (30159): [INFO] [mBanking_Ti] Received a response 4
I/TiAPI (30159): [INFO] [mBanking_Ti] Retrieving resource /lang/help.xml
I/TiAPI (30159): [INFO] [mBanking_Ti] Sending the request: https://vmdev2.mfoundry.com/yosemite/appconfig/api/lang/bundle/android/tablet/tmb/en/lang/help.xml?extended=/lang/com.mfoundry.mb.helloworld_help.xml
D/skia (30159): --- SkImageDecoder::Factory returned null
D/skia (30159): --- SkImageDecoder::Factory returned null
D/skia (30159): --- SkImageDecoder::Factory returned null
D/skia (30159): --- SkImageDecoder::Factory returned null
D/skia (30159): --- SkImageDecoder::Factory returned null
D/skia (30159): --- SkImageDecoder::Factory returned null
D/skia (30159): --- SkImageDecoder::Factory returned null
D/skia (30159): --- SkImageDecoder::Factory returned null
I/TiAPI (30159): [INFO] [mBanking_Ti] Received a response 4
I/TiAPI (30159): [INFO] [mBanking_Ti] start installing lang
I/TiAPI (30159): [INFO] [mBanking_Ti] done adding 1606 keys --TIME: 272ms
I/TiAPI (30159): [INFO] [mBanking_Ti] Init event received for langmain
I/TiAPI (30159): [INFO] [mBanking_Ti] Initialization Complete. Saving AppConfigService values
I/TiAPI (30159): [INFO] [mBanking_Ti] Start the app
D/skia (30159): --- SkImageDecoder::Factory returned null
I/TiAPI (30159): [INFO] [mBanking_Ti] Native extension dir entry: com.mfoundry.mb.helloworld.json
I/TiAPI (30159): [INFO] [mBanking_Ti] Registering native extension configuration file: /native_extensions_config/com.mfoundry.mb.helloworld.json
D/skia (30159): --- SkImageDecoder::Factory returned null
I/TiAPI (30159): [INFO] [mBanking_Ti] Successfully registered native extension configuration file: /native_extensions_config/com.mfoundry.mb.helloworld.json
I/TiAPI (30159): [INFO] [mBanking_Ti] Native extension dir entry: com.mfoundry.mb.threatmetrix.json
I/TiAPI (30159): [INFO] [mBanking_Ti] Registering native extension configuration file: /native_extensions_config/com.mfoundry.mb.threatmetrix.json
D/skia (30159): --- SkImageDecoder::Factory returned null
I/TiAPI (30159): [INFO] [mBanking_Ti] Successfully registered native extension configuration file: /native_extensions_config/com.mfoundry.mb.threatmetrix.json
D/CheckDepositModule(30159): (KrollRuntimeThread) [6520,6520] hasCamera=false, hasAutoFocus=true, hasFrontFacingCamera=true, numberOfCameras=1, supported=false
I/TiAPI (30159): [INFO] [mBanking_Ti] Property [mFoundry Facebook] not found. Application will assume that feature is enabled by FI.
I/TiAPI (30159): [INFO] [mBanking_Ti] Property [fi.homepage_link1root] not found. Application will assume that feature is enabled by FI.
I/TiAPI (30159): [INFO] [mBanking_Ti] Property [help] not found. Application will assume that feature is enabled by FI.
I/TiAPI (30159): [INFO] [mBanking_Ti] Property [about] not found. Application will assume that feature is enabled by FI.
I/TiAPI (30159): [INFO] [mBanking_Ti] has overlaying status bar: false
E/TiAPI (30159): !!!
E/TiAPI (30159): !!! WARNING : Use of unsupported constant Ti.UI.iPhone.TableViewCellSelectionStyle.NONE !!!
E/TiAPI (30159): !!!
E/TiAPI (30159): [ERROR] [mBanking_Ti] Error return row for lang key: Hello World
E/TiAPI (30159): !!!
E/TiAPI (30159): !!! WARNING : Use of unsupported constant Ti.UI.iPhone.TableViewCellSelectionStyle.NONE !!!
E/TiAPI (30159): !!!
E/TiAPI (30159): !!!
E/TiAPI (30159): !!! WARNING : Use of unsupported constant Ti.UI.iPhone.TableViewCellSelectionStyle.NONE !!!
E/TiAPI (30159): !!!
E/TiAPI (30159): !!!
E/TiAPI (30159): !!! WARNING : Use of unsupported constant Ti.UI.iPhone.TableViewCellSelectionStyle.NONE !!!
E/TiAPI (30159): !!!
E/TiAPI (30159): !!!
E/TiAPI (30159): !!! WARNING : Use of unsupported constant Ti.UI.iPhone.TableViewCellSelectionStyle.NONE !!!
E/TiAPI (30159): !!!
E/TiAPI (30159): !!!
E/TiAPI (30159): !!! WARNING : Use of unsupported constant Ti.UI.iPhone.TableViewCellSelectionStyle.NONE !!!
E/TiAPI (30159): !!!
E/TiAPI (30159): !!!
E/TiAPI (30159): !!! WARNING : Use of unsupported constant Ti.UI.iPhone.TableViewCellSelectionStyle.NONE !!!
E/TiAPI (30159): !!!
W/ActivityManager( 791): Unable to start service Intent { act=com.amazon.mas.client.application.SCHEDULE_ALARMS cmp=com.amazon.venezia/com.amazon.mas.client.pfmcor.PfmCorScheduleService (has extras) } U=0: not found
E/TiAPI (30159): !!!
E/TiAPI (30159): !!! WARNING : Use of unsupported constant Ti.UI.iPhone.TableViewCellSelectionStyle.NONE !!!
E/TiAPI (30159): !!!
E/TiAPI (30159): !!!
E/TiAPI (30159): !!! WARNING : Use of unsupported constant Ti.UI.iPhone.TableViewCellSelectionStyle.NONE !!!
E/TiAPI (30159): !!!
E/TiAPI (30159): !!!
E/TiAPI (30159): !!! WARNING : Use of unsupported constant Ti.UI.iPhone.TableViewCellSelectionStyle.NONE !!!
E/TiAPI (30159): !!!
E/TiAPI (30159): !!!
E/TiAPI (30159): !!! WARNING : Use of unsupported constant Ti.UI.iPhone.TableViewCellSelectionStyle.NONE !!!
E/TiAPI (30159): !!!
E/TiAPI (30159): [ERROR] [mBanking_Ti] Error return row for lang key: mFoundry Facebook
E/TiAPI (30159): !!!
E/TiAPI (30159): !!! WARNING : Use of unsupported constant Ti.UI.iPhone.TableViewCellSelectionStyle.NONE !!!
E/TiAPI (30159): !!!
E/TiAPI (30159): [ERROR] [mBanking_Ti] Error return row for lang key: mFoundry
W/SchedPolicy( 791): Failed to set io priority for tid 30306 (No such process)
I/TiAPI (30159): [INFO] [mBanking_Ti] Retrieving resource /images/homepage_link1.png
I/TiAPI (30159): [INFO] [mBanking_Ti] Sending the request: https://vmdev2.mfoundry.com/yosemite/res/tmb/en/app/branding/homepage_link1.png
E/TiAPI (30159): !!!
E/TiAPI (30159): !!! WARNING : Use of unsupported constant Ti.UI.iPhone.TableViewCellSelectionStyle.NONE !!!
E/TiAPI (30159): !!!
E/TiAPI (30159): !!!
E/TiAPI (30159): !!! WARNING : Use of unsupported constant Ti.UI.iPhone.TableViewCellSelectionStyle.NONE !!!
E/TiAPI (30159): !!!
D/skia (30159): --- SkImageDecoder::Factory returned null
D/skia (30159): --- SkImageDecoder::Factory returned null
D/skia (30159): --- SkImageDecoder::Factory returned null
I/TiAPI (30159): [INFO] [mBanking_Ti] has overlaying status bar: false
I/TiAPI (30159): [INFO] [mBanking_Ti] content view height: 531
D/skia (30159): --- SkImageDecoder::Factory returned null
D/skia (30159): --- SkImageDecoder::Factory returned null
D/skia (30159): --- SkImageDecoder::Factory returned null
D/skia (30159): --- SkImageDecoder::Factory returned null
I/TiAPI (30159): [INFO] [mBanking_Ti] =========================================================================
I/TiAPI (30159): [INFO] [mBanking_Ti] Generated HTML Content is:


© 2012 My Mobile Bank Corporation
All rights reserved.
Member FDIC. Equal Housing Lender.

This text is defined as a configuration resource.
I/TiAPI (30159):
I/TiAPI (30159): [INFO] [mBanking_Ti] =========================================================================
I/TiAPI (30159): [INFO] [mBanking_Ti] =========================================================================
I/TiAPI (30159): [INFO] [mBanking_Ti] tmpFooter.html TempFile path is: file:///storage/emulated/0/Android/data/com.mfoundry.enterprise.mbanking.push/cache/_tmp/footer/tmpFooter.html
I/TiAPI (30159): [INFO] [mBanking_Ti] =========================================================================
D/skia (30159): --- SkImageDecoder::Factory returned null
I/TiAPI (30159): [INFO] [mBanking_Ti] has overlaying status bar: false
I/TiAPI (30159): [INFO] [mBanking_Ti] content view height: 531
D/TrustDefenderMobile(30159): (KrollRuntimeThread) [643,7163] cancel()
I/TiAPI (30159): [INFO] [mBanking_Ti] App Activity: {"appId":"com.mfoundry.mb.threatmetrix","event":"profileDevice_enter","timestamp":1384982082911}
D/skia (30159): --- SkImageDecoder::Factory returned null
I/TiAPI (30159): [INFO] [mBanking_Ti] App Activity: {"appId":"com.mfoundry.mb.threatmetrix","event":"profileDevice","data":{"orgId":"efka4hpt","sessionId":"778df86e-8a12-49d2-b68b-9e5e29bf342a","proxyUrl":null,"profileLevel":"THM_OPTION_MOST_ASYNC","muid":"cad85f6a-64f2-4b7d-8ea4-4b32301d1850"},"timestamp":1384982082948}
D/TrustDefenderMobile(30159): (KrollRuntimeThread) [44,7207] doProfile(efka4hpt, 778df86e-8a12-49d2-b68b-9e5e29bf342a, null)
I/TiAPI (30159): [INFO] [mBanking_Ti] App Activity: {"appId":"com.mfoundry.mb.threatmetrix","event":"profileDevice_exit","data":{"result":"THM_OK"},"timestamp":1384982082956}
I/TiAPI (30159): [INFO] [mBanking_Ti] App Activity: {"appId":"com.mfoundry.mb.threatmetrix","event":"getProfileData_enter","timestamp":1384982082966}
I/TiAPI (30159): [INFO] [mBanking_Ti] ThreatMetrix getProfileData attribute -- key: ThreatMetrixProfilingSessionID value: 778df86e-8a12-49d2-b68b-9e5e29bf342a
I/TiAPI (30159): [INFO] [mBanking_Ti] ThreatMetrix getProfileData attribute -- key: ThreatMetrixProfilingStatus value: THM_NotYet
I/TiAPI (30159): [INFO] [mBanking_Ti] App Activity: {"appId":"com.mfoundry.mb.threatmetrix","event":"getProfileData_exit","data":{"ThreatMetrixProfilingSessionID":"778df86e-8a12-49d2-b68b-9e5e29bf342a","ThreatMetrixProfilingStatus":"THM_NotYet"},"timestamp":1384982082973}
I/TiAPI (30159): [INFO] [mBanking_Ti] has overlaying status bar: false
I/TiAPI (30159): [INFO] [mBanking_Ti] content view height: 531
I/ActivityManager( 791): START u0 {cmp=com.mfoundry.enterprise.mbanking.push/org.appcelerator.titanium.TiActivity (has extras)} from pid 30159
D/ActivityManager( 791): reply from CABL: Success
D/ActivityManager( 791): ????????????????????????????????????????????????
I/Activity(30159): Constructing ActvityExender com.amazon.android.app.AmazonActivityExtender.
I/Activity(30159): Constructed ActvityExender com.amazon.android.app.AmazonActivityExtender.
I/TiAPI (30159): [INFO] [mBanking_Ti] registering for event: com.mfoundry.mb.helloworld:get_greeting
I/TiAPI (30159): [INFO] [mBanking_Ti] registering for event: com.mfoundry.mb.helloworld:set_greeting
I/TiAPI (30159): [INFO] [mBanking_Ti] App Activity: {"appId":"com.mfoundry.mb.helloworld","event":"CallGreetings","timestamp":1384982083020}
D/HelloworldAndroidModule(30159): (KrollRuntimeThread) [80,7287] get example property
E/TiAPI (30159): ======================native extension Greeting[0]======================
E/TiAPI (30159): calling getAppName():Hello World Native Extension
E/TiAPI (30159): calling printGreeting()
E/TiAPI (30159): calling setGreeting() to reset to the value in com.mfoundry.mb.helloworld.lang.sample: [Hello World! I'm a tablet.]
D/HelloworldAndroidModule(30159): (KrollRuntimeThread) [2,7289] set example property: Hello World! I'm a tablet.
E/TiAPI (30159): calling printGreeting() again
D/HelloworldAndroidModule(30159): (KrollRuntimeThread) [1,7290] example called
E/TiAPI (30159): Hello World! I'm a tablet.
E/TiAPI (30159): status returned after calling printGreeting():200
E/TiAPI (30159): calling setPropertyGreeting() - pulling property [com.mfoundry.mb.helloworld.sample] value
D/HelloworldAndroidModule(30159): (KrollRuntimeThread) [1,7291] set example property: HelloWorldPropertyValue
E/TiAPI (30159): calling printGreeting() again
D/HelloworldAndroidModule(30159): (KrollRuntimeThread) [0,7291] example called
E/TiAPI (30159): HelloWorldPropertyValue
E/TiAPI (30159): status returned after calling printGreeting():200
I/TiAPI (30159): [INFO] [mBanking_Ti] App Activity: {"appId":"com.mfoundry.mb.helloworld","event":"GreetingsSuccess","data":{"greeting":"Hello world for Android"},"timestamp":1384982083040}
W/TiAPI (30159): [WARN] [mBanking_Ti] Greeting: Hello world for Android
E/Looper (30159): MSG TIMEOUT: delta=1685 { what=210 when=-1s999ms obj=[Ljava.lang.Object;@412e9d98 target={ Handler (android.os.Handler) {412c4480} } }
D/skia (30159): --- decoder->decode returned false
D/skia (30159): --- SkImageDecoder::Factory returned null
I/TiAPI (30159): [INFO] [mBanking_Ti] Received a response 4
I/TiAPI (30159): [INFO] [mBanking_Ti] Updating image to cached image
D/webcoreglue(30159): netstack: Memory Cache feature is ON
D/JSENGINE(30159): qualcomm.jsengine.version:C.2-patch47-git:ad72bcf
D/HostStatisticManager(30159): netstack: DNS Host Prioritization is: ON, Version: 5.0.2
I/ (30159): netstack: LIB_MGR - Lib loaded: libdnshostprio.so
I/ (30159): netstack: STAT_HUB - Succeeded to load plugin: libdnshostprio.so
I/ (30159): netstack: LIB_MGR - Lib loaded: spl_proc_plugin.so
I/ (30159): netstack: STAT_HUB - Succeeded to load plugin: spl_proc_plugin.so
I/ (30159): netstack: LIB_MGR - Lib loaded: pp_proc_plugin.so
I/ (30159): netstack: STAT_HUB - Succeeded to load plugin: pp_proc_plugin.so
E/ (30159): netstack: STAT_HUB - App com.mfoundry.enterprise.mbanking.push isn't supported
D/skia (30159): new locale
V/chromium(30159): external/chromium/net/host_resolver_helper/host_resolver_helper.cc:66: [1120/131443:INFO:host_resolver_helper.cc(66)] DNSPreResolver::Init got hostprovider:0x635ec00c
V/chromium(30159): external/chromium/net/base/host_resolver_impl.cc:1510: [1120/131443:INFO:host_resolver_impl.cc(1510)] HostResolverImpl::SetPreresolver preresolver:0x6374fea0
I/QCNEA (30159): |CAC| CAS is enabled
I/QCNEA (30159): |CAC| [CNE CLIENT STATE MACHINE] transition NOT_CONNECTED_NOT_ATTEMPTED -> CONNECTING
D/QCNEA (30159): |CAC| Connected to server socket: 112
I/QCNEA (30159): |CAC| [CNE CLIENT STATE MACHINE] transition CONNECTING -> CONNECTED_PENDING_PERM_RESPONSE
D/QCNEA (30159): |CAC| In monitor thread, performing select
D/QCNEA (30159): |CAC| readCallback: read len:12, ret:0, errno:0
I/QCNEA (30159): |CAC| [CNE CLIENT STATE MACHINE] transition CONNECTED_PENDING_PERM_RESPONSE -> NOT_CONNECTED_ACCESS_DENIED
D/QCNEA (30159): |CAC| readCallback: read len:0, ret:0, errno:0
E/QCNEA (30159): |CAC| readCallback: end of stream
I/QCNEA (30159): |CAC| client permission denied.
V/QCNEA (30159): |CAC| Dispatching Latency Service Status Update [status:SERVICE_STOPPED]
V/QCNEA (30159): |CAC| Dispatching Bitrate Service Status Update [status:SERVICE_STOPPED]
V/QCNEA (30159): |CAC| Clients reset
D/QCNEA (30159): |CAC| Monitor loop is terminating
D/netstack(30159): netstack: Request Priority is ON
E/ (30159): netstack: LIB_MGR - Error loading lib libsocketpoolextend.so
I/SockPoolExtend(30159): Using default ClientSocketPoolExtend
D/ (30159): external/chromium/net/socket/tcp_fin_aggregation_factory.cc: libtcpfinaggr.so successfully loaded
D/ (30159): external/chromium/net/socket/tcp_fin_aggregation_factory.cc,: TCP Fin Aggregation initializing method was found in libtcpfinaggr.so
D/TCPFinAggregation(30159): netstack: TCPFinAggregation is 1, Version 5.0.1
D/TCPFinAggregation(30159): system property net.tcp.fin.aggregation.wait was set, value: 20
D/TCPFinAggregation(30159): system property net.tcp.fin.aggregation.close was set, value: 300
D/TCPFinAggregation(30159): netstack: CloseUnusedSockets is ON, (TCPFinAggregation), Version 5.0.1
D/TCPFinAggregation(30159): Failed to get network status! received ret: -6
D/Socket_Pool(30159): netstack: CloseUnusedSockets is ON
D/Socket_Pool(30159): netstack: system net.statistics value: 0
D/Socket_Pool(30159): netstack: CloseUnusedSockets is ON
D/Socket_Pool(30159): netstack: system net.statistics value: 0
D/ (30159): external/chromium/net/http/http_getzip_factory.cc: libgetzip.so successfully loaded
D/ (30159): external/chromium/net/http/http_getzip_factory.cc,: GETzip initializing method was found in libgetzip.so
D/ (30159): netstack: Getzip is: ON, Version: 5.0.1
I/dalvikvm(30159): Jit: resizing JitTable from 4096 to 8192
D/TrustDefenderMobile(30159): (Thread-2150) [848,8139] doProfilecomplete()
I/ActivityManager( 791): Displayed com.mfoundry.enterprise.mbanking.push/org.appcelerator.titanium.TiActivity: +930ms
W/webcore (30159): skip viewSizeChanged as w is 0
I/InputReader( 791): Reconfiguring input devices. changes=0x00000004
I/InputReader( 791): Device reconfigured: id=5, name='synaptics_dsx_i2c', size 1200x1920, orientation 0, mode 1, display id 0
I/InputReader( 791): Device reconfigured: id=6, name='amazon_touch', size 1200x1920, orientation 0, mode 1, display id 0
I/ActivityManager( 791): Config changes=1480 {1.0 ?mcc?mnc en_US ldltr sw600dp w600dp h934dp 320dpi lrg port rot_0 finger -keyb/v/h -nav/h s.46}
D/PhoneApp( 1056): updateProximitySensorMode: state = IDLE
D/PhoneUtils( 1056): Call is not active
D/PhoneApp( 1056): updateProximitySensorMode: lock already released.
I/AmazonPhoneWindowManager( 791): repositioning status bar
D/SessionManagerService(27029): Received intent: #Intent;action=android.intent.action.CONFIGURATION_CHANGED;launchFlags=0x70000010;end
D/SessionManagerService(27029): width 1200height 1920Orientation 1
D/WFDNative_CPP(27029): setSurfaceProp width 1200 height 1920 orientation 1 screen aspect ratio is 0.625000
D/Resolver( 926): icon resource drawable 2130837581
D/Resolver( 926): icon resource drawable 2130837605
D/Resolver( 926): icon resource drawable 2130837611
D/Resolver( 926): icon resource drawable 2130837611
D/Resolver( 926): icon resource drawable 2130837605
D/Resolver( 926): icon resource drawable 2130837581
I/LAB126 ( 912): PhoneStatusBar hears intent. action: android.intent.action.CONFIGURATION_CHANGED
I/TiAPI (30159): [INFO] [mBanking_Ti] has overlaying status bar: false
I/TiAPI (30159): [INFO] [mBanking_Ti] content view height: 832
D/TilesManager(30159): Starting TG #0, 0x60b2cf98
D/TilesManager(30159): new EGLContext from framework: 5cb18ad8
D/GLWebViewState(30159): Reinit shader
D/GLWebViewState(30159): Reinit transferQueue
E/PPDaemon( 450): int AD::ADUpdateAL(int): Updating AL value failed, ret = -1, err: Connection timed out
D/SoftkeyButton( 926): Softkeybar Key press animation is disabled.
D/SoftkeyButton( 926): Softkeybar Key press animation is disabled.
D/SoftkeyButton( 926): Softkeybar Key press animation is disabled.
D/SoftkeyButton( 926): Softkeybar Key press animation is disabled.
D/SoftkeyButton( 926): Softkeybar Key press animation is disabled.
D/SoftkeyButton( 926): Softkeybar Key press animation is disabled.
D/SoftkeyButton( 926): sendEvent 3
D/SoftkeyButton( 926): injecting event KeyEvent { action=ACTION_UP, keyCode=KEYCODE_HOME, scanCode=0, metaState=0, flags=0x48, repeatCount=0, eventTime=26726493, downTime=26726418, deviceId=-1, source=0x101 }
I/ActivityManager( 791): START u0 {act=android.intent.action.MAIN cat=[android.intent.category.HOME] flg=0x10200000 cmp=com.amazon.kindle.otter/.Launcher} from pid 791
I/LAB126 ( 912): PhoneStatusBar hears intent. action: android.intent.action.CLOSE_SYSTEM_DIALOGS
D/ActivityManager( 791): reply from CABL: Success
D/ActivityManager( 791): ????????????????????????????????????????????????
W/IInputConnectionWrapper(30159): showStatusIcon on inactive InputConnection
I/ChargeProtectionService( 791): New full charge capacity, adjust charge current
I/ChargeProtectionService( 791): New charge current: 2947 mA
I/ActivityManager( 791): START u0 {act=android.intent.action.MAIN cat=[android.intent.category.LAUNCHER] flg=0x10200000 pkg=com.mfoundry.enterprise.mbanking.push cmp=com.mfoundry.enterprise.mbanking.push/.MybankActivity} from pid 988
D/ActivityManager( 791): reply from CABL: Success
D/ActivityManager( 791): ????????????????????????????????????????????????
I/Activity(30159): Constructing ActvityExender com.amazon.android.app.AmazonActivityExtender.
I/Activity(30159): Constructed ActvityExender com.amazon.android.app.AmazonActivityExtender.
I/TiRootActivity(30159): (main) [0,0] checkpoint, on root activity create, savedInstanceState: null
I/TiApplication(30159): (main) [0,0] Analytics have been disabled
D/skia (30159): --- SkImageDecoder::Factory returned null
D/skia (30159): --- SkImageDecoder::Factory returned null
I/TiAPI (30159): [INFO] [mBanking_Ti] Retrieved Device MUID: cad85f6a-64f2-4b7d-8ea4-4b32301d1850
I/TiAPI (30159): [INFO] [mBanking_Ti] Accessing Application Config service at: https://vmdev2.mfoundry.com/yosemite/appconfig/api/configuration/json/tmb/en/android/tablet?platform-version=4.2.2&platform-density=xhdpi&app-version=3.2.0.23×tamp=1384822846204&config-version=1
D/skia (30159): --- SkImageDecoder::Factory returned null
I/TiAPI (30159): [INFO] [mBanking_Ti] Accessing Application Config service at: https://vmdev2.mfoundry.com/yosemite/appconfig/api/configuration/json/tmb/en/android/tablet?platform-version=4.2.2&platform-density=xhdpi&app-version=3.2.0.23×tamp=1384822846204&config-version=1
D/skia (30159): --- SkImageDecoder::Factory returned null
I/TiRootActivity(30159): (main) [0,0] checkpoint, on root activity resume. activity = com.mfoundry.enterprise.mbanking.push.MybankActivity@4121fff8
W/ResourceType( 791): Invalid package identifier when getting bag for resource number 0x7f0b0004
I/ActivityManager( 791): Displayed com.mfoundry.enterprise.mbanking.push/.MybankActivity: +157ms
D/skia (30159): --- SkImageDecoder::Factory returned null
D/skia (30159): --- SkImageDecoder::Factory returned null
D/skia (30159): --- SkImageDecoder::Factory returned null
D/skia (30159): --- SkImageDecoder::Factory returned null
D/webviewglue(30159): nativeDestroy view: 0x649e2858
I/TiAPI (30159): [INFO] [mBanking_Ti] Init event received for config
I/TiAPI (30159): [INFO] [mBanking_Ti] Init event received for config
D/skia (30159): --- SkImageDecoder::Factory returned null
D/skia (30159): --- SkImageDecoder::Factory returned null
I/TiAPI (30159): [INFO] [mBanking_Ti] Loaded platform specific properties /mbplatform/android/styles.json
I/TiAPI (30159): [INFO] [mBanking_Ti] start installing styles
E/Looper ( 791): MSG TIMEOUT: delta=1 { what=2718 when=-2ms target={ Handler (com.android.server.Watchdog$HeartbeatHandler) {40f816c0} } }
I/TiAPI (30159): [INFO] [mBanking_Ti] done adding 832 keys --TIME: 159ms
I/TiAPI (30159): [INFO] [mBanking_Ti] Init event received for styles
I/TiAPI (30159): [INFO] [mBanking_Ti] Init event received for styles
I/TiAPI (30159): [INFO] [mBanking_Ti] Initialization Complete. Saving AppConfigService values
I/TiAPI (30159): [INFO] [mBanking_Ti] Start the app
I/TiAPI (30159): [INFO] [mBanking_Ti] Initialization Complete. Saving AppConfigService values
I/TiAPI (30159): [INFO] [mBanking_Ti] Start the app
D/skia (30159): --- SkImageDecoder::Factory returned null
D/skia (30159): --- SkImageDecoder::Factory returned null
D/skia (30159): --- SkImageDecoder::Factory returned null
I/TiAPI (30159): [INFO] [mBanking_Ti] start installing lang
I/TiAPI (30159): [INFO] [mBanking_Ti] done adding 1606 keys --TIME: 251ms
I/TiAPI (30159): [INFO] [mBanking_Ti] Init event received for langmain
I/TiAPI (30159): [INFO] [mBanking_Ti] Init event received for langmain
I/TiAPI (30159): [INFO] [mBanking_Ti] Init event received for config
I/TiAPI (30159): [INFO] [mBanking_Ti] Init event received for config
I/TiAPI (30159): [INFO] [mBanking_Ti] Initialization Complete. Saving AppConfigService values
I/TiAPI (30159): [INFO] [mBanking_Ti] Start the app
I/TiAPI (30159): [INFO] [mBanking_Ti] Initialization Complete. Saving AppConfigService values
I/TiAPI (30159): [INFO] [mBanking_Ti] Start the app
D/skia (30159): --- SkImageDecoder::Factory returned null
D/skia (30159): --- SkImageDecoder::Factory returned null
I/TiAPI (30159): [INFO] [mBanking_Ti] Loaded platform specific properties /mbplatform/android/styles.json
I/TiAPI (30159): [INFO] [mBanking_Ti] start installing styles
I/TiAPI (30159): [INFO] [mBanking_Ti] done adding 832 keys --TIME: 151ms
I/TiAPI (30159): [INFO] [mBanking_Ti] Init event received for styles
I/TiAPI (30159): [INFO] [mBanking_Ti] Init event received for styles
D/skia (30159): --- SkImageDecoder::Factory returned null
D/skia (30159): --- SkImageDecoder::Factory returned null
V/BatteryDrain( 791): sending alarm Alarm{4172b3a8 type 0 com.amazon.venezia}
D/skia (30159): --- SkImageDecoder::Factory returned null
I/TiAPI (30159): [INFO] [mBanking_Ti] start installing lang
I/InputReader( 791): Reconfiguring input devices. changes=0x00000004
I/InputReader( 791): Device reconfigured: id=5, name='synaptics_dsx_i2c', size 1200x1920, orientation 3, mode 1, display id 0
I/InputReader( 791): Device reconfigured: id=6, name='amazon_touch', size 1200x1920, orientation 3, mode 1, display id 0
I/ActivityManager( 791): Config changes=1480 {1.0 ?mcc?mnc en_US ldltr sw600dp w960dp h574dp 320dpi lrg land rot_270 finger -keyb/v/h -nav/h s.47}
D/PhoneApp( 1056): updateProximitySensorMode: state = IDLE
D/PhoneUtils( 1056): Call is not active
D/PhoneApp( 1056): updateProximitySensorMode: lock already released.
I/AmazonPhoneWindowManager( 791): repositioning status bar
D/SessionManagerService(27029): Received intent: #Intent;action=android.intent.action.CONFIGURATION_CHANGED;launchFlags=0x70000010;end
D/SessionManagerService(27029): width 1920height 1200Orientation 2
D/WFDNative_CPP(27029): setSurfaceProp width 1920 height 1200 orientation 2 screen aspect ratio is 1.600000
D/Resolver( 926): icon resource drawable 2130837581
D/Resolver( 926): icon resource drawable 2130837605
D/Resolver( 926): icon resource drawable 2130837611
D/Resolver( 926): icon resource drawable 2130837611
D/Resolver( 926): icon resource drawable 2130837605
D/Resolver( 926): icon resource drawable 2130837581
I/LAB126 ( 912): PhoneStatusBar hears intent. action: android.intent.action.CONFIGURATION_CHANGED
W/SchedPolicy( 791): Failed to set io priority for tid 30492 (No such process)
I/TiAPI (30159): [INFO] [mBanking_Ti] done adding 1606 keys --TIME: 303ms
I/TiAPI (30159): [INFO] [mBanking_Ti] Init event received for langmain
I/TiAPI (30159): [INFO] [mBanking_Ti] Init event received for langmain
I/TiAPI (30159): [INFO] [mBanking_Ti] Initialization Complete. Saving AppConfigService values
I/TiAPI (30159): [INFO] [mBanking_Ti] Start the app
I/TiAPI (30159): [INFO] [mBanking_Ti] Initialization Complete. Saving AppConfigService values
I/TiAPI (30159): [INFO] [mBanking_Ti] Start the app
I/TiAPI (30159): [INFO] [mBanking_Ti] Init event received for config
I/TiAPI (30159): [INFO] [mBanking_Ti] Init event received for config
I/TiAPI (30159): [INFO] [mBanking_Ti] Init event received for config
D/skia (30159): --- SkImageDecoder::Factory returned null
D/skia (30159): --- SkImageDecoder::Factory returned null
I/TiAPI (30159): [INFO] [mBanking_Ti] Loaded platform specific properties /mbplatform/android/styles.json
I/TiAPI (30159): [INFO] [mBanking_Ti] start installing styles
I/TiAPI (30159): [INFO] [mBanking_Ti] done adding 832 keys --TIME: 152ms
I/TiAPI (30159): [INFO] [mBanking_Ti] Init event received for styles
I/TiAPI (30159): [INFO] [mBanking_Ti] Initialization Complete. Saving AppConfigService values
I/TiAPI (30159): [INFO] [mBanking_Ti] Start the app
I/TiAPI (30159): [INFO] [mBanking_Ti] Initialization Complete. Saving AppConfigService values
I/TiAPI (30159): [INFO] [mBanking_Ti] Start the app
I/TiAPI (30159): [INFO] [mBanking_Ti] Start the app
I/TiAPI (30159): [INFO] [mBanking_Ti] Init event received for styles
I/TiAPI (30159): [INFO] [mBanking_Ti] Init event received for styles
D/skia (30159): --- SkImageDecoder::Factory returned null
D/skia (30159): --- SkImageDecoder::Factory returned null
D/skia (30159): --- SkImageDecoder::Factory returned null
I/TiAPI (30159): [INFO] [mBanking_Ti] start installing lang
I/TiAPI (30159): [INFO] [mBanking_Ti] done adding 1606 keys --TIME: 270ms
I/TiAPI (30159): [INFO] [mBanking_Ti] Init event received for langmain
I/TiAPI (30159): [INFO] [mBanking_Ti] Init event received for langmain
I/TiAPI (30159): [INFO] [mBanking_Ti] Initialization Complete. Saving AppConfigService values
I/TiAPI (30159): [INFO] [mBanking_Ti] Start the app
I/TiAPI (30159): [INFO] [mBanking_Ti] Initialization Complete. Saving AppConfigService values
I/TiAPI (30159): [INFO] [mBanking_Ti] Start the app
I/TiAPI (30159): [INFO] [mBanking_Ti] Start the app
I/TiAPI (30159): [INFO] [mBanking_Ti] Init event received for langmain
I/TiAPI (30159): [INFO] [mBanking_Ti] Init event received for config
I/TiAPI (30159): [INFO] [mBanking_Ti] Init event received for config
I/TiAPI (30159): [INFO] [mBanking_Ti] Init event received for config
I/TiAPI (30159): [INFO] [mBanking_Ti] Initialization Complete. Saving AppConfigService values
I/TiAPI (30159): [INFO] [mBanking_Ti] Start the app
I/TiAPI (30159): [INFO] [mBanking_Ti] Initialization Complete. Saving AppConfigService values
I/TiAPI (30159): [INFO] [mBanking_Ti] Start the app
I/TiAPI (30159): [INFO] [mBanking_Ti] Start the app
D/skia (30159): --- SkImageDecoder::Factory returned null
D/skia (30159): --- SkImageDecoder::Factory returned null
I/TiAPI (30159): [INFO] [mBanking_Ti] Loaded platform specific properties /mbplatform/android/styles.json
I/TiAPI (30159): [INFO] [mBanking_Ti] start installing styles
I/TiAPI (30159): [INFO] [mBanking_Ti] done adding 832 keys --TIME: 190ms
I/TiAPI (30159): [INFO] [mBanking_Ti] Init event received for styles
I/TiAPI (30159): [INFO] [mBanking_Ti] Init event received for styles
I/TiAPI (30159): [INFO] [mBanking_Ti] Init event received for styles
D/skia (30159): --- SkImageDecoder::Factory returned null
D/skia (30159): --- SkImageDecoder::Factory returned null
D/skia (30159): --- SkImageDecoder::Factory returned null
I/TiAPI (30159): [INFO] [mBanking_Ti] start installing lang
I/TiAPI (30159): [INFO] [mBanking_Ti] done adding 1606 keys --TIME: 260ms
I/TiAPI (30159): [INFO] [mBanking_Ti] Init event received for langmain
I/TiAPI (30159): [INFO] [mBanking_Ti] Initialization Complete. Saving AppConfigService values
I/TiAPI (30159): [INFO] [mBanking_Ti] Start the app
I/TiAPI (30159): [INFO] [mBanking_Ti] Initialization Complete. Saving AppConfigService values
I/TiAPI (30159): [INFO] [mBanking_Ti] Start the app
I/TiAPI (30159): [INFO] [mBanking_Ti] Start the app
I/TiAPI (30159): [INFO] [mBanking_Ti] Init event received for langmain
I/TiAPI (30159): [INFO] [mBanking_Ti] Init event received for langmain
E/Looper (30159): MSG TIMEOUT: delta=4722 { what=210 when=-5s673ms obj=[Ljava.lang.Object;@4134eef0 target={ Handler (android.os.Handler) {40f8b208} } }
I/TiAPI (30159): [INFO] [mBanking_Ti] Init event received for config
I/TiAPI (30159): [INFO] [mBanking_Ti] Init event received for config
I/TiAPI (30159): [INFO] [mBanking_Ti] Initialization Complete. Saving AppConfigService values
