--------- beginning of /dev/log/system
D/STATUSBAR-NetworkController( 2878): refreshSignalCluster: data=-1 bt=false
D/STATUSBAR-SignalClusterView( 2878): mSeparateMobileGroup=8
D/STATUSBAR-SignalClusterView( 2878): mSeparateMobileGroup=8
D/STATUSBAR-SignalClusterView( 2878): mSeparateMobileGroup=8 --------- beginning of /dev/log/main
W/SignalStrength( 2385): getLteLevel =3
W/SignalStrength( 2385): getLevel=3 (SignalStrength: 99 0 -79 -25 -120 -1 -1 19 -101 11 44 2147483647 gsm|lte 0x403)
W/SignalStrength( 2878): getLteLevel =3
W/SignalStrength( 2385): getDbm 1
D/SignalStrength( 2385): getLteDbm=-101
W/SignalStrength( 2385): getDbm=-101
W/SignalStrength( 2385): getAsuLevel 1
W/SignalStrength( 2878): getLevel=3 (SignalStrength: 99 0 -79 -25 -120 -1 -1 19 -101 11 44 2147483647 gsm|lte 0x403)
D/SignalStrength( 2385): getLteDbm=-101
W/SignalStrength( 2385): Lte Asu level: 39
W/SignalStrength( 2385): getAsuLevel=39
W/SignalStrength( 2878): getLteLevel =3
W/SignalStrength( 2878): getLevel=3 (SignalStrength: 99 0 -79 -25 -120 -1 -1 19 -101 11 44 2147483647 gsm|lte 0x403)
D/STATUSBAR-NetworkController( 2878): onSignalStrengthsChanged signalStrength=SignalStrength: 99 0 -79 -25 -120 -1 -1 19 -101 11 44 214 7483647 gsm|lte 0x403 level=3
D/STATUSBAR-NetworkController( 2878): refreshSignalCluster: data=-1 bt=false
D/STATUSBAR-SignalClusterView( 2878): mSeparateMobileGroup=8
D/STATUSBAR-SignalClusterView( 2878): mSeparateMobileGroup=8
D/STATUSBAR-SignalClusterView( 2878): mSeparateMobileGroup=8
E/Watchdog( 2385): !@Sync 143
W/SignalStrength( 2385): getLteLevel =3
W/SignalStrength( 2385): getLevel=3 (SignalStrength: 99 0 -79 -25 -120 -1 -1 21 -101 13 44 2147483647 gsm|lte 0x403)
W/SignalStrength( 2878): getLteLevel =3
W/SignalStrength( 2878): getLevel=3 (SignalStrength: 99 0 -79 -25 -120 -1 -1 21 -101 13 44 2147483647 gsm|lte 0x403)
W/SignalStrength( 2878): getLteLevel =3
W/SignalStrength( 2878): getLevel=3 (SignalStrength: 99 0 -79 -25 -120 -1 -1 21 -101 13 44 2147483647 gsm|lte 0x403)
W/SignalStrength( 2385): getDbm 1
D/SignalStrength( 2385): getLteDbm=-101
W/SignalStrength( 2385): getDbm=-101
W/SignalStrength( 2385): getAsuLevel 1
D/SignalStrength( 2385): getLteDbm=-101
W/SignalStrength( 2385): Lte Asu level: 39
W/SignalStrength( 2385): getAsuLevel=39
D/STATUSBAR-NetworkController( 2878): onSignalStrengthsChanged signalStrength=SignalStrength: 99 0 -79 -25 -120 -1 -1 21 -101 13 44 214 7483647 gsm|lte 0x403 level=3
D/STATUSBAR-NetworkController( 2878): refreshSignalCluster: data=-1 bt=false
D/STATUSBAR-SignalClusterView( 2878): mSeparateMobileGroup=8
D/STATUSBAR-SignalClusterView( 2878): mSeparateMobileGroup=8
D/STATUSBAR-SignalClusterView( 2878): mSeparateMobileGroup=8
D/STATUSBAR-NetworkController( 2878): refreshSignalCluster: data=-1 bt=false
D/STATUSBAR-SignalClusterView( 2878): mSeparateMobileGroup=8
D/STATUSBAR-SignalClusterView( 2878): mSeparateMobileGroup=8
D/STATUSBAR-SignalClusterView( 2878): mSeparateMobileGroup=8
D/STATUSBAR-NetworkController( 2878): refreshSignalCluster: data=-1 bt=false
D/STATUSBAR-SignalClusterView( 2878): mSeparateMobileGroup=8
D/STATUSBAR-SignalClusterView( 2878): mSeparateMobileGroup=8
D/STATUSBAR-SignalClusterView( 2878): mSeparateMobileGroup=8
D/STATUSBAR-NetworkController( 2878): refreshSignalCluster: data=-1 bt=false
D/STATUSBAR-SignalClusterView( 2878): mSeparateMobileGroup=8
D/STATUSBAR-SignalClusterView( 2878): mSeparateMobileGroup=8
D/STATUSBAR-SignalClusterView( 2878): mSeparateMobileGroup=8
W/SignalStrength( 2385): getLteLevel =3
W/SignalStrength( 2385): getLevel=3 (SignalStrength: 99 0 -79 -25 -120 -1 -1 20 -101 13 24 2147483647 gsm|lte 0x403)
W/SignalStrength( 2878): getLteLevel =3
W/SignalStrength( 2878): getLevel=3 (SignalStrength: 99 0 -79 -25 -120 -1 -1 20 -101 13 24 2147483647 gsm|lte 0x403)
W/SignalStrength( 2878): getLteLevel =3
W/SignalStrength( 2878): getLevel=3 (SignalStrength: 99 0 -79 -25 -120 -1 -1 20 -101 13 24 2147483647 gsm|lte 0x403)
W/SignalStrength( 2385): getDbm 1
D/SignalStrength( 2385): getLteDbm=-101
W/SignalStrength( 2385): getDbm=-101
W/SignalStrength( 2385): getAsuLevel 1
D/SignalStrength( 2385): getLteDbm=-101
W/SignalStrength( 2385): Lte Asu level: 39
W/SignalStrength( 2385): getAsuLevel=39
D/STATUSBAR-NetworkController( 2878): onSignalStrengthsChanged signalStrength=SignalStrength: 99 0 -79 -25 -120 -1 -1 20 -101 13 24 214 7483647 gsm|lte 0x403 level=3
D/STATUSBAR-NetworkController( 2878): refreshSignalCluster: data=-1 bt=false
D/STATUSBAR-SignalClusterView( 2878): mSeparateMobileGroup=8
D/STATUSBAR-SignalClusterView( 2878): mSeparateMobileGroup=8
D/STATUSBAR-SignalClusterView( 2878): mSeparateMobileGroup=8
D/STATUSBAR-NetworkController( 2878): refreshSignalCluster: data=-1 bt=false
D/STATUSBAR-SignalClusterView( 2878): mSeparateMobileGroup=8
D/STATUSBAR-SignalClusterView( 2878): mSeparateMobileGroup=8
D/STATUSBAR-SignalClusterView( 2878): mSeparateMobileGroup=8
D/STATUSBAR-NetworkController( 2878): refreshSignalCluster: data=-1 bt=false
D/STATUSBAR-SignalClusterView( 2878): mSeparateMobileGroup=8
D/STATUSBAR-SignalClusterView( 2878): mSeparateMobileGroup=8
D/STATUSBAR-SignalClusterView( 2878): mSeparateMobileGroup=8
D/STATUSBAR-NetworkController( 2878): refreshSignalCluster: data=-1 bt=false
D/STATUSBAR-SignalClusterView( 2878): mSeparateMobileGroup=8
D/STATUSBAR-SignalClusterView( 2878): mSeparateMobileGroup=8
D/STATUSBAR-SignalClusterView( 2878): mSeparateMobileGroup=8
W/SignalStrength( 2385): getLteLevel =3
W/SignalStrength( 2385): getLevel=3 (SignalStrength: 99 0 -79 -25 -120 -1 -1 20 -101 11 36 2147483647 gsm|lte 0x403)
W/SignalStrength( 2878): getLteLevel =3
W/SignalStrength( 2878): getLevel=3 (SignalStrength: 99 0 -79 -25 -120 -1 -1 20 -101 11 36 2147483647 gsm|lte 0x403)
W/SignalStrength( 2878): getLteLevel =3
W/SignalStrength( 2878): getLevel=3 (SignalStrength: 99 0 -79 -25 -120 -1 -1 20 -101 11 36 2147483647 gsm|lte 0x403)
W/SignalStrength( 2385): getDbm 1
D/SignalStrength( 2385): getLteDbm=-101
W/SignalStrength( 2385): getDbm=-101
W/SignalStrength( 2385): getAsuLevel 1
D/SignalStrength( 2385): getLteDbm=-101
W/SignalStrength( 2385): Lte Asu level: 39
W/SignalStrength( 2385): getAsuLevel=39
D/STATUSBAR-NetworkController( 2878): onSignalStrengthsChanged signalStrength=SignalStrength: 99 0 -79 -25 -120 -1 -1 20 -101 11 36 214 7483647 gsm|lte 0x403 level=3
D/STATUSBAR-NetworkController( 2878): refreshSignalCluster: data=-1 bt=false
D/STATUSBAR-SignalClusterView( 2878): mSeparateMobileGroup=8
D/STATUSBAR-SignalClusterView( 2878): mSeparateMobileGroup=8
D/STATUSBAR-SignalClusterView( 2878): mSeparateMobileGroup=8
D/STATUSBAR-NetworkController( 2878): onReceive() - RSSI_CHANGED_ACTION, WIFI_STATE, NETWORK_STATE
D/STATUSBAR-NetworkController( 2878): refreshSignalCluster: data=-1 bt=false
D/STATUSBAR-SignalClusterView( 2878): mSeparateMobileGroup=8
D/STATUSBAR-SignalClusterView( 2878): mSeparateMobileGroup=8
D/STATUSBAR-SignalClusterView( 2878): mSeparateMobileGroup=8
D/STATUSBAR-NetworkController( 2878): refreshSignalCluster: data=-1 bt=false
D/STATUSBAR-SignalClusterView( 2878): mSeparateMobileGroup=8
D/STATUSBAR-SignalClusterView( 2878): mSeparateMobileGroup=8
D/STATUSBAR-SignalClusterView( 2878): mSeparateMobileGroup=8
D/STATUSBAR-NetworkController( 2878): refreshSignalCluster: data=-1 bt=false
D/STATUSBAR-SignalClusterView( 2878): mSeparateMobileGroup=8
D/STATUSBAR-SignalClusterView( 2878): mSeparateMobileGroup=8
D/STATUSBAR-SignalClusterView( 2878): mSeparateMobileGroup=8
V/AlarmManager( 2385): waitForAlarm result :8
V/AlarmManager( 2385): ClockReceiver onReceive() ACTION_TIME_TICK
W/AlarmManager( 2385): FACTORY_ON= 0
D/STATUSBAR-Clock( 2878): onReceive() - ACTION_TIME_TICK
D/STATUSBAR-Clock( 2878): onReceive() - ACTION_TIME_TICK
D/widget ( 3080): [MSC_HERO_Accu_JB]>>> SM:1291 [0:0] bTCC WCV = 100
D/widget ( 3080): [MSC_HERO_Accu_JB]>>> WC:1678 [0:0] drw 1nd Tm dt = 0832
D/STATUSBAR-NetworkController( 2878): onReceive() - RSSI_CHANGED_ACTION, WIFI_STATE, NETWORK_STATE
D/STATUSBAR-NetworkController( 2878): refreshSignalCluster: data=-1 bt=false
D/STATUSBAR-SignalClusterView( 2878): mSeparateMobileGroup=8
D/STATUSBAR-SignalClusterView( 2878): mSeparateMobileGroup=8
D/STATUSBAR-SignalClusterView( 2878): mSeparateMobileGroup=8
W/SignalStrength( 2385): getLteLevel =3
W/SignalStrength( 2385): getLevel=3 (SignalStrength: 99 0 -79 -25 -120 -1 -1 19 -101 13 56 2147483647 gsm|lte 0x403)
W/SignalStrength( 2878): getLteLevel =3
W/SignalStrength( 2878): getLevel=3 (SignalStrength: 99 0 -79 -25 -120 -1 -1 19 -101 13 56 2147483647 gsm|lte 0x403)
W/SignalStrength( 2878): getLteLevel =3
W/SignalStrength( 2878): getLevel=3 (SignalStrength: 99 0 -79 -25 -120 -1 -1 19 -101 13 56 2147483647 gsm|lte 0x403)
W/SignalStrength( 2385): getDbm 1
D/SignalStrength( 2385): getLteDbm=-101
W/SignalStrength( 2385): getDbm=-101
W/SignalStrength( 2385): getAsuLevel 1
D/SignalStrength( 2385): getLteDbm=-101
W/SignalStrength( 2385): Lte Asu level: 39
W/SignalStrength( 2385): getAsuLevel=39
D/STATUSBAR-NetworkController( 2878): onSignalStrengthsChanged signalStrength=SignalStrength: 99 0 -79 -25 -120 -1 -1 19 -101 13 56 214 7483647 gsm|lte 0x403 level=3
D/STATUSBAR-NetworkController( 2878): refreshSignalCluster: data=-1 bt=false
D/STATUSBAR-SignalClusterView( 2878): mSeparateMobileGroup=8
D/STATUSBAR-SignalClusterView( 2878): mSeparateMobileGroup=8
D/STATUSBAR-SignalClusterView( 2878): mSeparateMobileGroup=8
W/SignalStrength( 2385): getLteLevel =3
W/SignalStrength( 2385): getLevel=3 (SignalStrength: 99 0 -79 -25 -120 -1 -1 20 -101 11 56 2147483647 gsm|lte 0x403)
W/SignalStrength( 2878): getLteLevel =3
W/SignalStrength( 2878): getLevel=3 (SignalStrength: 99 0 -79 -25 -120 -1 -1 20 -101 11 56 2147483647 gsm|lte 0x403)
W/SignalStrength( 2878): getLteLevel =3
W/SignalStrength( 2878): getLevel=3 (SignalStrength: 99 0 -79 -25 -120 -1 -1 20 -101 11 56 2147483647 gsm|lte 0x403)
W/SignalStrength( 2385): getDbm 1
D/SignalStrength( 2385): getLteDbm=-101
W/SignalStrength( 2385): getDbm=-101
W/SignalStrength( 2385): getAsuLevel 1
D/SignalStrength( 2385): getLteDbm=-101
W/SignalStrength( 2385): Lte Asu level: 39
W/SignalStrength( 2385): getAsuLevel=39
D/STATUSBAR-NetworkController( 2878): onSignalStrengthsChanged signalStrength=SignalStrength: 99 0 -79 -25 -120 -1 -1 20 -101 11 56 214 7483647 gsm|lte 0x403 level=3
D/STATUSBAR-NetworkController( 2878): onReceive() - RSSI_CHANGED_ACTION, WIFI_STATE, NETWORK_STATE
D/STATUSBAR-NetworkController( 2878): refreshSignalCluster: data=-1 bt=false
D/STATUSBAR-SignalClusterView( 2878): mSeparateMobileGroup=8
D/STATUSBAR-SignalClusterView( 2878): mSeparateMobileGroup=8
D/STATUSBAR-SignalClusterView( 2878): mSeparateMobileGroup=8
D/STATUSBAR-NetworkController( 2878): refreshSignalCluster: data=-1 bt=false
D/STATUSBAR-SignalClusterView( 2878): mSeparateMobileGroup=8
D/STATUSBAR-SignalClusterView( 2878): mSeparateMobileGroup=8
D/STATUSBAR-SignalClusterView( 2878): mSeparateMobileGroup=8
D/STATUSBAR-NetworkController( 2878): onReceive() - RSSI_CHANGED_ACTION, WIFI_STATE, NETWORK_STATE
D/STATUSBAR-NetworkController( 2878): refreshSignalCluster: data=-1 bt=false
D/STATUSBAR-SignalClusterView( 2878): mSeparateMobileGroup=8
D/STATUSBAR-SignalClusterView( 2878): mSeparateMobileGroup=8
D/STATUSBAR-SignalClusterView( 2878): mSeparateMobileGroup=8
W/SignalStrength( 2385): getLteLevel =3
W/SignalStrength( 2385): getLevel=3 (SignalStrength: 99 0 -79 -25 -120 -1 -1 19 -101 12 46 2147483647 gsm|lte 0x403)
W/SignalStrength( 2878): getLteLevel =3
W/SignalStrength( 2878): getLevel=3 (SignalStrength: 99 0 -79 -25 -120 -1 -1 19 -101 12 46 2147483647 gsm|lte 0x403)
D/STATUSBAR-NetworkController( 2878): onSignalStrengthsChanged signalStrength=SignalStrength: 99 0 -79 -25 -120 -1 -1 19 -101 12 46 214 7483647 gsm|lte 0x403 level=3
W/SignalStrength( 2385): getDbm 1
D/SignalStrength( 2385): getLteDbm=-101
W/SignalStrength( 2385): getDbm=-101
W/SignalStrength( 2385): getAsuLevel 1
D/SignalStrength( 2385): getLteDbm=-101
W/SignalStrength( 2385): Lte Asu level: 39
W/SignalStrength( 2878): getLteLevel =3
W/SignalStrength( 2385): getAsuLevel=39
W/SignalStrength( 2878): getLevel=3 (SignalStrength: 99 0 -79 -25 -120 -1 -1 19 -101 12 46 2147483647 gsm|lte 0x403)
W/SignalStrength( 2385): getLteLevel =3
W/SignalStrength( 2385): getLevel=3 (SignalStrength: 99 0 -79 -25 -120 -1 -1 21 -103 13 46 2147483647 gsm|lte 0x403)
W/SignalStrength( 2878): getLteLevel =3
W/SignalStrength( 2878): getLevel=3 (SignalStrength: 99 0 -79 -25 -120 -1 -1 21 -103 13 46 2147483647 gsm|lte 0x403)
W/SignalStrength( 2878): getLteLevel =3
W/SignalStrength( 2878): getLevel=3 (SignalStrength: 99 0 -79 -25 -120 -1 -1 21 -103 13 46 2147483647 gsm|lte 0x403)
W/SignalStrength( 2385): getDbm 1
D/SignalStrength( 2385): getLteDbm=-103
W/SignalStrength( 2385): getDbm=-103
W/SignalStrength( 2385): getAsuLevel 1
D/SignalStrength( 2385): getLteDbm=-103
W/SignalStrength( 2385): Lte Asu level: 37
W/SignalStrength( 2385): getAsuLevel=37
D/STATUSBAR-NetworkController( 2878): onSignalStrengthsChanged signalStrength=SignalStrength: 99 0 -79 -25 -120 -1 -1 21 -103 13 46 214 7483647 gsm|lte 0x403 level=3
D/AndroidRuntime(17127):
D/AndroidRuntime(17127): >>>>>> AndroidRuntime START com.android.internal.os.RuntimeInit <<<<<<
D/AndroidRuntime(17127): CheckJNI is OFF
D/AndroidRuntime(17127): setted country_code = USA
D/AndroidRuntime(17127): setted countryiso_code = US
D/AndroidRuntime(17127): setted sales_code = VZW
D/AndroidRuntime(17127): readGMSProperty: start
D/AndroidRuntime(17127): readGMSProperty: already setted!!
D/AndroidRuntime(17127): readGMSProperty: end
D/AndroidRuntime(17127): addProductProperty: start
D/dalvikvm(17127): Trying to load lib libjavacore.so 0x0
D/dalvikvm(17127): Added shared lib libjavacore.so 0x0
D/dalvikvm(17127): Trying to load lib libnativehelper.so 0x0
D/dalvikvm(17127): Added shared lib libnativehelper.so 0x0
D/dalvikvm(17127): Note: class Landroid/app/ActivityManagerNative; has 153 unimplemented (abstract) methods
D/AndroidRuntime(17127): Calling main entry com.android.commands.pm.Pm
I/ApplicationPolicy( 2385): isApplicationInstallationEnabled
W/PackageManager( 2385): verifying app can be installed or not
D/dalvikvm( 2385): WAIT_FOR_CONCURRENT_GC blocked 0ms
E/PackageParser( 2385): Package com.appcelerator.classic has no certificates at entry assets/Resources/KS_nav_ui.png; ignoring!
D/dalvikvm( 2385): GC_EXPLICIT freed 1647K, 39% free 30900K/50631K, paused 2ms+8ms, total 84ms
D/AndroidRuntime(17127): Shutting down VM
D/dalvikvm(17127): GC_CONCURRENT freed 126K, 87% free 567K/4096K, paused 1ms+0ms, total 3ms