10-20 16:28:11.991: I/ActivityManager(750): START u0 {act=android.intent.action.MAIN cat=[android.intent.category.HOME] flg=0x10200000 cmp=com.google.android.googlequicksearchbox/com.google.android.launcher.GEL} from uid 1000 on display 0
10-20 16:28:12.000: D/audio_hw_primary(185): out_set_parameters: enter: usecase(1: low-latency-playback) kvpairs: routing=2
10-20 16:28:12.063: I/GEL(1982): handleIntent(Intent { act=android.intent.action.MAIN cat=[android.intent.category.HOME] flg=0x10600000 cmp=com.google.android.googlequicksearchbox/com.google.android.launcher.GEL })
10-20 16:28:12.122: W/LocationOracleImpl(1676): Best location was null
10-20 16:28:12.152: I/HotwordRecognitionRnr(1676): Starting hotword detection.
10-20 16:28:12.152: I/MicrophoneInputStream(1676): mic_starting gfh@329afc87
10-20 16:28:12.159: I/AudioFlinger(185): AudioFlinger's thread 0xb2307000 ready to run
10-20 16:28:12.176: I/MicrophoneInputStream(1676): mic_started gfh@329afc87
10-20 16:28:12.186: D/audio_hw_primary(185): select_devices: out_snd_device(0: none) in_snd_device(54: voice-rec-mic)
10-20 16:28:12.186: D/msm8974_platform(185): platform_send_audio_calibration: sending audio calibration for snd_device(54) acdb_id(62)
10-20 16:28:12.186: D/(185): Failed to fetch the lookup information of the device 0000003E
10-20 16:28:12.186: E/ACDB-LOADER(185): Error: ACDB AudProc vol returned = -19
10-20 16:28:12.186: D/audio_hw_primary(185): enable_snd_device: snd_device(54: voice-rec-mic)
10-20 16:28:12.191: D/audio_hw_primary(185): enable_audio_route: apply and update mixer path: audio-record
10-20 16:28:12.201: D/WifiService(750): acquireWifiLockLocked: WifiLock{NlpWifiLock type=2 binder=android.os.BinderProxy@16801b98}
10-20 16:28:12.214: E/Icing(1372): Failed to update per-doc-data with usage report
10-20 16:28:12.214: I/Icing(1372): Usage reports 1 indexed 0 rejected 0 denied 0 imm upload true
10-20 16:28:12.236: I/wpa_supplicant(3110): wlan0: CTRL-EVENT-SCAN-STARTED
10-20 16:28:12.252: D/WifiService(750): releaseWifiLockLocked: WifiLock{NlpWifiLock type=2 binder=android.os.BinderProxy@16801b98}
10-20 16:28:12.276: I/HotwordWorker(1676): onReady
10-20 16:28:12.636: W/OpenGLRenderer(1982): Incorrectly called buildLayer on View: add, destroying layer...
10-20 16:28:12.640: W/OpenGLRenderer(1982): Incorrectly called buildLayer on View: add, destroying layer...
10-20 16:28:13.461: I/MicrophoneInputStream(1676): mic_close gfh@329afc87
10-20 16:28:13.478: D/audio_hw_primary(185): out_set_parameters: enter: usecase(1: low-latency-playback) kvpairs: routing=2
10-20 16:28:13.501: D/audio_hw_primary(185): disable_audio_route: reset and update mixer path: audio-record
10-20 16:28:13.502: D/audio_hw_primary(185): disable_snd_device: snd_device(54: voice-rec-mic)
10-20 16:28:13.526: I/HotwordRecognitionRnr(1676): Stopping hotword detection.
10-20 16:28:13.526: I/HotwordRecognitionRnr(1676): Hotword detection finished
10-20 16:28:15.197: W/PropertyValuesHolder(1982): Method setBrightness() with type int not found on target class class us
10-20 16:28:15.197: W/PropertyValuesHolder(1982): Method getBrightness() with type null not found on target class class us
10-20 16:28:15.209: I/ActivityManager(750): START u0 {act=android.intent.action.MAIN cat=[android.intent.category.LAUNCHER] flg=0x10200000 cmp=com.mfoundry.enterprise.mbanking.push/.MbNextGenPhoneActivity (has extras)} from uid 10023 on display 0
10-20 16:28:15.220: D/audio_hw_primary(185): out_set_parameters: enter: usecase(1: low-latency-playback) kvpairs: routing=2
10-20 16:28:15.273: I/ActivityManager(750): Start proc com.mfoundry.enterprise.mbanking.push for activity com.mfoundry.enterprise.mbanking.push/.MbNextGenPhoneActivity: pid=5616 uid=10076 gids={50076, 9997, 3003, 1028, 1015} abi=armeabi-v7a
10-20 16:28:15.353: I/TiApplication(5616): (main) [0,0] checkpoint, app created.
10-20 16:28:15.411: I/TiApplication(5616): (main) [58,58] Titanium 3.4.0 (2014/09/25 16:42 b54c467)
10-20 16:28:15.484: I/DatabaseHelper(5616): No value in database for platform key: 'unique_machine_id' returning supplied default ''
10-20 16:28:15.487: I/DatabaseHelper(5616): No value in database for platform key: 'hardware_machine_id' returning supplied default ''
10-20 16:28:15.549: W/linker(5616): libtiverify.so has text relocations. This is wasting memory and prevents security hardening. Please fix.
10-20 16:28:15.550: W/linker(5616): libstlport_shared.so has text relocations. This is wasting memory and prevents security hardening. Please fix.
10-20 16:28:15.553: W/linker(5616): libkroll-v8.so has text relocations. This is wasting memory and prevents security hardening. Please fix.
10-20 16:28:15.555: I/TiApplication(5616): (main) [144,202] Titanium Javascript runtime: v8
10-20 16:28:15.595: I/TiRootActivity(5616): (main) [0,0] checkpoint, on root activity create, savedInstanceState: null
10-20 16:28:15.596: I/TiApplication(5616): (main) [1,1] Analytics have been disabled
10-20 16:28:15.672: W/V8Object(5616): (KrollRuntimeThread) [76,77] Runtime disposed, cannot set property 'userAgent'
10-20 16:28:15.709: W/linker(5616): libti.map.so has text relocations. This is wasting memory and prevents security hardening. Please fix.
10-20 16:28:15.733: D/Module(5616): Loading module: ui/handheld/ApplicationWindow -> Resources/ui/handheld/ApplicationWindow.js
10-20 16:28:15.738: D/Module(5616): Loading module: ui/common/FirstView -> Resources/ui/common/FirstView.js
10-20 16:28:15.766: I/TiRootActivity(5616): (main) [0,0] checkpoint, on root activity resume. activity = com.mfoundry.enterprise.mbanking.push.MbNextGenPhoneActivity@3a35053f
10-20 16:28:15.771: D/OpenGLRenderer(5616): Render dirty regions requested: true
10-20 16:28:15.776: D/Atlas(5616): Validating map...
10-20 16:28:15.784: I/ActivityManager(750): START u0 {cmp=com.mfoundry.enterprise.mbanking.push/org.appcelerator.titanium.TiActivity (has extras)} from uid 10076 on display 0
10-20 16:28:15.803: I/Adreno-EGL(5616): : QUALCOMM Build: 10/02/14, c40da3f, Ifda814c646
10-20 16:28:15.804: I/OpenGLRenderer(5616): Initialized EGL, version 1.4
10-20 16:28:15.819: D/OpenGLRenderer(5616): Enabling debug mode 0
10-20 16:28:15.922: D/Window(5616): Checkpoint: postWindowCreated()
10-20 16:28:15.946: E/GooglePlayServicesUtil(5616): The Google Play services resources were not found. Check your project configuration to ensure that the resources are included.
10-20 16:28:15.955: W/ResourcesManager(5616): Asset path '/system/framework/com.android.media.remotedisplay.jar' does not exist or contains no resources.
10-20 16:28:15.955: W/ResourcesManager(5616): Asset path '/system/framework/com.android.location.provider.jar' does not exist or contains no resources.
10-20 16:28:15.965: I/Google Maps Android API(5616): Google Play services client version: 4132500
10-20 16:28:15.971: I/Google Maps Android API(5616): Google Play services package version: 6172738
10-20 16:28:16.174: D/REQUEST(5616): Using server: https://clients4.google.com/glm/mmap/api
10-20 16:28:16.186: D/REQUEST(5616): Add Data Request: 75
10-20 16:28:16.192: D/REQUEST(5616): Add Data Request: 75
10-20 16:28:16.276: D/USER_EVENTS(5616): Event: type=78, status: MD, data: T
10-20 16:28:16.303: D/USER_EVENTS(5616): Event: type=113, status: mc, data:
10-20 16:28:16.310: D/REQUEST(5616): Add Data Request: 147
10-20 16:28:16.330: D/REQUEST(3060): Add Data Request: 132
10-20 16:28:16.333: D/REQUEST(3060): Connection opened to:https://clients4.google.com/glm/mmap/api
10-20 16:28:16.333: D/REQUEST(3060): Open Connection
10-20 16:28:16.399: D/USER_EVENTS(5616): Event: type=58, status: gl, data: |r=8|g=8|b=8|a=0|d=24|s=8|v=Qualcomm|i=OpenGL ES-CM 1.1|c=Adreno (TM) 330|e=t|
10-20 16:28:16.415: I/ActivityManager(750): Displayed com.mfoundry.enterprise.mbanking.push/org.appcelerator.titanium.TiActivity: +578ms (total +1s173ms)
10-20 16:28:16.542: D/REQUEST(3060): Processing DataRequest: com.google.maps.api.android.lib6.b.d@124d3474
10-20 16:28:16.542: D/REQUEST(3060): Processing DataRequest: com.google.maps.api.android.lib6.b.j@1692dd9d
10-20 16:28:16.543: D/REQUEST(3060): Processing DataRequest: com.google.maps.api.android.lib6.gmm6.c.a@207c6212
10-20 16:28:16.543: D/REQUEST(3060): DRD(1): 62|15|132, <1s, <1kb
10-20 16:28:16.543: D/REQUEST(3060): Close
10-20 16:28:16.554: D/REQUEST(5616): Add Data Request: 15
10-20 16:28:16.556: W/ActivityThread(5616): ClassLoader.loadClass: The class loader returned by Thread.getContextClassLoader() may fail for processes that host multiple applications. You should explicitly specify a context class loader. For example: Thread.setContextClassLoader(getClass().getClassLoader());
10-20 16:28:16.557: D/REQUEST(5616): Connection opened to:https://clients4.google.com/glm/mmap/api
10-20 16:28:16.558: D/REQUEST(5616): Open Connection
10-20 16:28:16.775: D/REQUEST(5616): Processing DataRequest: com.google.maps.api.android.lib6.b.d@571c339
10-20 16:28:16.785: D/REQUEST(5616): Processing DataRequest: com.google.maps.api.android.lib6.gmm6.d.h@3201ad7e
10-20 16:28:16.788: D/REQUEST(5616): Processing DataRequest: com.google.maps.api.android.lib6.gmm6.n.o@3b0772df
10-20 16:28:16.795: D/REQUEST(5616): Processing DataRequest: com.google.maps.api.android.lib6.c.au@3512830
10-20 16:28:16.796: D/USER_EVENTS(5616): Event: type=22, status: fb, data: 219
10-20 16:28:16.796: D/USER_EVENTS(5616): Event: type=22, status: lb, data: 241
10-20 16:28:16.797: D/USER_EVENTS(5616): Event: type=22, status: flbs, data: fb=219|lb=241|s=1110
10-20 16:28:16.797: D/REQUEST(5616): DRD(0): 62|75|75|147, <1s, 1kb
10-20 16:28:16.797: D/REQUEST(5616): Close
10-20 16:28:16.805: D/REQUEST(5616): Add Data Request: 7
10-20 16:28:16.818: D/REQUEST(5616): Add Data Request: 108
10-20 16:28:16.825: D/REQUEST(5616): Connection opened to:https://clients4.google.com/glm/mmap/api
10-20 16:28:16.825: D/REQUEST(5616): Open Connection
10-20 16:28:16.829: D/REQUEST(5616): DRD(1): 62|15|7|108
10-20 16:28:16.829: D/REQUEST(5616): Close
10-20 16:28:16.829: D/REQUEST(5616): Error processing: com.google.maps.api.android.lib6.b.d@1e40bd63 not retrying
10-20 16:28:16.830: D/REQUEST(5616): Retrying: com.google.maps.api.android.lib6.b.j@38d6fd60
10-20 16:28:16.830: D/REQUEST(5616): Retrying: com.google.maps.api.android.lib6.b.v@cfd5219
10-20 16:28:16.830: D/REQUEST(5616): Retrying: com.google.maps.api.android.lib6.gmm6.m.af@673f92
10-20 16:28:16.831: E/REQUEST(5616): ERROR
10-20 16:28:16.831: E/REQUEST(5616): java.lang.NullPointerException: Attempt to invoke virtual method 'boolean java.lang.String.startsWith(java.lang.String)' on a null object reference
10-20 16:28:16.831: E/REQUEST(5616): at com.android.okhttp.internal.http.StatusLine.(StatusLine.java:24)
10-20 16:28:16.831: E/REQUEST(5616): at com.android.okhttp.Response$Builder.statusLine(Response.java:419)
10-20 16:28:16.831: E/REQUEST(5616): at com.android.okhttp.internal.http.JavaApiConverter.createOkResponse(JavaApiConverter.java:116)
10-20 16:28:16.831: E/REQUEST(5616): at com.android.okhttp.internal.http.ResponseCacheAdapter.get(ResponseCacheAdapter.java:53)
10-20 16:28:16.831: E/REQUEST(5616): at com.android.okhttp.internal.http.HttpEngine.sendRequest(HttpEngine.java:190)
10-20 16:28:16.831: E/REQUEST(5616): at com.android.okhttp.internal.http.HttpURLConnectionImpl.execute(HttpURLConnectionImpl.java:373)
10-20 16:28:16.831: E/REQUEST(5616): at com.android.okhttp.internal.http.HttpURLConnectionImpl.connect(HttpURLConnectionImpl.java:106)
10-20 16:28:16.831: E/REQUEST(5616): at com.android.okhttp.internal.http.HttpURLConnectionImpl.getOutputStream(HttpURLConnectionImpl.java:208)
10-20 16:28:16.831: E/REQUEST(5616): at com.android.okhttp.internal.http.DelegatingHttpsURLConnection.getOutputStream(DelegatingHttpsURLConnection.java:218)
10-20 16:28:16.831: E/REQUEST(5616): at com.android.okhttp.internal.http.HttpsURLConnectionImpl.getOutputStream(HttpsURLConnectionImpl.java:25)
10-20 16:28:16.831: E/REQUEST(5616): at com.google.maps.api.android.lib6.b.l.run(Unknown Source)
10-20 16:28:16.831: E/REQUEST(5616): at java.lang.Thread.run(Thread.java:818)
10-20 16:28:17.067: D/REQUEST(5616): Connection opened to:https://clients4.google.com/glm/mmap/api
10-20 16:28:17.068: D/REQUEST(5616): Open Connection
10-20 16:28:17.069: D/REQUEST(5616): DRD(2): 62|15|7|108
10-20 16:28:17.069: D/REQUEST(5616): Close
10-20 16:28:17.070: D/REQUEST(5616): Error processing: com.google.maps.api.android.lib6.b.d@f35c2de not retrying
10-20 16:28:17.070: D/REQUEST(5616): Retrying: com.google.maps.api.android.lib6.b.j@38d6fd60
10-20 16:28:17.070: D/REQUEST(5616): Retrying: com.google.maps.api.android.lib6.b.v@cfd5219
10-20 16:28:17.070: D/REQUEST(5616): Retrying: com.google.maps.api.android.lib6.gmm6.m.af@673f92
10-20 16:28:17.070: E/REQUEST(5616): ERROR
10-20 16:28:17.070: E/REQUEST(5616): java.lang.NullPointerException: Attempt to invoke virtual method 'boolean java.lang.String.startsWith(java.lang.String)' on a null object reference
10-20 16:28:17.070: E/REQUEST(5616): at com.android.okhttp.internal.http.StatusLine.(StatusLine.java:24)
10-20 16:28:17.070: E/REQUEST(5616): at com.android.okhttp.Response$Builder.statusLine(Response.java:419)
10-20 16:28:17.070: E/REQUEST(5616): at com.android.okhttp.internal.http.JavaApiConverter.createOkResponse(JavaApiConverter.java:116)
10-20 16:28:17.070: E/REQUEST(5616): at com.android.okhttp.internal.http.ResponseCacheAdapter.get(ResponseCacheAdapter.java:53)
10-20 16:28:17.070: E/REQUEST(5616): at com.android.okhttp.internal.http.HttpEngine.sendRequest(HttpEngine.java:190)
10-20 16:28:17.070: E/REQUEST(5616): at com.android.okhttp.internal.http.HttpURLConnectionImpl.execute(HttpURLConnectionImpl.java:373)
10-20 16:28:17.070: E/REQUEST(5616): at com.android.okhttp.internal.http.HttpURLConnectionImpl.connect(HttpURLConnectionImpl.java:106)
10-20 16:28:17.070: E/REQUEST(5616): at com.android.okhttp.internal.http.HttpURLConnectionImpl.getOutputStream(HttpURLConnectionImpl.java:208)
10-20 16:28:17.070: E/REQUEST(5616): at com.android.okhttp.internal.http.DelegatingHttpsURLConnection.getOutputStream(DelegatingHttpsURLConnection.java:218)
10-20 16:28:17.070: E/REQUEST(5616): at com.android.okhttp.internal.http.HttpsURLConnectionImpl.getOutputStream(HttpsURLConnectionImpl.java:25)
10-20 16:28:17.070: E/REQUEST(5616): at com.google.maps.api.android.lib6.b.l.run(Unknown Source)
10-20 16:28:17.070: E/REQUEST(5616): at java.lang.Thread.run(Thread.java:818)
10-20 16:28:17.307: D/REQUEST(5616): Connection opened to:https://clients4.google.com/glm/mmap/api
10-20 16:28:17.307: D/REQUEST(5616): Open Connection
10-20 16:28:17.309: D/REQUEST(5616): DRD(3): 62|15|7|108
10-20 16:28:17.309: D/REQUEST(5616): Close
10-20 16:28:17.309: D/REQUEST(5616): Error processing: com.google.maps.api.android.lib6.b.d@30f7ccbf not retrying
10-20 16:28:17.310: D/REQUEST(5616): Retrying: com.google.maps.api.android.lib6.b.j@38d6fd60
10-20 16:28:17.310: D/REQUEST(5616): Retrying: com.google.maps.api.android.lib6.b.v@cfd5219
10-20 16:28:17.310: D/REQUEST(5616): Retrying: com.google.maps.api.android.lib6.gmm6.m.af@673f92
10-20 16:28:17.310: E/REQUEST(5616): ERROR
10-20 16:28:17.310: E/REQUEST(5616): java.lang.NullPointerException: Attempt to invoke virtual method 'boolean java.lang.String.startsWith(java.lang.String)' on a null object reference
10-20 16:28:17.310: E/REQUEST(5616): at com.android.okhttp.internal.http.StatusLine.(StatusLine.java:24)
10-20 16:28:17.310: E/REQUEST(5616): at com.android.okhttp.Response$Builder.statusLine(Response.java:419)
10-20 16:28:17.310: E/REQUEST(5616): at com.android.okhttp.internal.http.JavaApiConverter.createOkResponse(JavaApiConverter.java:116)
10-20 16:28:17.310: E/REQUEST(5616): at com.android.okhttp.internal.http.ResponseCacheAdapter.get(ResponseCacheAdapter.java:53)
10-20 16:28:17.310: E/REQUEST(5616): at com.android.okhttp.internal.http.HttpEngine.sendRequest(HttpEngine.java:190)
10-20 16:28:17.310: E/REQUEST(5616): at com.android.okhttp.internal.http.HttpURLConnectionImpl.execute(HttpURLConnectionImpl.java:373)
10-20 16:28:17.310: E/REQUEST(5616): at com.android.okhttp.internal.http.HttpURLConnectionImpl.connect(HttpURLConnectionImpl.java:106)
10-20 16:28:17.310: E/REQUEST(5616): at com.android.okhttp.internal.http.HttpURLConnectionImpl.getOutputStream(HttpURLConnectionImpl.java:208)
10-20 16:28:17.310: E/REQUEST(5616): at com.android.okhttp.internal.http.DelegatingHttpsURLConnection.getOutputStream(DelegatingHttpsURLConnection.java:218)
10-20 16:28:17.310: E/REQUEST(5616): at com.android.okhttp.internal.http.HttpsURLConnectionImpl.getOutputStream(HttpsURLConnectionImpl.java:25)
10-20 16:28:17.310: E/REQUEST(5616): at com.google.maps.api.android.lib6.b.l.run(Unknown Source)
10-20 16:28:17.310: E/REQUEST(5616): at java.lang.Thread.run(Thread.java:818)
10-20 16:28:17.547: D/REQUEST(5616): Connection opened to:https://clients4.google.com/glm/mmap/api
10-20 16:28:17.548: D/REQUEST(5616): Open Connection
10-20 16:28:17.551: D/REQUEST(5616): DRD(4): 62|15|7|108
10-20 16:28:17.551: D/REQUEST(5616): Close
10-20 16:28:17.551: D/REQUEST(5616): Error processing: com.google.maps.api.android.lib6.b.d@349e8f8c not retrying
10-20 16:28:17.553: D/REQUEST(5616): Retrying: com.google.maps.api.android.lib6.b.j@38d6fd60
10-20 16:28:17.554: D/REQUEST(5616): Retrying: com.google.maps.api.android.lib6.b.v@cfd5219
10-20 16:28:17.554: D/REQUEST(5616): Retrying: com.google.maps.api.android.lib6.gmm6.m.af@673f92
10-20 16:28:17.554: E/REQUEST(5616): ERROR
10-20 16:28:17.554: E/REQUEST(5616): java.lang.NullPointerException: Attempt to invoke virtual method 'boolean java.lang.String.startsWith(java.lang.String)' on a null object reference
10-20 16:28:17.554: E/REQUEST(5616): at com.android.okhttp.internal.http.StatusLine.(StatusLine.java:24)
10-20 16:28:17.554: E/REQUEST(5616): at com.android.okhttp.Response$Builder.statusLine(Response.java:419)
10-20 16:28:17.554: E/REQUEST(5616): at com.android.okhttp.internal.http.JavaApiConverter.createOkResponse(JavaApiConverter.java:116)
10-20 16:28:17.554: E/REQUEST(5616): at com.android.okhttp.internal.http.ResponseCacheAdapter.get(ResponseCacheAdapter.java:53)
10-20 16:28:17.554: E/REQUEST(5616): at com.android.okhttp.internal.http.HttpEngine.sendRequest(HttpEngine.java:190)
10-20 16:28:17.554: E/REQUEST(5616): at com.android.okhttp.internal.http.HttpURLConnectionImpl.execute(HttpURLConnectionImpl.java:373)
10-20 16:28:17.554: E/REQUEST(5616): at com.android.okhttp.internal.http.HttpURLConnectionImpl.connect(HttpURLConnectionImpl.java:106)
10-20 16:28:17.554: E/REQUEST(5616): at com.android.okhttp.internal.http.HttpURLConnectionImpl.getOutputStream(HttpURLConnectionImpl.java:208)
10-20 16:28:17.554: E/REQUEST(5616): at com.android.okhttp.internal.http.DelegatingHttpsURLConnection.getOutputStream(DelegatingHttpsURLConnection.java:218)
10-20 16:28:17.554: E/REQUEST(5616): at com.android.okhttp.internal.http.HttpsURLConnectionImpl.getOutputStream(HttpsURLConnectionImpl.java:25)
10-20 16:28:17.554: E/REQUEST(5616): at com.google.maps.api.android.lib6.b.l.run(Unknown Source)
10-20 16:28:17.554: E/REQUEST(5616): at java.lang.Thread.run(Thread.java:818)
10-20 16:28:17.790: D/REQUEST(5616): Connection opened to:https://clients4.google.com/glm/mmap/api
10-20 16:28:17.790: D/REQUEST(5616): Open Connection
10-20 16:28:17.792: D/REQUEST(5616): DRD(5): 62|15|7|108
10-20 16:28:17.792: D/REQUEST(5616): Close
10-20 16:28:17.792: D/REQUEST(5616): Error processing: com.google.maps.api.android.lib6.b.d@987f6d5 not retrying
10-20 16:28:17.792: D/REQUEST(5616): Retrying: com.google.maps.api.android.lib6.b.j@38d6fd60
10-20 16:28:17.792: D/REQUEST(5616): Retrying: com.google.maps.api.android.lib6.b.v@cfd5219
10-20 16:28:17.792: D/REQUEST(5616): Retrying: com.google.maps.api.android.lib6.gmm6.m.af@673f92
10-20 16:28:17.793: E/REQUEST(5616): ERROR
10-20 16:28:17.793: E/REQUEST(5616): java.lang.NullPointerException: Attempt to invoke virtual method 'boolean java.lang.String.startsWith(java.lang.String)' on a null object reference
10-20 16:28:17.793: E/REQUEST(5616): at com.android.okhttp.internal.http.StatusLine.(StatusLine.java:24)
10-20 16:28:17.793: E/REQUEST(5616): at com.android.okhttp.Response$Builder.statusLine(Response.java:419)
10-20 16:28:17.793: E/REQUEST(5616): at com.android.okhttp.internal.http.JavaApiConverter.createOkResponse(JavaApiConverter.java:116)
10-20 16:28:17.793: E/REQUEST(5616): at com.android.okhttp.internal.http.ResponseCacheAdapter.get(ResponseCacheAdapter.java:53)
10-20 16:28:17.793: E/REQUEST(5616): at com.android.okhttp.internal.http.HttpEngine.sendRequest(HttpEngine.java:190)
10-20 16:28:17.793: E/REQUEST(5616): at com.android.okhttp.internal.http.HttpURLConnectionImpl.execute(HttpURLConnectionImpl.java:373)
10-20 16:28:17.793: E/REQUEST(5616): at com.android.okhttp.internal.http.HttpURLConnectionImpl.connect(HttpURLConnectionImpl.java:106)
10-20 16:28:17.793: E/REQUEST(5616): at com.android.okhttp.internal.http.HttpURLConnectionImpl.getOutputStream(HttpURLConnectionImpl.java:208)
10-20 16:28:17.793: E/REQUEST(5616): at com.android.okhttp.internal.http.DelegatingHttpsURLConnection.getOutputStream(DelegatingHttpsURLConnection.java:218)
10-20 16:28:17.793: E/REQUEST(5616): at com.android.okhttp.internal.http.HttpsURLConnectionImpl.getOutputStream(HttpsURLConnectionImpl.java:25)
10-20 16:28:17.793: E/REQUEST(5616): at com.google.maps.api.android.lib6.b.l.run(Unknown Source)
10-20 16:28:17.793: E/REQUEST(5616): at java.lang.Thread.run(Thread.java:818)
10-20 16:28:18.009: D/REQUEST(5616): Connection opened to:https://clients4.google.com/glm/mmap/api
10-20 16:28:18.009: D/REQUEST(5616): Open Connection
10-20 16:28:18.011: D/REQUEST(5616): DRD(6): 62|15|7|108
10-20 16:28:18.011: D/REQUEST(5616): Close
10-20 16:28:18.011: D/REQUEST(5616): Error processing: com.google.maps.api.android.lib6.b.d@39d72eea not retrying
10-20 16:28:18.012: D/REQUEST(5616): Retrying: com.google.maps.api.android.lib6.b.j@38d6fd60
10-20 16:28:18.012: D/REQUEST(5616): Retrying: com.google.maps.api.android.lib6.b.v@cfd5219
10-20 16:28:18.012: D/REQUEST(5616): Retrying: com.google.maps.api.android.lib6.gmm6.m.af@673f92
10-20 16:28:18.013: E/REQUEST(5616): ERROR
10-20 16:28:18.013: E/REQUEST(5616): java.lang.NullPointerException: Attempt to invoke virtual method 'boolean java.lang.String.startsWith(java.lang.String)' on a null object reference
10-20 16:28:18.013: E/REQUEST(5616): at com.android.okhttp.internal.http.StatusLine.(StatusLine.java:24)
10-20 16:28:18.013: E/REQUEST(5616): at com.android.okhttp.Response$Builder.statusLine(Response.java:419)
10-20 16:28:18.013: E/REQUEST(5616): at com.android.okhttp.internal.http.JavaApiConverter.createOkResponse(JavaApiConverter.java:116)
10-20 16:28:18.013: E/REQUEST(5616): at com.android.okhttp.internal.http.ResponseCacheAdapter.get(ResponseCacheAdapter.java:53)
10-20 16:28:18.013: E/REQUEST(5616): at com.android.okhttp.internal.http.HttpEngine.sendRequest(HttpEngine.java:190)
10-20 16:28:18.013: E/REQUEST(5616): at com.android.okhttp.internal.http.HttpURLConnectionImpl.execute(HttpURLConnectionImpl.java:373)
10-20 16:28:18.013: E/REQUEST(5616): at com.android.okhttp.internal.http.HttpURLConnectionImpl.connect(HttpURLConnectionImpl.java:106)
10-20 16:28:18.013: E/REQUEST(5616): at com.android.okhttp.internal.http.HttpURLConnectionImpl.getOutputStream(HttpURLConnectionImpl.java:208)
10-20 16:28:18.013: E/REQUEST(5616): at com.android.okhttp.internal.http.DelegatingHttpsURLConnection.getOutputStream(DelegatingHttpsURLConnection.java:218)
10-20 16:28:18.013: E/REQUEST(5616): at com.android.okhttp.internal.http.HttpsURLConnectionImpl.getOutputStream(HttpsURLConnectionImpl.java:25)
10-20 16:28:18.013: E/REQUEST(5616): at com.google.maps.api.android.lib6.b.l.run(Unknown Source)
10-20 16:28:18.013: E/REQUEST(5616): at java.lang.Thread.run(Thread.java:818)
10-20 16:28:18.235: D/REQUEST(5616): Connection opened to:https://clients4.google.com/glm/mmap/api
10-20 16:28:18.235: D/REQUEST(5616): Open Connection
10-20 16:28:18.242: D/REQUEST(5616): DRD(7): 62|15|7|108
10-20 16:28:18.242: D/REQUEST(5616): Close
10-20 16:28:18.242: D/REQUEST(5616): Error processing: com.google.maps.api.android.lib6.b.d@23e675db not retrying
10-20 16:28:18.243: D/REQUEST(5616): Retrying: com.google.maps.api.android.lib6.b.j@38d6fd60
10-20 16:28:18.243: D/REQUEST(5616): Retrying: com.google.maps.api.android.lib6.b.v@cfd5219
10-20 16:28:18.243: D/REQUEST(5616): Retrying: com.google.maps.api.android.lib6.gmm6.m.af@673f92
10-20 16:28:18.244: E/REQUEST(5616): ERROR
10-20 16:28:18.244: E/REQUEST(5616): java.lang.NullPointerException: Attempt to invoke virtual method 'boolean java.lang.String.startsWith(java.lang.String)' on a null object reference
10-20 16:28:18.244: E/REQUEST(5616): at com.android.okhttp.internal.http.StatusLine.(StatusLine.java:24)
10-20 16:28:18.244: E/REQUEST(5616): at com.android.okhttp.Response$Builder.statusLine(Response.java:419)
10-20 16:28:18.244: E/REQUEST(5616): at com.android.okhttp.internal.http.JavaApiConverter.createOkResponse(JavaApiConverter.java:116)
10-20 16:28:18.244: E/REQUEST(5616): at com.android.okhttp.internal.http.ResponseCacheAdapter.get(ResponseCacheAdapter.java:53)
10-20 16:28:18.244: E/REQUEST(5616): at com.android.okhttp.internal.http.HttpEngine.sendRequest(HttpEngine.java:190)
10-20 16:28:18.244: E/REQUEST(5616): at com.android.okhttp.internal.http.HttpURLConnectionImpl.execute(HttpURLConnectionImpl.java:373)
10-20 16:28:18.244: E/REQUEST(5616): at com.android.okhttp.internal.http.HttpURLConnectionImpl.connect(HttpURLConnectionImpl.java:106)
10-20 16:28:18.244: E/REQUEST(5616): at com.android.okhttp.internal.http.HttpURLConnectionImpl.getOutputStream(HttpURLConnectionImpl.java:208)
10-20 16:28:18.244: E/REQUEST(5616): at com.android.okhttp.internal.http.DelegatingHttpsURLConnection.getOutputStream(DelegatingHttpsURLConnection.java:218)
10-20 16:28:18.244: E/REQUEST(5616): at com.android.okhttp.internal.http.HttpsURLConnectionImpl.getOutputStream(HttpsURLConnectionImpl.java:25)
10-20 16:28:18.244: E/REQUEST(5616): at com.google.maps.api.android.lib6.b.l.run(Unknown Source)
10-20 16:28:18.244: E/REQUEST(5616): at java.lang.Thread.run(Thread.java:818)
10-20 16:28:18.339: D/ConnectivityService(750): updateNetworkScore for NetworkAgentInfo [WIFI () - 100] to 60
10-20 16:28:18.339: D/ConnectivityService(750): rematching NetworkAgentInfo [WIFI () - 100]
10-20 16:28:18.339: D/ConnectivityService(750): Network NetworkAgentInfo [WIFI () - 100] was already satisfying request 1. No change.
10-20 16:28:18.339: D/ConnectivityService(750): notifyType AVAILABLE for NetworkAgentInfo [WIFI () - 100]
10-20 16:28:18.346: D/ConnectivityManager.CallbackHandler(1186): CM callback handler got msg 524290
10-20 16:28:18.417: D/audio_hw_primary(185): disable_audio_route: reset and update mixer path: low-latency-playback
10-20 16:28:18.417: D/audio_hw_primary(185): disable_snd_device: snd_device(2: speaker)
10-20 16:28:18.459: D/REQUEST(5616): Connection opened to:https://clients4.google.com/glm/mmap/api
10-20 16:28:18.459: D/REQUEST(5616): Open Connection
10-20 16:28:18.469: D/REQUEST(5616): DRD(8): 62|15|7|108
10-20 16:28:18.470: D/REQUEST(5616): Close
10-20 16:28:18.470: D/REQUEST(5616): Error processing: com.google.maps.api.android.lib6.b.d@36b1878 not retrying
10-20 16:28:18.475: D/REQUEST(5616): Retrying: com.google.maps.api.android.lib6.b.j@38d6fd60
10-20 16:28:18.475: D/REQUEST(5616): Retrying: com.google.maps.api.android.lib6.b.v@cfd5219
10-20 16:28:18.476: D/REQUEST(5616): Retrying: com.google.maps.api.android.lib6.gmm6.m.af@673f92
10-20 16:28:18.476: E/REQUEST(5616): ERROR
10-20 16:28:18.476: E/REQUEST(5616): java.lang.NullPointerException: Attempt to invoke virtual method 'boolean java.lang.String.startsWith(java.lang.String)' on a null object reference
10-20 16:28:18.476: E/REQUEST(5616): at com.android.okhttp.internal.http.StatusLine.(StatusLine.java:24)
10-20 16:28:18.476: E/REQUEST(5616): at com.android.okhttp.Response$Builder.statusLine(Response.java:419)
10-20 16:28:18.476: E/REQUEST(5616): at com.android.okhttp.internal.http.JavaApiConverter.createOkResponse(JavaApiConverter.java:116)
10-20 16:28:18.476: E/REQUEST(5616): at com.android.okhttp.internal.http.ResponseCacheAdapter.get(ResponseCacheAdapter.java:53)
10-20 16:28:18.476: E/REQUEST(5616): at com.android.okhttp.internal.http.HttpEngine.sendRequest(HttpEngine.java:190)
10-20 16:28:18.476: E/REQUEST(5616): at com.android.okhttp.internal.http.HttpURLConnectionImpl.execute(HttpURLConnectionImpl.java:373)
10-20 16:28:18.476: E/REQUEST(5616): at com.android.okhttp.internal.http.HttpURLConnectionImpl.connect(HttpURLConnectionImpl.java:106)
10-20 16:28:18.476: E/REQUEST(5616): at com.android.okhttp.internal.http.HttpURLConnectionImpl.getOutputStream(HttpURLConnectionImpl.java:208)
10-20 16:28:18.476: E/REQUEST(5616): at com.android.okhttp.internal.http.DelegatingHttpsURLConnection.getOutputStream(DelegatingHttpsURLConnection.java:218)
10-20 16:28:18.476: E/REQUEST(5616): at com.android.okhttp.internal.http.HttpsURLConnectionImpl.getOutputStream(HttpsURLConnectionImpl.java:25)
10-20 16:28:18.476: E/REQUEST(5616): at com.google.maps.api.android.lib6.b.l.run(Unknown Source)
10-20 16:28:18.476: E/REQUEST(5616): at java.lang.Thread.run(Thread.java:818)
10-20 16:28:18.685: D/REQUEST(5616): Connection opened to:https://clients4.google.com/glm/mmap/api
10-20 16:28:18.685: D/REQUEST(5616): Open Connection
10-20 16:28:18.688: D/REQUEST(5616): DRD(9): 62|15|7|108
10-20 16:28:18.688: D/REQUEST(5616): Close
10-20 16:28:18.688: D/REQUEST(5616): Error processing: com.google.maps.api.android.lib6.b.d@3ade2b51 not retrying
10-20 16:28:18.690: D/REQUEST(5616): Retrying: com.google.maps.api.android.lib6.b.j@38d6fd60
10-20 16:28:18.690: D/REQUEST(5616): Retrying: com.google.maps.api.android.lib6.b.v@cfd5219
10-20 16:28:18.690: D/REQUEST(5616): Retrying: com.google.maps.api.android.lib6.gmm6.m.af@673f92
10-20 16:28:18.693: E/REQUEST(5616): ERROR
10-20 16:28:18.693: E/REQUEST(5616): java.lang.NullPointerException: Attempt to invoke virtual method 'boolean java.lang.String.startsWith(java.lang.String)' on a null object reference
10-20 16:28:18.693: E/REQUEST(5616): at com.android.okhttp.internal.http.StatusLine.(StatusLine.java:24)
10-20 16:28:18.693: E/REQUEST(5616): at com.android.okhttp.Response$Builder.statusLine(Response.java:419)
10-20 16:28:18.693: E/REQUEST(5616): at com.android.okhttp.internal.http.JavaApiConverter.createOkResponse(JavaApiConverter.java:116)
10-20 16:28:18.693: E/REQUEST(5616): at com.android.okhttp.internal.http.ResponseCacheAdapter.get(ResponseCacheAdapter.java:53)
10-20 16:28:18.693: E/REQUEST(5616): at com.android.okhttp.internal.http.HttpEngine.sendRequest(HttpEngine.java:190)
10-20 16:28:18.693: E/REQUEST(5616): at com.android.okhttp.internal.http.HttpURLConnectionImpl.execute(HttpURLConnectionImpl.java:373)
10-20 16:28:18.693: E/REQUEST(5616): at com.android.okhttp.internal.http.HttpURLConnectionImpl.connect(HttpURLConnectionImpl.java:106)
10-20 16:28:18.693: E/REQUEST(5616): at com.android.okhttp.internal.http.HttpURLConnectionImpl.getOutputStream(HttpURLConnectionImpl.java:208)
10-20 16:28:18.693: E/REQUEST(5616): at com.android.okhttp.internal.http.DelegatingHttpsURLConnection.getOutputStream(DelegatingHttpsURLConnection.java:218)
10-20 16:28:18.693: E/REQUEST(5616): at com.android.okhttp.internal.http.HttpsURLConnectionImpl.getOutputStream(HttpsURLConnectionImpl.java:25)
10-20 16:28:18.693: E/REQUEST(5616): at com.google.maps.api.android.lib6.b.l.run(Unknown Source)
10-20 16:28:18.693: E/REQUEST(5616): at java.lang.Thread.run(Thread.java:818)
10-20 16:28:18.899: D/REQUEST(5616): Connection opened to:https://clients4.google.com/glm/mmap/api
10-20 16:28:18.899: D/REQUEST(5616): Open Connection
10-20 16:28:18.921: D/REQUEST(5616): DRD(10): 62|15|7|108
10-20 16:28:18.921: D/REQUEST(5616): Close
10-20 16:28:18.921: D/REQUEST(5616): Error processing: com.google.maps.api.android.lib6.b.d@13714fb6 not retrying
10-20 16:28:18.938: D/REQUEST(5616): Retrying: com.google.maps.api.android.lib6.b.j@38d6fd60
10-20 16:28:18.939: D/REQUEST(5616): Retrying: com.google.maps.api.android.lib6.b.v@cfd5219
10-20 16:28:18.939: D/REQUEST(5616): Retrying: com.google.maps.api.android.lib6.gmm6.m.af@673f92
10-20 16:28:18.940: E/REQUEST(5616): ERROR
10-20 16:28:18.940: E/REQUEST(5616): java.lang.NullPointerException: Attempt to invoke virtual method 'boolean java.lang.String.startsWith(java.lang.String)' on a null object reference
10-20 16:28:18.940: E/REQUEST(5616): at com.android.okhttp.internal.http.StatusLine.(StatusLine.java:24)
10-20 16:28:18.940: E/REQUEST(5616): at com.android.okhttp.Response$Builder.statusLine(Response.java:419)
10-20 16:28:18.940: E/REQUEST(5616): at com.android.okhttp.internal.http.JavaApiConverter.createOkResponse(JavaApiConverter.java:116)
10-20 16:28:18.940: E/REQUEST(5616): at com.android.okhttp.internal.http.ResponseCacheAdapter.get(ResponseCacheAdapter.java:53)
10-20 16:28:18.940: E/REQUEST(5616): at com.android.okhttp.internal.http.HttpEngine.sendRequest(HttpEngine.java:190)
10-20 16:28:18.940: E/REQUEST(5616): at com.android.okhttp.internal.http.HttpURLConnectionImpl.execute(HttpURLConnectionImpl.java:373)
10-20 16:28:18.940: E/REQUEST(5616): at com.android.okhttp.internal.http.HttpURLConnectionImpl.connect(HttpURLConnectionImpl.java:106)
10-20 16:28:18.940: E/REQUEST(5616): at com.android.okhttp.internal.http.HttpURLConnectionImpl.getOutputStream(HttpURLConnectionImpl.java:208)
10-20 16:28:18.940: E/REQUEST(5616): at com.android.okhttp.internal.http.DelegatingHttpsURLConnection.getOutputStream(DelegatingHttpsURLConnection.java:218)
10-20 16:28:18.940: E/REQUEST(5616): at com.android.okhttp.internal.http.HttpsURLConnectionImpl.getOutputStream(HttpsURLConnectionImpl.java:25)
10-20 16:28:18.940: E/REQUEST(5616): at com.google.maps.api.android.lib6.b.l.run(Unknown Source)
10-20 16:28:18.940: E/REQUEST(5616): at java.lang.Thread.run(Thread.java:818)
10-20 16:28:19.157: D/REQUEST(5616): Connection opened to:https://clients4.google.com/glm/mmap/api
10-20 16:28:19.157: D/REQUEST(5616): Open Connection
10-20 16:28:19.160: D/REQUEST(5616): DRD(11): 62|15|7|108
10-20 16:28:19.160: D/REQUEST(5616): Close
10-20 16:28:19.160: D/REQUEST(5616): Error processing: com.google.maps.api.android.lib6.b.d@2a4c94b7 not retrying
10-20 16:28:19.162: D/REQUEST(5616): Retrying: com.google.maps.api.android.lib6.b.j@38d6fd60
10-20 16:28:19.162: D/REQUEST(5616): Retrying: com.google.maps.api.android.lib6.b.v@cfd5219
10-20 16:28:19.162: D/REQUEST(5616): Retrying: com.google.maps.api.android.lib6.gmm6.m.af@673f92
10-20 16:28:19.171: E/REQUEST(5616): ERROR
10-20 16:28:19.171: E/REQUEST(5616): java.lang.NullPointerException: Attempt to invoke virtual method 'boolean java.lang.String.startsWith(java.lang.String)' on a null object reference
10-20 16:28:19.171: E/REQUEST(5616): at com.android.okhttp.internal.http.StatusLine.(StatusLine.java:24)
10-20 16:28:19.171: E/REQUEST(5616): at com.android.okhttp.Response$Builder.statusLine(Response.java:419)
10-20 16:28:19.171: E/REQUEST(5616): at com.android.okhttp.internal.http.JavaApiConverter.createOkResponse(JavaApiConverter.java:116)
10-20 16:28:19.171: E/REQUEST(5616): at com.android.okhttp.internal.http.ResponseCacheAdapter.get(ResponseCacheAdapter.java:53)
10-20 16:28:19.171: E/REQUEST(5616): at com.android.okhttp.internal.http.HttpEngine.sendRequest(HttpEngine.java:190)
10-20 16:28:19.171: E/REQUEST(5616): at com.android.okhttp.internal.http.HttpURLConnectionImpl.execute(HttpURLConnectionImpl.java:373)
10-20 16:28:19.171: E/REQUEST(5616): at com.android.okhttp.internal.http.HttpURLConnectionImpl.connect(HttpURLConnectionImpl.java:106)
10-20 16:28:19.171: E/REQUEST(5616): at com.android.okhttp.internal.http.HttpURLConnectionImpl.getOutputStream(HttpURLConnectionImpl.java:208)
10-20 16:28:19.171: E/REQUEST(5616): at com.android.okhttp.internal.http.DelegatingHttpsURLConnection.getOutputStream(DelegatingHttpsURLConnection.java:218)
10-20 16:28:19.171: E/REQUEST(5616): at com.android.okhttp.internal.http.HttpsURLConnectionImpl.getOutputStream(HttpsURLConnectionImpl.java:25)
10-20 16:28:19.171: E/REQUEST(5616): at com.google.maps.api.android.lib6.b.l.run(Unknown Source)
10-20 16:28:19.171: E/REQUEST(5616): at java.lang.Thread.run(Thread.java:818)
10-20 16:28:19.381: D/REQUEST(5616): Connection opened to:https://clients4.google.com/glm/mmap/api
10-20 16:28:19.381: D/REQUEST(5616): Open Connection
10-20 16:28:19.403: D/REQUEST(5616): DRD(12): 62|15|7|108
10-20 16:28:19.403: D/REQUEST(5616): Close
10-20 16:28:19.404: D/REQUEST(5616): Error processing: com.google.maps.api.android.lib6.b.d@14754424 not retrying
10-20 16:28:19.421: D/REQUEST(5616): Retrying: com.google.maps.api.android.lib6.b.j@38d6fd60
10-20 16:28:19.421: D/REQUEST(5616): Retrying: com.google.maps.api.android.lib6.b.v@cfd5219
10-20 16:28:19.421: D/REQUEST(5616): Retrying: com.google.maps.api.android.lib6.gmm6.m.af@673f92
10-20 16:28:19.423: E/REQUEST(5616): ERROR
10-20 16:28:19.423: E/REQUEST(5616): java.lang.NullPointerException: Attempt to invoke virtual method 'boolean java.lang.String.startsWith(java.lang.String)' on a null object reference
10-20 16:28:19.423: E/REQUEST(5616): at com.android.okhttp.internal.http.StatusLine.(StatusLine.java:24)
10-20 16:28:19.423: E/REQUEST(5616): at com.android.okhttp.Response$Builder.statusLine(Response.java:419)
10-20 16:28:19.423: E/REQUEST(5616): at com.android.okhttp.internal.http.JavaApiConverter.createOkResponse(JavaApiConverter.java:116)
10-20 16:28:19.423: E/REQUEST(5616): at com.android.okhttp.internal.http.ResponseCacheAdapter.get(ResponseCacheAdapter.java:53)
10-20 16:28:19.423: E/REQUEST(5616): at com.android.okhttp.internal.http.HttpEngine.sendRequest(HttpEngine.java:190)
10-20 16:28:19.423: E/REQUEST(5616): at com.android.okhttp.internal.http.HttpURLConnectionImpl.execute(HttpURLConnectionImpl.java:373)
10-20 16:28:19.423: E/REQUEST(5616): at com.android.okhttp.internal.http.HttpURLConnectionImpl.connect(HttpURLConnectionImpl.java:106)
10-20 16:28:19.423: E/REQUEST(5616): at com.android.okhttp.internal.http.HttpURLConnectionImpl.getOutputStream(HttpURLConnectionImpl.java:208)
10-20 16:28:19.423: E/REQUEST(5616): at com.android.okhttp.internal.http.DelegatingHttpsURLConnection.getOutputStream(DelegatingHttpsURLConnection.java:218)
10-20 16:28:19.423: E/REQUEST(5616): at com.android.okhttp.internal.http.HttpsURLConnectionImpl.getOutputStream(HttpsURLConnectionImpl.java:25)
10-20 16:28:19.423: E/REQUEST(5616): at com.google.maps.api.android.lib6.b.l.run(Unknown Source)
10-20 16:28:19.423: E/REQUEST(5616): at java.lang.Thread.run(Thread.java:818)
10-20 16:28:19.631: D/REQUEST(5616): Connection opened to:https://clients4.google.com/glm/mmap/api
10-20 16:28:19.631: D/REQUEST(5616): Open Connection
10-20 16:28:19.656: D/REQUEST(5616): DRD(13): 62|15|7|108
10-20 16:28:19.656: D/REQUEST(5616): Close
10-20 16:28:19.656: D/REQUEST(5616): Error processing: com.google.maps.api.android.lib6.b.d@8892b8d not retrying
10-20 16:28:19.674: D/REQUEST(5616): Retrying: com.google.maps.api.android.lib6.b.j@38d6fd60
10-20 16:28:19.674: D/REQUEST(5616): Retrying: com.google.maps.api.android.lib6.b.v@cfd5219
10-20 16:28:19.674: D/REQUEST(5616): Retrying: com.google.maps.api.android.lib6.gmm6.m.af@673f92
10-20 16:28:19.676: E/REQUEST(5616): ERROR
10-20 16:28:19.676: E/REQUEST(5616): java.lang.NullPointerException: Attempt to invoke virtual method 'boolean java.lang.String.startsWith(java.lang.String)' on a null object reference
10-20 16:28:19.676: E/REQUEST(5616): at com.android.okhttp.internal.http.StatusLine.(StatusLine.java:24)
10-20 16:28:19.676: E/REQUEST(5616): at com.android.okhttp.Response$Builder.statusLine(Response.java:419)
10-20 16:28:19.676: E/REQUEST(5616): at com.android.okhttp.internal.http.JavaApiConverter.createOkResponse(JavaApiConverter.java:116)
10-20 16:28:19.676: E/REQUEST(5616): at com.android.okhttp.internal.http.ResponseCacheAdapter.get(ResponseCacheAdapter.java:53)
10-20 16:28:19.676: E/REQUEST(5616): at com.android.okhttp.internal.http.HttpEngine.sendRequest(HttpEngine.java:190)
10-20 16:28:19.676: E/REQUEST(5616): at com.android.okhttp.internal.http.HttpURLConnectionImpl.execute(HttpURLConnectionImpl.java:373)
10-20 16:28:19.676: E/REQUEST(5616): at com.android.okhttp.internal.http.HttpURLConnectionImpl.connect(HttpURLConnectionImpl.java:106)
10-20 16:28:19.676: E/REQUEST(5616): at com.android.okhttp.internal.http.HttpURLConnectionImpl.getOutputStream(HttpURLConnectionImpl.java:208)
10-20 16:28:19.676: E/REQUEST(5616): at com.android.okhttp.internal.http.DelegatingHttpsURLConnection.getOutputStream(DelegatingHttpsURLConnection.java:218)
10-20 16:28:19.676: E/REQUEST(5616): at com.android.okhttp.internal.http.HttpsURLConnectionImpl.getOutputStream(HttpsURLConnectionImpl.java:25)
10-20 16:28:19.676: E/REQUEST(5616): at com.google.maps.api.android.lib6.b.l.run(Unknown Source)
10-20 16:28:19.676: E/REQUEST(5616): at java.lang.Thread.run(Thread.java:818)
10-20 16:28:19.884: D/REQUEST(5616): Connection opened to:https://clients4.google.com/glm/mmap/api
10-20 16:28:19.884: D/REQUEST(5616): Open Connection
10-20 16:28:19.888: D/REQUEST(5616): DRD(14): 62|15|7|108
10-20 16:28:19.888: D/REQUEST(5616): Close
10-20 16:28:19.888: D/REQUEST(5616): Error processing: com.google.maps.api.android.lib6.b.d@29bab142 not retrying
10-20 16:28:19.890: D/REQUEST(5616): Retrying: com.google.maps.api.android.lib6.b.j@38d6fd60
10-20 16:28:19.890: D/REQUEST(5616): Retrying: com.google.maps.api.android.lib6.b.v@cfd5219
10-20 16:28:19.890: D/REQUEST(5616): Retrying: com.google.maps.api.android.lib6.gmm6.m.af@673f92
10-20 16:28:19.893: E/REQUEST(5616): ERROR
10-20 16:28:19.893: E/REQUEST(5616): java.lang.NullPointerException: Attempt to invoke virtual method 'boolean java.lang.String.startsWith(java.lang.String)' on a null object reference
10-20 16:28:19.893: E/REQUEST(5616): at com.android.okhttp.internal.http.StatusLine.(StatusLine.java:24)
10-20 16:28:19.893: E/REQUEST(5616): at com.android.okhttp.Response$Builder.statusLine(Response.java:419)
10-20 16:28:19.893: E/REQUEST(5616): at com.android.okhttp.internal.http.JavaApiConverter.createOkResponse(JavaApiConverter.java:116)
10-20 16:28:19.893: E/REQUEST(5616): at com.android.okhttp.internal.http.ResponseCacheAdapter.get(ResponseCacheAdapter.java:53)
10-20 16:28:19.893: E/REQUEST(5616): at com.android.okhttp.internal.http.HttpEngine.sendRequest(HttpEngine.java:190)
10-20 16:28:19.893: E/REQUEST(5616): at com.android.okhttp.internal.http.HttpURLConnectionImpl.execute(HttpURLConnectionImpl.java:373)
10-20 16:28:19.893: E/REQUEST(5616): at com.android.okhttp.internal.http.HttpURLConnectionImpl.connect(HttpURLConnectionImpl.java:106)
10-20 16:28:19.893: E/REQUEST(5616): at com.android.okhttp.internal.http.HttpURLConnectionImpl.getOutputStream(HttpURLConnectionImpl.java:208)
10-20 16:28:19.893: E/REQUEST(5616): at com.android.okhttp.internal.http.DelegatingHttpsURLConnection.getOutputStream(DelegatingHttpsURLConnection.java:218)
10-20 16:28:19.893: E/REQUEST(5616): at com.android.okhttp.internal.http.HttpsURLConnectionImpl.getOutputStream(HttpsURLConnectionImpl.java:25)
10-20 16:28:19.893: E/REQUEST(5616): at com.google.maps.api.android.lib6.b.l.run(Unknown Source)
10-20 16:28:19.893: E/REQUEST(5616): at java.lang.Thread.run(Thread.java:818)
10-20 16:28:20.106: D/REQUEST(5616): Connection opened to:https://clients4.google.com/glm/mmap/api
10-20 16:28:20.107: D/REQUEST(5616): Open Connection
10-20 16:28:20.127: D/REQUEST(5616): DRD(15): 62|15|7|108
10-20 16:28:20.128: D/REQUEST(5616): Close
10-20 16:28:20.128: D/REQUEST(5616): Error processing: com.google.maps.api.android.lib6.b.d@18bc553 not retrying
10-20 16:28:20.147: D/REQUEST(5616): Retrying: com.google.maps.api.android.lib6.b.j@38d6fd60
10-20 16:28:20.147: D/REQUEST(5616): Retrying: com.google.maps.api.android.lib6.b.v@cfd5219
10-20 16:28:20.148: D/REQUEST(5616): Retrying: com.google.maps.api.android.lib6.gmm6.m.af@673f92
10-20 16:28:20.149: E/REQUEST(5616): ERROR
10-20 16:28:20.149: E/REQUEST(5616): java.lang.NullPointerException: Attempt to invoke virtual method 'boolean java.lang.String.startsWith(java.lang.String)' on a null object reference
10-20 16:28:20.149: E/REQUEST(5616): at com.android.okhttp.internal.http.StatusLine.(StatusLine.java:24)
10-20 16:28:20.149: E/REQUEST(5616): at com.android.okhttp.Response$Builder.statusLine(Response.java:419)
10-20 16:28:20.149: E/REQUEST(5616): at com.android.okhttp.internal.http.JavaApiConverter.createOkResponse(JavaApiConverter.java:116)
10-20 16:28:20.149: E/REQUEST(5616): at com.android.okhttp.internal.http.ResponseCacheAdapter.get(ResponseCacheAdapter.java:53)
10-20 16:28:20.149: E/REQUEST(5616): at com.android.okhttp.internal.http.HttpEngine.sendRequest(HttpEngine.java:190)
10-20 16:28:20.149: E/REQUEST(5616): at com.android.okhttp.internal.http.HttpURLConnectionImpl.execute(HttpURLConnectionImpl.java:373)
10-20 16:28:20.149: E/REQUEST(5616): at com.android.okhttp.internal.http.HttpURLConnectionImpl.connect(HttpURLConnectionImpl.java:106)
10-20 16:28:20.149: E/REQUEST(5616): at com.android.okhttp.internal.http.HttpURLConnectionImpl.getOutputStream(HttpURLConnectionImpl.java:208)
10-20 16:28:20.149: E/REQUEST(5616): at com.android.okhttp.internal.http.DelegatingHttpsURLConnection.getOutputStream(DelegatingHttpsURLConnection.java:218)
10-20 16:28:20.149: E/REQUEST(5616): at com.android.okhttp.internal.http.HttpsURLConnectionImpl.getOutputStream(HttpsURLConnectionImpl.java:25)
10-20 16:28:20.149: E/REQUEST(5616): at com.google.maps.api.android.lib6.b.l.run(Unknown Source)
10-20 16:28:20.149: E/REQUEST(5616): at java.lang.Thread.run(Thread.java:818)
10-20 16:28:20.355: D/REQUEST(5616): Connection opened to:https://clients4.google.com/glm/mmap/api
10-20 16:28:20.355: D/REQUEST(5616): Open Connection
10-20 16:28:20.359: D/REQUEST(5616): DRD(16): 62|15|7|108
10-20 16:28:20.359: D/REQUEST(5616): Close
10-20 16:28:20.359: D/REQUEST(5616): Error processing: com.google.maps.api.android.lib6.b.d@2fd47e90 not retrying
10-20 16:28:20.361: D/REQUEST(5616): Retrying: com.google.maps.api.android.lib6.b.j@38d6fd60
10-20 16:28:20.361: D/REQUEST(5616): Retrying: com.google.maps.api.android.lib6.b.v@cfd5219
10-20 16:28:20.361: D/REQUEST(5616): Retrying: com.google.maps.api.android.lib6.gmm6.m.af@673f92
10-20 16:28:20.363: E/REQUEST(5616): ERROR
10-20 16:28:20.363: E/REQUEST(5616): java.lang.NullPointerException: Attempt to invoke virtual method 'boolean java.lang.String.startsWith(java.lang.String)' on a null object reference
10-20 16:28:20.363: E/REQUEST(5616): at com.android.okhttp.internal.http.StatusLine.(StatusLine.java:24)
10-20 16:28:20.363: E/REQUEST(5616): at com.android.okhttp.Response$Builder.statusLine(Response.java:419)
10-20 16:28:20.363: E/REQUEST(5616): at com.android.okhttp.internal.http.JavaApiConverter.createOkResponse(JavaApiConverter.java:116)
10-20 16:28:20.363: E/REQUEST(5616): at com.android.okhttp.internal.http.ResponseCacheAdapter.get(ResponseCacheAdapter.java:53)
10-20 16:28:20.363: E/REQUEST(5616): at com.android.okhttp.internal.http.HttpEngine.sendRequest(HttpEngine.java:190)
10-20 16:28:20.363: E/REQUEST(5616): at com.android.okhttp.internal.http.HttpURLConnectionImpl.execute(HttpURLConnectionImpl.java:373)
10-20 16:28:20.363: E/REQUEST(5616): at com.android.okhttp.internal.http.HttpURLConnectionImpl.connect(HttpURLConnectionImpl.java:106)
10-20 16:28:20.363: E/REQUEST(5616): at com.android.okhttp.internal.http.HttpURLConnectionImpl.getOutputStream(HttpURLConnectionImpl.java:208)
10-20 16:28:20.363: E/REQUEST(5616): at com.android.okhttp.internal.http.DelegatingHttpsURLConnection.getOutputStream(DelegatingHttpsURLConnection.java:218)
10-20 16:28:20.363: E/REQUEST(5616): at com.android.okhttp.internal.http.HttpsURLConnectionImpl.getOutputStream(HttpsURLConnectionImpl.java:25)
10-20 16:28:20.363: E/REQUEST(5616): at com.google.maps.api.android.lib6.b.l.run(Unknown Source)
10-20 16:28:20.363: E/REQUEST(5616): at java.lang.Thread.run(Thread.java:818)
10-20 16:28:20.603: D/REQUEST(5616): Connection opened to:https://clients4.google.com/glm/mmap/api
10-20 16:28:20.606: D/REQUEST(5616): Open Connection
10-20 16:28:20.626: D/REQUEST(5616): DRD(17): 62|15|7|108
10-20 16:28:20.626: D/REQUEST(5616): Close
10-20 16:28:20.627: D/REQUEST(5616): Error processing: com.google.maps.api.android.lib6.b.d@f69f389 not retrying
10-20 16:28:20.646: D/REQUEST(5616): Retrying: com.google.maps.api.android.lib6.b.j@38d6fd60
10-20 16:28:20.647: D/REQUEST(5616): Retrying: com.google.maps.api.android.lib6.b.v@cfd5219
10-20 16:28:20.647: D/REQUEST(5616): Retrying: com.google.maps.api.android.lib6.gmm6.m.af@673f92
10-20 16:28:20.649: E/REQUEST(5616): ERROR
10-20 16:28:20.649: E/REQUEST(5616): java.lang.NullPointerException: Attempt to invoke virtual method 'boolean java.lang.String.startsWith(java.lang.String)' on a null object reference
10-20 16:28:20.649: E/REQUEST(5616): at com.android.okhttp.internal.http.StatusLine.(StatusLine.java:24)
10-20 16:28:20.649: E/REQUEST(5616): at com.android.okhttp.Response$Builder.statusLine(Response.java:419)
10-20 16:28:20.649: E/REQUEST(5616): at com.android.okhttp.internal.http.JavaApiConverter.createOkResponse(JavaApiConverter.java:116)
10-20 16:28:20.649: E/REQUEST(5616): at com.android.okhttp.internal.http.ResponseCacheAdapter.get(ResponseCacheAdapter.java:53)
10-20 16:28:20.649: E/REQUEST(5616): at com.android.okhttp.internal.http.HttpEngine.sendRequest(HttpEngine.java:190)
10-20 16:28:20.649: E/REQUEST(5616): at com.android.okhttp.internal.http.HttpURLConnectionImpl.execute(HttpURLConnectionImpl.java:373)
10-20 16:28:20.649: E/REQUEST(5616): at com.android.okhttp.internal.http.HttpURLConnectionImpl.connect(HttpURLConnectionImpl.java:106)
