D/WallpaperManager( 838): SEC_PRODUCT_FEATURE_COMMON_ENABLE_TEXTURE_COMPRESSION is false
D/CellLayoutChildren( 838): setCellDimensions. width: 96, height: 120, gapX: 52, gapY: 15
D/CellLayout( 838): setGridSize(4, 6)
D/WallpaperManager( 838): SEC_PRODUCT_FEATURE_COMMON_ENABLE_TEXTURE_COMPRESSION is false
D/CellLayoutChildren( 838): setCellDimensions. width: 96, height: 120, gapX: 52, gapY: 15
D/CellLayout( 838): setGridSize(4, 6)
D/WallpaperManager( 838): SEC_PRODUCT_FEATURE_COMMON_ENABLE_TEXTURE_COMPRESSION is false
D/CellLayoutChildren( 838): setCellDimensions. width: 96, height: 120, gapX: 52, gapY: 15
D/CellLayout( 838): setGridSize(4, 6)
D/WallpaperManager( 838): SEC_PRODUCT_FEATURE_COMMON_ENABLE_TEXTURE_COMPRESSION is false
D/CellLayoutChildren( 838): setCellDimensions. width: 96, height: 120, gapX: 52, gapY: 15
D/CellLayout( 838): setGridSize(4, 6)
D/WallpaperManager( 838): SEC_PRODUCT_FEATURE_COMMON_ENABLE_TEXTURE_COMPRESSION is false
D/CellLayoutChildren( 838): setCellDimensions. width: 96, height: 120, gapX: 52, gapY: 15
D/CellLayout( 838): setGridSize(4, 6)
D/WallpaperManager( 838): SEC_PRODUCT_FEATURE_COMMON_ENABLE_TEXTURE_COMPRESSION is false
D/CellLayoutChildren( 838): setCellDimensions. width: 96, height: 120, gapX: 52, gapY: 15
D/CellLayout( 838): setGridSize(4, 6)
W/ ( 119): FileMonitorService not published, waiting...
D/widget ( 838): [MSC_HERO_Accu_Tab]>>> WC:497 [0:0] mSHandler syncDM
D/widget ( 838): [MSC_HERO_Accu_Tab]>>> SM:1213 [0:0] bTCC WCV = 200
D/widget ( 838): [MSC_HERO_Accu_Tab]>>> WC:1697 [0:0] drw 2nd Tm dt
D/dalvikvm( 560): GC_CONCURRENT freed 274K, 25% free 27113K/35764K, paused 7ms+23ms, total 414ms
D/dalvikvm( 560): WAIT_FOR_CONCURRENT_GC blocked 192ms
E/Qmage ( 838): onDecode : QmageDecodeFrame 20140421 Rev.6376
E/Qmage ( 838): This is decoding
E/Qmage ( 838): decoding stream->hasLength()
E/Qmage ( 838): onDecode : QmageDecParseHeader call : QM
E/Qmage ( 838): Qmage parsing for decoding ok
E/Qmage ( 838): onDecode : QmageHeader.NinePatched 0
E/Qmage ( 838): onDecode : QmageHeader Height() 99 Width() : 77 sampleSize : 1
E/Qmage ( 838): normal image decoding
E/Qmage ( 838): onDecode : QmageDecodeFrame call : QM
E/Qmage ( 838): onDecode : return true QM
W/ResourceType( 1233): Failure getting entry for 0x7f020750 (t=1 e=1872) in package 0 (error -75)
W/ResourceType( 1233): Failure getting entry for 0x7f0202a5 (t=1 e=677) in package 0 (error -75)
I/PowerManagerService-JNI( 560): CheckForString returning : 2
D/PowerHintManager( 2136): Got PowerHintService instance.
D/EventRelay( 2136): New Hint: com.sec.android.intent.action.CPU_BOOSTER_CORE_NUM NUM 0
I/PHService( 126): PowerHintService: ========== Start A New PHService Schedule Code: 1 ===============
I/PHService( 126): PowerHintService: onTransact : HANDLE_NORMAL_POWER_HINT
I/PHService( 126): HintBase : handleMessage MSG_HANDLE_NORMAL
I/PHService( 126): HintManager : ========== Hint Update ===============
I/PHService( 126): HintSSGBooster : booster [cpu_booster_core_num] is updated to [0]
I/PHService( 126): HintManager : ========== Hint Update [Done] ========
I/PHService( 126): PolicyManager : ========== Policy Evaluate [beginning] =====
I/PHService( 126): PowerPolicy : Policy [CPU_BOOST_DUAL] hit status: [1->0]
I/PHService( 126): PolicyManager : Policy [CPU_BOOST_DUAL] status changed. Need to vote.
I/PHService( 126): PolicyManager : ========== Policy Evaluate [end] ===========
I/PHService( 126): PolicyManager : ========== Vote Result [beginning] =========
I/PHService( 126): PolicyManager : Hit policy: [BootComplete]
I/PHService( 126): PolicyManager : Hit policy: [CallIdle]
I/PHService( 126): PolicyManager : Hit policy: [VideoOff]
I/PHService( 126): PolicyManager : ========== Vote Result [end] ===============
I/PHService( 126): OperatorManager: ========== Merge Result =================
I/PHService( 126): CpuOperator : [Dump Merged Operation]
I/PHService( 126): CpuOperator : CPU0: Operation (312000-1205000-ondemand), online: AUTO(-1)
I/PHService( 126): CpuOperator : CPU0: Operation: sampling_rate(10000)
I/PHService( 126): CpuOperator : CPU1: No Operation. Online: AUTO(-1)
I/PHService( 126): CpuOperator :
I/PHService( 126): DdrOperator : [Dump Merged Operation]
I/PHService( 126): DdrOperator : DDR0: Operation: min: 156000, max: 533000, pollinInterval: 50
I/PHService( 126): DdrOperator :
I/PHService( 126): GpuOperator : [Dump Merged Operation]
I/PHService( 126): GpuOperator : GPU0: Operation (156000-624000-ondemand)
I/PHService( 126): GpuOperator :
I/PHService( 126): ShcmdOperator : [Dump Merged Operation]
I/PHService( 126): ShcmdOperator : Shcmd: Operation: echo disable > /sys/devices/platform/pxa27x-keypad/power/wakeup
I/PHService( 126): ShcmdOperator :
I/PHService( 126): VpuOperator : [Dump Merged Operation]
I/PHService( 126): VpuOperator : VPU0: Operation: 416000
I/PHService( 126): VpuOperator :
I/PHService( 126): OperatorManager: ========== Merge Result [Done] ==========
I/PHService( 126): OperatorBase : Try to wake up Worker Operation-Worker_415 Done, Exit!!
I/PHService( 126): OperatorBase : Worker Operation-Worker_415 wakes up and starts to do work!
I/PHService( 126): OperatorBase : ========== Do Work ==============
I/PHService( 126): CpuOperator : [WorkerTask]
I/PHService( 126): CpuOperator : CPU0: Operation (312000-1205000-ondemand), online: AUTO(-1)
I/PHService( 126): CpuOperator : CPU0: Operation: sampling_rate(10000)
I/PHService( 126): CpuOperator : CPU1: No Operation. Online: AUTO(-1)
W/ActivityManager( 560): Permission Denial: getCurrentUser() from pid=20354, uid=10187 requires android.permission.INTERACT_ACROSS_USERS
I/PHService( 126): CpuOperator : [Apply]
I/PHService( 126): CpuOperator : Operation setting for CPU0 successfully!
W/PHService( 126): CpuOperator : NULL cpu frequency parameters---cpu unitId: 1
I/PHService( 126): CpuOperator : Operation setting for CPU1 successfully!
I/PHService( 126): CpuOperator :
I/PHService( 126): DdrOperator : [WorkerTask]
I/PHService( 126): DdrOperator : DDR0: Operation: min: 156000, max: 533000, pollinInterval: 50
I/PHService( 126): DdrOperator : [Apply]
I/PHService( 126): DdrOperator : Operation setting for DDR successfully!
I/PHService( 126): DdrOperator :
I/PHService( 126): GpuOperator : [WorkerTask]
I/PHService( 126): GpuOperator : GPU0: Operation (156000-624000-ondemand)
I/PHService( 126): GpuOperator : [Apply]
E/PHService( 126): SysfsAccess : opening's messed up, /sys/devices/platform/galcore/gpu/gpu0/gpufreq/scaling_governor Permission denied
E/PHService( 126): GpuOperator : int android::GpuOperator::setScalingPolicy(android::sp&), check failed!!!!
W/PHService( 126): GpuOperator : Couldn't set constraint for GPU0 (156000-624000-ondemand)
I/PHService( 126): GpuOperator :
I/PHService( 126): ShcmdOperator : [WorkerTask]
I/PHService( 126): ShcmdOperator : Shcmd: Operation: echo disable > /sys/devices/platform/pxa27x-keypad/power/wakeup
I/PHService( 126): ShcmdOperator : [Apply]
I/PHService( 126): ShcmdOperator : "echo disable > /sys/devices/platform/pxa27x-keypad/power/wakeup" exited with status 1
I/PHService( 126): ShcmdOperator :
I/PHService( 126): VpuOperator : [WorkerTask]
I/PHService( 126): VpuOperator : VPU0: Operation: 416000
I/PHService( 126): VpuOperator : [Apply]
I/PHService( 126): VpuOperator : Operation setting for VPU0 successfully!
I/PHService( 126): VpuOperator :
I/PHService( 126): OperatorBase : ========== Do Work [Done] ========
I/ServiceManager( 119): Waiting for service com.marvell.FileMonitorService...
D/elm:14132(20354): ELMAbstractReceiver.onReceive() : Intent { act=android.intent.action.PACKAGE_REMOVED dat=package:com.bd.pushAI flg=0x4000010 cmp=com.sec.esdk.elm/.receiver.MainReceiver (has extras) }
D/elm:14132(20354): ELMEngine.ELMEngine( context ).
D/dalvikvm( 560): GC_EXPLICIT freed 56K, 25% free 27092K/35764K, paused 22ms+286ms, total 578ms
D/PackageManager( 560): delete sourFile :
D/AndroidRuntime(20314): Shutting down VM
D/PackageManager( 560): delete native library directory:
D/PackageManager( 560): return install result to caller: 1117728288
D/PackageManager( 560): returnCode: 1
D/dalvikvm(20314): GC_CONCURRENT freed 100K, 14% free 669K/772K, paused 0ms+1ms, total 6ms
D/elm:14132(20354): MDMBridge.setEnterpriseBridge()
D/elm:14132(20354): ELMAbstractReceiver : Receive Intent { act=android.intent.action.PACKAGE_REMOVED dat=package:com.bd.pushAI flg=0x4000010 cmp=com.sec.esdk.elm/.service.ElmAgentService (has extras) } END.
D/elm:14132(20354): ElmAgentService : onCreate()
D/elm:14132(20354): ElmAgentService : onHandleIntent() Intent { act=android.intent.action.PACKAGE_REMOVED dat=package:com.bd.pushAI flg=0x4000010 cmp=com.sec.esdk.elm/.service.ElmAgentService (has extras) }
D/elm:14132(20354): ElmAgentService : onDestroy().
W/ResourceType( 1233): Failure getting entry for 0x7f020750 (t=1 e=1872) in package 0 (error -75)
W/ResourceType( 1233): Failure getting entry for 0x7f0202a5 (t=1 e=677) in package 0 (error -75)
I/ServiceManager( 119): Waiting for service com.marvell.FileMonitorService...
W/ActivityManager( 560): Permission Denial: getCurrentUser() from pid=20371, uid=10053 requires android.permission.INTERACT_ACROSS_USERS
D/dalvikvm( 1233): GC_CONCURRENT freed 4245K, 57% free 4662K/10728K, paused 10ms+4ms, total 607ms
I/HarmonyEASService( 560): onReceive : android.intent.action.PACKAGE_REMOVED for 0
W/Resources( 560): Converting to string: TypedValue{t=0x12/d=0xffffffff a=-1}
W/Resources( 560): Converting to string: TypedValue{t=0x12/d=0xffffffff a=-1}
I/dalvikvm(20393): Enabling JNI app bug workarounds for target SDK version 8...
I/ServiceManager( 119): Waiting for service com.marvell.FileMonitorService...
I/PCWCLIENTTRACE_LOG(20393): DEFAULT_LOGON : true
I/PCWCLIENTTRACE_LOG(20393): DEFAULT_LOGLEVEL : 3
I/PCWCLIENTTRACE_PushUtil(20393): SPPPushClient is installed : true
I/PCWCLIENTTRACE_PushUtil(20393): sales region : global
I/PCWCLIENTTRACE_PushUtil(20393): getPushTypeList : [SPP, GCM]
I/PCWCLIENTTRACE_SYSTEMReceiver(20393): [onReceive] - android.intent.action.PACKAGE_REMOVED
I/SA (20406): [SSP] onCreated
W/Resources( 560): Converting to string: TypedValue{t=0x12/d=0xffffffff a=-1}
W/Resources( 560): Converting to string: TypedValue{t=0x12/d=0xffffffff a=-1}
D/AndroidRuntime(20389):
D/AndroidRuntime(20389): >>>>>> AndroidRuntime START com.android.internal.os.RuntimeInit <<<<<<
D/AndroidRuntime(20389): CheckJNI is OFF
D/AndroidRuntime(20389): setted country_code = USA
D/AndroidRuntime(20389): setted countryiso_code = US
I/SA (20406): [TPM] There is no property file
I/SA (20406): [SCU] isHaveSA() - false
D/AndroidRuntime(20389): setted sales_code = XAR
D/AndroidRuntime(20389): readGMSProperty: start
D/AndroidRuntime(20389): readGMSProperty: already setted!!
I/SA (20406): [TPM] getModelProperty : null
D/AndroidRuntime(20389): readGMSProperty: end
D/AndroidRuntime(20389): addProductProperty: start
I/SA (20406): [TPM] getCSCProperty : null
I/SA (20406): [DM] init START
I/SA (20406): [DM] This device is not a Vodafone
I/SA (20406): [DM] getCountryCodeFromCSC : US
I/SA (20406): support phone number id : false
I/SA (20406): [DM] init END
I/SA (20406): [SUR] onReceive log=[SA = 1.5.0375 V = 19 HWD = 1024X600 1.0 dpi = 160 SIZE = 3 LOCALE = en_US CSC = XAR MCC = 0 MNC 0 T = user DEVICE = lt02wifi P = lt02wifiue I = KOT49H M = SM-T210R OKLEFT false DIS KOT49H.T210RUEU0COB1 PSS = 7.022689015665025 ]
I/SA (20406): [SUR] onReceive Intent=[ action_PACKAGE_REMOVED package ]
V/AlarmManager( 560): waitForAlarm result :4
V/AlarmManager( 560): trigger ELAPSED_REALTIME_WAKEUP or RTC_WAKEUP
V/AlarmManager( 560): trigger ELAPSED_REALTIME_WAKEUP or RTC_WAKEUP
D/dalvikvm(20389): Trying to load lib libjavacore.so 0x0
D/dalvikvm(20389): Added shared lib libjavacore.so 0x0
D/BatteryService( 560): level:28, scale:100, status:3, health:2, present:true, voltage: 3777, temperature: 340, technology: Li-ion, AC powered:false, USB powered:true, Wireless powered:false, icon:17303538, invalid charger:0, online:4, current avg:-1, charge type:0, power sharing:false
I/ServiceManager( 119): Waiting for service com.marvell.FileMonitorService...
D/dalvikvm(20389): Trying to load lib libnativehelper.so 0x0
D/dalvikvm(20389): Added shared lib libnativehelper.so 0x0
D/dalvikvm(20389): No JNI_OnLoad found in libnativehelper.so 0x0, skipping init
D/CapabilityManagerService New(20422): Receiver Broadcast:android.intent.action.PACKAGE_REMOVED
D/CapabilityManagerService New(20422): The package(com.bd.pushAI) updated
W/ActivityManager( 560): Permission Denial: getCurrentUser() from pid=20422, uid=10010 requires android.permission.INTERACT_ACROSS_USERS
D/BackupManagerService( 560): Received broadcast Intent { act=android.intent.action.PACKAGE_REMOVED dat=package:com.bd.pushAI flg=0x4000010 (has extras) }
W/RemoteDisplayProvider( 560): Ignoring remote display provider service because it does not have the CAPTURE_VIDEO_OUTPUT or CAPTURE_SECURE_VIDEO_OUTPUT permission: com.google.android.gms/com.google.android.gms.cast.media.CastRemoteDisplayProviderService
D/BackupManagerService( 560): Received broadcast Intent { act=android.intent.action.PACKAGE_ADDED dat=package:com.bd.pushAI flg=0x4000010 (has extras) }
V/BackupManagerService( 560): removePackageParticipantsLocked: uid=10136 #1
V/BackupManagerService( 560): addPackageParticipantsLocked: #1
W/RemoteDisplayProvider( 560): Ignoring remote display provider service because it does not have the CAPTURE_VIDEO_OUTPUT or CAPTURE_SECURE_VIDEO_OUTPUT permission: com.google.android.gms/com.google.android.gms.cast.media.CastRemoteDisplayProviderService
W/RemoteDisplayProvider( 560): Ignoring remote display provider service because it does not have the CAPTURE_VIDEO_OUTPUT or CAPTURE_SECURE_VIDEO_OUTPUT permission: com.google.android.gms/com.google.android.gms.cast.media.CastRemoteDisplayProviderService
D/STATUSBAR-NetworkController( 660): refreshSignalCluster - setNWBoosterIndicators(false)
D/STATUSBAR-NetworkController( 660): refreshSignalCluster: data=-1 bt=false
D/STATUSBAR-IconMerger( 660): checkOverflow(420), More:false, Req:false Child:2
D/BatteryService( 560): Sending ACTION_BATTERY_CHANGED.
D/KeyguardUpdateMonitor( 660): received broadcast android.intent.action.BATTERY_CHANGED
D/KeyguardUpdateMonitor( 660): handleBatteryUpdate
D/CMASMessage( 660): [update] mShowingCMASText is false
D/CMASMessage( 660): CMASIcon was GONE :
D/CMBaseReceiver( 2862): com.cleanmaster.login.bindphone.mobileinfo.h 1ms
D/STATUSBAR-PhoneStatusBar( 660): mBrightnessEnablebySettings = true mBrightnessEnablebyBattery = true mBrightnessEnablebyDisableFlag = true mPmsBrightnessEnablebySettings = true
D/BatteryMeterView( 660): ACTION_BATTERY_CHANGED : level:28 status:3 health:2
D/STATUSBAR-IconMerger( 660): checkOverflow(420), More:false, Req:false Child:2
D/Brightness(13603): mIntentReceiver.onReceive: action=android.intent.action.BATTERY_CHANGED, intent=Intent { act=android.intent.action.BATTERY_CHANGED flg=0x60000010 (has extras) }
D/MainActivityBaseUi.java(13603): in brightness disabled on critical battery low
W/Resources( 560): Converting to string: TypedValue{t=0x12/d=0xffffffff a=-1}
W/ContextImpl(20442): Calling a method in the system process without a qualified user: android.app.ContextImpl.startService:1852 android.content.ContextWrapper.startService:506 android.content.ContextWrapper.startService:506 com.android.keychain.KeyChainBroadcastReceiver.onReceive:12 android.app.ActivityThread.handleReceiver:2647
W/Resources( 560): Converting to string: TypedValue{t=0x12/d=0xffffffff a=-1}
W/Resources( 560): Converting to string: TypedValue{t=0x12/d=0xffffffff a=-1}
W/Resources( 560): Converting to string: TypedValue{t=0x12/d=0x0 a=-1}
E/memtrack(20389): Couldn't load memtrack module (No such file or directory)
E/android.os.Debug(20389): failed to load memtrack module: -2
W/Resources( 560): Converting to string: TypedValue{t=0x12/d=0xffffffff a=-1}
W/Resources( 560): Converting to string: TypedValue{t=0x12/d=0x0 a=-1}
W/Resources( 560): Converting to string: TypedValue{t=0x12/d=0xffffffff a=-1}
W/Resources( 560): Converting to string: TypedValue{t=0x12/d=0xffffffff a=-1}
W/Resources( 560): Converting to string: TypedValue{t=0x12/d=0xffffffff a=-1}
W/Resources( 560): Converting to string: TypedValue{t=0x12/d=0xffffffff a=-1}
W/Resources( 560): Converting to string: TypedValue{t=0x12/d=0xffffffff a=-1}
W/Resources( 560): Converting to string: TypedValue{t=0x12/d=0xffffffff a=-1}
W/Resources( 560): Converting to string: TypedValue{t=0x12/d=0xffffffff a=-1}
W/Resources( 560): Converting to string: TypedValue{t=0x12/d=0x0 a=-1}
W/Resources( 560): Converting to string: TypedValue{t=0x12/d=0xffffffff a=-1}
W/Resources( 560): Converting to string: TypedValue{t=0x12/d=0x0 a=-1}
I/CrashAnrDetector( 560): onPackageUpdateFinished : com.bd.pushAI
I/ServiceManager( 119): Waiting for service com.marvell.FileMonitorService...
D/dalvikvm(20389): Note: class Landroid/app/ActivityManagerNative; has 192 unimplemented (abstract) methods
E/SPPClientService(20456): ============PushLog. commonIsShipBuild. stop!
E/SPPClientService(20456): [PushClientApplication] Push log off : This is Ship build version
D/SPPClientService(20456): PushLog.txt file is not deleted.
D/SPPClientService(20456): PushLog.txt file is not deleted.
D/SPPClientService(20456): ============PushLog. stop!
D/AndroidRuntime(20389): Calling main entry com.android.commands.am.Am
I/ActivityManager( 560): Killing 19563:com.bd.Newpaper/u0a50 (adj 15): empty #28
I/ActivityManager( 560): Killing 19542:com.mrtechnologybd.smartmeter/u0a17 (adj 15): empty #29
D/STATUSBAR-NetworkController( 660): refreshSignalCluster - setNWBoosterIndicators(false)
D/STATUSBAR-NetworkController( 660): refreshSignalCluster: data=-1 bt=false
D/STATUSBAR-IconMerger( 660): checkOverflow(420), More:false, Req:false Child:2
I/SurfaceFlinger( 116): id=161 createSurf (16x16),-1 flag=20004, EimLayer
W/ActivityManager( 560): mDVFSHelper.acquire()
I/SurfaceFlinger( 116): id=162 createSurf (16x16),-1 flag=20004, EimLayer
D/KeyguardUpdateMonitor( 660): sendKeyguardVisibilityChanged(true)
I/KeyguardUpdateMonitor( 660): visibility is same
D/Launcher.HomeFragment( 838): onPause
D/AndroidRuntime(20389): Shutting down VM
D/dalvikvm(20389): GC_CONCURRENT freed 101K, 13% free 709K/812K, paused 0ms+0ms, total 3ms
D/widget ( 838): [MSC_HERO_Accu_Tab]>>> WC:1033 [0:0] onPause
D/Launcher.Workspace( 838): exitWidgetResizeMode State: NORMAL, newDragStarted: false
E/NetworkScheduler.SchedulerReceiver( 880): Invalid parameter app
E/NetworkScheduler.SchedulerReceiver( 880): Invalid package name : Perhaps you didn't include a PendingIntent in the extras?
I/dalvikvm-heap( 560): Grow heap (frag case) to 29.754MB for 682256-byte allocation
D/KeyguardUpdateMonitor( 660): sendKeyguardVisibilityChanged(true)
I/KeyguardUpdateMonitor( 660): visibility is same
D/PhoneStatusBar( 660): setTransGradationMode=false, mTransparentMode=false, mSemiTransparentMode=false, mMultiWindowMode=false
D/StatusBarManagerService( 560): tr p:560,o:f
I/SurfaceFlinger( 116): id=163 createSurf (1x1),1 flag=4, qushAI
D/EventRelay( 2136): onForegroundActivitiesChanged: com.bd.pushAI
D/Launcher.HomeFragment( 838): onStop
D/KeyguardUpdateMonitor( 660): sendKeyguardVisibilityChanged(true)
I/KeyguardUpdateMonitor( 660): visibility is same
D/PowerHintManager( 2136): Got PowerHintService instance.
I/PHService( 126): PowerHintService: ========== Start A New PHService Schedule Code: 1 ===============
I/PHService( 126): PowerHintService: onTransact : HANDLE_NORMAL_POWER_HINT
I/PHService( 126): HintBase : handleMessage MSG_HANDLE_NORMAL
I/PHService( 126): HintManager : ========== Hint Update ===============
I/PHService( 126): HintForegroundTask: Can't find the package in task list: com.bd.pushai
I/PHService( 126): HintManager : ========== Hint Update [Done] ========
I/PHService( 126): PolicyManager : ========== Policy Evaluate [beginning] =====
I/PHService( 126): PolicyManager : No policy hit status is changed.
I/PHService( 126): PolicyManager : ========== Policy Evaluate [end] ===========
I/PHService( 126): PowerHintService: ========== Vote [Ignore] ===============
I/PHService( 126): PowerHintService: ========== Merge [Ignore] ===============
I/PHService( 126): PowerHintService: ========== Do Work [Ignore] ===============
I/TiApplication(20475): (main) [0,0] checkpoint, app created.
D/KeyguardUpdateMonitor( 660): sendKeyguardVisibilityChanged(true)
I/KeyguardUpdateMonitor( 660): visibility is same
D/PointerIcon( 560): setMouseIconStyle1 pointerType: 1001iconType:101 flag:0
D/PointerIcon( 560): setMouseCustomIcon IconType is same.101
D/Launcher( 838): onTrimMemory. Level: 20
D/KeyguardUpdateMonitor( 660): sendKeyguardVisibilityChanged(true)
I/KeyguardUpdateMonitor( 660): visibility is same
W/ ( 119): FileMonitorService not published, waiting...
D/KeyguardUpdateMonitor( 660): sendKeyguardVisibilityChanged(true)
I/KeyguardUpdateMonitor( 660): visibility is same
D/KeyguardUpdateMonitor( 660): sendKeyguardVisibilityChanged(true)
I/KeyguardUpdateMonitor( 660): visibility is same
D/STATUSBAR-StatusBarManagerService( 560): manageDisableList what=0x0 pkg=WindowManager.LayoutParams
D/KeyguardUpdateMonitor( 660): sendKeyguardVisibilityChanged(true)
I/KeyguardUpdateMonitor( 660): visibility is same
D/ChimeraCfgMgr( 1191): Loading module com.google.android.gms.games from APK com.google.android.play.games
D/ChimeraModuleLdr( 1191): Module APK com.google.android.play.games already loaded
D/KeyguardUpdateMonitor( 660): sendKeyguardVisibilityChanged(true)
I/KeyguardUpdateMonitor( 660): visibility is same
D/KeyguardUpdateMonitor( 660): sendKeyguardVisibilityChanged(true)
I/KeyguardUpdateMonitor( 660): visibility is same
D/KeyguardUpdateMonitor( 660): sendKeyguardVisibilityChanged(true)
I/KeyguardUpdateMonitor( 660): visibility is same
D/PackageBroadcastService( 1191): Received broadcast action=android.intent.action.PACKAGE_REMOVED and uri=com.bd.pushAI
I/TiApplication(20475): (main) [241,241] Titanium 4.1.0 (2015/07/06 11:15 d57aa7d)
W/ActivityManager( 560): Permission Denial: getCurrentUser() from pid=20475, uid=10136 requires android.permission.INTERACT_ACROSS_USERS
I/ConfigService( 880): onCreate
I/ConfigFetchService( 1191): onStartCommand Intent { act=android.intent.action.PACKAGE_REMOVED dat=package:com.bd.pushAI cmp=com.google.android.gms/.config.ConfigFetchService (has extras) }
D/dalvikvm(20475): Trying to load lib /data/app-lib/com.bd.pushAI-7/libtiverify.so 0x41dcbc98
D/dalvikvm(20475): Added shared lib /data/app-lib/com.bd.pushAI-7/libtiverify.so 0x41dcbc98
D/dalvikvm(20475): Trying to load lib /data/app-lib/com.bd.pushAI-7/libstlport_shared.so 0x41dcbc98
D/dalvikvm(20475): Added shared lib /data/app-lib/com.bd.pushAI-7/libstlport_shared.so 0x41dcbc98
D/dalvikvm(20475): No JNI_OnLoad found in /data/app-lib/com.bd.pushAI-7/libstlport_shared.so 0x41dcbc98, skipping init
D/dalvikvm(20475): Trying to load lib /data/app-lib/com.bd.pushAI-7/libkroll-v8.so 0x41dcbc98
D/dalvikvm(20475): Added shared lib /data/app-lib/com.bd.pushAI-7/libkroll-v8.so 0x41dcbc98
D/KeyguardUpdateMonitor( 660): sendKeyguardVisibilityChanged(true)
I/KeyguardUpdateMonitor( 660): visibility is same
I/SurfaceFlinger( 116): id=160 Removed Mauncher (8/12)
I/SurfaceFlinger( 116): id=160 Removed Mauncher (-2/12)
D/KeyguardUpdateMonitor( 660): sendKeyguardVisibilityChanged(true)
I/KeyguardUpdateMonitor( 660): visibility is same
I/TiApplication(20475): (main) [297,538] Titanium Javascript runtime: v8
I/ServiceManager( 119): Waiting for service com.marvell.FileMonitorService...
D/CrittercismAndroidModule(20475): (main) [176,714] App context is defined.
D/AutostartService( 2862): set fg pkgname:com.bd.pushAI
I/cm.log.servpro( 2862): [Privacy]/ com.sec.android.app.launcher is not in contact list
I/System.out(20475): ActivityRecorder: before com.bd.pushAI.PushaiActivity@41fc2120_onCreate(), launchUrl = null
I/TiRootActivity(20475): (main) [0,0] checkpoint, on root activity create, savedInstanceState: null
I/System.out(20475): ActivityRecorder: before com.bd.pushAI.PushaiActivity@41fc2120_onCreate(), launchUrl = null
I/System.out(20475): ActivityRecorder: before com.bd.pushAI.PushaiActivity@41fc2120_onCreate(), launchUrl = null
W/V8Object(20475): (KrollRuntimeThread) [162,162] Runtime disposed, cannot set property 'userAgent'
D/dalvikvm(20475): Trying to load lib /data/app-lib/com.bd.pushAI-7/libti.cloudpush.so 0x41dcbc98
W/linker (20475): libti.cloudpush.so has text relocations. This is wasting memory and is a security risk. Please fix.
D/dalvikvm(20475): Added shared lib /data/app-lib/com.bd.pushAI-7/libti.cloudpush.so 0x41dcbc98
D/dalvikvm(20475): No JNI_OnLoad found in /data/app-lib/com.bd.pushAI-7/libti.cloudpush.so 0x41dcbc98, skipping init
D/dalvikvm(20475): Trying to load lib /data/app-lib/com.bd.pushAI-7/libcom.appcelerator.apm.so 0x41dcbc98
W/linker (20475): libcom.appcelerator.apm.so has text relocations. This is wasting memory and is a security risk. Please fix.
D/dalvikvm(20475): Added shared lib /data/app-lib/com.bd.pushAI-7/libcom.appcelerator.apm.so 0x41dcbc98
D/dalvikvm(20475): No JNI_OnLoad found in /data/app-lib/com.bd.pushAI-7/libcom.appcelerator.apm.so 0x41dcbc98, skipping init
W/ActivityManager( 560): Permission Denial: getCurrentUser() from pid=20475, uid=10136 requires android.permission.INTERACT_ACROSS_USERS
E/Qmage (20475): onDecode : QmageDecodeFrame 20140421 Rev.6376
E/Qmage (20475): This is decoding
E/Qmage (20475): decoding stream->hasLength()
E/Qmage (20475): onDecode : QmageDecParseHeader call : QM
E/Qmage (20475): Qmage parsing for decoding ok
E/Qmage (20475): onDecode : QmageHeader.NinePatched 0
E/Qmage (20475): onDecode : QmageHeader Height() 16 Width() : 16 sampleSize : 1
E/Qmage (20475): Qmage Make Color table
E/Qmage (20475): SkBitmap::kIndex8_Config == config && 1 == sampleSize
E/Qmage (20475): onDecode : return true QM
D/ProgressBar(20475): setProgressDrawable drawableHeight = 16
E/Qmage (20475): onDecode : QmageDecodeFrame 20140421 Rev.6376
E/Qmage (20475): This is decoding
E/Qmage (20475): decoding stream->hasLength()
E/Qmage (20475): onDecode : QmageDecParseHeader call : QM
E/Qmage (20475): Qmage parsing for decoding ok
E/Qmage (20475): onDecode : QmageHeader.NinePatched 0
E/Qmage (20475): onDecode : QmageHeader Height() 16 Width() : 606 sampleSize : 1
E/Qmage (20475): Qmage Make Color table
E/Qmage (20475): SkBitmap::kIndex8_Config == config && 1 == sampleSize
E/Qmage (20475): onDecode : return true QM
E/Qmage (20475): onDecode : QmageDecodeFrame 20140421 Rev.6376
E/Qmage (20475): This is decoding
E/Qmage (20475): decoding stream->hasLength()
E/Qmage (20475): onDecode : QmageDecParseHeader call : QM
E/Qmage (20475): Qmage parsing for decoding ok
E/Qmage (20475): onDecode : QmageHeader.NinePatched 0
E/Qmage (20475): onDecode : QmageHeader Height() 16 Width() : 606 sampleSize : 1
E/Qmage (20475): Qmage Make Color table
E/Qmage (20475): SkBitmap::kIndex8_Config == config && 1 == sampleSize
E/Qmage (20475): onDecode : return true QM
E/Qmage (20475): onDecode : QmageDecodeFrame 20140421 Rev.6376
E/Qmage (20475): This is decoding
E/Qmage (20475): decoding stream->hasLength()
E/Qmage (20475): onDecode : QmageDecParseHeader call : QM
E/Qmage (20475): Qmage parsing for decoding ok
E/Qmage (20475): onDecode : QmageHeader.NinePatched 0
E/Qmage (20475): onDecode : QmageHeader Height() 16 Width() : 606 sampleSize : 1
E/Qmage (20475): Qmage Make Color table
E/Qmage (20475): SkBitmap::kIndex8_Config == config && 1 == sampleSize
E/Qmage (20475): onDecode : return true QM
E/Qmage (20475): onDecode : QmageDecodeFrame 20140421 Rev.6376
E/Qmage (20475): This is decoding
E/Qmage (20475): decoding stream->hasLength()
E/Qmage (20475): onDecode : QmageDecParseHeader call : QM
E/Qmage (20475): Qmage parsing for decoding ok
E/Qmage (20475): onDecode : QmageHeader.NinePatched 0
E/Qmage (20475): onDecode : QmageHeader Height() 16 Width() : 606 sampleSize : 1
E/Qmage (20475): Qmage Make Color table
E/Qmage (20475): SkBitmap::kIndex8_Config == config && 1 == sampleSize
E/Qmage (20475): onDecode : return true QM
E/Qmage (20475): onDecode : QmageDecodeFrame 20140421 Rev.6376
E/Qmage (20475): This is decoding
E/Qmage (20475): decoding stream->hasLength()
E/Qmage (20475): onDecode : QmageDecParseHeader call : QM
E/Qmage (20475): Qmage parsing for decoding ok
E/Qmage (20475): onDecode : QmageHeader.NinePatched 0
E/Qmage (20475): onDecode : QmageHeader Height() 16 Width() : 606 sampleSize : 1
E/Qmage (20475): Qmage Make Color table
E/Qmage (20475): SkBitmap::kIndex8_Config == config && 1 == sampleSize
E/Qmage (20475): onDecode : return true QM
E/Qmage (20475): onDecode : QmageDecodeFrame 20140421 Rev.6376
E/Qmage (20475): This is decoding
E/Qmage (20475): decoding stream->hasLength()
E/Qmage (20475): onDecode : QmageDecParseHeader call : QM
E/Qmage (20475): Qmage parsing for decoding ok
E/Qmage (20475): onDecode : QmageHeader.NinePatched 0
E/Qmage (20475): onDecode : QmageHeader Height() 16 Width() : 606 sampleSize : 1
E/Qmage (20475): Qmage Make Color table
E/Qmage (20475): SkBitmap::kIndex8_Config == config && 1 == sampleSize
E/Qmage (20475): onDecode : return true QM
E/Qmage (20475): onDecode : QmageDecodeFrame 20140421 Rev.6376
E/Qmage (20475): This is decoding
E/Qmage (20475): decoding stream->hasLength()
E/Qmage (20475): onDecode : QmageDecParseHeader call : QM
E/Qmage (20475): Qmage parsing for decoding ok
E/Qmage (20475): onDecode : QmageHeader.NinePatched 0
E/Qmage (20475): onDecode : QmageHeader Height() 16 Width() : 606 sampleSize : 1
E/Qmage (20475): Qmage Make Color table
E/Qmage (20475): SkBitmap::kIndex8_Config == config && 1 == sampleSize
E/Qmage (20475): onDecode : return true QM
E/Qmage (20475): onDecode : QmageDecodeFrame 20140421 Rev.6376
E/Qmage (20475): This is decoding
E/Qmage (20475): decoding stream->hasLength()
E/Qmage (20475): onDecode : QmageDecParseHeader call : QM
E/Qmage (20475): Qmage parsing for decoding ok
E/Qmage (20475): onDecode : QmageHeader.NinePatched 0
E/Qmage (20475): onDecode : QmageHeader Height() 16 Width() : 606 sampleSize : 1
E/Qmage (20475): Qmage Make Color table
E/Qmage (20475): SkBitmap::kIndex8_Config == config && 1 == sampleSize
E/Qmage (20475): onDecode : return true QM
W/ActivityManager( 560): Permission Denial: getCurrentUser() from pid=20493, uid=10186 requires android.permission.INTERACT_ACROSS_USERS
I/dalvikvm(20493): Could not find method android.app.Activity.finishAfterTransition, referenced from method android.support.v4.app.FragmentActivity.onBackPressed
W/dalvikvm(20493): VFY: unable to resolve virtual method 2002: Landroid/app/Activity;.finishAfterTransition ()V
D/dalvikvm(20493): VFY: replacing opcode 0x6e at 0x0016
I/dalvikvm(20493): Could not find method android.content.pm.PackageManager.getPackageInstaller, referenced from method flb.a
W/dalvikvm(20493): VFY: unable to resolve virtual method 2543: Landroid/content/pm/PackageManager;.getPackageInstaller ()Landroid/content/pm/PackageInstaller;
D/dalvikvm(20493): VFY: replacing opcode 0x6e at 0x000f
I/GAv4 (20493): Google Analytics 7.8.84 is starting up. To enable debug logging on a device run:
I/GAv4 (20493): adb shell setprop log.tag.GAv4 DEBUG
I/GAv4 (20493): adb logcat -s GAv4
W/GAv4 (20493): AnalyticsReceiver is not registered or is disabled. Register the receiver for reliable dispatching on non-Google Play devices. See http://goo.gl/8Rd3yj for instructions.
W/GAv4 (20493): CampaignTrackingReceiver is not registered, not exported or is disabled. Installation campaign tracking is not possible. See http://goo.gl/8Rd3yj for instructions.
D/PhoneStatusBar( 660): setTransGradationMode=false, mTransparentMode=false, mSemiTransparentMode=false, mMultiWindowMode=false
D/StatusBarManagerService( 560): tr p:20475,o:f
W/AnalyticsTrackerProxyImpl(20493): Analytics setup for ID UA-21125203-2, app name Drive, version 2.3.283.31.32
I/SensorManagerA(20475): getReportingMode :: sensor.mType = 1
D/SensorHal( 560): setDelay, handle: 1598182229 delay: 200000000
I/SensorHal( 560): set delay of to 200ms
W/GAv4 (20493): AnalyticsService not registered in the app manifest. Hits might not be delivered reliably. See http://goo.gl/8Rd3yj for instructions.
D/SensorManager(20475): registerListener :: 1598182229, BOSCH BMC150 Acceleration Sensor, 200000, 0,
I/System.out(20475): ActivityRecorder: after com.bd.pushAI.PushaiActivity@41fc2120_onCreate(), launchUrl = null
I/System.out(20475): ActivityRecorder: after com.bd.pushAI.PushaiActivity@41fc2120_onCreate(), launchUrl = null
I/System.out(20475): ActivityRecorder: after com.bd.pushAI.PushaiActivity@41fc2120_onCreate(), launchUrl = null
I/TiRootActivity(20475): (main) [0,0] checkpoint, on root activity resume. activity = com.bd.pushAI.PushaiActivity@41fc2120
D/PhoneStatusBar( 660): setSemiTransparentMode=false, mTransparentMode=false, mSemiTransparentMode=false, mMultiWindowMode=false
D/StatusBarManagerService( 560): semi p:20475,o:f
D/Module (20475): Loading module: ti.cloud -> Resources/ti.cloud.js
I/ServiceManager( 119): Waiting for service com.marvell.FileMonitorService...
D/dalvikvm(20493): GC_CONCURRENT freed 1645K, 46% free 4091K/7560K, paused 2ms+3ms, total 46ms
I/dalvikvm(20493): Could not find method android.provider.DocumentsContract.getTreeDocumentId, referenced from method oe.run
W/dalvikvm(20493): VFY: unable to resolve static method 3581: Landroid/provider/DocumentsContract;.getTreeDocumentId (Landroid/net/Uri;)Ljava/lang/String;
D/dalvikvm(20493): VFY: replacing opcode 0x71 at 0x014e
I/SurfaceFlinger( 116): id=164 createSurf (1x1),1 flag=4, QushaiActiv
I/SpenGestureManager( 560): setFocusWindow21025
D/KeyguardUpdateMonitor( 660): sendKeyguardVisibilityChanged(true)
I/KeyguardUpdateMonitor( 660): visibility is same
D/KeyguardUpdateMonitor( 660): sendKeyguardVisibilityChanged(true)
I/KeyguardUpdateMonitor( 660): visibility is same
D/PointerIcon( 560): setMouseIconStyle1 pointerType: 1001iconType:101 flag:0
D/PointerIcon( 560): setMouseCustomIcon IconType is same.101
E/cutils ( 111): Failed to mkdirat(/storage/extSdCard/Android): Read-only file system
W/Vold ( 111): Returning OperationFailed - no handler for errno 30
W/ContextImpl(20493): Failed to ensure directory: /storage/extSdCard/Android/data/com.google.android.apps.docs/cache
D/SSRMv2:SIOP( 560): SIOP:: AP = -100, Delta = 0
W/dalvikvm(20493): Refusing to reopen boot DEX '/system/framework/com.android.location.provider.jar'
D/dalvikvm(20493): DexOpt: couldn't find field Landroid/content/pm/ApplicationInfo;.splitSourceDirs
W/dalvikvm(20493): VFY: unable to resolve instance field 61
D/dalvikvm(20493): VFY: replacing opcode 0x54 at 0x0054
D/dalvikvm(20493): DexOpt: couldn't find static field Landroid/os/Build;.SUPPORTED_ABIS
W/dalvikvm(20493): VFY: unable to resolve static field 156 (SUPPORTED_ABIS) in Landroid/os/Build;
D/dalvikvm(20493): VFY: replacing opcode 0x62 at 0x0067
D/dalvikvm(20493): DexOpt: couldn't find static field Landroid/os/Build;.SUPPORTED_ABIS
W/dalvikvm(20493): VFY: unable to resolve static field 156 (SUPPORTED_ABIS) in Landroid/os/Build;
D/dalvikvm(20493): VFY: replacing opcode 0x62 at 0x000a
D/dalvikvm(20493): DexOpt: couldn't find field Landroid/content/pm/ApplicationInfo;.splitSourceDirs
I/dalvikvm(20493): DexOpt: unable to optimize instance field ref 0x003d at 0x58 in Lcom/google/android/gms/common/util/ax;.a
D/dalvikvm(20493): Trying to load lib /data/app-lib/com.google.android.gms-11/libgmscore.so 0x41f68800
D/dalvikvm(20493): Added shared lib /data/app-lib/com.google.android.gms-11/libgmscore.so 0x41f68800
D/dalvikvm(20493): No JNI_OnLoad found in /data/app-lib/com.google.android.gms-11/libgmscore.so 0x41f68800, skipping init
D/dalvikvm(20493): Trying to load lib /data/app-lib/com.google.android.gms-11/libconscrypt_gmscore_jni.so 0x41f68800
D/dalvikvm(20493): Added shared lib /data/app-lib/com.google.android.gms-11/libconscrypt_gmscore_jni.so 0x41f68800
V/JNIHelp (20493): Registering com/google/android/gms/org/conscrypt/NativeCrypto's 227 native methods...
D/GC (20475): OES20 ===> GC Version : GC Ver rls_pxa988_KK44_GC13.20
D/GC (20475):
D/dalvikvm(20493): Trying to load lib /data/app-lib/com.google.android.gms-11/libgmscore.so 0x41f68800
D/dalvikvm(20493): Shared lib '/data/app-lib/com.google.android.gms-11/libgmscore.so' already loaded in same CL 0x41f68800
D/dalvikvm(20493): Trying to load lib /data/app-lib/com.google.android.gms-11/libconscrypt_gmscore_jni.so 0x41f68800
D/dalvikvm(20493): Shared lib '/data/app-lib/com.google.android.gms-11/libconscrypt_gmscore_jni.so' already loaded in same CL 0x41f68800
I/dalvikvm(20530): Could not find method android.content.Context.getCodeCacheDir, referenced from method com.cleanmaster.loader.e.a
W/dalvikvm(20530): VFY: unable to resolve virtual method 292: Landroid/content/Context;.getCodeCacheDir ()Ljava/io/File;
D/dalvikvm(20530): VFY: replacing opcode 0x6e at 0x0006
D/SubDex (20530): Start of the Loading 1441694228180
I/SubDex (20530): code_cache : /data/data/com.cleanmaster.mguard/code_cache
I/SubDex (20530): Sub DEX EXT : .dex
D/SubDex (20530): Loading subDex from:[classes2.dex]
D/SubDex (20530): Internal Storage Path for Dex file: /data/data/com.cleanmaster.mguard/code_cache/classes2.dex
D/SubDex (20530): classes2.dex File 99a8f456
D/SubDex (20530): classes2.dex.hash Assets 99a8f456
D/SubDex (20530): SKIP EXTRACT SUBDEX FROM APK
I/SubDex (20530): doDexInject classes2.dex
D/MainEntry(20530): loadSecondaryDexTime 283
W/ActivityManager( 560): Permission Denial: getCurrentUser() from pid=20530, uid=10219 requires android.permission.INTERACT_ACROSS_USERS
W/Settings(20530): Setting android_id has moved from android.provider.Settings.System to android.provider.Settings.Secure, returning read-only value.
I/ProviderInstaller(20493): Installed default security provider GmsCore_OpenSSL
V/IPC (20530): Current service version 51062134, last check version 51062134
I/ServiceManager( 119): Waiting for service com.marvell.FileMonitorService...
E/cutils ( 111): Failed to mkdirat(/storage/extSdCard/Android): Read-only file system
W/Vold ( 111): Returning OperationFailed - no handler for errno 30
W/ContextImpl(20530): Failed to ensure directory: /storage/extSdCard/Android/data/com.cleanmaster.mguard/files
I/ActivityManager( 560): Killing 19585:com.trend.iphonrtest/u0a122 (adj 15): empty #28
D/OpenGLRenderer(20475): Enabling debug mode 0
I/ActivityManager( 560): Killing 19603:com.am.csemrm.Fever/u0a237 (adj 15): empty #27
D/KeyguardUpdateMonitor( 660): sendKeyguardVisibilityChanged(true)
I/KeyguardUpdateMonitor( 660): visibility is same
W/ActivityManager( 560): mDVFSHelper.acquire()
D/PointerIcon( 560): setMouseIconStyle1 pointerType: 1001iconType:101 flag:0
D/PointerIcon( 560): setMouseCustomIcon IconType is same.101
D/STATUSBAR-StatusBarManagerService( 560): manageDisableList what=0x0 pkg=WindowManager.LayoutParams
W/InputMethodManagerService( 560): Focus gain on non-focused client com.android.internal.view.IInputMethodClient$Stub$Proxy@4330dfb0 (uid=10136 pid=20475)
W/InputMethodManagerService( 560): calledFromValidUser : true, (mCurFocusedWindow == windowToken) : false, (attribute != null) : true
W/InputMethodManagerService( 560): (mCurClient != cs) : true, mCurFocusedWindow : android.os.BinderProxy@42c34d20, windowToken : android.os.BinderProxy@432c7a08
V/InputMethodManagerService( 560): Focus gain on non-focused client mCurClient info is ClientState{42826ee0 uid 10042 pid 838}
W/ActivityManager( 560): mDVFSHelper.release()
D/KeyguardUpdateMonitor( 660): sendKeyguardVisibilityChanged(true)
I/KeyguardUpdateMonitor( 660): visibility is same
D/KeyguardUpdateMonitor( 660): sendKeyguardVisibilityChanged(true)
I/KeyguardUpdateMonitor( 660): visibility is same
E/cutils ( 111): Failed to mkdirat(/storage/extSdCard/Android): Read-only file system
W/ContextImpl(20530): Failed to ensure directory: /storage/extSdCard/Android/data/com.cleanmaster.mguard/files
W/Vold ( 111): Returning OperationFailed - no handler for errno 30
E/MainEntry(20530): App Start Time : 916ms
I/dalvikvm(20530): Could not find method android.app.Notification$Builder.setVisibility, referenced from method com.cleanmaster.notification.aj.a
W/dalvikvm(20530): VFY: unable to resolve virtual method 169: Landroid/app/Notification$Builder;.setVisibility (I)Landroid/app/Notification$Builder;
D/dalvikvm(20530): VFY: replacing opcode 0x6e at 0x0011
D/dalvikvm(20530): DexOpt: couldn't find field Landroid/app/Notification;.headsUpContentView
W/dalvikvm(20530): VFY: unable to resolve instance field 30
D/dalvikvm(20530): VFY: replacing opcode 0x5b at 0x000b
W/ActivityManager( 560): mDVFSHelper.acquire()
D/KeyguardUpdateMonitor( 660): sendKeyguardVisibilityChanged(true)
I/KeyguardUpdateMonitor( 660): visibility is same
D/KeyguardUpdateMonitor( 660): sendKeyguardVisibilityChanged(true)
I/KeyguardUpdateMonitor( 660): visibility is same
I/System.out(20475): ActivityRecorder: before org.appcelerator.titanium.TiActivity@421859e0_onCreate(), launchUrl = null
W/ActivityManager( 560): Unable to start service Intent { act=com.cleanmaster.api.RT_ACCESS cmp=com.cmcm.skey/com.cmcm.rtstub.RTApiService } U=0: not found
I/System.out(20475): ActivityRecorder: before org.appcelerator.titanium.TiActivity@421859e0_onCreate(), launchUrl = null
W/ActivityManager( 560): Permission Denial: getCurrentUser() from pid=20475, uid=10136 requires android.permission.INTERACT_ACROSS_USERS
D/CMBaseReceiver(20530): com.ijinshan.cleaner.receiver.UninstallBroadcastReceiver 124ms
D/ProgressBar(20475): setProgressDrawable drawableHeight = 16
D/PhoneStatusBar( 660): setTransGradationMode=false, mTransparentMode=false, mSemiTransparentMode=false, mMultiWindowMode=false
D/StatusBarManagerService( 560): tr p:20475,o:f
W/ActivityManager( 560): Unable to start service Intent { act=com.cleanmaster.api.RT_ACCESS cmp=com.cmcm.rtstub/.RTApiService } U=0: not found
E/dalvikvm(20475): Could not find class 'com.google.android.maps.MapView', referenced from method com.soasta.android.touchtest.recording.TTRecorder.recordSetMapRegion
W/dalvikvm(20475): VFY: unable to resolve check-cast 5239 (Lcom/google/android/maps/MapView;) in Lcom/soasta/android/touchtest/recording/TTRecorder;
D/dalvikvm(20475): VFY: replacing opcode 0x1f at 0x0011
D/CMBaseReceiver( 2862): com.cleanmaster.security.scan.InstallMonitorReceiver 42ms
D/CMBaseReceiver( 2862): com.cleanmaster.ui.game.sdk_evasion.InstallMonitorReceiver 0ms
D/accuweather( 1310): [MSC_Accu_Daemon]>>> AWDS:42 [0:0] Act
D/accuweather( 1310): [MSC_Accu_Daemon]>>> AWDS:46 [0:0] Act : widgetappapaccuweatherdaemonactionCHANGE_ICON_OF_DAEMON, run:true
D/comsamsunglog( 1310): [MSC_Accu_Daemon]>>> ====================================================================================================================
D/comsamsunglog( 1310): [MSC_Accu_Daemon]>>> daemonappapaccuweather [Version : 14041601 ] [ 1 ]
D/comsamsunglog( 1310): [MSC_Accu_Daemon]>>> Header set to : ===> "accuweather" <===
D/comsamsunglog( 1310): [MSC_Accu_Daemon]>>> ====================================================================================================================
D/accuweather( 1310): [MSC_Accu_Daemon]>>> U:803 [0:0] IdlWdtchk !!!!
D/accuweather( 1310): [MSC_Accu_Daemon]>>> U:795 [0:0] ACW not found!!
D/accuweather( 1310): [MSC_Accu_Daemon]>>> U:795 [0:0] ACW not found!!
D/accuweather( 1310): [MSC_Accu_Daemon]>>> U:811 [0:0] HERO p5 pck Found!!!!
D/Window (20475): Checkpoint: postWindowCreated()
D/accuweather( 1310): [MSC_Accu_Daemon]>>> AWDS:72 [0:0] SerStus:0,ASerStus:0,TmpS:0,AtRfr:3, UseCL0
D/accuweather( 1310): [MSC_Accu_Daemon]>>> AWDS:426 [0:0] ====ACTION_SEC_CHANGE_ICON_OF_DAEMON===
D/accuweather( 1310): [MSC_Accu_Daemon]>>> U:983 [0:0] cDayONight() ::: sunrise is null
D/accuweather( 1310): [MSC_Accu_Daemon]>>> U:999 [0:0] cDayONight() ::: sunset is null
D/accuweather( 1310): [MSC_Accu_Daemon]>>> AWDS:429 [0:0] checkDay:true, UtilgetIsDay():false
D/accuweather( 1310): [MSC_Accu_Daemon]>>> AWDS:467 [0:0] data is not
I/KLog.INFO(20530): [20530-20530] [alone] monitor service connected [ com.cleanmaster.phototrims.cmcm.cloud.engine.ui.h.onServiceConnected(KMonitorEngineWrapper.java:123) ]
D/KeyguardUpdateMonitor( 660): sendKeyguardVisibilityChanged(true)
I/KeyguardUpdateMonitor( 660): visibility is same
I/dalvikvm(20475): Could not find method android.content.res.TypedArray.getChangingConfigurations, referenced from method android.support.v7.internal.widget.TintTypedArray.getChangingConfigurations
W/dalvikvm(20475): VFY: unable to resolve virtual method 698: Landroid/content/res/TypedArray;.getChangingConfigurations ()I
D/dalvikvm(20475): VFY: replacing opcode 0x6e at 0x0002
I/dalvikvm(20475): Could not find method android.content.res.TypedArray.getType, referenced from method android.support.v7.internal.widget.TintTypedArray.getType
W/dalvikvm(20475): VFY: unable to resolve virtual method 720: Landroid/content/res/TypedArray;.getType (I)I
D/dalvikvm(20475): VFY: replacing opcode 0x6e at 0x0002
I/SensorManagerA(20475): getReportingMode :: sensor.mType = 1
D/SensorHal( 560): setDelay, handle: 1598182229 delay: 200000000
I/SensorHal( 560): set delay of to 200ms
D/SensorManager(20475): registerListener :: 1598182229, BOSCH BMC150 Acceleration Sensor, 200000, 0,
I/System.out(20475): ActivityRecorder: after org.appcelerator.titanium.TiActivity@421859e0_onCreate(), launchUrl = null
I/System.out(20475): ActivityRecorder: after org.appcelerator.titanium.TiActivity@421859e0_onCreate(), launchUrl = null
D/StatusBarManagerService( 560): semi p:20475,o:f
D/PhoneStatusBar( 660): setSemiTransparentMode=false, mTransparentMode=false, mSemiTransparentMode=false, mMultiWindowMode=false
I/ServiceManager( 119): Waiting for service com.marvell.FileMonitorService...
D/show (20530): read firstrelease/release_text from assets
I/SurfaceFlinger( 116): id=165 createSurf (1x1),1 flag=404, UiActivity
I/SpenGestureManager( 560): setFocusWindow21030
D/STATUSBAR-NetworkController( 660): refreshSignalCluster - setNWBoosterIndicators(false)
D/STATUSBAR-NetworkController( 660): refreshSignalCluster: data=-1 bt=false
D/STATUSBAR-IconMerger( 660): checkOverflow(420), More:false, Req:false Child:2
D/KeyguardUpdateMonitor( 660): sendKeyguardVisibilityChanged(true)
I/KeyguardUpdateMonitor( 660): visibility is same
D/KeyguardUpdateMonitor( 660): sendKeyguardVisibilityChanged(true)
I/KeyguardUpdateMonitor( 660): visibility is same
D/PointerIcon( 560): setMouseIconStyle1 pointerType: 1001iconType:101 flag:0
D/PointerIcon( 560): setMouseCustomIcon IconType is same.101
E/File (20530): fail readDirectory() errno=13
I/SurfaceFlinger( 116): id=164 Removed QushaiActiv (9/13)
I/SurfaceFlinger( 116): id=164 Removed QushaiActiv (-2/13)
D/KeyguardUpdateMonitor( 660): sendKeyguardVisibilityChanged(true)
I/KeyguardUpdateMonitor( 660): visibility is same
D/dalvikvm( 117): GC_EXPLICIT freed 42K, 37% free 3230K/5096K, paused 2ms+19ms, total 180ms
D/dalvikvm( 117): GC_EXPLICIT freed <1K, 37% free 3230K/5096K, paused 2ms+2ms, total 46ms
W/ActivityManager( 560): Permission Denial: getCurrentUser() from pid=20562, uid=10036 requires android.permission.INTERACT_ACROSS_USERS
D/dalvikvm( 117): GC_EXPLICIT freed <1K, 37% free 3230K/5096K, paused 4ms+3ms, total 45ms
D/dalvikvm(20530): Trying to load lib /data/data/com.cleanmaster.mguard/lib/libkcmutil.so 0x41dcded0
I/PCWCLIENTTRACE_PushUtil(20393): SPPPushClient is installed : true
I/PCWCLIENTTRACE_PushUtil(20393): sales region : global
I/PCWCLIENTTRACE_PushUtil(20393): getPushTypeList : [SPP, GCM]
I/PCWCLIENTTRACE_SYSTEMReceiver(20393): [onReceive] - android.intent.action.PACKAGE_ADDED
W/linker (20530): libkcmutil.so has text relocations. This is wasting memory and is a security risk. Please fix.
D/dalvikvm(20530): Added shared lib /data/data/com.cleanmaster.mguard/lib/libkcmutil.so 0x41dcded0
E/cutils ( 111): Failed to mkdirat(/storage/extSdCard/Android): Read-only file system
W/Vold ( 111): Returning OperationFailed - no handler for errno 30
W/ContextImpl(20530): Failed to ensure directory: /storage/extSdCard/Android/data/com.cleanmaster.mguard/files
I/SA (20406): [PMR] Received action : android.intent.action.PACKAGE_ADDED
I/SA (20406): [SUR] onReceive log=[SA = 1.5.0375 V = 19 HWD = 1024X600 1.0 dpi = 160 SIZE = 3 LOCALE = en_US CSC = XAR MCC = 0 MNC 0 T = user DEVICE = lt02wifi P = lt02wifiue I = KOT49H M = SM-T210R OKLEFT false DIS KOT49H.T210RUEU0COB1 PSS = 7.022689015665025 ]
I/SA (20406): [SUR] onReceive Intent=[ action.PACKAGE_ADDED. package ]
W/ContextImpl( 560): Calling a method in the system process without a qualified user: android.app.ContextImpl.sendBroadcast:1496 com.android.server.InputMethodManagerService$4.run:2690 java.lang.Thread.run:841
D/KeyguardUpdateMonitor( 660): sendKeyguardVisibilityChanged(true)
I/KeyguardUpdateMonitor( 660): visibility is same
D/KeyguardUpdateMonitor( 660): sendKeyguardVisibilityChanged(true)
I/KeyguardUpdateMonitor( 660): visibility is same
W/ActivityManager( 560): mDVFSHelper.release()
D/KeyguardUpdateMonitor( 660): sendKeyguardVisibilityChanged(true)
I/KeyguardUpdateMonitor( 660): visibility is same
D/CapabilityManagerService New(20422): Receiver Broadcast:android.intent.action.PACKAGE_ADDED
D/FileShare-Server(19941): ServerBroadcastReceiver.onReceive - action android.intent.action.PACKAGE_ADDED // package:com.bd.pushAI
D/FileShare-Server(19941): ServerBroadcastReceiver.onReceive - Current User : UserHandle{0}
D/FileShare-Server(19941): ServerBroadcastReceiver.onReceive - All UserInfo: [UserInfo{0:z.islam370 Zahid376:13}]
D/KeyguardUpdateMonitor( 660): sendKeyguardVisibilityChanged(true)
I/KeyguardUpdateMonitor( 660): visibility is same
I/SurfaceFlinger( 116): id=163 Removed qushAI (11/12)
I/SurfaceFlinger( 116): id=163 Removed qushAI (-2/12)
D/KeyguardUpdateMonitor( 660): sendKeyguardVisibilityChanged(true)
I/KeyguardUpdateMonitor( 660): visibility is same
