D/accuweather( 1310): [MSC_Accu_Daemon]>>> WCS:97 [0:0] action:androidintentactionTIME_TICK
D/accuweather( 1310): [MSC_Accu_Daemon]>>> AWDS:42 [0:0] Act
D/accuweather( 1310): [MSC_Accu_Daemon]>>> AWDS:46 [0:0] Act : widgetappapaccuweatherdaemonactionCHANGE_ICON_OF_DAEMON, run:true
D/comsamsunglog( 1310): [MSC_Accu_Daemon]>>> ====================================================================================================================
D/comsamsunglog( 1310): [MSC_Accu_Daemon]>>> daemonappapaccuweather [Version : 14041601 ] [ 1 ]
D/comsamsunglog( 1310): [MSC_Accu_Daemon]>>> Header set to : ===> "accuweather" <===
D/comsamsunglog( 1310): [MSC_Accu_Daemon]>>> ====================================================================================================================
D/accuweather( 1310): [MSC_Accu_Daemon]>>> U:803 [0:0] IdlWdtchk !!!!
D/widget ( 838): [MSC_HERO_Accu_Tab]>>> WC:497 [0:0] mSHandler syncDM
D/widget ( 838): [MSC_HERO_Accu_Tab]>>> SM:1213 [0:0] bTCC WCV = 200
D/widget ( 838): [MSC_HERO_Accu_Tab]>>> WC:1697 [0:0] drw 2nd Tm dt
E/Qmage ( 838): onDecode : QmageDecodeFrame 20140421 Rev.6376
E/Qmage ( 838): This is decoding
E/Qmage ( 838): decoding stream->hasLength()
E/Qmage ( 838): onDecode : QmageDecParseHeader call : QM
E/Qmage ( 838): Qmage parsing for decoding ok
E/Qmage ( 838): onDecode : QmageHeader.NinePatched 0
E/Qmage ( 838): onDecode : QmageHeader Height() 99 Width() : 77 sampleSize : 1
E/Qmage ( 838): normal image decoding
E/Qmage ( 838): onDecode : QmageDecodeFrame call : QM
E/Qmage ( 838): onDecode : return true QM
D/accuweather( 1310): [MSC_Accu_Daemon]>>> U:795 [0:0] ACW not found!!
D/accuweather( 1310): [MSC_Accu_Daemon]>>> U:795 [0:0] ACW not found!!
D/accuweather( 1310): [MSC_Accu_Daemon]>>> U:811 [0:0] HERO p5 pck Found!!!!
D/accuweather( 1310): [MSC_Accu_Daemon]>>> AWDS:72 [0:0] SerStus:0,ASerStus:0,TmpS:0,AtRfr:3, UseCL0
D/accuweather( 1310): [MSC_Accu_Daemon]>>> AWDS:426 [0:0] ====ACTION_SEC_CHANGE_ICON_OF_DAEMON===
D/accuweather( 1310): [MSC_Accu_Daemon]>>> U:983 [0:0] cDayONight() ::: sunrise is null
D/accuweather( 1310): [MSC_Accu_Daemon]>>> U:999 [0:0] cDayONight() ::: sunset is null
D/accuweather( 1310): [MSC_Accu_Daemon]>>> AWDS:429 [0:0] checkDay:true, UtilgetIsDay():false
D/accuweather( 1310): [MSC_Accu_Daemon]>>> AWDS:467 [0:0] data is not
I/ServiceManager( 119): Waiting for service com.marvell.FileMonitorService...
I/ServiceManager( 119): Waiting for service com.marvell.FileMonitorService...
I/ServiceManager( 119): Waiting for service com.marvell.FileMonitorService...
I/ServiceManager( 119): Waiting for service com.marvell.FileMonitorService...
V/AlarmManager( 560): waitForAlarm result :4
V/NetworkStats( 560): performPollLocked(flags=0x3)
V/AlarmManager( 560): trigger ELAPSED_REALTIME_WAKEUP or RTC_WAKEUP
V/NetworkStats( 560): performPollLocked() took 87ms
D/KeyguardUpdateMonitor( 660): received broadcast android.intent.action.BATTERY_CHANGED
D/KeyguardUpdateMonitor( 660): handleBatteryUpdate
D/CMASMessage( 660): [update] mShowingCMASText is false
D/CMASMessage( 660): CMASIcon was GONE :
D/BatteryService( 560): level:28, scale:100, status:3, health:2, present:true, voltage: 3791, temperature: 336, technology: Li-ion, AC powered:false, USB powered:true, Wireless powered:false, icon:17303538, invalid charger:0, online:4, current avg:110, charge type:0, power sharing:false
D/BatteryService( 560): Sending ACTION_BATTERY_CHANGED.
D/Brightness(13603): mIntentReceiver.onReceive: action=android.intent.action.BATTERY_CHANGED, intent=Intent { act=android.intent.action.BATTERY_CHANGED flg=0x60000010 (has extras) }
D/MainActivityBaseUi.java(13603): in brightness disabled on critical battery low
D/CMBaseReceiver( 2862): com.cleanmaster.login.bindphone.mobileinfo.h 0ms
D/STATUSBAR-PhoneStatusBar( 660): mBrightnessEnablebySettings = true mBrightnessEnablebyBattery = true mBrightnessEnablebyDisableFlag = true mPmsBrightnessEnablebySettings = true
D/STATUSBAR-IconMerger( 660): checkOverflow(420), More:false, Req:false Child:2
D/BatteryMeterView( 660): ACTION_BATTERY_CHANGED : level:28 status:3 health:2
D/STATUSBAR-NetworkController( 660): refreshSignalCluster - setNWBoosterIndicators(false)
D/STATUSBAR-NetworkController( 660): refreshSignalCluster: data=-1 bt=false
D/STATUSBAR-IconMerger( 660): checkOverflow(420), More:false, Req:false Child:2
I/ServiceManager( 119): Waiting for service com.marvell.FileMonitorService...
W/ ( 119): FileMonitorService not published, waiting...
I/ServiceManager( 119): Waiting for service com.marvell.FileMonitorService...
D/STATUSBAR-NetworkController( 660): refreshSignalCluster - setNWBoosterIndicators(false)
D/STATUSBAR-NetworkController( 660): refreshSignalCluster: data=-1 bt=false
D/STATUSBAR-IconMerger( 660): checkOverflow(420), More:false, Req:false Child:2
I/ServiceManager( 119): Waiting for service com.marvell.FileMonitorService...
D/STATUSBAR-NetworkController( 660): refreshSignalCluster - setNWBoosterIndicators(false)
D/STATUSBAR-NetworkController( 660): refreshSignalCluster: data=-1 bt=false
D/STATUSBAR-IconMerger( 660): checkOverflow(420), More:false, Req:false Child:2
D/SSRMv2:SIOP( 560): SIOP:: AP = -100, Delta = 0
I/ServiceManager( 119): Waiting for service com.marvell.FileMonitorService...
I/ServiceManager( 119): Waiting for service com.marvell.FileMonitorService...
D/STATUSBAR-NetworkController( 660): refreshSignalCluster - setNWBoosterIndicators(false)
D/STATUSBAR-NetworkController( 660): refreshSignalCluster: data=-1 bt=false
D/STATUSBAR-IconMerger( 660): checkOverflow(420), More:false, Req:false Child:2
I/ServiceManager( 119): Waiting for service com.marvell.FileMonitorService...
D/STATUSBAR-NetworkController( 660): refreshSignalCluster - setNWBoosterIndicators(false)
D/STATUSBAR-NetworkController( 660): refreshSignalCluster: data=-1 bt=false
D/STATUSBAR-IconMerger( 660): checkOverflow(420), More:false, Req:false Child:2
W/ ( 119): FileMonitorService not published, waiting...
I/ServiceManager( 119): Waiting for service com.marvell.FileMonitorService...
D/STATUSBAR-NetworkController( 660): refreshSignalCluster - setNWBoosterIndicators(false)
D/STATUSBAR-NetworkController( 660): refreshSignalCluster: data=-1 bt=false
D/STATUSBAR-IconMerger( 660): checkOverflow(420), More:false, Req:false Child:2
I/ServiceManager( 119): Waiting for service com.marvell.FileMonitorService...
D/STATUSBAR-NetworkController( 660): refreshSignalCluster - setNWBoosterIndicators(false)
D/STATUSBAR-NetworkController( 660): refreshSignalCluster: data=-1 bt=false
D/STATUSBAR-IconMerger( 660): checkOverflow(420), More:false, Req:false Child:2
I/ServiceManager( 119): Waiting for service com.marvell.FileMonitorService...
D/STATUSBAR-NetworkController( 660): refreshSignalCluster - setNWBoosterIndicators(false)
D/STATUSBAR-NetworkController( 660): refreshSignalCluster: data=-1 bt=false
D/STATUSBAR-IconMerger( 660): checkOverflow(420), More:false, Req:false Child:2
D/BatteryService( 560): level:28, scale:100, status:3, health:2, present:true, voltage: 3788, temperature: 336, technology: Li-ion, AC powered:false, USB powered:true, Wireless powered:false, icon:17303538, invalid charger:0, online:4, current avg:109, charge type:0, power sharing:false
D/BatteryService( 560): Sending ACTION_BATTERY_CHANGED.
D/KeyguardUpdateMonitor( 660): received broadcast android.intent.action.BATTERY_CHANGED
D/KeyguardUpdateMonitor( 660): handleBatteryUpdate
D/CMASMessage( 660): [update] mShowingCMASText is false
D/CMASMessage( 660): CMASIcon was GONE :
D/STATUSBAR-PhoneStatusBar( 660): mBrightnessEnablebySettings = true mBrightnessEnablebyBattery = true mBrightnessEnablebyDisableFlag = true mPmsBrightnessEnablebySettings = true
D/STATUSBAR-IconMerger( 660): checkOverflow(420), More:false, Req:false Child:2
D/BatteryMeterView( 660): ACTION_BATTERY_CHANGED : level:28 status:3 health:2
D/CMBaseReceiver( 2862): com.cleanmaster.login.bindphone.mobileinfo.h 0ms
D/Brightness(13603): mIntentReceiver.onReceive: action=android.intent.action.BATTERY_CHANGED, intent=Intent { act=android.intent.action.BATTERY_CHANGED flg=0x60000010 (has extras) }
D/MainActivityBaseUi.java(13603): in brightness disabled on critical battery low
I/ServiceManager( 119): Waiting for service com.marvell.FileMonitorService...
E/Watchdog( 560): !@Sync 391
I/ServiceManager( 119): Waiting for service com.marvell.FileMonitorService...
W/ ( 119): FileMonitorService not published, waiting...
I/ServiceManager( 119): Waiting for service com.marvell.FileMonitorService...
D/SSRMv2:SIOP( 560): SIOP:: AP = -100, Delta = 0
I/ServiceManager( 119): Waiting for service com.marvell.FileMonitorService...
I/ServiceManager( 119): Waiting for service com.marvell.FileMonitorService...
I/ServiceManager( 119): Waiting for service com.marvell.FileMonitorService...
I/ServiceManager( 119): Waiting for service com.marvell.FileMonitorService...
W/ ( 119): FileMonitorService not published, waiting...
I/ServiceManager( 119): Waiting for service com.marvell.FileMonitorService...
I/ServiceManager( 119): Waiting for service com.marvell.FileMonitorService...
D/BatteryService( 560): level:28, scale:100, status:3, health:2, present:true, voltage: 3786, temperature: 335, technology: Li-ion, AC powered:false, USB powered:true, Wireless powered:false, icon:17303538, invalid charger:0, online:4, current avg:107, charge type:0, power sharing:false
D/BatteryService( 560): Sending ACTION_BATTERY_CHANGED.
D/KeyguardUpdateMonitor( 660): received broadcast android.intent.action.BATTERY_CHANGED
D/KeyguardUpdateMonitor( 660): handleBatteryUpdate
D/CMASMessage( 660): [update] mShowingCMASText is false
D/CMASMessage( 660): CMASIcon was GONE :
D/STATUSBAR-PhoneStatusBar( 660): mBrightnessEnablebySettings = true mBrightnessEnablebyBattery = true mBrightnessEnablebyDisableFlag = true mPmsBrightnessEnablebySettings = true
D/BatteryMeterView( 660): ACTION_BATTERY_CHANGED : level:28 status:3 health:2
D/STATUSBAR-IconMerger( 660): checkOverflow(420), More:false, Req:false Child:2
D/CMBaseReceiver( 2862): com.cleanmaster.login.bindphone.mobileinfo.h 0ms
D/Brightness(13603): mIntentReceiver.onReceive: action=android.intent.action.BATTERY_CHANGED, intent=Intent { act=android.intent.action.BATTERY_CHANGED flg=0x60000010 (has extras) }
D/MainActivityBaseUi.java(13603): in brightness disabled on critical battery low
I/ServiceManager( 119): Waiting for service com.marvell.FileMonitorService...
I/ServiceManager( 119): Waiting for service com.marvell.FileMonitorService...
I/ServiceManager( 119): Waiting for service com.marvell.FileMonitorService...
D/STATUSBAR-NetworkController( 660): refreshSignalCluster - setNWBoosterIndicators(false)
D/STATUSBAR-NetworkController( 660): refreshSignalCluster: data=-1 bt=false
D/STATUSBAR-IconMerger( 660): checkOverflow(420), More:false, Req:false Child:2
W/ ( 119): FileMonitorService not published, waiting...
D/SSRMv2:SIOP( 560): SIOP:: AP = -100, Delta = 0
D/STATUSBAR-NetworkController( 660): refreshSignalCluster - setNWBoosterIndicators(false)
D/STATUSBAR-NetworkController( 660): refreshSignalCluster: data=-1 bt=false
D/STATUSBAR-IconMerger( 660): checkOverflow(420), More:false, Req:false Child:2
I/ServiceManager( 119): Waiting for service com.marvell.FileMonitorService...
I/ServiceManager( 119): Waiting for service com.marvell.FileMonitorService...
I/ServiceManager( 119): Waiting for service com.marvell.FileMonitorService...
I/ServiceManager( 119): Waiting for service com.marvell.FileMonitorService...
I/ServiceManager( 119): Waiting for service com.marvell.FileMonitorService...
W/ ( 119): FileMonitorService not published, waiting...
I/ServiceManager( 119): Waiting for service com.marvell.FileMonitorService...
D/BatteryService( 560): level:28, scale:100, status:3, health:2, present:true, voltage: 3791, temperature: 336, technology: Li-ion, AC powered:false, USB powered:true, Wireless powered:false, icon:17303538, invalid charger:0, online:4, current avg:109, charge type:0, power sharing:false
D/BatteryService( 560): Sending ACTION_BATTERY_CHANGED.
D/KeyguardUpdateMonitor( 660): received broadcast android.intent.action.BATTERY_CHANGED
D/KeyguardUpdateMonitor( 660): handleBatteryUpdate
D/CMASMessage( 660): [update] mShowingCMASText is false
D/CMASMessage( 660): CMASIcon was GONE :
D/STATUSBAR-PhoneStatusBar( 660): mBrightnessEnablebySettings = true mBrightnessEnablebyBattery = true mBrightnessEnablebyDisableFlag = true mPmsBrightnessEnablebySettings = true
D/STATUSBAR-IconMerger( 660): checkOverflow(420), More:false, Req:false Child:2
D/BatteryMeterView( 660): ACTION_BATTERY_CHANGED : level:28 status:3 health:2
D/CMBaseReceiver( 2862): com.cleanmaster.login.bindphone.mobileinfo.h 0ms
D/Brightness(13603): mIntentReceiver.onReceive: action=android.intent.action.BATTERY_CHANGED, intent=Intent { act=android.intent.action.BATTERY_CHANGED flg=0x60000010 (has extras) }
D/MainActivityBaseUi.java(13603): in brightness disabled on critical battery low
I/ServiceManager( 119): Waiting for service com.marvell.FileMonitorService...
I/ServiceManager( 119): Waiting for service com.marvell.FileMonitorService...
I/ServiceManager( 119): Waiting for service com.marvell.FileMonitorService...
I/ServiceManager( 119): Waiting for service com.marvell.FileMonitorService...
D/SSRMv2:SIOP( 560): SIOP:: AP = -100, Delta = 0
W/ ( 119): FileMonitorService not published, waiting...
I/ServiceManager( 119): Waiting for service com.marvell.FileMonitorService...
I/ServiceManager( 119): Waiting for service com.marvell.FileMonitorService...
I/ServiceManager( 119): Waiting for service com.marvell.FileMonitorService...
I/ServiceManager( 119): Waiting for service com.marvell.FileMonitorService...
D/STATUSBAR-NetworkController( 660): refreshSignalCluster - setNWBoosterIndicators(false)
D/STATUSBAR-NetworkController( 660): refreshSignalCluster: data=-1 bt=false
D/STATUSBAR-IconMerger( 660): checkOverflow(420), More:false, Req:false Child:2
I/ServiceManager( 119): Waiting for service com.marvell.FileMonitorService...
D/STATUSBAR-NetworkController( 660): refreshSignalCluster - setNWBoosterIndicators(false)
D/STATUSBAR-NetworkController( 660): refreshSignalCluster: data=-1 bt=false
D/STATUSBAR-IconMerger( 660): checkOverflow(420), More:false, Req:false Child:2
D/BatteryService( 560): level:28, scale:100, status:3, health:2, present:true, voltage: 3771, temperature: 336, technology: Li-ion, AC powered:false, USB powered:true, Wireless powered:false, icon:17303538, invalid charger:0, online:4, current avg:69, charge type:0, power sharing:false
D/BatteryService( 560): Sending ACTION_BATTERY_CHANGED.
D/KeyguardUpdateMonitor( 660): received broadcast android.intent.action.BATTERY_CHANGED
D/KeyguardUpdateMonitor( 660): handleBatteryUpdate
D/CMASMessage( 660): [update] mShowingCMASText is false
D/CMASMessage( 660): CMASIcon was GONE :
D/STATUSBAR-PhoneStatusBar( 660): mBrightnessEnablebySettings = true mBrightnessEnablebyBattery = true mBrightnessEnablebyDisableFlag = true mPmsBrightnessEnablebySettings = true
D/CMBaseReceiver( 2862): com.cleanmaster.login.bindphone.mobileinfo.h 0ms
D/Brightness(13603): mIntentReceiver.onReceive: action=android.intent.action.BATTERY_CHANGED, intent=Intent { act=android.intent.action.BATTERY_CHANGED flg=0x60000010 (has extras) }
D/MainActivityBaseUi.java(13603): in brightness disabled on critical battery low
D/STATUSBAR-IconMerger( 660): checkOverflow(420), More:false, Req:false Child:2
D/BatteryMeterView( 660): ACTION_BATTERY_CHANGED : level:28 status:3 health:2
W/ ( 119): FileMonitorService not published, waiting...
I/ServiceManager( 119): Waiting for service com.marvell.FileMonitorService...
E/Watchdog( 560): !@Sync 392
D/AndroidRuntime(20314):
D/AndroidRuntime(20314): >>>>>> AndroidRuntime START com.android.internal.os.RuntimeInit <<<<<<
D/AndroidRuntime(20314): CheckJNI is OFF
D/AndroidRuntime(20314): setted country_code = USA
D/AndroidRuntime(20314): setted countryiso_code = US
D/AndroidRuntime(20314): setted sales_code = XAR
D/AndroidRuntime(20314): readGMSProperty: start
D/AndroidRuntime(20314): readGMSProperty: already setted!!
D/AndroidRuntime(20314): readGMSProperty: end
D/AndroidRuntime(20314): addProductProperty: start
D/dalvikvm(20314): Trying to load lib libjavacore.so 0x0
D/dalvikvm(20314): Added shared lib libjavacore.so 0x0
D/dalvikvm(20314): Trying to load lib libnativehelper.so 0x0
D/dalvikvm(20314): Added shared lib libnativehelper.so 0x0
D/dalvikvm(20314): No JNI_OnLoad found in libnativehelper.so 0x0, skipping init
I/ServiceManager( 119): Waiting for service com.marvell.FileMonitorService...
E/memtrack(20314): Couldn't load memtrack module (No such file or directory)
E/android.os.Debug(20314): failed to load memtrack module: -2
D/dalvikvm(20314): Note: class Landroid/app/ActivityManagerNative; has 192 unimplemented (abstract) methods
D/AndroidRuntime(20314): Calling main entry com.android.commands.pm.Pm
V/PackageManager( 560): Install from ADB
D/PackageManager( 560): START_PACKAGE_INSTALL: observer{1117728288}
D/PackageManager( 560): PackageURI{file:///data/local/tmp/pushAI.apk}
D/PackageManager( 560): [MSG] INIT_COPY: observer{1117728288}
D/PackageManager( 560): idx{0}
D/PackageManager( 560): for_user{UserHandle{-1}}
D/PackageManager( 560): Trying to bind to DefaultContainerService
D/dalvikvm( 117): GC_EXPLICIT freed 42K, 37% free 3230K/5096K, paused 1ms+2ms, total 54ms
W/ActivityManager( 560): Permission Denial: getCurrentUser() from pid=20328, uid=10019 requires android.permission.INTERACT_ACROSS_USERS
D/dalvikvm( 117): GC_EXPLICIT freed <1K, 37% free 3230K/5096K, paused 2ms+6ms, total 56ms
D/PackageManager( 560): onServiceConnected
D/PackageManager( 560): [MSG] MCS_BOUND
D/PackageManager( 560): [MSG] MCS_BOUND: observer{1117728288}
D/PackageManager( 560): for_user{UserHandle{-1}}
D/dalvikvm( 117): GC_EXPLICIT freed <1K, 37% free 3230K/5096K, paused 2ms+1ms, total 42ms
I/ServiceManager( 119): Waiting for service com.marvell.FileMonitorService...
D/PackageManager( 560): Found 1 verifiers for intent Intent { act=android.intent.action.PACKAGE_NEEDS_VERIFICATION dat=file:///data/local/tmp/pushAI.apk typ=application/vnd.android.package-archive flg=0x1 } with 0 optional verifiers
I/HarmonyEASService( 560): Updating for all 1
I/PackageManager( 560): remove MCS_UNBIND message and Posting MCS_UNBIND 10 secs later
D/Finsky (19984): [1] PackageVerificationReceiver.onReceive: Verification requested, id = 5
D/Finsky (19984): [1] WorkerTask.onPreExecute: Verification Requested for id = 5, data=file:///data/local/tmp/pushAI.apk flags=114 fromVerificationActivity=false
I/ServiceManager( 119): Waiting for service com.marvell.FileMonitorService...
D/SSRMv2:SIOP( 560): SIOP:: AP = -100, Delta = 0
I/ServiceManager( 119): Waiting for service com.marvell.FileMonitorService...
W/ ( 119): FileMonitorService not published, waiting...
I/qtaguid (19984): Failed write_ctrl(u 63) res=-1 errno=22
I/qtaguid (19984): Untagging socket 63 failed errno=-22
W/NetworkManagementSocketTagger(19984): untagSocket(63) failed with errno -22
D/Finsky (19984): [1] 1.onResponse: Verification id=5 response=0
D/PackageManager( 560): [MSG] PACKAGE_VERIFIED: observer{1117728288}
D/PackageManager( 560): verificationId{5}
D/PackageManager( 560): copyApk
D/Finsky (19984): [1] PackageVerificationReceiver.onReceive: Verification requested, id = 5
D/STATUSBAR-NetworkController( 660): refreshSignalCluster - setNWBoosterIndicators(false)
D/STATUSBAR-NetworkController( 660): refreshSignalCluster: data=-1 bt=false
D/STATUSBAR-IconMerger( 660): checkOverflow(420), More:false, Req:false Child:2
I/PackageManager( 560): Copying native libraries to /data/app-lib/vmdl1771086910
I/ServiceManager( 119): Waiting for service com.marvell.FileMonitorService...
D/STATUSBAR-NetworkController( 660): refreshSignalCluster - setNWBoosterIndicators(false)
D/STATUSBAR-NetworkController( 660): refreshSignalCluster: data=-1 bt=false
D/STATUSBAR-IconMerger( 660): checkOverflow(420), More:false, Req:false Child:2
I/ServiceManager( 119): Waiting for service com.marvell.FileMonitorService...
D/PackageManager( 560): remove MCS_UNBIND and Posting MCS_UNBIND
D/PackageManager( 560): [MSG] PROCESS_PENDING_INSTALL: observer{1117728288}
D/PackageManager( 560): installPackageLI
D/dalvikvm( 560): GC_CONCURRENT freed 3996K, 29% free 20641K/28752K, paused 7ms+14ms, total 272ms
D/dalvikvm( 560): WAIT_FOR_CONCURRENT_GC blocked 237ms
I/ServiceManager( 119): Waiting for service com.marvell.FileMonitorService...
D/PackageManager( 560): Time to collect certificates: 1.399 seconds
W/PackageManager( 560): verifying app can be installed or not
D/PackageManager( 560): Replace existing pacakge:
D/PackageManager( 560): Existing package:
D/PackageManager( 560): doRename:
D/PackageManager( 560): doRename apk path:
D/PackageManager( 560): replacePackageLI
D/PackageManager( 560): replacePackageLI:
D/PackageManager( 560): !@killApplicatoin: 10136, uninstall pkg
I/ActivityManager( 560): Killing 19407:com.bd.pushAI/u0a136 (adj 9): stop com.bd.pushAI
D/SensorHal( 560): setDelay, handle: 1598182229 delay: 200000000
I/SensorHal( 560): set delay of to 200ms
W/PackageSettings( 560): Skipping PackageSetting{42283a48 com.sec.android.allshare.framework/10003} due to missing metadata
I/ServiceManager( 119): Waiting for service com.marvell.FileMonitorService...
I/PackageManager( 560): Package com.bd.pushAI codePath changed from /data/app/com.bd.pushAI-6.apk to /data/app/com.bd.pushAI-7.apk; Retaining data and using new
D/STATUSBAR-NetworkController( 660): refreshSignalCluster - setNWBoosterIndicators(false)
D/STATUSBAR-NetworkController( 660): refreshSignalCluster: data=-1 bt=false
D/STATUSBAR-IconMerger( 660): checkOverflow(420), More:false, Req:false Child:2
D/BatteryService( 560): level:28, scale:100, status:3, health:2, present:true, voltage: 3760, temperature: 340, technology: Li-ion, AC powered:false, USB powered:true, Wireless powered:false, icon:17303538, invalid charger:0, online:4, current avg:38, charge type:0, power sharing:false
D/BatteryService( 560): Sending ACTION_BATTERY_CHANGED.
D/KeyguardUpdateMonitor( 660): received broadcast android.intent.action.BATTERY_CHANGED
D/KeyguardUpdateMonitor( 660): handleBatteryUpdate
D/CMASMessage( 660): [update] mShowingCMASText is false
D/CMASMessage( 660): CMASIcon was GONE :
D/CMBaseReceiver( 2862): com.cleanmaster.login.bindphone.mobileinfo.h 0ms
D/STATUSBAR-PhoneStatusBar( 660): mBrightnessEnablebySettings = true mBrightnessEnablebyBattery = true mBrightnessEnablebyDisableFlag = true mPmsBrightnessEnablebySettings = true
D/STATUSBAR-IconMerger( 660): checkOverflow(420), More:false, Req:false Child:2
D/Brightness(13603): mIntentReceiver.onReceive: action=android.intent.action.BATTERY_CHANGED, intent=Intent { act=android.intent.action.BATTERY_CHANGED flg=0x60000010 (has extras) }
D/MainActivityBaseUi.java(13603): in brightness disabled on critical battery low
D/BatteryMeterView( 660): ACTION_BATTERY_CHANGED : level:28 status:3 health:2
I/ServiceManager( 119): Waiting for service com.marvell.FileMonitorService...
D/STATUSBAR-NetworkController( 660): refreshSignalCluster - setNWBoosterIndicators(false)
D/STATUSBAR-NetworkController( 660): refreshSignalCluster: data=-1 bt=false
D/STATUSBAR-IconMerger( 660): checkOverflow(420), More:false, Req:false Child:2
W/ ( 119): FileMonitorService not published, waiting...
W/dalvikvm(20349): method Landroid/support/v7/internal/widget/ListViewCompat;.lookForSelectablePosition incorrectly overrides package-private method with same name in Landroid/widget/ListView;
I/ServiceManager( 119): Waiting for service com.marvell.FileMonitorService...
D/dalvikvm(20349): Note: class Lcom/google/android/gms/games/internal/IGamesService$Stub; has 191 unimplemented (abstract) methods
D/dalvikvm(20349): DexOpt: 'Lorg/apache/commons/codec/binary/Base64;' has an earlier definition; blocking out
D/dalvikvm(20349): DexOpt: 'Lorg/apache/commons/codec/binary/Hex;' has an earlier definition; blocking out
D/dalvikvm(20349): DexOpt: 'Lorg/w3c/dom/UserDataHandler;' has an earlier definition; blocking out
I/ServiceManager( 119): Waiting for service com.marvell.FileMonitorService...
I/ServiceManager( 119): Waiting for service com.marvell.FileMonitorService...
D/SSRMv2:SIOP( 560): SIOP:: AP = -100, Delta = 0
D/dalvikvm(20349): DexOpt: not verifying/optimizing 'Lorg/apache/commons/codec/binary/Base64;': multiple definitions
D/dalvikvm(20349): DexOpt: not verifying/optimizing 'Lorg/apache/commons/codec/binary/Hex;': multiple definitions
I/dalvikvm(20349): DexOpt: not resolving ambiguous class 'Lorg/apache/commons/codec/binary/Hex;'
I/dalvikvm(20349): DexOpt: not resolving ambiguous class 'Lorg/apache/commons/codec/binary/Base64;'
I/dalvikvm(20349): DexOpt: not resolving ambiguous class 'Lorg/apache/commons/codec/binary/Base64;'
D/dalvikvm(20349): DexOpt: not verifying/optimizing 'Lorg/w3c/dom/UserDataHandler;': multiple definitions
I/dalvikvm(20349): DexOpt: not resolving ambiguous class 'Lorg/apache/commons/codec/binary/Hex;'
D/dalvikvm(20349): DexOpt: load 612ms, verify+opt 2412ms, 5754340 bytes
I/ServiceManager( 119): Waiting for service com.marvell.FileMonitorService...
D/PackageManager( 560): Time to dexopt: 5.439 seconds
D/PackageManager( 560): !@killApplicatoin: 10136, update pkg
W/PackageManager( 560): Code path for pkg : com.bd.pushAI changing from /data/app/com.bd.pushAI-6.apk to /data/app/com.bd.pushAI-7.apk
W/PackageManager( 560): Resource path for pkg : com.bd.pushAI changing from /data/app/com.bd.pushAI-6.apk to /data/app/com.bd.pushAI-7.apk
D/PackageManager( 560): updateSettingsLI:
W/PackageSettings( 560): Skipping PackageSetting{42283a48 com.sec.android.allshare.framework/10003} due to missing metadata
D/PackageManager( 560): New package installed in
W/PackageManager( 560): Not granting permission android.permission.READ_LOGS to package com.gsl.devicetestios (protectionLevel=50 flags=0x88be44)
W/PackageManager( 560): Unknown permission android.permission.ACCESS_GPS in package com.bd.Wikitude
W/PackageManager( 560): Unknown permission android.intent.action.MEDIA_MOUNTED in package com.sec.android.gallery3d
W/PackageManager( 560): Unknown permission com.sec.android.app.sns3.sp.facebook.permission.READ_DB in package com.sec.android.gallery3d
W/PackageManager( 560): Unknown permission com.sec.android.email.permission.BACKGROUNDSENDER in package com.sec.android.gallery3d
W/PackageManager( 560): Unknown permission com.sec.android.cloudagent.permission.READ in package com.sec.android.gallery3d
W/PackageManager( 560): Unknown permission com.sec.android.cloudagent.permission.WRITE in package com.sec.android.gallery3d
W/PackageManager( 560): Unknown permission com.sec.android.cloudagent.permission.ACCESS in package com.sec.android.gallery3d
W/PackageManager( 560): Unknown permission com.samsung.helphub.permission.HELP in package com.sec.android.gallery3d
W/PackageManager( 560): Unknown permission com.sec.knox.containeragent.USE_CONTAINERAGENT in package com.sec.android.gallery3d
W/PackageManager( 560): Unknown permission com.sec.android.app.twdvfs.DVFS_BOOSTER_PERMISSION in package com.sec.android.gallery3d
W/PackageManager( 560): Unknown permission com.sec.chaton.TOKEN_28e9e5f8058dc2fc70dea61856a21d58ed9c7edc1c5d9a9b15c7dc5cd78e317999676ad8618d2d2d9e600ebb75e8aee96abd57bdc06c6fe733898c5657971f32cffed5885a2efef4d9fd10ff675339558c04ab9e8c3dbc90c0d6b5b2f1f4f4e2d6f3c3658fae505e42224b61c140e442cd2c9faebf23df274bb173c5876a6912 in package com.sec.android.gallery3d
W/PackageManager( 560): Unknown permission com.sec.chaton.TOKEN_085376204d115cdd465b103094225633cb5e9707b4c76225285750054db230f38e719dd583e31939a616bac2e957cfb50beee4ff163f8c7903b2fdc7b6ef6f421570e4f459f9ebc0ac8c6cdd91cddf5c5945ddb36713571a55d279a9a711c785ec83dbe633884bbb80117461a05777408a335c9baa94f83d5da7b2acfb161fa1 in package com.sec.android.gallery3d
W/PackageManager( 560): Unknown permission com.samsung.android.app.episodes.permission.SEND_MULTIPLE_TO_STORYALBUM in package com.sec.android.gallery3d
W/PackageManager( 560): Unknown permission com.sec.android.spc.playerdb.READ_PLAYER_INFO in package com.sec.android.gallery3d
W/PackageManager( 560): Unknown permission sidesync.app.action.permission.KMS_FILETRANSFER_DRAG_FILEINFO in package com.sec.android.gallery3d
W/PackageManager( 560): Unknown permission com.samsung.android.app.assistantmenu.permission.ADVERTISE_ASSISTANTMENU in package com.sec.android.gallery3d
W/PackageManager( 560): Unknown permission com.android.QualcommSettings.permission.UTS_DM_CMD in package com.android.phone
W/PackageManager( 560): Unknown permission android.permission.ADD_SYSTEM_SERVICE in package com.android.phone
W/PackageManager( 560): Unknown permission com.android.smspush.WAPPUSH_MANAGER_BIND in package com.android.phone
W/PackageManager( 560): Unknown permission com.sprint.internal.permission.SYSTEMPROPERTIES_WRITE in package com.android.phone
W/PackageManager( 560): Unknown permission com.cequint.ecid.CALLER_ID_LOOKUP in package com.android.phone
W/PackageManager( 560): Unknown permission com.samsung.InputEventApp.permission.UTS_DM_CMD in package com.android.phone
W/PackageManager( 560): Unknown permission com.samsungtest.SlateTest.SLATE_DM_CMD in package com.android.phone
W/PackageManager( 560): Unknown permission com.samsung.tmowfc.wfcprovider.permission.READ_WFCPROVIDER in package com.android.phone
W/PackageManager( 560): Unknown permission com.samsung.tmowfc.wfcprovider.permission.WRITE_REGISTER in package com.android.phone
W/PackageManager( 560): Unknown permission com.samsung.tmowfc.wfcprovider.permission.WRITE_SET_EMERGENCY in package com.android.phone
W/PackageManager( 560): Unknown permission com.samsung.tmowfc.wfcprovider.permission.WRITE_EMERGENCY_CALL_STATE in package com.android.phone
W/PackageManager( 560): Unknown permission com.samsung.rcs.cs.READ_PERMISSION in package com.android.phone
W/PackageManager( 560): Unknown permission com.samsung.rcs.cs.WRITE_PERMISSION in package com.android.phone
W/PackageManager( 560): Unknown permission com.samsung.rcs.serviceprovider.READ_PERMISSION in package com.android.phone
W/PackageManager( 560): Unknown permission com.samsung.rcs.serviceprovider.WRITE_PERMISSION in package com.android.phone
W/PackageManager( 560): Unknown permission com.samsung.rcs.permission.RCS_APP_PERMISSION in package com.android.phone
W/PackageManager( 560): Unknown permission com.sec.ims.android.PERMISSION in package com.android.phone
W/PackageManager( 560): Unknown permission com.samsung.commonimsinterface.PERMISSION in package com.android.phone
W/PackageManager( 560): Unknown permission sstream.app.StoryProvider.WRITE.PERMISSION in package com.android.phone
W/PackageManager( 560): Unknown permission com.sec.android.app.hiddenmenu.permission.KEYSTRING in package com.android.phone
W/PackageManager( 560): Unknown permission com.samsung.wmanager.ENABLE_NOTIFICATION in package com.android.phone
W/PackageManager( 560): Unknown permission com.skt.prod.permission.PHONE_SERVICE in package com.android.phone
W/PackageManager( 560): Unknown permission com.itsoninc.android.permission.USE_ITSON_SERVICE in package com.android.phone
W/PackageManager( 560): Unknown permission com.samsung.syncservice.permission.OMADM.KEYSTRING in package com.android.phone
W/PackageManager( 560): Unknown permission com.samsung.android.providers.context.permission.WRITE_USE_APP_FEATURE_SURVEY in package com.android.phone
W/PackageManager( 560): Unknown permission com.verizon.vzwavs.permission.READ in package com.android.phone
W/PackageManager( 560): Unknown permission com.sec.android.settings.permission.SOFT_RESET in package com.android.phone
W/PackageManager( 560): Unknown permission com.diagmondm.permission.WSSDM in package com.sec.android.fotaclient
W/PackageManager( 560): Unknown permission com.sec.android.emergencymode.permission.LAUNCH_EMERGENCYMODE_SERVICE in package com.fmm.dm
W/PackageManager( 560): Unknown permission com.android.gallery3d.permission.GALLERY_PROVIDER in package com.android.bluetooth
W/PackageManager( 560): Unknown permission android.permission.MMS_SEND_OUTBOX_MSG in package com.android.bluetooth
W/PackageManager( 560): Unknown permission com.samsung.android.app.episodes.permission.IMPORT_STORYALBUM in package com.android.bluetooth
W/PackageManager( 560): Unknown permission com.sec.android.settings.permission.SOFT_RESET in package com.android.bluetooth
W/PackageManager( 560): Unknown permission android.permission.READ_TASKS in package com.android.providers.calendar
W/PackageManager( 560): Unknown permission com.sec.dcm.provider.DCMProvider.START in package com.android.providers.calendar
W/PackageManager( 560): Unknown permission com.sec.android.widgetapp.q1_penmemo.permission.READ in package com.vlingo.midas
W/PackageManager( 560): Unknown permission com.sec.android.widgetapp.q1_penmemo.permission.WRITE in package com.vlingo.midas
W/PackageManager( 560): Unknown permission com.sec.android.app.clockpackage.permission.READ_ALARM in package com.vlingo.midas
W/PackageManager( 560): Unknown permission com.sec.android.app.clockpackage.permission.WRITE_ALARM in package com.vlingo.midas
W/PackageManager( 560): Unknown permission com.sec.android.app.twdvfs.DVFS_BOOSTER_PERMISSION in package com.vlingo.midas
W/PackageManager( 560): Unknown permission android.Manifest.permission.DISABLE_KEYGUARD in package com.vlingo.midas
W/PackageManager( 560): Unknown permission com.samsung.music.permission.READ_MUSIC_STORAGE in package com.vlingo.midas
W/PackageManager( 560): Unknown permission com.sec.android.daemonapp.ap.yonhapnews.permission.YONHAP_DAEMON_ACCESS_PROVIDER in package com.vlingo.midas
W/PackageManager( 560): Unknown permission com.sec.android.provider.emergencymode.READ_DATABASE in package com.vlingo.midas
W/PackageManager( 560): Unknown permission com.samsung.android.memo.WRITE in package com.vlingo.midas
W/PackageManager( 560): Unknown permission com.samsung.android.memo.READ in package com.vlingo.midas
W/PackageManager( 560): Unknown permission com.samsung.helphub.permission.HELP in package com.vlingo.midas
W/PackageManager( 560): Unknown permission com.sec.android.app.twdvfs.DVFS_BOOSTER_PERMISSION in package com.sec.factory
W/PackageManager( 560): Unknown permission com.sec.android.widgetapp.q1_penmemo.permission.WRITE in package com.samsung.android.scloud.sync
W/PackageManager( 560): Unknown permission com.sec.android.widgetapp.q1_penmemo.permission.READ in package com.samsung.android.scloud.sync
W/PackageManager( 560): Unknown permission samsung.android.provider.snote2.permission.read in package com.samsung.android.scloud.sync
W/PackageManager( 560): Unknown permission samsung.android.provider.snote2.permission.write in package com.samsung.android.scloud.sync
W/PackageManager( 560): Unknown permission samsung.android.snoteprovider.permission.READ in package com.samsung.android.scloud.sync
W/PackageManager( 560): Unknown permission samsung.android.snoteprovider.permission.WRITE in package com.samsung.android.scloud.sync
W/PackageManager( 560): Unknown permission com.sec.sCloudQuotaApp.permission in package com.samsung.android.scloud.sync
W/PackageManager( 560): Unknown permission com.samsung.android.memo.READ in package com.samsung.android.scloud.sync
W/PackageManager( 560): Unknown permission com.samsung.android.memo.WRITE in package com.samsung.android.scloud.sync
W/PackageManager( 560): Unknown permission com.sprint.internal.permission.SYSTEMPROPERTIES in package com.android.browser
W/PackageManager( 560): Unknown permission com.samsung.helphub.permission.HELP in package com.android.browser
W/PackageManager( 560): Unknown permission com.samsung.android.app.episodes.permission.IMPORT_STORYALBUM in package com.android.providers.downloads.ui
W/PackageManager( 560): Unknown permission .permission.C2D_MESSAGE in package com.instagram.android
W/PackageManager( 560): Unknown permission .permission.RECEIVE_ADM_MESSAGE in package com.instagram.android
W/PackageManager( 560): Unknown permission com.nokia.pushnotifications.permission.RECEIVE in package com.instagram.android
W/PackageManager( 560): Unknown permission com.amazon.device.messaging.permission.RECEIVE in package com.instagram.android
W/PackageManager( 560): Unknown permission com.htc.launcher.permission.READ_SETTINGS in package com.instagram.android
W/PackageManager( 560): Unknown permission com.htc.launcher.permission.UPDATE_SHORTCUT in package com.instagram.android
W/PackageManager( 560): Unknown permission com.sec.dcm.provider.DCMProvider.START in package com.android.providers.media
W/PackageManager( 560): Unknown permission com.sec.dcm.provider.DCMProvider.data.READ in package com.android.providers.media
W/PackageManager( 560): Unknown permission com.sec.dcm.provider.DCMProvider.data.WRITE in package com.android.providers.media
W/PackageManager( 560): Unknown permission com.android.setting.permission.NEARBY_SERVER in package com.sec.android.nearby.mediaserver
W/PackageManager( 560): Unknown permission com.sec.android.settings.permission.SOFT_RESET in package com.sec.android.nearby.mediaserver
W/PackageManager( 560): Not granting permission android.permission.ACCESS_USB to package com.siso.app.generic (protectionLevel=18 flags=0x88be45)
W/PackageManager( 560): Unknown permission android.permission.READ_OWNER_DATA in package com.google.android.setupwizard
W/PackageManager( 560): Unknown permission android.permission.WRITE_OWNER_DATA in package com.google.android.setupwizard
W/PackageManager( 560): Unknown permission android.permission.WRITE_INTERNAL_STORAGE in package com.android.settings
W/PackageManager( 560): Unknown permission com.sec.android.app.twdvfs.DVFS_BOOSTER_PERMISSION in package com.android.settings
W/PackageManager( 560): Unknown permission com.samsung.helphub.permission.HELP in package com.android.settings
W/PackageManager( 560): Unknown permission com.sec.android.spc.account.READ_ACCOUNT_INFO in package com.android.settings
W/PackageManager( 560): Unknown permission com.sec.android.spc.account.WRITE_ACCOUNT_INFO in package com.android.settings
W/PackageManager( 560): Unknown permission com.samsung.rcs.settings.READ_PERMISSION in package com.android.settings
W/PackageManager( 560): Unknown permission com.samsung.rcs.settings.WRITE_PERMISSION in package com.android.settings
W/PackageManager( 560): Unknown permission com.samsung.tmowfc.wfcprovider.permission.READ_WFCPROVIDER in package com.android.settings
W/PackageManager( 560): Unknown permission com.samsung.tmowfc.wfcprovider.permission.WRITE_REGISTER in package com.android.settings
W/PackageManager( 560): Unknown permission com.sec.android.spc.MEMBER_MANAGEMENT in package com.android.settings
W/PackageManager( 560): Unknown permission com.sec.android.spc.service.BACKUP in package com.android.settings
W/PackageManager( 560): Unknown permission provider.settingsearch.permission.READ in package com.android.settings
W/PackageManager( 560): Unknown permission com.samsung.android.internal.intelligence.useranalysis.permission.READ_PLACE in package com.android.settings
W/PackageManager( 560): Unknown permission com.samsung.android.internal.intelligence.useranalysis.permission.WRITE_PLACE in package com.android.settings
W/PackageManager( 560): Unknown permission com.sec.android.permission.KNOX in package com.android.settings
W/PackageManager( 560): Unknown permission com.samsung.commonimsinterface.PERMISSION in package com.android.settings
W/PackageManager( 560): Unknown permission com.samsung.android.permission.GET_SECRET_PACKAGE_LIST in package com.android.settings
W/PackageManager( 560): Unknown permission com.samsung.android.app.assistantmenu.permission.ADVERTISE_ASSISTANTMENU in package com.android.settings
W/PackageManager( 560): Unknown permission com.samsung.android.app.assistantmenu.permission.READ_WRITE in package com.android.settings
W/PackageManager( 560): Unknown permission com.samsung.android.providers.context.permission.WRITE_USE_APP_FEATURE_SURVEY in package com.android.settings
W/PackageManager( 560): Unknown permission com.samsung.android.sconnect.permission.ACCESS_QUICKCONNECT_WEARABLE in package com.android.settings
W/PackageManager( 560): Unknown permission com.samsung.rcs.permission.RCS_APP_PERMISSION in package com.android.settings
W/PackageManager( 560): Unknown permission sstream.app.StoryProvider.WRITE.PERMISSION in package com.sec.pcw
W/PackageManager( 560): Unknown permission com.samsung.android.providers.context.permission.READ_PROFILE in package com.sec.android.pagebuddynotisvc
W/PackageManager( 560): Unknown permission com.google.android.voicesearch.SHORTCUTS_ACCESS in package com.google.android.googlequicksearchbox
W/PackageManager( 560): Unknown permission com.google.android.voicesearch.ACCESS_SETTINGS in package com.google.android.googlequicksearchbox
W/PackageManager( 560): Unknown permission com.google.android.ears.permission.WRITE in package com.google.android.googlequicksearchbox
W/PackageManager( 560): Not granting permission android.permission.INTERACT_ACROSS_USERS to package com.google.android.googlequicksearchbox (protectionLevel=50 flags=0xdbbec5)
W/PackageManager( 560): Unknown permission android.permission.REAL_GET_TASKS in package com.google.android.googlequicksearchbox
W/PackageManager( 560): Unknown permission com.google.android.apps.googlevoice.permission.AUTO_SEND in package com.google.android.googlequicksearchbox
W/PackageManager( 560): Unknown permission android.permission.MANAGE_VOICE_KEYPHRASES in package com.google.android.googlequicksearchbox
W/PackageManager( 560): Unknown permission com.android.chrome.PRERENDER_URL in package com.google.android.googlequicksearchbox
W/PackageManager( 560): Unknown permission com.google.android.launcher.permission.CONTENT_REDIRECT in package com.google.android.googlequicksearchbox
W/PackageManager( 560): Unknown permission com.facebook.pages.app.provider.ACCESS in package com.facebook.katana
W/PackageManager( 560): Not granting permission android.permission.BATTERY_STATS to package com.facebook.katana (protectionLevel=18 flags=0x88be44)
W/PackageManager( 560): Unknown permission com.htc.launcher.permission.READ_SETTINGS in package com.facebook.katana
W/PackageManager( 560): Unknown permission com.htc.launcher.permission.UPDATE_SHORTCUT in package com.facebook.katana
W/PackageManager( 560): Unknown permission com.sonyericsson.home.permission.BROADCAST_BADGE in package com.facebook.katana
W/PackageManager( 560): Unknown permission .home.permission.WRITE_BADGES in package com.facebook.katana
W/PackageManager( 560): Unknown permission com.nokia.pushnotifications.permission.RECEIVE in package com.facebook.katana
W/PackageManager( 560): Unknown permission com.amazon.device.messaging.permission.RECEIVE in package com.facebook.katana
W/PackageManager( 560): Unknown permission com.android.email.ACCOUNT_INTENT in package com.android.exchange
W/PackageManager( 560): Unknown permission android.permission.READ_OWNER_DATA in package com.android.exchange
W/PackageManager( 560): Unknown permission com.sec.knox.ssoagent.USE_KNOX in package com.android.exchange
W/PackageManager( 560): Unknown permission com.samsung.android.providers.context.permission.WRITE_EXCHANGE_EMAIL in package com.android.exchange
W/PackageManager( 560): Unknown permission com.samsung.android.providers.context.permission.WRITE_USE_APP_FEATURE_SURVEY in package com.android.exchange
W/PackageManager( 560): Unknown permission android.permission.READ_TASKS in package com.sec.android.providers.tasks
W/PackageManager( 560): Unknown permission android.permission.WRITE_TASKS in package com.sec.android.providers.tasks
W/PackageManager( 560): Not granting permission android.permission.INTERACT_ACROSS_USERS_FULL to package com.samsung.groupcast (protectionLevel=2 flags=0x4098be45)
W/PackageManager( 560): Unknown permission com.samsung.helphub.permission.HELP in package com.samsung.groupcast
W/PackageManager( 560): Unknown permission com.TEDC.android.groupplay in package com.samsung.groupcast
W/PackageManager( 560): Unknown permission com.samsung.android.providers.context.permission.WRITE_USE_APP_FEATURE_SURVEY in package com.samsung.groupcast
W/PackageManager( 560): Unknown permission com.diagmondm.permission.WSSDM in package com.wssyncmldm
W/PackageManager( 560): Unknown permission com.samsung.android.app.episodes.permission.IMPORT_STORYALBUM in package com.sec.android.app.FileShareClient
W/PackageManager( 560): Not granting permission android.permission.ACCOUNT_MANAGER to package com.sec.android.provider.snote (protectionLevel=2 flags=0x4088be45)
W/PackageManager( 560): Unknown permission android.permission.WRITE_SYNC_STATS in package com.google.android.apps.docs
W/PackageManager( 560): Unknown permission com.samsung.android.app.episodes.permission.IMPORT_STORYALBUM in package com.android.providers.downloads
W/PackageManager( 560): Unknown permission android.permission.ACCESS_DRM in package com.android.providers.downloads
W/PackageManager( 560): Unknown permission android.permission.INSTALL_DRM in package com.android.providers.downloads
W/PackageManager( 560): Not granting permission com.sec.enterprise.mdm.permission.BROWSER_PROXY to package com.android.providers.downloads (protectionLevel=2 flags=0x4088be45)
W/PackageManager( 560): Unknown permission android.permission.WRITE_INTERNAL_STORAGE in package com.sec.android.app.wallpaperchooser
W/PackageManager( 560): Unknown permission com.samsung.android.memo.READ in package com.sec.bcservice
W/PackageManager( 560): Not granting permission android.permission.READ_LOGS to package com.bd.moduleAndroid (protectionLevel=50 flags=0x88be44)
W/PackageManager( 560): Unknown permission com.samsung.android.providers.context.permission.WRITE_EXCHANGE_CALL in package com.sec.android.provider.logsprovider
W/PackageManager( 560): Not granting permission android.permission.INTERNAL_SYSTEM_WINDOW to package com.sec.android.app.popupcalculator (protectionLevel=2 flags=0x98be45)
W/PackageManager( 560): Not granting permission com.sec.android.app.factorymode.permission.KEYSTRING to package com.sec.android.app.popupcalculator (protectionLevel=18 flags=0x98be45)
W/PackageManager( 560): Unknown permission com.sec.android.app.parser.permission.SecretCodeIME in package com.sec.android.app.popupcalculator
W/PackageManager( 560): Unknown permission com.sec.android.app.hiddenmenu.permission.KEYSTRING in package com.sec.android.app.popupcalculator
W/PackageManager( 560): Unknown permission com.samsung.android.providers.context.permission.WRITE_USE_APP_FEATURE_SURVEY in package com.sec.android.app.popupcalculator
W/PackageManager( 560): Unknown permission com.samsung.android.app.episodes.permission.IMPORT_STORYALBUM in package com.sec.android.app.FileShareServer
W/PackageManager( 560): Unknown permission sstream.app.broadcast.SYNC_USER in package flipboard.app
W/PackageManager( 560): Not granting permission android.permission.SEND_SMS_NO_CONFIRMATION to package com.sec.android.app.samsungapps (protectionLevel=18 flags=0xd8bec5)
W/PackageManager( 560): Not granting permission android.permission.UPDATE_APP_OPS_STATS to package com.sec.android.app.samsungapps (protectionLevel=18 flags=0xd8bec5)
W/PackageManager( 560): Unknown permission android.permission.WRITE_INTERNAL_STORAGE in package com.sec.android.app.samsungapps
W/PackageManager( 560): Unknown permission android.permission.WIFI_LOCK in package com.sec.android.app.samsungapps
W/PackageManager( 560): Unknown permission com.sec.android.provider.una.astore.permission.WRITE in package com.sec.android.app.samsungapps
W/PackageManager( 560): Unknown permission com.sec.android.provider.una.astore.permission.READ in package com.sec.android.app.samsungapps
W/PackageManager( 560): Not granting permission android.permission.DELETE_PACKAGES to package com.sec.android.app.samsungapps (protectionLevel=18 flags=0xd8bec5)
W/PackageManager( 560): Unknown permission com.sec.spp.push.permission.ACCESS_SPP_SERVER in package com.sec.android.app.samsungapps
W/PackageManager( 560): Not granting permission com.sec.android.fota.permission.PUSH to package com.sec.android.app.samsungapps (protectionLevel=18 flags=0xd8bec5)
W/PackageManager( 560): Unknown permission com.sec.android.emergencymode.permission.EMERGENCY_STATE_CHANGED in package com.sec.android.app.samsungapps
W/PackageManager( 560): Not granting permission android.permission.INTERACT_ACROSS_USERS to package com.sec.android.app.samsungapps (protectionLevel=50 flags=0xd8bec5)
W/PackageManager( 560): Unknown permission com.sec.android.wallet.permission in package com.sec.android.app.samsungapps
W/PackageManager( 560): Unknown permission sstream.app.StoryProvider.WRITE.PERMISSION in package com.sec.android.app.samsungapps
W/PackageManager( 560): Unknown permission com.samsung.android.permission.installApp in package com.sec.android.app.samsungapps
W/PackageManager( 560): Not granting permission android.permission.SET_PROCESS_LIMIT to package com.sec.android.app.samsungapps (protectionLevel=50 flags=0xd8bec5)
W/PackageManager( 560): Unknown permission com.sec.spp.permission.TOKEN_2e584d01f317fdee32cc8e855153d01df2a62f8194c5c4e621bf45bcc3807f066f637c5329f12f95158279f36aae6250df4a72e8d51fc6e578e248fcf11e8339654d20216c79a9d36fed33741d7190e77939da234b8157e48c3cdde7bc93bffdba1de18b6415d62b81b8d2dd41756f099ecb13fc4d975077a6d8cde99df4405b in package com.sec.android.app.samsungapps
W/PackageManager( 560): Unknown permission sec.android.permission.READ_MSG_PREF in package android
W/PackageManager( 560): Unknown permission android.permission.ACCESS_FM_RECEIVER in package android
W/PackageManager( 560): Unknown permission com.sec.android.permission.SIDESYNC_SOURCE_PSS in package android
W/PackageManager( 560): Unknown permission com.sec.android.settings.permission.SOFT_RESET in package android
W/PackageManager( 560): Unknown permission com.sec.knox.migrationagent.permission.RECEIVE_MIGRATION in package android
