D/STATUSBAR-IconMerger( 660): checkOverflow(420), More:false, Req:false Child:2
V/TaskCloserActivity(20850): TaskCloserActivity onReceive()
V/AlarmManager( 560): waitForAlarm result :4
V/AlarmManager( 560): trigger ELAPSED_REALTIME_WAKEUP or RTC_WAKEUP
D/dalvikvm( 117): GC_EXPLICIT freed 42K, 37% free 3230K/5096K, paused 3ms+4ms, total 46ms
D/dalvikvm( 117): GC_EXPLICIT freed <1K, 37% free 3230K/5096K, paused 5ms+3ms, total 32ms
D/dalvikvm( 117): GC_EXPLICIT freed <1K, 37% free 3230K/5096K, paused 2ms+1ms, total 23ms
I/ServiceManager( 119): Waiting for service com.marvell.FileMonitorService...
D/SensorHal( 560): setDelay, handle: 1598182229 delay: 200000000
I/SensorHal( 560): set delay of to 200ms
D/SensorManager( 812): unregisterListener ::
E/Qmage (20864): onDecode : QmageDecodeFrame 20140421 Rev.6376
E/Qmage (20864): This is decoding
E/Qmage (20864): decoding stream->hasLength()
E/Qmage (20864): onDecode : QmageDecParseHeader call : QM
E/Qmage (20864): Qmage parsing for decoding ok
E/Qmage (20864): onDecode : QmageHeader.NinePatched 0
E/Qmage (20864): onDecode : QmageHeader Height() 58 Width() : 47 sampleSize : 1
E/Qmage (20864): Qmage Make Color table
E/Qmage (20864): SkBitmap::kIndex8_Config == config && 1 == sampleSize
E/Qmage (20864): onDecode : return true QM
D/STATUSBAR-NetworkController( 660): refreshSignalCluster - setNWBoosterIndicators(false)
D/STATUSBAR-NetworkController( 660): refreshSignalCluster: data=-1 bt=false
D/STATUSBAR-IconMerger( 660): checkOverflow(420), More:false, Req:false Child:2
E/Qmage (20864): onDecode : QmageDecodeFrame 20140421 Rev.6376
E/Qmage (20864): This is decoding
E/Qmage (20864): decoding stream->hasLength()
E/Qmage (20864): onDecode : QmageDecParseHeader call : QM
E/Qmage (20864): Qmage parsing for decoding ok
E/Qmage (20864): onDecode : QmageHeader.NinePatched 0
E/Qmage (20864): onDecode : QmageHeader Height() 16 Width() : 606 sampleSize : 1
E/Qmage (20864): Qmage Make Color table
E/Qmage (20864): SkBitmap::kIndex8_Config == config && 1 == sampleSize
E/Qmage (20864): onDecode : return true QM
E/Qmage (20864): onDecode : QmageDecodeFrame 20140421 Rev.6376
E/Qmage (20864): This is decoding
E/Qmage (20864): decoding stream->hasLength()
E/Qmage (20864): onDecode : QmageDecParseHeader call : QM
E/Qmage (20864): Qmage parsing for decoding ok
E/Qmage (20864): onDecode : QmageHeader.NinePatched 0
E/Qmage (20864): onDecode : QmageHeader Height() 16 Width() : 606 sampleSize : 1
E/Qmage (20864): Qmage Make Color table
E/Qmage (20864): SkBitmap::kIndex8_Config == config && 1 == sampleSize
E/Qmage (20864): onDecode : return true QM
E/Qmage (20864): onDecode : QmageDecodeFrame 20140421 Rev.6376
E/Qmage (20864): This is decoding
E/Qmage (20864): decoding stream->hasLength()
E/Qmage (20864): onDecode : QmageDecParseHeader call : QM
E/Qmage (20864): Qmage parsing for decoding ok
E/Qmage (20864): onDecode : QmageHeader.NinePatched 0
E/Qmage (20864): onDecode : QmageHeader Height() 16 Width() : 606 sampleSize : 1
E/Qmage (20864): Qmage Make Color table
E/Qmage (20864): SkBitmap::kIndex8_Config == config && 1 == sampleSize
E/Qmage (20864): onDecode : return true QM
E/Qmage (20864): onDecode : QmageDecodeFrame 20140421 Rev.6376
E/Qmage (20864): This is decoding
E/Qmage (20864): decoding stream->hasLength()
E/Qmage (20864): onDecode : QmageDecParseHeader call : QM
E/Qmage (20864): Qmage parsing for decoding ok
E/Qmage (20864): onDecode : QmageHeader.NinePatched 0
E/Qmage (20864): onDecode : QmageHeader Height() 16 Width() : 606 sampleSize : 1
E/Qmage (20864): Qmage Make Color table
E/Qmage (20864): SkBitmap::kIndex8_Config == config && 1 == sampleSize
E/Qmage (20864): onDecode : return true QM
E/Qmage (20864): onDecode : QmageDecodeFrame 20140421 Rev.6376
E/Qmage (20864): This is decoding
E/Qmage (20864): decoding stream->hasLength()
E/Qmage (20864): onDecode : QmageDecParseHeader call : QM
E/Qmage (20864): Qmage parsing for decoding ok
E/Qmage (20864): onDecode : QmageHeader.NinePatched 0
E/Qmage (20864): onDecode : QmageHeader Height() 16 Width() : 606 sampleSize : 1
E/Qmage (20864): Qmage Make Color table
E/Qmage (20864): SkBitmap::kIndex8_Config == config && 1 == sampleSize
E/Qmage (20864): onDecode : return true QM
E/Qmage (20864): onDecode : QmageDecodeFrame 20140421 Rev.6376
E/Qmage (20864): This is decoding
E/Qmage (20864): decoding stream->hasLength()
E/Qmage (20864): onDecode : QmageDecParseHeader call : QM
E/Qmage (20864): Qmage parsing for decoding ok
E/Qmage (20864): onDecode : QmageHeader.NinePatched 0
E/Qmage (20864): onDecode : QmageHeader Height() 16 Width() : 606 sampleSize : 1
E/Qmage (20864): Qmage Make Color table
E/Qmage (20864): SkBitmap::kIndex8_Config == config && 1 == sampleSize
E/Qmage (20864): onDecode : return true QM
E/Qmage (20864): onDecode : QmageDecodeFrame 20140421 Rev.6376
E/Qmage (20864): This is decoding
E/Qmage (20864): decoding stream->hasLength()
E/Qmage (20864): onDecode : QmageDecParseHeader call : QM
E/Qmage (20864): Qmage parsing for decoding ok
E/Qmage (20864): onDecode : QmageHeader.NinePatched 0
E/Qmage (20864): onDecode : QmageHeader Height() 16 Width() : 606 sampleSize : 1
E/Qmage (20864): Qmage Make Color table
E/Qmage (20864): SkBitmap::kIndex8_Config == config && 1 == sampleSize
E/Qmage (20864): onDecode : return true QM
E/Qmage (20864): onDecode : QmageDecodeFrame 20140421 Rev.6376
E/Qmage (20864): This is decoding
E/Qmage (20864): decoding stream->hasLength()
E/Qmage (20864): onDecode : QmageDecParseHeader call : QM
E/Qmage (20864): Qmage parsing for decoding ok
E/Qmage (20864): onDecode : QmageHeader.NinePatched 0
E/Qmage (20864): onDecode : QmageHeader Height() 16 Width() : 606 sampleSize : 1
E/Qmage (20864): Qmage Make Color table
E/Qmage (20864): SkBitmap::kIndex8_Config == config && 1 == sampleSize
E/Qmage (20864): onDecode : return true QM
I/dalvikvm(20864): Could not find method android.content.pm.PackageManager.getPackageInstaller, referenced from method com.google.android.gms.common.GooglePlayServicesUtil.zzl
W/dalvikvm(20864): VFY: unable to resolve virtual method 574: Landroid/content/pm/PackageManager;.getPackageInstaller ()Landroid/content/pm/PackageInstaller;
D/dalvikvm(20864): VFY: replacing opcode 0x6e at 0x000b
D/Finsky (20864): [1] FinskyApp.onCreate: Initializing network with DFE https://android.clients.google.com/fdfe/
I/ConfigService( 880): onDestroy
I/dalvikvm(20864): Could not find method android.content.pm.ApplicationInfo.loadUnbadgedIcon, referenced from method com.google.android.finsky.utils.NotificationManager.showSuccessfulNewInstallMessage
W/dalvikvm(20864): VFY: unable to resolve virtual method 530: Landroid/content/pm/ApplicationInfo;.loadUnbadgedIcon (Landroid/content/pm/PackageManager;)Landroid/graphics/drawable/Drawable;
D/dalvikvm(20864): VFY: replacing opcode 0x6e at 0x004f
I/ServiceManager( 119): Waiting for service com.marvell.FileMonitorService...
D/Finsky (20864): [1] DailyHygiene.goMakeHygieneIfDirty: No need to run daily hygiene.
W/Settings(20864): Setting download_manager_max_bytes_over_mobile has moved from android.provider.Settings.Secure to android.provider.Settings.Global.
W/Settings(20864): Setting download_manager_recommended_max_bytes_over_mobile has moved from android.provider.Settings.Secure to android.provider.Settings.Global.
I/dalvikvm(20864): Could not find method com.google.android.finsky.layout.DocImageView.setTransitionName, referenced from method com.google.android.finsky.utils.PlayCardUtils.bindCard
W/dalvikvm(20864): VFY: unable to resolve virtual method 23416: Lcom/google/android/finsky/layout/DocImageView;.setTransitionName (Ljava/lang/String;)V
D/dalvikvm(20864): VFY: replacing opcode 0x6e at 0x011e
I/dalvikvm(20864): Could not find method com.google.android.finsky.layout.DocImageView.setTransitionName, referenced from method com.google.android.finsky.utils.PlayCardUtils.bindCard
W/dalvikvm(20864): VFY: unable to resolve virtual method 23416: Lcom/google/android/finsky/layout/DocImageView;.setTransitionName (Ljava/lang/String;)V
D/dalvikvm(20864): VFY: replacing opcode 0x6e at 0x0292
I/dalvikvm(20864): Could not find method com.google.android.play.layout.PlayCardViewBase.setTransitionGroup, referenced from method com.google.android.finsky.utils.PlayCardUtils.bindCard
W/dalvikvm(20864): VFY: unable to resolve virtual method 43938: Lcom/google/android/play/layout/PlayCardViewBase;.setTransitionGroup (Z)V
D/dalvikvm(20864): VFY: replacing opcode 0x6e at 0x029a
I/dalvikvm(20864): Could not find method android.view.View.getTransitionName, referenced from method com.google.android.finsky.navigationmanager.NavigationManager.showPage
W/dalvikvm(20864): VFY: unable to resolve virtual method 10122: Landroid/view/View;.getTransitionName ()Ljava/lang/String;
D/dalvikvm(20864): VFY: replacing opcode 0x6e at 0x001a
D/dalvikvm(20864): GC_CONCURRENT freed 1197K, 40% free 4556K/7536K, paused 22ms+7ms, total 69ms
I/dalvikvm(20864): Could not find method android.app.admin.DevicePolicyManager.isProfileOwnerApp, referenced from method com.google.android.finsky.api.DfeApiContext.isManagedContext
W/dalvikvm(20864): VFY: unable to resolve virtual method 328: Landroid/app/admin/DevicePolicyManager;.isProfileOwnerApp (Ljava/lang/String;)Z
D/dalvikvm(20864): VFY: replacing opcode 0x6e at 0x0049
D/Finsky (20864): [1] 2.run: Loaded library for account: [m1P7mn8nKY_UAM1-WbjuYvCbx5U]
D/Finsky (20864): [1] 2.run: Finished loading 1 libraries.
D/Finsky (20864): [1] GmsCoreHelper.cleanupNlp: result=false type=4
D/Finsky (20864): [1] RestoreTracker.stopServiceIfDone: Restore complete with 0 success and 0 failed.
D/SSRMv2:SIOP( 560): SIOP:: AP = -100, Delta = 0
D/Finsky (20864): [1619] AppStatesReplicator.handleContentSyncResponse: Completed 0 account content syncs with 0 successful.
D/Finsky (20864): [1] 5.onFinished: Installation state replication succeeded.
W/ ( 119): FileMonitorService not published, waiting...
I/ServiceManager( 119): Waiting for service com.marvell.FileMonitorService...
I/ServiceManager( 119): Waiting for service com.marvell.FileMonitorService...
I/ServiceManager( 119): Waiting for service com.marvell.FileMonitorService...
D/STATUSBAR-NetworkController( 660): refreshSignalCluster - setNWBoosterIndicators(false)
D/STATUSBAR-NetworkController( 660): refreshSignalCluster: data=-1 bt=false
D/STATUSBAR-IconMerger( 660): checkOverflow(420), More:false, Req:false Child:2
W/dalvikvm(20907): VFY: unable to resolve static field 20719 (a) in Lcom/facebook/katana/app/WorkAppTypes;
D/dalvikvm(20907): VFY: replacing opcode 0x62 at 0x0013
W/dalvikvm(20907): VFY: unable to resolve static field 20720 (b) in Lcom/facebook/katana/app/WorkAppTypes;
D/dalvikvm(20907): VFY: replacing opcode 0x62 at 0x001d
I/dalvikvm(20907): Failed resolving Lcom/facebook/inject/FbInjector; interface 275 'Lcom/facebook/inject/InjectorLike;'
W/dalvikvm(20907): Link of class 'Lcom/facebook/inject/FbInjector;' failed
W/dalvikvm(20907): VFY: unable to find class referenced in signature (Lcom/facebook/inject/FbInjector;)
I/dalvikvm(20907): Failed resolving Lcom/facebook/inject/FbInjector; interface 275 'Lcom/facebook/inject/InjectorLike;'
W/dalvikvm(20907): Link of class 'Lcom/facebook/inject/FbInjector;' failed
W/dalvikvm(20907): VFY: unable to find class referenced in signature (Lcom/facebook/inject/FbInjector;)
D/ACRA (20907): ACRA is enabled for com.facebook.katana, intializing...
D/ACRA (20907): Looking for error files in /data/user/0/com.facebook.katana/app_acra-reports
D/ACRA (20907): Looking for error files in /data/user/0/com.facebook.katana/app_minidumps
I/ServiceManager( 119): Waiting for service com.marvell.FileMonitorService...
D/dalvikvm(20907): Trying to load lib /data/app-lib/com.facebook.katana-3/libfb_stl_shared.so 0x41dd1d98
D/dalvikvm(20907): Added shared lib /data/app-lib/com.facebook.katana-3/libfb_stl_shared.so 0x41dd1d98
D/dalvikvm(20907): No JNI_OnLoad found in /data/app-lib/com.facebook.katana-3/libfb_stl_shared.so 0x41dd1d98, skipping init
D/SoLoader(20907): found fb_stl_shared in default place
D/dalvikvm(20907): Trying to load lib /data/app-lib/com.facebook.katana-3/libfb_breakpad_client.so 0x41dd1d98
D/dalvikvm(20907): Added shared lib /data/app-lib/com.facebook.katana-3/libfb_breakpad_client.so 0x41dd1d98
D/SoLoader(20907): found fb_breakpad_client in default place
D/dalvikvm(20907): Trying to load lib /data/app-lib/com.facebook.katana-3/libfb_dalvik-internals.so 0x41dd1d98
D/dalvikvm(20907): Added shared lib /data/app-lib/com.facebook.katana-3/libfb_dalvik-internals.so 0x41dd1d98
D/SoLoader(20907): found fb_dalvik-internals in default place
I/dalvik-internals(20907): Successfully looked up JNI_GetCreatedJavaVMs: ptr=0x41866b7d sz=0
D/STATUSBAR-NetworkController( 660): refreshSignalCluster - setNWBoosterIndicators(false)
D/STATUSBAR-NetworkController( 660): refreshSignalCluster: data=-1 bt=false
I/dalvik-internals(20907): Successfully looked up gDvm: ptr=0x418c91f0 sz=0
I/dalvik-internals(20907): Successfully looked up dvmResolveClass: ptr=0x4188566d sz=196
I/dalvik-internals(20907): Successfully looked up dvmFlushBreakpoints: ptr=0x418435e8 sz=172
I/dalvik-internals(20907): Successfully looked up dvmSuspendAllThreads: ptr=0x4186e165 sz=0
I/dalvik-internals(20907): Successfully looked up dvmResumeAllThreads: ptr=0x4186dded sz=0
E/dalvik-internals(20907): Failed to look up ladDumpProfiles
E/dalvik-internals(20907): Failed to look up ladResetProfiles
E/dalvik-internals(20907): Failed to look up ladPrintHeaderInfo
V/DexLibLoader(20907): about to lock odex store
V/DexLibLoader(20907): locking odex store took 2 ms
D/STATUSBAR-IconMerger( 660): checkOverflow(420), More:false, Req:false Child:2
V/DexLibLoader(20907): Secondary program dex metadata: secondary-1.dex.jar.xz a83afbaada356087f22409a3676d2a9b112e964a secondary.dex01.Canary
V/DexLibLoader(20907): Secondary program dex metadata: secondary-2.dex.jar.xz 53ad4617f5f3bbb69f412a7816dd4a01fa3f231f secondary.dex02.Canary
V/DexLibLoader(20907): Secondary program dex metadata: secondary-3.dex.jar.xz a78a09a7d134a74fb09eab5fa18d0dec573bc819 secondary.dex03.Canary
V/DexLibLoader(20907): Secondary program dex metadata: secondary-4.dex.jar.xz 4e2d184e102351273121d9937e280f9979c013a5 secondary.dex04.Canary
V/DexLibLoader(20907): Secondary program dex metadata: secondary-5.dex.jar.xz 7f3d35898def2b7fb2f3701344282eca2fe5a2b4 secondary.dex05.Canary
V/DexLibLoader(20907): Secondary program dex metadata: secondary-6.dex.jar.xz 45405d78925bd6d5dd1fd3110cc8c2cd6911a95c secondary.dex06.Canary
V/DexLibLoader(20907): Secondary program dex metadata: secondary-7.dex.jar.xz 518bc1ee7ed467c85c8c3f85aa7e65714218f3bd secondary.dex07.Canary
V/DexLibLoader(20907): directory "/data/user/0/com.facebook.katana/app_secondary_program_dex" contains "program-a83afbaada356087f22409a3676d2a9b112e964a80dd239b.dex.jar" as expected
V/DexLibLoader(20907): directory "/data/user/0/com.facebook.katana/app_secondary_program_dex" contains "program-53ad4617f5f3bbb69f412a7816dd4a01fa3f231f80dd239b.dex.jar" as expected
V/DexLibLoader(20907): directory "/data/user/0/com.facebook.katana/app_secondary_program_dex" contains "program-a78a09a7d134a74fb09eab5fa18d0dec573bc81980dd239b.dex.jar" as expected
V/DexLibLoader(20907): directory "/data/user/0/com.facebook.katana/app_secondary_program_dex" contains "program-4e2d184e102351273121d9937e280f9979c013a580dd239b.dex.jar" as expected
V/DexLibLoader(20907): directory "/data/user/0/com.facebook.katana/app_secondary_program_dex" contains "program-7f3d35898def2b7fb2f3701344282eca2fe5a2b480dd239b.dex.jar" as expected
V/DexLibLoader(20907): directory "/data/user/0/com.facebook.katana/app_secondary_program_dex" contains "program-45405d78925bd6d5dd1fd3110cc8c2cd6911a95c80dd239b.dex.jar" as expected
V/DexLibLoader(20907): directory "/data/user/0/com.facebook.katana/app_secondary_program_dex" contains "program-518bc1ee7ed467c85c8c3f85aa7e65714218f3bd80dd239b.dex.jar" as expected
D/DexLibLoader(20907): ignoring file "program-a83afbaada356087f22409a3676d2a9b112e964a80dd239b.dex.odex" in "/data/user/0/com.facebook.katana/app_secondary_program_dex"
D/DexLibLoader(20907): ignoring file "program-53ad4617f5f3bbb69f412a7816dd4a01fa3f231f80dd239b.dex.odex" in "/data/user/0/com.facebook.katana/app_secondary_program_dex"
D/DexLibLoader(20907): ignoring file "program-a78a09a7d134a74fb09eab5fa18d0dec573bc81980dd239b.dex.odex" in "/data/user/0/com.facebook.katana/app_secondary_program_dex"
D/DexLibLoader(20907): ignoring file "program-4e2d184e102351273121d9937e280f9979c013a580dd239b.dex.odex" in "/data/user/0/com.facebook.katana/app_secondary_program_dex"
D/DexLibLoader(20907): ignoring file "program-7f3d35898def2b7fb2f3701344282eca2fe5a2b480dd239b.dex.odex" in "/data/user/0/com.facebook.katana/app_secondary_program_dex"
D/DexLibLoader(20907): ignoring file "program-45405d78925bd6d5dd1fd3110cc8c2cd6911a95c80dd239b.dex.odex" in "/data/user/0/com.facebook.katana/app_secondary_program_dex"
D/DexLibLoader(20907): ignoring file "program-518bc1ee7ed467c85c8c3f85aa7e65714218f3bd80dd239b.dex.odex" in "/data/user/0/com.facebook.katana/app_secondary_program_dex"
D/DexLibLoader(20907): directory "/data/user/0/com.facebook.katana/app_secondary_program_dex" is valid
D/DexLibLoader(20907): ignoring file "primary_deps" in "/data/user/0/com.facebook.katana/app_secondary_program_dex_opt"
V/DexLibLoader(20907): directory "/data/user/0/com.facebook.katana/app_secondary_program_dex_opt" contains "program-a83afbaada356087f22409a3676d2a9b112e964a80dd239b.dex.dex" as expected
V/DexLibLoader(20907): directory "/data/user/0/com.facebook.katana/app_secondary_program_dex_opt" contains "program-53ad4617f5f3bbb69f412a7816dd4a01fa3f231f80dd239b.dex.dex" as expected
V/DexLibLoader(20907): directory "/data/user/0/com.facebook.katana/app_secondary_program_dex_opt" contains "program-a78a09a7d134a74fb09eab5fa18d0dec573bc81980dd239b.dex.dex" as expected
V/DexLibLoader(20907): directory "/data/user/0/com.facebook.katana/app_secondary_program_dex_opt" contains "program-4e2d184e102351273121d9937e280f9979c013a580dd239b.dex.dex" as expected
V/DexLibLoader(20907): directory "/data/user/0/com.facebook.katana/app_secondary_program_dex_opt" contains "program-7f3d35898def2b7fb2f3701344282eca2fe5a2b480dd239b.dex.dex" as expected
V/DexLibLoader(20907): directory "/data/user/0/com.facebook.katana/app_secondary_program_dex_opt" contains "program-45405d78925bd6d5dd1fd3110cc8c2cd6911a95c80dd239b.dex.dex" as expected
V/DexLibLoader(20907): directory "/data/user/0/com.facebook.katana/app_secondary_program_dex_opt" contains "program-518bc1ee7ed467c85c8c3f85aa7e65714218f3bd80dd239b.dex.dex" as expected
D/DexLibLoader(20907): directory "/data/user/0/com.facebook.katana/app_secondary_program_dex_opt" is valid
D/DexLibLoader(20907): loading pre-built cross-dex opt odex files
D/dalvik-internals(20907): successfully hooked dvmResolveClass using jump
D/dalvik-internals(20907): successfully hooked dvmFlushBreakpoints using jump
D/DexLibLoader(20907): released odex store lock
D/DexLibLoader(20907): DexLibLoader.loadAll took 411 ms
D/SystemClassLoaderAdder(20907): Marked as initialized entry corresponding to path /data/app/com.facebook.katana-3.apk
I/dalvik-internals(20907): gDvm has value 0x418c91f0. Searching for vmList (initial offset in [704,1480]).
I/dalvik-internals(20907): Beginning search. Actual offset in [704,1468].
E/dalvik-internals(20907): Failed to find vmList in gDvm. Going to brute-force search for LinearAllocHdr.
D/dalvik-internals(20907): Evaluating LinearAllocHdr candidate at 0x4180d588.
I/dalvik-internals(20907): Found LinearAllocHdr (with no vmList) at offset 944.
I/ServiceManager( 119): Waiting for service com.marvell.FileMonitorService...
W/ActivityManager( 560): Permission Denial: getCurrentUser() from pid=20907, uid=10128 requires android.permission.INTERACT_ACROSS_USERS
W/ ( 119): FileMonitorService not published, waiting...
D/dalvikvm(20907): GC_CONCURRENT freed 1412K, 43% free 4339K/7572K, paused 7ms+18ms, total 68ms
D/KeyguardUpdateMonitor( 660): received broadcast android.intent.action.BATTERY_CHANGED
D/KeyguardUpdateMonitor( 660): handleBatteryUpdate
D/CMASMessage( 660): [update] mShowingCMASText is false
D/CMASMessage( 660): CMASIcon was GONE :
D/BatteryService( 560): level:28, scale:100, status:3, health:2, present:true, voltage: 3747, temperature: 340, technology: Li-ion, AC powered:false, USB powered:true, Wireless powered:false, icon:17303538, invalid charger:0, online:4, current avg:-30, charge type:0, power sharing:false
D/BatteryService( 560): Sending ACTION_BATTERY_CHANGED.
D/Brightness(13603): mIntentReceiver.onReceive: action=android.intent.action.BATTERY_CHANGED, intent=Intent { act=android.intent.action.BATTERY_CHANGED flg=0x60000010 (has extras) }
D/MainActivityBaseUi.java(13603): in brightness disabled on critical battery low
D/STATUSBAR-PhoneStatusBar( 660): mBrightnessEnablebySettings = true mBrightnessEnablebyBattery = true mBrightnessEnablebyDisableFlag = true mPmsBrightnessEnablebySettings = true
D/CMBaseReceiver( 2862): com.cleanmaster.login.bindphone.mobileinfo.h 0ms
D/STATUSBAR-IconMerger( 660): checkOverflow(420), More:false, Req:false Child:2
D/BatteryMeterView( 660): ACTION_BATTERY_CHANGED : level:28 status:3 health:2
I/ServiceManager( 119): Waiting for service com.marvell.FileMonitorService...
D/STATUSBAR-NetworkController( 660): refreshSignalCluster - setNWBoosterIndicators(false)
D/STATUSBAR-NetworkController( 660): refreshSignalCluster: data=-1 bt=false
D/STATUSBAR-IconMerger( 660): checkOverflow(420), More:false, Req:false Child:2
D/PackageManager( 560): [MSG] SEND_PENDING_BROADCAST
D/PackageManager( 560): Sending to user 0: act=android.intent.action.PACKAGE_CHANGED dat=package:com.google.android.gms flg=0x4000000 Bundle[{android.intent.extra.changed_component_name=com.google.android.gms.mdm.receivers.AccountsChangedReceiver, android.intent.extra.DONT_KILL_APP=true, android.intent.extra.UID=10014, android.intent.extra.changed_component_name_list=[Ljava.lang.String;@42ef2f78, android.intent.extra.user_handle=0}]
I/InputReader( 560): Reconfiguring input devices. changes=0x00000010
D/Launcher.Utilities( 838): createIconBitmapForMenu sIconWidth : 72 sourceWidth : 72
I/ServiceManager( 119): Waiting for service com.marvell.FileMonitorService...
W/ResourceType( 1233): Failure getting entry for 0x7f020750 (t=1 e=1872) in package 0 (error -75)
W/ResourceType( 1233): Failure getting entry for 0x7f0202a5 (t=1 e=677) in package 0 (error -75)
I/ServiceManager( 119): Waiting for service com.marvell.FileMonitorService...
I/dalvikvm(20934): Could not find method android.os.PowerManager.isPowerSaveMode, referenced from method g.N
W/dalvikvm(20934): VFY: unable to resolve virtual method 3967: Landroid/os/PowerManager;.isPowerSaveMode ()Z
D/dalvikvm(20934): VFY: replacing opcode 0x6e at 0x0008
E/dalvikvm(20934): Could not find class 'android.app.Notification$Action$Builder', referenced from method g.a
W/dalvikvm(20934): VFY: unable to resolve new-instance 407 (Landroid/app/Notification$Action$Builder;) in Lg;
D/dalvikvm(20934): VFY: replacing opcode 0x22 at 0x0000
E/dalvikvm(20934): Could not find class 'android.app.RemoteInput$Builder', referenced from method g.a
W/dalvikvm(20934): VFY: unable to resolve new-instance 419 (Landroid/app/RemoteInput$Builder;) in Lg;
D/dalvikvm(20934): VFY: replacing opcode 0x22 at 0x0037
W/Resources( 560): Converting to string: TypedValue{t=0x12/d=0xffffffff a=-1}
W/dalvikvm(20934): Unable to resolve superclass of Ldqp; (762)
W/dalvikvm(20934): Link of class 'Ldqp;' failed
W/dalvikvm(20934): VFY: unable to find class referenced in signature (Ldqp;)
W/dalvikvm(20934): Unable to resolve superclass of Ldqp; (762)
W/dalvikvm(20934): Link of class 'Ldqp;' failed
I/dalvikvm(20934): Could not find method dqp.q, referenced from method g.a
W/dalvikvm(20934): VFY: unable to resolve virtual method 23228: Ldqp;.q ()Ldra;
D/dalvikvm(20934): VFY: replacing opcode 0x6e at 0x0000
E/dalvikvm(20934): Could not find class 'android.app.Notification$Action$Builder', referenced from method g.a
W/dalvikvm(20934): VFY: unable to resolve new-instance 407 (Landroid/app/Notification$Action$Builder;) in Lg;
D/dalvikvm(20934): VFY: replacing opcode 0x22 at 0x0000
W/dalvikvm(20934): Unable to resolve superclass of Ldqp; (762)
W/dalvikvm(20934): Link of class 'Ldqp;' failed
W/dalvikvm(20934): VFY: unable to find class referenced in signature (Ldqp;)
W/dalvikvm(20934): Unable to resolve superclass of Ldqp; (762)
W/dalvikvm(20934): Link of class 'Ldqp;' failed
I/dalvikvm(20934): Could not find method dqp.getState, referenced from method g.a
W/dalvikvm(20934): VFY: unable to resolve virtual method 23205: Ldqp;.getState ()I
D/dalvikvm(20934): VFY: replacing opcode 0x6e at 0x0008
E/dalvikvm(20934): Could not find class 'android.text.style.TtsSpan', referenced from method g.a
W/dalvikvm(20934): VFY: unable to resolve const-class 834 (Landroid/text/style/TtsSpan;) in Lg;
D/dalvikvm(20934): VFY: replacing opcode 0x1c at 0x0026
W/dalvikvm(20934): Unable to resolve superclass of Ldqp; (762)
W/dalvikvm(20934): Link of class 'Ldqp;' failed
W/dalvikvm(20934): VFY: unable to find class referenced in signature (Ldqp;)
W/dalvikvm(20934): VFY: unable to find class referenced in signature (Landroid/telecom/DisconnectCause;)
W/dalvikvm(20934): Unable to resolve superclass of Ldqp; (762)
W/dalvikvm(20934): Link of class 'Ldqp;' failed
I/dalvikvm(20934): Could not find method dqp.d, referenced from method g.a
W/dalvikvm(20934): VFY: unable to resolve virtual method 23194: Ldqp;.d ()Lcom/google/android/apps/hangouts/telephony/TeleConnectionService;
D/dalvikvm(20934): VFY: replacing opcode 0x6e at 0x0003
W/Resources( 560): Converting to string: TypedValue{t=0x12/d=0xffffffff a=-1}
W/dalvikvm(20934): Unable to resolve superclass of Lax; (841)
W/dalvikvm(20934): Link of class 'Lax;' failed
E/dalvikvm(20934): Could not find class 'ax', referenced from method g.a
W/dalvikvm(20934): VFY: unable to resolve new-instance 1304 (Lax;) in Lg;
D/dalvikvm(20934): VFY: replacing opcode 0x22 at 0x0006
W/dalvikvm(20934): Unable to resolve superclass of Laz; (841)
W/dalvikvm(20934): Link of class 'Laz;' failed
E/dalvikvm(20934): Could not find class 'az', referenced from method g.a
W/dalvikvm(20934): VFY: unable to resolve new-instance 1358 (Laz;) in Lg;
D/dalvikvm(20934): VFY: replacing opcode 0x22 at 0x002c
I/dalvikvm(20934): Could not find method android.transition.TransitionSet.getTransitionCount, referenced from method g.a
W/dalvikvm(20934): VFY: unable to resolve virtual method 5153: Landroid/transition/TransitionSet;.getTransitionCount ()I
D/dalvikvm(20934): VFY: replacing opcode 0x6e at 0x0008
I/ServiceManager( 119): Waiting for service com.marvell.FileMonitorService...
I/dalvikvm(20934): Could not find method android.view.ViewGroup.isTransitionGroup, referenced from method g.a
W/dalvikvm(20934): VFY: unable to resolve virtual method 5653: Landroid/view/ViewGroup;.isTransitionGroup ()Z
D/dalvikvm(20934): VFY: replacing opcode 0x6e at 0x000c
I/dalvikvm(20934): Could not find method android.view.View.getTransitionName, referenced from method g.a
W/dalvikvm(20934): VFY: unable to resolve virtual method 5484: Landroid/view/View;.getTransitionName ()Ljava/lang/String;
D/dalvikvm(20934): VFY: replacing opcode 0x6e at 0x0006
I/dalvikvm(20934): Could not find method android.transition.Transition.getTargetNames, referenced from method g.a
W/dalvikvm(20934): VFY: unable to resolve virtual method 5144: Landroid/transition/Transition;.getTargetNames ()Ljava/util/List;
D/dalvikvm(20934): VFY: replacing opcode 0x6e at 0x000a
I/dalvikvm(20934): Could not find method android.view.ViewParent.onNestedPreFling, referenced from method g.a
W/dalvikvm(20934): VFY: unable to resolve interface method 5703: Landroid/view/ViewParent;.onNestedPreFling (Landroid/view/View;FF)Z
D/dalvikvm(20934): VFY: replacing opcode 0x72 at 0x0000
I/dalvikvm(20934): Could not find method android.view.ViewParent.onNestedFling, referenced from method g.a
W/dalvikvm(20934): VFY: unable to resolve interface method 5702: Landroid/view/ViewParent;.onNestedFling (Landroid/view/View;FFZ)Z
D/dalvikvm(20934): VFY: replacing opcode 0x72 at 0x0000
I/dalvikvm(20934): Could not find method android.view.ViewParent.onStartNestedScroll, referenced from method g.a
W/dalvikvm(20934): VFY: unable to resolve interface method 5707: Landroid/view/ViewParent;.onStartNestedScroll (Landroid/view/View;Landroid/view/View;I)Z
D/dalvikvm(20934): VFY: replacing opcode 0x72 at 0x0000
W/dalvikvm(20934): VFY: unable to find class referenced in signature ([Landroid/app/RemoteInput;)
E/dalvikvm(20934): Could not find class 'android.app.RemoteInput[]', referenced from method g.a
W/dalvikvm(20934): VFY: unable to resolve new-array 9720 ([Landroid/app/RemoteInput;) in Lg;
D/dalvikvm(20934): VFY: replacing opcode 0x23 at 0x0005
I/dalvikvm(20934): Could not find method android.transition.TransitionSet.getTransitionCount, referenced from method g.b
W/dalvikvm(20934): VFY: unable to resolve virtual method 5153: Landroid/transition/TransitionSet;.getTransitionCount ()I
D/dalvikvm(20934): VFY: replacing opcode 0x6e at 0x0009
W/dalvikvm(20934): Unable to resolve superclass of Lcom/google/android/apps/hangouts/telephony/TeleConnectionService; (764)
W/dalvikvm(20934): Link of class 'Lcom/google/android/apps/hangouts/telephony/TeleConnectionService;' failed
E/dalvikvm(20934): Could not find class 'com.google.android.apps.hangouts.telephony.TeleConnectionService', referenced from method g.l
W/dalvikvm(20934): VFY: unable to resolve const-class 2678 (Lcom/google/android/apps/hangouts/telephony/TeleConnectionService;) in Lg;
D/dalvikvm(20934): VFY: replacing opcode 0x1c at 0x0002
E/dalvikvm(20934): Could not find class 'android.telecom.TelecomManager', referenced from method g.n
W/dalvikvm(20934): VFY: unable to resolve check-cast 774 (Landroid/telecom/TelecomManager;) in Lg;
D/dalvikvm(20934): VFY: replacing opcode 0x1f at 0x000c
D/dalvikvm(20934): DexOpt: couldn't find static field Landroid/os/Build;.SUPPORTED_ABIS
W/dalvikvm(20934): VFY: unable to resolve static field 1410 (SUPPORTED_ABIS) in Landroid/os/Build;
D/dalvikvm(20934): VFY: replacing opcode 0x62 at 0x0006
D/dalvikvm(20934): DexOpt: unable to opt direct call 0x0a45 at 0x0e in Lg;.a
D/dalvikvm(20934): DexOpt: unable to opt direct call 0x0a9b at 0x3d in Lg;.a
D/dalvikvm(20934): DexOpt: unable to opt direct call 0x0a45 at 0x0e in Lg;.a
D/dalvikvm(20934): DexOpt: unable to opt direct call 0x1407 at 0x69 in Lg;.a
D/dalvikvm(20934): DexOpt: unable to opt direct call 0x1405 at 0x88 in Lg;.a
W/dalvikvm(20934): Unable to resolve superclass of Lax; (841)
W/dalvikvm(20934): Link of class 'Lax;' failed
D/dalvikvm(20934): DexOpt: unable to opt direct call 0x1ea6 at 0x08 in Lg;.a
W/dalvikvm(20934): Unable to resolve superclass of Laz; (841)
W/dalvikvm(20934): Link of class 'Laz;' failed
D/dalvikvm(20934): DexOpt: unable to opt direct call 0x1f7d at 0x2e in Lg;.a
D/dalvikvm(20934): DexOpt: unable to opt direct call 0x0a9b at 0x13 in Lg;.a
D/dalvikvm(20934): DexOpt: unable to opt direct call 0x133d at 0x0b in Lg;.l
D/SSRMv2:SIOP( 560): SIOP:: AP = -100, Delta = 0
D/dalvikvm(20934): Trying to load lib /data/app-lib/com.google.android.talk-7/libcrashreporterer.so 0x41dc91d0
W/ActivityManager( 560): Permission Denial: getCurrentUser() from pid=20934, uid=10108 requires android.permission.INTERACT_ACROSS_USERS
D/dalvikvm(20934): Added shared lib /data/app-lib/com.google.android.talk-7/libcrashreporterer.so 0x41dc91d0
I/ServiceManager( 119): Waiting for service com.marvell.FileMonitorService...
W/Resources( 560): Converting to string: TypedValue{t=0x12/d=0xffffffff a=-1}
W/Resources( 560): Converting to string: TypedValue{t=0x12/d=0xffffffff a=-1}
D/dalvikvm(20934): GC_CONCURRENT freed 1160K, 40% free 4630K/7612K, paused 11ms+3ms, total 78ms
D/dalvikvm(20934): WAIT_FOR_CONCURRENT_GC blocked 21ms
D/dalvikvm(20934): WAIT_FOR_CONCURRENT_GC blocked 26ms
W/RemoteDisplayProvider( 560): Ignoring remote display provider service because it does not have the CAPTURE_VIDEO_OUTPUT or CAPTURE_SECURE_VIDEO_OUTPUT permission: com.google.android.gms/com.google.android.gms.cast.media.CastRemoteDisplayProviderService
D/dalvikvm(20934): GC_CONCURRENT freed 2204K, 39% free 6589K/10660K, paused 7ms+70ms, total 115ms
D/dalvikvm(20934): WAIT_FOR_CONCURRENT_GC blocked 103ms
W/ ( 119): FileMonitorService not published, waiting...
D/dalvikvm(20907): GC_CONCURRENT freed 1758K, 38% free 5936K/9516K, paused 8ms+7ms, total 233ms
D/dalvikvm(20907): WAIT_FOR_CONCURRENT_GC blocked 67ms
I/dalvikvm(20934): Could not find method android.telephony.SmsManager.getCarrierConfigValues, referenced from method dnm.b
W/dalvikvm(20934): VFY: unable to resolve virtual method 5004: Landroid/telephony/SmsManager;.getCarrierConfigValues ()Landroid/os/Bundle;
D/dalvikvm(20934): VFY: replacing opcode 0x6e at 0x0076
I/ServiceManager( 119): Waiting for service com.marvell.FileMonitorService...
I/Babel_SMS(20934): MmsConfig: mnc/mcc: 0/0
I/Babel_SMS(20934): MmsConfig.loadMmsSettings
I/Babel_SMS(20934): MmsConfig.loadDeviceMmsSettings from API: mUserAgent=SAMSUNG-ANDROID-MMS/GT-I8268, mUaProfUrl=http://wap.samsungmobile.com/uaprof/samsung_android_mms.xml
I/Babel_SMS(20934): MmsConfig.loadFromDatabase
W/Resources( 560): Converting to string: TypedValue{t=0x12/d=0xffffffff a=-1}
E/Babel_SMS(20934): canonicalizeMccMnc: invalid mccmnc
I/Babel_SMS(20934): MmsConfig.loadFromResources
E/Babel_SMS(20934): canonicalizeMccMnc: invalid mccmnc nullnull
I/Babel_SMS(20934): MmsConfig.loadMmsSettings: mUserAgent=SAMSUNG-ANDROID-MMS/GT-I8268, mUaProfUrl=http://wap.samsungmobile.com/uaprof/samsung_android_mms.xml
D/dalvikvm( 560): GC_EXPLICIT freed 2739K, 29% free 20544K/28752K, paused 6ms+48ms, total 683ms
D/STATUSBAR-NetworkController( 660): refreshSignalCluster - setNWBoosterIndicators(false)
D/STATUSBAR-NetworkController( 660): refreshSignalCluster: data=-1 bt=false
D/STATUSBAR-IconMerger( 660): checkOverflow(420), More:false, Req:false Child:2
W/dalvikvm(20934): Unable to resolve superclass of Lfzc; (613)
W/dalvikvm(20934): Link of class 'Lfzc;' failed
E/dalvikvm(20934): Could not find class 'fzc', referenced from method com.google.android.libraries.hangouts.video.sdk.ScreenVideoCapturer.
W/dalvikvm(20934): VFY: unable to resolve new-instance 5387 (Lfzc;) in Lcom/google/android/libraries/hangouts/video/sdk/ScreenVideoCapturer;
D/dalvikvm(20934): VFY: replacing opcode 0x22 at 0x0033
W/dalvikvm(20934): VFY: unable to find class referenced in signature (Landroid/media/projection/MediaProjection;)
W/dalvikvm(20934): VFY: unable to find class referenced in signature (Landroid/media/projection/MediaProjection;)
W/dalvikvm(20934): VFY: unable to find class referenced in signature (Landroid/media/projection/MediaProjectionManager;)
W/dalvikvm(20934): VFY: unable to find class referenced in signature (Landroid/media/projection/MediaProjection;)
I/dalvikvm(20934): Could not find method android.media.projection.MediaProjection.createVirtualDisplay, referenced from method com.google.android.libraries.hangouts.video.sdk.ScreenVideoCapturer.e
W/dalvikvm(20934): VFY: unable to resolve virtual method 3636: Landroid/media/projection/MediaProjection;.createVirtualDisplay (Ljava/lang/String;IIIILandroid/view/Surface;Landroid/hardware/display/VirtualDisplay$Callback;Landroid/os/Handler;)Landroid/hardware/display/VirtualDisplay;
D/dalvikvm(20934): VFY: replacing opcode 0x74 at 0x006d
I/dalvikvm(20934): Could not find method android.media.projection.MediaProjectionManager.createScreenCaptureIntent, referenced from method com.google.android.libraries.hangouts.video.sdk.ScreenVideoCapturer.a
W/dalvikvm(20934): VFY: unable to resolve virtual method 3640: Landroid/media/projection/MediaProjectionManager;.createScreenCaptureIntent ()Landroid/content/Intent;
D/dalvikvm(20934): VFY: replacing opcode 0x6e at 0x0033
I/dalvikvm(20934): Could not find method android.media.projection.MediaProjection.stop, referenced from method com.google.android.libraries.hangouts.video.sdk.ScreenVideoCapturer.f
W/dalvikvm(20934): VFY: unable to resolve virtual method 3638: Landroid/media/projection/MediaProjection;.stop ()V
D/dalvikvm(20934): VFY: replacing opcode 0x6e at 0x0030
W/dalvikvm(20934): Unable to resolve superclass of Lfzc; (613)
W/dalvikvm(20934): Link of class 'Lfzc;' failed
D/dalvikvm(20934): DexOpt: unable to opt direct call 0x7c80 at 0x35 in Lcom/google/android/libraries/hangouts/video/sdk/ScreenVideoCapturer;.
W/Resources( 560): Converting to string: TypedValue{t=0x12/d=0xffffffff a=-1}
D/CameraHardwareBase( 119): HAL_getCameraInfo: camera info (id 0, facing 0, orientation 90)
D/CameraHardwareBase( 119): HAL_getCameraInfo: camera info (id 1, facing 1, orientation 270)
I/ServiceManager( 119): Waiting for service com.marvell.FileMonitorService...
W/Settings(20934): Setting airplane_mode_on has moved from android.provider.Settings.System to android.provider.Settings.Global, returning read-only value.
I/Babel_Crash(20934): startup - clean
W/Resources( 560): Converting to string: TypedValue{t=0x12/d=0xffffffff a=-1}
W/Resources( 560): Converting to string: TypedValue{t=0x12/d=0x0 a=-1}
I/Babel (20934): deleted: false for 0
I/Babel (20934): deleted: false for 1
I/Babel (20934): deleted: false for 2
I/Babel (20934): deleted: false for 3
I/Babel (20934): deleted: false for 4
I/Babel (20934): deleted: false for 5
I/Babel (20934): deleted: false for 6
I/Babel (20934): deleted: false for 9
I/dalvikvm(20934): Could not find method android.content.pm.PackageManager.getPackageInstaller, referenced from method eeq.a
W/dalvikvm(20934): VFY: unable to resolve virtual method 2973: Landroid/content/pm/PackageManager;.getPackageInstaller ()Landroid/content/pm/PackageInstaller;
D/dalvikvm(20934): VFY: replacing opcode 0x6e at 0x000d
W/Resources( 560): Converting to string: TypedValue{t=0x12/d=0xffffffff a=-1}
W/Resources( 560): Converting to string: TypedValue{t=0x12/d=0x0 a=-1}
I/ActivityManager( 560): Killing 20530:com.cleanmaster.mguard/u0a219 (adj 15): empty #19
I/ActivityManager( 560): Killing 20493:com.google.android.apps.docs/u0a186 (adj 15): empty #20
I/GCoreNlp( 812): !shouldConfirmNlp, ensuring user opted into NLP
I/APSAnalyticsService(20475): Analytics Service Started
W/dalvikvm(20934): VFY: unable to find class referenced in signature (Landroid/telecom/TelecomManager;)
I/dalvikvm(20934): Could not find method android.telecom.TelecomManager.clearAccounts, referenced from method dry.f
W/dalvikvm(20934): VFY: unable to resolve virtual method 4959: Landroid/telecom/TelecomManager;.clearAccounts ()V
D/dalvikvm(20934): VFY: replacing opcode 0x6e at 0x004e
W/dalvikvm(20934): VFY: unable to find class referenced in signature (Landroid/telecom/TelecomManager;)
W/dalvikvm(20934): VFY: unable to find class referenced in signature (Landroid/telecom/TelecomManager;)
E/dalvikvm(20934): Could not find class 'android.telecom.PhoneAccount$Builder', referenced from method dry.f
W/dalvikvm(20934): VFY: unable to resolve new-instance 766 (Landroid/telecom/PhoneAccount$Builder;) in Ldry;
D/dalvikvm(20934): VFY: replacing opcode 0x22 at 0x0071
W/dalvikvm(20934): VFY: unable to find class referenced in signature (Landroid/telecom/TelecomManager;)
W/dalvikvm(20934): VFY: unable to find class referenced in signature (Landroid/telecom/TelecomManager;)
W/dalvikvm(20934): VFY: unable to find class referenced in signature (Landroid/telecom/TelecomManager;)
W/dalvikvm(20934): VFY: unable to find class referenced in signature (Landroid/telecom/TelecomManager;)
E/dalvikvm(20934): Could not find class 'android.telecom.TelecomManager', referenced from method dry.i
W/dalvikvm(20934): VFY: unable to resolve check-cast 774 (Landroid/telecom/TelecomManager;) in Ldry;
D/dalvikvm(20934): VFY: replacing opcode 0x1f at 0x0021
W/dalvikvm(20934): VFY: unable to find class referenced in signature (Landroid/telecom/TelecomManager;)
D/dalvikvm(20934): DexOpt: unable to opt direct call 0x1338 at 0x7d in Ldry;.f
D/LocationProviderProxy( 560): applying state to connected service
I/ServiceManager( 119): Waiting for service com.marvell.FileMonitorService...
I/dalvikvm(20934): Could not find method android.media.MediaCodecInfo$CodecCapabilities.getVideoCapabilities, referenced from method fuo.a
W/dalvikvm(20934): VFY: unable to resolve virtual method 3568: Landroid/media/MediaCodecInfo$CodecCapabilities;.getVideoCapabilities ()Landroid/media/MediaCodecInfo$VideoCapabilities;
D/dalvikvm(20934): VFY: replacing opcode 0x6e at 0x0074
V/GmsNetworkLocationProvi( 812): DISABLE
V/GmsNetworkLocationProvi( 812): ENABLE
D/LocationProviderProxy( 560): applying state to connected service
D/GeofenceHardware( 812): System refused to grant LOCATION_HARDWARE permission.
D/FactoryTestApp( 1077): [FactoryTestBroadcastReceiver$onReceive] onReceive action=android.intent.action.PACKAGE_CHANGED
I/FactoryTestApp( 1077): [XMLDataStorage$parsingXML] FtClient => data parsing was completed.
D/FactoryTestApp( 1077): [FactoryTestBroadcastReceiver$onReceive] PACKAGE_CHANGED => XML data parsing was failed.
D/STATUSBAR-NetworkController( 660): refreshSignalCluster - setNWBoosterIndicators(false)
D/STATUSBAR-NetworkController( 660): refreshSignalCluster: data=-1 bt=false
D/STATUSBAR-IconMerger( 660): checkOverflow(420), More:false, Req:false Child:2
I/vclib (20934): onServiceConnected
W/Babel (20934): Attempted to change video mute state without an active call.
W/dalvikvm(20934): Refusing to reopen boot DEX '/system/framework/com.android.location.provider.jar'
W/dalvikvm(20964): Refusing to reopen boot DEX '/system/framework/twframework.jar'
D/dalvikvm(20934): DexOpt: couldn't find field Landroid/content/pm/ApplicationInfo;.splitSourceDirs
W/dalvikvm(20934): VFY: unable to resolve instance field 61
D/dalvikvm(20934): VFY: replacing opcode 0x54 at 0x0054
D/dalvikvm(20934): DexOpt: couldn't find static field Landroid/os/Build;.SUPPORTED_ABIS
W/dalvikvm(20934): VFY: unable to resolve static field 156 (SUPPORTED_ABIS) in Landroid/os/Build;
D/dalvikvm(20934): VFY: replacing opcode 0x62 at 0x0067
D/dalvikvm(20934): DexOpt: couldn't find static field Landroid/os/Build;.SUPPORTED_ABIS
W/dalvikvm(20934): VFY: unable to resolve static field 156 (SUPPORTED_ABIS) in Landroid/os/Build;
D/dalvikvm(20934): VFY: replacing opcode 0x62 at 0x000a
D/dalvikvm(20934): DexOpt: couldn't find field Landroid/content/pm/ApplicationInfo;.splitSourceDirs
I/dalvikvm(20934): DexOpt: unable to optimize instance field ref 0x003d at 0x58 in Lcom/google/android/gms/common/util/ax;.a
D/dalvikvm(20934): Trying to load lib /data/app-lib/com.google.android.gms-11/libgmscore.so 0x428900a0
D/dalvikvm(20934): Added shared lib /data/app-lib/com.google.android.gms-11/libgmscore.so 0x428900a0
D/dalvikvm(20934): No JNI_OnLoad found in /data/app-lib/com.google.android.gms-11/libgmscore.so 0x428900a0, skipping init
D/dalvikvm(20934): Trying to load lib /data/app-lib/com.google.android.gms-11/libconscrypt_gmscore_jni.so 0x428900a0
D/dalvikvm(20934): Added shared lib /data/app-lib/com.google.android.gms-11/libconscrypt_gmscore_jni.so 0x428900a0
V/JNIHelp (20934): Registering com/google/android/gms/org/conscrypt/NativeCrypto's 227 native methods...
E/Qmage (20964): onDecode : QmageDecodeFrame 20140421 Rev.6376
E/Qmage (20964): This is decoding
E/Qmage (20964): decoding stream->hasLength()
E/Qmage (20964): onDecode : QmageDecParseHeader call : QM
E/Qmage (20964): Qmage parsing for decoding ok
E/Qmage (20964): onDecode : QmageHeader.NinePatched 0
E/Qmage (20964): onDecode : QmageHeader Height() 22 Width() : 16 sampleSize : 1
E/Qmage (20964): Qmage Make Color table
E/Qmage (20964): SkBitmap::kIndex8_Config == config && 1 == sampleSize
E/Qmage (20964): onDecode : return true QM
W/System.err(20964): java.lang.NoSuchFieldException: SYSTEM_UI_FLAG_REMOVE_NAVIGATION
W/System.err(20964): at java.lang.Class.getField(Class.java:724)
W/System.err(20964): at com.sec.android.gallery3d.util.GalleryFeature.checkSystemUiVisibility(GalleryFeature.java:1692)
W/System.err(20964): at com.sec.android.gallery3d.util.GalleryFeature.init(GalleryFeature.java:342)
W/System.err(20964): at com.sec.android.gallery3d.app.GalleryAppImpl.getDataManager(GalleryAppImpl.java:237)
W/System.err(20964): at com.sec.android.gallery3d.provider.GalleryProvider.onCreate(GalleryProvider.java:126)
W/System.err(20964): at android.content.ContentProvider.attachInfo(ContentProvider.java:1591)
W/System.err(20964): at android.content.ContentProvider.attachInfo(ContentProvider.java:1562)
W/System.err(20964): at android.app.ActivityThread.installProvider(ActivityThread.java:5221)
W/System.err(20964): at android.app.ActivityThread.installContentProviders(ActivityThread.java:4815)
W/System.err(20964): at android.app.ActivityThread.handleBindApplication(ActivityThread.java:4698)
W/System.err(20964): at android.app.ActivityThread.access$1600(ActivityThread.java:172)
W/System.err(20964): at android.app.ActivityThread$H.handleMessage(ActivityThread.java:1365)
W/System.err(20964): at android.os.Handler.dispatchMessage(Handler.java:102)
W/System.err(20964): at android.os.Looper.loop(Looper.java:146)
W/System.err(20964): at android.app.ActivityThread.main(ActivityThread.java:5598)
W/System.err(20964): at java.lang.reflect.Method.invokeNative(Native Method)
W/System.err(20964): at java.lang.reflect.Method.invoke(Method.java:515)
W/System.err(20964): at com.android.internal.os.ZygoteInit$MethodAndArgsCaller.run(ZygoteInit.java:1283)
W/System.err(20964): at com.android.internal.os.ZygoteInit.main(ZygoteInit.java:1099)
W/System.err(20964): at dalvik.system.NativeStart.main(Native Method)
E/Qmage (20964): onDecode : QmageDecodeFrame 20140421 Rev.6376
E/Qmage (20964): This is decoding
E/Qmage (20964): decoding stream->hasLength()
E/Qmage (20964): onDecode : QmageDecParseHeader call : QM
E/Qmage (20964): Qmage parsing for decoding ok
E/Qmage (20964): onDecode : QmageHeader.NinePatched 0
E/Qmage (20964): onDecode : QmageHeader Height() 69 Width() : 3 sampleSize : 1
E/Qmage (20964): Qmage Make Color table
E/Qmage (20964): SkBitmap::kIndex8_Config == config && 1 == sampleSize
E/Qmage (20964): onDecode : return true QM
W/System.err(20964): android.content.pm.PackageManager$NameNotFoundException: com.sec.android.cloudagent
W/System.err(20964): at android.app.ApplicationPackageManager.getPackageInfo(ApplicationPackageManager.java:108)
W/System.err(20964): at com.sec.android.gallery3d.cloud.CloudRefer.isCloudAgentExist(CloudRefer.java:98)
W/System.err(20964): at com.sec.android.gallery3d.util.GalleryFeature.checkUseCloud(GalleryFeature.java:860)
W/System.err(20964): at com.sec.android.gallery3d.util.GalleryFeature.init(GalleryFeature.java:358)
W/System.err(20964): at com.sec.android.gallery3d.app.GalleryAppImpl.getDataManager(GalleryAppImpl.java:237)
W/System.err(20964): at com.sec.android.gallery3d.provider.GalleryProvider.onCreate(GalleryProvider.java:126)
W/System.err(20964): at android.content.ContentProvider.attachInfo(ContentProvider.java:1591)
W/System.err(20964): at android.content.ContentProvider.attachInfo(ContentProvider.java:1562)
W/System.err(20964): at android.app.ActivityThread.installProvider(ActivityThread.java:5221)
W/System.err(20964): at android.app.ActivityThread.installContentProviders(ActivityThread.java:4815)
W/System.err(20964): at android.app.ActivityThread.handleBindApplication(ActivityThread.java:4698)
W/System.err(20964): at android.app.ActivityThread.access$1600(ActivityThread.java:172)
W/System.err(20964): at android.app.ActivityThread$H.handleMessage(ActivityThread.java:1365)
W/System.err(20964): at android.os.Handler.dispatchMessage(Handler.java:102)
W/System.err(20964): at android.os.Looper.loop(Looper.java:146)
W/System.err(20964): at android.app.ActivityThread.main(ActivityThread.java:5598)
W/System.err(20964): at java.lang.reflect.Method.invokeNative(Native Method)
W/System.err(20964): at java.lang.reflect.Method.invoke(Method.java:515)
W/System.err(20964): at com.android.internal.os.ZygoteInit$MethodAndArgsCaller.run(ZygoteInit.java:1283)
W/System.err(20964): at com.android.internal.os.ZygoteInit.main(ZygoteInit.java:1099)
W/System.err(20964): at dalvik.system.NativeStart.main(Native Method)
E/Qmage (20964): onDecode : QmageDecodeFrame 20140421 Rev.6376
E/Qmage (20964): This is decoding
E/Qmage (20964): decoding stream->hasLength()
E/Qmage (20964): onDecode : QmageDecParseHeader call : QM
E/Qmage (20964): Qmage parsing for decoding ok
E/Qmage (20964): onDecode : QmageHeader.NinePatched 0
E/Qmage (20964): onDecode : QmageHeader Height() 35 Width() : 35 sampleSize : 1
E/Qmage (20964): Qmage Make Color table
E/Qmage (20964): SkBitmap::kIndex8_Config == config && 1 == sampleSize
E/Qmage (20964): onDecode : return true QM
E/Qmage (20964): onDecode : QmageDecodeFrame 20140421 Rev.6376
E/Qmage (20964): This is decoding
E/Qmage (20964): decoding stream->hasLength()
E/Qmage (20964): onDecode : QmageDecParseHeader call : QM
E/Qmage (20964): Qmage parsing for decoding ok
E/Qmage (20964): onDecode : QmageHeader.NinePatched 0
E/Qmage (20964): onDecode : QmageHeader Height() 35 Width() : 35 sampleSize : 1
E/Qmage (20964): Qmage Make Color table
E/Qmage (20964): SkBitmap::kIndex8_Config == config && 1 == sampleSize
E/Qmage (20964): onDecode : return true QM
E/Qmage (20964): onDecode : QmageDecodeFrame 20140421 Rev.6376
E/Qmage (20964): This is decoding
E/Qmage (20964): decoding stream->hasLength()
E/Qmage (20964): onDecode : QmageDecParseHeader call : QM
E/Qmage (20964): Qmage parsing for decoding ok
E/Qmage (20964): onDecode : QmageHeader.NinePatched 0
E/Qmage (20964): onDecode : QmageHeader Height() 35 Width() : 35 sampleSize : 1
E/Qmage (20964): Qmage Make Color table
E/Qmage (20964): SkBitmap::kIndex8_Config == config && 1 == sampleSize
E/Qmage (20964): onDecode : return true QM
E/Qmage (20964): onDecode : QmageDecodeFrame 20140421 Rev.6376
E/Qmage (20964): This is decoding
