W/PackageManager( 560): Unknown permission com.samsung.videohub.permission.CONTENT_WRITE in package com.sec.android.app.videoplayer
W/PackageManager( 560): Unknown permission com.sec.android.widgetapp.q1_penmemo.permission.READ in package com.sec.android.app.DataCreate
W/PackageManager( 560): Unknown permission com.sec.android.widgetapp.q1_penmemo.permission.WRITE in package com.sec.android.app.DataCreate
W/PackageManager( 560): Not granting permission android.permission.WRITE_SECURE_SETTINGS to package com.sec.android.widgetapp.dualclockdigital (protectionLevel=50 flags=0x88be45)
W/PackageManager( 560): Not granting permission android.permission.READ_LOGS to package com.a.moduleTest (protectionLevel=50 flags=0x88be44)
W/PackageManager( 560): Not granting permission android.permission.READ_LOGS to package com.a.BreakPoint (protectionLevel=50 flags=0x88be44)
W/PackageManager( 560): Not granting permission android.permission.MANAGE_DOCUMENTS to package com.google.android.youtube (protectionLevel=18 flags=0xd83ec5)
W/PackageManager( 560): Unknown permission com.chrome.permission.DEVICE_EXTRAS in package com.android.chrome
W/PackageManager( 560): Unknown permission tv.yosemite.samsung.app.REMOTE_CONTROL in package com.sec.yosemite.tab
W/PackageManager( 560): Unknown permission sstream.app.StoryProvider.WRITE.PERMISSION in package com.sec.yosemite.tab
W/PackageManager( 560): Unknown permission com.sec.spp.permission.TOKEN_9daaafb3cf71917d75e50d144f08bd39d93a91116ba2a4b7c2124f94703965a87adb5de5fb71ab1d1ae15198209494b323ef8fdaa301f49b325b6b4fcc5a0193a4025c07c498c5eb870510856a294ec26ba07b8380cdd5f9434017aac2e49c4f25cff58601e624d4daaca5784e94a78c58a85aa7402247f1551696f5b287d767 in package com.sec.yosemite.tab
W/PackageManager( 560): Not granting permission android.permission.READ_LOGS to package com.bd.pushAI (protectionLevel=50 flags=0x8be44)
W/PackageSettings( 560): Skipping PackageSetting{42283a48 com.sec.android.allshare.framework/10003} due to missing metadata
D/PackageManager( 560): doPostInstall for uid{10136}
D/PackageManager( 560): + starting rerstore round-trip 5
D/PackageManager( 560): No resotre for backup - queue post-install for 5
D/PackageManager( 560): [MSG] MCS_UNBIND
I/PackageManager( 560): calling disconnectService()
D/PackageManager( 560): Trying to unbind to DefaultContainerService
D/PackageManager( 560): [MSG] CHECK_PENDING_VERIFICATION
D/PackageManager( 560): [MSG] POST_INSTALL: observer{1120860968}
D/PackageManager( 560): Handling post-install for 5
D/PackageManager( 560): Sending to user 0: act=android.intent.action.PACKAGE_REMOVED dat=package:com.bd.pushAI flg=0x4000000 Bundle[{android.intent.extra.REMOVED_FOR_ALL_USERS=false, android.intent.extra.UID=10136, android.intent.extra.DATA_REMOVED=false, android.intent.extra.REPLACING=true, android.intent.extra.user_handle=0}]
D/PackageManager( 560): Sending to user 0: act=android.intent.action.PACKAGE_ADDED dat=package:com.bd.pushAI flg=0x4000000 Bundle[{android.intent.extra.UID=10136, android.intent.extra.REPLACING=true, android.intent.extra.user_handle=0}]
D/PackageManager( 560): Sending to user 0: act=android.intent.action.PACKAGE_REPLACED dat=package:com.bd.pushAI flg=0x4000000 Bundle[{android.intent.extra.UID=10136, android.intent.extra.REPLACING=true, android.intent.extra.user_handle=0}]
D/PackageManager( 560): Sending to user 0: act=android.intent.action.MY_PACKAGE_REPLACED flg=0x4000000 pkg=com.bd.pushAI Bundle[{android.intent.extra.user_handle=0}]
W/ActivityManager( 560): Permission Denial: getCurrentUser() from pid=19249, uid=10187 requires android.permission.INTERACT_ACROSS_USERS
D/PackageManager( 560): delete sourFile :
D/PackageManager( 560): delete native library directory:
D/PackageManager( 560): return install result to caller: 1120860968
D/PackageManager( 560): returnCode: 1
W/ActivityManager( 560): Permission Denial: getCurrentUser() from pid=19269, uid=10053 requires android.permission.INTERACT_ACROSS_USERS
D/BatteryService( 560): level:28, scale:100, status:3, health:2, present:true, voltage: 3762, temperature: 335, technology: Li-ion, AC powered:false, USB powered:true, Wireless powered:false, icon:17303538, invalid charger:0, online:4, current avg:-42, charge type:0, power sharing:false
I/ActivityManager( 560): Killing 18749:com.sec.spp.push:RemoteDlcProcess/u0a70 (adj 15): empty #31
I/ActivityManager( 560): Killing 17612:com.facebook.orca/u0a139 (adj 15): empty #31
I/ActivityManager( 560): Killing 18528:com.sec.android.app.memo/u0a105 (adj 15): empty #31
W/ActivityManager( 560): Permission Denial: getCurrentUser() from pid=19325, uid=10010 requires android.permission.INTERACT_ACROSS_USERS
I/ActivityManager( 560): Killing 18541:com.sec.android.provider.snote/u0a69 (adj 15): empty #31
W/ContextImpl(19338): Calling a method in the system process without a qualified user: android.app.ContextImpl.startService:1852 android.content.ContextWrapper.startService:506 android.content.ContextWrapper.startService:506 com.android.keychain.KeyChainBroadcastReceiver.onReceive:12 android.app.ActivityThread.handleReceiver:2647
I/ActivityManager( 560): Killing 18556:com.sec.android.app.music:service/u0a93 (adj 15): empty #31
D/BackupManagerService( 560): Received broadcast Intent { act=android.intent.action.PACKAGE_REMOVED dat=package:com.bd.pushAI flg=0x4000010 (has extras) }
W/RemoteDisplayProvider( 560): Ignoring remote display provider service because it does not have the CAPTURE_VIDEO_OUTPUT or CAPTURE_SECURE_VIDEO_OUTPUT permission: com.google.android.gms/com.google.android.gms.cast.media.CastRemoteDisplayProviderService
D/BackupManagerService( 560): Received broadcast Intent { act=android.intent.action.PACKAGE_ADDED dat=package:com.bd.pushAI flg=0x4000010 (has extras) }
V/BackupManagerService( 560): removePackageParticipantsLocked: uid=10136 #1
V/BackupManagerService( 560): addPackageParticipantsLocked: #1
W/RemoteDisplayProvider( 560): Ignoring remote display provider service because it does not have the CAPTURE_VIDEO_OUTPUT or CAPTURE_SECURE_VIDEO_OUTPUT permission: com.google.android.gms/com.google.android.gms.cast.media.CastRemoteDisplayProviderService
W/RemoteDisplayProvider( 560): Ignoring remote display provider service because it does not have the CAPTURE_VIDEO_OUTPUT or CAPTURE_SECURE_VIDEO_OUTPUT permission: com.google.android.gms/com.google.android.gms.cast.media.CastRemoteDisplayProviderService
D/BatteryService( 560): Sending ACTION_BATTERY_CHANGED.
D/STATUSBAR-PhoneStatusBar( 660): mBrightnessEnablebySettings = true mBrightnessEnablebyBattery = true mBrightnessEnablebyDisableFlag = true mPmsBrightnessEnablebySettings = true
D/STATUSBAR-IconMerger( 660): checkOverflow(420), More:false, Req:false Child:2
D/BatteryMeterView( 660): ACTION_BATTERY_CHANGED : level:28 status:3 health:2
I/ActivityManager( 560): Killing 18339:com.sec.android.Kies/1000 (adj 15): empty #31
D/STATUSBAR-NetworkController( 660): refreshSignalCluster - setNWBoosterIndicators(false)
D/STATUSBAR-NetworkController( 660): refreshSignalCluster: data=-1 bt=false
D/STATUSBAR-IconMerger( 660): checkOverflow(420), More:false, Req:false Child:2
W/ActivityManager( 560): Permission Denial: getCurrentUser() from pid=19380, uid=10186 requires android.permission.INTERACT_ACROSS_USERS
W/ActivityManager( 560): mDVFSHelper.acquire()
D/StatusBarManagerService( 560): tr p:560,o:f
I/ActivityManager( 560): Killing 18055:com.sec.android.widgetapp.at.hero.accuweather/u0a43 (adj 15): empty #31
W/Vold ( 111): Returning OperationFailed - no handler for errno 30
D/STATUSBAR-StatusBarManagerService( 560): manageDisableList what=0x0 pkg=WindowManager.LayoutParams
W/ActivityManager( 560): Permission Denial: getCurrentUser() from pid=19407, uid=10136 requires android.permission.INTERACT_ACROSS_USERS
D/STATUSBAR-NetworkController( 660): refreshSignalCluster - setNWBoosterIndicators(false)
D/STATUSBAR-NetworkController( 660): refreshSignalCluster: data=-1 bt=false
D/STATUSBAR-IconMerger( 660): checkOverflow(420), More:false, Req:false Child:2
D/SSRMv2:SIOP( 560): SIOP:: AP = -100, Delta = 0
D/STATUSBAR-NetworkController( 660): refreshSignalCluster - setNWBoosterIndicators(false)
D/STATUSBAR-NetworkController( 660): refreshSignalCluster: data=-1 bt=false
D/STATUSBAR-IconMerger( 660): checkOverflow(420), More:false, Req:false Child:2
W/ActivityManager( 560): Permission Denial: getCurrentUser() from pid=19424, uid=10219 requires android.permission.INTERACT_ACROSS_USERS
W/ActivityManager( 560): Permission Denial: getCurrentUser() from pid=19407, uid=10136 requires android.permission.INTERACT_ACROSS_USERS
W/Vold ( 111): Returning OperationFailed - no handler for errno 30
D/StatusBarManagerService( 560): tr p:19407,o:f
D/StatusBarManagerService( 560): semi p:19407,o:f
W/Vold ( 111): Returning OperationFailed - no handler for errno 30
W/ActivityManager( 560): Unable to start service Intent { act=com.cleanmaster.api.RT_ACCESS cmp=com.cmcm.skey/com.cmcm.rtstub.RTApiService } U=0: not found
W/ActivityManager( 560): Unable to start service Intent { act=com.cleanmaster.api.RT_ACCESS cmp=com.cmcm.rtstub/.RTApiService } U=0: not found
D/STATUSBAR-NetworkController( 660): refreshSignalCluster - setNWBoosterIndicators(false)
D/STATUSBAR-NetworkController( 660): refreshSignalCluster: data=-1 bt=false
D/STATUSBAR-IconMerger( 660): checkOverflow(420), More:false, Req:false Child:2
W/Vold ( 111): Returning OperationFailed - no handler for errno 30
W/ActivityManager( 560): Permission Denial: getCurrentUser() from pid=19465, uid=10036 requires android.permission.INTERACT_ACROSS_USERS
W/ActivityManager( 560): mDVFSHelper.release()
I/ActivityManager( 560): Killing 18355:com.sec.android.app.videoplayer/u0a95 (adj 15): empty #31
I/ActivityManager( 560): Killing 18586:com.samsung.android.scloud.backup/u0a171 (adj 15): empty #31
W/ActivityManager( 560): mDVFSHelper.acquire()
W/ContextImpl( 560): Calling a method in the system process without a qualified user: android.app.ContextImpl.sendBroadcast:1496 com.android.server.InputMethodManagerService$4.run:2690 java.lang.Thread.run:841
D/STATUSBAR-StatusBarManagerService( 560): manageDisableList what=0x0 pkg=WindowManager.LayoutParams
V/AlarmManager( 560): waitForAlarm result :8
D/KeyguardClockWidgetService( 987): onReceive action=android.intent.action.TIME_TICK
V/AlarmManager( 560): ClockReceiver onReceive() ACTION_TIME_TICK
D/STATUSBAR-NetworkController( 660): refreshSignalCluster - setNWBoosterIndicators(false)
D/STATUSBAR-NetworkController( 660): refreshSignalCluster: data=-1 bt=false
D/STATUSBAR-IconMerger( 660): checkOverflow(420), More:false, Req:false Child:2
W/ActivityManager( 560): Permission Denial: getCurrentUser() from pid=19489, uid=10072 requires android.permission.INTERACT_ACROSS_USERS
I/ActivityManager( 560): Killing 18390:com.android.chrome/u0a15 (adj 15): empty #29
I/ActivityManager( 560): Killing 18373:com.google.android.apps.uploader/u0a49 (adj 15): empty #30
W/ActivityManager( 560): mDVFSHelper.release()
W/ContextImpl( 560): Calling a method in the system process without a qualified user: android.app.ContextImpl.sendBroadcast:1496 com.android.server.InputMethodManagerService$4.run:2690 java.lang.Thread.run:841
I/ActivityManager( 560): Killing 18608:com.bd.plotProjectNotification/u0a76 (adj 15): empty #27
I/ActivityManager( 560): Killing 17666:com.facebook.katana/u0a128 (adj 15): empty #28
I/ActivityManager( 560): Killing 19010:com.google.android.talk/u0a108 (adj 15): empty #25
I/ActivityManager( 560): Killing 19168:com.sec.android.widgetapp.memo/u0a110 (adj 15): empty #26
W/ActivityManager( 560): mDVFSHelper.acquire()
W/ActivityManager( 560): Permission Denial: getCurrentUser() from pid=19407, uid=10136 requires android.permission.INTERACT_ACROSS_USERS
D/StatusBarManagerService( 560): tr p:19407,o:f
D/StatusBarManagerService( 560): semi p:19407,o:f
W/ContextImpl( 560): Calling a method in the system process without a qualified user: android.app.ContextImpl.sendBroadcast:1496 com.android.server.InputMethodManagerService$4.run:2690 java.lang.Thread.run:841
W/ActivityManager( 560): mDVFSHelper.release()
D/STATUSBAR-NetworkController( 660): refreshSignalCluster - setNWBoosterIndicators(false)
D/STATUSBAR-NetworkController( 660): refreshSignalCluster: data=-1 bt=false
D/STATUSBAR-IconMerger( 660): checkOverflow(420), More:false, Req:false Child:2
W/ActivityManager( 560): Permission Denial: getCurrentUser() from pid=19521, uid=10124 requires android.permission.INTERACT_ACROSS_USERS
D/BatteryService( 560): level:28, scale:100, status:3, health:2, present:true, voltage: 3725, temperature: 336, technology: Li-ion, AC powered:false, USB powered:true, Wireless powered:false, icon:17303538, invalid charger:0, online:4, current avg:-79, charge type:0, power sharing:false
D/BatteryService( 560): Sending ACTION_BATTERY_CHANGED.
D/STATUSBAR-PhoneStatusBar( 660): mBrightnessEnablebySettings = true mBrightnessEnablebyBattery = true mBrightnessEnablebyDisableFlag = true mPmsBrightnessEnablebySettings = true
D/STATUSBAR-IconMerger( 660): checkOverflow(420), More:false, Req:false Child:2
D/BatteryMeterView( 660): ACTION_BATTERY_CHANGED : level:28 status:3 health:2
W/ActivityManager( 560): Permission Denial: getCurrentUser() from pid=19542, uid=10017 requires android.permission.INTERACT_ACROSS_USERS
W/ActivityManager( 560): Permission Denial: getCurrentUser() from pid=19563, uid=10050 requires android.permission.INTERACT_ACROSS_USERS
I/ActivityManager( 560): Killing 18093:com.sec.android.widgetapp.dualclockdigital/u0a92 (adj 15): empty #26
I/ActivityManager( 560): Killing 18072:com.sec.android.widgetapp.digitalclock/u0a91 (adj 15): empty #27
I/ActivityManager( 560): Killing 18108:com.sec.android.app.controlpanel/u0a106 (adj 15): empty #24
I/ActivityManager( 560): Killing 17642:com.sec.android.widgetapp.programmonitorwidget/u0a107 (adj 15): empty #25
I/ActivityManager( 560): Killing 19229:com.android.defcontainer/u0a19 (adj 15): empty #22
I/ActivityManager( 560): Killing 18297:com.cleanmaster.mguard:worker/u0a219 (adj 15): empty #23
D/STATUSBAR-NetworkController( 660): refreshSignalCluster - setNWBoosterIndicators(false)
D/STATUSBAR-NetworkController( 660): refreshSignalCluster: data=-1 bt=false
D/STATUSBAR-IconMerger( 660): checkOverflow(420), More:false, Req:false Child:2
W/ActivityManager( 560): Permission Denial: getCurrentUser() from pid=19585, uid=10122 requires android.permission.INTERACT_ACROSS_USERS
D/STATUSBAR-NetworkController( 660): refreshSignalCluster - setNWBoosterIndicators(false)
D/STATUSBAR-NetworkController( 660): refreshSignalCluster: data=-1 bt=false
D/STATUSBAR-IconMerger( 660): checkOverflow(420), More:false, Req:false Child:2
D/SSRMv2:SIOP( 560): SIOP:: AP = -100, Delta = 0
W/ActivityManager( 560): Permission Denial: getCurrentUser() from pid=19603, uid=10237 requires android.permission.INTERACT_ACROSS_USERS
I/ActivityManager( 560): Killing 19338:com.android.keychain/1000 (adj 15): empty #22
I/ActivityManager( 560): Killing 19249:com.sec.esdk.elm/u0a187 (adj 15): empty #23
I/ActivityManager( 560): Killing 19269:com.android.musicfx/u0a53 (adj 15): empty #20
I/ActivityManager( 560): Killing 19424:com.cleanmaster.mguard/u0a219 (adj 15): empty #21
D/STATUSBAR-NetworkController( 660): refreshSignalCluster - setNWBoosterIndicators(false)
D/STATUSBAR-NetworkController( 660): refreshSignalCluster: data=-1 bt=false
D/STATUSBAR-IconMerger( 660): checkOverflow(420), More:false, Req:false Child:2
W/ActivityManager( 560): Permission Denial: getCurrentUser() from pid=19621, uid=10121 requires android.permission.INTERACT_ACROSS_USERS
D/STATUSBAR-NetworkController( 660): refreshSignalCluster - setNWBoosterIndicators(false)
D/STATUSBAR-NetworkController( 660): refreshSignalCluster: data=-1 bt=false
D/STATUSBAR-IconMerger( 660): checkOverflow(420), More:false, Req:false Child:2
W/ActivityManager( 560): Permission Denial: getCurrentUser() from pid=19638, uid=10219 requires android.permission.INTERACT_ACROSS_USERS
D/STATUSBAR-NetworkController( 660): refreshSignalCluster - setNWBoosterIndicators(false)
D/STATUSBAR-NetworkController( 660): refreshSignalCluster: data=-1 bt=false
D/STATUSBAR-IconMerger( 660): checkOverflow(420), More:false, Req:false Child:2
I/ActivityManager( 560): Killing 19465:com.google.android.partnersetup/u0a36 (adj 15): empty #19
I/ActivityManager( 560): Killing 18502:com.sec.android.gallery3d/u0a85 (adj 15): empty #20
I/ActivityManager( 560): Killing 19309:com.osp.app.signin/u0a75 (adj 15): empty #17
I/ActivityManager( 560): Killing 19287:com.sec.pcw.device/1000 (adj 15): empty #18
W/Vold ( 111): Returning OperationFailed - no handler for errno 30
W/Vold ( 111): Returning OperationFailed - no handler for errno 30
W/ActivityManager( 560): Unable to start service Intent { act=com.cleanmaster.api.RT_ACCESS cmp=com.cmcm.skey/com.cmcm.rtstub.RTApiService } U=0: not found
W/ActivityManager( 560): Unable to start service Intent { act=com.cleanmaster.api.RT_ACCESS cmp=com.cmcm.rtstub/.RTApiService } U=0: not found
D/STATUSBAR-NetworkController( 660): refreshSignalCluster - setNWBoosterIndicators(false)
D/STATUSBAR-NetworkController( 660): refreshSignalCluster: data=-1 bt=false
D/STATUSBAR-IconMerger( 660): checkOverflow(420), More:false, Req:false Child:2
W/ActivityManager( 560): Permission Denial: getCurrentUser() from pid=19666, uid=10053 requires android.permission.INTERACT_ACROSS_USERS
I/ActivityManager( 560): Killing 19037:com.sec.chaton/u0a12 (adj 15): empty #17
I/ActivityManager( 560): Killing 19325:com.sec.android.service.cm/u0a10 (adj 15): empty #18
I/ActivityManager( 560): Killing 17759:com.android.settings/1000 (adj 15): empty #19
W/Vold ( 111): Returning OperationFailed - no handler for errno 30
E/Resources(19731): RunTimeExceptionandroid.content.res.Resources$NotFoundException: Resource ID #0x7f030001
D/BatteryService( 560): level:28, scale:100, status:3, health:2, present:true, voltage: 3747, temperature: 341, technology: Li-ion, AC powered:false, USB powered:true, Wireless powered:false, icon:17303538, invalid charger:0, online:4, current avg:-117, charge type:0, power sharing:false
D/BatteryService( 560): Sending ACTION_BATTERY_CHANGED.
D/STATUSBAR-PhoneStatusBar( 660): mBrightnessEnablebySettings = true mBrightnessEnablebyBattery = true mBrightnessEnablebyDisableFlag = true mPmsBrightnessEnablebySettings = true
D/BatteryMeterView( 660): ACTION_BATTERY_CHANGED : level:28 status:3 health:2
D/STATUSBAR-IconMerger( 660): checkOverflow(420), More:false, Req:false Child:2
W/ActivityManager( 560): Permission Denial: getCurrentUser() from pid=19747, uid=10012 requires android.permission.INTERACT_ACROSS_USERS
W/ActivityManager( 560): Unable to start service Intent { act=com.sec.chaton.push.PUSH_CLIENT_SERVICE_ACTION } U=0: not found
E/Watchdog( 560): !@Sync 381
W/Vold ( 111): Returning OperationFailed - no handler for errno 30
W/Vold ( 111): Returning OperationFailed - no handler for errno 30
W/Vold ( 111): Returning OperationFailed - no handler for errno 30
W/Vold ( 111): Returning OperationFailed - no handler for errno 30
D/STATUSBAR-NetworkController( 660): refreshSignalCluster - setNWBoosterIndicators(false)
D/STATUSBAR-NetworkController( 660): refreshSignalCluster: data=-1 bt=false
D/STATUSBAR-IconMerger( 660): checkOverflow(420), More:false, Req:false Child:2
W/ActivityManager( 560): Permission Denial: getCurrentUser() from pid=19766, uid=10048 requires android.permission.INTERACT_ACROSS_USERS
I/ActivityManager( 560): Killing 19353:com.sec.spp.push:RemoteNotiProcess/u0a70 (adj 15): empty #19
I/ActivityManager( 560): Killing 19054:com.sec.android.app.FileShareServer/u0a84 (adj 15): empty #20
V/AlarmManager( 560): waitForAlarm result :4
V/AlarmManager( 560): trigger ELAPSED_REALTIME_WAKEUP or RTC_WAKEUP
D/STATUSBAR-NetworkController( 660): refreshSignalCluster - setNWBoosterIndicators(false)
D/STATUSBAR-NetworkController( 660): refreshSignalCluster: data=-1 bt=false
D/STATUSBAR-IconMerger( 660): checkOverflow(420), More:false, Req:false Child:2
V/AlarmManager( 560): waitForAlarm result :4
V/AlarmManager( 560): trigger ELAPSED_REALTIME_WAKEUP or RTC_WAKEUP
W/ActivityManager( 560): Permission Denial: getCurrentUser() from pid=19820, uid=10160 requires android.permission.INTERACT_ACROSS_USERS
D/SSRMv2:SIOP( 560): SIOP:: AP = -100, Delta = 0
W/ActivityManager( 560): Permission Denial: getCurrentUser() from pid=19838, uid=10107 requires android.permission.INTERACT_ACROSS_USERS
D/STATUSBAR-NetworkController( 660): refreshSignalCluster - setNWBoosterIndicators(false)
D/STATUSBAR-NetworkController( 660): refreshSignalCluster: data=-1 bt=false
D/STATUSBAR-IconMerger( 660): checkOverflow(420), More:false, Req:false Child:2
I/ActivityManager( 560): Killing 17810:com.google.android.apps.plus/u0a64 (adj 15): empty #21
D/STATUSBAR-NetworkController( 660): refreshSignalCluster - setNWBoosterIndicators(false)
D/STATUSBAR-NetworkController( 660): refreshSignalCluster: data=-1 bt=false
D/STATUSBAR-IconMerger( 660): checkOverflow(420), More:false, Req:false Child:2
D/STATUSBAR-NetworkController( 660): refreshSignalCluster - setNWBoosterIndicators(false)
D/STATUSBAR-NetworkController( 660): refreshSignalCluster: data=-1 bt=false
D/STATUSBAR-IconMerger( 660): checkOverflow(420), More:false, Req:false Child:2
D/STATUSBAR-NetworkController( 660): refreshSignalCluster - setNWBoosterIndicators(false)
D/STATUSBAR-NetworkController( 660): refreshSignalCluster: data=-1 bt=false
D/STATUSBAR-IconMerger( 660): checkOverflow(420), More:false, Req:false Child:2
D/BatteryService( 560): level:28, scale:100, status:3, health:2, present:true, voltage: 3786, temperature: 338, technology: Li-ion, AC powered:false, USB powered:true, Wireless powered:false, icon:17303538, invalid charger:0, online:4, current avg:-58, charge type:0, power sharing:false
D/BatteryService( 560): Sending ACTION_BATTERY_CHANGED.
D/STATUSBAR-PhoneStatusBar( 660): mBrightnessEnablebySettings = true mBrightnessEnablebyBattery = true mBrightnessEnablebyDisableFlag = true mPmsBrightnessEnablebySettings = true
D/STATUSBAR-IconMerger( 660): checkOverflow(420), More:false, Req:false Child:2
D/BatteryMeterView( 660): ACTION_BATTERY_CHANGED : level:28 status:3 health:2
V/AlarmManager( 560): waitForAlarm result :4
V/AlarmManager( 560): trigger ELAPSED_REALTIME_WAKEUP or RTC_WAKEUP
D/STATUSBAR-NetworkController( 660): refreshSignalCluster - setNWBoosterIndicators(false)
D/STATUSBAR-NetworkController( 660): refreshSignalCluster: data=-1 bt=false
D/STATUSBAR-IconMerger( 660): checkOverflow(420), More:false, Req:false Child:2
W/ActivityManager( 560): Permission Denial: getCurrentUser() from pid=19854, uid=10128 requires android.permission.INTERACT_ACROSS_USERS
D/PackageManager( 560): [MSG] SEND_PENDING_BROADCAST
D/PackageManager( 560): Sending to user 0: act=android.intent.action.PACKAGE_CHANGED dat=package:com.google.android.gms flg=0x4000000 Bundle[{android.intent.extra.changed_component_name=com.google.android.gms.mdm.receivers.AccountsChangedReceiver, android.intent.extra.DONT_KILL_APP=true, android.intent.extra.UID=10014, android.intent.extra.changed_component_name_list=[Ljava.lang.String;@42e27c68, android.intent.extra.user_handle=0}]
D/SSRMv2:SIOP( 560): SIOP:: AP = -100, Delta = 0
W/RemoteDisplayProvider( 560): Ignoring remote display provider service because it does not have the CAPTURE_VIDEO_OUTPUT or CAPTURE_SECURE_VIDEO_OUTPUT permission: com.google.android.gms/com.google.android.gms.cast.media.CastRemoteDisplayProviderService
D/STATUSBAR-NetworkController( 660): refreshSignalCluster - setNWBoosterIndicators(false)
D/STATUSBAR-NetworkController( 660): refreshSignalCluster: data=-1 bt=false
D/STATUSBAR-IconMerger( 660): checkOverflow(420), More:false, Req:false Child:2
I/ActivityManager( 560): Killing 19380:com.google.android.apps.docs/u0a186 (adj 15): empty #20
I/ActivityManager( 560): Killing 17838:com.google.android.gms.wearable/u0a14 (adj 15): empty #21
W/ActivityManager( 560): Permission Denial: getCurrentUser() from pid=19874, uid=10108 requires android.permission.INTERACT_ACROSS_USERS
D/STATUSBAR-NetworkController( 660): refreshSignalCluster - setNWBoosterIndicators(false)
D/STATUSBAR-NetworkController( 660): refreshSignalCluster: data=-1 bt=false
D/STATUSBAR-IconMerger( 660): checkOverflow(420), More:false, Req:false Child:2
I/ActivityManager( 560): Killing 19666:com.android.musicfx/u0a53 (adj 15): empty #18
I/ActivityManager( 560): Killing 19638:com.cleanmaster.mguard/u0a219 (adj 15): empty #19
I/ActivityManager( 560): Killing 19706:com.osp.app.signin/u0a75 (adj 15): empty #16
I/ActivityManager( 560): Killing 19682:com.sec.pcw.device/1000 (adj 15): empty #17
D/BatteryService( 560): level:27, scale:100, status:3, health:2, present:true, voltage: 3727, temperature: 338, technology: Li-ion, AC powered:false, USB powered:true, Wireless powered:false, icon:17303538, invalid charger:0, online:4, current avg:-117, charge type:0, power sharing:false
D/BatteryService( 560): Sending ACTION_BATTERY_CHANGED.
D/STATUSBAR-PhoneStatusBar( 660): mBrightnessEnablebySettings = true mBrightnessEnablebyBattery = true mBrightnessEnablebyDisableFlag = true mPmsBrightnessEnablebySettings = true
D/STATUSBAR-IconMerger( 660): checkOverflow(420), More:false, Req:false Child:2
D/BatteryMeterView( 660): ACTION_BATTERY_CHANGED : level:27 status:3 health:2
D/BatteryMeterView( 660): onDraw batteryColor : -1
D/STATUSBAR-NetworkController( 660): refreshSignalCluster - setNWBoosterIndicators(false)
D/STATUSBAR-NetworkController( 660): refreshSignalCluster: data=-1 bt=false
D/STATUSBAR-IconMerger( 660): checkOverflow(420), More:false, Req:false Child:2
W/ActivityManager( 560): Unable to start service Intent { act=com.sec.knox.containeragent.service.containerinstallermanager.ContainerInstallerManagerService } U=0: not found
W/Vold ( 111): Returning OperationFailed - no handler for errno 30
W/ActivityManager( 560): Permission Denial: get/set setting for user asks to run as user -2 but is calling from user 0; this requires android.permission.INTERACT_ACROSS_USERS_FULL
W/ActivityManager( 560): Permission Denial: getCurrentUser() from pid=19954, uid=10064 requires android.permission.INTERACT_ACROSS_USERS
I/ActivityManager( 560): Killing 19489:com.sec.android.app.samsungapps/u0a72 (adj 15): empty #16
I/ActivityManager( 560): Killing 19766:com.google.android.apps.magazines/u0a48 (adj 15): empty #17
I/ActivityManager( 560): Killing 19521:com.shopper.TrendTrunk/u0a124 (adj 15): empty #14
I/ActivityManager( 560): Killing 19070:com.android.vending/u0a63 (adj 15): empty #15
D/STATUSBAR-NetworkController( 660): refreshSignalCluster - setNWBoosterIndicators(false)
D/STATUSBAR-NetworkController( 660): refreshSignalCluster: data=-1 bt=false
D/STATUSBAR-IconMerger( 660): checkOverflow(420), More:false, Req:false Child:2
D/SSRMv2:SIOP( 560): SIOP:: AP = -100, Delta = 0
W/ActivityManager( 560): Permission Denial: get/set setting for user asks to run as user -2 but is calling from user 0; this requires android.permission.INTERACT_ACROSS_USERS_FULL
W/InputMethodManagerService( 560): Window already focused, ignoring focus gain of: com.android.internal.view.IInputMethodClient$Stub$Proxy@42dee678 attribute=null, token = android.os.BinderProxy@42e066c0
D/STATUSBAR-NetworkController( 660): refreshSignalCluster - setNWBoosterIndicators(false)
D/STATUSBAR-NetworkController( 660): refreshSignalCluster: data=-1 bt=false
D/STATUSBAR-IconMerger( 660): checkOverflow(420), More:false, Req:false Child:2
W/Vold ( 111): Returning OperationFailed - no handler for errno 30
D/STATUSBAR-NetworkController( 660): refreshSignalCluster - setNWBoosterIndicators(false)
D/STATUSBAR-NetworkController( 660): refreshSignalCluster: data=-1 bt=false
D/STATUSBAR-IconMerger( 660): checkOverflow(420), More:false, Req:false Child:2
D/BatteryService( 560): level:27, scale:100, status:3, health:2, present:true, voltage: 3729, temperature: 344, technology: Li-ion, AC powered:false, USB powered:true, Wireless powered:false, icon:17303538, invalid charger:0, online:4, current avg:-78, charge type:0, power sharing:false
D/BatteryService( 560): Sending ACTION_BATTERY_CHANGED.
D/STATUSBAR-PhoneStatusBar( 660): mBrightnessEnablebySettings = true mBrightnessEnablebyBattery = true mBrightnessEnablebyDisableFlag = true mPmsBrightnessEnablebySettings = true
D/STATUSBAR-IconMerger( 660): checkOverflow(420), More:false, Req:false Child:2
D/BatteryMeterView( 660): ACTION_BATTERY_CHANGED : level:27 status:3 health:2
W/ActivityManager( 560): Permission Denial: getCurrentUser() from pid=20061, uid=10006 requires android.permission.INTERACT_ACROSS_USERS
D/STATUSBAR-NetworkController( 660): refreshSignalCluster - setNWBoosterIndicators(false)
D/STATUSBAR-NetworkController( 660): refreshSignalCluster: data=-1 bt=false
D/STATUSBAR-IconMerger( 660): checkOverflow(420), More:false, Req:false Child:2
E/Watchdog( 560): !@Sync 382
D/STATUSBAR-NetworkController( 660): refreshSignalCluster - setNWBoosterIndicators(false)
D/STATUSBAR-NetworkController( 660): refreshSignalCluster: data=-1 bt=false
D/STATUSBAR-IconMerger( 660): checkOverflow(420), More:false, Req:false Child:2
D/SSRMv2:SIOP( 560): SIOP:: AP = -100, Delta = 0
D/BatteryService( 560): level:27, scale:100, status:3, health:2, present:true, voltage: 3788, temperature: 338, technology: Li-ion, AC powered:false, USB powered:true, Wireless powered:false, icon:17303538, invalid charger:0, online:4, current avg:-31, charge type:0, power sharing:false
D/BatteryService( 560): Sending ACTION_BATTERY_CHANGED.
D/STATUSBAR-PhoneStatusBar( 660): mBrightnessEnablebySettings = true mBrightnessEnablebyBattery = true mBrightnessEnablebyDisableFlag = true mPmsBrightnessEnablebySettings = true
D/STATUSBAR-IconMerger( 660): checkOverflow(420), More:false, Req:false Child:2
D/BatteryMeterView( 660): ACTION_BATTERY_CHANGED : level:27 status:3 health:2
D/STATUSBAR-NetworkController( 660): refreshSignalCluster - setNWBoosterIndicators(false)
D/STATUSBAR-NetworkController( 660): refreshSignalCluster: data=-1 bt=false
D/STATUSBAR-IconMerger( 660): checkOverflow(420), More:false, Req:false Child:2
D/SSRMv2:SIOP( 560): SIOP:: AP = -100, Delta = 0
D/STATUSBAR-NetworkController( 660): refreshSignalCluster - setNWBoosterIndicators(false)
D/STATUSBAR-NetworkController( 660): refreshSignalCluster: data=-1 bt=false
D/STATUSBAR-IconMerger( 660): checkOverflow(420), More:false, Req:false Child:2
D/STATUSBAR-PhoneStatusBar( 660): makeExpandedVisible
D/STATUSBAR-QuickSettingPanel( 660): setSingleLine:true
D/STATUSBAR-QuickSettingPanel( 660): updateButtonInfo mButtonWidth : 99 mColumnNumber:6 orien: 1
D/STATUSBAR-PhoneStatusBar( 660): Mini Controller text scroll : ON
D/BarController.StatusBar( 560): Not showing transient bar, bar already visible
D/BarController.NavigationBar( 560): Not showing transient bar, bar doesn't exist
D/VibratorService( 560): JNI vibratorOff()
D/LightsService( 560): [api] [SvcLED] turnOff:: id = 4 (uid: 10158 pid: 660)
D/LightsService( 560): [SvcLED] setSvcLedStateLocked:: SvcLEDState : 0x0 -> 0x0 | SvcLED(id=4) set Off
D/LightsService( 560): [SvcLED] Lux failed to be updated in 0ms. -> handleForcedSvcLEDTasK
D/LightsService( 560): [SvcLED] setSvcLedLightLocked :: Current SvcLED(id=3) maintains its priority right
D/STATUSBAR-StatusBarManagerService( 560): manageDisableList what=0x0 pkg=WindowManager.LayoutParams
D/STATUSBAR-NetworkController( 660): refreshSignalCluster - setNWBoosterIndicators(false)
D/STATUSBAR-NetworkController( 660): refreshSignalCluster: data=-1 bt=false
D/STATUSBAR-IconMerger( 660): checkOverflow(420), More:false, Req:false Child:2
D/PhoneStatusBarView( 660): onPanelFullyOpened in EXPAND_NOTI_ACTION
D/SSRMv2:TSP:AirViewOnOff( 560): SettingsAirViewInfo:: 000000000
W/BackupManagerService( 560): dataChanged but no participant pkg='com.android.providers.settings' uid=10158
W/BackupManagerService( 560): dataChanged but no participant pkg='com.android.providers.settings' uid=10158
D/STATUSBAR-NetworkController( 660): refreshSignalCluster - setNWBoosterIndicators(false)
D/STATUSBAR-NetworkController( 660): refreshSignalCluster: data=-1 bt=false
D/STATUSBAR-IconMerger( 660): checkOverflow(420), More:false, Req:false Child:2
V/AlarmManager( 560): waitForAlarm result :8
D/KeyguardClockWidgetService( 987): onReceive action=android.intent.action.TIME_TICK
V/AlarmManager( 560): ClockReceiver onReceive() ACTION_TIME_TICK
D/STATUSBAR-IconMerger( 660): checkOverflow(420), More:false, Req:false Child:2
D/SSRMv2:TSP:AirViewOnOff( 560): SettingsAirViewInfo:: 000000000
D/STATUSBAR-PhoneStatusBar( 660): makeExpandedInvisible
D/STATUSBAR-PhoneStatusBar( 660): Mini Controller text scroll : OFF
D/STATUSBAR-QuickSettingPanel( 660): setSingleLine:true
D/STATUSBAR-QuickSettingPanel( 660): updateButtonInfo mButtonWidth : 99 mColumnNumber:6 orien: 1
D/VibratorService( 560): JNI vibratorOff()
D/LightsService( 560): [api] [SvcLED] turnOff:: id = 4 (uid: 10158 pid: 660)
D/LightsService( 560): [SvcLED] setSvcLedStateLocked:: SvcLEDState : 0x0 -> 0x0 | SvcLED(id=4) set Off
D/LightsService( 560): [SvcLED] Lux failed to be updated in 0ms. -> handleForcedSvcLEDTasK
D/LightsService( 560): [SvcLED] setSvcLedLightLocked :: Current SvcLED(id=3) maintains its priority right
D/STATUSBAR-StatusBarManagerService( 560): manageDisableList what=0x0 pkg=WindowManager.LayoutParams
W/InputMethodManagerService( 560): Window already focused, ignoring focus gain of: com.android.internal.view.IInputMethodClient$Stub$Proxy@42c4c758 attribute=null, token = android.os.BinderProxy@42e066c0
D/STATUSBAR-NetworkController( 660): refreshSignalCluster - setNWBoosterIndicators(false)
D/STATUSBAR-NetworkController( 660): refreshSignalCluster: data=-1 bt=false
D/STATUSBAR-IconMerger( 660): checkOverflow(420), More:false, Req:false Child:2
D/STATUSBAR-PhoneStatusBar( 660): makeExpandedVisible
D/STATUSBAR-QuickSettingPanel( 660): setSingleLine:true
D/STATUSBAR-QuickSettingPanel( 660): updateButtonInfo mButtonWidth : 99 mColumnNumber:6 orien: 1
D/STATUSBAR-PhoneStatusBar( 660): Mini Controller text scroll : ON
D/VibratorService( 560): JNI vibratorOff()
D/LightsService( 560): [api] [SvcLED] turnOff:: id = 4 (uid: 10158 pid: 660)
D/LightsService( 560): [SvcLED] setSvcLedStateLocked:: SvcLEDState : 0x0 -> 0x0 | SvcLED(id=4) set Off
D/LightsService( 560): [SvcLED] Lux failed to be updated in 0ms. -> handleForcedSvcLEDTasK
D/LightsService( 560): [SvcLED] setSvcLedLightLocked :: Current SvcLED(id=3) maintains its priority right
D/BarController.StatusBar( 560): Not showing transient bar, bar already visible
D/BarController.NavigationBar( 560): Not showing transient bar, bar doesn't exist
D/STATUSBAR-StatusBarManagerService( 560): manageDisableList what=0x0 pkg=WindowManager.LayoutParams
D/STATUSBAR-NetworkController( 660): refreshSignalCluster - setNWBoosterIndicators(false)
D/STATUSBAR-NetworkController( 660): refreshSignalCluster: data=-1 bt=false
D/STATUSBAR-IconMerger( 660): checkOverflow(420), More:false, Req:false Child:2
D/SSRMv2:TSP:AirViewOnOff( 560): SettingsAirViewInfo:: 000000000
D/PhoneStatusBarView( 660): onPanelFullyOpened in EXPAND_NOTI_ACTION
V/AlarmManager( 560): waitForAlarm result :4
V/AlarmManager( 560): trigger ELAPSED_REALTIME_WAKEUP or RTC_WAKEUP
W/Vold ( 111): Returning OperationFailed - no handler for errno 30
D/WifiService( 560): startScan by pid=812, uid=10014
D/WifiService( 560): startScan by pid=812, uid=10014
D/BatteryService( 560): level:27, scale:100, status:3, health:2, present:true, voltage: 3786, temperature: 336, technology: Li-ion, AC powered:false, USB powered:true, Wireless powered:false, icon:17303538, invalid charger:0, online:4, current avg:-37, charge type:0, power sharing:false
D/BatteryService( 560): Sending ACTION_BATTERY_CHANGED.
D/STATUSBAR-PhoneStatusBar( 660): mBrightnessEnablebySettings = true mBrightnessEnablebyBattery = true mBrightnessEnablebyDisableFlag = true mPmsBrightnessEnablebySettings = true
D/STATUSBAR-IconMerger( 660): checkOverflow(420), More:false, Req:false Child:2
D/BatteryMeterView( 660): ACTION_BATTERY_CHANGED : level:27 status:3 health:2
D/STATUSBAR-NetworkController( 660): refreshSignalCluster - setNWBoosterIndicators(false)
D/STATUSBAR-NetworkController( 660): refreshSignalCluster: data=-1 bt=false
D/STATUSBAR-IconMerger( 660): checkOverflow(420), More:false, Req:false Child:2
D/PowerManagerService( 560): [api] userActivityFromNative : 20 (event: 2 flags: 0) eventTime = 11513311
D/STATUSBAR-NetworkController( 660): refreshSignalCluster - setNWBoosterIndicators(false)
D/STATUSBAR-NetworkController( 660): refreshSignalCluster: data=-1 bt=false
D/STATUSBAR-IconMerger( 660): checkOverflow(420), More:false, Req:false Child:2
D/SSRMv2:TSP:AirViewOnOff( 560): SettingsAirViewInfo:: 000000000
D/STATUSBAR-PhoneStatusBar( 660): makeExpandedInvisible
D/STATUSBAR-PhoneStatusBar( 660): Mini Controller text scroll : OFF
D/STATUSBAR-QuickSettingPanel( 660): setSingleLine:true
D/STATUSBAR-QuickSettingPanel( 660): updateButtonInfo mButtonWidth : 99 mColumnNumber:6 orien: 1
D/VibratorService( 560): JNI vibratorOff()
D/LightsService( 560): [api] [SvcLED] turnOff:: id = 4 (uid: 10158 pid: 660)
D/LightsService( 560): [SvcLED] setSvcLedStateLocked:: SvcLEDState : 0x0 -> 0x0 | SvcLED(id=4) set Off
D/LightsService( 560): [SvcLED] Lux failed to be updated in 0ms. -> handleForcedSvcLEDTasK
D/LightsService( 560): [SvcLED] setSvcLedLightLocked :: Current SvcLED(id=3) maintains its priority right
D/STATUSBAR-StatusBarManagerService( 560): manageDisableList what=0x0 pkg=WindowManager.LayoutParams
W/InputMethodManagerService( 560): Window already focused, ignoring focus gain of: com.android.internal.view.IInputMethodClient$Stub$Proxy@4325dd18 attribute=null, token = android.os.BinderProxy@42e066c0
D/SSRMv2:SIOP( 560): SIOP:: AP = -100, Delta = 0
V/AlarmManager( 560): waitForAlarm result :4
V/AlarmManager( 560): trigger ELAPSED_REALTIME_WAKEUP or RTC_WAKEUP
V/AlarmManager( 560): waitForAlarm result :4
V/AlarmManager( 560): trigger ELAPSED_REALTIME_WAKEUP or RTC_WAKEUP
D/STATUSBAR-NetworkController( 660): refreshSignalCluster - setNWBoosterIndicators(false)
D/STATUSBAR-NetworkController( 660): refreshSignalCluster: data=-1 bt=false
D/STATUSBAR-IconMerger( 660): checkOverflow(420), More:false, Req:false Child:2
V/AlarmManager( 560): waitForAlarm result :4
V/AlarmManager( 560): trigger ELAPSED_REALTIME_WAKEUP or RTC_WAKEUP
D/STATUSBAR-NetworkController( 660): refreshSignalCluster - setNWBoosterIndicators(false)
D/STATUSBAR-NetworkController( 660): refreshSignalCluster: data=-1 bt=false
D/STATUSBAR-IconMerger( 660): checkOverflow(420), More:false, Req:false Child:2
V/AlarmManager( 560): waitForAlarm result :4
V/AlarmManager( 560): trigger ELAPSED_REALTIME_WAKEUP or RTC_WAKEUP
D/STATUSBAR-NetworkController( 660): refreshSignalCluster - setNWBoosterIndicators(false)
D/STATUSBAR-NetworkController( 660): refreshSignalCluster: data=-1 bt=false
D/STATUSBAR-IconMerger( 660): checkOverflow(420), More:false, Req:false Child:2
D/STATUSBAR-NetworkController( 660): refreshSignalCluster - setNWBoosterIndicators(false)
D/STATUSBAR-NetworkController( 660): refreshSignalCluster: data=-1 bt=false
D/STATUSBAR-IconMerger( 660): checkOverflow(420), More:false, Req:false Child:2
D/BatteryService( 560): level:27, scale:100, status:3, health:2, present:true, voltage: 3777, temperature: 343, technology: Li-ion, AC powered:false, USB powered:true, Wireless powered:false, icon:17303538, invalid charger:0, online:4, current avg:-4, charge type:0, power sharing:false
D/BatteryService( 560): Sending ACTION_BATTERY_CHANGED.
D/STATUSBAR-PhoneStatusBar( 660): mBrightnessEnablebySettings = true mBrightnessEnablebyBattery = true mBrightnessEnablebyDisableFlag = true mPmsBrightnessEnablebySettings = true
D/STATUSBAR-IconMerger( 660): checkOverflow(420), More:false, Req:false Child:2
D/BatteryMeterView( 660): ACTION_BATTERY_CHANGED : level:27 status:3 health:2
D/STATUSBAR-NetworkController( 660): refreshSignalCluster - setNWBoosterIndicators(false)
D/STATUSBAR-NetworkController( 660): refreshSignalCluster: data=-1 bt=false
D/STATUSBAR-IconMerger( 660): checkOverflow(420), More:false, Req:false Child:2
E/Watchdog( 560): !@Sync 383
W/ActivityManager( 560): Permission Denial: get/set setting for user asks to run as user -2 but is calling from user 0; this requires android.permission.INTERACT_ACROSS_USERS_FULL
D/STATUSBAR-NetworkController( 660): refreshSignalCluster - setNWBoosterIndicators(false)
D/STATUSBAR-NetworkController( 660): refreshSignalCluster: data=-1 bt=false
D/STATUSBAR-IconMerger( 660): checkOverflow(420), More:false, Req:false Child:2
D/SSRMv2:SIOP( 560): SIOP:: AP = -100, Delta = 0
W/ContextImpl( 560): Calling a method in the system process without a qualified user: android.app.ContextImpl.sendBroadcast:1496 com.android.server.InputMethodManagerService$4.run:2690 java.lang.Thread.run:841
W/ActivityManager( 560): mDVFSHelper.acquire()
D/StatusBarManagerService( 560): semi p:838,o:f
I/ActivityManager( 560): RTCC_TRIGGER_MSG, ASYNC.
D/StatusBarManagerService( 560): semi p:838,o:f
W/ActivityManager( 560): Permission Denial: getCurrentUser() from pid=20183, uid=10043 requires android.permission.INTERACT_ACROSS_USERS
W/ActivityManager( 560): mDVFSHelper.release()
D/STATUSBAR-StatusBarManagerService( 560): manageDisableList what=0x0 pkg=WindowManager.LayoutParams
W/ViewRootImpl( 838): Dropping event due to no window focus
W/ViewRootImpl( 838): Dropping event due to no window focus
W/ViewRootImpl( 838): Dropping event due to no window focus
W/ViewRootImpl( 838): Dropping event due to no window focus
W/ViewRootImpl( 838): Dropping event due to no window focus
W/ViewRootImpl( 838): Dropping event due to no window focus
W/ViewRootImpl( 838): Dropping event due to no window focus
W/ActivityManager( 560): Permission Denial: getCurrentUser() from pid=20198, uid=10091 requires android.permission.INTERACT_ACROSS_USERS
W/ViewRootImpl( 838): Dropping event due to no window focus
W/ViewRootImpl( 838): Dropping event due to no window focus
W/ViewRootImpl( 838): Dropping event due to no window focus
W/ViewRootImpl( 838): Dropping event due to no window focus
W/ViewRootImpl( 838): Dropping event due to no window focus
W/ViewRootImpl( 838): Dropping event due to no window focus
W/ViewRootImpl( 838): Dropping event due to no window focus
W/ContextImpl( 560): Calling a method in the system process without a qualified user: android.app.ContextImpl.sendBroadcast:1496 com.android.server.InputMethodManagerService$4.run:2690 java.lang.Thread.run:841
W/ActivityManager( 560): Permission Denial: getCurrentUser() from pid=20216, uid=10092 requires android.permission.INTERACT_ACROSS_USERS
D/STATUSBAR-StatusBarManagerService( 560): manageDisableList what=0x0 pkg=WindowManager.LayoutParams
D/STATUSBAR-NetworkController( 660): refreshSignalCluster - setNWBoosterIndicators(false)
D/STATUSBAR-NetworkController( 660): refreshSignalCluster: data=-1 bt=false
D/STATUSBAR-IconMerger( 660): checkOverflow(420), More:false, Req:false Child:2
W/ActivityManager( 560): Bad activity token: android.os.BinderProxy@42eef218
W/ActivityManager( 560): java.lang.ClassCastException: android.os.BinderProxy cannot be cast to com.android.server.am.ActivityRecord$Token
W/ActivityManager( 560): at com.android.server.am.ActivityRecord.forToken(ActivityRecord.java:380)
W/ActivityManager( 560): at com.android.server.am.ActivityRecord.isInStackLocked(ActivityRecord.java:1200)
W/ActivityManager( 560): at com.android.server.am.MultiWindowFacadeService.getMultiWindowStyle(MultiWindowFacadeService.java:89)
W/ActivityManager( 560): at com.samsung.android.multiwindow.IMultiWindowFacade$Stub.onTransact(IMultiWindowFacade.java:107)
W/ActivityManager( 560): at android.os.Binder.execTransact(Binder.java:404)
W/ActivityManager( 560): at dalvik.system.NativeStart.run(Native Method)
W/ActivityManager( 560): Permission Denial: getCurrentUser() from pid=838, uid=10042 requires android.permission.INTERACT_ACROSS_USERS
D/StatusBarManagerService( 560): tr p:838,o:f
D/StatusBarManagerService( 560): semi p:838,o:f
D/BatteryService( 560): level:27, scale:100, status:3, health:2, present:true, voltage: 3786, temperature: 340, technology: Li-ion, AC powered:false, USB powered:true, Wireless powered:false, icon:17303538, invalid charger:0, online:4, current avg:-31, charge type:0, power sharing:false
D/BatteryService( 560): Sending ACTION_BATTERY_CHANGED.
D/STATUSBAR-PhoneStatusBar( 660): mBrightnessEnablebySettings = true mBrightnessEnablebyBattery = true mBrightnessEnablebyDisableFlag = true mPmsBrightnessEnablebySettings = true
D/BatteryMeterView( 660): ACTION_BATTERY_CHANGED : level:27 status:3 health:2
D/STATUSBAR-IconMerger( 660): checkOverflow(420), More:false, Req:false Child:2
D/STATUSBAR-NetworkController( 660): refreshSignalCluster - setNWBoosterIndicators(false)
D/STATUSBAR-NetworkController( 660): refreshSignalCluster: data=-1 bt=false
D/STATUSBAR-IconMerger( 660): checkOverflow(420), More:false, Req:false Child:2
D/STATUSBAR-NetworkController( 660): refreshSignalCluster - setNWBoosterIndicators(false)
D/STATUSBAR-NetworkController( 660): refreshSignalCluster: data=-1 bt=false
D/STATUSBAR-IconMerger( 660): checkOverflow(420), More:false, Req:false Child:2
D/STATUSBAR-NetworkController( 660): refreshSignalCluster - setNWBoosterIndicators(false)
D/STATUSBAR-NetworkController( 660): refreshSignalCluster: data=-1 bt=false
D/STATUSBAR-IconMerger( 660): checkOverflow(420), More:false, Req:false Child:2
D/SSRMv2:SIOP( 560): SIOP:: AP = -100, Delta = 0
D/STATUSBAR-NetworkController( 660): refreshSignalCluster - setNWBoosterIndicators(false)
D/STATUSBAR-NetworkController( 660): refreshSignalCluster: data=-1 bt=false
D/STATUSBAR-IconMerger( 660): checkOverflow(420), More:false, Req:false Child:2
D/STATUSBAR-NetworkController( 660): refreshSignalCluster - setNWBoosterIndicators(false)
D/STATUSBAR-NetworkController( 660): refreshSignalCluster: data=-1 bt=false
D/STATUSBAR-IconMerger( 660): checkOverflow(420), More:false, Req:false Child:2
D/BatteryService( 560): level:27, scale:100, status:3, health:2, present:true, voltage: 3788, temperature: 340, technology: Li-ion, AC powered:false, USB powered:true, Wireless powered:false, icon:17303538, invalid charger:0, online:4, current avg:2, charge type:0, power sharing:false
D/BatteryService( 560): Sending ACTION_BATTERY_CHANGED.
D/STATUSBAR-PhoneStatusBar( 660): mBrightnessEnablebySettings = true mBrightnessEnablebyBattery = true mBrightnessEnablebyDisableFlag = true mPmsBrightnessEnablebySettings = true
D/BatteryMeterView( 660): ACTION_BATTERY_CHANGED : level:27 status:3 health:2
D/STATUSBAR-IconMerger( 660): checkOverflow(420), More:false, Req:false Child:2
D/STATUSBAR-NetworkController( 660): refreshSignalCluster - setNWBoosterIndicators(false)
D/STATUSBAR-NetworkController( 660): refreshSignalCluster: data=-1 bt=false
D/STATUSBAR-IconMerger( 660): checkOverflow(420), More:false, Req:false Child:2
D/SSRMv2:SIOP( 560): SIOP:: AP = -100, Delta = 0
D/STATUSBAR-NetworkController( 660): refreshSignalCluster - setNWBoosterIndicators(false)
D/STATUSBAR-NetworkController( 660): refreshSignalCluster: data=-1 bt=false
D/STATUSBAR-IconMerger( 660): checkOverflow(420), More:false, Req:false Child:2
D/STATUSBAR-NetworkController( 660): refreshSignalCluster - setNWBoosterIndicators(false)
D/STATUSBAR-NetworkController( 660): refreshSignalCluster: data=-1 bt=false
D/STATUSBAR-IconMerger( 660): checkOverflow(420), More:false, Req:false Child:2
D/STATUSBAR-NetworkController( 660): refreshSignalCluster - setNWBoosterIndicators(false)
D/STATUSBAR-NetworkController( 660): refreshSignalCluster: data=-1 bt=false
D/STATUSBAR-IconMerger( 660): checkOverflow(420), More:false, Req:false Child:2
D/BatteryService( 560): level:27, scale:100, status:3, health:2, present:true, voltage: 3786, temperature: 340, technology: Li-ion, AC powered:false, USB powered:true, Wireless powered:false, icon:17303538, invalid charger:0, online:4, current avg:25, charge type:0, power sharing:false
D/BatteryService( 560): Sending ACTION_BATTERY_CHANGED.
D/STATUSBAR-PhoneStatusBar( 660): mBrightnessEnablebySettings = true mBrightnessEnablebyBattery = true mBrightnessEnablebyDisableFlag = true mPmsBrightnessEnablebySettings = true
D/STATUSBAR-IconMerger( 660): checkOverflow(420), More:false, Req:false Child:2
D/BatteryMeterView( 660): ACTION_BATTERY_CHANGED : level:27 status:3 health:2
D/STATUSBAR-NetworkController( 660): refreshSignalCluster - setNWBoosterIndicators(false)
D/STATUSBAR-NetworkController( 660): refreshSignalCluster: data=-1 bt=false
D/STATUSBAR-IconMerger( 660): checkOverflow(420), More:false, Req:false Child:2
E/Watchdog( 560): !@Sync 384
D/STATUSBAR-NetworkController( 660): refreshSignalCluster - setNWBoosterIndicators(false)
D/STATUSBAR-NetworkController( 660): refreshSignalCluster: data=-1 bt=false
D/STATUSBAR-IconMerger( 660): checkOverflow(420), More:false, Req:false Child:2
D/STATUSBAR-NetworkController( 660): refreshSignalCluster - setNWBoosterIndicators(false)
D/STATUSBAR-NetworkController( 660): refreshSignalCluster: data=-1 bt=false
D/STATUSBAR-IconMerger( 660): checkOverflow(420), More:false, Req:false Child:2
D/SSRMv2:SIOP( 560): SIOP:: AP = -100, Delta = 0
D/STATUSBAR-NetworkController( 660): refreshSignalCluster - setNWBoosterIndicators(false)
D/STATUSBAR-NetworkController( 660): refreshSignalCluster: data=-1 bt=false
D/STATUSBAR-IconMerger( 660): checkOverflow(420), More:false, Req:false Child:2
D/STATUSBAR-NetworkController( 660): refreshSignalCluster - setNWBoosterIndicators(false)
D/STATUSBAR-NetworkController( 660): refreshSignalCluster: data=-1 bt=false
D/STATUSBAR-IconMerger( 660): checkOverflow(420), More:false, Req:false Child:2
D/STATUSBAR-NetworkController( 660): refreshSignalCluster - setNWBoosterIndicators(false)
D/STATUSBAR-NetworkController( 660): refreshSignalCluster: data=-1 bt=false
D/STATUSBAR-IconMerger( 660): checkOverflow(420), More:false, Req:false Child:2
