E/Qmage (20964): decoding stream->hasLength()
E/Qmage (20964): onDecode : QmageDecParseHeader call : QM
E/Qmage (20964): Qmage parsing for decoding ok
E/Qmage (20964): onDecode : QmageHeader.NinePatched 0
E/Qmage (20964): onDecode : QmageHeader Height() 35 Width() : 35 sampleSize : 1
E/Qmage (20964): Qmage Make Color table
E/Qmage (20964): SkBitmap::kIndex8_Config == config && 1 == sampleSize
E/Qmage (20964): onDecode : return true QM
E/Qmage (20964): onDecode : QmageDecodeFrame 20140421 Rev.6376
E/Qmage (20964): This is decoding
E/Qmage (20964): decoding stream->hasLength()
E/Qmage (20964): onDecode : QmageDecParseHeader call : QM
E/Qmage (20964): Qmage parsing for decoding ok
E/Qmage (20964): onDecode : QmageHeader.NinePatched 0
E/Qmage (20964): onDecode : QmageHeader Height() 35 Width() : 35 sampleSize : 1
E/Qmage (20964): Qmage Make Color table
E/Qmage (20964): SkBitmap::kIndex8_Config == config && 1 == sampleSize
E/Qmage (20964): onDecode : return true QM
E/Qmage (20964): onDecode : QmageDecodeFrame 20140421 Rev.6376
E/Qmage (20964): This is decoding
E/Qmage (20964): decoding stream->hasLength()
E/Qmage (20964): onDecode : QmageDecParseHeader call : QM
E/Qmage (20964): Qmage parsing for decoding ok
E/Qmage (20964): onDecode : QmageHeader.NinePatched 0
E/Qmage (20964): onDecode : QmageHeader Height() 35 Width() : 35 sampleSize : 1
E/Qmage (20964): Qmage Make Color table
E/Qmage (20964): SkBitmap::kIndex8_Config == config && 1 == sampleSize
E/Qmage (20964): onDecode : return true QM
E/Qmage (20964): onDecode : QmageDecodeFrame 20140421 Rev.6376
E/Qmage (20964): This is decoding
E/Qmage (20964): decoding stream->hasLength()
E/Qmage (20964): onDecode : QmageDecParseHeader call : QM
E/Qmage (20964): Qmage parsing for decoding ok
E/Qmage (20964): onDecode : QmageHeader.NinePatched 0
E/Qmage (20964): onDecode : QmageHeader Height() 35 Width() : 35 sampleSize : 1
E/Qmage (20964): Qmage Make Color table
E/Qmage (20964): SkBitmap::kIndex8_Config == config && 1 == sampleSize
E/Qmage (20964): onDecode : return true QM
D/dalvikvm(20934): Trying to load lib /data/app-lib/com.google.android.gms-11/libgmscore.so 0x428900a0
D/dalvikvm(20934): Shared lib '/data/app-lib/com.google.android.gms-11/libgmscore.so' already loaded in same CL 0x428900a0
D/dalvikvm(20934): Trying to load lib /data/app-lib/com.google.android.gms-11/libconscrypt_gmscore_jni.so 0x428900a0
D/dalvikvm(20934): Shared lib '/data/app-lib/com.google.android.gms-11/libconscrypt_gmscore_jni.so' already loaded in same CL 0x428900a0
E/Qmage (20964): onDecode : QmageDecodeFrame 20140421 Rev.6376
E/Qmage (20964): This is decoding
E/Qmage (20964): decoding stream->hasLength()
E/Qmage (20964): onDecode : QmageDecParseHeader call : QM
E/Qmage (20964): Qmage parsing for decoding ok
E/Qmage (20964): onDecode : QmageHeader.NinePatched 0
E/Qmage (20964): onDecode : QmageHeader Height() 35 Width() : 35 sampleSize : 1
E/Qmage (20964): Qmage Make Color table
E/Qmage (20964): SkBitmap::kIndex8_Config == config && 1 == sampleSize
E/Qmage (20964): onDecode : return true QM
E/Qmage (20964): onDecode : QmageDecodeFrame 20140421 Rev.6376
E/Qmage (20964): This is decoding
E/Qmage (20964): decoding stream->hasLength()
E/Qmage (20964): onDecode : QmageDecParseHeader call : QM
E/Qmage (20964): Qmage parsing for decoding ok
E/Qmage (20964): onDecode : QmageHeader.NinePatched 0
E/Qmage (20964): onDecode : QmageHeader Height() 35 Width() : 35 sampleSize : 1
E/Qmage (20964): Qmage Make Color table
E/Qmage (20964): SkBitmap::kIndex8_Config == config && 1 == sampleSize
E/Qmage (20964): onDecode : return true QM
E/Qmage (20964): onDecode : QmageDecodeFrame 20140421 Rev.6376
E/Qmage (20964): This is decoding
E/Qmage (20964): decoding stream->hasLength()
E/Qmage (20964): onDecode : QmageDecParseHeader call : QM
E/Qmage (20964): Qmage parsing for decoding ok
E/Qmage (20964): onDecode : QmageHeader.NinePatched 0
E/Qmage (20964): onDecode : QmageHeader Height() 15 Width() : 15 sampleSize : 1
E/Qmage (20964): Qmage Make Color table
E/Qmage (20964): SkBitmap::kIndex8_Config == config && 1 == sampleSize
E/Qmage (20964): onDecode : return true QM
E/Qmage (20964): onDecode : QmageDecodeFrame 20140421 Rev.6376
E/Qmage (20964): This is decoding
E/Qmage (20964): decoding stream->hasLength()
E/Qmage (20964): onDecode : QmageDecParseHeader call : QM
E/Qmage (20964): Qmage parsing for decoding ok
E/Qmage (20964): onDecode : QmageHeader.NinePatched 0
E/Qmage (20964): onDecode : QmageHeader Height() 23 Width() : 69 sampleSize : 1
E/Qmage (20964): Qmage Make Color table
E/Qmage (20964): SkBitmap::kIndex8_Config == config && 1 == sampleSize
E/Qmage (20964): onDecode : return true QM
I/ServiceManager( 119): Waiting for service com.marvell.FileMonitorService...
E/Qmage (20964): onDecode : QmageDecodeFrame 20140421 Rev.6376
E/Qmage (20964): This is decoding
E/Qmage (20964): decoding stream->hasLength()
E/Qmage (20964): onDecode : QmageDecParseHeader call : QM
E/Qmage (20964): Qmage parsing for decoding ok
E/Qmage (20964): onDecode : QmageHeader.NinePatched 0
E/Qmage (20964): onDecode : QmageHeader Height() 72 Width() : 72 sampleSize : 1
E/Qmage (20964): normal image decoding
E/Qmage (20964): onDecode : QmageDecodeFrame call : QM
E/Qmage (20964): onDecode : return true QM
D/dalvikvm(20934): GC_CONCURRENT freed 5823K, 47% free 8959K/16604K, paused 5ms+3ms, total 147ms
D/dalvikvm(20934): WAIT_FOR_CONCURRENT_GC blocked 36ms
E/Qmage (20964): onDecode : QmageDecodeFrame 20140421 Rev.6376
E/Qmage (20964): This is decoding
E/Qmage (20964): decoding stream->hasLength()
E/Qmage (20964): onDecode : QmageDecParseHeader call : QM
E/Qmage (20964): Qmage parsing for decoding ok
E/Qmage (20964): onDecode : QmageHeader.NinePatched 0
E/Qmage (20964): onDecode : QmageHeader Height() 64 Width() : 64 sampleSize : 1
E/Qmage (20964): Qmage Make Color table
E/Qmage (20964): SkBitmap::kIndex8_Config == config && 1 == sampleSize
E/Qmage (20964): onDecode : return true QM
E/Qmage (20964): onDecode : QmageDecodeFrame 20140421 Rev.6376
E/Qmage (20964): This is decoding
E/Qmage (20964): decoding stream->hasLength()
E/Qmage (20964): onDecode : QmageDecParseHeader call : QM
E/Qmage (20964): Qmage parsing for decoding ok
E/Qmage (20964): onDecode : QmageHeader.NinePatched 0
E/Qmage (20964): onDecode : QmageHeader Height() 64 Width() : 64 sampleSize : 1
E/Qmage (20964): normal image decoding
E/Qmage (20964): onDecode : QmageDecodeFrame call : QM
E/Qmage (20964): onDecode : return true QM
E/Qmage (20964): onDecode : QmageDecodeFrame 20140421 Rev.6376
E/Qmage (20964): This is decoding
E/Qmage (20964): decoding stream->hasLength()
E/Qmage (20964): onDecode : QmageDecParseHeader call : QM
E/Qmage (20964): Qmage parsing for decoding ok
E/Qmage (20964): onDecode : QmageHeader.NinePatched 0
E/Qmage (20964): onDecode : QmageHeader Height() 64 Width() : 64 sampleSize : 1
E/Qmage (20964): normal image decoding
E/Qmage (20964): onDecode : QmageDecodeFrame call : QM
E/Qmage (20964): onDecode : return true QM
E/Qmage (20964): onDecode : QmageDecodeFrame 20140421 Rev.6376
E/Qmage (20964): This is decoding
E/Qmage (20964): decoding stream->hasLength()
E/Qmage (20964): onDecode : QmageDecParseHeader call : QM
E/Qmage (20964): Qmage parsing for decoding ok
E/Qmage (20964): onDecode : QmageHeader.NinePatched 0
E/Qmage (20964): onDecode : QmageHeader Height() 32 Width() : 32 sampleSize : 1
E/Qmage (20964): Qmage Make Color table
E/Qmage (20964): SkBitmap::kIndex8_Config == config && 1 == sampleSize
E/Qmage (20964): onDecode : return true QM
I/ProviderInstaller(20934): Installed default security provider GmsCore_OpenSSL
E/Qmage (20964): onDecode : QmageDecodeFrame 20140421 Rev.6376
E/Qmage (20964): This is decoding
E/Qmage (20964): decoding stream->hasLength()
E/Qmage (20964): onDecode : QmageDecParseHeader call : QM
E/Qmage (20964): Qmage parsing for decoding ok
E/Qmage (20964): onDecode : QmageHeader.NinePatched 0
E/Qmage (20964): onDecode : QmageHeader Height() 96 Width() : 96 sampleSize : 1
E/Qmage (20964): normal image decoding
E/Qmage (20964): onDecode : QmageDecodeFrame call : QM
E/Qmage (20964): onDecode : return true QM
E/Qmage (20964): onDecode : QmageDecodeFrame 20140421 Rev.6376
E/Qmage (20964): This is decoding
E/Qmage (20964): decoding stream->hasLength()
E/Qmage (20964): onDecode : QmageDecParseHeader call : QM
E/Qmage (20964): Qmage parsing for decoding ok
E/Qmage (20964): onDecode : QmageHeader.NinePatched 0
E/Qmage (20964): onDecode : QmageHeader Height() 32 Width() : 32 sampleSize : 1
E/Qmage (20964): Qmage Make Color table
E/Qmage (20964): SkBitmap::kIndex8_Config == config && 1 == sampleSize
E/Qmage (20964): onDecode : return true QM
E/Qmage (20964): onDecode : QmageDecodeFrame 20140421 Rev.6376
E/Qmage (20964): This is decoding
E/Qmage (20964): decoding stream->hasLength()
E/Qmage (20964): onDecode : QmageDecParseHeader call : QM
E/Qmage (20964): Qmage parsing for decoding ok
E/Qmage (20964): onDecode : QmageHeader.NinePatched 0
E/Qmage (20964): onDecode : QmageHeader Height() 32 Width() : 32 sampleSize : 1
E/Qmage (20964): Qmage Make Color table
E/Qmage (20964): SkBitmap::kIndex8_Config == config && 1 == sampleSize
E/Qmage (20964): onDecode : return true QM
E/Qmage (20964): onDecode : QmageDecodeFrame 20140421 Rev.6376
E/Qmage (20964): This is decoding
E/Qmage (20964): decoding stream->hasLength()
E/Qmage (20964): onDecode : QmageDecParseHeader call : QM
E/Qmage (20964): Qmage parsing for decoding ok
E/Qmage (20964): onDecode : QmageHeader.NinePatched 0
E/Qmage (20964): onDecode : QmageHeader Height() 32 Width() : 32 sampleSize : 1
E/Qmage (20964): Qmage Make Color table
E/Qmage (20964): SkBitmap::kIndex8_Config == config && 1 == sampleSize
E/Qmage (20964): onDecode : return true QM
D/Spen (20964): SpenSdk jar version = 55
D/Spen (20964): You SHOULD INSTALL SpenSdk apk file !!!!
W/System.err(20964): com.samsung.android.sdk.SsdkUnsupportedException: SpenSdk apk is not installed.
W/System.err(20964): at com.samsung.android.sdk.pen.Spen.initialize(Spen.java:252)
W/System.err(20964): at com.samsung.android.sdk.pen.Spen.initialize(Spen.java:126)
W/System.err(20964): at com.sec.samsung.gallery.app.imagenote.photonote.NoteSpenSurfaceView.initializeSPenSDK(NoteSpenSurfaceView.java:118)
W/System.err(20964): at com.sec.samsung.gallery.app.imagenote.photonote.PhotoNoteUtils.isSpenSdk30Supported(PhotoNoteUtils.java:56)
W/System.err(20964): at com.sec.android.gallery3d.util.GalleryFeature.checkEnableNote(GalleryFeature.java:1808)
W/System.err(20964): at com.sec.android.gallery3d.util.GalleryFeature.init(GalleryFeature.java:470)
W/System.err(20964): at com.sec.android.gallery3d.app.GalleryAppImpl.getDataManager(GalleryAppImpl.java:237)
W/System.err(20964): at com.sec.android.gallery3d.provider.GalleryProvider.onCreate(GalleryProvider.java:126)
W/System.err(20964): at android.content.ContentProvider.attachInfo(ContentProvider.java:1591)
W/System.err(20964): at android.content.ContentProvider.attachInfo(ContentProvider.java:1562)
W/System.err(20964): at android.app.ActivityThread.installProvider(ActivityThread.java:5221)
W/System.err(20964): at android.app.ActivityThread.installContentProviders(ActivityThread.java:4815)
W/System.err(20964): at android.app.ActivityThread.handleBindApplication(ActivityThread.java:4698)
W/System.err(20964): at android.app.ActivityThread.access$1600(ActivityThread.java:172)
W/System.err(20964): at android.app.ActivityThread$H.handleMessage(ActivityThread.java:1365)
W/System.err(20964): at android.os.Handler.dispatchMessage(Handler.java:102)
W/System.err(20964): at android.os.Looper.loop(Looper.java:146)
W/System.err(20964): at android.app.ActivityThread.main(ActivityThread.java:5598)
W/System.err(20964): at java.lang.reflect.Method.invokeNative(Native Method)
W/System.err(20964): at java.lang.reflect.Method.invoke(Method.java:515)
W/System.err(20964): at com.android.internal.os.ZygoteInit$MethodAndArgsCaller.run(ZygoteInit.java:1283)
W/System.err(20964): at com.android.internal.os.ZygoteInit.main(ZygoteInit.java:1099)
W/System.err(20964): at dalvik.system.NativeStart.main(Native Method)
W/ContextImpl(20964): Implicit intents with startService are not safe: Intent { act=com.sec.knox.containeragent.service.containerinstallermanager.ContainerInstallerManagerService } android.content.ContextWrapper.bindService:529 com.sec.knox.containeragent.ContainerInstallerManager.:64 com.sec.android.gallery3d.util.GalleryUtils.setKNOXInstallMode:2221
W/ActivityManager( 560): Unable to start service Intent { act=com.sec.knox.containeragent.service.containerinstallermanager.ContainerInstallerManagerService } U=0: not found
D/NearbySource(20964): Nearby Source Create!
D/NearbyContext(20964): Nearby Context Create!
E/cutils ( 111): Failed to mkdirat(/storage/extSdCard/Android): Read-only file system
W/ContextImpl(20964): Failed to ensure directory: /storage/extSdCard/Android/data/com.sec.android.gallery3d/cache
W/Vold ( 111): Returning OperationFailed - no handler for errno 30
D/dalvikvm(20964): No JNI_OnLoad found in /system/lib/libXIVGallery2013.so 0x41dcb6e0, skipping init
D/ContactProvider(20964): getAllContactInfoList Start
I/person (20964): thread: 1610, name =
I/person (20964): thread: 1610, id =
I/person (20964): thread: 1610, key =
D/ContactProvider(20964): getAllContactInfoList End
I/syncContacts(20964): thread: 1610, sync time = 272
I/ServiceManager( 119): Waiting for service com.marvell.FileMonitorService...
D/FileShare-Server(20986): ServerBroadcastReceiver.onReceive - action android.intent.action.PACKAGE_CHANGED // package:com.google.android.gms
D/FileShare-Server(20986): ServerBroadcastReceiver.onReceive - Current User : UserHandle{0}
D/FileShare-Server(20986): ServerBroadcastReceiver.onReceive - All UserInfo: [UserInfo{0:z.islam370 Zahid376:13}]
I/ActivityManager( 560): Killing 20406:com.osp.app.signin/u0a75 (adj 15): empty #18
I/ActivityManager( 560): Killing 20393:com.sec.pcw.device/1000 (adj 15): empty #19
I/ActivityManager( 560): Killing 20371:com.android.musicfx/u0a53 (adj 15): empty #20 W/fb4a(:):StaticBindingVerifier(20907): Verify
D/BatteryService( 560): level:28, scale:100, status:3, health:2, present:true, voltage: 3749, temperature: 349, technology: Li-ion, AC powered:false, USB powered:true, Wireless powered:false, icon:17303538, invalid charger:0, online:4, current avg:-63, charge type:0, power sharing:false
D/BatteryService( 560): Sending ACTION_BATTERY_CHANGED.
D/CMBaseReceiver( 2862): com.cleanmaster.login.bindphone.mobileinfo.h 0ms
D/Brightness(13603): mIntentReceiver.onReceive: action=android.intent.action.BATTERY_CHANGED, intent=Intent { act=android.intent.action.BATTERY_CHANGED flg=0x60000010 (has extras) }
D/MainActivityBaseUi.java(13603): in brightness disabled on critical battery low
D/KeyguardUpdateMonitor( 660): received broadcast android.intent.action.BATTERY_CHANGED
D/KeyguardUpdateMonitor( 660): handleBatteryUpdate
D/STATUSBAR-PhoneStatusBar( 660): mBrightnessEnablebySettings = true mBrightnessEnablebyBattery = true mBrightnessEnablebyDisableFlag = true mPmsBrightnessEnablebySettings = true
D/BatteryMeterView( 660): ACTION_BATTERY_CHANGED : level:28 status:3 health:2
D/CMASMessage( 660): [update] mShowingCMASText is false
D/CMASMessage( 660): CMASIcon was GONE :
D/STATUSBAR-IconMerger( 660): checkOverflow(420), More:false, Req:false Child:2
E/dalvikvm(21000): Could not find class 'android.app.Notification$Action$Builder', referenced from method b.a
W/dalvikvm(21000): VFY: unable to resolve new-instance 412 (Landroid/app/Notification$Action$Builder;) in Lb;
D/dalvikvm(21000): VFY: replacing opcode 0x22 at 0x0000
E/dalvikvm(21000): Could not find class 'android.graphics.drawable.RippleDrawable', referenced from method b.a
W/dalvikvm(21000): VFY: unable to resolve new-instance 572 (Landroid/graphics/drawable/RippleDrawable;) in Lb;
D/dalvikvm(21000): VFY: replacing opcode 0x22 at 0x000b
W/dalvikvm(21000): VFY: unable to find class referenced in signature (Lcom/google/android/gms/maps/model/LatLng;)
W/dalvikvm(21000): VFY: unable to find class referenced in signature (Lcom/google/android/gms/maps/model/LatLng;)
W/dalvikvm(21000): VFY: unable to find class referenced in signature (Lcom/google/android/gms/maps/model/LatLng;)
W/dalvikvm(21000): VFY: unable to find class referenced in signature (Lcom/google/android/gms/maps/model/LatLng;) W/fb4a(:):BaseAnalyticsConfig(20907): willEventBeLogged() called before shared prefs were initialized! Defaulting to true. W/fb4a(:):BaseAnalyticsConfig(20907): willEventBeLogged() called before shared prefs were initialized! Defaulting to true. W/fb4a(:):BaseAnalyticsConfig(20907): willEventBeLogged() called before shared prefs were initialized! Defaulting to true.
E/dalvikvm(21000): Could not find class 'android.app.Notification$Action$Builder', referenced from method b.a
W/dalvikvm(21000): VFY: unable to resolve new-instance 412 (Landroid/app/Notification$Action$Builder;) in Lb;
D/dalvikvm(21000): VFY: replacing opcode 0x22 at 0x0000 W/fb4a(:):BaseAnalyticsConfig(20907): willEventBeLogged() called before shared prefs were initialized! Defaulting to true.
W/ ( 119): FileMonitorService not published, waiting...
I/APSAnalyticsService(20475): Stopping Analytics Service
E/Watchdog( 560): !@Sync 394
W/dalvikvm(21000): Unable to resolve superclass of Lbg; (785)
W/dalvikvm(21000): Link of class 'Lbg;' failed
E/dalvikvm(21000): Could not find class 'bg', referenced from method b.a
W/dalvikvm(21000): VFY: unable to resolve new-instance 1503 (Lbg;) in Lb;
D/dalvikvm(21000): VFY: replacing opcode 0x22 at 0x0006
W/dalvikvm(21000): Unable to resolve superclass of Lbi; (785)
W/dalvikvm(21000): Link of class 'Lbi;' failed
E/dalvikvm(21000): Could not find class 'bi', referenced from method b.a
W/dalvikvm(21000): VFY: unable to resolve new-instance 1557 (Lbi;) in Lb;
D/dalvikvm(21000): VFY: replacing opcode 0x22 at 0x002c
I/dalvikvm(21000): Could not find method android.transition.TransitionSet.getTransitionCount, referenced from method b.a
W/dalvikvm(21000): VFY: unable to resolve virtual method 5164: Landroid/transition/TransitionSet;.getTransitionCount ()I
D/dalvikvm(21000): VFY: replacing opcode 0x6e at 0x0008
I/dalvikvm(21000): Could not find method android.view.ViewGroup.isTransitionGroup, referenced from method b.a
W/dalvikvm(21000): VFY: unable to resolve virtual method 5725: Landroid/view/ViewGroup;.isTransitionGroup ()Z
D/dalvikvm(21000): VFY: replacing opcode 0x6e at 0x000c
I/dalvikvm(21000): Could not find method android.view.View.getTransitionName, referenced from method b.a
W/dalvikvm(21000): VFY: unable to resolve virtual method 5528: Landroid/view/View;.getTransitionName ()Ljava/lang/String;
D/dalvikvm(21000): VFY: replacing opcode 0x6e at 0x0006
I/dalvikvm(21000): Could not find method android.transition.Transition.getTargetNames, referenced from method b.a
W/dalvikvm(21000): VFY: unable to resolve virtual method 5153: Landroid/transition/Transition;.getTargetNames ()Ljava/util/List;
D/dalvikvm(21000): VFY: replacing opcode 0x6e at 0x000a
I/dalvikvm(21000): Could not find method android.view.ViewParent.onNestedPreFling, referenced from method b.a
W/dalvikvm(21000): VFY: unable to resolve interface method 5776: Landroid/view/ViewParent;.onNestedPreFling (Landroid/view/View;FF)Z
D/dalvikvm(21000): VFY: replacing opcode 0x72 at 0x0000
I/dalvikvm(21000): Could not find method android.view.ViewParent.onNestedFling, referenced from method b.a
W/dalvikvm(21000): VFY: unable to resolve interface method 5775: Landroid/view/ViewParent;.onNestedFling (Landroid/view/View;FFZ)Z
D/dalvikvm(21000): VFY: replacing opcode 0x72 at 0x0000
I/dalvikvm(21000): Could not find method android.view.ViewParent.onStartNestedScroll, referenced from method b.a
W/dalvikvm(21000): VFY: unable to resolve interface method 5780: Landroid/view/ViewParent;.onStartNestedScroll (Landroid/view/View;Landroid/view/View;I)Z
D/dalvikvm(21000): VFY: replacing opcode 0x72 at 0x0000
W/dalvikvm(21000): VFY: unable to find class referenced in signature ([Landroid/app/RemoteInput;)
E/dalvikvm(21000): Could not find class 'android.app.RemoteInput[]', referenced from method b.a
W/dalvikvm(21000): VFY: unable to resolve new-array 12120 ([Landroid/app/RemoteInput;) in Lb;
D/dalvikvm(21000): VFY: replacing opcode 0x23 at 0x0005
I/dalvikvm(21000): Could not find method android.transition.TransitionSet.getTransitionCount, referenced from method b.b
W/dalvikvm(21000): VFY: unable to resolve virtual method 5164: Landroid/transition/TransitionSet;.getTransitionCount ()I
D/dalvikvm(21000): VFY: replacing opcode 0x6e at 0x0009
D/dalvikvm(21000): DexOpt: unable to opt direct call 0x0a2e at 0x0e in Lb;.a
D/dalvikvm(21000): DexOpt: unable to opt direct call 0x0dbf at 0x0e in Lb;.a
D/dalvikvm(21000): DexOpt: unable to opt direct call 0x0a2e at 0x0e in Lb;.a
W/dalvikvm(21000): Unable to resolve superclass of Lbg; (785)
W/dalvikvm(21000): Link of class 'Lbg;' failed
D/dalvikvm(21000): DexOpt: unable to opt direct call 0x25c0 at 0x08 in Lb;.a
W/dalvikvm(21000): Unable to resolve superclass of Lbi; (785)
W/dalvikvm(21000): Link of class 'Lbi;' failed
D/dalvikvm(21000): DexOpt: unable to opt direct call 0x268b at 0x30 in Lb;.a
D/dalvikvm(21000): DexOpt: unable to opt direct call 0x0a85 at 0x13 in Lb;.a
W/ActivityManager( 560): Permission Denial: getCurrentUser() from pid=21000, uid=10064 requires android.permission.INTERACT_ACROSS_USERS
I/ServiceManager( 119): Waiting for service com.marvell.FileMonitorService... W/fb4a(:):UserScope(20907): Called user scoped provider with no viewer. ViewerContextManager was created with no ViewerContext. Using EmptyViewerContextManager to return fake logged in instance. W/fb4a(:):ViewerContextManagerForUserScope(20907): User no longer logged in. Original uid: 0, viewer context: null, is_logged_in: false. Returning original viewer context. W/fb4a(:):UserScope(20907): Called user scoped provider with no viewer. ViewerContextManager was created with no ViewerContext. Using EmptyViewerContextManager to return fake logged in instance.
I/dalvikvm(21000): Could not find method android.content.pm.PackageManager.getPackageInstaller, referenced from method dwg.a
W/dalvikvm(21000): VFY: unable to resolve virtual method 3005: Landroid/content/pm/PackageManager;.getPackageInstaller ()Landroid/content/pm/PackageInstaller;
D/dalvikvm(21000): VFY: replacing opcode 0x6e at 0x000f
I/dalvikvm(21000): Could not find method android.app.Notification$Builder.setLocalOnly, referenced from method dwg.c
W/dalvikvm(21000): VFY: unable to resolve virtual method 2642: Landroid/app/Notification$Builder;.setLocalOnly (Z)Landroid/app/Notification$Builder;
D/dalvikvm(21000): VFY: replacing opcode 0x6e at 0x021b
D/dalvikvm(21000): Trying to load lib /data/app-lib/com.google.android.apps.plus-8/libcrashreporterer.so 0x41dcd8d0
D/dalvikvm(21000): Added shared lib /data/app-lib/com.google.android.apps.plus-8/libcrashreporterer.so 0x41dcd8d0
I/ActivityManager( 560): Killing 20588:com.sec.android.app.samsungapps/u0a72 (adj 15): empty #16
I/ActivityManager( 560): Killing 20770:com.google.android.apps.magazines/u0a48 (adj 15): empty #17
D/PackageBroadcastService( 1191): Received broadcast action=android.intent.action.PACKAGE_CHANGED and uri=com.google.android.gms
I/PackageBroadcastService( 1191): Null package name or gms related package. Ignoreing.
I/UpdateIcingCorporaServi(12975): Updating corpora: APPS=com.google.android.gms, CONTACTS=MAYBE
I/Icing ( 1191): updateResources: need to parse f{com.google.android.gms}
W/dalvikvm(21033): Refusing to reopen boot DEX '/system/framework/com.android.location.provider.jar'
W/dalvikvm(21033): VFY: unable to resolve static field 590 (PR_SET_DUMPABLE) in Landroid/system/OsConstants;
D/dalvikvm(21033): VFY: replacing opcode 0x60 at 0x000b
D/dalvikvm(21033): DexOpt: couldn't find static field Landroid/os/Build;.SUPPORTED_ABIS
W/dalvikvm(21033): VFY: unable to resolve static field 156 (SUPPORTED_ABIS) in Landroid/os/Build;
D/dalvikvm(21033): VFY: replacing opcode 0x62 at 0x005e
I/MultiDex(21033): VM with version 1.6.0 does not have multidex support
I/MultiDex(21033): install
I/MultiDex(21033): MultiDexExtractor.load(/data/app/com.google.android.gms-11.apk, false)
I/MultiDex(21033): loading existing secondary dex files
I/MultiDex(21033): load found 3 secondary dex files
I/MultiDex(21033): install done
D/dalvikvm(12975): GC_CONCURRENT freed 2263K, 55% free 11930K/26448K, paused 3ms+10ms, total 208ms
D/dalvikvm(12975): WAIT_FOR_CONCURRENT_GC blocked 194ms
D/STATUSBAR-NetworkController( 660): refreshSignalCluster - setNWBoosterIndicators(false)
D/STATUSBAR-NetworkController( 660): refreshSignalCluster: data=-1 bt=false
D/STATUSBAR-IconMerger( 660): checkOverflow(420), More:false, Req:false Child:2
I/UpdateIcingCorporaServi(12975): UpdateCorporaTask done [took 383 ms] updated apps [took 383 ms]
D/dalvikvm(21033): DexOpt: couldn't find field Landroid/content/pm/ApplicationInfo;.splitSourceDirs
W/dalvikvm(21033): VFY: unable to resolve instance field 61
D/dalvikvm(21033): VFY: replacing opcode 0x54 at 0x0054
D/dalvikvm(21033): DexOpt: couldn't find static field Landroid/os/Build;.SUPPORTED_ABIS
W/dalvikvm(21033): VFY: unable to resolve static field 156 (SUPPORTED_ABIS) in Landroid/os/Build;
D/dalvikvm(21033): VFY: replacing opcode 0x62 at 0x0067
D/dalvikvm(21033): DexOpt: couldn't find static field Landroid/os/Build;.SUPPORTED_ABIS
W/dalvikvm(21033): VFY: unable to resolve static field 156 (SUPPORTED_ABIS) in Landroid/os/Build;
D/dalvikvm(21033): VFY: replacing opcode 0x62 at 0x000a
D/dalvikvm(21033): DexOpt: couldn't find field Landroid/content/pm/ApplicationInfo;.splitSourceDirs
I/dalvikvm(21033): DexOpt: unable to optimize instance field ref 0x003d at 0x58 in Lcom/google/android/gms/common/util/ax;.a
D/dalvikvm(21033): Trying to load lib /data/app-lib/com.google.android.gms-11/libgmscore.so 0x41dca3c8
D/dalvikvm(21033): Added shared lib /data/app-lib/com.google.android.gms-11/libgmscore.so 0x41dca3c8
D/dalvikvm(21033): No JNI_OnLoad found in /data/app-lib/com.google.android.gms-11/libgmscore.so 0x41dca3c8, skipping init
D/dalvikvm(21033): Trying to load lib /data/app-lib/com.google.android.gms-11/libconscrypt_gmscore_jni.so 0x41dca3c8
D/dalvikvm(21033): Added shared lib /data/app-lib/com.google.android.gms-11/libconscrypt_gmscore_jni.so 0x41dca3c8
V/JNIHelp (21033): Registering com/google/android/gms/org/conscrypt/NativeCrypto's 227 native methods...
D/dalvikvm(21033): Trying to load lib /data/app-lib/com.google.android.gms-11/libgmscore.so 0x41dca3c8
D/dalvikvm(21033): Shared lib '/data/app-lib/com.google.android.gms-11/libgmscore.so' already loaded in same CL 0x41dca3c8
D/dalvikvm(21033): Trying to load lib /data/app-lib/com.google.android.gms-11/libconscrypt_gmscore_jni.so 0x41dca3c8
D/dalvikvm(21033): Shared lib '/data/app-lib/com.google.android.gms-11/libconscrypt_gmscore_jni.so' already loaded in same CL 0x41dca3c8
I/ServiceManager( 119): Waiting for service com.marvell.FileMonitorService...
I/ProviderInstaller(21033): Installed default security provider GmsCore_OpenSSL
D/GCM ( 880): GcmService start Intent { act=com.google.android.gms.INITIALIZE flg=0x10 pkg=com.google.android.gms cmp=com.google.android.gms/.gcm.GcmService } com.google.android.gms.INITIALIZE
D/AuthorizationBluetoothService( 880): Received GmsCore event: Intent { act=com.google.android.gms.INITIALIZE flg=0x10 pkg=com.google.android.gms cmp=com.google.android.gms/.auth.be.proximity.authorization.bt.AuthorizationBluetoothService$AutoStarter }.
E/AuthorizationBluetoothService( 880): Proximity feature is not enabled.
V/GmsCoreStatsServiceLauncher( 1191): Received broadcast intent Intent { act=com.google.android.gms.INITIALIZE flg=0x10 pkg=com.google.android.gms cmp=com.google.android.gms/.common.stats.GmsCoreStatsServiceLauncher }
D/LocationInitializer( 1191): Restart initialization of location
I/dalvikvm(21033): Could not find method android.os.UserManager.getUserProfiles, referenced from method com.google.android.gms.wearable.service.n.a
W/dalvikvm(21033): VFY: unable to resolve virtual method 1402: Landroid/os/UserManager;.getUserProfiles ()Ljava/util/List;
D/dalvikvm(21033): VFY: replacing opcode 0x6e at 0x003f
D/WearableService(21033): callingUid 10014, callindPid: 21033
E/dalvikvm(21033): Could not find class 'android.telecom.TelecomManager', referenced from method com.google.android.gms.wearable.service.y.a
W/dalvikvm(21033): VFY: unable to resolve check-cast 869 (Landroid/telecom/TelecomManager;) in Lcom/google/android/gms/wearable/service/y;
D/dalvikvm(21033): VFY: replacing opcode 0x1f at 0x0054
W/dalvikvm(21033): VFY: unable to find class referenced in signature (Landroid/telecom/TelecomManager;)
I/dalvikvm(21033): Could not find method android.content.pm.PackageManager.getPackageInstaller, referenced from method com.google.android.gms.common.kf.a
W/dalvikvm(21033): VFY: unable to resolve virtual method 460: Landroid/content/pm/PackageManager;.getPackageInstaller ()Landroid/content/pm/PackageInstaller;
D/dalvikvm(21033): VFY: replacing opcode 0x6e at 0x000d
I/dalvikvm(21033): Could not find method android.app.Notification$Builder.setLocalOnly, referenced from method com.google.android.gms.common.kf.b
W/dalvikvm(21033): VFY: unable to resolve virtual method 166: Landroid/app/Notification$Builder;.setLocalOnly (Z)Landroid/app/Notification$Builder;
D/dalvikvm(21033): VFY: replacing opcode 0x6e at 0x0201
D/dalvikvm( 880): GC_EXPLICIT freed 1184K, 46% free 4916K/9048K, paused 3ms+5ms, total 68ms
E/MDM ( 812): [64] b.run: Couldn't connect to Google API client: ConnectionResult{statusCode=API_UNAVAILABLE, resolution=null}
I/ServiceManager( 119): Waiting for service com.marvell.FileMonitorService...
D/SSRMv2:SIOP( 560): SIOP:: AP = -100, Delta = 0
I/ServiceManager( 119): Waiting for service com.marvell.FileMonitorService...
I/ServiceManager( 119): Waiting for service com.marvell.FileMonitorService...
E/dalvikvm(20907): Could not find class 'org.apache.harmony.xnet.provider.jsse.OpenSSLSocketImpl', referenced from method com.facebook.ssl.openssl.check.CheckOpenSSLImplHasRequiredMethods.
W/dalvikvm(20907): VFY: unable to resolve const-class 7652 (Lorg/apache/harmony/xnet/provider/jsse/OpenSSLSocketImpl;) in Lcom/facebook/ssl/openssl/check/CheckOpenSSLImplHasRequiredMethods;
D/dalvikvm(20907): VFY: replacing opcode 0x1c at 0x000d
E/dalvikvm(20907): Could not find class 'org.apache.harmony.xnet.provider.jsse.OpenSSLSocketFactoryImpl', referenced from method com.facebook.ssl.openssl.reflect.SSLParametersGetter.
W/dalvikvm(20907): VFY: unable to resolve const-class 7651 (Lorg/apache/harmony/xnet/provider/jsse/OpenSSLSocketFactoryImpl;) in Lcom/facebook/ssl/openssl/reflect/SSLParametersGetter;
D/dalvikvm(20907): VFY: replacing opcode 0x1c at 0x000d
E/dalvikvm(20907): Could not find class 'org.apache.harmony.xnet.provider.jsse.SSLParametersImpl', referenced from method com.facebook.ssl.openssl.reflect.SSLParametersGetter.a
W/dalvikvm(20907): VFY: unable to resolve check-cast 7654 (Lorg/apache/harmony/xnet/provider/jsse/SSLParametersImpl;) in Lcom/facebook/ssl/openssl/reflect/SSLParametersGetter;
D/dalvikvm(20907): VFY: replacing opcode 0x1f at 0x0006
E/dalvikvm(20907): Could not find class 'org.apache.harmony.xnet.provider.jsse.SSLParametersImpl', referenced from method com.facebook.ssl.openssl.reflect.SSLSessionTimeoutSetter.
W/dalvikvm(20907): VFY: unable to resolve const-class 7654 (Lorg/apache/harmony/xnet/provider/jsse/SSLParametersImpl;) in Lcom/facebook/ssl/openssl/reflect/SSLSessionTimeoutSetter;
D/dalvikvm(20907): VFY: replacing opcode 0x1c at 0x000d
W/dalvikvm(20907): VFY: unable to find class referenced in signature (Lorg/apache/harmony/xnet/provider/jsse/SSLParametersImpl;)
E/dalvikvm(20907): Could not find class 'org.apache.harmony.xnet.provider.jsse.ClientSessionContext', referenced from method com.facebook.ssl.openssl.reflect.SSLSessionTimeoutSetter.a
W/dalvikvm(20907): VFY: unable to resolve check-cast 7650 (Lorg/apache/harmony/xnet/provider/jsse/ClientSessionContext;) in Lcom/facebook/ssl/openssl/reflect/SSLSessionTimeoutSetter;
D/dalvikvm(20907): VFY: replacing opcode 0x1f at 0x0006
W/dalvikvm(20907): VFY: unable to find class referenced in signature (Lorg/apache/harmony/xnet/provider/jsse/SSLParametersImpl;)
W/dalvikvm(20907): Unable to resolve superclass of Lcom/facebook/ssl/openssl/TicketEnabledOpenSSLSocketImplWrapper; (7653)
W/dalvikvm(20907): Link of class 'Lcom/facebook/ssl/openssl/TicketEnabledOpenSSLSocketImplWrapper;' failed
E/dalvikvm(20907): Could not find class 'com.facebook.ssl.openssl.TicketEnabledOpenSSLSocketImplWrapper', referenced from method com.facebook.ssl.openssl.TicketEnabledOpenSSLSocketFactoryHelper.a
W/dalvikvm(20907): VFY: unable to resolve new-instance 4991 (Lcom/facebook/ssl/openssl/TicketEnabledOpenSSLSocketImplWrapper;) in Lcom/facebook/ssl/openssl/TicketEnabledOpenSSLSocketFactoryHelper;
D/dalvikvm(20907): VFY: replacing opcode 0x22 at 0x0000
W/dalvikvm(20907): Unable to resolve superclass of Lcom/facebook/ssl/openssl/TicketEnabledOpenSSLSocketImplWrapper; (7653)
W/dalvikvm(20907): Link of class 'Lcom/facebook/ssl/openssl/TicketEnabledOpenSSLSocketImplWrapper;' failed
D/dalvikvm(20907): DexOpt: unable to opt direct call 0x637a at 0x08 in Lcom/facebook/ssl/openssl/TicketEnabledOpenSSLSocketFactoryHelper;.a
D/dalvikvm(20907): Trying to load lib /data/app-lib/com.facebook.katana-3/libfb_stl_shared.so 0x41dd1d98
D/dalvikvm(20907): Shared lib '/data/app-lib/com.facebook.katana-3/libfb_stl_shared.so' already loaded in same CL 0x41dd1d98
D/SoLoader(20907): found fb_stl_shared in default place
D/dalvikvm(20907): Trying to load lib /data/app-lib/com.facebook.katana-3/libfb.so 0x41dd1d98
D/dalvikvm(20907): Added shared lib /data/app-lib/com.facebook.katana-3/libfb.so 0x41dd1d98
D/dalvikvm(20907): No JNI_OnLoad found in /data/app-lib/com.facebook.katana-3/libfb.so 0x41dd1d98, skipping init
D/SoLoader(20907): found fb in default place
D/dalvikvm(20907): Trying to load lib /data/app-lib/com.facebook.katana-3/libfb_breakpad_client.so 0x41dd1d98
D/dalvikvm(20907): Shared lib '/data/app-lib/com.facebook.katana-3/libfb_breakpad_client.so' already loaded in same CL 0x41dd1d98
D/SoLoader(20907): found fb_breakpad_client in default place
D/dalvikvm(20907): Trying to load lib /data/app-lib/com.facebook.katana-3/libfbjni.so 0x41dd1d98
D/dalvikvm(20907): Added shared lib /data/app-lib/com.facebook.katana-3/libfbjni.so 0x41dd1d98
D/SoLoader(20907): found fbjni in default place
D/dalvikvm(20907): Trying to load lib /data/app-lib/com.facebook.katana-3/libheartbleed.so 0x41dd1d98
D/dalvikvm(20907): Added shared lib /data/app-lib/com.facebook.katana-3/libheartbleed.so 0x41dd1d98
D/SoLoader(20907): found heartbleed in default place
E/cutils ( 111): Failed to mkdirat(/storage/extSdCard/Android): Read-only file system
W/ContextImpl(20907): Failed to ensure directory: /storage/extSdCard/Android/data/com.facebook.katana/cache
W/Vold ( 111): Returning OperationFailed - no handler for errno 30
W/ ( 119): FileMonitorService not published, waiting...
D/dalvikvm(20907): Trying to load lib /data/app-lib/com.facebook.katana-3/libfb_stl_shared.so 0x41dd1d98
D/dalvikvm(20907): Shared lib '/data/app-lib/com.facebook.katana-3/libfb_stl_shared.so' already loaded in same CL 0x41dd1d98
D/SoLoader(20907): found fb_stl_shared in default place
D/dalvikvm(20907): Trying to load lib /data/app-lib/com.facebook.katana-3/libwebp.so 0x41dd1d98
D/dalvikvm(20907): Added shared lib /data/app-lib/com.facebook.katana-3/libwebp.so 0x41dd1d98
D/dalvikvm(20907): No JNI_OnLoad found in /data/app-lib/com.facebook.katana-3/libwebp.so 0x41dd1d98, skipping init
D/SoLoader(20907): found webp in default place
D/dalvikvm(20907): Trying to load lib /data/app-lib/com.facebook.katana-3/libfb.so 0x41dd1d98
D/dalvikvm(20907): Shared lib '/data/app-lib/com.facebook.katana-3/libfb.so' already loaded in same CL 0x41dd1d98
D/SoLoader(20907): found fb in default place
D/dalvikvm(20907): Trying to load lib /data/app-lib/com.facebook.katana-3/libfb_jpegturbo.so 0x41dd1d98
D/dalvikvm(20907): Added shared lib /data/app-lib/com.facebook.katana-3/libfb_jpegturbo.so 0x41dd1d98
D/dalvikvm(20907): No JNI_OnLoad found in /data/app-lib/com.facebook.katana-3/libfb_jpegturbo.so 0x41dd1d98, skipping init
D/SoLoader(20907): found fb_jpegturbo in default place
D/dalvikvm(20907): Trying to load lib /data/app-lib/com.facebook.katana-3/libfb_breakpad_client.so 0x41dd1d98
D/dalvikvm(20907): Shared lib '/data/app-lib/com.facebook.katana-3/libfb_breakpad_client.so' already loaded in same CL 0x41dd1d98
D/SoLoader(20907): found fb_breakpad_client in default place
D/dalvikvm(20907): Trying to load lib /data/app-lib/com.facebook.katana-3/libfbjni.so 0x41dd1d98
D/dalvikvm(20907): Shared lib '/data/app-lib/com.facebook.katana-3/libfbjni.so' already loaded in same CL 0x41dd1d98
D/SoLoader(20907): found fbjni in default place
D/dalvikvm(20907): Trying to load lib /data/app-lib/com.facebook.katana-3/libfb_imgproc.so 0x41dd1d98
D/dalvikvm(20907): Added shared lib /data/app-lib/com.facebook.katana-3/libfb_imgproc.so 0x41dd1d98
D/SoLoader(20907): found fb_imgproc in default place
I/NativeImageProcessor(20907): == read 42 bytes ==
I/NativeImageProcessor(20907): == read -1 bytes ==
I/ServiceManager( 119): Waiting for service com.marvell.FileMonitorService... W/fb4a(:):JACKSON_FALLBACK(20907): Using BeanSerializer for com.facebook.katana.newbookmark.qe.NewBookmarkConfig to serialize class com.facebook.katana.newbookmark.qe.NewBookmarkConfig W/fb4a(:):JACKSON_FALLBACK(20907): Using com.fasterxml.jackson.databind.deser.std.EnumDeserializer@42805eb0 to deserialize [simple type, class com.facebook.platform.webdialogs.PlatformWebViewActionManifest$FetchState]
I/ActivityManager( 560): Killing 20832:com.instagram.android/u0a160 (adj 15): empty #14
I/ActivityManager( 560): Killing 20669:com.bd.Newpaper/u0a50 (adj 15): empty #15
I/ActivityManager( 560): Killing 20649:com.mrtechnologybd.smartmeter/u0a17 (adj 15): empty #16
I/ActivityManager( 560): Killing 20613:com.shopper.TrendTrunk/u0a124 (adj 15): empty #17
I/dalvikvm(20907): Could not find method com.android.internal.widget.ILockSettings$Stub.a, referenced from method com.facebook.keyguardtype.LockSettingsServiceKeyguardTypeResolver.b
W/dalvikvm(20907): VFY: unable to resolve static method 4102: Lcom/android/internal/widget/ILockSettings$Stub;.a (Landroid/os/IBinder;)Lcom/android/internal/widget/ILockSettings;
D/dalvikvm(20907): VFY: replacing opcode 0x71 at 0x0023
D/STATUSBAR-NetworkController( 660): refreshSignalCluster - setNWBoosterIndicators(false)
D/STATUSBAR-NetworkController( 660): refreshSignalCluster: data=-1 bt=false
D/STATUSBAR-IconMerger( 660): checkOverflow(420), More:false, Req:false Child:2
D/BadgeProvider(21061): onCreate
D/BadgeProvider(21061): DatabaseHelper
W/ActivityManager( 560): Permission Denial: getCurrentUser() from pid=21061, uid=10006 requires android.permission.INTERACT_ACROSS_USERS
D/BadgeProvider(21061): sendNotify entered. [uri] : content://com.sec.badge/apps
D/BadgeProvider(21061): sendNotify, [notify] : null
D/BadgeProvider(21061): update, [uri] : content://com.sec.badge/apps
D/BadgeProvider(21061): update, [BadgeCount] : package=com.facebook.katana class=com.facebook.katana.LoginActivity badgecount=0
D/BadgeProvider(21061): update, [UpdateCount] : 1
D/Launcher.Model( 838): reloadBadges entered.
D/Launcher.BadgeCache, ( 838): updateBadgeCounts, app[1] have 0 badges
D/Launcher.BadgeCache, ( 838): updateBadgeCounts, app[3] have 0 badges
D/Launcher.BadgeCache, ( 838): updateBadgeCounts, app[-1] have 0 badges
D/Launcher.BadgeCache, ( 838): updateBadgeCounts, app[-1] have 0 badges
D/Launcher.BadgeCache, ( 838): updateBadgeCounts, app[-1] have 0 badges
D/Launcher.Model( 838): reloadBadges, badges count : 0
D/Launcher.Model( 838): reloadBadges, origCallbacks : java.lang.ref.WeakReference@420e9760
D/dalvikvm(20907): GC_CONCURRENT freed 4527K, 41% free 9439K/15788K, paused 4ms+5ms, total 96ms
I/ServiceManager( 119): Waiting for service com.marvell.FileMonitorService...
D/STATUSBAR-NetworkController( 660): refreshSignalCluster - setNWBoosterIndicators(false)
D/STATUSBAR-NetworkController( 660): refreshSignalCluster: data=-1 bt=false
D/STATUSBAR-IconMerger( 660): checkOverflow(420), More:false, Req:false Child:2
I/ServiceManager( 119): Waiting for service com.marvell.FileMonitorService...
D/STATUSBAR-NetworkController( 660): refreshSignalCluster - setNWBoosterIndicators(false)
D/STATUSBAR-NetworkController( 660): refreshSignalCluster: data=-1 bt=false
D/STATUSBAR-IconMerger( 660): checkOverflow(420), More:false, Req:false Child:2
I/ServiceManager( 119): Waiting for service com.marvell.FileMonitorService...
D/BatteryService( 560): level:28, scale:100, status:3, health:2, present:true, voltage: 3786, temperature: 343, technology: Li-ion, AC powered:false, USB powered:true, Wireless powered:false, icon:17303538, invalid charger:0, online:4, current avg:-72, charge type:0, power sharing:false
D/BatteryService( 560): Sending ACTION_BATTERY_CHANGED.
D/KeyguardUpdateMonitor( 660): received broadcast android.intent.action.BATTERY_CHANGED
D/KeyguardUpdateMonitor( 660): handleBatteryUpdate
D/CMASMessage( 660): [update] mShowingCMASText is false
D/CMASMessage( 660): CMASIcon was GONE :
D/STATUSBAR-PhoneStatusBar( 660): mBrightnessEnablebySettings = true mBrightnessEnablebyBattery = true mBrightnessEnablebyDisableFlag = true mPmsBrightnessEnablebySettings = true
D/BatteryMeterView( 660): ACTION_BATTERY_CHANGED : level:28 status:3 health:2
D/CMBaseReceiver( 2862): com.cleanmaster.login.bindphone.mobileinfo.h 0ms
D/Brightness(13603): mIntentReceiver.onReceive: action=android.intent.action.BATTERY_CHANGED, intent=Intent { act=android.intent.action.BATTERY_CHANGED flg=0x60000010 (has extras) }
D/MainActivityBaseUi.java(13603): in brightness disabled on critical battery low
D/STATUSBAR-IconMerger( 660): checkOverflow(420), More:false, Req:false Child:2
I/ServiceManager( 119): Waiting for service com.marvell.FileMonitorService...
W/ ( 119): FileMonitorService not published, waiting...
D/STATUSBAR-NetworkController( 660): refreshSignalCluster - setNWBoosterIndicators(false)
D/STATUSBAR-NetworkController( 660): refreshSignalCluster: data=-1 bt=false
D/STATUSBAR-IconMerger( 660): checkOverflow(420), More:false, Req:false Child:2
I/ServiceManager( 119): Waiting for service com.marvell.FileMonitorService...
D/STATUSBAR-NetworkController( 660): refreshSignalCluster - setNWBoosterIndicators(false)
D/STATUSBAR-NetworkController( 660): refreshSignalCluster: data=-1 bt=false
D/STATUSBAR-IconMerger( 660): checkOverflow(420), More:false, Req:false Child:2
I/ServiceManager( 119): Waiting for service com.marvell.FileMonitorService...
D/SSRMv2:SIOP( 560): SIOP:: AP = -100, Delta = 0
I/ServiceManager( 119): Waiting for service com.marvell.FileMonitorService...
I/ServiceManager( 119): Waiting for service com.marvell.FileMonitorService...
V/AlarmManager( 560): waitForAlarm result :8
D/KeyguardClockWidgetService( 987): onReceive action=android.intent.action.TIME_TICK
D/KeyguardUpdateMonitor( 660): received broadcast android.intent.action.TIME_TICK
D/KeyguardUpdateMonitor( 660): handleTimeUpdate
V/AlarmManager( 560): ClockReceiver onReceive() ACTION_TIME_TICK
D/STATUSBAR-IconMerger( 660): checkOverflow(420), More:false, Req:false Child:2
I/ServiceManager( 119): Waiting for service com.marvell.FileMonitorService...
D/accuweather( 1310): [MSC_Accu_Daemon]>>> U:983 [0:0] cDayONight() ::: sunrise is null
D/accuweather( 1310): [MSC_Accu_Daemon]>>> U:999 [0:0] cDayONight() ::: sunset is null
D/accuweather( 1310): [MSC_Accu_Daemon]>>> WCS:95 [0:0] checkDay:true, UtilgetIsDay():false
D/accuweather( 1310): [MSC_Accu_Daemon]>>> WCS:97 [0:0] action:androidintentactionTIME_TICK
D/accuweather( 1310): [MSC_Accu_Daemon]>>> AWDS:42 [0:0] Act
D/accuweather( 1310): [MSC_Accu_Daemon]>>> AWDS:46 [0:0] Act : widgetappapaccuweatherdaemonactionCHANGE_ICON_OF_DAEMON, run:true
D/comsamsunglog( 1310): [MSC_Accu_Daemon]>>> ====================================================================================================================
D/comsamsunglog( 1310): [MSC_Accu_Daemon]>>> daemonappapaccuweather [Version : 14041601 ] [ 1 ]
D/comsamsunglog( 1310): [MSC_Accu_Daemon]>>> Header set to : ===> "accuweather" <===
D/comsamsunglog( 1310): [MSC_Accu_Daemon]>>> ====================================================================================================================
D/accuweather( 1310): [MSC_Accu_Daemon]>>> U:803 [0:0] IdlWdtchk !!!!
D/LocationManagerService( 560): request 42a2b378 network Request[POWER_LOW network requested=+24h0m0s0ms fastest=+24h0m0s0ms] from android(1000)
D/LocationManagerService( 560): provider request: network ProviderRequest[ON interval=+24h0m0s0ms]
D/accuweather( 1310): [MSC_Accu_Daemon]>>> U:795 [0:0] ACW not found!!
V/GmsNetworkLocationProvi( 812): onSetRequest: ProviderRequestUnbundled, reportLocation is true and interval is 86400000
V/GmsNetworkLocationProvi( 812): SET-REQUEST
V/GmsNetworkLocationProvi( 812): in Handler: ProviderRequestUnbundled, reportLocation is true and interval is 86400000
D/accuweather( 1310): [MSC_Accu_Daemon]>>> U:795 [0:0] ACW not found!!
D/accuweather( 1310): [MSC_Accu_Daemon]>>> U:811 [0:0] HERO p5 pck Found!!!!
D/LocationManagerService( 560): getProviders()=[gps, network]
D/LocationManagerService( 560): getLastLocation: Request[ACCURACY_FINE gps requested=0 fastest=0 num=1]
D/LocationManagerService( 560): getLastLocation: Request[POWER_LOW network requested=0 fastest=0 num=1]
D/accuweather( 1310): [MSC_Accu_Daemon]>>> AWDS:72 [0:0] SerStus:0,ASerStus:0,TmpS:0,AtRfr:3, UseCL0
D/accuweather( 1310): [MSC_Accu_Daemon]>>> AWDS:426 [0:0] ====ACTION_SEC_CHANGE_ICON_OF_DAEMON===
D/accuweather( 1310): [MSC_Accu_Daemon]>>> U:983 [0:0] cDayONight() ::: sunrise is null
D/accuweather( 1310): [MSC_Accu_Daemon]>>> U:999 [0:0] cDayONight() ::: sunset is null
D/accuweather( 1310): [MSC_Accu_Daemon]>>> AWDS:429 [0:0] checkDay:true, UtilgetIsDay():false
D/accuweather( 1310): [MSC_Accu_Daemon]>>> AWDS:467 [0:0] data is not
D/widget ( 838): [MSC_HERO_Accu_Tab]>>> WC:497 [0:0] mSHandler syncDM
D/widget ( 838): [MSC_HERO_Accu_Tab]>>> SM:1213 [0:0] bTCC WCV = 200
D/widget ( 838): [MSC_HERO_Accu_Tab]>>> WC:1697 [0:0] drw 2nd Tm dt
D/WifiService( 560): startScan by pid=812, uid=10014
I/wpa_supplicant(10869): wlan0: Setting scan request: 0 sec 0 usec
I/wpa_supplicant(10869): Scan requested (ret=0) - scan timeout 30 seconds
W/ ( 119): FileMonitorService not published, waiting...
I/ServiceManager( 119): Waiting for service com.marvell.FileMonitorService...
I/ServiceManager( 119): Waiting for service com.marvell.FileMonitorService...
I/ServiceManager( 119): Waiting for service com.marvell.FileMonitorService...
I/wpa_supplicant(10869): nl80211: Received scan results (6 BSSes)
D/Tethering( 560): interfaceLinkStateChanged wlan0, true
D/Tethering( 560): interfaceStatusChanged wlan0, true
D/BatteryService( 560): level:28, scale:100, status:3, health:2, present:true, voltage: 3775, temperature: 346, technology: Li-ion, AC powered:false, USB powered:true, Wireless powered:false, icon:17303538, invalid charger:0, online:4, current avg:-45, charge type:0, power sharing:false
D/BatteryService( 560): Sending ACTION_BATTERY_CHANGED.
D/KeyguardUpdateMonitor( 660): received broadcast android.intent.action.BATTERY_CHANGED
D/KeyguardUpdateMonitor( 660): handleBatteryUpdate
D/CMASMessage( 660): [update] mShowingCMASText is false
D/CMASMessage( 660): CMASIcon was GONE :
D/Brightness(13603): mIntentReceiver.onReceive: action=android.intent.action.BATTERY_CHANGED, intent=Intent { act=android.intent.action.BATTERY_CHANGED flg=0x60000010 (has extras) }
D/MainActivityBaseUi.java(13603): in brightness disabled on critical battery low
D/STATUSBAR-PhoneStatusBar( 660): mBrightnessEnablebySettings = true mBrightnessEnablebyBattery = true mBrightnessEnablebyDisableFlag = true mPmsBrightnessEnablebySettings = true
D/CMBaseReceiver( 2862): com.cleanmaster.login.bindphone.mobileinfo.h 0ms
D/STATUSBAR-IconMerger( 660): checkOverflow(420), More:false, Req:false Child:2
D/BatteryMeterView( 660): ACTION_BATTERY_CHANGED : level:28 status:3 health:2
I/ServiceManager( 119): Waiting for service com.marvell.FileMonitorService...
D/dalvikvm( 560): GC_EXPLICIT freed 1521K, 30% free 20343K/28752K, paused 6ms+16ms, total 220ms
D/STATUSBAR-NetworkController( 660): refreshSignalCluster - setNWBoosterIndicators(false)
D/STATUSBAR-NetworkController( 660): refreshSignalCluster: data=-1 bt=false
D/STATUSBAR-IconMerger( 660): checkOverflow(420), More:false, Req:false Child:2
I/ServiceManager( 119): Waiting for service com.marvell.FileMonitorService...
W/ ( 119): FileMonitorService not published, waiting...
I/ServiceManager( 119): Waiting for service com.marvell.FileMonitorService...
D/SSRMv2:SIOP( 560): SIOP:: AP = -100, Delta = 0
D/STATUSBAR-NetworkController( 660): refreshSignalCluster - setNWBoosterIndicators(false)
D/STATUSBAR-NetworkController( 660): refreshSignalCluster: data=-1 bt=false
D/STATUSBAR-IconMerger( 660): checkOverflow(420), More:false, Req:false Child:2
I/ServiceManager( 119): Waiting for service com.marvell.FileMonitorService...
D/STATUSBAR-NetworkController( 660): refreshSignalCluster - setNWBoosterIndicators(false)
D/STATUSBAR-NetworkController( 660): refreshSignalCluster: data=-1 bt=false
D/STATUSBAR-IconMerger( 660): checkOverflow(420), More:false, Req:false Child:2
I/ServiceManager( 119): Waiting for service com.marvell.FileMonitorService...
D/STATUSBAR-NetworkController( 660): refreshSignalCluster - setNWBoosterIndicators(false)
D/STATUSBAR-NetworkController( 660): refreshSignalCluster: data=-1 bt=false
D/STATUSBAR-IconMerger( 660): checkOverflow(420), More:false, Req:false Child:2
I/ServiceManager( 119): Waiting for service com.marvell.FileMonitorService...
