W/PackageManager( 560): Unknown permission com.marvell.networkinfo.permission.KEYSTRING in package com.sec.android.app.servicemodeapp
W/PackageManager( 560): Not granting permission android.permission.ACCESS_USB to package com.epson.mobilephone.samsungprintservice (protectionLevel=18 flags=0x88be45)
W/PackageManager( 560): Unknown permission com.sec.android.daemonapp.ap.kweather.KWEATHER_DAEMON_ACCESS_PROVIDER in package com.sec.android.widgetapp.SPlannerAppWidget
W/PackageManager( 560): Unknown permission com.sec.android.daemonapp.cmaweather.CMAWEATHER_DAEMON_ACCESS_PROVIDER in package com.sec.android.widgetapp.SPlannerAppWidget
W/PackageManager( 560): Unknown permission com.sec.android.daemonapp.ap.weathernewsjp.WEATHERNEWS_DAEMON_ACCESS_PROVIDER in package com.sec.android.widgetapp.SPlannerAppWidget
W/PackageManager( 560): Unknown permission com.google.android.gallery3d.permission.PICASA_STORE in package com.google.android.apps.plus
W/PackageManager( 560): Unknown permission android.permission.REAL_GET_TASKS in package com.android.vending
W/PackageManager( 560): Not granting permission android.permission.SEND_DOWNLOAD_COMPLETED_INTENTS to package com.android.vending (protectionLevel=2 flags=0x8abec5)
W/PackageManager( 560): Unknown permission android.permission.GET_PACKAGE_IMPORTANCE in package com.android.vending
W/PackageManager( 560): Unknown permission android.permission.GET_ACCOUNTS_PRIVILEGED in package com.android.vending
W/PackageManager( 560): Unknown permission android.permission.INSTALL_GRANT_RUNTIME_PERMISSIONS in package com.android.vending
W/PackageManager( 560): Unknown permission android.permission.GRANT_RUNTIME_PERMISSIONS in package com.android.vending
W/PackageManager( 560): Unknown permission android.permission.REVOKE_RUNTIME_PERMISSIONS in package com.android.vending
W/PackageManager( 560): Not granting permission android.permission.FORCE_STOP_PACKAGES to package com.android.vending (protectionLevel=2 flags=0x8abec5)
W/PackageManager( 560): Unknown permission android.permission.ACCESS_GPS in package com.sec.android.app.mt
W/PackageManager( 560): Unknown permission android.permission.ACCESS_LOCATION in package com.sec.android.app.mt
W/PackageManager( 560): Unknown permission android.permission.ACCESS_DRM in package com.sec.android.providers.downloads
W/PackageManager( 560): Unknown permission android.permission.INSTALL_DRM in package com.sec.android.providers.downloads
W/PackageManager( 560): Unknown permission android.permission.ACCESS_DEV_STORAGE in package com.sec.android.providers.downloads
W/PackageManager( 560): Unknown permission com.samsung.android.app.episodes.permission.IMPORT_STORYALBUM in package com.sec.android.providers.downloads
W/PackageManager( 560): Unknown permission com.samsung.musicplus.provider.permission.READ_MUSICPROVIDER in package com.sec.android.mmapp
W/PackageManager( 560): Unknown permission com.samsung.musicplus.provider.permission.WRITE_MUSICPROVIDER in package com.sec.android.mmapp
W/PackageManager( 560): Not granting permission android.permission.MANAGE_USERS to package com.sec.android.mmapp (protectionLevel=18 flags=0x88be45)
W/PackageManager( 560): Not granting permission android.permission.INTERACT_ACROSS_USERS_FULL to package com.sec.android.mmapp (protectionLevel=2 flags=0x88be45)
W/PackageManager( 560): Unknown permission com.sec.knox.containeragent.USE_KNOX_UI in package com.samsung.klmsagent
W/PackageManager( 560): Not granting permission android.permission.READ_LOGS to package com.a.community (protectionLevel=50 flags=0x88be44)
W/PackageManager( 560): Unknown permission android.permission.ACCESS_DRM in package com.sec.android.app.music
W/PackageManager( 560): Unknown permission com.sec.pcw.provider.PCloudContentProvider.READ_CONTENT in package com.sec.android.app.music
W/PackageManager( 560): Unknown permission com.sec.knox.containeragent.USE_CONTAINERAGENT in package com.sec.android.app.music
W/PackageManager( 560): Not granting permission android.permission.READ_DREAM_STATE to package com.google.android.gsf (protectionLevel=2 flags=0x40883e45)
W/PackageManager( 560): Unknown permission android.intent.action.USER_PRESENT in package com.android.keyguard
W/PackageManager( 560): Unknown permission com.sec.android.signaturelock.permission.ACCESS_SIGNATURE in package com.android.keyguard
W/PackageManager( 560): Unknown permission com.sec.android.daemonapp.ap.kweather.KWEATHER_DAEMON_ACCESS_PROVIDER in package com.android.keyguard
W/PackageManager( 560): Unknown permission com.samsung.android.permission.LAUNCH_FINGERPRINT_SERVICE in package com.android.keyguard
W/PackageManager( 560): Not granting permission android.permission.READ_LOGS to package com.bd.appcTest (protectionLevel=50 flags=0x88be44)
W/PackageManager( 560): Not granting permission android.permission.READ_LOGS to package com.am.iMageCrop (protectionLevel=50 flags=0x88be44)
W/PackageManager( 560): Unknown permission com.sec.android.app.factorytest.permission.KEYSTRING in package com.sec.phone
W/PackageManager( 560): Unknown permission com.android.samsung.rmt_exercise.permission.KEYSTRING in package com.sec.phone
W/PackageManager( 560): Unknown permission com.samsungtest.SlateTest.SLATE_DM_CMD in package com.sec.phone
W/PackageManager( 560): Unknown permission com.samsung.InputEventApp.permission.UTS_DM_CMD in package com.sec.phone
W/PackageManager( 560): Unknown permission com.sec.android.app.InputEventApp.permission.KEYSTRING in package com.sec.phone
W/PackageManager( 560): Unknown permission com.sec.android.app.twdvfs.DVFS_BOOSTER_PERMISSION in package com.android.contacts
W/PackageManager( 560): Unknown permission com.samsung.helphub.permission.HELP in package com.android.contacts
W/PackageManager( 560): Unknown permission com.samsung.rcs.settings.READ_PERMISSION in package com.android.contacts
W/PackageManager( 560): Unknown permission com.samsung.rcs.settings.WRITE_PERMISSION in package com.android.contacts
W/PackageManager( 560): Unknown permission com.samsung.rcs.presence.READ_PERMISSION in package com.android.contacts
W/PackageManager( 560): Unknown permission com.samsung.rcs.presence.WRITE_PERMISSION in package com.android.contacts
W/PackageManager( 560): Unknown permission com.samsung.rcs.serviceprovider.READ_PERMISSION in package com.android.contacts
W/PackageManager( 560): Unknown permission com.samsung.rcs.serviceprovider.WRITE_PERMISSION in package com.android.contacts
W/PackageManager( 560): Unknown permission com.samsung.rcs.permission.RCS_APP_PERMISSION in package com.android.contacts
W/PackageManager( 560): Unknown permission com.sec.ims.android.rcs.READ_PERMISSION in package com.android.contacts
W/PackageManager( 560): Unknown permission com.samsung.tmowfc.wfcprovider.permission.READ_WFCPROVIDER in package com.android.contacts
W/PackageManager( 560): Unknown permission com.samsung.commonimsinterface.PERMISSION in package com.android.contacts
W/PackageManager( 560): Unknown permission com.sec.ims.android.volteenabled.READ_PERMISSION in package com.android.contacts
W/PackageManager( 560): Unknown permission com.sec.ims.android.volteenabled.WRITE_PERMISSION in package com.android.contacts
W/PackageManager( 560): Unknown permission com.sec.android.util.HiddenMenuContent.READ_PERMISSION in package com.android.contacts
W/PackageManager( 560): Unknown permission com.sec.android.util.HiddenMenuContent.WRITE_PERMISSION in package com.android.contacts
W/PackageManager( 560): Unknown permission com.oem.smartwifisupport.WfcApplication in package com.android.contacts
W/PackageManager( 560): Unknown permission com.samsung.android.app.assistantmenu.permission.ADVERTISE_ASSISTANTMENU in package com.android.contacts
W/PackageManager( 560): Unknown permission com.sec.android.app.parser.permission.SERVICE in package com.android.contacts
W/PackageManager( 560): Unknown permission com.sec.android.cloudagent.permission.WRITE in package com.samsung.everglades.video
W/PackageManager( 560): Unknown permission com.sec.android.cloudagent.permission.READ in package com.samsung.everglades.video
W/PackageManager( 560): Unknown permission com.sec.knox.containeragent.USE_CONTAINERAGENT in package com.samsung.everglades.video
W/PackageManager( 560): Unknown permission com.android.vending.billing.IBillingAccountService.BIND2 in package com.google.android.gsf.login
W/PackageManager( 560): Unknown permission com.samsung.helphub.permission.HELP in package com.sec.android.inputmethod
W/PackageManager( 560): Unknown permission com.sec.android.app.twdvfs.DVFS_BOOSTER_PERMISSION in package com.sec.android.inputmethod
W/PackageManager( 560): Unknown permission com.sec.android.settings.permission.SOFT_RESET in package com.sec.android.inputmethod
W/PackageManager( 560): Unknown permission com.sec.android.daemonapp.ap.kweather.KWEATHER_DAEMON_ACCESS_PROVIDER in package com.android.calendar
W/PackageManager( 560): Unknown permission com.sec.android.daemonapp.cmaweather.CMAWEATHER_DAEMON_ACCESS_PROVIDER in package com.android.calendar
W/PackageManager( 560): Unknown permission com.sec.android.daemonapp.ap.weathernewsjp.WEATHERNEWS_DAEMON_ACCESS_PROVIDER in package com.android.calendar
W/PackageManager( 560): Unknown permission com.sec.android.app.sns3.permission.READ_SNSDB in package com.android.calendar
W/PackageManager( 560): Unknown permission com.sec.android.app.sns3.sp.facebook.permission.READ_DB in package com.android.calendar
W/PackageManager( 560): Unknown permission com.sec.android.widgetapp.q1_penmemo.permission.READ in package com.android.calendar
W/PackageManager( 560): Unknown permission com.tripadvisor.library.permission.SAVES in package com.samsung.android.tripwidget
W/PackageManager( 560): Unknown permission com.sec.android.widgetapp.ap.yahoostock.stockclock.permission.YAHOO_DAEMON_ACCESS_PROVIDER in package com.sec.android.daemonapp.ap.yahoostock.stockclock
W/PackageManager( 560): Unknown permission com.sec.android.widgetapp.at.yahoostock.jp.stockclock.permission.YAHOO_DAEMON_ACCESS_PROVIDER in package com.sec.android.daemonapp.ap.yahoostock.stockclock
W/PackageManager( 560): Unknown permission com.sec.android.widgetapp.stockclock.permission.YAHOO_DAEMON_ACCESS_PROVIDER in package com.sec.android.daemonapp.ap.yahoostock.stockclock
W/PackageManager( 560): Unknown permission com.sec.android.widgetapp.ap.yahoostock.jp.stockclock.permission.YAHOO_DAEMON_ACCESS_PROVIDER in package com.sec.android.daemonapp.ap.yahoostock.stockclock
W/PackageManager( 560): Not granting permission com.sec.android.app.sns3.permission.READ_SNS_DB to package com.samsung.android.widgetapp.briefing4x2 (protectionLevel=18 flags=0x88be45)
W/PackageManager( 560): Unknown permission com.sec.android.daemonapp.ap.edaily.stockclock.permission.EDAILY_DAEMON_ACCESS_PROVIDER in package com.samsung.android.widgetapp.briefing4x2
W/PackageManager( 560): Unknown permission com.sec.android.daemonapp.ap.yonhapnews.permission.YONHAP_DAEMON_ACCESS_PROVIDER in package com.samsung.android.widgetapp.briefing4x2
W/PackageManager( 560): Unknown permission com.sec.android.daemonapp.ap.sinastock.stockclock.permission.SINA_DAEMON_ACCESS_PROVIDER in package com.samsung.android.widgetapp.briefing4x2
W/PackageManager( 560): Unknown permission com.sec.android.daemonapp.ap.sinanews.permission.SINA_DAEMON_ACCESS_PROVIDER in package com.samsung.android.widgetapp.briefing4x2
W/PackageManager( 560): Unknown permission com.sec.android.daemonapp.ap.camobile.permission.CAMOBILE_DAEMON_ACCESS_PROVIDER in package com.samsung.android.widgetapp.briefing4x2
W/PackageManager( 560): Unknown permission com.samsung.android.providers.context.permission.WRITE_USE_APP_FEATURE_SURVEY in package com.samsung.SMT
W/PackageManager( 560): Unknown permission com.samsung.rmt_exercise.permission.KEYSTRING in package com.sec.android.app.factorymode
W/PackageManager( 560): Unknown permission com.sec.android.voltesettings.permission.KEYSTRING in package com.sec.android.app.factorymode
W/PackageManager( 560): Unknown permission com.sec.sCloudBackupApp.messages in package com.samsung.android.scloud.backup
W/PackageManager( 560): Unknown permission com.sec.sCloudQuotaApp.permission in package com.samsung.android.scloud.backup
W/PackageManager( 560): Unknown permission com.samsung.android.hostmanager.SCloudProvider.access in package com.samsung.android.scloud.backup
W/PackageManager( 560): Not granting permission android.permission.READ_LOGS to package com.gsl.devicetest (protectionLevel=50 flags=0x88be44)
W/PackageManager( 560): Not granting permission android.permission.ACCESS_USB to package com.siso.app.genericprintservice (protectionLevel=18 flags=0x88be45)
W/PackageManager( 560): Not granting permission android.permission.CAPTURE_VIDEO_OUTPUT to package com.google.android.gms (protectionLevel=18 flags=0xc83ec5)
W/PackageManager( 560): Not granting permission android.permission.CAPTURE_AUDIO_OUTPUT to package com.google.android.gms (protectionLevel=18 flags=0xc83ec5)
W/PackageManager( 560): Unknown permission android.permission.RECOVERY in package com.google.android.gms
W/PackageManager( 560): Not granting permission android.permission.READ_DREAM_STATE to package com.google.android.gms (protectionLevel=2 flags=0xc83ec5)
W/PackageManager( 560): Unknown permission android.permission.PROVIDE_TRUST_AGENT in package com.google.android.gms
W/PackageManager( 560): Unknown permission com.google.android.apps.enterprise.dmagent.permission.AutoSyncPermission in package com.google.android.gms
W/PackageManager( 560): Not granting permission android.permission.PACKAGE_USAGE_STATS to package com.google.android.gms (protectionLevel=18 flags=0xc83ec5)
W/PackageManager( 560): Not granting permission android.permission.LOCATION_HARDWARE to package com.google.android.gms (protectionLevel=18 flags=0xc83ec5)
W/PackageManager( 560): Not granting permission android.permission.GET_APP_OPS_STATS to package com.google.android.gms (protectionLevel=50 flags=0xc83ec5)
W/PackageManager( 560): Not granting permission android.permission.UPDATE_APP_OPS_STATS to package com.google.android.gms (protectionLevel=18 flags=0xc83ec5)
W/PackageManager( 560): Unknown permission android.permission.OBSERVE_GRANT_REVOKE_PERMISSIONS in package com.google.android.gms
W/PackageManager( 560): Not granting permission android.permission.CAPTURE_AUDIO_HOTWORD to package com.google.android.gms (protectionLevel=18 flags=0xc83ec5)
W/PackageManager( 560): Unknown permission android.permission.MANAGE_VOICE_KEYPHRASES in package com.google.android.gms
W/PackageManager( 560): Unknown permission android.permission.REAL_GET_TASKS in package com.google.android.gms
W/PackageManager( 560): Not granting permission android.permission.ACCESS_NETWORK_CONDITIONS to package com.google.android.gms (protectionLevel=18 flags=0xc83ec5)
W/PackageManager( 560): Not granting permission android.permission.MANAGE_DEVICE_ADMINS to package com.google.android.gms (protectionLevel=18 flags=0xc83ec5)
W/PackageManager( 560): Unknown permission android.permission.READ_WIFI_CREDENTIAL in package com.google.android.gms
W/PackageManager( 560): Not granting permission android.permission.MODIFY_PHONE_STATE to package com.google.android.gms (protectionLevel=18 flags=0xc83ec5)
W/PackageManager( 560): Unknown permission android.permission.CONTROL_INCALL_EXPERIENCE in package com.google.android.gms
W/PackageManager( 560): Not granting permission android.permission.MANAGE_USB to package com.google.android.gms (protectionLevel=18 flags=0xc83ec5)
W/PackageManager( 560): Not granting permission android.permission.CALL_PRIVILEGED to package com.google.android.gms (protectionLevel=18 flags=0xc83ec5)
W/PackageManager( 560): Not granting permission android.permission.BLUETOOTH_PRIVILEGED to package com.google.android.gms (protectionLevel=18 flags=0xc83ec5)
W/PackageManager( 560): Unknown permission android.permission.USER_ACTIVITY in package com.google.android.gms
W/PackageManager( 560): Unknown permission android.permission.MODIFY_AUDIO_ROUTING in package com.google.android.gms
W/PackageManager( 560): Not granting permission android.permission.CAPTURE_SECURE_VIDEO_OUTPUT to package com.google.android.gms (protectionLevel=18 flags=0xc83ec5)
W/PackageManager( 560): Not granting permission android.permission.READ_FRAME_BUFFER to package com.google.android.gms (protectionLevel=18 flags=0xc83ec5)
W/PackageManager( 560): Unknown permission com.google.android.wearable.READ_SETTINGS in package com.google.android.gms
W/PackageManager( 560): Unknown permission android.permission.INTENT_FILTER_VERIFICATION_AGENT in package com.google.android.gms
W/PackageManager( 560): Unknown permission android.permission.LOCAL_MAC_ADDRESS in package com.google.android.gms
W/PackageManager( 560): Unknown permission android.permission.CHANGE_DEVICE_IDLE_TEMP_WHITELIST in package com.google.android.gms
W/PackageManager( 560): Unknown permission android.permission.NOTIFY_PENDING_SYSTEM_UPDATE in package com.google.android.gms
W/PackageManager( 560): Unknown permission android.permission.BODY_SENSORS in package com.google.android.gms
W/PackageManager( 560): Unknown permission com.android.voicemail.permission.READ_VOICEMAIL in package com.google.android.gms
W/PackageManager( 560): Not granting permission android.permission.MANAGE_DOCUMENTS to package com.google.android.gms (protectionLevel=18 flags=0xc83ec5)
W/PackageManager( 560): Unknown permission com.sec.spp.permission.TOKEN_a1a30b694300dac6f59ae7b791d9eef52f677d5a5fe53412b7608126d463248f21f62f60c9bc92da81138bf6f292302d960c7273f648e5596bc9fea9ca594701e696c0917204658ac9f0e74745807472e9d3e9977f667274ee768334b7f9004f9a0046decafe7e068ad420d39e629d727f6b28195b118d7f7a4230be62243bd1 in package com.sec.spp.push
W/PackageManager( 560): Unknown permission com.sec.spp.permission.TOKEN_93826e86cec89c5a525ae83ddf9ebd98ecc233c92e8756bc704afa2d0778c64fdb5fef0d4cf09b8d73963b6df482827430806db3a69e587adc1c167cc50e7207453c58ea58cad7caaef5646b8deb9556378af5867696aa51fbca0e2f918d7d12a6f0b7acd5bba2d48c6688ee2089b816ad6fb0bc395f6986b71129090f423d3d in package com.sec.spp.push
W/PackageManager( 560): Unknown permission com.sec.android.app.twdvfs.DVFS_BOOSTER_PERMISSION in package com.sec.android.app.launcher
W/PackageManager( 560): Unknown permission com.sec.android.providers.insight.permission.READ_INSIGHT_DB in package com.sec.android.app.launcher
W/PackageManager( 560): Unknown permission com.samsung.android.providers.context.permission.READ_APP_USAGE_DB in package com.sec.android.app.launcher
W/PackageManager( 560): Unknown permission com.sec.android.stk.permission.EVENT in package com.sec.android.app.launcher
W/PackageManager( 560): Unknown permission com.samsung.android.providers.context.permission.READ_PROFILE in package com.sec.android.app.launcher
W/PackageManager( 560): Unknown permission com.google.android.gallery3d.permission.PICASA_STORE in package com.android.dreams.phototable
W/PackageManager( 560): Not granting permission android.permission.HARDWARE_TEST to package com.sec.android.app.worldclock (protectionLevel=2 flags=0x98be45)
W/PackageManager( 560): Not granting permission android.permission.DEVICE_POWER to package com.sec.android.app.worldclock (protectionLevel=2 flags=0x98be45)
W/PackageManager( 560): Not granting permission android.permission.READ_INPUT_STATE to package com.sec.android.app.worldclock (protectionLevel=2 flags=0x98be45)
W/PackageManager( 560): Unknown permission android.permission.RECEIVE_SHUTDOWN in package com.sec.android.app.worldclock
W/PackageManager( 560): Not granting permission android.permission.GLOBAL_SEARCH to package com.sec.android.app.worldclock (protectionLevel=18 flags=0x98be45)
W/PackageManager( 560): Not granting permission android.permission.INTERNAL_SYSTEM_WINDOW to package com.sec.android.app.worldclock (protectionLevel=2 flags=0x98be45)
W/PackageManager( 560): Not granting permission com.google.android.gm.permission.WRITE_GMAIL to package com.sec.android.app.worldclock (protectionLevel=2 flags=0x98be45)
W/PackageManager( 560): Not granting permission com.google.android.gm.permission.READ_GMAIL to package com.sec.android.app.worldclock (protectionLevel=2 flags=0x98be45)
W/PackageManager( 560): Unknown permission com.sec.android.widgetapp.minipaper.permission.READ in package com.sec.android.app.memo
W/PackageManager( 560): Unknown permission com.sec.android.widgetapp.minipaper.permission.WRITE in package com.sec.android.app.memo
W/PackageManager( 560): Unknown permission com.google.android.providers.gmail.permission.WRITE_GMAIL in package com.sec.android.app.memo
W/PackageManager( 560): Unknown permission com.google.android.providers.gmail.permission.READ_GMAIL in package com.sec.android.app.memo
W/PackageManager( 560): Unknown permission com.android.nfc.permission.NFCEE_ADMIN in package org.simalliance.openmobileapi.service
W/PackageManager( 560): Unknown permission android.permission.READ_OWNER_DATA in package com.sec.android.app.SecSetupWizard
W/PackageManager( 560): Unknown permission android.permission.WRITE_OWNER_DATA in package com.sec.android.app.SecSetupWizard
W/PackageManager( 560): Not granting permission android.permission.INTERACT_ACROSS_USERS_FULL to package com.sec.android.app.sns3 (protectionLevel=2 flags=0x40c8be45)
W/PackageManager( 560): Unknown permission com.sec.android.app.snsimagecache.permission.READ_SNSIMAGECACHE_DB in package com.sec.android.app.sns3
W/PackageManager( 560): Unknown permission com.sec.android.app.snsimagecache.permission.REQUEST_IMAGE in package com.sec.android.app.sns3
W/PackageManager( 560): Unknown permission com.twitter.android.permission.AUTH_APP in package com.sec.android.app.sns3
W/PackageManager( 560): Unknown permission com.sec.knox.containeragent.USE_KNOX_UI in package com.android.packageinstaller
W/PackageManager( 560): Not granting permission android.permission.INTERACT_ACROSS_USERS to package com.samsung.helphub (protectionLevel=50 flags=0x88be45)
W/PackageManager( 560): Not granting permission android.permission.INTERACT_ACROSS_USERS_FULL to package com.samsung.helphub (protectionLevel=2 flags=0x88be45)
W/PackageManager( 560): Unknown permission android.permission.READ_OWNER_DATA in package com.android.email
W/PackageManager( 560): Unknown permission com.sec.android.app.twdvfs.DVFS_BOOSTER_PERMISSION in package com.android.email
W/PackageManager( 560): Unknown permission com.samsung.helphub.permission.HELP in package com.android.email
W/PackageManager( 560): Unknown permission com.samsung.android.app.episodes.permission.IMPORT_STORYALBUM in package com.android.email
W/PackageManager( 560): Unknown permission com.seven.Z7.permission.ACCESS_PROVIDER in package com.android.email
W/PackageManager( 560): Unknown permission com.seven.Z7.permission.ACCESS_EVENTS in package com.android.email
W/PackageManager( 560): Unknown permission android.permission.ACCESS_DEV_STORAGE in package com.android.email
W/PackageManager( 560): Unknown permission sstream.app.StoryProvider.WRITE.PERMISSION in package com.android.email
W/PackageManager( 560): Unknown permission android.permission.ACCESS_GPS in package com.android.email
W/PackageManager( 560): Unknown permission com.samsung.android.providers.context.permission.WRITE_EXCHANGE_EMAIL in package com.android.email
W/PackageManager( 560): Unknown permission com.samsung.android.providers.context.permission.WRITE_USE_APP_FEATURE_SURVEY in package com.android.email
W/PackageManager( 560): Unknown permission com.samsung.helphub.permission.HELP in package com.sec.android.app.FlashBarService
W/PackageManager( 560): Unknown permission com.samsung.android.provider.smartclip.permission.WRITE in package com.sec.android.app.FlashBarService
W/PackageManager( 560): Unknown permission com.samsung.android.provider.smartclip.permission.READ in package com.sec.android.app.FlashBarService
W/PackageManager( 560): Not granting permission android.permission.READ_LOGS to package com.bd.Newpaper (protectionLevel=50 flags=0x88be44)
W/PackageManager( 560): Unknown permission com.sec.android.widgetapp.q1_penmemo.permission.READ in package com.wssnps
W/PackageManager( 560): Unknown permission com.sec.android.widgetapp.q1_penmemo.permission.WRITE in package com.wssnps
W/PackageManager( 560): Unknown permission android.permission.READ_MMS in package com.wssnps
W/PackageManager( 560): Unknown permission android.permission.WRITE_MMS in package com.wssnps
W/PackageManager( 560): Unknown permission android.permission.READ_TASKS in package com.wssnps
W/PackageManager( 560): Unknown permission android.permission.WRITE_TASKS in package com.wssnps
W/PackageManager( 560): Unknown permission com.sec.android.app.fm.BROADCAST_DETECT in package com.wssnps
W/PackageManager( 560): Unknown permission com.sec.mms.action.MMS_BNR in package com.wssnps
W/PackageManager( 560): Unknown permission com.sec.android.app.minidiary.service.BROADCAST_DETECT in package com.wssnps
W/PackageManager( 560): Unknown permission com.sec.permission.BACKUP_RESTORE_HOMESCREEN in package com.wssnps
W/PackageManager( 560): Unknown permission com.sec.permission.VZW_KIES_LOCATION_PERMISSION in package com.wssnps
W/PackageManager( 560): Unknown permission com.sec.android.widgetapp.ap.yahoonews.permission.YAHOO_ACCESS_PROVIDER in package com.sec.android.daemonapp.ap.yahoonews
W/PackageManager( 560): Unknown permission com.android.launcher.permission.PRELOAD_WORKSPACE in package com.google.android.partnersetup
W/PackageManager( 560): Unknown permission com.sec.android.app.twdvfs.DVFS_BOOSTER_PERMISSION in package com.sec.android.app.camera
W/PackageManager( 560): Unknown permission sec.android.permission.READ_MSG_PREF in package com.sec.android.app.keyguard
W/PackageManager( 560): Unknown permission android.permission.REGISTER_CONNECTION_MANAGER in package com.google.android.talk
W/PackageManager( 560): Not granting permission android.permission.READ_LOGS to package com.gls.barsa (protectionLevel=50 flags=0x88be44)
W/PackageManager( 560): Unknown permission android.permission.ACCESS_DEV_STORAGE in package com.sec.android.app.myfiles
W/PackageManager( 560): Unknown permission com.samsung.android.app.episodes.permission.IMPORT_STORYALBUM in package com.sec.android.app.myfiles
W/PackageManager( 560): Unknown permission com.sec.knox.containeragent.USE_CONTAINERAGENT in package com.sec.android.app.myfiles
W/PackageManager( 560): Not granting permission android.permission.READ_LOGS to package com.sec.chaton (protectionLevel=50 flags=0x98be45)
W/PackageManager( 560): Unknown permission com.sec.android.app.gallery3d.READ in package com.sec.chaton
W/PackageManager( 560): Unknown permission sstream.app.StoryProvider.WRITE.PERMISSION in package com.sec.chaton
W/PackageManager( 560): Unknown permission com.sec.spp.permission.TOKEN_13b9cdc89f21278b87e0488ad5efb298532ad60905603d81a5145b0a03ce869cca937166ae9a01578767a15e8a36b9cc849a1de35bdc3facc1512f316ef9d09467c514442069ec167c16a8c8e67a4c641fc8d4b6394660a151f95a04e5c397de36c8df48dfbe0d12c45e76e6ca5a21f595994dd136023407173f9b983e2fa208 in package com.sec.chaton
W/PackageManager( 560): Unknown permission com.sec.spp.permission.TOKEN_b812511e2555d7a9d56c85891a0936d216e03c4b02b4a456ac5436ed7bace19bcf81ebd22f0e1219cadc119bffc06b494407603bcca0f3e05464d67fc08f39f7944efbcd5c2045e5ee2135da66f97c54096ebc37707f4f0a4c1ed78962b8c5e39d1079951648d807e7ea6049c58114e55e95386c9244fa9280a5a7a20e4a2931 in package com.sec.chaton
W/PackageManager( 560): Unknown permission com.sec.android.homesync.EXCLUSIVE_APP in package com.osp.app.signin
W/PackageManager( 560): Not granting permission android.permission.INTERACT_ACROSS_USERS_FULL to package com.osp.app.signin (protectionLevel=2 flags=0x4098be05)
W/PackageManager( 560): Unknown permission android.permission.READ_SETTINGS in package com.osp.app.signin
W/PackageManager( 560): Unknown permission com.sec.spp.permission.TOKEN_629e52d85fa91d200413707985ff2b21bb923206e41b8543e55c1d440a5edeb2e28d48d440dc7c7fb7f60eb39577517265b780609c8556eddbc673d21db4d7db6f17fe1b322387178eb0dc77b180f6154e4ad60bf64418c03ee0990b8783734fde37e5f82e089a04273b4650527a6b1335e2e99e94450386fd1c692106b58553 in package com.osp.app.signin
W/PackageManager( 560): Not granting permission com.android.launcher.permission.WRITE_SETTINGS to package com.cleanmaster.mguard (protectionLevel=18 flags=0x88be04)
W/PackageManager( 560): Unknown permission com.android.launcher3.permission.READ_SETTINGS in package com.cleanmaster.mguard
W/PackageManager( 560): Unknown permission com.android.launcher3.permission.WRITE_SETTINGS in package com.cleanmaster.mguard
W/PackageManager( 560): Not granting permission android.permission.MOUNT_UNMOUNT_FILESYSTEMS to package com.cleanmaster.mguard (protectionLevel=18 flags=0x88be04)
W/PackageManager( 560): Not granting permission android.permission.BATTERY_STATS to package com.cleanmaster.mguard (protectionLevel=18 flags=0x88be04)
W/PackageManager( 560): Not granting permission android.permission.PACKAGE_USAGE_STATS to package com.cleanmaster.mguard (protectionLevel=18 flags=0x88be04)
W/PackageManager( 560): Unknown permission android.permission.SYSTEM_OVERLAY_WINDOW in package com.cleanmaster.mguard
W/PackageManager( 560): Unknown permission com.samsung.android.providers.context.permission.READ_APP_USAGE_DB in package com.sec.android.app.controlpanel
W/PackageManager( 560): Unknown permission com.samsung.android.providers.context.permission.WRITE_APP_USAGE_DB in package com.sec.android.app.controlpanel
W/PackageManager( 560): Unknown permission com.samsung.android.providers.context.permission.READ_PROFILE in package com.sec.android.app.controlpanel
W/PackageManager( 560): Not granting permission android.permission.BATTERY_STATS to package com.facebook.orca (protectionLevel=18 flags=0x883e44)
W/PackageManager( 560): Unknown permission com.htc.launcher.permission.READ_SETTINGS in package com.facebook.orca
W/PackageManager( 560): Unknown permission com.htc.launcher.permission.UPDATE_SHORTCUT in package com.facebook.orca
W/PackageManager( 560): Unknown permission com.sonyericsson.home.permission.BROADCAST_BADGE in package com.facebook.orca
W/PackageManager( 560): Unknown permission com.facebook.home.permission.WRITE_BADGES in package com.facebook.orca
W/PackageManager( 560): Unknown permission com.nokia.pushnotifications.permission.RECEIVE in package com.facebook.orca
W/PackageManager( 560): Unknown permission com.amazon.device.messaging.permission.RECEIVE in package com.facebook.orca
W/PackageManager( 560): Unknown permission android.permission.ACCESS_DRM in package com.samsung.android.MtpApplication
W/PackageManager( 560): Unknown permission com.sec.android.app.twdvfs.DVFS_BOOSTER_PERMISSION in package com.samsung.android.MtpApplication
W/PackageManager( 560): Not granting permission android.permission.INTERACT_ACROSS_USERS to package com.android.dreams.basic (protectionLevel=50 flags=0x88be45)
W/PackageManager( 560): Not granting permission android.permission.INTERACT_ACROSS_USERS_FULL to package com.sec.android.app.billing (protectionLevel=2 flags=0x8be44)
W/PackageManager( 560): Not granting permission android.permission.SEND_SMS_NO_CONFIRMATION to package com.sec.android.app.billing (protectionLevel=18 flags=0x8be44)
W/PackageManager( 560): Unknown permission android.permission.READ_INTERNAL_STORAGE in package com.sec.android.app.billing
W/PackageManager( 560): Unknown permission android.permission.WRITE_INTERNAL_STORAGE in package com.sec.android.app.billing
W/PackageManager( 560): Not granting permission android.permission.INSTALL_PACKAGES to package com.sec.android.app.billing (protectionLevel=18 flags=0x8be44)
W/PackageManager( 560): Unknown permission com.sec.spp.push.permission.ACCESS_SPP_SERVER in package com.sec.android.app.billing
W/PackageManager( 560): Unknown permission android.permission.RECEIVE_SHUTDOWN in package com.sec.android.app.clockpackage
W/PackageManager( 560): Unknown permission android.permission.SCREEN in package com.sec.android.app.clockpackage
W/PackageManager( 560): Unknown permission com.sec.android.daemonapp.ap.accuweather.permission.ACCU_DAEMON_ACCESS_INTENT in package com.sec.android.app.clockpackage
W/PackageManager( 560): Unknown permission com.sec.android.daemonapp.ap.yahoostock.stockclock.permission.YAHOO_DAEMON_ACCESS_INTENT in package com.sec.android.app.clockpackage
W/PackageManager( 560): Unknown permission com.sec.android.daemonapp.ap.yahoonews.permission.YAHOO_DAEMON_ACCESS_INTENT in package com.sec.android.app.clockpackage
W/PackageManager( 560): Unknown permission com.sec.android.daemonapp.ap.kweather.permission.KW_DAEMON_ACCESS_INTENT in package com.sec.android.app.clockpackage
W/PackageManager( 560): Unknown permission com.sec.android.widgetapp.ap.edaily.stockclock.permission.EDAILY_DAEMON_ACCESS_PROVIDER in package com.sec.android.app.clockpackage
W/PackageManager( 560): Unknown permission com.sec.android.widgetapp.ap.edaily.stockclock.permission.EDAILY_DAEMON_ACCESS_INTENT in package com.sec.android.app.clockpackage
W/PackageManager( 560): Unknown permission com.sec.android.daemonapp.ap.yonhapnews.permission.YONHAP_DAEMON_ACCESS_PROVIDER in package com.sec.android.app.clockpackage
W/PackageManager( 560): Unknown permission com.sec.android.widgetapp.ap.yonhapnews.permission.YONHAP_DAEMON_ACCESS_INTENT in package com.sec.android.app.clockpackage
W/PackageManager( 560): Unknown permission com.sec.android.daemonapp.ap.sinaweather.permission.SINA_DAEMON_ACCESS_INTENT in package com.sec.android.app.clockpackage
W/PackageManager( 560): Unknown permission com.sec.android.widgetapp.ap.sinastock.stockclock.permission.SINA_DAEMON_ACCESS_PROVIDER in package com.sec.android.app.clockpackage
W/PackageManager( 560): Unknown permission com.sec.android.widgetapp.ap.sinastock.stockclock.permission.SINA_DAEMON_ACCESS_INTENT in package com.sec.android.app.clockpackage
W/PackageManager( 560): Unknown permission com.sec.android.daemonapp.ap.sinanews.permission.SINA_DAEMON_ACCESS_PROVIDER in package com.sec.android.app.clockpackage
W/PackageManager( 560): Unknown permission com.sec.android.widgetapp.ap.sinanews.permission.SINA_DAEMON_ACCESS_INTENT in package com.sec.android.app.clockpackage
W/PackageManager( 560): Unknown permission com.sec.android.daemonapp.ap.kweather.KWEATHER_DAEMON_ACCESS_PROVIDER in package com.sec.android.app.clockpackage
W/PackageManager( 560): Unknown permission com.sec.android.daemonapp.ap.camobile.permission.CAMOBILE_DAEMON_ACCESS_PROVIDER in package com.sec.android.app.clockpackage
W/PackageManager( 560): Unknown permission com.sec.android.daemonapp.cmaweather.CMAWEATHER_DAEMON_ACCESS_PROVIDER in package com.sec.android.app.clockpackage
W/PackageManager( 560): Unknown permission com.sec.android.daemonapp.ap.yahoonews.permission.YAHOO_DAEMON_ACCESS_PROVIDER_U in package com.sec.android.app.clockpackage
W/PackageManager( 560): Unknown permission com.samsung.wmanager.ENABLE_NOTIFICATION in package com.sec.android.app.clockpackage
W/PackageManager( 560): Unknown permission com.sec.android.app.calendar.permission.CHANGE_CALENDAR_PREFERENCE in package com.sec.android.app.clockpackage
W/PackageManager( 560): Unknown permission com.sec.android.permission.LAUNCH_PERSONAL_PAGE_SERVICE in package com.android.systemui
W/PackageManager( 560): Unknown permission com.samsung.tmowfc.wfcprovider.permission.READ_WFCPROVIDER in package com.android.systemui
W/PackageManager( 560): Unknown permission com.samsung.tmowfc.wfcprovider.permission.WRITE_REGISTER in package com.android.systemui
W/PackageManager( 560): Unknown permission com.sec.android.emergencymode.permission.LAUNCH_EMERGENCYMODE_SERVICE in package com.android.systemui
W/PackageManager( 560): Unknown permission com.samsung.permission.SBEAM_SETTINGS in package com.android.systemui
W/PackageManager( 560): Unknown permission com.sec.android.app.sbrowser.operatorbookmarks.permission.READ_OPERATOR_BOOKMARKS in package com.samsung.sec.android.application.csc
W/PackageManager( 560): Unknown permission com.sec.android.app.sbrowser.operatorbookmarks.permission.WRITE_OPERATOR_BOOKMARKS in package com.samsung.sec.android.application.csc
W/PackageManager( 560): Unknown permission com.sec.android.app.sbrowser.operatorbookmarks.permission.BOOKMARK_AUTO_SET in package com.samsung.sec.android.application.csc
W/PackageManager( 560): Unknown permission com.sec.android.app.sbrowser.permission.QUICKACCESS in package com.samsung.sec.android.application.csc
W/PackageManager( 560): Unknown permission com.sec.android.widgetapp.q1_penmemo.permission.READ in package com.samsung.sec.android.application.csc
W/PackageManager( 560): Unknown permission com.sec.android.widgetapp.q1_penmemo.permission.WRITE in package com.samsung.sec.android.application.csc
W/PackageManager( 560): Unknown permission com.sec.android.app.clockpackage.permission.READ_ALARM in package com.samsung.sec.android.application.csc
W/PackageManager( 560): Unknown permission com.sec.android.app.clockpackage.permission.WRITE_ALARM in package com.samsung.sec.android.application.csc
W/PackageManager( 560): Unknown permission sec.android.permission.READ_MSG_PREF in package com.samsung.sec.android.application.csc
W/PackageManager( 560): Unknown permission sec.android.permission.WRITE_MSG_PREF in package com.samsung.sec.android.application.csc
W/PackageManager( 560): Unknown permission com.samsung.android.memo.READ in package com.samsung.sec.android.application.csc
W/PackageManager( 560): Unknown permission android.permission.WRITE_OWNER_DATA in package com.infraware.polarisoffice5tablet
W/PackageManager( 560): Unknown permission android.permission.READ_OWNER_DATA in package com.infraware.polarisoffice5tablet
W/PackageManager( 560): Unknown permission com.android.clipboardsaveservice.CLIPBOARDSAVESERVICE_PERMISSION in package com.infraware.polarisoffice5tablet
W/PackageManager( 560): Not granting permission com.samsung.clipboardsaveservice.CLIPBOARDSAVESERVICE_PERMISSION to package com.infraware.polarisoffice5tablet (protectionLevel=18 flags=0x98be45)
W/PackageManager( 560): Not granting permission android.permission.MANAGE_USERS to package com.infraware.polarisoffice5tablet (protectionLevel=18 flags=0x98be45)
W/PackageManager( 560): Unknown permission com.sec.android.cloudagent.permission.ACCESS in package com.infraware.polarisoffice5tablet
W/PackageManager( 560): Unknown permission android.permission.ACCESS_DRM in package com.sec.android.app.videoplayer
W/PackageManager( 560): Unknown permission com.sec.android.cloudagent.permission.WRITE in package com.sec.android.app.videoplayer
W/PackageManager( 560): Unknown permission com.sec.android.cloudagent.permission.READ in package com.sec.android.app.videoplayer
W/PackageManager( 560): Unknown permission com.sec.android.app.twdvfs.DVFS_BOOSTER_PERMISSION in package com.sec.android.app.videoplayer
W/PackageManager( 560): Unknown permission android.permission.SYSTEM_ALERT in package com.sec.android.app.videoplayer
W/PackageManager( 560): Unknown permission com.sec.pcw.provider.PCloudContentProvider.READ_CONTENT in package com.sec.android.app.videoplayer
W/PackageManager( 560): Unknown permission sstream.app.StoryProvider.WRITE.PERMISSION in package com.sec.android.app.videoplayer
W/PackageManager( 560): Unknown permission com.samsung.android.providers.context.permission.WRITE_USE_APP_FEATURE_SURVEY in package com.sec.android.app.videoplayer
W/PackageManager( 560): Unknown permission com.samsung.videohub.permission.CONTENT_READ in package com.sec.android.app.videoplayer
W/PackageManager( 560): Unknown permission com.samsung.videohub.permission.CONTENT_WRITE in package com.sec.android.app.videoplayer
W/PackageManager( 560): Unknown permission com.sec.android.widgetapp.q1_penmemo.permission.READ in package com.sec.android.app.DataCreate
W/PackageManager( 560): Unknown permission com.sec.android.widgetapp.q1_penmemo.permission.WRITE in package com.sec.android.app.DataCreate
W/PackageManager( 560): Not granting permission android.permission.WRITE_SECURE_SETTINGS to package com.sec.android.widgetapp.dualclockdigital (protectionLevel=50 flags=0x88be45)
W/PackageManager( 560): Not granting permission android.permission.READ_LOGS to package com.a.moduleTest (protectionLevel=50 flags=0x88be44)
W/PackageManager( 560): Not granting permission android.permission.READ_LOGS to package com.a.BreakPoint (protectionLevel=50 flags=0x88be44)
W/PackageManager( 560): Not granting permission android.permission.MANAGE_DOCUMENTS to package com.google.android.youtube (protectionLevel=18 flags=0xd83ec5)
W/PackageManager( 560): Unknown permission com.chrome.permission.DEVICE_EXTRAS in package com.android.chrome
W/PackageManager( 560): Unknown permission tv.yosemite.samsung.app.REMOTE_CONTROL in package com.sec.yosemite.tab
W/PackageManager( 560): Unknown permission sstream.app.StoryProvider.WRITE.PERMISSION in package com.sec.yosemite.tab
W/PackageManager( 560): Unknown permission com.sec.spp.permission.TOKEN_9daaafb3cf71917d75e50d144f08bd39d93a91116ba2a4b7c2124f94703965a87adb5de5fb71ab1d1ae15198209494b323ef8fdaa301f49b325b6b4fcc5a0193a4025c07c498c5eb870510856a294ec26ba07b8380cdd5f9434017aac2e49c4f25cff58601e624d4daaca5784e94a78c58a85aa7402247f1551696f5b287d767 in package com.sec.yosemite.tab
W/PackageManager( 560): Not granting permission android.permission.READ_LOGS to package com.bd.pushAI (protectionLevel=50 flags=0x8be44)
I/ServiceManager( 119): Waiting for service com.marvell.FileMonitorService...
W/PackageSettings( 560): Skipping PackageSetting{42283a48 com.sec.android.allshare.framework/10003} due to missing metadata
D/dalvikvm( 560): GC_FOR_ALLOC freed 3543K, 29% free 20627K/28752K, paused 204ms, total 205ms
I/dalvikvm-heap( 560): Grow heap (frag case) to 28.771MB for 7177168-byte allocation
D/dalvikvm( 560): GC_FOR_ALLOC freed 534K, 25% free 27102K/35764K, paused 135ms, total 135ms
D/PackageManager( 560): queryIntentReceivers - Execution time: 517 ms
D/PackageManager( 560): doPostInstall for uid{10136}
D/PackageManager( 560): + starting rerstore round-trip 6
D/PackageManager( 560): No resotre for backup - queue post-install for 6
V/AlarmManager( 560): waitForAlarm result :8
D/PowerHintManager( 2136): Got PowerHintService instance.
D/EventRelay( 2136): New Hint: com.sec.android.intent.action.CPU_BOOSTER_CORE_NUM NUM 2
I/PHService( 126): PowerHintService: ========== Start A New PHService Schedule Code: 1 ===============
I/PHService( 126): PowerHintService: onTransact : HANDLE_NORMAL_POWER_HINT
I/PHService( 126): HintBase : handleMessage MSG_HANDLE_NORMAL
I/PHService( 126): HintManager : ========== Hint Update ===============
I/PHService( 126): HintSSGBooster : booster [cpu_booster_core_num] is updated to [2]
I/PHService( 126): HintManager : ========== Hint Update [Done] ========
I/PHService( 126): PolicyManager : ========== Policy Evaluate [beginning] =====
I/PHService( 126): PowerPolicy : Policy [CPU_BOOST_DUAL] hit status: [0->1]
I/PHService( 126): PolicyManager : Policy [CPU_BOOST_DUAL] status changed. Need to vote.
I/PHService( 126): PolicyManager : ========== Policy Evaluate [end] ===========
I/PHService( 126): PolicyManager : ========== Vote Result [beginning] =========
I/PHService( 126): PolicyManager : Hit policy: [BootComplete]
I/PHService( 126): PolicyManager : Hit policy: [CPU_BOOST_DUAL]
I/PHService( 126): PolicyManager : Hit policy: [CallIdle]
I/PHService( 126): PolicyManager : Hit policy: [VideoOff]
I/PHService( 126): PolicyManager : ========== Vote Result [end] ===============
I/PHService( 126): OperatorManager: ========== Merge Result =================
I/PHService( 126): CpuOperator : [Dump Merged Operation]
I/PHService( 126): CpuOperator : CPU0: Operation (312000-1205000-ondemand), online: AUTO(-1)
I/PHService( 126): CpuOperator : CPU0: Operation: sampling_rate(10000)
I/PHService( 126): CpuOperator : CPU1: Set Online: ONLINE(1)
I/PHService( 126): CpuOperator :
I/PHService( 126): DdrOperator : [Dump Merged Operation]
I/PHService( 126): DdrOperator : DDR0: Operation: min: 156000, max: 533000, pollinInterval: 50
I/PHService( 126): DdrOperator :
I/PHService( 126): GpuOperator : [Dump Merged Operation]
I/PHService( 126): GpuOperator : GPU0: Operation (156000-624000-ondemand)
I/PHService( 126): GpuOperator :
I/PHService( 126): ShcmdOperator : [Dump Merged Operation]
I/PHService( 126): ShcmdOperator : Shcmd: Operation: echo disable > /sys/devices/platform/pxa27x-keypad/power/wakeup
I/PHService( 126): ShcmdOperator :
I/PHService( 126): VpuOperator : [Dump Merged Operation]
I/PHService( 126): VpuOperator : VPU0: Operation: 416000
I/PHService( 126): VpuOperator :
I/PHService( 126): OperatorManager: ========== Merge Result [Done] ==========
I/PHService( 126): OperatorBase : Try to wake up Worker Operation-Worker_415 Done, Exit!!
I/PHService( 126): OperatorBase : Worker Operation-Worker_415 wakes up and starts to do work!
I/PHService( 126): OperatorBase : ========== Do Work ==============
I/PHService( 126): CpuOperator : [WorkerTask]
I/PHService( 126): CpuOperator : CPU0: Operation (312000-1205000-ondemand), online: AUTO(-1)
I/PHService( 126): CpuOperator : CPU0: Operation: sampling_rate(10000)
I/PHService( 126): CpuOperator : CPU1: Set Online: ONLINE(1)
I/PHService( 126): CpuOperator : [Apply]
I/PHService( 126): CpuOperator : Operation setting for CPU0 successfully!
W/PHService( 126): CpuOperator : NULL cpu frequency parameters---cpu unitId: 1
I/PHService( 126): CpuOperator : Operation setting for CPU1 successfully!
I/PHService( 126): CpuOperator :
I/PHService( 126): DdrOperator : [WorkerTask]
I/PHService( 126): DdrOperator : DDR0: Operation: min: 156000, max: 533000, pollinInterval: 50
I/PHService( 126): DdrOperator : [Apply]
I/PHService( 126): DdrOperator : Operation setting for DDR successfully!
I/PHService( 126): DdrOperator :
I/PHService( 126): GpuOperator : [WorkerTask]
I/PHService( 126): GpuOperator : GPU0: Operation (156000-624000-ondemand)
I/PHService( 126): GpuOperator : [Apply]
E/PHService( 126): SysfsAccess : opening's messed up, /sys/devices/platform/galcore/gpu/gpu0/gpufreq/scaling_governor Permission denied
E/PHService( 126): GpuOperator : int android::GpuOperator::setScalingPolicy(android::sp&), check failed!!!!
W/PHService( 126): GpuOperator : Couldn't set constraint for GPU0 (156000-624000-ondemand)
I/PHService( 126): GpuOperator :
I/PHService( 126): ShcmdOperator : [WorkerTask]
I/PHService( 126): ShcmdOperator : Shcmd: Operation: echo disable > /sys/devices/platform/pxa27x-keypad/power/wakeup
I/PHService( 126): ShcmdOperator : [Apply]
D/PackageManager( 560): [MSG] MCS_UNBIND
I/PackageManager( 560): calling disconnectService()
D/PackageManager( 560): Trying to unbind to DefaultContainerService
D/KeyguardClockWidgetService( 987): onReceive action=android.intent.action.TIME_TICK
V/AlarmManager( 560): ClockReceiver onReceive() ACTION_TIME_TICK
D/KeyguardUpdateMonitor( 660): received broadcast android.intent.action.TIME_TICK
D/KeyguardUpdateMonitor( 660): handleTimeUpdate
I/PHService( 126): ShcmdOperator : "echo disable > /sys/devices/platform/pxa27x-keypad/power/wakeup" exited with status 1
I/PHService( 126): ShcmdOperator :
I/PHService( 126): VpuOperator : [WorkerTask]
I/PHService( 126): VpuOperator : VPU0: Operation: 416000
I/PHService( 126): VpuOperator : [Apply]
I/PHService( 126): VpuOperator : Operation setting for VPU0 successfully!
I/PHService( 126): VpuOperator :
I/PHService( 126): OperatorBase : ========== Do Work [Done] ========
D/PackageManager( 560): [MSG] CHECK_PENDING_VERIFICATION
D/STATUSBAR-IconMerger( 660): checkOverflow(420), More:false, Req:false Child:2
D/PackageManager( 560): [MSG] POST_INSTALL: observer{1117728288}
D/PackageManager( 560): Handling post-install for 6
I/PowerManagerService-JNI( 560): >>>>>>>>in native...
D/PackageManager( 560): Sending to user 0: act=android.intent.action.PACKAGE_REMOVED dat=package:com.bd.pushAI flg=0x4000000 Bundle[{android.intent.extra.REMOVED_FOR_ALL_USERS=false, android.intent.extra.UID=10136, android.intent.extra.DATA_REMOVED=false, android.intent.extra.REPLACING=true, android.intent.extra.user_handle=0}]
D/accuweather( 1310): [MSC_Accu_Daemon]>>> U:983 [0:0] cDayONight() ::: sunrise is null
D/accuweather( 1310): [MSC_Accu_Daemon]>>> U:999 [0:0] cDayONight() ::: sunset is null
D/accuweather( 1310): [MSC_Accu_Daemon]>>> WCS:95 [0:0] checkDay:true, UtilgetIsDay():false
D/accuweather( 1310): [MSC_Accu_Daemon]>>> WCS:97 [0:0] action:androidintentactionTIME_TICK
D/PackageManager( 560): Sending to user 0: act=android.intent.action.PACKAGE_ADDED dat=package:com.bd.pushAI flg=0x4000000 Bundle[{android.intent.extra.UID=10136, android.intent.extra.REPLACING=true, android.intent.extra.user_handle=0}]
I/InputReader( 560): Reconfiguring input devices. changes=0x00000010
E/SamsungIME( 3881): mOCRHelper is null
I/InputReader( 560): Reconfiguring input devices. changes=0x00000010
E/SamsungIME( 3881): mOCRHelper is null
D/PackageManager( 560): Sending to user 0: act=android.intent.action.PACKAGE_REPLACED dat=package:com.bd.pushAI flg=0x4000000 Bundle[{android.intent.extra.UID=10136, android.intent.extra.REPLACING=true, android.intent.extra.user_handle=0}]
I/InputReader( 560): Reconfiguring input devices. changes=0x00000010
D/Launcher.Utilities( 838): createIconBitmapForMenu sIconWidth : 72 sourceWidth : 128
D/PackageManager( 560): Sending to user 0: act=android.intent.action.MY_PACKAGE_REPLACED flg=0x4000000 pkg=com.bd.pushAI Bundle[{android.intent.extra.user_handle=0}]
D/Launcher.MenuAppsGrid( 838): StateObj::getAppsList() item count = 106
D/AdaptiveEventManager( 660): action=android.intent.action.PACKAGE_REMOVED
D/WallpaperManager( 838): SEC_PRODUCT_FEATURE_COMMON_ENABLE_TEXTURE_COMPRESSION is false
D/CellLayoutChildren( 838): setCellDimensions. width: 96, height: 120, gapX: 52, gapY: 15
D/CellLayout( 838): setGridSize(4, 6)
D/WallpaperManager( 838): SEC_PRODUCT_FEATURE_COMMON_ENABLE_TEXTURE_COMPRESSION is false
D/CellLayoutChildren( 838): setCellDimensions. width: 96, height: 120, gapX: 52, gapY: 15
D/CellLayout( 838): setGridSize(4, 6)
