W/ActivityManager( 560): Permission Denial: getCurrentUser() from pid=20588, uid=10072 requires android.permission.INTERACT_ACROSS_USERS
I/ServiceManager( 119): Waiting for service com.marvell.FileMonitorService...
W/System.err(20588): java.io.InvalidClassException: com.sec.android.app.samsungapps.tobelog.logbody.SummaryClickLogBody; Incompatible class (SUID): com.sec.android.app.samsungapps.tobelog.logbody.SummaryClickLogBody: static final long serialVersionUID =8867928030912587350L; but expected com.sec.android.app.samsungapps.tobelog.logbody.SummaryClickLogBody: static final long serialVersionUID =5873522289793304005L;
W/System.err(20588): at java.io.ObjectInputStream.verifyAndInit(ObjectInputStream.java:2343)
W/System.err(20588): at java.io.ObjectInputStream.readNewClassDesc(ObjectInputStream.java:1643)
W/System.err(20588): at java.io.ObjectInputStream.readClassDesc(ObjectInputStream.java:657)
W/System.err(20588): at java.io.ObjectInputStream.readNewObject(ObjectInputStream.java:1784)
W/System.err(20588): at java.io.ObjectInputStream.readNonPrimitiveContent(ObjectInputStream.java:761)
W/System.err(20588): at java.io.ObjectInputStream.readObject(ObjectInputStream.java:1985)
W/System.err(20588): at java.io.ObjectInputStream.readObject(ObjectInputStream.java:1942)
W/System.err(20588): at java.io.ObjectInputStream.readFieldValues(ObjectInputStream.java:1113)
W/System.err(20588): at java.io.ObjectInputStream.defaultReadObject(ObjectInputStream.java:454)
W/System.err(20588): at java.io.ObjectInputStream.readObjectForClass(ObjectInputStream.java:1345)
W/System.err(20588): at java.io.ObjectInputStream.readHierarchy(ObjectInputStream.java:1242)
W/System.err(20588): at java.io.ObjectInputStream.readNewObject(ObjectInputStream.java:1837)
W/System.err(20588): at java.io.ObjectInputStream.readNonPrimitiveContent(ObjectInputStream.java:761)
W/System.err(20588): at java.io.ObjectInputStream.readObject(ObjectInputStream.java:1985)
W/System.err(20588): at java.io.ObjectInputStream.readObject(ObjectInputStream.java:1942)
W/System.err(20588): at java.util.LinkedList.readObject(LinkedList.java:984)
W/System.err(20588): at java.lang.reflect.Method.invokeNative(Native Method)
W/System.err(20588): at java.lang.reflect.Method.invoke(Method.java:515)
W/System.err(20588): at java.io.ObjectInputStream.readObjectForClass(ObjectInputStream.java:1330)
W/System.err(20588): at java.io.ObjectInputStream.readHierarchy(ObjectInputStream.java:1242)
W/System.err(20588): at java.io.ObjectInputStream.readNewObject(ObjectInputStream.java:1837)
W/System.err(20588): at java.io.ObjectInputStream.readNonPrimitiveContent(ObjectInputStream.java:761)
W/System.err(20588): at java.io.ObjectInputStream.readObject(ObjectInputStream.java:1985)
W/System.err(20588): at java.io.ObjectInputStream.readObject(ObjectInputStream.java:1942)
W/System.err(20588): at com.sec.android.app.samsungapps.tobelog.e.b(ProGuard:86)
W/System.err(20588): at com.sec.android.app.samsungapps.tobelog.LogManager.initialize(ProGuard:106)
W/System.err(20588): at com.sec.android.app.samsungapps.SamsungApps.onCreate(ProGuard:24)
W/System.err(20588): at android.app.Instrumentation.callApplicationOnCreate(Instrumentation.java:1013)
W/System.err(20588): at android.app.ActivityThread.handleBindApplication(ActivityThread.java:4717)
W/System.err(20588): at android.app.ActivityThread.access$1600(ActivityThread.java:172)
W/System.err(20588): at android.app.ActivityThread$H.handleMessage(ActivityThread.java:1365)
W/System.err(20588): at android.os.Handler.dispatchMessage(Handler.java:102)
W/System.err(20588): at android.os.Looper.loop(Looper.java:146)
W/System.err(20588): at android.app.ActivityThread.main(ActivityThread.java:5598)
W/System.err(20588): at java.lang.reflect.Method.invokeNative(Native Method)
W/System.err(20588): at java.lang.reflect.Method.invoke(Method.java:515)
W/System.err(20588): at com.android.internal.os.ZygoteInit$MethodAndArgsCaller.run(ZygoteInit.java:1283)
W/System.err(20588): at com.android.internal.os.ZygoteInit.main(ZygoteInit.java:1099)
W/System.err(20588): at dalvik.system.NativeStart.main(Native Method)
D/GCM ( 880): GcmService start Intent { act=com.google.android.gms.gcm.PACKAGE_REPLACED cmp=com.google.android.gms/.gcm.GcmService (has extras) } com.google.android.gms.gcm.PACKAGE_REPLACED
D/PackageBroadcastService( 1191): Received broadcast action=android.intent.action.PACKAGE_ADDED and uri=com.bd.pushAI
D/ChimeraCfgMgr( 1191): Loading module com.google.android.gms.games from APK com.google.android.play.games
D/ChimeraModuleLdr( 1191): Module APK com.google.android.play.games already loaded
I/ConfigFetchService( 1191): onStartCommand Intent { act=android.intent.action.PACKAGE_ADDED dat=package:com.bd.pushAI cmp=com.google.android.gms/.config.ConfigFetchService (has extras) }
I/ConfigFetchService( 1191): launchTask
D/ChimeraCfgMgr( 1191): Loading module com.google.android.gms.games from APK com.google.android.play.games
D/ChimeraModuleLdr( 1191): Module APK com.google.android.play.games already loaded
I/ConfigFetchService( 1191): service connected
D/ChimeraCfgMgr( 1191): Loading module com.google.android.gms.vision from APK com.google.android.gms
D/Vision ( 1191): Received broadcast Intent { act=android.intent.action.PACKAGE_ADDED dat=package:com.bd.pushAI flg=0x4000010 cmp=com.google.android.gms/.vision.DependencyBroadcastReceiverProxy (has extras) }
D/Vision ( 1191): No vision deps
D/ConfigFetchService( 1191): ConfigApi connection successful.
I/UpdateIcingCorporaServi(12975): Updating corpora: APPS=com.bd.pushAI, CONTACTS=MAYBE
D/PowerManagerService( 560): [s] UserActivityState : 1 -> 2
D/DisplayPowerController( 560): animation target = 20 (PSM:true, AB limit:(-1 ~ -1) MB Limit:(-1 ~ -1) MAdj:(0, (0, 255)))
D/PowerManagerService( 560): [s] mDisplayPowerControllerCallbacks : onStateChanged()
D/lights ( 560): lcd : 139 +
D/lights ( 560): lcd : 139 -
D/lights ( 560): lcd : 105 +
D/lights ( 560): lcd : 105 -
D/lights ( 560): lcd : 72 +
D/lights ( 560): lcd : 72 -
D/lights ( 560): lcd : 39 +
D/lights ( 560): lcd : 39 -
D/lights ( 560): lcd : 20 +
D/lights ( 560): lcd : 20 -
D/RampAnimator( 560): Light Animator Finished currentValue=20
W/ ( 119): FileMonitorService not published, waiting...
I/InputReader( 560): Touch event's action is 0x0 (deviceType=0) [pCnt=1, s=0.1299 ] when=11820389374000
I/InputDispatcher( 560): Delivering touch to: action: 0x4, toolType: 1
I/InputDispatcher( 560): Delivering touch to: action: 0x0, toolType: 1
I/PHService( 126): HintBase : handleMessage MSG_HANDLE_NORMAL
I/PHService( 126): HintManager : ========== Hint Update ===============
I/PHService( 126): HintManager : ========== Hint Update [Done] ========
I/PHService( 126): PolicyManager : ========== Policy Evaluate [beginning] =====
I/PHService( 126): PowerPolicy : Policy [InputEventDefault] hit status: [0->1]
I/PHService( 126): PolicyManager : Policy [InputEventDefault] status changed. Need to vote.
I/PHService( 126): PolicyManager : ========== Policy Evaluate [end] ===========
I/PHService( 126): PolicyManager : ========== Vote Result [beginning] =========
I/PHService( 126): PolicyManager : Hit policy: [BootComplete]
I/PHService( 126): PolicyManager : Hit policy: [CallIdle]
I/PHService( 126): PolicyManager : Hit policy: [InputEventDefault]
I/PHService( 126): PolicyManager : Hit policy: [VideoOff]
I/PHService( 126): PolicyManager : ========== Vote Result [end] ===============
I/PHService( 126): OperatorManager: ========== Merge Result =================
I/PHService( 126): CpuOperator : [Dump Merged Operation]
I/PHService( 126): CpuOperator : CPU0: Operation (1205000-1205000-ondemand), online: ONLINE(1)
I/PHService( 126): CpuOperator : CPU0: Operation: sampling_rate(10000)
I/PHService( 126): CpuOperator : CPU1: No Operation. Online: AUTO(-1)
I/PHService( 126): CpuOperator :
I/PHService( 126): DdrOperator : [Dump Merged Operation]
I/PHService( 126): DdrOperator : DDR0: Operation: min: 533000, max: 533000, pollinInterval: 50
I/PHService( 126): DdrOperator :
I/PHService( 126): GpuOperator : [Dump Merged Operation]
I/PHService( 126): GpuOperator : GPU0: Operation (624000-624000-ondemand)
I/PHService( 126): GpuOperator :
I/PHService( 126): ShcmdOperator : [Dump Merged Operation]
I/PHService( 126): ShcmdOperator : Shcmd: Operation: echo disable > /sys/devices/platform/pxa27x-keypad/power/wakeup
I/PHService( 126): ShcmdOperator :
I/PHService( 126): VpuOperator : [Dump Merged Operation]
I/PHService( 126): VpuOperator : VPU0: Operation: 416000
I/PHService( 126): VpuOperator :
I/PHService( 126): OperatorManager: ========== Merge Result [Done] ==========
I/PHService( 126): OperatorBase : Try to wake up Worker Operation-Worker_415 Done, Exit!!
I/PHService( 126): OperatorBase : Worker Operation-Worker_415 wakes up and starts to do work!
I/PHService( 126): OperatorBase : ========== Do Work ==============
I/PHService( 126): CpuOperator : [WorkerTask]
I/PHService( 126): CpuOperator : CPU0: Operation (1205000-1205000-ondemand), online: ONLINE(1)
I/PHService( 126): CpuOperator : CPU0: Operation: sampling_rate(10000)
I/PHService( 126): CpuOperator : CPU1: No Operation. Online: AUTO(-1)
I/PHService( 126): CpuOperator : [Apply]
I/PHService( 126): CpuOperator : Operation setting for CPU0 successfully!
E/PHService( 126): SysfsAccess : writing's messed up: /sys/devices/system/cpu/cpu1/online, -1, Invalid argument
W/PHService( 126): CpuOperator : failed to write data 4294967295 to /sys/devices/system/cpu/cpu1/online
E/PHService( 126): CpuOperator : int android::CpuOperator::setCpuOnlineStatus(unsigned int, int*), check failed!!!!
W/PHService( 126): CpuOperator : NULL cpu frequency parameters---cpu unitId: 1
I/PHService( 126): CpuOperator : Operation setting for CPU1 successfully!
I/PHService( 126): CpuOperator :
I/PHService( 126): DdrOperator : [WorkerTask]
I/PHService( 126): DdrOperator : DDR0: Operation: min: 533000, max: 533000, pollinInterval: 50
I/PHService( 126): DdrOperator : [Apply]
I/PHService( 126): DdrOperator : Operation setting for DDR successfully!
I/PHService( 126): DdrOperator :
I/PHService( 126): GpuOperator : [WorkerTask]
I/PHService( 126): GpuOperator : GPU0: Operation (624000-624000-ondemand)
I/PHService( 126): GpuOperator : [Apply]
E/PHService( 126): SysfsAccess : opening's messed up, /sys/devices/platform/galcore/gpu/gpu0/gpufreq/scaling_governor Permission denied
E/PHService( 126): GpuOperator : int android::GpuOperator::setScalingPolicy(android::sp&), check failed!!!!
W/PHService( 126): GpuOperator : Couldn't set constraint for GPU0 (624000-624000-ondemand)
I/PHService( 126): GpuOperator :
I/PHService( 126): ShcmdOperator : [WorkerTask]
I/PHService( 126): ShcmdOperator : Shcmd: Operation: echo disable > /sys/devices/platform/pxa27x-keypad/power/wakeup
I/PHService( 126): ShcmdOperator : [Apply]
D/PowerManagerService( 560): [s] UserActivityState : 2 -> 1
D/DisplayPowerController( 560): animation target = 156 (PSM:true, AB limit:(-1 ~ -1) MB Limit:(-1 ~ -1) MAdj:(0, (0, 255)))
D/PowerManagerService( 560): [s] mDisplayPowerControllerCallbacks : onStateChanged()
D/lights ( 560): lcd : 30 +
D/lights ( 560): lcd : 30 -
I/PHService( 126): HintBase : handleMessage MSG_HANDLE_NORMAL
I/PHService( 126): HintManager : ========== Hint Update ===============
I/PHService( 126): HintManager : ========== Hint Update [Done] ========
I/PHService( 126): PolicyManager : ========== Policy Evaluate [beginning] =====
I/PHService( 126): PowerPolicy : Policy [InputEventMotion] hit status: [0->1]
I/PHService( 126): PolicyManager : Policy [InputEventMotion] status changed. Need to vote.
I/PHService( 126): PolicyManager : ========== Policy Evaluate [end] ===========
I/PHService( 126): PolicyManager : ========== Vote Result [beginning] =========
I/PHService( 126): PolicyManager : Hit policy: [BootComplete]
I/PHService( 126): PolicyManager : Hit policy: [CallIdle]
I/PHService( 126): PolicyManager : Hit policy: [InputEventDefault]
I/PHService( 126): PolicyManager : Hit policy: [InputEventMotion]
I/PHService( 126): PolicyManager : Hit policy: [VideoOff]
I/PHService( 126): PolicyManager : ========== Vote Result [end] ===============
D/lights ( 560): lcd : 63 +
D/lights ( 560): lcd : 63 -
I/PHService( 126): ShcmdOperator : "echo disable > /sys/devices/platform/pxa27x-keypad/power/wakeup" exited with status 1
I/PHService( 126): ShcmdOperator :
I/PHService( 126): VpuOperator : [WorkerTask]
I/PHService( 126): VpuOperator : VPU0: Operation: 416000
I/PHService( 126): VpuOperator : [Apply]
I/PHService( 126): VpuOperator : Operation setting for VPU0 successfully!
I/PHService( 126): VpuOperator :
I/PHService( 126): OperatorBase : ========== Do Work [Done] ========
I/PHService( 126): OperatorManager: ========== Merge Result =================
I/PHService( 126): CpuOperator : [Dump Merged Operation]
I/PHService( 126): CpuOperator : CPU0: Operation (1205000-1205000-ondemand), online: ONLINE(1)
I/PHService( 126): CpuOperator : CPU0: Operation: sampling_rate(10000)
I/PHService( 126): CpuOperator : CPU1: No Operation. Online: AUTO(-1)
I/PHService( 126): CpuOperator :
I/PHService( 126): DdrOperator : [Dump Merged Operation]
I/PHService( 126): DdrOperator : DDR0: Operation: min: 533000, max: 533000, pollinInterval: 50
I/PHService( 126): DdrOperator :
I/PHService( 126): GpuOperator : [Dump Merged Operation]
I/PHService( 126): GpuOperator : GPU0: Operation (624000-624000-ondemand)
I/PHService( 126): GpuOperator :
I/PHService( 126): ShcmdOperator : [Dump Merged Operation]
I/PHService( 126): ShcmdOperator : Shcmd: Operation: echo disable > /sys/devices/platform/pxa27x-keypad/power/wakeup
I/PHService( 126): ShcmdOperator :
I/PHService( 126): VpuOperator : [Dump Merged Operation]
I/PHService( 126): VpuOperator : VPU0: Operation: 416000
I/PHService( 126): VpuOperator :
I/PHService( 126): OperatorManager: ========== Merge Result [Done] ==========
I/PHService( 126): OperatorBase : Try to wake up Worker Operation-Worker_415 Done, Exit!!
I/PHService( 126): OperatorBase : Worker Operation-Worker_415 wakes up and starts to do work!
I/PHService( 126): OperatorBase : ========== Do Work ==============
I/PHService( 126): CpuOperator : [WorkerTask]
I/PHService( 126): CpuOperator : CPU0: Operation (1205000-1205000-ondemand), online: ONLINE(1)
I/PHService( 126): CpuOperator : CPU0: Operation: sampling_rate(10000)
I/PHService( 126): CpuOperator : CPU1: No Operation. Online: AUTO(-1)
I/PHService( 126): CpuOperator : [Apply]
I/PHService( 126): CpuOperator : Operation setting for CPU0 successfully!
E/PHService( 126): SysfsAccess : writing's messed up: /sys/devices/system/cpu/cpu1/online, -1, Invalid argument
W/PHService( 126): CpuOperator : failed to write data 4294967295 to /sys/devices/system/cpu/cpu1/online
E/PHService( 126): CpuOperator : int android::CpuOperator::setCpuOnlineStatus(unsigned int, int*), check failed!!!!
W/PHService( 126): CpuOperator : NULL cpu frequency parameters---cpu unitId: 1
I/PHService( 126): CpuOperator : Operation setting for CPU1 successfully!
I/PHService( 126): CpuOperator :
I/PHService( 126): DdrOperator : [WorkerTask]
I/PHService( 126): DdrOperator : DDR0: Operation: min: 533000, max: 533000, pollinInterval: 50
I/PHService( 126): DdrOperator : [Apply]
I/PHService( 126): DdrOperator : Operation setting for DDR successfully!
I/PHService( 126): DdrOperator :
I/PHService( 126): GpuOperator : [WorkerTask]
I/PHService( 126): GpuOperator : GPU0: Operation (624000-624000-ondemand)
I/PHService( 126): GpuOperator : [Apply]
E/PHService( 126): SysfsAccess : opening's messed up, /sys/devices/platform/galcore/gpu/gpu0/gpufreq/scaling_governor Permission denied
E/PHService( 126): GpuOperator : int android::GpuOperator::setScalingPolicy(android::sp&), check failed!!!!
W/PHService( 126): GpuOperator : Couldn't set constraint for GPU0 (624000-624000-ondemand)
I/PHService( 126): GpuOperator :
I/PHService( 126): ShcmdOperator : [WorkerTask]
I/PHService( 126): ShcmdOperator : Shcmd: Operation: echo disable > /sys/devices/platform/pxa27x-keypad/power/wakeup
I/PHService( 126): ShcmdOperator : [Apply]
D/lights ( 560): lcd : 97 +
D/lights ( 560): lcd : 97 -
I/PHService( 126): ShcmdOperator : "echo disable > /sys/devices/platform/pxa27x-keypad/power/wakeup" exited with status 1
I/PHService( 126): ShcmdOperator :
I/PHService( 126): VpuOperator : [WorkerTask]
I/PHService( 126): VpuOperator : VPU0: Operation: 416000
I/PHService( 126): VpuOperator : [Apply]
I/PHService( 126): VpuOperator : Operation setting for VPU0 successfully!
I/PHService( 126): VpuOperator :
I/PHService( 126): OperatorBase : ========== Do Work [Done] ========
D/lights ( 560): lcd : 130 +
D/lights ( 560): lcd : 130 -
D/lights ( 560): lcd : 156 +
D/lights ( 560): lcd : 156 -
I/InputReader( 560): Touch event's action is 0x1 (deviceType=0) [pCnt=1, s=] when=11820469391000
D/RampAnimator( 560): Light Animator Finished currentValue=156
I/InputDispatcher( 560): Delivering touch to: action: 0x1, toolType: 1
I/TiApplication(20613): (main) [0,0] checkpoint, app created.
E/Qmage (20613): onDecode : QmageDecodeFrame 20140421 Rev.6376
E/Qmage (20613): This is decoding
E/Qmage (20613): onDecode : QmageDecodeFrame 20140421 Rev.6376
E/Qmage (20613): This is decoding
E/Qmage (20613): decoding stream->hasLength()
E/Qmage (20613): onDecode : QmageDecParseHeader call : QM
E/Qmage (20613): Qmage parsing for decoding ok
E/Qmage (20613): onDecode : QmageHeader.NinePatched 0
E/Qmage (20613): onDecode : QmageHeader Height() 16 Width() : 606 sampleSize : 1
E/Qmage (20613): Qmage Make Color table
E/Qmage (20613): SkBitmap::kIndex8_Config == config && 1 == sampleSize
E/Qmage (20613): onDecode : return true QM
E/Qmage (20613): decoding stream->hasLength()
E/Qmage (20613): onDecode : QmageDecParseHeader call : QM
E/Qmage (20613): Qmage parsing for decoding ok
E/Qmage (20613): onDecode : QmageHeader.NinePatched 0
E/Qmage (20613): onDecode : QmageHeader Height() 16 Width() : 606 sampleSize : 1
E/Qmage (20613): Qmage Make Color table
E/Qmage (20613): SkBitmap::kIndex8_Config == config && 1 == sampleSize
E/Qmage (20613): onDecode : return true QM
E/Qmage (20613): onDecode : QmageDecodeFrame 20140421 Rev.6376
E/Qmage (20613): This is decoding
E/Qmage (20613): decoding stream->hasLength()
E/Qmage (20613): onDecode : QmageDecParseHeader call : QM
E/Qmage (20613): Qmage parsing for decoding ok
E/Qmage (20613): onDecode : QmageHeader.NinePatched 0
E/Qmage (20613): onDecode : QmageHeader Height() 16 Width() : 606 sampleSize : 1
E/Qmage (20613): Qmage Make Color table
E/Qmage (20613): SkBitmap::kIndex8_Config == config && 1 == sampleSize
E/Qmage (20613): onDecode : return true QM
E/Qmage (20613): onDecode : QmageDecodeFrame 20140421 Rev.6376
E/Qmage (20613): This is decoding
E/Qmage (20613): decoding stream->hasLength()
E/Qmage (20613): onDecode : QmageDecParseHeader call : QM
E/Qmage (20613): Qmage parsing for decoding ok
E/Qmage (20613): onDecode : QmageHeader.NinePatched 0
E/Qmage (20613): onDecode : QmageHeader Height() 16 Width() : 606 sampleSize : 1
E/Qmage (20613): Qmage Make Color table
E/Qmage (20613): SkBitmap::kIndex8_Config == config && 1 == sampleSize
E/Qmage (20613): onDecode : return true QM
E/Qmage (20613): onDecode : QmageDecodeFrame 20140421 Rev.6376
E/Qmage (20613): This is decoding
E/Qmage (20613): decoding stream->hasLength()
E/Qmage (20613): onDecode : QmageDecParseHeader call : QM
E/Qmage (20613): Qmage parsing for decoding ok
E/Qmage (20613): onDecode : QmageHeader.NinePatched 0
E/Qmage (20613): onDecode : QmageHeader Height() 16 Width() : 606 sampleSize : 1
E/Qmage (20613): Qmage Make Color table
E/Qmage (20613): SkBitmap::kIndex8_Config == config && 1 == sampleSize
E/Qmage (20613): onDecode : return true QM
E/Qmage (20613): onDecode : QmageDecodeFrame 20140421 Rev.6376
E/Qmage (20613): This is decoding
E/Qmage (20613): decoding stream->hasLength()
E/Qmage (20613): onDecode : QmageDecParseHeader call : QM
E/Qmage (20613): Qmage parsing for decoding ok
E/Qmage (20613): onDecode : QmageHeader.NinePatched 0
E/Qmage (20613): onDecode : QmageHeader Height() 16 Width() : 606 sampleSize : 1
E/Qmage (20613): Qmage Make Color table
E/Qmage (20613): SkBitmap::kIndex8_Config == config && 1 == sampleSize
E/Qmage (20613): onDecode : return true QM
E/Qmage (20613): onDecode : QmageDecodeFrame 20140421 Rev.6376
E/Qmage (20613): This is decoding
E/Qmage (20613): decoding stream->hasLength()
E/Qmage (20613): onDecode : QmageDecParseHeader call : QM
E/Qmage (20613): Qmage parsing for decoding ok
E/Qmage (20613): onDecode : QmageHeader.NinePatched 0
E/Qmage (20613): onDecode : QmageHeader Height() 16 Width() : 606 sampleSize : 1
E/Qmage (20613): Qmage Make Color table
E/Qmage (20613): SkBitmap::kIndex8_Config == config && 1 == sampleSize
E/Qmage (20613): onDecode : return true QM
W/ActivityManager( 560): Permission Denial: get/set setting for user asks to run as user -2 but is calling from user 0; this requires android.permission.INTERACT_ACROSS_USERS_FULL
D/dalvikvm( 560): GC_EXPLICIT freed 8471K, 43% free 21105K/36428K, paused 8ms+34ms, total 317ms
E/DatabaseUtils( 560): Writing exception to parcel
E/DatabaseUtils( 560): java.lang.SecurityException: Permission Denial: get/set setting for user asks to run as user -2 but is calling from user 0; this requires android.permission.INTERACT_ACROSS_USERS_FULL
E/DatabaseUtils( 560): at com.android.server.am.ActivityManagerService.handleIncomingUser(ActivityManagerService.java:15168)
E/DatabaseUtils( 560): at android.app.ActivityManager.handleIncomingUser(ActivityManager.java:2498)
E/DatabaseUtils( 560): at com.android.providers.settings.SettingsProvider.call(SettingsProvider.java:688)
E/DatabaseUtils( 560): at android.content.ContentProvider$Transport.call(ContentProvider.java:325)
E/DatabaseUtils( 560): at android.content.ContentProviderNative.onTransact(ContentProviderNative.java:275)
E/DatabaseUtils( 560): at android.os.Binder.execTransact(Binder.java:404)
E/DatabaseUtils( 560): at dalvik.system.NativeStart.run(Native Method)
I/ActivityManager( 560): Killing 19874:com.google.android.talk/u0a108 (adj 15): empty #28
I/ActivityManager( 560): Killing 19621:com.ea.EngagementAgents/u0a121 (adj 15): empty #29
E/Qmage (20613): onDecode : QmageDecodeFrame 20140421 Rev.6376
E/Qmage (20613): This is decoding
E/Qmage (20613): decoding stream->hasLength()
E/Qmage (20613): onDecode : QmageDecParseHeader call : QM
E/Qmage (20613): Qmage parsing for decoding ok
E/Qmage (20613): onDecode : QmageHeader.NinePatched 0
E/Qmage (20613): onDecode : QmageHeader Height() 16 Width() : 606 sampleSize : 1
E/Qmage (20613): Qmage Make Color table
E/Qmage (20613): SkBitmap::kIndex8_Config == config && 1 == sampleSize
E/Qmage (20613): onDecode : return true QM
I/PHService( 126): HintBase : handleMessage MSG_HANDLE_NORMAL
I/PHService( 126): HintManager : ========== Hint Update ===============
I/PHService( 126): HintManager : ========== Hint Update [Done] ========
I/PHService( 126): PolicyManager : ========== Policy Evaluate [beginning] =====
I/PHService( 126): PowerPolicy : Policy [InputEventMotion] hit status: [1->0]
I/PHService( 126): PolicyManager : Policy [InputEventMotion] status changed. Need to vote.
I/PHService( 126): PolicyManager : ========== Policy Evaluate [end] ===========
I/PHService( 126): PolicyManager : ========== Vote Result [beginning] =========
I/PHService( 126): PolicyManager : Hit policy: [BootComplete]
I/PHService( 126): PolicyManager : Hit policy: [CallIdle]
I/PHService( 126): PolicyManager : Hit policy: [InputEventDefault]
I/PHService( 126): PolicyManager : Hit policy: [VideoOff]
I/PHService( 126): PolicyManager : ========== Vote Result [end] ===============
I/PHService( 126): OperatorManager: ========== Merge Result =================
I/PHService( 126): CpuOperator : [Dump Merged Operation]
I/PHService( 126): CpuOperator : CPU0: Operation (1205000-1205000-ondemand), online: ONLINE(1)
I/PHService( 126): CpuOperator : CPU0: Operation: sampling_rate(10000)
I/PHService( 126): CpuOperator : CPU1: No Operation. Online: AUTO(-1)
I/PHService( 126): CpuOperator :
I/PHService( 126): DdrOperator : [Dump Merged Operation]
I/PHService( 126): DdrOperator : DDR0: Operation: min: 533000, max: 533000, pollinInterval: 50
I/PHService( 126): DdrOperator :
I/PHService( 126): GpuOperator : [Dump Merged Operation]
I/PHService( 126): GpuOperator : GPU0: Operation (624000-624000-ondemand)
I/PHService( 126): GpuOperator :
I/PHService( 126): ShcmdOperator : [Dump Merged Operation]
I/PHService( 126): ShcmdOperator : Shcmd: Operation: echo disable > /sys/devices/platform/pxa27x-keypad/power/wakeup
I/PHService( 126): ShcmdOperator :
I/PHService( 126): VpuOperator : [Dump Merged Operation]
I/PHService( 126): VpuOperator : VPU0: Operation: 416000
I/PHService( 126): VpuOperator :
I/PHService( 126): OperatorManager: ========== Merge Result [Done] ==========
I/PHService( 126): OperatorBase : Try to wake up Worker Operation-Worker_415 Done, Exit!!
I/PHService( 126): OperatorBase : Worker Operation-Worker_415 wakes up and starts to do work!
I/PHService( 126): OperatorBase : ========== Do Work ==============
I/PHService( 126): CpuOperator : [WorkerTask]
I/PHService( 126): CpuOperator : CPU0: Operation (1205000-1205000-ondemand), online: ONLINE(1)
I/PHService( 126): CpuOperator : CPU0: Operation: sampling_rate(10000)
I/PHService( 126): CpuOperator : CPU1: No Operation. Online: AUTO(-1)
I/PHService( 126): CpuOperator : [Apply]
I/PHService( 126): CpuOperator : Operation setting for CPU0 successfully!
E/PHService( 126): SysfsAccess : writing's messed up: /sys/devices/system/cpu/cpu1/online, -1, Invalid argument
W/PHService( 126): CpuOperator : failed to write data 4294967295 to /sys/devices/system/cpu/cpu1/online
E/PHService( 126): CpuOperator : int android::CpuOperator::setCpuOnlineStatus(unsigned int, int*), check failed!!!!
W/PHService( 126): CpuOperator : NULL cpu frequency parameters---cpu unitId: 1
I/PHService( 126): CpuOperator : Operation setting for CPU1 successfully!
I/PHService( 126): CpuOperator :
I/PHService( 126): DdrOperator : [WorkerTask]
I/PHService( 126): DdrOperator : DDR0: Operation: min: 533000, max: 533000, pollinInterval: 50
I/PHService( 126): DdrOperator : [Apply]
I/PHService( 126): DdrOperator : Operation setting for DDR successfully!
I/PHService( 126): DdrOperator :
I/PHService( 126): GpuOperator : [WorkerTask]
I/PHService( 126): GpuOperator : GPU0: Operation (624000-624000-ondemand)
I/PHService( 126): GpuOperator : [Apply]
E/PHService( 126): SysfsAccess : opening's messed up, /sys/devices/platform/galcore/gpu/gpu0/gpufreq/scaling_governor Permission denied
E/PHService( 126): GpuOperator : int android::GpuOperator::setScalingPolicy(android::sp&), check failed!!!!
W/PHService( 126): GpuOperator : Couldn't set constraint for GPU0 (624000-624000-ondemand)
I/PHService( 126): GpuOperator :
I/PHService( 126): ShcmdOperator : [WorkerTask]
I/PHService( 126): ShcmdOperator : Shcmd: Operation: echo disable > /sys/devices/platform/pxa27x-keypad/power/wakeup
I/PHService( 126): ShcmdOperator : [Apply]
I/PHService( 126): HintBase : handleMessage MSG_HANDLE_NORMAL
I/PHService( 126): HintManager : ========== Hint Update ===============
I/PHService( 126): HintManager : ========== Hint Update [Done] ========
I/PHService( 126): PolicyManager : ========== Policy Evaluate [beginning] =====
I/PHService( 126): PowerPolicy : Policy [InputEventDefault] hit status: [1->0]
I/PHService( 126): PolicyManager : Policy [InputEventDefault] status changed. Need to vote.
I/PHService( 126): PolicyManager : ========== Policy Evaluate [end] ===========
I/PHService( 126): PolicyManager : ========== Vote Result [beginning] =========
I/PHService( 126): PolicyManager : Hit policy: [BootComplete]
I/PHService( 126): PolicyManager : Hit policy: [CallIdle]
I/PHService( 126): PolicyManager : Hit policy: [VideoOff]
I/PHService( 126): PolicyManager : ========== Vote Result [end] ===============
I/PHService( 126): ShcmdOperator : "echo disable > /sys/devices/platform/pxa27x-keypad/power/wakeup" exited with status 1
I/PHService( 126): ShcmdOperator :
I/PHService( 126): VpuOperator : [WorkerTask]
I/PHService( 126): VpuOperator : VPU0: Operation: 416000
I/PHService( 126): VpuOperator : [Apply]
I/PHService( 126): VpuOperator : Operation setting for VPU0 successfully!
I/PHService( 126): VpuOperator :
I/PHService( 126): OperatorBase : ========== Do Work [Done] ========
I/PHService( 126): OperatorManager: ========== Merge Result =================
I/PHService( 126): CpuOperator : [Dump Merged Operation]
I/PHService( 126): CpuOperator : CPU0: Operation (312000-1205000-ondemand), online: AUTO(-1)
I/PHService( 126): CpuOperator : CPU0: Operation: sampling_rate(10000)
I/PHService( 126): CpuOperator : CPU1: No Operation. Online: AUTO(-1)
I/PHService( 126): CpuOperator :
I/PHService( 126): DdrOperator : [Dump Merged Operation]
I/PHService( 126): DdrOperator : DDR0: Operation: min: 156000, max: 533000, pollinInterval: 50
I/PHService( 126): DdrOperator :
I/PHService( 126): GpuOperator : [Dump Merged Operation]
I/PHService( 126): GpuOperator : GPU0: Operation (156000-624000-ondemand)
I/PHService( 126): GpuOperator :
I/PHService( 126): ShcmdOperator : [Dump Merged Operation]
I/PHService( 126): ShcmdOperator : Shcmd: Operation: echo disable > /sys/devices/platform/pxa27x-keypad/power/wakeup
I/PHService( 126): ShcmdOperator :
I/PHService( 126): VpuOperator : [Dump Merged Operation]
I/PHService( 126): VpuOperator : VPU0: Operation: 416000
I/PHService( 126): VpuOperator :
I/PHService( 126): OperatorManager: ========== Merge Result [Done] ==========
I/PHService( 126): OperatorBase : Try to wake up Worker Operation-Worker_415 Done, Exit!!
I/PHService( 126): OperatorBase : Worker Operation-Worker_415 wakes up and starts to do work!
I/PHService( 126): OperatorBase : ========== Do Work ==============
I/PHService( 126): CpuOperator : [WorkerTask]
I/PHService( 126): CpuOperator : CPU0: Operation (312000-1205000-ondemand), online: AUTO(-1)
I/PHService( 126): CpuOperator : CPU0: Operation: sampling_rate(10000)
I/PHService( 126): CpuOperator : CPU1: No Operation. Online: AUTO(-1)
I/ServiceManager( 119): Waiting for service com.marvell.FileMonitorService...
I/PHService( 126): CpuOperator : [Apply]
I/PHService( 126): CpuOperator : Operation setting for CPU0 successfully!
W/PHService( 126): CpuOperator : NULL cpu frequency parameters---cpu unitId: 1
I/PHService( 126): CpuOperator : Operation setting for CPU1 successfully!
I/PHService( 126): CpuOperator :
I/PHService( 126): DdrOperator : [WorkerTask]
I/PHService( 126): DdrOperator : DDR0: Operation: min: 156000, max: 533000, pollinInterval: 50
I/PHService( 126): DdrOperator : [Apply]
I/PHService( 126): DdrOperator : Operation setting for DDR successfully!
I/PHService( 126): DdrOperator :
I/PHService( 126): GpuOperator : [WorkerTask]
I/PHService( 126): GpuOperator : GPU0: Operation (156000-624000-ondemand)
I/PHService( 126): GpuOperator : [Apply]
E/PHService( 126): SysfsAccess : opening's messed up, /sys/devices/platform/galcore/gpu/gpu0/gpufreq/scaling_governor Permission denied
E/PHService( 126): GpuOperator : int android::GpuOperator::setScalingPolicy(android::sp&), check failed!!!!
W/PHService( 126): GpuOperator : Couldn't set constraint for GPU0 (156000-624000-ondemand)
I/PHService( 126): GpuOperator :
I/PHService( 126): ShcmdOperator : [WorkerTask]
I/PHService( 126): ShcmdOperator : Shcmd: Operation: echo disable > /sys/devices/platform/pxa27x-keypad/power/wakeup
I/PHService( 126): ShcmdOperator : [Apply]
I/PHService( 126): ShcmdOperator : "echo disable > /sys/devices/platform/pxa27x-keypad/power/wakeup" exited with status 1
I/PHService( 126): ShcmdOperator :
I/PHService( 126): VpuOperator : [WorkerTask]
I/PHService( 126): VpuOperator : VPU0: Operation: 416000
I/PHService( 126): VpuOperator : [Apply]
I/PHService( 126): VpuOperator : Operation setting for VPU0 successfully!
I/PHService( 126): VpuOperator :
I/PHService( 126): OperatorBase : ========== Do Work [Done] ========
I/UpdateIcingCorporaServi(12975): UpdateCorporaTask done [took 943 ms] updated apps [took 943 ms]
D/dalvikvm(20613): GC_FOR_ALLOC freed 835K, 36% free 4922K/7588K, paused 38ms, total 38ms
D/dalvikvm(20613): GC_CONCURRENT freed 282K, 33% free 5108K/7588K, paused 7ms+4ms, total 54ms
D/STATUSBAR-NetworkController( 660): refreshSignalCluster - setNWBoosterIndicators(false)
D/STATUSBAR-NetworkController( 660): refreshSignalCluster: data=-1 bt=false
D/STATUSBAR-IconMerger( 660): checkOverflow(420), More:false, Req:false Child:2
I/TiApplication(20613): (main) [786,786] Titanium 3.5.1 (2015/03/05 10:08 96875c9)
W/ActivityManager( 560): Permission Denial: getCurrentUser() from pid=20613, uid=10124 requires android.permission.INTERACT_ACROSS_USERS
D/dalvikvm(20613): GC_CONCURRENT freed 962K, 23% free 9774K/12564K, paused 2ms+17ms, total 40ms
I/ServiceManager( 119): Waiting for service com.marvell.FileMonitorService...
I/Icing ( 1191): Indexing 50B5AA61CB9C6661CD224F44D4DC385C607DB447 from com.google.android.googlequicksearchbox
I/Icing ( 1191): Indexing done 50B5AA61CB9C6661CD224F44D4DC385C607DB447
D/dalvikvm(20613): Trying to load lib /data/app-lib/com.shopper.TrendTrunk-6/libstlport_shared.so 0x41dc5bf0
D/dalvikvm(20613): Added shared lib /data/app-lib/com.shopper.TrendTrunk-6/libstlport_shared.so 0x41dc5bf0
D/dalvikvm(20613): No JNI_OnLoad found in /data/app-lib/com.shopper.TrendTrunk-6/libstlport_shared.so 0x41dc5bf0, skipping init
D/dalvikvm(20613): Trying to load lib /data/app-lib/com.shopper.TrendTrunk-6/libkroll-v8.so 0x41dc5bf0
D/STATUSBAR-NetworkController( 660): refreshSignalCluster - setNWBoosterIndicators(false)
D/STATUSBAR-NetworkController( 660): refreshSignalCluster: data=-1 bt=false
D/STATUSBAR-IconMerger( 660): checkOverflow(420), More:false, Req:false Child:2
D/dalvikvm(20613): Added shared lib /data/app-lib/com.shopper.TrendTrunk-6/libkroll-v8.so 0x41dc5bf0
D/dalvikvm(20613): Trying to load lib /data/app-lib/com.shopper.TrendTrunk-6/libtiverify.so 0x41dc5bf0
W/linker (20613): libtiverify.so has text relocations. This is wasting memory and is a security risk. Please fix.
D/dalvikvm(20613): Added shared lib /data/app-lib/com.shopper.TrendTrunk-6/libtiverify.so 0x41dc5bf0
I/TiApplication(20613): (main) [1086,1872] Titanium Javascript runtime: v8
D/TiFacebookModule(20613): (main) [104,1976] Facebook module using SDK version 3.23.0
D/GarbageCollectorModule(20613): (main) [1,1977] <<< GarbageCollector Appcelerator Android Module by WEBe.co.il >>>
D/BatteryService( 560): level:28, scale:100, status:3, health:2, present:true, voltage: 3720, temperature: 340, technology: Li-ion, AC powered:false, USB powered:true, Wireless powered:false, icon:17303538, invalid charger:0, online:4, current avg:-41, charge type:0, power sharing:false
D/BatteryService( 560): Sending ACTION_BATTERY_CHANGED.
D/KeyguardUpdateMonitor( 660): received broadcast android.intent.action.BATTERY_CHANGED
D/KeyguardUpdateMonitor( 660): handleBatteryUpdate
D/CMASMessage( 660): [update] mShowingCMASText is false
D/CMASMessage( 660): CMASIcon was GONE :
D/Brightness(13603): mIntentReceiver.onReceive: action=android.intent.action.BATTERY_CHANGED, intent=Intent { act=android.intent.action.BATTERY_CHANGED flg=0x60000010 (has extras) }
D/MainActivityBaseUi.java(13603): in brightness disabled on critical battery low
D/CMBaseReceiver( 2862): com.cleanmaster.login.bindphone.mobileinfo.h 0ms
D/STATUSBAR-PhoneStatusBar( 660): mBrightnessEnablebySettings = true mBrightnessEnablebyBattery = true mBrightnessEnablebyDisableFlag = true mPmsBrightnessEnablebySettings = true
D/STATUSBAR-IconMerger( 660): checkOverflow(420), More:false, Req:false Child:2
D/BatteryMeterView( 660): ACTION_BATTERY_CHANGED : level:28 status:3 health:2
I/ServiceManager( 119): Waiting for service com.marvell.FileMonitorService...
E/Qmage (20649): onDecode : QmageDecodeFrame 20140421 Rev.6376
E/Qmage (20649): This is decoding
E/Qmage (20649): decoding stream->hasLength()
E/Qmage (20649): onDecode : QmageDecParseHeader call : QM
E/Qmage (20649): Qmage parsing for decoding ok
E/Qmage (20649): onDecode : QmageHeader.NinePatched 0
E/Qmage (20649): onDecode : QmageHeader Height() 16 Width() : 16 sampleSize : 1
E/Qmage (20649): Qmage Make Color table
E/Qmage (20649): onDecode : QmageDecodeFrame 20140421 Rev.6376
E/Qmage (20649): This is decoding
E/Qmage (20649): decoding stream->hasLength()
E/Qmage (20649): onDecode : QmageDecParseHeader call : QM
E/Qmage (20649): Qmage parsing for decoding ok
E/Qmage (20649): onDecode : QmageHeader.NinePatched 0
E/Qmage (20649): onDecode : QmageHeader Height() 16 Width() : 606 sampleSize : 1
E/Qmage (20649): Qmage Make Color table
E/Qmage (20649): SkBitmap::kIndex8_Config == config && 1 == sampleSize
E/Qmage (20649): SkBitmap::kIndex8_Config == config && 1 == sampleSize
E/Qmage (20649): onDecode : return true QM
E/Qmage (20649): onDecode : return true QM
E/Qmage (20649): onDecode : QmageDecodeFrame 20140421 Rev.6376
E/Qmage (20649): This is decoding
E/Qmage (20649): decoding stream->hasLength()
E/Qmage (20649): onDecode : QmageDecParseHeader call : QM
E/Qmage (20649): Qmage parsing for decoding ok
E/Qmage (20649): onDecode : QmageHeader.NinePatched 0
E/Qmage (20649): onDecode : QmageHeader Height() 16 Width() : 606 sampleSize : 1
E/Qmage (20649): Qmage Make Color table
E/Qmage (20649): SkBitmap::kIndex8_Config == config && 1 == sampleSize
E/Qmage (20649): onDecode : QmageDecodeFrame 20140421 Rev.6376
E/Qmage (20649): This is decoding
E/Qmage (20649): decoding stream->hasLength()
E/Qmage (20649): onDecode : QmageDecParseHeader call : QM
E/Qmage (20649): Qmage parsing for decoding ok
E/Qmage (20649): onDecode : QmageHeader.NinePatched 0
E/Qmage (20649): onDecode : QmageHeader Height() 16 Width() : 606 sampleSize : 1
E/Qmage (20649): onDecode : QmageDecodeFrame 20140421 Rev.6376
E/Qmage (20649): This is decoding
E/Qmage (20649): decoding stream->hasLength()
E/Qmage (20649): onDecode : QmageDecParseHeader call : QM
E/Qmage (20649): Qmage parsing for decoding ok
E/Qmage (20649): onDecode : QmageHeader.NinePatched 0
E/Qmage (20649): onDecode : QmageHeader Height() 16 Width() : 606 sampleSize : 1
E/Qmage (20649): Qmage Make Color table
E/Qmage (20649): SkBitmap::kIndex8_Config == config && 1 == sampleSize
E/Qmage (20649): onDecode : return true QM
E/Qmage (20649): onDecode : QmageDecodeFrame 20140421 Rev.6376
E/Qmage (20649): This is decoding
E/Qmage (20649): decoding stream->hasLength()
E/Qmage (20649): onDecode : QmageDecParseHeader call : QM
E/Qmage (20649): Qmage parsing for decoding ok
E/Qmage (20649): onDecode : QmageHeader.NinePatched 0
E/Qmage (20649): onDecode : QmageHeader Height() 16 Width() : 606 sampleSize : 1
E/Qmage (20649): Qmage Make Color table
E/Qmage (20649): SkBitmap::kIndex8_Config == config && 1 == sampleSize
E/Qmage (20649): onDecode : return true QM
E/Qmage (20649): onDecode : QmageDecodeFrame 20140421 Rev.6376
E/Qmage (20649): This is decoding
E/Qmage (20649): decoding stream->hasLength()
E/Qmage (20649): onDecode : QmageDecParseHeader call : QM
E/Qmage (20649): Qmage parsing for decoding ok
E/Qmage (20649): onDecode : QmageHeader.NinePatched 0
E/Qmage (20649): onDecode : QmageHeader Height() 16 Width() : 606 sampleSize : 1
E/Qmage (20649): Qmage Make Color table
E/Qmage (20649): SkBitmap::kIndex8_Config == config && 1 == sampleSize
E/Qmage (20649): onDecode : return true QM
E/Qmage (20649): onDecode : QmageDecodeFrame 20140421 Rev.6376
E/Qmage (20649): This is decoding
E/Qmage (20649): decoding stream->hasLength()
E/Qmage (20649): onDecode : QmageDecParseHeader call : QM
E/Qmage (20649): Qmage parsing for decoding ok
E/Qmage (20649): onDecode : QmageHeader.NinePatched 0
E/Qmage (20649): onDecode : QmageHeader Height() 16 Width() : 606 sampleSize : 1
E/Qmage (20649): Qmage Make Color table
E/Qmage (20649): SkBitmap::kIndex8_Config == config && 1 == sampleSize
E/Qmage (20649): onDecode : return true QM
E/Qmage (20649): onDecode : QmageDecodeFrame 20140421 Rev.6376
E/Qmage (20649): This is decoding
E/Qmage (20649): decoding stream->hasLength()
E/Qmage (20649): onDecode : QmageDecParseHeader call : QM
E/Qmage (20649): Qmage parsing for decoding ok
E/Qmage (20649): onDecode : QmageHeader.NinePatched 0
E/Qmage (20649): onDecode : QmageHeader Height() 16 Width() : 606 sampleSize : 1
E/Qmage (20649): Qmage Make Color table
E/Qmage (20649): SkBitmap::kIndex8_Config == config && 1 == sampleSize
E/Qmage (20649): onDecode : return true QM
E/Qmage (20649): onDecode : return true QM
E/Qmage (20649): Qmage Make Color table
E/Qmage (20649): SkBitmap::kIndex8_Config == config && 1 == sampleSize
E/Qmage (20649): onDecode : return true QM
I/TiApplication(20649): (main) [0,0] checkpoint, app created.
W/V8Object(20613): (KrollRuntimeThread) [570,2547] Runtime disposed, cannot set property 'userAgent'
D/dalvikvm(20613): Trying to load lib /data/app-lib/com.shopper.TrendTrunk-6/libti.map.so 0x41dc5bf0
D/dalvikvm(20613): Added shared lib /data/app-lib/com.shopper.TrendTrunk-6/libti.map.so 0x41dc5bf0
D/dalvikvm(20613): No JNI_OnLoad found in /data/app-lib/com.shopper.TrendTrunk-6/libti.map.so 0x41dc5bf0, skipping init
D/dalvikvm(20613): Trying to load lib /data/app-lib/com.shopper.TrendTrunk-6/libti.imagefactory.so 0x41dc5bf0
W/linker (20613): libti.imagefactory.so has text relocations. This is wasting memory and is a security risk. Please fix.
D/dalvikvm(20613): Added shared lib /data/app-lib/com.shopper.TrendTrunk-6/libti.imagefactory.so 0x41dc5bf0
D/dalvikvm(20613): No JNI_OnLoad found in /data/app-lib/com.shopper.TrendTrunk-6/libti.imagefactory.so 0x41dc5bf0, skipping init
D/dalvikvm(20613): Trying to load lib /data/app-lib/com.shopper.TrendTrunk-6/libti.cloudpush.so 0x41dc5bf0
W/linker (20613): libti.cloudpush.so has text relocations. This is wasting memory and is a security risk. Please fix.
D/dalvikvm(20613): Added shared lib /data/app-lib/com.shopper.TrendTrunk-6/libti.cloudpush.so 0x41dc5bf0
D/dalvikvm(20613): No JNI_OnLoad found in /data/app-lib/com.shopper.TrendTrunk-6/libti.cloudpush.so 0x41dc5bf0, skipping init
D/dalvikvm(20613): Trying to load lib /data/app-lib/com.shopper.TrendTrunk-6/libco.il.webe.garbagecollector.so 0x41dc5bf0
W/linker (20613): libco.il.webe.garbagecollector.so has text relocations. This is wasting memory and is a security risk. Please fix.
D/dalvikvm(20613): Added shared lib /data/app-lib/com.shopper.TrendTrunk-6/libco.il.webe.garbagecollector.so 0x41dc5bf0
D/dalvikvm(20613): No JNI_OnLoad found in /data/app-lib/com.shopper.TrendTrunk-6/libco.il.webe.garbagecollector.so 0x41dc5bf0, skipping init
D/dalvikvm(20613): Trying to load lib /data/app-lib/com.shopper.TrendTrunk-6/libfacebook.so 0x41dc5bf0
D/dalvikvm(20613): Added shared lib /data/app-lib/com.shopper.TrendTrunk-6/libfacebook.so 0x41dc5bf0
D/dalvikvm(20613): No JNI_OnLoad found in /data/app-lib/com.shopper.TrendTrunk-6/libfacebook.so 0x41dc5bf0, skipping init
D/STATUSBAR-NetworkController( 660): refreshSignalCluster - setNWBoosterIndicators(false)
D/STATUSBAR-NetworkController( 660): refreshSignalCluster: data=-1 bt=false
D/STATUSBAR-IconMerger( 660): checkOverflow(420), More:false, Req:false Child:2
D/dalvikvm(20649): GC_FOR_ALLOC freed 1021K, 39% free 4458K/7304K, paused 29ms, total 29ms
E/Watchdog( 560): !@Sync 393
I/TiApplication(20649): (main) [538,538] Titanium 3.4.0 (2014/09/25 16:42 b54c467)
W/ActivityManager( 560): Permission Denial: getCurrentUser() from pid=20649, uid=10017 requires android.permission.INTERACT_ACROSS_USERS
D/dalvikvm(20649): Trying to load lib /data/app-lib/com.mrtechnologybd.smartmeter-1/libstlport_shared.so 0x41dc7238
I/TiApplication(20649): (main) [52,590] Titanium Javascript runtime: v8
W/linker (20649): libstlport_shared.so has text relocations. This is wasting memory and is a security risk. Please fix.
D/dalvikvm(20649): Added shared lib /data/app-lib/com.mrtechnologybd.smartmeter-1/libstlport_shared.so 0x41dc7238
D/dalvikvm(20649): No JNI_OnLoad found in /data/app-lib/com.mrtechnologybd.smartmeter-1/libstlport_shared.so 0x41dc7238, skipping init
D/dalvikvm(20649): Trying to load lib /data/app-lib/com.mrtechnologybd.smartmeter-1/libkroll-v8.so 0x41dc7238
W/linker (20649): libkroll-v8.so has text relocations. This is wasting memory and is a security risk. Please fix.
I/ServiceManager( 119): Waiting for service com.marvell.FileMonitorService...
D/dalvikvm(20649): Added shared lib /data/app-lib/com.mrtechnologybd.smartmeter-1/libkroll-v8.so 0x41dc7238
I/TiApplication(20669): (main) [0,0] checkpoint, app created.
I/TiApplication(20669): (main) [278,278] Titanium 3.5.0 (2015/01/12 15:33 0014f83)
W/ActivityManager( 560): Permission Denial: getCurrentUser() from pid=20669, uid=10050 requires android.permission.INTERACT_ACROSS_USERS
W/V8Object(20649): (KrollRuntimeThread) [926,1516] Runtime disposed, cannot set property 'userAgent'
D/dalvikvm(20649): Trying to load lib /data/app-lib/com.mrtechnologybd.smartmeter-1/libti.cloudpush.so 0x41dc7238
D/dalvikvm(20669): Trying to load lib /data/app-lib/com.bd.Newpaper-8/libstlport_shared.so 0x41dce160
W/linker (20669): libstlport_shared.so has text relocations. This is wasting memory and is a security risk. Please fix.
D/dalvikvm(20669): Added shared lib /data/app-lib/com.bd.Newpaper-8/libstlport_shared.so 0x41dce160
D/dalvikvm(20669): No JNI_OnLoad found in /data/app-lib/com.bd.Newpaper-8/libstlport_shared.so 0x41dce160, skipping init
D/dalvikvm(20669): Trying to load lib /data/app-lib/com.bd.Newpaper-8/libkroll-v8.so 0x41dce160
W/linker (20669): libkroll-v8.so has text relocations. This is wasting memory and is a security risk. Please fix.
W/linker (20649): libti.cloudpush.so has text relocations. This is wasting memory and is a security risk. Please fix.
D/dalvikvm(20649): Added shared lib /data/app-lib/com.mrtechnologybd.smartmeter-1/libti.cloudpush.so 0x41dc7238
D/dalvikvm(20649): No JNI_OnLoad found in /data/app-lib/com.mrtechnologybd.smartmeter-1/libti.cloudpush.so 0x41dc7238, skipping init
D/dalvikvm(20669): Added shared lib /data/app-lib/com.bd.Newpaper-8/libkroll-v8.so 0x41dce160
D/dalvikvm(20669): Trying to load lib /data/app-lib/com.bd.Newpaper-8/libtiverify.so 0x41dce160
W/linker (20669): libtiverify.so has text relocations. This is wasting memory and is a security risk. Please fix.
D/dalvikvm(20669): Added shared lib /data/app-lib/com.bd.Newpaper-8/libtiverify.so 0x41dce160
I/ServiceManager( 119): Waiting for service com.marvell.FileMonitorService...
I/TiApplication(20669): (main) [347,625] Titanium Javascript runtime: v8
D/CrittercismAndroidModule(20669): (main) [81,706] App context is defined.
I/ActivityManager( 560): Killing 20198:com.sec.android.widgetapp.digitalclock/u0a91 (adj 15): empty #28
I/ActivityManager( 560): Killing 19854:com.facebook.katana/u0a128 (adj 15): empty #29
I/ActivityManager( 560): Killing 20061:com.sec.android.provider.badge/u0a6 (adj 15): empty #30
D/dalvikvm(20530): GC_CONCURRENT freed 1371K, 43% free 4325K/7520K, paused 1ms+5ms, total 103ms
W/V8Object(20669): (KrollRuntimeThread) [375,1081] Runtime disposed, cannot set property 'userAgent'
D/dalvikvm(20669): GC_CONCURRENT freed 1460K, 44% free 4212K/7500K, paused 1ms+1ms, total 27ms
I/ALERT (20475): (KrollRuntimeThread) [9142,9142] Subscribed
D/HTTPClient(20475): The persistent handle is disposed.
D/dalvikvm(20669): Trying to load lib /data/app-lib/com.bd.Newpaper-8/libti.cloudpush.so 0x41dce160
I/TiApplication(20691): (main) [0,0] checkpoint, app created.
W/linker (20669): libti.cloudpush.so has text relocations. This is wasting memory and is a security risk. Please fix.
D/dalvikvm(20669): Added shared lib /data/app-lib/com.bd.Newpaper-8/libti.cloudpush.so 0x41dce160
D/dalvikvm(20669): No JNI_OnLoad found in /data/app-lib/com.bd.Newpaper-8/libti.cloudpush.so 0x41dce160, skipping init
D/dalvikvm(20669): Trying to load lib /data/app-lib/com.bd.Newpaper-8/libcom.appcelerator.apm.so 0x41dce160
W/linker (20669): libcom.appcelerator.apm.so has text relocations. This is wasting memory and is a security risk. Please fix.
D/dalvikvm(20669): Added shared lib /data/app-lib/com.bd.Newpaper-8/libcom.appcelerator.apm.so 0x41dce160
D/dalvikvm(20669): No JNI_OnLoad found in /data/app-lib/com.bd.Newpaper-8/libcom.appcelerator.apm.so 0x41dce160, skipping init
E/File (20475): fail readDirectory() errno=2
I/AppCompatDelegate(20475): The Activity's LayoutInflater already has a Factory installed so we can not install AppCompat's
E/Qmage (20475): onDecode : QmageDecodeFrame 20140421 Rev.6376
E/Qmage (20475): This is decoding
E/Qmage (20475): decoding stream->hasLength()
E/Qmage (20475): onDecode : QmageDecParseHeader call : QM
E/Qmage (20475): Qmage parsing for decoding ok
E/Qmage (20475): onDecode : QmageHeader.NinePatched 0
E/Qmage (20475): onDecode : QmageHeader Height() 12 Width() : 522 sampleSize : 1
E/Qmage (20475): Qmage Make Color table
E/Qmage (20475): SkBitmap::kIndex8_Config == config && 1 == sampleSize
E/Qmage (20475): onDecode : return true QM
E/Qmage (20475): onDecode : QmageDecodeFrame 20140421 Rev.6376
E/Qmage (20475): This is decoding
E/Qmage (20475): decoding stream->hasLength()
E/Qmage (20475): onDecode : QmageDecParseHeader call : QM
E/Qmage (20475): Qmage parsing for decoding ok
E/Qmage (20475): onDecode : QmageHeader.NinePatched 0
E/Qmage (20475): onDecode : QmageHeader Height() 135 Width() : 522 sampleSize : 1
E/Qmage (20475): normal image decoding
E/Qmage (20475): onDecode : QmageDecodeFrame call : QM
E/Qmage (20475): onDecode : return true QM
I/SpenGestureManager( 560): setFocusWindow0
D/PointerIcon( 560): setMouseIconStyle1 pointerType: 1001iconType:101 flag:0
D/PointerIcon( 560): setMouseCustomIcon IconType is same.101
I/SurfaceFlinger( 116): id=166 createSurf (1x1),1 flag=4, UiActivity
D/KeyguardUpdateMonitor( 660): sendKeyguardVisibilityChanged(true)
I/KeyguardUpdateMonitor( 660): visibility is same
D/KeyguardUpdateMonitor( 660): sendKeyguardVisibilityChanged(true)
I/KeyguardUpdateMonitor( 660): visibility is same
