D/BatteryService( 560): level:28, scale:100, status:3, health:2, present:true, voltage: 3782, temperature: 336, technology: Li-ion, AC powered:false, USB powered:true, Wireless powered:false, icon:17303538, invalid charger:0, online:4, current avg:24, charge type:0, power sharing:false
D/BatteryService( 560): Sending ACTION_BATTERY_CHANGED.
D/STATUSBAR-PhoneStatusBar( 660): mBrightnessEnablebySettings = true mBrightnessEnablebyBattery = true mBrightnessEnablebyDisableFlag = true mPmsBrightnessEnablebySettings = true
D/STATUSBAR-IconMerger( 660): checkOverflow(420), More:false, Req:false Child:2
D/BatteryMeterView( 660): ACTION_BATTERY_CHANGED : level:28 status:3 health:2
D/BatteryMeterView( 660): onDraw batteryColor : -1
D/STATUSBAR-NetworkController( 660): refreshSignalCluster - setNWBoosterIndicators(false)
D/STATUSBAR-NetworkController( 660): refreshSignalCluster: data=-1 bt=false
D/STATUSBAR-IconMerger( 660): checkOverflow(420), More:false, Req:false Child:2
D/SSRMv2:SIOP( 560): SIOP:: AP = -100, Delta = 0
D/STATUSBAR-NetworkController( 660): refreshSignalCluster - setNWBoosterIndicators(false)
D/STATUSBAR-NetworkController( 660): refreshSignalCluster: data=-1 bt=false
D/STATUSBAR-IconMerger( 660): checkOverflow(420), More:false, Req:false Child:2
D/STATUSBAR-NetworkController( 660): refreshSignalCluster - setNWBoosterIndicators(false)
D/STATUSBAR-NetworkController( 660): refreshSignalCluster: data=-1 bt=false
D/STATUSBAR-IconMerger( 660): checkOverflow(420), More:false, Req:false Child:2
V/AlarmManager( 560): waitForAlarm result :4
V/AlarmManager( 560): trigger ELAPSED_REALTIME_WAKEUP or RTC_WAKEUP
V/AlarmManager( 560): trigger ELAPSED_REALTIME_WAKEUP or RTC_WAKEUP
V/AlarmManager( 560): waitForAlarm result :8
D/KeyguardClockWidgetService( 987): onReceive action=android.intent.action.TIME_TICK
V/AlarmManager( 560): ClockReceiver onReceive() ACTION_TIME_TICK
D/STATUSBAR-IconMerger( 660): checkOverflow(420), More:false, Req:false Child:2
D/STATUSBAR-NetworkController( 660): refreshSignalCluster - setNWBoosterIndicators(false)
D/STATUSBAR-NetworkController( 660): refreshSignalCluster: data=-1 bt=false
D/STATUSBAR-IconMerger( 660): checkOverflow(420), More:false, Req:false Child:2
D/ConnectivityService( 560): handleInetConditionHoldEnd: net=1, condition=100, published condition=100
D/STATUSBAR-NetworkController( 660): onReceive() - CONNECTIVITY_ACTION, INET_CONDITION_ACTION
D/STATUSBAR-NetworkController( 660): getUpdateDataNetType() - mDataNetType:0
D/STATUSBAR-NetworkController( 660): updateDataNetType()
D/STATUSBAR-NetworkController( 660): NoService, mRoamingIconId = 0
D/STATUSBAR-NetworkController( 660): refreshSignalCluster - setNWBoosterIndicators(false)
D/STATUSBAR-NetworkController( 660): refreshSignalCluster: data=-1 bt=false
D/STATUSBAR-IconMerger( 660): checkOverflow(420), More:false, Req:false Child:2
D/STATUSBAR-NetworkController( 660): refreshSignalCluster - setNWBoosterIndicators(false)
D/STATUSBAR-NetworkController( 660): refreshSignalCluster: data=-1 bt=false
D/STATUSBAR-IconMerger( 660): checkOverflow(420), More:false, Req:false Child:2
D/STATUSBAR-NetworkController( 660): refreshSignalCluster - setNWBoosterIndicators(false)
D/STATUSBAR-NetworkController( 660): refreshSignalCluster: data=-1 bt=false
D/STATUSBAR-IconMerger( 660): checkOverflow(420), More:false, Req:false Child:2
D/BatteryService( 560): level:28, scale:100, status:3, health:2, present:true, voltage: 3788, temperature: 343, technology: Li-ion, AC powered:false, USB powered:true, Wireless powered:false, icon:17303538, invalid charger:0, online:4, current avg:45, charge type:0, power sharing:false
D/BatteryService( 560): Sending ACTION_BATTERY_CHANGED.
D/STATUSBAR-PhoneStatusBar( 660): mBrightnessEnablebySettings = true mBrightnessEnablebyBattery = true mBrightnessEnablebyDisableFlag = true mPmsBrightnessEnablebySettings = true
D/STATUSBAR-IconMerger( 660): checkOverflow(420), More:false, Req:false Child:2
D/BatteryMeterView( 660): ACTION_BATTERY_CHANGED : level:28 status:3 health:2
D/SSRMv2:SIOP( 560): SIOP:: AP = -100, Delta = 0
V/AlarmManager( 560): waitForAlarm result :4
V/AlarmManager( 560): trigger ELAPSED_REALTIME_WAKEUP or RTC_WAKEUP
D/STATUSBAR-NetworkController( 660): refreshSignalCluster - setNWBoosterIndicators(false)
D/STATUSBAR-NetworkController( 660): refreshSignalCluster: data=-1 bt=false
D/STATUSBAR-IconMerger( 660): checkOverflow(420), More:false, Req:false Child:2
D/STATUSBAR-NetworkController( 660): refreshSignalCluster - setNWBoosterIndicators(false)
D/STATUSBAR-NetworkController( 660): refreshSignalCluster: data=-1 bt=false
D/STATUSBAR-IconMerger( 660): checkOverflow(420), More:false, Req:false Child:2
D/BatteryService( 560): level:28, scale:100, status:3, health:2, present:true, voltage: 3788, temperature: 336, technology: Li-ion, AC powered:false, USB powered:true, Wireless powered:false, icon:17303538, invalid charger:0, online:4, current avg:60, charge type:0, power sharing:false
D/BatteryService( 560): Sending ACTION_BATTERY_CHANGED.
D/STATUSBAR-PhoneStatusBar( 660): mBrightnessEnablebySettings = true mBrightnessEnablebyBattery = true mBrightnessEnablebyDisableFlag = true mPmsBrightnessEnablebySettings = true
D/BatteryMeterView( 660): ACTION_BATTERY_CHANGED : level:28 status:3 health:2
D/STATUSBAR-IconMerger( 660): checkOverflow(420), More:false, Req:false Child:2
D/STATUSBAR-NetworkController( 660): refreshSignalCluster - setNWBoosterIndicators(false)
D/STATUSBAR-NetworkController( 660): refreshSignalCluster: data=-1 bt=false
D/STATUSBAR-IconMerger( 660): checkOverflow(420), More:false, Req:false Child:2
E/Watchdog( 560): !@Sync 385
D/STATUSBAR-NetworkController( 660): refreshSignalCluster - setNWBoosterIndicators(false)
D/STATUSBAR-NetworkController( 660): refreshSignalCluster: data=-1 bt=false
D/STATUSBAR-IconMerger( 660): checkOverflow(420), More:false, Req:false Child:2
D/STATUSBAR-NetworkController( 660): refreshSignalCluster - setNWBoosterIndicators(false)
D/STATUSBAR-NetworkController( 660): refreshSignalCluster: data=-1 bt=false
D/STATUSBAR-IconMerger( 660): checkOverflow(420), More:false, Req:false Child:2
D/SSRMv2:SIOP( 560): SIOP:: AP = -100, Delta = 0
D/STATUSBAR-NetworkController( 660): refreshSignalCluster - setNWBoosterIndicators(false)
D/STATUSBAR-NetworkController( 660): refreshSignalCluster: data=-1 bt=false
D/STATUSBAR-IconMerger( 660): checkOverflow(420), More:false, Req:false Child:2
D/BatteryService( 560): level:28, scale:100, status:3, health:2, present:true, voltage: 3788, temperature: 338, technology: Li-ion, AC powered:false, USB powered:true, Wireless powered:false, icon:17303538, invalid charger:0, online:4, current avg:73, charge type:0, power sharing:false
D/BatteryService( 560): Sending ACTION_BATTERY_CHANGED. --------- beginning of /dev/log/main
D/KeyguardUpdateMonitor( 660): received broadcast android.intent.action.BATTERY_CHANGED
D/KeyguardUpdateMonitor( 660): handleBatteryUpdate
D/CMASMessage( 660): [update] mShowingCMASText is false
D/CMASMessage( 660): CMASIcon was GONE :
D/STATUSBAR-PhoneStatusBar( 660): mBrightnessEnablebySettings = true mBrightnessEnablebyBattery = true mBrightnessEnablebyDisableFlag = true mPmsBrightnessEnablebySettings = true
D/STATUSBAR-IconMerger( 660): checkOverflow(420), More:false, Req:false Child:2
D/BatteryMeterView( 660): ACTION_BATTERY_CHANGED : level:28 status:3 health:2
D/CMBaseReceiver( 2862): com.cleanmaster.login.bindphone.mobileinfo.h 0ms
D/Brightness(13603): mIntentReceiver.onReceive: action=android.intent.action.BATTERY_CHANGED, intent=Intent { act=android.intent.action.BATTERY_CHANGED flg=0x60000010 (has extras) }
D/MainActivityBaseUi.java(13603): in brightness disabled on critical battery low
I/ServiceManager( 119): Waiting for service com.marvell.FileMonitorService...
I/ServiceManager( 119): Waiting for service com.marvell.FileMonitorService...
W/ ( 119): FileMonitorService not published, waiting...
I/ServiceManager( 119): Waiting for service com.marvell.FileMonitorService...
I/ServiceManager( 119): Waiting for service com.marvell.FileMonitorService...
D/SSRMv2:SIOP( 560): SIOP:: AP = -100, Delta = 0
I/ServiceManager( 119): Waiting for service com.marvell.FileMonitorService...
I/ServiceManager( 119): Waiting for service com.marvell.FileMonitorService...
I/ServiceManager( 119): Waiting for service com.marvell.FileMonitorService...
W/ ( 119): FileMonitorService not published, waiting...
I/ServiceManager( 119): Waiting for service com.marvell.FileMonitorService...
I/ServiceManager( 119): Waiting for service com.marvell.FileMonitorService...
D/BatteryService( 560): level:28, scale:100, status:3, health:2, present:true, voltage: 3788, temperature: 336, technology: Li-ion, AC powered:false, USB powered:true, Wireless powered:false, icon:17303538, invalid charger:0, online:4, current avg:83, charge type:0, power sharing:false
D/BatteryService( 560): Sending ACTION_BATTERY_CHANGED.
D/KeyguardUpdateMonitor( 660): received broadcast android.intent.action.BATTERY_CHANGED
D/KeyguardUpdateMonitor( 660): handleBatteryUpdate
D/CMASMessage( 660): [update] mShowingCMASText is false
D/CMASMessage( 660): CMASIcon was GONE :
D/STATUSBAR-PhoneStatusBar( 660): mBrightnessEnablebySettings = true mBrightnessEnablebyBattery = true mBrightnessEnablebyDisableFlag = true mPmsBrightnessEnablebySettings = true
D/STATUSBAR-IconMerger( 660): checkOverflow(420), More:false, Req:false Child:2
D/BatteryMeterView( 660): ACTION_BATTERY_CHANGED : level:28 status:3 health:2
D/CMBaseReceiver( 2862): com.cleanmaster.login.bindphone.mobileinfo.h 0ms
D/Brightness(13603): mIntentReceiver.onReceive: action=android.intent.action.BATTERY_CHANGED, intent=Intent { act=android.intent.action.BATTERY_CHANGED flg=0x60000010 (has extras) }
D/MainActivityBaseUi.java(13603): in brightness disabled on critical battery low
I/ServiceManager( 119): Waiting for service com.marvell.FileMonitorService...
I/ServiceManager( 119): Waiting for service com.marvell.FileMonitorService...
I/ServiceManager( 119): Waiting for service com.marvell.FileMonitorService...
W/ ( 119): FileMonitorService not published, waiting...
I/ServiceManager( 119): Waiting for service com.marvell.FileMonitorService...
D/SSRMv2:SIOP( 560): SIOP:: AP = -100, Delta = 0
I/ServiceManager( 119): Waiting for service com.marvell.FileMonitorService...
I/ServiceManager( 119): Waiting for service com.marvell.FileMonitorService...
I/ServiceManager( 119): Waiting for service com.marvell.FileMonitorService...
I/ServiceManager( 119): Waiting for service com.marvell.FileMonitorService...
D/STATUSBAR-NetworkController( 660): refreshSignalCluster - setNWBoosterIndicators(false)
D/STATUSBAR-NetworkController( 660): refreshSignalCluster: data=-1 bt=false
D/STATUSBAR-IconMerger( 660): checkOverflow(420), More:false, Req:false Child:2
W/ ( 119): FileMonitorService not published, waiting...
D/STATUSBAR-NetworkController( 660): refreshSignalCluster - setNWBoosterIndicators(false)
D/STATUSBAR-NetworkController( 660): refreshSignalCluster: data=-1 bt=false
D/STATUSBAR-IconMerger( 660): checkOverflow(420), More:false, Req:false Child:2
I/ServiceManager( 119): Waiting for service com.marvell.FileMonitorService...
D/BatteryService( 560): level:28, scale:100, status:3, health:2, present:true, voltage: 3788, temperature: 335, technology: Li-ion, AC powered:false, USB powered:true, Wireless powered:false, icon:17303538, invalid charger:0, online:4, current avg:89, charge type:0, power sharing:false
D/BatteryService( 560): Sending ACTION_BATTERY_CHANGED.
D/KeyguardUpdateMonitor( 660): received broadcast android.intent.action.BATTERY_CHANGED
D/KeyguardUpdateMonitor( 660): handleBatteryUpdate
D/CMASMessage( 660): [update] mShowingCMASText is false
D/CMASMessage( 660): CMASIcon was GONE :
D/STATUSBAR-PhoneStatusBar( 660): mBrightnessEnablebySettings = true mBrightnessEnablebyBattery = true mBrightnessEnablebyDisableFlag = true mPmsBrightnessEnablebySettings = true
D/STATUSBAR-IconMerger( 660): checkOverflow(420), More:false, Req:false Child:2
D/CMBaseReceiver( 2862): com.cleanmaster.login.bindphone.mobileinfo.h 0ms
D/BatteryMeterView( 660): ACTION_BATTERY_CHANGED : level:28 status:3 health:2
D/Brightness(13603): mIntentReceiver.onReceive: action=android.intent.action.BATTERY_CHANGED, intent=Intent { act=android.intent.action.BATTERY_CHANGED flg=0x60000010 (has extras) }
D/MainActivityBaseUi.java(13603): in brightness disabled on critical battery low
I/ServiceManager( 119): Waiting for service com.marvell.FileMonitorService...
E/Watchdog( 560): !@Sync 386
I/ServiceManager( 119): Waiting for service com.marvell.FileMonitorService...
I/ServiceManager( 119): Waiting for service com.marvell.FileMonitorService...
I/ServiceManager( 119): Waiting for service com.marvell.FileMonitorService...
D/SSRMv2:SIOP( 560): SIOP:: AP = -100, Delta = 0
W/ ( 119): FileMonitorService not published, waiting...
I/ServiceManager( 119): Waiting for service com.marvell.FileMonitorService...
D/dalvikvm( 2862): GC_CONCURRENT freed 2892K, 57% free 5951K/13812K, paused 11ms+7ms, total 109ms
I/ServiceManager( 119): Waiting for service com.marvell.FileMonitorService...
I/ServiceManager( 119): Waiting for service com.marvell.FileMonitorService...
I/ServiceManager( 119): Waiting for service com.marvell.FileMonitorService...
I/ServiceManager( 119): Waiting for service com.marvell.FileMonitorService...
W/ ( 119): FileMonitorService not published, waiting...
D/BatteryService( 560): level:28, scale:100, status:3, health:2, present:true, voltage: 3788, temperature: 332, technology: Li-ion, AC powered:false, USB powered:true, Wireless powered:false, icon:17303538, invalid charger:0, online:4, current avg:95, charge type:0, power sharing:false
D/BatteryService( 560): Sending ACTION_BATTERY_CHANGED.
D/KeyguardUpdateMonitor( 660): received broadcast android.intent.action.BATTERY_CHANGED
D/KeyguardUpdateMonitor( 660): handleBatteryUpdate
D/CMASMessage( 660): [update] mShowingCMASText is false
D/CMASMessage( 660): CMASIcon was GONE :
D/STATUSBAR-PhoneStatusBar( 660): mBrightnessEnablebySettings = true mBrightnessEnablebyBattery = true mBrightnessEnablebyDisableFlag = true mPmsBrightnessEnablebySettings = true
D/STATUSBAR-IconMerger( 660): checkOverflow(420), More:false, Req:false Child:2
D/BatteryMeterView( 660): ACTION_BATTERY_CHANGED : level:28 status:3 health:2
D/CMBaseReceiver( 2862): com.cleanmaster.login.bindphone.mobileinfo.h 0ms
D/Brightness(13603): mIntentReceiver.onReceive: action=android.intent.action.BATTERY_CHANGED, intent=Intent { act=android.intent.action.BATTERY_CHANGED flg=0x60000010 (has extras) }
D/MainActivityBaseUi.java(13603): in brightness disabled on critical battery low
I/ServiceManager( 119): Waiting for service com.marvell.FileMonitorService...
I/ServiceManager( 119): Waiting for service com.marvell.FileMonitorService...
I/ServiceManager( 119): Waiting for service com.marvell.FileMonitorService...
I/ServiceManager( 119): Waiting for service com.marvell.FileMonitorService...
D/SSRMv2:SIOP( 560): SIOP:: AP = -100, Delta = 0
I/ServiceManager( 119): Waiting for service com.marvell.FileMonitorService...
W/ ( 119): FileMonitorService not published, waiting...
I/ServiceManager( 119): Waiting for service com.marvell.FileMonitorService...
V/AlarmManager( 560): waitForAlarm result :8
D/KeyguardClockWidgetService( 987): onReceive action=android.intent.action.TIME_TICK
V/AlarmManager( 560): ClockReceiver onReceive() ACTION_TIME_TICK
D/KeyguardUpdateMonitor( 660): received broadcast android.intent.action.TIME_TICK
D/KeyguardUpdateMonitor( 660): handleTimeUpdate
D/STATUSBAR-IconMerger( 660): checkOverflow(420), More:false, Req:false Child:2
D/accuweather( 1310): [MSC_Accu_Daemon]>>> U:983 [0:0] cDayONight() ::: sunrise is null
D/accuweather( 1310): [MSC_Accu_Daemon]>>> U:999 [0:0] cDayONight() ::: sunset is null
D/accuweather( 1310): [MSC_Accu_Daemon]>>> WCS:95 [0:0] checkDay:true, UtilgetIsDay():false
D/accuweather( 1310): [MSC_Accu_Daemon]>>> WCS:97 [0:0] action:androidintentactionTIME_TICK
D/accuweather( 1310): [MSC_Accu_Daemon]>>> AWDS:42 [0:0] Act
D/accuweather( 1310): [MSC_Accu_Daemon]>>> AWDS:46 [0:0] Act : widgetappapaccuweatherdaemonactionCHANGE_ICON_OF_DAEMON, run:true
D/comsamsunglog( 1310): [MSC_Accu_Daemon]>>> ====================================================================================================================
D/comsamsunglog( 1310): [MSC_Accu_Daemon]>>> daemonappapaccuweather [Version : 14041601 ] [ 1 ]
D/comsamsunglog( 1310): [MSC_Accu_Daemon]>>> Header set to : ===> "accuweather" <===
D/comsamsunglog( 1310): [MSC_Accu_Daemon]>>> ====================================================================================================================
D/accuweather( 1310): [MSC_Accu_Daemon]>>> U:803 [0:0] IdlWdtchk !!!!
D/accuweather( 1310): [MSC_Accu_Daemon]>>> U:795 [0:0] ACW not found!!
D/accuweather( 1310): [MSC_Accu_Daemon]>>> U:795 [0:0] ACW not found!!
D/accuweather( 1310): [MSC_Accu_Daemon]>>> U:811 [0:0] HERO p5 pck Found!!!!
D/accuweather( 1310): [MSC_Accu_Daemon]>>> AWDS:72 [0:0] SerStus:0,ASerStus:0,TmpS:0,AtRfr:3, UseCL0
D/accuweather( 1310): [MSC_Accu_Daemon]>>> AWDS:426 [0:0] ====ACTION_SEC_CHANGE_ICON_OF_DAEMON===
D/accuweather( 1310): [MSC_Accu_Daemon]>>> U:983 [0:0] cDayONight() ::: sunrise is null
D/accuweather( 1310): [MSC_Accu_Daemon]>>> U:999 [0:0] cDayONight() ::: sunset is null
D/accuweather( 1310): [MSC_Accu_Daemon]>>> AWDS:429 [0:0] checkDay:true, UtilgetIsDay():false
D/accuweather( 1310): [MSC_Accu_Daemon]>>> AWDS:467 [0:0] data is not
D/widget ( 838): [MSC_HERO_Accu_Tab]>>> WC:497 [0:0] mSHandler syncDM
D/widget ( 838): [MSC_HERO_Accu_Tab]>>> SM:1213 [0:0] bTCC WCV = 200
D/widget ( 838): [MSC_HERO_Accu_Tab]>>> WC:1697 [0:0] drw 2nd Tm dt
E/Qmage ( 838): onDecode : QmageDecodeFrame 20140421 Rev.6376
E/Qmage ( 838): This is decoding
E/Qmage ( 838): decoding stream->hasLength()
E/Qmage ( 838): onDecode : QmageDecParseHeader call : QM
E/Qmage ( 838): Qmage parsing for decoding ok
E/Qmage ( 838): onDecode : QmageHeader.NinePatched 0
E/Qmage ( 838): onDecode : QmageHeader Height() 99 Width() : 77 sampleSize : 1
E/Qmage ( 838): normal image decoding
E/Qmage ( 838): onDecode : QmageDecodeFrame call : QM
E/Qmage ( 838): onDecode : return true QM
I/ServiceManager( 119): Waiting for service com.marvell.FileMonitorService...
I/ServiceManager( 119): Waiting for service com.marvell.FileMonitorService...
I/ServiceManager( 119): Waiting for service com.marvell.FileMonitorService...
I/ServiceManager( 119): Waiting for service com.marvell.FileMonitorService...
D/BatteryService( 560): level:28, scale:100, status:3, health:2, present:true, voltage: 3788, temperature: 336, technology: Li-ion, AC powered:false, USB powered:true, Wireless powered:false, icon:17303538, invalid charger:0, online:4, current avg:97, charge type:0, power sharing:false
D/BatteryService( 560): Sending ACTION_BATTERY_CHANGED.
D/KeyguardUpdateMonitor( 660): received broadcast android.intent.action.BATTERY_CHANGED
D/KeyguardUpdateMonitor( 660): handleBatteryUpdate
D/CMASMessage( 660): [update] mShowingCMASText is false
D/CMASMessage( 660): CMASIcon was GONE :
D/STATUSBAR-PhoneStatusBar( 660): mBrightnessEnablebySettings = true mBrightnessEnablebyBattery = true mBrightnessEnablebyDisableFlag = true mPmsBrightnessEnablebySettings = true
D/STATUSBAR-IconMerger( 660): checkOverflow(420), More:false, Req:false Child:2
D/BatteryMeterView( 660): ACTION_BATTERY_CHANGED : level:28 status:3 health:2
D/CMBaseReceiver( 2862): com.cleanmaster.login.bindphone.mobileinfo.h 0ms
D/Brightness(13603): mIntentReceiver.onReceive: action=android.intent.action.BATTERY_CHANGED, intent=Intent { act=android.intent.action.BATTERY_CHANGED flg=0x60000010 (has extras) }
D/MainActivityBaseUi.java(13603): in brightness disabled on critical battery low
W/ ( 119): FileMonitorService not published, waiting...
I/ServiceManager( 119): Waiting for service com.marvell.FileMonitorService...
I/ServiceManager( 119): Waiting for service com.marvell.FileMonitorService...
I/ServiceManager( 119): Waiting for service com.marvell.FileMonitorService...
D/SSRMv2:SIOP( 560): SIOP:: AP = -100, Delta = 0
D/STATUSBAR-NetworkController( 660): refreshSignalCluster - setNWBoosterIndicators(false)
D/STATUSBAR-NetworkController( 660): refreshSignalCluster: data=-1 bt=false
D/STATUSBAR-IconMerger( 660): checkOverflow(420), More:false, Req:false Child:2
I/ServiceManager( 119): Waiting for service com.marvell.FileMonitorService...
D/STATUSBAR-NetworkController( 660): refreshSignalCluster - setNWBoosterIndicators(false)
D/STATUSBAR-NetworkController( 660): refreshSignalCluster: data=-1 bt=false
D/STATUSBAR-IconMerger( 660): checkOverflow(420), More:false, Req:false Child:2
I/ServiceManager( 119): Waiting for service com.marvell.FileMonitorService...
W/ ( 119): FileMonitorService not published, waiting...
I/ServiceManager( 119): Waiting for service com.marvell.FileMonitorService...
I/ServiceManager( 119): Waiting for service com.marvell.FileMonitorService...
D/STATUSBAR-NetworkController( 660): refreshSignalCluster - setNWBoosterIndicators(false)
D/STATUSBAR-NetworkController( 660): refreshSignalCluster: data=-1 bt=false
D/STATUSBAR-IconMerger( 660): checkOverflow(420), More:false, Req:false Child:2
I/ServiceManager( 119): Waiting for service com.marvell.FileMonitorService...
D/STATUSBAR-NetworkController( 660): refreshSignalCluster - setNWBoosterIndicators(false)
D/STATUSBAR-NetworkController( 660): refreshSignalCluster: data=-1 bt=false
D/STATUSBAR-IconMerger( 660): checkOverflow(420), More:false, Req:false Child:2
I/ServiceManager( 119): Waiting for service com.marvell.FileMonitorService...
D/BatteryService( 560): level:28, scale:100, status:3, health:2, present:true, voltage: 3788, temperature: 338, technology: Li-ion, AC powered:false, USB powered:true, Wireless powered:false, icon:17303538, invalid charger:0, online:4, current avg:101, charge type:0, power sharing:false
D/BatteryService( 560): Sending ACTION_BATTERY_CHANGED.
D/KeyguardUpdateMonitor( 660): received broadcast android.intent.action.BATTERY_CHANGED
D/KeyguardUpdateMonitor( 660): handleBatteryUpdate
D/CMASMessage( 660): [update] mShowingCMASText is false
D/CMASMessage( 660): CMASIcon was GONE :
D/STATUSBAR-PhoneStatusBar( 660): mBrightnessEnablebySettings = true mBrightnessEnablebyBattery = true mBrightnessEnablebyDisableFlag = true mPmsBrightnessEnablebySettings = true
D/STATUSBAR-IconMerger( 660): checkOverflow(420), More:false, Req:false Child:2
D/BatteryMeterView( 660): ACTION_BATTERY_CHANGED : level:28 status:3 health:2
D/CMBaseReceiver( 2862): com.cleanmaster.login.bindphone.mobileinfo.h 0ms
D/Brightness(13603): mIntentReceiver.onReceive: action=android.intent.action.BATTERY_CHANGED, intent=Intent { act=android.intent.action.BATTERY_CHANGED flg=0x60000010 (has extras) }
D/MainActivityBaseUi.java(13603): in brightness disabled on critical battery low
I/ServiceManager( 119): Waiting for service com.marvell.FileMonitorService...
E/Watchdog( 560): !@Sync 387
W/ ( 119): FileMonitorService not published, waiting...
I/ServiceManager( 119): Waiting for service com.marvell.FileMonitorService...
D/dalvikvm(19563): GC_CONCURRENT freed 2688K, 51% free 4336K/8848K, paused 2ms+5ms, total 119ms
I/ServiceManager( 119): Waiting for service com.marvell.FileMonitorService...
D/SSRMv2:SIOP( 560): SIOP:: AP = -100, Delta = 0
I/ServiceManager( 119): Waiting for service com.marvell.FileMonitorService...
I/ServiceManager( 119): Waiting for service com.marvell.FileMonitorService...
I/ServiceManager( 119): Waiting for service com.marvell.FileMonitorService...
W/ ( 119): FileMonitorService not published, waiting...
I/ServiceManager( 119): Waiting for service com.marvell.FileMonitorService...
I/ServiceManager( 119): Waiting for service com.marvell.FileMonitorService...
I/ServiceManager( 119): Waiting for service com.marvell.FileMonitorService...
D/BatteryService( 560): level:28, scale:100, status:3, health:2, present:true, voltage: 3791, temperature: 335, technology: Li-ion, AC powered:false, USB powered:true, Wireless powered:false, icon:17303538, invalid charger:0, online:4, current avg:102, charge type:0, power sharing:false
D/BatteryService( 560): Sending ACTION_BATTERY_CHANGED.
D/KeyguardUpdateMonitor( 660): received broadcast android.intent.action.BATTERY_CHANGED
D/KeyguardUpdateMonitor( 660): handleBatteryUpdate
D/CMASMessage( 660): [update] mShowingCMASText is false
D/CMASMessage( 660): CMASIcon was GONE :
D/STATUSBAR-PhoneStatusBar( 660): mBrightnessEnablebySettings = true mBrightnessEnablebyBattery = true mBrightnessEnablebyDisableFlag = true mPmsBrightnessEnablebySettings = true
D/STATUSBAR-IconMerger( 660): checkOverflow(420), More:false, Req:false Child:2
D/BatteryMeterView( 660): ACTION_BATTERY_CHANGED : level:28 status:3 health:2
D/CMBaseReceiver( 2862): com.cleanmaster.login.bindphone.mobileinfo.h 0ms
D/Brightness(13603): mIntentReceiver.onReceive: action=android.intent.action.BATTERY_CHANGED, intent=Intent { act=android.intent.action.BATTERY_CHANGED flg=0x60000010 (has extras) }
D/MainActivityBaseUi.java(13603): in brightness disabled on critical battery low
I/ServiceManager( 119): Waiting for service com.marvell.FileMonitorService...
I/ServiceManager( 119): Waiting for service com.marvell.FileMonitorService...
W/ ( 119): FileMonitorService not published, waiting...
I/ServiceManager( 119): Waiting for service com.marvell.FileMonitorService...
D/STATUSBAR-NetworkController( 660): refreshSignalCluster - setNWBoosterIndicators(false)
D/STATUSBAR-NetworkController( 660): refreshSignalCluster: data=-1 bt=false
D/STATUSBAR-IconMerger( 660): checkOverflow(420), More:false, Req:false Child:2
D/SSRMv2:SIOP( 560): SIOP:: AP = -100, Delta = 0
I/ServiceManager( 119): Waiting for service com.marvell.FileMonitorService...
D/STATUSBAR-NetworkController( 660): refreshSignalCluster - setNWBoosterIndicators(false)
D/STATUSBAR-NetworkController( 660): refreshSignalCluster: data=-1 bt=false
D/STATUSBAR-IconMerger( 660): checkOverflow(420), More:false, Req:false Child:2
I/ServiceManager( 119): Waiting for service com.marvell.FileMonitorService...
I/ServiceManager( 119): Waiting for service com.marvell.FileMonitorService...
I/ServiceManager( 119): Waiting for service com.marvell.FileMonitorService...
W/ ( 119): FileMonitorService not published, waiting...
I/ServiceManager( 119): Waiting for service com.marvell.FileMonitorService...
I/ServiceManager( 119): Waiting for service com.marvell.FileMonitorService...
D/BatteryService( 560): level:28, scale:100, status:3, health:2, present:true, voltage: 3791, temperature: 338, technology: Li-ion, AC powered:false, USB powered:true, Wireless powered:false, icon:17303538, invalid charger:0, online:4, current avg:105, charge type:0, power sharing:false
D/BatteryService( 560): Sending ACTION_BATTERY_CHANGED.
D/KeyguardUpdateMonitor( 660): received broadcast android.intent.action.BATTERY_CHANGED
D/KeyguardUpdateMonitor( 660): handleBatteryUpdate
D/CMASMessage( 660): [update] mShowingCMASText is false
D/CMASMessage( 660): CMASIcon was GONE :
D/STATUSBAR-PhoneStatusBar( 660): mBrightnessEnablebySettings = true mBrightnessEnablebyBattery = true mBrightnessEnablebyDisableFlag = true mPmsBrightnessEnablebySettings = true
D/STATUSBAR-IconMerger( 660): checkOverflow(420), More:false, Req:false Child:2
D/BatteryMeterView( 660): ACTION_BATTERY_CHANGED : level:28 status:3 health:2
D/CMBaseReceiver( 2862): com.cleanmaster.login.bindphone.mobileinfo.h 0ms
D/Brightness(13603): mIntentReceiver.onReceive: action=android.intent.action.BATTERY_CHANGED, intent=Intent { act=android.intent.action.BATTERY_CHANGED flg=0x60000010 (has extras) }
D/MainActivityBaseUi.java(13603): in brightness disabled on critical battery low
I/ServiceManager( 119): Waiting for service com.marvell.FileMonitorService...
I/ServiceManager( 119): Waiting for service com.marvell.FileMonitorService...
I/ServiceManager( 119): Waiting for service com.marvell.FileMonitorService...
W/ ( 119): FileMonitorService not published, waiting...
D/SSRMv2:SIOP( 560): SIOP:: AP = -100, Delta = 0
I/ServiceManager( 119): Waiting for service com.marvell.FileMonitorService...
I/ServiceManager( 119): Waiting for service com.marvell.FileMonitorService...
I/ServiceManager( 119): Waiting for service com.marvell.FileMonitorService...
I/ServiceManager( 119): Waiting for service com.marvell.FileMonitorService...
I/ServiceManager( 119): Waiting for service com.marvell.FileMonitorService...
D/STATUSBAR-NetworkController( 660): refreshSignalCluster - setNWBoosterIndicators(false)
D/STATUSBAR-NetworkController( 660): refreshSignalCluster: data=-1 bt=false
D/STATUSBAR-IconMerger( 660): checkOverflow(420), More:false, Req:false Child:2
W/ ( 119): FileMonitorService not published, waiting...
D/STATUSBAR-NetworkController( 660): refreshSignalCluster - setNWBoosterIndicators(false)
D/STATUSBAR-NetworkController( 660): refreshSignalCluster: data=-1 bt=false
D/STATUSBAR-IconMerger( 660): checkOverflow(420), More:false, Req:false Child:2
I/ServiceManager( 119): Waiting for service com.marvell.FileMonitorService...
D/BatteryService( 560): level:28, scale:100, status:3, health:2, present:true, voltage: 3788, temperature: 336, technology: Li-ion, AC powered:false, USB powered:true, Wireless powered:false, icon:17303538, invalid charger:0, online:4, current avg:102, charge type:0, power sharing:false
D/BatteryService( 560): Sending ACTION_BATTERY_CHANGED.
D/KeyguardUpdateMonitor( 660): received broadcast android.intent.action.BATTERY_CHANGED
D/KeyguardUpdateMonitor( 660): handleBatteryUpdate
D/CMASMessage( 660): [update] mShowingCMASText is false
D/CMASMessage( 660): CMASIcon was GONE :
D/STATUSBAR-PhoneStatusBar( 660): mBrightnessEnablebySettings = true mBrightnessEnablebyBattery = true mBrightnessEnablebyDisableFlag = true mPmsBrightnessEnablebySettings = true
D/STATUSBAR-IconMerger( 660): checkOverflow(420), More:false, Req:false Child:2
D/BatteryMeterView( 660): ACTION_BATTERY_CHANGED : level:28 status:3 health:2
D/CMBaseReceiver( 2862): com.cleanmaster.login.bindphone.mobileinfo.h 0ms
D/Brightness(13603): mIntentReceiver.onReceive: action=android.intent.action.BATTERY_CHANGED, intent=Intent { act=android.intent.action.BATTERY_CHANGED flg=0x60000010 (has extras) }
D/MainActivityBaseUi.java(13603): in brightness disabled on critical battery low
I/ServiceManager( 119): Waiting for service com.marvell.FileMonitorService...
E/Watchdog( 560): !@Sync 388
D/STATUSBAR-NetworkController( 660): refreshSignalCluster - setNWBoosterIndicators(false)
D/STATUSBAR-NetworkController( 660): refreshSignalCluster: data=-1 bt=false
D/STATUSBAR-IconMerger( 660): checkOverflow(420), More:false, Req:false Child:2
I/ServiceManager( 119): Waiting for service com.marvell.FileMonitorService...
D/STATUSBAR-NetworkController( 660): refreshSignalCluster - setNWBoosterIndicators(false)
D/STATUSBAR-NetworkController( 660): refreshSignalCluster: data=-1 bt=false
D/STATUSBAR-IconMerger( 660): checkOverflow(420), More:false, Req:false Child:2
I/ServiceManager( 119): Waiting for service com.marvell.FileMonitorService...
I/ServiceManager( 119): Waiting for service com.marvell.FileMonitorService...
D/SSRMv2:SIOP( 560): SIOP:: AP = -100, Delta = 0
W/ ( 119): FileMonitorService not published, waiting...
I/ServiceManager( 119): Waiting for service com.marvell.FileMonitorService...
I/ServiceManager( 119): Waiting for service com.marvell.FileMonitorService...
I/ServiceManager( 119): Waiting for service com.marvell.FileMonitorService...
I/ServiceManager( 119): Waiting for service com.marvell.FileMonitorService...
I/ServiceManager( 119): Waiting for service com.marvell.FileMonitorService...
D/BatteryService( 560): level:28, scale:100, status:3, health:2, present:true, voltage: 3791, temperature: 336, technology: Li-ion, AC powered:false, USB powered:true, Wireless powered:false, icon:17303538, invalid charger:0, online:4, current avg:105, charge type:0, power sharing:false
D/BatteryService( 560): Sending ACTION_BATTERY_CHANGED.
D/KeyguardUpdateMonitor( 660): received broadcast android.intent.action.BATTERY_CHANGED
D/KeyguardUpdateMonitor( 660): handleBatteryUpdate
D/CMASMessage( 660): [update] mShowingCMASText is false
D/CMASMessage( 660): CMASIcon was GONE :
D/STATUSBAR-PhoneStatusBar( 660): mBrightnessEnablebySettings = true mBrightnessEnablebyBattery = true mBrightnessEnablebyDisableFlag = true mPmsBrightnessEnablebySettings = true
D/STATUSBAR-IconMerger( 660): checkOverflow(420), More:false, Req:false Child:2
D/BatteryMeterView( 660): ACTION_BATTERY_CHANGED : level:28 status:3 health:2
D/CMBaseReceiver( 2862): com.cleanmaster.login.bindphone.mobileinfo.h 0ms
D/Brightness(13603): mIntentReceiver.onReceive: action=android.intent.action.BATTERY_CHANGED, intent=Intent { act=android.intent.action.BATTERY_CHANGED flg=0x60000010 (has extras) }
D/MainActivityBaseUi.java(13603): in brightness disabled on critical battery low
W/ ( 119): FileMonitorService not published, waiting...
I/ServiceManager( 119): Waiting for service com.marvell.FileMonitorService...
I/ServiceManager( 119): Waiting for service com.marvell.FileMonitorService...
I/ServiceManager( 119): Waiting for service com.marvell.FileMonitorService...
I/ServiceManager( 119): Waiting for service com.marvell.FileMonitorService...
D/SSRMv2:SIOP( 560): SIOP:: AP = -100, Delta = 0
I/ServiceManager( 119): Waiting for service com.marvell.FileMonitorService...
W/ ( 119): FileMonitorService not published, waiting...
I/ServiceManager( 119): Waiting for service com.marvell.FileMonitorService...
V/AlarmManager( 560): waitForAlarm result :8
D/KeyguardClockWidgetService( 987): onReceive action=android.intent.action.TIME_TICK
V/AlarmManager( 560): ClockReceiver onReceive() ACTION_TIME_TICK
D/KeyguardUpdateMonitor( 660): received broadcast android.intent.action.TIME_TICK
D/KeyguardUpdateMonitor( 660): handleTimeUpdate
D/STATUSBAR-IconMerger( 660): checkOverflow(420), More:false, Req:false Child:2
D/accuweather( 1310): [MSC_Accu_Daemon]>>> U:983 [0:0] cDayONight() ::: sunrise is null
D/accuweather( 1310): [MSC_Accu_Daemon]>>> U:999 [0:0] cDayONight() ::: sunset is null
D/accuweather( 1310): [MSC_Accu_Daemon]>>> WCS:95 [0:0] checkDay:true, UtilgetIsDay():false
D/accuweather( 1310): [MSC_Accu_Daemon]>>> WCS:97 [0:0] action:androidintentactionTIME_TICK
D/accuweather( 1310): [MSC_Accu_Daemon]>>> AWDS:42 [0:0] Act
D/accuweather( 1310): [MSC_Accu_Daemon]>>> AWDS:46 [0:0] Act : widgetappapaccuweatherdaemonactionCHANGE_ICON_OF_DAEMON, run:true
D/comsamsunglog( 1310): [MSC_Accu_Daemon]>>> ====================================================================================================================
D/comsamsunglog( 1310): [MSC_Accu_Daemon]>>> daemonappapaccuweather [Version : 14041601 ] [ 1 ]
D/comsamsunglog( 1310): [MSC_Accu_Daemon]>>> Header set to : ===> "accuweather" <===
D/comsamsunglog( 1310): [MSC_Accu_Daemon]>>> ====================================================================================================================
D/accuweather( 1310): [MSC_Accu_Daemon]>>> U:803 [0:0] IdlWdtchk !!!!
D/accuweather( 1310): [MSC_Accu_Daemon]>>> U:795 [0:0] ACW not found!!
D/accuweather( 1310): [MSC_Accu_Daemon]>>> U:795 [0:0] ACW not found!!
D/accuweather( 1310): [MSC_Accu_Daemon]>>> U:811 [0:0] HERO p5 pck Found!!!!
D/accuweather( 1310): [MSC_Accu_Daemon]>>> AWDS:72 [0:0] SerStus:0,ASerStus:0,TmpS:0,AtRfr:3, UseCL0
D/accuweather( 1310): [MSC_Accu_Daemon]>>> AWDS:426 [0:0] ====ACTION_SEC_CHANGE_ICON_OF_DAEMON===
D/accuweather( 1310): [MSC_Accu_Daemon]>>> U:983 [0:0] cDayONight() ::: sunrise is null
D/accuweather( 1310): [MSC_Accu_Daemon]>>> U:999 [0:0] cDayONight() ::: sunset is null
D/accuweather( 1310): [MSC_Accu_Daemon]>>> AWDS:429 [0:0] checkDay:true, UtilgetIsDay():false
D/accuweather( 1310): [MSC_Accu_Daemon]>>> AWDS:467 [0:0] data is not
D/widget ( 838): [MSC_HERO_Accu_Tab]>>> WC:497 [0:0] mSHandler syncDM
D/widget ( 838): [MSC_HERO_Accu_Tab]>>> SM:1213 [0:0] bTCC WCV = 200
D/widget ( 838): [MSC_HERO_Accu_Tab]>>> WC:1697 [0:0] drw 2nd Tm dt
E/Qmage ( 838): onDecode : QmageDecodeFrame 20140421 Rev.6376
E/Qmage ( 838): This is decoding
E/Qmage ( 838): decoding stream->hasLength()
E/Qmage ( 838): onDecode : QmageDecParseHeader call : QM
E/Qmage ( 838): Qmage parsing for decoding ok
E/Qmage ( 838): onDecode : QmageHeader.NinePatched 0
E/Qmage ( 838): onDecode : QmageHeader Height() 99 Width() : 77 sampleSize : 1
E/Qmage ( 838): normal image decoding
E/Qmage ( 838): onDecode : QmageDecodeFrame call : QM
E/Qmage ( 838): onDecode : return true QM
I/ServiceManager( 119): Waiting for service com.marvell.FileMonitorService...
I/ServiceManager( 119): Waiting for service com.marvell.FileMonitorService...
I/ServiceManager( 119): Waiting for service com.marvell.FileMonitorService...
D/BatteryService( 560): level:28, scale:100, status:3, health:2, present:true, voltage: 3788, temperature: 336, technology: Li-ion, AC powered:false, USB powered:true, Wireless powered:false, icon:17303538, invalid charger:0, online:4, current avg:107, charge type:0, power sharing:false
D/BatteryService( 560): Sending ACTION_BATTERY_CHANGED.
D/KeyguardUpdateMonitor( 660): received broadcast android.intent.action.BATTERY_CHANGED
D/KeyguardUpdateMonitor( 660): handleBatteryUpdate
D/CMASMessage( 660): [update] mShowingCMASText is false
D/CMASMessage( 660): CMASIcon was GONE :
D/STATUSBAR-PhoneStatusBar( 660): mBrightnessEnablebySettings = true mBrightnessEnablebyBattery = true mBrightnessEnablebyDisableFlag = true mPmsBrightnessEnablebySettings = true
D/STATUSBAR-IconMerger( 660): checkOverflow(420), More:false, Req:false Child:2
D/BatteryMeterView( 660): ACTION_BATTERY_CHANGED : level:28 status:3 health:2
D/CMBaseReceiver( 2862): com.cleanmaster.login.bindphone.mobileinfo.h 0ms
D/Brightness(13603): mIntentReceiver.onReceive: action=android.intent.action.BATTERY_CHANGED, intent=Intent { act=android.intent.action.BATTERY_CHANGED flg=0x60000010 (has extras) }
D/MainActivityBaseUi.java(13603): in brightness disabled on critical battery low
I/ServiceManager( 119): Waiting for service com.marvell.FileMonitorService...
W/ ( 119): FileMonitorService not published, waiting...
I/ServiceManager( 119): Waiting for service com.marvell.FileMonitorService...
I/ServiceManager( 119): Waiting for service com.marvell.FileMonitorService...
I/ServiceManager( 119): Waiting for service com.marvell.FileMonitorService...
D/SSRMv2:SIOP( 560): SIOP:: AP = -100, Delta = 0
I/ServiceManager( 119): Waiting for service com.marvell.FileMonitorService...
I/ServiceManager( 119): Waiting for service com.marvell.FileMonitorService...
W/ ( 119): FileMonitorService not published, waiting...
I/ServiceManager( 119): Waiting for service com.marvell.FileMonitorService...
I/ServiceManager( 119): Waiting for service com.marvell.FileMonitorService...
D/STATUSBAR-NetworkController( 660): refreshSignalCluster - setNWBoosterIndicators(false)
D/STATUSBAR-NetworkController( 660): refreshSignalCluster: data=-1 bt=false
D/STATUSBAR-IconMerger( 660): checkOverflow(420), More:false, Req:false Child:2
I/ServiceManager( 119): Waiting for service com.marvell.FileMonitorService...
D/STATUSBAR-NetworkController( 660): refreshSignalCluster - setNWBoosterIndicators(false)
D/STATUSBAR-NetworkController( 660): refreshSignalCluster: data=-1 bt=false
D/STATUSBAR-IconMerger( 660): checkOverflow(420), More:false, Req:false Child:2
D/BatteryService( 560): level:28, scale:100, status:3, health:2, present:true, voltage: 3788, temperature: 336, technology: Li-ion, AC powered:false, USB powered:true, Wireless powered:false, icon:17303538, invalid charger:0, online:4, current avg:109, charge type:0, power sharing:false
D/BatteryService( 560): Sending ACTION_BATTERY_CHANGED.
D/KeyguardUpdateMonitor( 660): received broadcast android.intent.action.BATTERY_CHANGED
D/KeyguardUpdateMonitor( 660): handleBatteryUpdate
D/CMASMessage( 660): [update] mShowingCMASText is false
D/CMASMessage( 660): CMASIcon was GONE :
D/STATUSBAR-PhoneStatusBar( 660): mBrightnessEnablebySettings = true mBrightnessEnablebyBattery = true mBrightnessEnablebyDisableFlag = true mPmsBrightnessEnablebySettings = true
D/CMBaseReceiver( 2862): com.cleanmaster.login.bindphone.mobileinfo.h 0ms
D/STATUSBAR-IconMerger( 660): checkOverflow(420), More:false, Req:false Child:2
D/BatteryMeterView( 660): ACTION_BATTERY_CHANGED : level:28 status:3 health:2
D/Brightness(13603): mIntentReceiver.onReceive: action=android.intent.action.BATTERY_CHANGED, intent=Intent { act=android.intent.action.BATTERY_CHANGED flg=0x60000010 (has extras) }
D/MainActivityBaseUi.java(13603): in brightness disabled on critical battery low
I/ServiceManager( 119): Waiting for service com.marvell.FileMonitorService...
D/STATUSBAR-NetworkController( 660): refreshSignalCluster - setNWBoosterIndicators(false)
D/STATUSBAR-NetworkController( 660): refreshSignalCluster: data=-1 bt=false
D/STATUSBAR-IconMerger( 660): checkOverflow(420), More:false, Req:false Child:2
E/Watchdog( 560): !@Sync 389
I/ServiceManager( 119): Waiting for service com.marvell.FileMonitorService...
W/ ( 119): FileMonitorService not published, waiting...
I/ServiceManager( 119): Waiting for service com.marvell.FileMonitorService...
I/ServiceManager( 119): Waiting for service com.marvell.FileMonitorService...
D/SSRMv2:SIOP( 560): SIOP:: AP = -100, Delta = 0
I/ServiceManager( 119): Waiting for service com.marvell.FileMonitorService...
I/ServiceManager( 119): Waiting for service com.marvell.FileMonitorService...
I/ServiceManager( 119): Waiting for service com.marvell.FileMonitorService...
W/ ( 119): FileMonitorService not published, waiting...
I/ServiceManager( 119): Waiting for service com.marvell.FileMonitorService...
I/ServiceManager( 119): Waiting for service com.marvell.FileMonitorService...
D/BatteryService( 560): level:28, scale:100, status:3, health:2, present:true, voltage: 3791, temperature: 336, technology: Li-ion, AC powered:false, USB powered:true, Wireless powered:false, icon:17303538, invalid charger:0, online:4, current avg:110, charge type:0, power sharing:false
D/BatteryService( 560): Sending ACTION_BATTERY_CHANGED.
D/KeyguardUpdateMonitor( 660): received broadcast android.intent.action.BATTERY_CHANGED
D/KeyguardUpdateMonitor( 660): handleBatteryUpdate
D/CMASMessage( 660): [update] mShowingCMASText is false
D/CMASMessage( 660): CMASIcon was GONE :
D/STATUSBAR-PhoneStatusBar( 660): mBrightnessEnablebySettings = true mBrightnessEnablebyBattery = true mBrightnessEnablebyDisableFlag = true mPmsBrightnessEnablebySettings = true
D/STATUSBAR-IconMerger( 660): checkOverflow(420), More:false, Req:false Child:2
D/BatteryMeterView( 660): ACTION_BATTERY_CHANGED : level:28 status:3 health:2
D/CMBaseReceiver( 2862): com.cleanmaster.login.bindphone.mobileinfo.h 0ms
D/Brightness(13603): mIntentReceiver.onReceive: action=android.intent.action.BATTERY_CHANGED, intent=Intent { act=android.intent.action.BATTERY_CHANGED flg=0x60000010 (has extras) }
D/MainActivityBaseUi.java(13603): in brightness disabled on critical battery low
I/ServiceManager( 119): Waiting for service com.marvell.FileMonitorService...
I/ServiceManager( 119): Waiting for service com.marvell.FileMonitorService...
I/ServiceManager( 119): Waiting for service com.marvell.FileMonitorService...
W/ ( 119): FileMonitorService not published, waiting...
I/ServiceManager( 119): Waiting for service com.marvell.FileMonitorService...
D/SSRMv2:SIOP( 560): SIOP:: AP = -100, Delta = 0
I/ServiceManager( 119): Waiting for service com.marvell.FileMonitorService...
I/ServiceManager( 119): Waiting for service com.marvell.FileMonitorService...
I/ServiceManager( 119): Waiting for service com.marvell.FileMonitorService...
I/ServiceManager( 119): Waiting for service com.marvell.FileMonitorService...
W/ ( 119): FileMonitorService not published, waiting...
I/ServiceManager( 119): Waiting for service com.marvell.FileMonitorService...
D/BatteryService( 560): level:28, scale:100, status:3, health:2, present:true, voltage: 3791, temperature: 336, technology: Li-ion, AC powered:false, USB powered:true, Wireless powered:false, icon:17303538, invalid charger:0, online:4, current avg:111, charge type:0, power sharing:false
D/BatteryService( 560): Sending ACTION_BATTERY_CHANGED.
D/Brightness(13603): mIntentReceiver.onReceive: action=android.intent.action.BATTERY_CHANGED, intent=Intent { act=android.intent.action.BATTERY_CHANGED flg=0x60000010 (has extras) }
D/MainActivityBaseUi.java(13603): in brightness disabled on critical battery low
D/CMBaseReceiver( 2862): com.cleanmaster.login.bindphone.mobileinfo.h 0ms
D/KeyguardUpdateMonitor( 660): received broadcast android.intent.action.BATTERY_CHANGED
D/KeyguardUpdateMonitor( 660): handleBatteryUpdate
D/CMASMessage( 660): [update] mShowingCMASText is false
D/CMASMessage( 660): CMASIcon was GONE :
D/STATUSBAR-PhoneStatusBar( 660): mBrightnessEnablebySettings = true mBrightnessEnablebyBattery = true mBrightnessEnablebyDisableFlag = true mPmsBrightnessEnablebySettings = true
D/STATUSBAR-IconMerger( 660): checkOverflow(420), More:false, Req:false Child:2
D/BatteryMeterView( 660): ACTION_BATTERY_CHANGED : level:28 status:3 health:2
I/ServiceManager( 119): Waiting for service com.marvell.FileMonitorService...
I/ServiceManager( 119): Waiting for service com.marvell.FileMonitorService...
I/ServiceManager( 119): Waiting for service com.marvell.FileMonitorService...
I/ServiceManager( 119): Waiting for service com.marvell.FileMonitorService...
D/SSRMv2:SIOP( 560): SIOP:: AP = -100, Delta = 0
W/ ( 119): FileMonitorService not published, waiting...
I/ServiceManager( 119): Waiting for service com.marvell.FileMonitorService...
I/ServiceManager( 119): Waiting for service com.marvell.FileMonitorService...
I/ServiceManager( 119): Waiting for service com.marvell.FileMonitorService...
I/ServiceManager( 119): Waiting for service com.marvell.FileMonitorService...
D/STATUSBAR-NetworkController( 660): refreshSignalCluster - setNWBoosterIndicators(false)
D/STATUSBAR-NetworkController( 660): refreshSignalCluster: data=-1 bt=false
D/STATUSBAR-IconMerger( 660): checkOverflow(420), More:false, Req:false Child:2
I/ServiceManager( 119): Waiting for service com.marvell.FileMonitorService...
D/STATUSBAR-NetworkController( 660): refreshSignalCluster - setNWBoosterIndicators(false)
D/STATUSBAR-NetworkController( 660): refreshSignalCluster: data=-1 bt=false
D/STATUSBAR-IconMerger( 660): checkOverflow(420), More:false, Req:false Child:2
W/ ( 119): FileMonitorService not published, waiting...
I/ServiceManager( 119): Waiting for service com.marvell.FileMonitorService...
E/Watchdog( 560): !@Sync 390
I/ServiceManager( 119): Waiting for service com.marvell.FileMonitorService...
I/ServiceManager( 119): Waiting for service com.marvell.FileMonitorService...
I/ServiceManager( 119): Waiting for service com.marvell.FileMonitorService...
D/SSRMv2:SIOP( 560): SIOP:: AP = -100, Delta = 0
I/ServiceManager( 119): Waiting for service com.marvell.FileMonitorService...
W/ ( 119): FileMonitorService not published, waiting...
I/ServiceManager( 119): Waiting for service com.marvell.FileMonitorService...
I/ServiceManager( 119): Waiting for service com.marvell.FileMonitorService...
I/ServiceManager( 119): Waiting for service com.marvell.FileMonitorService...
I/ServiceManager( 119): Waiting for service com.marvell.FileMonitorService...
I/ServiceManager( 119): Waiting for service com.marvell.FileMonitorService...
D/BatteryService( 560): level:28, scale:100, status:3, health:2, present:true, voltage: 3791, temperature: 335, technology: Li-ion, AC powered:false, USB powered:true, Wireless powered:false, icon:17303538, invalid charger:0, online:4, current avg:112, charge type:0, power sharing:false
D/BatteryService( 560): Sending ACTION_BATTERY_CHANGED.
D/KeyguardUpdateMonitor( 660): received broadcast android.intent.action.BATTERY_CHANGED
D/KeyguardUpdateMonitor( 660): handleBatteryUpdate
D/CMASMessage( 660): [update] mShowingCMASText is false
D/CMASMessage( 660): CMASIcon was GONE :
D/STATUSBAR-PhoneStatusBar( 660): mBrightnessEnablebySettings = true mBrightnessEnablebyBattery = true mBrightnessEnablebyDisableFlag = true mPmsBrightnessEnablebySettings = true
D/STATUSBAR-IconMerger( 660): checkOverflow(420), More:false, Req:false Child:2
D/BatteryMeterView( 660): ACTION_BATTERY_CHANGED : level:28 status:3 health:2
D/CMBaseReceiver( 2862): com.cleanmaster.login.bindphone.mobileinfo.h 0ms
D/Brightness(13603): mIntentReceiver.onReceive: action=android.intent.action.BATTERY_CHANGED, intent=Intent { act=android.intent.action.BATTERY_CHANGED flg=0x60000010 (has extras) }
D/MainActivityBaseUi.java(13603): in brightness disabled on critical battery low
W/ ( 119): FileMonitorService not published, waiting...
I/ServiceManager( 119): Waiting for service com.marvell.FileMonitorService...
I/ServiceManager( 119): Waiting for service com.marvell.FileMonitorService...
I/ServiceManager( 119): Waiting for service com.marvell.FileMonitorService...
D/SSRMv2:SIOP( 560): SIOP:: AP = -100, Delta = 0
I/ServiceManager( 119): Waiting for service com.marvell.FileMonitorService...
I/ServiceManager( 119): Waiting for service com.marvell.FileMonitorService...
W/ ( 119): FileMonitorService not published, waiting...
V/AlarmManager( 560): waitForAlarm result :8
D/KeyguardClockWidgetService( 987): onReceive action=android.intent.action.TIME_TICK
V/AlarmManager( 560): ClockReceiver onReceive() ACTION_TIME_TICK
D/KeyguardUpdateMonitor( 660): received broadcast android.intent.action.TIME_TICK
D/KeyguardUpdateMonitor( 660): handleTimeUpdate
D/STATUSBAR-IconMerger( 660): checkOverflow(420), More:false, Req:false Child:2
D/accuweather( 1310): [MSC_Accu_Daemon]>>> U:983 [0:0] cDayONight() ::: sunrise is null
D/accuweather( 1310): [MSC_Accu_Daemon]>>> U:999 [0:0] cDayONight() ::: sunset is null
D/accuweather( 1310): [MSC_Accu_Daemon]>>> WCS:95 [0:0] checkDay:true, UtilgetIsDay():false
