D/KeyguardUpdateMonitor( 660): sendKeyguardVisibilityChanged(true)
I/KeyguardUpdateMonitor( 660): visibility is same
D/KeyguardUpdateMonitor( 660): sendKeyguardVisibilityChanged(true)
I/KeyguardUpdateMonitor( 660): visibility is same
D/KeyguardUpdateMonitor( 660): sendKeyguardVisibilityChanged(true)
I/KeyguardUpdateMonitor( 660): visibility is same
D/dalvikvm(20691): GC_CONCURRENT freed 1373K, 43% free 4325K/7520K, paused 2ms+2ms, total 25ms
I/TiApplication(20691): (main) [417,417] Titanium 3.5.1 (2015/03/05 10:08 96875c9)
W/ActivityManager( 560): Permission Denial: getCurrentUser() from pid=20691, uid=10122 requires android.permission.INTERACT_ACROSS_USERS
D/KeyguardUpdateMonitor( 660): sendKeyguardVisibilityChanged(true)
I/KeyguardUpdateMonitor( 660): visibility is same
W/ ( 119): FileMonitorService not published, waiting...
D/dalvikvm(20691): GC_FOR_ALLOC freed 594K, 41% free 4501K/7520K, paused 19ms, total 19ms
I/dalvikvm-heap(20691): Grow heap (frag case) to 10.178MB for 4200904-byte allocation
D/dalvikvm(20691): GC_FOR_ALLOC freed <1K, 26% free 8603K/11624K, paused 25ms, total 25ms
D/dalvikvm(20691): GC_CONCURRENT freed 3K, 26% free 8717K/11624K, paused 3ms+2ms, total 22ms
I/ServiceManager( 119): Waiting for service com.marvell.FileMonitorService...
D/STATUSBAR-NetworkController( 660): refreshSignalCluster - setNWBoosterIndicators(false)
D/STATUSBAR-NetworkController( 660): refreshSignalCluster: data=-1 bt=false
D/STATUSBAR-IconMerger( 660): checkOverflow(420), More:false, Req:false Child:2
D/SSRMv2:SIOP( 560): SIOP:: AP = -100, Delta = 0
D/dalvikvm(20691): Trying to load lib /data/app-lib/com.trend.iphonrtest-1/libstlport_shared.so 0x41dc8e70
D/dalvikvm(20691): Added shared lib /data/app-lib/com.trend.iphonrtest-1/libstlport_shared.so 0x41dc8e70
D/dalvikvm(20691): No JNI_OnLoad found in /data/app-lib/com.trend.iphonrtest-1/libstlport_shared.so 0x41dc8e70, skipping init
D/dalvikvm(20691): Trying to load lib /data/app-lib/com.trend.iphonrtest-1/libkroll-v8.so 0x41dc8e70
D/dalvikvm(20691): Added shared lib /data/app-lib/com.trend.iphonrtest-1/libkroll-v8.so 0x41dc8e70
D/dalvikvm(20691): Trying to load lib /data/app-lib/com.trend.iphonrtest-1/libtiverify.so 0x41dc8e70
W/linker (20691): libtiverify.so has text relocations. This is wasting memory and is a security risk. Please fix.
D/dalvikvm(20691): Added shared lib /data/app-lib/com.trend.iphonrtest-1/libtiverify.so 0x41dc8e70
I/TiApplication(20691): (main) [1161,1578] Titanium Javascript runtime: v8
D/TiFacebookModule(20691): (main) [86,1664] Facebook module using SDK version 3.23.0
D/GarbageCollectorModule(20691): (main) [10,1674] <<< GarbageCollector Appcelerator Android Module by WEBe.co.il >>>
I/TiApplication(20709): (main) [0,0] checkpoint, app created.
W/V8Object(20691): (KrollRuntimeThread) [243,1917] Runtime disposed, cannot set property 'userAgent'
I/InputReader( 560): Touch event's action is 0x0 (deviceType=0) [pCnt=1, s=0.1300 ] when=11827169342000
I/InputDispatcher( 560): Delivering touch to: action: 0x4, toolType: 1
I/InputDispatcher( 560): Delivering touch to: action: 0x0, toolType: 1
I/PHService( 126): HintBase : handleMessage MSG_HANDLE_NORMAL
I/PHService( 126): HintManager : ========== Hint Update ===============
I/PHService( 126): HintManager : ========== Hint Update [Done] ========
I/PHService( 126): PolicyManager : ========== Policy Evaluate [beginning] =====
I/PHService( 126): PowerPolicy : Policy [InputEventDefault] hit status: [0->1]
I/PHService( 126): PolicyManager : Policy [InputEventDefault] status changed. Need to vote.
I/PHService( 126): PolicyManager : ========== Policy Evaluate [end] ===========
I/PHService( 126): PolicyManager : ========== Vote Result [beginning] =========
I/PHService( 126): PolicyManager : Hit policy: [BootComplete]
I/PHService( 126): PolicyManager : Hit policy: [CallIdle]
I/PHService( 126): PolicyManager : Hit policy: [InputEventDefault]
I/PHService( 126): PolicyManager : Hit policy: [VideoOff]
I/PHService( 126): PolicyManager : ========== Vote Result [end] ===============
I/PHService( 126): OperatorManager: ========== Merge Result =================
I/PHService( 126): CpuOperator : [Dump Merged Operation]
I/PHService( 126): CpuOperator : CPU0: Operation (1205000-1205000-ondemand), online: ONLINE(1)
I/PHService( 126): CpuOperator : CPU0: Operation: sampling_rate(10000)
I/PHService( 126): CpuOperator : CPU1: No Operation. Online: AUTO(-1)
I/PHService( 126): CpuOperator :
I/PHService( 126): DdrOperator : [Dump Merged Operation]
I/PHService( 126): DdrOperator : DDR0: Operation: min: 533000, max: 533000, pollinInterval: 50
I/PHService( 126): DdrOperator :
I/PHService( 126): GpuOperator : [Dump Merged Operation]
I/PHService( 126): GpuOperator : GPU0: Operation (624000-624000-ondemand)
I/PHService( 126): GpuOperator :
I/PHService( 126): ShcmdOperator : [Dump Merged Operation]
I/PHService( 126): ShcmdOperator : Shcmd: Operation: echo disable > /sys/devices/platform/pxa27x-keypad/power/wakeup
I/PHService( 126): ShcmdOperator :
I/PHService( 126): VpuOperator : [Dump Merged Operation]
I/PHService( 126): VpuOperator : VPU0: Operation: 416000
I/PHService( 126): VpuOperator :
I/PHService( 126): OperatorManager: ========== Merge Result [Done] ==========
I/PHService( 126): OperatorBase : Try to wake up Worker Operation-Worker_415 Done, Exit!!
I/PHService( 126): OperatorBase : Worker Operation-Worker_415 wakes up and starts to do work!
I/PHService( 126): OperatorBase : ========== Do Work ==============
I/PHService( 126): CpuOperator : [WorkerTask]
I/PHService( 126): CpuOperator : CPU0: Operation (1205000-1205000-ondemand), online: ONLINE(1)
I/PHService( 126): CpuOperator : CPU0: Operation: sampling_rate(10000)
I/PHService( 126): CpuOperator : CPU1: No Operation. Online: AUTO(-1)
I/PHService( 126): CpuOperator : [Apply]
I/PHService( 126): CpuOperator : Operation setting for CPU0 successfully!
E/PHService( 126): SysfsAccess : writing's messed up: /sys/devices/system/cpu/cpu1/online, -1, Invalid argument
W/PHService( 126): CpuOperator : failed to write data 4294967295 to /sys/devices/system/cpu/cpu1/online
E/PHService( 126): CpuOperator : int android::CpuOperator::setCpuOnlineStatus(unsigned int, int*), check failed!!!!
W/PHService( 126): CpuOperator : NULL cpu frequency parameters---cpu unitId: 1
I/PHService( 126): CpuOperator : Operation setting for CPU1 successfully!
I/PHService( 126): CpuOperator :
I/PHService( 126): DdrOperator : [WorkerTask]
I/PHService( 126): DdrOperator : DDR0: Operation: min: 533000, max: 533000, pollinInterval: 50
I/PHService( 126): DdrOperator : [Apply]
I/PHService( 126): DdrOperator : Operation setting for DDR successfully!
I/PHService( 126): DdrOperator :
I/PHService( 126): GpuOperator : [WorkerTask]
I/PHService( 126): GpuOperator : GPU0: Operation (624000-624000-ondemand)
I/PHService( 126): GpuOperator : [Apply]
E/PHService( 126): SysfsAccess : opening's messed up, /sys/devices/platform/galcore/gpu/gpu0/gpufreq/scaling_governor Permission denied
E/PHService( 126): GpuOperator : int android::GpuOperator::setScalingPolicy(android::sp&), check failed!!!!
W/PHService( 126): GpuOperator : Couldn't set constraint for GPU0 (624000-624000-ondemand)
I/PHService( 126): GpuOperator :
I/PHService( 126): ShcmdOperator : [WorkerTask]
I/PHService( 126): ShcmdOperator : Shcmd: Operation: echo disable > /sys/devices/platform/pxa27x-keypad/power/wakeup
I/PHService( 126): ShcmdOperator : [Apply]
I/PHService( 126): HintBase : handleMessage MSG_HANDLE_NORMAL
I/PHService( 126): HintManager : ========== Hint Update ===============
I/PHService( 126): HintManager : ========== Hint Update [Done] ========
I/PHService( 126): PolicyManager : ========== Policy Evaluate [beginning] =====
I/PHService( 126): PowerPolicy : Policy [InputEventMotion] hit status: [0->1]
I/PHService( 126): PolicyManager : Policy [InputEventMotion] status changed. Need to vote.
I/PHService( 126): PolicyManager : ========== Policy Evaluate [end] ===========
I/PHService( 126): PolicyManager : ========== Vote Result [beginning] =========
I/PHService( 126): PolicyManager : Hit policy: [BootComplete]
I/PHService( 126): PolicyManager : Hit policy: [CallIdle]
I/PHService( 126): PolicyManager : Hit policy: [InputEventDefault]
I/PHService( 126): PolicyManager : Hit policy: [InputEventMotion]
I/PHService( 126): PolicyManager : Hit policy: [VideoOff]
I/PHService( 126): PolicyManager : ========== Vote Result [end] ===============
I/PHService( 126): ShcmdOperator : "echo disable > /sys/devices/platform/pxa27x-keypad/power/wakeup" exited with status 1
I/PHService( 126): ShcmdOperator :
I/PHService( 126): VpuOperator : [WorkerTask]
I/PHService( 126): VpuOperator : VPU0: Operation: 416000
I/PHService( 126): VpuOperator : [Apply]
I/PHService( 126): VpuOperator : Operation setting for VPU0 successfully!
I/PHService( 126): VpuOperator :
I/PHService( 126): OperatorBase : ========== Do Work [Done] ========
I/PHService( 126): OperatorManager: ========== Merge Result =================
I/PHService( 126): CpuOperator : [Dump Merged Operation]
I/PHService( 126): CpuOperator : CPU0: Operation (1205000-1205000-ondemand), online: ONLINE(1)
I/PHService( 126): CpuOperator : CPU0: Operation: sampling_rate(10000)
I/PHService( 126): CpuOperator : CPU1: No Operation. Online: AUTO(-1)
I/PHService( 126): CpuOperator :
I/PHService( 126): DdrOperator : [Dump Merged Operation]
I/PHService( 126): DdrOperator : DDR0: Operation: min: 533000, max: 533000, pollinInterval: 50
I/PHService( 126): DdrOperator :
I/PHService( 126): GpuOperator : [Dump Merged Operation]
I/PHService( 126): GpuOperator : GPU0: Operation (624000-624000-ondemand)
I/PHService( 126): GpuOperator :
I/PHService( 126): ShcmdOperator : [Dump Merged Operation]
I/PHService( 126): ShcmdOperator : Shcmd: Operation: echo disable > /sys/devices/platform/pxa27x-keypad/power/wakeup
I/PHService( 126): ShcmdOperator :
I/PHService( 126): VpuOperator : [Dump Merged Operation]
I/PHService( 126): VpuOperator : VPU0: Operation: 416000
I/PHService( 126): VpuOperator :
I/PHService( 126): OperatorManager: ========== Merge Result [Done] ==========
I/PHService( 126): OperatorBase : Try to wake up Worker Operation-Worker_415 Done, Exit!!
I/PHService( 126): OperatorBase : Worker Operation-Worker_415 wakes up and starts to do work!
I/PHService( 126): OperatorBase : ========== Do Work ==============
I/PHService( 126): CpuOperator : [WorkerTask]
I/PHService( 126): CpuOperator : CPU0: Operation (1205000-1205000-ondemand), online: ONLINE(1)
I/PHService( 126): CpuOperator : CPU0: Operation: sampling_rate(10000)
I/PHService( 126): CpuOperator : CPU1: No Operation. Online: AUTO(-1)
I/PHService( 126): CpuOperator : [Apply]
I/PHService( 126): CpuOperator : Operation setting for CPU0 successfully!
E/PHService( 126): SysfsAccess : writing's messed up: /sys/devices/system/cpu/cpu1/online, -1, Invalid argument
W/PHService( 126): CpuOperator : failed to write data 4294967295 to /sys/devices/system/cpu/cpu1/online
E/PHService( 126): CpuOperator : int android::CpuOperator::setCpuOnlineStatus(unsigned int, int*), check failed!!!!
W/PHService( 126): CpuOperator : NULL cpu frequency parameters---cpu unitId: 1
I/PHService( 126): CpuOperator : Operation setting for CPU1 successfully!
I/PHService( 126): CpuOperator :
I/PHService( 126): DdrOperator : [WorkerTask]
I/PHService( 126): DdrOperator : DDR0: Operation: min: 533000, max: 533000, pollinInterval: 50
I/PHService( 126): DdrOperator : [Apply]
I/PHService( 126): DdrOperator : Operation setting for DDR successfully!
I/PHService( 126): DdrOperator :
I/PHService( 126): GpuOperator : [WorkerTask]
I/PHService( 126): GpuOperator : GPU0: Operation (624000-624000-ondemand)
I/PHService( 126): GpuOperator : [Apply]
E/PHService( 126): SysfsAccess : opening's messed up, /sys/devices/platform/galcore/gpu/gpu0/gpufreq/scaling_governor Permission denied
E/PHService( 126): GpuOperator : int android::GpuOperator::setScalingPolicy(android::sp&), check failed!!!!
W/PHService( 126): GpuOperator : Couldn't set constraint for GPU0 (624000-624000-ondemand)
I/PHService( 126): GpuOperator :
I/PHService( 126): ShcmdOperator : [WorkerTask]
I/PHService( 126): ShcmdOperator : Shcmd: Operation: echo disable > /sys/devices/platform/pxa27x-keypad/power/wakeup
I/PHService( 126): ShcmdOperator : [Apply]
I/InputReader( 560): Touch event's action is 0x1 (deviceType=0) [pCnt=1, s=] when=11827208435000
I/InputDispatcher( 560): Delivering touch to: action: 0x1, toolType: 1
I/PHService( 126): ShcmdOperator : "echo disable > /sys/devices/platform/pxa27x-keypad/power/wakeup" exited with status 1
I/PHService( 126): ShcmdOperator :
I/PHService( 126): VpuOperator : [WorkerTask]
I/PHService( 126): VpuOperator : VPU0: Operation: 416000
I/PHService( 126): VpuOperator : [Apply]
I/PHService( 126): VpuOperator : Operation setting for VPU0 successfully!
I/PHService( 126): VpuOperator :
I/PHService( 126): OperatorBase : ========== Do Work [Done] ========
E/DatabaseUtils( 560): Writing exception to parcel
E/DatabaseUtils( 560): java.lang.SecurityException: Permission Denial: get/set setting for user asks to run as user -2 but is calling from user 0; this requires android.permission.INTERACT_ACROSS_USERS_FULL
E/DatabaseUtils( 560): at com.android.server.am.ActivityManagerService.handleIncomingUser(ActivityManagerService.java:15168)
E/DatabaseUtils( 560): at android.app.ActivityManager.handleIncomingUser(ActivityManager.java:2498)
E/DatabaseUtils( 560): at com.android.providers.settings.SettingsProvider.call(SettingsProvider.java:688)
E/DatabaseUtils( 560): at android.content.ContentProvider$Transport.call(ContentProvider.java:325)
E/DatabaseUtils( 560): at android.content.ContentProviderNative.onTransact(ContentProviderNative.java:275)
E/DatabaseUtils( 560): at android.os.Binder.execTransact(Binder.java:404)
E/DatabaseUtils( 560): at dalvik.system.NativeStart.run(Native Method)
W/ActivityManager( 560): Permission Denial: get/set setting for user asks to run as user -2 but is calling from user 0; this requires android.permission.INTERACT_ACROSS_USERS_FULL
I/ServiceManager( 119): Waiting for service com.marvell.FileMonitorService...
I/SpenGestureManager( 560): setFocusWindow21030
D/KeyguardUpdateMonitor( 660): sendKeyguardVisibilityChanged(true)
I/KeyguardUpdateMonitor( 660): visibility is same
D/PointerIcon( 560): setMouseIconStyle1 pointerType: 1001iconType:101 flag:0
D/PointerIcon( 560): setMouseCustomIcon IconType is same.101
E/ViewRootImpl(20475): sendUserActionEvent() mView == null
W/InputMethodManagerService( 560): Window already focused, ignoring focus gain of: com.android.internal.view.IInputMethodClient$Stub$Proxy@42a61c30 attribute=null, token = android.os.BinderProxy@429b6528
D/dalvikvm(20691): Trying to load lib /data/app-lib/com.trend.iphonrtest-1/libti.map.so 0x41dc8e70
D/dalvikvm(20691): Added shared lib /data/app-lib/com.trend.iphonrtest-1/libti.map.so 0x41dc8e70
D/dalvikvm(20691): No JNI_OnLoad found in /data/app-lib/com.trend.iphonrtest-1/libti.map.so 0x41dc8e70, skipping init
D/dalvikvm(20691): Trying to load lib /data/app-lib/com.trend.iphonrtest-1/libti.imagefactory.so 0x41dc8e70
W/linker (20691): libti.imagefactory.so has text relocations. This is wasting memory and is a security risk. Please fix.
D/dalvikvm(20691): Added shared lib /data/app-lib/com.trend.iphonrtest-1/libti.imagefactory.so 0x41dc8e70
D/dalvikvm(20691): No JNI_OnLoad found in /data/app-lib/com.trend.iphonrtest-1/libti.imagefactory.so 0x41dc8e70, skipping init
D/dalvikvm(20691): Trying to load lib /data/app-lib/com.trend.iphonrtest-1/libti.cloudpush.so 0x41dc8e70
W/linker (20691): libti.cloudpush.so has text relocations. This is wasting memory and is a security risk. Please fix.
D/dalvikvm(20691): Added shared lib /data/app-lib/com.trend.iphonrtest-1/libti.cloudpush.so 0x41dc8e70
D/dalvikvm(20691): No JNI_OnLoad found in /data/app-lib/com.trend.iphonrtest-1/libti.cloudpush.so 0x41dc8e70, skipping init
D/dalvikvm(20691): Trying to load lib /data/app-lib/com.trend.iphonrtest-1/libco.il.webe.garbagecollector.so 0x41dc8e70
W/linker (20691): libco.il.webe.garbagecollector.so has text relocations. This is wasting memory and is a security risk. Please fix.
D/dalvikvm(20691): Added shared lib /data/app-lib/com.trend.iphonrtest-1/libco.il.webe.garbagecollector.so 0x41dc8e70
D/dalvikvm(20691): No JNI_OnLoad found in /data/app-lib/com.trend.iphonrtest-1/libco.il.webe.garbagecollector.so 0x41dc8e70, skipping init
D/dalvikvm(20691): Trying to load lib /data/app-lib/com.trend.iphonrtest-1/libfacebook.so 0x41dc8e70
D/dalvikvm(20691): Added shared lib /data/app-lib/com.trend.iphonrtest-1/libfacebook.so 0x41dc8e70
D/dalvikvm(20691): No JNI_OnLoad found in /data/app-lib/com.trend.iphonrtest-1/libfacebook.so 0x41dc8e70, skipping init
I/PHService( 126): HintBase : handleMessage MSG_HANDLE_NORMAL
I/PHService( 126): HintManager : ========== Hint Update ===============
I/PHService( 126): HintManager : ========== Hint Update [Done] ========
I/PHService( 126): PolicyManager : ========== Policy Evaluate [beginning] =====
I/PHService( 126): PowerPolicy : Policy [InputEventMotion] hit status: [1->0]
I/PHService( 126): PolicyManager : Policy [InputEventMotion] status changed. Need to vote.
I/PHService( 126): PolicyManager : ========== Policy Evaluate [end] ===========
I/PHService( 126): PolicyManager : ========== Vote Result [beginning] =========
I/PHService( 126): PolicyManager : Hit policy: [BootComplete]
I/PHService( 126): PolicyManager : Hit policy: [CallIdle]
I/PHService( 126): PolicyManager : Hit policy: [InputEventDefault]
I/PHService( 126): PolicyManager : Hit policy: [VideoOff]
I/PHService( 126): PolicyManager : ========== Vote Result [end] ===============
I/PHService( 126): OperatorManager: ========== Merge Result =================
I/PHService( 126): CpuOperator : [Dump Merged Operation]
I/PHService( 126): CpuOperator : CPU0: Operation (1205000-1205000-ondemand), online: ONLINE(1)
I/PHService( 126): CpuOperator : CPU0: Operation: sampling_rate(10000)
I/PHService( 126): CpuOperator : CPU1: No Operation. Online: AUTO(-1)
I/PHService( 126): CpuOperator :
I/PHService( 126): DdrOperator : [Dump Merged Operation]
I/PHService( 126): DdrOperator : DDR0: Operation: min: 533000, max: 533000, pollinInterval: 50
I/PHService( 126): DdrOperator :
I/PHService( 126): GpuOperator : [Dump Merged Operation]
I/PHService( 126): GpuOperator : GPU0: Operation (624000-624000-ondemand)
I/PHService( 126): GpuOperator :
I/PHService( 126): ShcmdOperator : [Dump Merged Operation]
I/PHService( 126): ShcmdOperator : Shcmd: Operation: echo disable > /sys/devices/platform/pxa27x-keypad/power/wakeup
I/PHService( 126): ShcmdOperator :
I/PHService( 126): VpuOperator : [Dump Merged Operation]
I/PHService( 126): VpuOperator : VPU0: Operation: 416000
I/PHService( 126): VpuOperator :
I/PHService( 126): OperatorManager: ========== Merge Result [Done] ==========
I/PHService( 126): OperatorBase : Try to wake up Worker Operation-Worker_415 Done, Exit!!
I/PHService( 126): OperatorBase : Worker Operation-Worker_415 wakes up and starts to do work!
I/PHService( 126): OperatorBase : ========== Do Work ==============
I/PHService( 126): CpuOperator : [WorkerTask]
I/PHService( 126): CpuOperator : CPU0: Operation (1205000-1205000-ondemand), online: ONLINE(1)
I/PHService( 126): CpuOperator : CPU0: Operation: sampling_rate(10000)
I/PHService( 126): CpuOperator : CPU1: No Operation. Online: AUTO(-1)
I/PHService( 126): CpuOperator : [Apply]
I/PHService( 126): CpuOperator : Operation setting for CPU0 successfully!
E/PHService( 126): SysfsAccess : writing's messed up: /sys/devices/system/cpu/cpu1/online, -1, Invalid argument
W/PHService( 126): CpuOperator : failed to write data 4294967295 to /sys/devices/system/cpu/cpu1/online
E/PHService( 126): CpuOperator : int android::CpuOperator::setCpuOnlineStatus(unsigned int, int*), check failed!!!!
W/PHService( 126): CpuOperator : NULL cpu frequency parameters---cpu unitId: 1
I/PHService( 126): CpuOperator : Operation setting for CPU1 successfully!
I/PHService( 126): CpuOperator :
I/PHService( 126): DdrOperator : [WorkerTask]
I/PHService( 126): DdrOperator : DDR0: Operation: min: 533000, max: 533000, pollinInterval: 50
I/PHService( 126): DdrOperator : [Apply]
I/PHService( 126): DdrOperator : Operation setting for DDR successfully!
I/PHService( 126): DdrOperator :
I/PHService( 126): GpuOperator : [WorkerTask]
I/PHService( 126): GpuOperator : GPU0: Operation (624000-624000-ondemand)
I/PHService( 126): GpuOperator : [Apply]
E/PHService( 126): SysfsAccess : opening's messed up, /sys/devices/platform/galcore/gpu/gpu0/gpufreq/scaling_governor Permission denied
E/PHService( 126): GpuOperator : int android::GpuOperator::setScalingPolicy(android::sp&), check failed!!!!
W/PHService( 126): GpuOperator : Couldn't set constraint for GPU0 (624000-624000-ondemand)
I/PHService( 126): GpuOperator :
I/PHService( 126): ShcmdOperator : [WorkerTask]
I/PHService( 126): ShcmdOperator : Shcmd: Operation: echo disable > /sys/devices/platform/pxa27x-keypad/power/wakeup
I/PHService( 126): ShcmdOperator : [Apply]
I/TiApplication(20709): (main) [299,299] Titanium 3.5.1 (2015/03/05 10:08 96875c9)
W/ActivityManager( 560): Permission Denial: getCurrentUser() from pid=20709, uid=10237 requires android.permission.INTERACT_ACROSS_USERS
I/PHService( 126): ShcmdOperator : "echo disable > /sys/devices/platform/pxa27x-keypad/power/wakeup" exited with status 1
I/PHService( 126): ShcmdOperator :
I/PHService( 126): VpuOperator : [WorkerTask]
I/PHService( 126): VpuOperator : VPU0: Operation: 416000
I/PHService( 126): VpuOperator : [Apply]
I/PHService( 126): VpuOperator : Operation setting for VPU0 successfully!
I/PHService( 126): VpuOperator :
I/PHService( 126): OperatorBase : ========== Do Work [Done] ========
I/PHService( 126): HintBase : handleMessage MSG_HANDLE_NORMAL
I/PHService( 126): HintManager : ========== Hint Update ===============
I/PHService( 126): HintManager : ========== Hint Update [Done] ========
I/PHService( 126): PolicyManager : ========== Policy Evaluate [beginning] =====
I/PHService( 126): PowerPolicy : Policy [InputEventDefault] hit status: [1->0]
I/PHService( 126): PolicyManager : Policy [InputEventDefault] status changed. Need to vote.
I/PHService( 126): PolicyManager : ========== Policy Evaluate [end] ===========
I/PHService( 126): PolicyManager : ========== Vote Result [beginning] =========
I/PHService( 126): PolicyManager : Hit policy: [BootComplete]
I/PHService( 126): PolicyManager : Hit policy: [CallIdle]
I/PHService( 126): PolicyManager : Hit policy: [VideoOff]
I/PHService( 126): PolicyManager : ========== Vote Result [end] ===============
I/PHService( 126): OperatorManager: ========== Merge Result =================
I/PHService( 126): CpuOperator : [Dump Merged Operation]
I/PHService( 126): CpuOperator : CPU0: Operation (312000-1205000-ondemand), online: AUTO(-1)
I/PHService( 126): CpuOperator : CPU0: Operation: sampling_rate(10000)
I/PHService( 126): CpuOperator : CPU1: No Operation. Online: AUTO(-1)
I/PHService( 126): CpuOperator :
I/PHService( 126): DdrOperator : [Dump Merged Operation]
I/PHService( 126): DdrOperator : DDR0: Operation: min: 156000, max: 533000, pollinInterval: 50
I/PHService( 126): DdrOperator :
I/PHService( 126): GpuOperator : [Dump Merged Operation]
I/PHService( 126): GpuOperator : GPU0: Operation (156000-624000-ondemand)
I/PHService( 126): GpuOperator :
I/PHService( 126): ShcmdOperator : [Dump Merged Operation]
I/PHService( 126): ShcmdOperator : Shcmd: Operation: echo disable > /sys/devices/platform/pxa27x-keypad/power/wakeup
I/PHService( 126): ShcmdOperator :
I/PHService( 126): VpuOperator : [Dump Merged Operation]
I/PHService( 126): VpuOperator : VPU0: Operation: 416000
I/PHService( 126): VpuOperator :
I/PHService( 126): OperatorManager: ========== Merge Result [Done] ==========
I/PHService( 126): OperatorBase : Try to wake up Worker Operation-Worker_415 Done, Exit!!
I/PHService( 126): OperatorBase : Worker Operation-Worker_415 wakes up and starts to do work!
I/PHService( 126): OperatorBase : ========== Do Work ==============
I/PHService( 126): CpuOperator : [WorkerTask]
I/PHService( 126): CpuOperator : CPU0: Operation (312000-1205000-ondemand), online: AUTO(-1)
I/PHService( 126): CpuOperator : CPU0: Operation: sampling_rate(10000)
I/PHService( 126): CpuOperator : CPU1: No Operation. Online: AUTO(-1)
D/KeyguardUpdateMonitor( 660): sendKeyguardVisibilityChanged(true)
I/KeyguardUpdateMonitor( 660): visibility is same
I/SurfaceFlinger( 116): id=166 Removed UiActivity (11/12)
I/SurfaceFlinger( 116): id=166 Removed UiActivity (-2/12)
D/KeyguardUpdateMonitor( 660): sendKeyguardVisibilityChanged(true)
I/KeyguardUpdateMonitor( 660): visibility is same
I/PHService( 126): CpuOperator : [Apply]
I/PHService( 126): CpuOperator : Operation setting for CPU0 successfully!
W/PHService( 126): CpuOperator : NULL cpu frequency parameters---cpu unitId: 1
I/PHService( 126): CpuOperator : Operation setting for CPU1 successfully!
I/PHService( 126): CpuOperator :
I/PHService( 126): DdrOperator : [WorkerTask]
I/PHService( 126): DdrOperator : DDR0: Operation: min: 156000, max: 533000, pollinInterval: 50
I/PHService( 126): DdrOperator : [Apply]
I/PHService( 126): DdrOperator : Operation setting for DDR successfully!
I/PHService( 126): DdrOperator :
I/PHService( 126): GpuOperator : [WorkerTask]
I/PHService( 126): GpuOperator : GPU0: Operation (156000-624000-ondemand)
I/PHService( 126): GpuOperator : [Apply]
E/PHService( 126): SysfsAccess : opening's messed up, /sys/devices/platform/galcore/gpu/gpu0/gpufreq/scaling_governor Permission denied
E/PHService( 126): GpuOperator : int android::GpuOperator::setScalingPolicy(android::sp&), check failed!!!!
W/PHService( 126): GpuOperator : Couldn't set constraint for GPU0 (156000-624000-ondemand)
I/PHService( 126): GpuOperator :
I/PHService( 126): ShcmdOperator : [WorkerTask]
I/PHService( 126): ShcmdOperator : Shcmd: Operation: echo disable > /sys/devices/platform/pxa27x-keypad/power/wakeup
I/PHService( 126): ShcmdOperator : [Apply]
D/KeyguardUpdateMonitor( 660): sendKeyguardVisibilityChanged(true)
I/KeyguardUpdateMonitor( 660): visibility is same
I/PHService( 126): ShcmdOperator : "echo disable > /sys/devices/platform/pxa27x-keypad/power/wakeup" exited with status 1
I/PHService( 126): ShcmdOperator :
I/PHService( 126): VpuOperator : [WorkerTask]
I/PHService( 126): VpuOperator : VPU0: Operation: 416000
I/PHService( 126): VpuOperator : [Apply]
I/PHService( 126): VpuOperator : Operation setting for VPU0 successfully!
I/PHService( 126): VpuOperator :
I/PHService( 126): OperatorBase : ========== Do Work [Done] ========
D/dalvikvm(20709): Trying to load lib /data/app-lib/com.am.csemrm.Fever-2/libstlport_shared.so 0x41dc9930
D/dalvikvm(20709): Added shared lib /data/app-lib/com.am.csemrm.Fever-2/libstlport_shared.so 0x41dc9930
D/dalvikvm(20709): No JNI_OnLoad found in /data/app-lib/com.am.csemrm.Fever-2/libstlport_shared.so 0x41dc9930, skipping init
D/dalvikvm(20709): Trying to load lib /data/app-lib/com.am.csemrm.Fever-2/libkroll-v8.so 0x41dc9930
D/dalvikvm(20709): Added shared lib /data/app-lib/com.am.csemrm.Fever-2/libkroll-v8.so 0x41dc9930
D/dalvikvm(20709): Trying to load lib /data/app-lib/com.am.csemrm.Fever-2/libtiverify.so 0x41dc9930
W/linker (20709): libtiverify.so has text relocations. This is wasting memory and is a security risk. Please fix.
D/dalvikvm(20709): Added shared lib /data/app-lib/com.am.csemrm.Fever-2/libtiverify.so 0x41dc9930
I/TiApplication(20709): (main) [327,626] Titanium Javascript runtime: v8
D/dalvikvm(20709): GC_CONCURRENT freed 1444K, 44% free 4277K/7552K, paused 2ms+8ms, total 69ms
I/ActivityManager( 560): Killing 19838:com.sec.android.widgetapp.programmonitorwidget/u0a107 (adj 15): empty #28
I/ActivityManager( 560): Killing 20216:com.sec.android.widgetapp.dualclockdigital/u0a92 (adj 15): empty #29
I/TiApplication(20733): (main) [0,0] checkpoint, app created.
I/ServiceManager( 119): Waiting for service com.marvell.FileMonitorService...
W/V8Object(20709): (KrollRuntimeThread) [586,1212] Runtime disposed, cannot set property 'userAgent'
D/dalvikvm(20709): Trying to load lib /data/app-lib/com.am.csemrm.Fever-2/libti.paypal.so 0x41dc9930
D/dalvikvm(20709): Added shared lib /data/app-lib/com.am.csemrm.Fever-2/libti.paypal.so 0x41dc9930
D/dalvikvm(20709): No JNI_OnLoad found in /data/app-lib/com.am.csemrm.Fever-2/libti.paypal.so 0x41dc9930, skipping init
D/dalvikvm(20709): Trying to load lib /data/app-lib/com.am.csemrm.Fever-2/libti.cloudpush.so 0x41dc9930
W/linker (20709): libti.cloudpush.so has text relocations. This is wasting memory and is a security risk. Please fix.
D/dalvikvm(20709): Added shared lib /data/app-lib/com.am.csemrm.Fever-2/libti.cloudpush.so 0x41dc9930
D/dalvikvm(20709): No JNI_OnLoad found in /data/app-lib/com.am.csemrm.Fever-2/libti.cloudpush.so 0x41dc9930, skipping init
D/dalvikvm(20733): GC_CONCURRENT freed 1483K, 44% free 4308K/7612K, paused 2ms+2ms, total 26ms
D/dalvikvm(20733): WAIT_FOR_CONCURRENT_GC blocked 6ms
I/TiApplication(20733): (main) [433,433] Titanium 3.5.1 (2015/03/05 10:08 96875c9)
W/ActivityManager( 560): Permission Denial: getCurrentUser() from pid=20733, uid=10121 requires android.permission.INTERACT_ACROSS_USERS
D/dalvikvm(20733): GC_FOR_ALLOC freed 367K, 43% free 4346K/7612K, paused 18ms, total 18ms
I/dalvikvm-heap(20733): Grow heap (frag case) to 8.541MB for 2642282-byte allocation
D/dalvikvm(20733): GC_FOR_ALLOC freed <1K, 33% free 6927K/10196K, paused 19ms, total 19ms
I/ServiceManager( 119): Waiting for service com.marvell.FileMonitorService...
D/dalvikvm(20733): Trying to load lib /data/app-lib/com.ea.EngagementAgents-2/libstlport_shared.so 0x41dcae20
D/dalvikvm(20733): Added shared lib /data/app-lib/com.ea.EngagementAgents-2/libstlport_shared.so 0x41dcae20
D/dalvikvm(20733): No JNI_OnLoad found in /data/app-lib/com.ea.EngagementAgents-2/libstlport_shared.so 0x41dcae20, skipping init
D/dalvikvm(20733): Trying to load lib /data/app-lib/com.ea.EngagementAgents-2/libkroll-v8.so 0x41dcae20
D/dalvikvm(20733): Added shared lib /data/app-lib/com.ea.EngagementAgents-2/libkroll-v8.so 0x41dcae20
D/dalvikvm(20733): Trying to load lib /data/app-lib/com.ea.EngagementAgents-2/libtiverify.so 0x41dcae20
W/linker (20733): libtiverify.so has text relocations. This is wasting memory and is a security risk. Please fix.
D/dalvikvm(20733): Added shared lib /data/app-lib/com.ea.EngagementAgents-2/libtiverify.so 0x41dcae20
I/TiApplication(20733): (main) [777,1210] Titanium Javascript runtime: v8
D/TiFacebookModule(20733): (main) [83,1293] Facebook module using SDK version 3.23.0
D/GarbageCollectorModule(20733): (main) [1,1294] <<< GarbageCollector Appcelerator Android Module by WEBe.co.il >>>
D/GoogleAnalyticsModule(20733): inside onAppCreate
I/ActivityManager( 560): Killing 20183:com.sec.android.widgetapp.at.hero.accuweather/u0a43 (adj 15): empty #26
I/ActivityManager( 560): Killing 20234:com.sec.android.app.controlpanel/u0a106 (adj 15): empty #27
I/ActivityManager( 560): Killing 20328:com.android.defcontainer/u0a19 (adj 15): empty #24
I/ActivityManager( 560): Killing 19820:com.instagram.android/u0a160 (adj 15): empty #25
I/ActivityManager( 560): Killing 20442:com.android.keychain/1000 (adj 15): empty #22
I/ActivityManager( 560): Killing 20354:com.sec.esdk.elm/u0a187 (adj 15): empty #23
D/CMBaseReceiver(20530): com.ijinshan.cleaner.receiver.UninstallBroadcastReceiver 66ms
V/ConfigFetchTask( 1191): ConfigFetchTask getDeviceDataVersionInfo(): ABFEt1VkVCaoZyRtbW5_VIk0m4JVOQqalszumDn939i1QuLkn-pqUsbVBamap8j-9MsDfZHpM_BlsttpXKG2H9d8ZHLN2JIeFr-WOY2oDAtmSHqPt_x40o1hdI9wuEo4HTdRjvuWXoIfAnFXhe9AAs8CoeYVPMYpmQ8C6km9Uw80yPuiE4A0DjnmgAjHsNlqoKeE_54TRqqN
I/cm.log.servpro( 2862): [InstallMonitorReceiver][D]/ scanRemainFile
I/cm.log.servpro( 2862): [ScanRequestCallback][D]/ setStatus: SCANNING
I/GoogleURLConnFactory( 1191): Using platform SSLCertificateSocketFactory
I/AppCategory( 2862): com.bd.pushAI: unknown
W/V8Object(20733): (KrollRuntimeThread) [519,1813] Runtime disposed, cannot set property 'userAgent'
I/cm.log.servpro( 2862): [SFLS]/ ChkSparseFileLimitSize:20971520
I/cm.log.servpro( 2862): [VerInfo]/ CMVersion: 51062134 msver: 1509031754 Root: false FilterVer: 2015.01.07.1400 TaskName: JunkEngine
I/cm.log.servpro( 2862): [JunkEngine][D]/ Scan_std : JunkScan Start Scan
D/CMBaseReceiver( 2862): com.cleanmaster.security.scan.InstallMonitorReceiver 293ms
D/CMBaseReceiver( 2862): com.cleanmaster.ui.game.sdk_evasion.InstallMonitorReceiver 1ms
I/PCWCLIENTTRACE_PushUtil(20393): SPPPushClient is installed : true
I/PCWCLIENTTRACE_PushUtil(20393): sales region : global
I/PCWCLIENTTRACE_PushUtil(20393): getPushTypeList : [SPP, GCM]
I/PCWCLIENTTRACE_SYSTEMReceiver(20393): [onReceive] - android.intent.action.PACKAGE_REPLACED
D/PCWCLIENTTRACE_SYSTEMReceiver(20393): ACTION_PACKAGE_REPLACED_START
I/SA (20406): [PMR] Received action : android.intent.action.PACKAGE_REPLACED
I/SA (20406): [SUR] onReceive log=[SA = 1.5.0375 V = 19 HWD = 1024X600 1.0 dpi = 160 SIZE = 3 LOCALE = en_US CSC = XAR MCC = 0 MNC 0 T = user DEVICE = lt02wifi P = lt02wifiue I = KOT49H M = SM-T210R OKLEFT false DIS KOT49H.T210RUEU0COB1 PSS = 7.022689015665025 ]
I/SA (20406): [SUR] onReceive Intent=[ action_PACKAGE_REPLACED package ]
D/dalvikvm(20733): Trying to load lib /data/app-lib/com.ea.EngagementAgents-2/libti.imagefactory.so 0x41dcae20
W/linker (20733): libti.imagefactory.so has text relocations. This is wasting memory and is a security risk. Please fix.
D/dalvikvm(20733): Added shared lib /data/app-lib/com.ea.EngagementAgents-2/libti.imagefactory.so 0x41dcae20
D/dalvikvm(20733): No JNI_OnLoad found in /data/app-lib/com.ea.EngagementAgents-2/libti.imagefactory.so 0x41dcae20, skipping init
D/dalvikvm(20733): Trying to load lib /data/app-lib/com.ea.EngagementAgents-2/libanalytics.google.so 0x41dcae20
D/dalvikvm(20733): Added shared lib /data/app-lib/com.ea.EngagementAgents-2/libanalytics.google.so 0x41dcae20
D/dalvikvm(20733): No JNI_OnLoad found in /data/app-lib/com.ea.EngagementAgents-2/libanalytics.google.so 0x41dcae20, skipping init
D/dalvikvm(20733): Trying to load lib /data/app-lib/com.ea.EngagementAgents-2/libco.il.webe.garbagecollector.so 0x41dcae20
W/linker (20733): libco.il.webe.garbagecollector.so has text relocations. This is wasting memory and is a security risk. Please fix.
D/dalvikvm(20733): Added shared lib /data/app-lib/com.ea.EngagementAgents-2/libco.il.webe.garbagecollector.so 0x41dcae20
D/dalvikvm(20733): No JNI_OnLoad found in /data/app-lib/com.ea.EngagementAgents-2/libco.il.webe.garbagecollector.so 0x41dcae20, skipping init
D/dalvikvm(20733): Trying to load lib /data/app-lib/com.ea.EngagementAgents-2/libti.cloudpush.so 0x41dcae20
W/linker (20733): libti.cloudpush.so has text relocations. This is wasting memory and is a security risk. Please fix.
D/dalvikvm(20733): Added shared lib /data/app-lib/com.ea.EngagementAgents-2/libti.cloudpush.so 0x41dcae20
D/dalvikvm(20733): No JNI_OnLoad found in /data/app-lib/com.ea.EngagementAgents-2/libti.cloudpush.so 0x41dcae20, skipping init
D/dalvikvm(20733): Trying to load lib /data/app-lib/com.ea.EngagementAgents-2/libfacebook.so 0x41dcae20
D/dalvikvm( 2862): GC_CONCURRENT freed 1623K, 54% free 6376K/13812K, paused 13ms+9ms, total 106ms
D/dalvikvm( 2862): WAIT_FOR_CONCURRENT_GC blocked 82ms
D/dalvikvm(20733): Added shared lib /data/app-lib/com.ea.EngagementAgents-2/libfacebook.so 0x41dcae20
D/dalvikvm(20733): No JNI_OnLoad found in /data/app-lib/com.ea.EngagementAgents-2/libfacebook.so 0x41dcae20, skipping init
I/ServiceManager( 119): Waiting for service com.marvell.FileMonitorService...
D/STATUSBAR-NetworkController( 660): refreshSignalCluster - setNWBoosterIndicators(false)
D/STATUSBAR-NetworkController( 660): refreshSignalCluster: data=-1 bt=false
D/STATUSBAR-IconMerger( 660): checkOverflow(420), More:false, Req:false Child:2
I/cm.log.servpro( 2862): [TB]/ (915)(A)start: UpdateFilterListWaitTask
I/cm.log.servpro( 2862): [TB]/ (915)(A)end: UpdateFilterListWaitTask
I/cm.log.servpro( 2862): [TB]/ (916)(A)start: ApkScanTask
I/ConfigFetchService( 1191): fetch service done; releasing wakelock
I/ConfigFetchService( 1191): stopping self
I/ActivityManager( 560): Killing 20422:com.sec.android.service.cm/u0a10 (adj 15): empty #21
I/ActivityManager( 560): Killing 20562:com.google.android.partnersetup/u0a36 (adj 15): empty #22
I/ActivityManager( 560): Killing 19901:com.sec.android.gallery3d/u0a85 (adj 15): empty #23
I/cm.log.servpro( 2862): [apkstest][D]/ apk:/storage/emulated/0/TCD/GP_Robot.apk
I/cm.log.servpro( 2862): [apkstest][D]/ apk:/storage/emulated/0/APK/test_4_1_0_GA.apk
I/cm.log.servpro( 2862): [apkstest][D]/ apk:/storage/emulated/0/APK/KO_sigalg_SHA256withRSA.apk
I/dalvikvm(20770): Could not find method android.os.PowerManager.isInteractive, referenced from method com.google.apps.dots.android.newsstand.util.AndroidUtil.isDeviceInteractive
W/dalvikvm(20770): VFY: unable to resolve virtual method 1347: Landroid/os/PowerManager;.isInteractive ()Z
D/dalvikvm(20770): VFY: replacing opcode 0x6e at 0x000a
I/dalvikvm(20770): Could not find method android.accounts.AccountManager.getPreviousName, referenced from method com.google.apps.dots.android.newsstand.auth.AccountManagerDelegate.getPreviousName
W/dalvikvm(20770): VFY: unable to resolve virtual method 9: Landroid/accounts/AccountManager;.getPreviousName (Landroid/accounts/Account;)Ljava/lang/String;
D/dalvikvm(20770): VFY: replacing opcode 0x6e at 0x0002
I/dalvikvm(20770): Could not find method android.os.Environment.isExternalStorageEmulated, referenced from method com.google.apps.dots.android.newsstand.diskcache.StorageHelper.isExternalStorageEmulated
W/dalvikvm(20770): VFY: unable to resolve static method 1233: Landroid/os/Environment;.isExternalStorageEmulated (Ljava/io/File;)Z
D/dalvikvm(20770): VFY: replacing opcode 0x71 at 0x0009
E/cutils ( 111): Failed to mkdirat(/storage/extSdCard/Android): Read-only file system
W/ContextImpl(20770): Failed to ensure directory: /storage/extSdCard/Android/data/com.google.android.apps.magazines/cache
W/Vold ( 111): Returning OperationFailed - no handler for errno 30
E/cutils ( 111): Failed to mkdirat(/storage/extSdCard/Android): Read-only file system
W/ContextImpl(20770): Failed to ensure directory: /storage/extSdCard/Android/data/com.google.android.apps.magazines/files
W/Vold ( 111): Returning OperationFailed - no handler for errno 30
E/cutils ( 111): Failed to mkdirat(/storage/extSdCard/Android): Read-only file system
W/ContextImpl(20770): Failed to ensure directory: /storage/extSdCard/Android/data/com.google.android.apps.magazines/cache
E/cutils ( 111): Failed to mkdirat(/storage/extSdCard/Android): Read-only file system
W/Vold ( 111): Returning OperationFailed - no handler for errno 30
W/Vold ( 111): Returning OperationFailed - no handler for errno 30
W/ContextImpl(20770): Failed to ensure directory: /storage/extSdCard/Android/data/com.google.android.apps.magazines/files
I/dalvikvm(20770): Could not find method android.content.pm.PackageManager.getPackageInstaller, referenced from method com.google.android.gms.common.GooglePlayServicesUtil.zzl
W/dalvikvm(20770): VFY: unable to resolve virtual method 536: Landroid/content/pm/PackageManager;.getPackageInstaller ()Landroid/content/pm/PackageInstaller;
D/dalvikvm(20770): VFY: replacing opcode 0x6e at 0x000b
I/GAv4 (20770): Google Analytics 7.5.71 is starting up. To enable debug logging on a device run:
I/GAv4 (20770): adb shell setprop log.tag.GAv4 DEBUG
I/GAv4 (20770): adb logcat -s GAv4
W/GAv4 (20770): AnalyticsReceiver is not registered or is disabled. Register the receiver for reliable dispatching on non-Google Play devices. See http://goo.gl/8Rd3yj for instructions.
W/GAv4 (20770): CampaignTrackingReceiver is not registered, not exported or is disabled. Installation campaign tracking is not possible. See http://goo.gl/8Rd3yj for instructions.
W/GAv4 (20770): AnalyticsService not registered in the app manifest. Hits might not be delivered reliably. See http://goo.gl/8Rd3yj for instructions.
W/ ( 119): FileMonitorService not published, waiting...
I/dalvikvm(20770): Could not find method android.os.PowerManager.isPowerSaveMode, referenced from method com.google.apps.dots.android.newsstand.net.NSConnectivityManager.isPowerSaveMode
W/dalvikvm(20770): VFY: unable to resolve virtual method 1348: Landroid/os/PowerManager;.isPowerSaveMode ()Z
D/dalvikvm(20770): VFY: replacing opcode 0x6e at 0x000e
I/cm.log.servpro( 2862): [APKS]/ Find apks:3
I/cm.log.servpro( 2862): [taskTime]/ model=&fonum=0&stime=1253&scanid=732713872&finum_total=2261&size=41877889&stype=8&finum=3&brand=&api=0&ftime=594&etype=0&user=1&first=0&net_time_cfg=0&fonum_total=391
I/cm.log.servpro( 2862): [JunkEngine][D]/ Scan_std : Junk Scan End
I/cm.log.servpro( 2862): [TB]/ (916)(A)end: ApkScanTask
I/cm.log.servpro( 2862): [InstallMonitorReceiver][D]/ OnScanApkFinsh
I/ServiceManager( 119): Waiting for service com.marvell.FileMonitorService...
V/WebViewChromium(20770): Binding Chromium to the main looper Looper (main, tid 1) {41dc6b08}
I/chromium(20770): [INFO:library_loader_hooks.cc(112)] Chromium logging enabled: level = 0, default verbosity = 0
I/BrowserProcessMain(20770): Initializing chromium process, renderers=0
D/STATUSBAR-NetworkController( 660): refreshSignalCluster - setNWBoosterIndicators(false)
D/STATUSBAR-NetworkController( 660): refreshSignalCluster: data=-1 bt=false
W/chromium(20770): [WARNING:proxy_service.cc(888)] PAC support disabled because there is no system implementation
D/STATUSBAR-IconMerger( 660): checkOverflow(420), More:false, Req:false Child:2
D/GC (20770): OES20 ===> GC Version : GC Ver rls_pxa988_KK44_GC13.20
D/GC (20770):
I/NSApplication(20770): Starting up...
W/ActivityManager( 560): Permission Denial: getCurrentUser() from pid=20770, uid=10048 requires android.permission.INTERACT_ACROSS_USERS
D/BatteryService( 560): level:28, scale:100, status:3, health:2, present:true, voltage: 3742, temperature: 343, technology: Li-ion, AC powered:false, USB powered:true, Wireless powered:false, icon:17303538, invalid charger:0, online:4, current avg:-76, charge type:0, power sharing:false
D/BatteryService( 560): Sending ACTION_BATTERY_CHANGED.
I/ActivityManager( 560): Killing 19954:com.google.android.apps.plus/u0a64 (adj 15): empty #18
I/ActivityManager( 560): Killing 20456:com.sec.spp.push:RemoteNotiProcess/u0a70 (adj 15): empty #19
I/ActivityManager( 560): Killing 19941:com.sec.android.app.FileShareServer/u0a84 (adj 15): empty #20
D/CMBaseReceiver( 2862): com.cleanmaster.login.bindphone.mobileinfo.h 0ms
D/KeyguardUpdateMonitor( 660): received broadcast android.intent.action.BATTERY_CHANGED
D/KeyguardUpdateMonitor( 660): handleBatteryUpdate
D/Brightness(13603): mIntentReceiver.onReceive: action=android.intent.action.BATTERY_CHANGED, intent=Intent { act=android.intent.action.BATTERY_CHANGED flg=0x60000010 (has extras) }
D/MainActivityBaseUi.java(13603): in brightness disabled on critical battery low
I/ActivityManager( 560): Killing 20028:com.google.android.gms.wearable/u0a14 (adj 15): empty #16
I/ActivityManager( 560): Killing 19984:com.android.vending/u0a63 (adj 15): empty #17
I/ServiceManager( 119): Waiting for service com.marvell.FileMonitorService...
D/CMASMessage( 660): [update] mShowingCMASText is false
D/CMASMessage( 660): CMASIcon was GONE :
D/STATUSBAR-PhoneStatusBar( 660): mBrightnessEnablebySettings = true mBrightnessEnablebyBattery = true mBrightnessEnablebyDisableFlag = true mPmsBrightnessEnablebySettings = true
D/BatteryMeterView( 660): ACTION_BATTERY_CHANGED : level:28 status:3 health:2
D/STATUSBAR-IconMerger( 660): checkOverflow(420), More:false, Req:false Child:2
W/dalvikvm(20770): VFY: unable to find class referenced in signature (Landroid/net/Network;)
I/dalvikvm(20770): Could not find method android.net.Network.openConnection, referenced from method com.google.android.gms.http.GoogleURLConnectionFactory.openConnection
W/dalvikvm(20770): VFY: unable to resolve virtual method 1110: Landroid/net/Network;.openConnection (Ljava/net/URL;)Ljava/net/URLConnection;
D/dalvikvm(20770): VFY: replacing opcode 0x6e at 0x00a0
E/NetworkScheduler.SchedulerReceiver( 880): Invalid parameter app
E/NetworkScheduler.SchedulerReceiver( 880): Invalid package name : Perhaps you didn't include a PendingIntent in the extras?
W/dalvikvm(20770): Refusing to reopen boot DEX '/system/framework/com.android.location.provider.jar'
D/PackageBroadcastService( 1191): Received broadcast action=android.intent.action.PACKAGE_REPLACED and uri=com.bd.pushAI
D/ChimeraCfgMgr( 1191): Loading module com.google.android.gms.vision from APK com.google.android.gms
D/Vision ( 1191): Received broadcast Intent { act=android.intent.action.PACKAGE_REPLACED dat=package:com.bd.pushAI flg=0x4000010 cmp=com.google.android.gms/.vision.DependencyBroadcastReceiverProxy (has extras) }
D/Vision ( 1191): No vision deps
D/STATUSBAR-NetworkController( 660): refreshSignalCluster - setNWBoosterIndicators(false)
D/STATUSBAR-NetworkController( 660): refreshSignalCluster: data=-1 bt=false
D/STATUSBAR-IconMerger( 660): checkOverflow(420), More:false, Req:false Child:2
D/dalvikvm(20770): DexOpt: couldn't find field Landroid/content/pm/ApplicationInfo;.splitSourceDirs
W/dalvikvm(20770): VFY: unable to resolve instance field 61
D/dalvikvm(20770): VFY: replacing opcode 0x54 at 0x0054
D/dalvikvm(20770): DexOpt: couldn't find static field Landroid/os/Build;.SUPPORTED_ABIS
W/dalvikvm(20770): VFY: unable to resolve static field 156 (SUPPORTED_ABIS) in Landroid/os/Build;
D/dalvikvm(20770): VFY: replacing opcode 0x62 at 0x0067
D/dalvikvm(20770): DexOpt: couldn't find static field Landroid/os/Build;.SUPPORTED_ABIS
W/dalvikvm(20770): VFY: unable to resolve static field 156 (SUPPORTED_ABIS) in Landroid/os/Build;
D/dalvikvm(20770): VFY: replacing opcode 0x62 at 0x000a
D/dalvikvm(20770): DexOpt: couldn't find field Landroid/content/pm/ApplicationInfo;.splitSourceDirs
I/dalvikvm(20770): DexOpt: unable to optimize instance field ref 0x003d at 0x58 in Lcom/google/android/gms/common/util/ax;.a
D/dalvikvm(20770): Trying to load lib /data/app-lib/com.google.android.gms-11/libgmscore.so 0x41f71ff8
D/dalvikvm(20770): Added shared lib /data/app-lib/com.google.android.gms-11/libgmscore.so 0x41f71ff8
D/dalvikvm(20770): No JNI_OnLoad found in /data/app-lib/com.google.android.gms-11/libgmscore.so 0x41f71ff8, skipping init
D/dalvikvm(20770): Trying to load lib /data/app-lib/com.google.android.gms-11/libconscrypt_gmscore_jni.so 0x41f71ff8
D/dalvikvm(20770): Added shared lib /data/app-lib/com.google.android.gms-11/libconscrypt_gmscore_jni.so 0x41f71ff8
V/JNIHelp (20770): Registering com/google/android/gms/org/conscrypt/NativeCrypto's 227 native methods...
D/dalvikvm(20770): Trying to load lib /data/app-lib/com.google.android.gms-11/libgmscore.so 0x41f71ff8
D/dalvikvm(20770): Shared lib '/data/app-lib/com.google.android.gms-11/libgmscore.so' already loaded in same CL 0x41f71ff8
W/ActivityManager( 560): Permission Denial: getCurrentUser() from pid=20832, uid=10160 requires android.permission.INTERACT_ACROSS_USERS
D/dalvikvm(20770): Trying to load lib /data/app-lib/com.google.android.gms-11/libconscrypt_gmscore_jni.so 0x41f71ff8
D/dalvikvm(20770): Shared lib '/data/app-lib/com.google.android.gms-11/libconscrypt_gmscore_jni.so' already loaded in same CL 0x41f71ff8
I/ServiceManager( 119): Waiting for service com.marvell.FileMonitorService...
D/dalvikvm(20832): Trying to load lib /data/app-lib/com.instagram.android-17/libgnustl_shared.so 0x41dcda80
D/dalvikvm(20832): Added shared lib /data/app-lib/com.instagram.android-17/libgnustl_shared.so 0x41dcda80
D/dalvikvm(20832): No JNI_OnLoad found in /data/app-lib/com.instagram.android-17/libgnustl_shared.so 0x41dcda80, skipping init
D/dalvikvm(20832): Trying to load lib /data/app-lib/com.instagram.android-17/libbreakpad.so 0x41dcda80
D/dalvikvm(20832): Added shared lib /data/app-lib/com.instagram.android-17/libbreakpad.so 0x41dcda80
D/dalvikvm(20832): Trying to load lib /data/app-lib/com.instagram.android-17/libscrambler.so 0x41dcda80
D/dalvikvm(20832): Added shared lib /data/app-lib/com.instagram.android-17/libscrambler.so 0x41dcda80
D/dalvikvm(20832): Trying to load lib /data/app-lib/com.instagram.android-17/libstrings.so 0x41dcda80
D/dalvikvm(20832): Added shared lib /data/app-lib/com.instagram.android-17/libstrings.so 0x41dcda80
D/dalvikvm(20832): No JNI_OnLoad found in /data/app-lib/com.instagram.android-17/libstrings.so 0x41dcda80, skipping init
D/dalvikvm(20770): GC_CONCURRENT freed 1610K, 46% free 4077K/7512K, paused 6ms+4ms, total 57ms
I/ProviderInstaller(20770): Installed default security provider GmsCore_OpenSSL
W/MagazinesUserContentService(20770): Failure getting a ClientConfig, we will not fetch MyOffers or MyMagazines.
I/SensorManagerA( 812): getReportingMode :: sensor.mType = 1
D/SensorHal( 560): setDelay, handle: 1598182229 delay: 20000000
I/SensorHal( 560): set delay of to 20ms
D/SensorManager( 812): registerListener :: 1598182229, BOSCH BMC150 Acceleration Sensor, 20000, 0,
W/ActivityManager( 560): Permission Denial: getCurrentUser() from pid=20850, uid=10107 requires android.permission.INTERACT_ACROSS_USERS
V/TaskCloserActivity(20850): TaskCloserActivity enter()
E/Qmage (20850): onDecode : QmageDecodeFrame 20140421 Rev.6376
E/Qmage (20850): This is decoding
E/Qmage (20850): decoding stream->hasLength()
E/Qmage (20850): onDecode : QmageDecParseHeader call : QM
E/Qmage (20850): Qmage parsing for decoding ok
E/Qmage (20850): onDecode : QmageHeader.NinePatched 0
E/Qmage (20850): onDecode : QmageHeader Height() 156 Width() : 256 sampleSize : 1
E/Qmage (20850): Qmage Make Color table
E/Qmage (20850): SkBitmap::kIndex8_Config == config && 1 == sampleSize
D/STATUSBAR-NetworkController( 660): refreshSignalCluster - setNWBoosterIndicators(false)
D/STATUSBAR-NetworkController( 660): refreshSignalCluster: data=-1 bt=false
E/Qmage (20850): onDecode : return true QM
