11-03 11:31:39.927: I/TiAPI(2410): Ti.Media.hasCameraPermissions false
11-03 11:31:39.929: I/ActivityManager(786): START u0 {act=android.content.pm.action.REQUEST_PERMISSIONS pkg=com.android.packageinstaller cmp=com.android.packageinstaller/.permission.ui.GrantPermissionsActivity (has extras)} from uid 10129 on display 0
11-03 11:31:40.051: I/Keyboard.Facilitator(1204): onFinishInput()
11-03 11:31:40.068: I/ActivityManager(786): Displayed com.android.packageinstaller/.permission.ui.GrantPermissionsActivity: +131ms
11-03 11:31:41.983: D/audio_hw_primary(197): out_set_parameters: enter: usecase(1: low-latency-playback) kvpairs: routing=2
11-03 11:31:41.986: V/GmsNetworkLocationProvi(5463): onSetRequest: ProviderRequestUnbundled, reportLocation is true and interval is 86400000
11-03 11:31:41.986: I/ActivityManager(786): Killing 2410:com.appcelerator.sample.ti510/u0a129 (adj 1): permissions revoked
11-03 11:31:41.986: V/GmsNetworkLocationProvi(5463): SET-REQUEST
11-03 11:31:41.986: V/GmsNetworkLocationProvi(5463): in Handler: ProviderRequestUnbundled, reportLocation is true and interval is 86400000
11-03 11:31:42.004: I/WindowState(786): WIN DEATH: Window{a1abfec u0 com.appcelerator.sample.ti510/org.appcelerator.titanium.TiActivity}
11-03 11:31:42.007: D/GraphicsStats(786): Buffer count: 6
11-03 11:31:42.007: I/WindowState(786): WIN DEATH: Window{d48a697 u0 com.appcelerator.sample.ti510/org.appcelerator.titanium.TiActivity}
11-03 11:31:42.010: I/WindowState(786): WIN DEATH: Window{6905a7 u0 com.appcelerator.sample.ti510/com.appcelerator.sample.ti510.Ti510Activity}
11-03 11:31:42.016: D/AudioFlinger(197): mixer(0xb41c0000) throttle end: throttle time(7)
11-03 11:31:42.058: I/ActivityManager(786): Start proc 2474:com.appcelerator.sample.ti510/u0a129 for activity com.appcelerator.sample.ti510/org.appcelerator.titanium.TiActivity
11-03 11:31:42.059: W/ActivityManager(786): Spurious death for ProcessRecord{5f3d18f 0:com.appcelerator.sample.ti510/u0a129}, curProc for 2410: null
11-03 11:31:42.105: I/TiApplication(2474): (main) [0,0] checkpoint, app created.
11-03 11:31:42.154: I/TiApplication(2474): (main) [50,50] Titanium 5.1.0 (2015/10/28 19:00 ecb8fe2)
11-03 11:31:42.181: E/linker(2474): readlink('/proc/self/fd/17') failed: Permission denied [fd=17]
11-03 11:31:42.181: E/linker(2474): warning: unable to get realpath for the library "/data/app/com.appcelerator.sample.ti510-1/lib/arm/libstlport_shared.so". Will use given name.
11-03 11:31:42.189: E/linker(2474): readlink('/proc/self/fd/17') failed: Permission denied [fd=17]
11-03 11:31:42.189: E/linker(2474): warning: unable to get realpath for the library "/data/app/com.appcelerator.sample.ti510-1/lib/arm/libkroll-v8.so". Will use given name.
11-03 11:31:42.197: I/TiApplication(2474): (main) [43,93] Titanium Javascript runtime: v8
11-03 11:31:42.211: W/TiBaseActivity(2474): (main) [14,107] Runtime has been disposed or app has been killed. Finishing.
11-03 11:31:42.226: W/TiApplication(2474): (main) [15,122] Scheduling application restart
11-03 11:31:42.320: W/V8Object(2474): (KrollRuntimeThread) [94,216] Runtime disposed, cannot set property 'userAgent'
11-03 11:31:45.104: D/audio_hw_primary(197): out_set_parameters: enter: usecase(1: low-latency-playback) kvpairs: routing=2
11-03 11:31:45.150: D/audio_hw_primary(197): disable_audio_route: reset and update mixer path: low-latency-playback
11-03 11:31:45.150: D/audio_hw_primary(197): disable_snd_device: snd_device(2: speaker)
11-03 11:31:45.157: D/audio_hw_primary(197): select_devices: out_snd_device(2: speaker) in_snd_device(0: none)
11-03 11:31:45.157: D/msm8974_platform(197): platform_send_audio_calibration: sending audio calibration for snd_device(2) acdb_id(15)
11-03 11:31:45.157: D/audio_hw_primary(197): enable_snd_device: snd_device(2: speaker)
11-03 11:31:45.158: D/audio_hw_primary(197): enable_audio_route: apply and update mixer path: low-latency-playback
11-03 11:31:45.183: D/AudioFlinger(197): mixer(0xb41c0000) throttle end: throttle time(10)
11-03 11:31:45.216: E/Surface(1734): getSlotFromBufferLocked: unknown buffer: 0xa9463d60
11-03 11:31:45.229: D/OpenGLRenderer(1734): endAllStagingAnimators on 0xa029be80 (RippleDrawable) with handle 0xa954a770
11-03 11:31:45.291: I/Keyboard.Facilitator(1204): onFinishInput()
11-03 11:31:45.337: I/art(786): Background partial concurrent mark sweep GC freed 19537(1211KB) AllocSpace objects, 6(120KB) LOS objects, 30% free, 35MB/51MB, paused 2.346ms total 106.264ms
11-03 11:31:45.412: W/SurfaceFlinger(190): couldn't log to binary event log: overflow.
11-03 11:31:48.372: D/audio_hw_primary(197): disable_audio_route: reset and update mixer path: low-latency-playback
11-03 11:31:48.372: D/audio_hw_primary(197): disable_snd_device: snd_device(2: speaker)
11-03 11:31:50.332: I/ActivityManager(786): START u0 {act=android.intent.action.MAIN cat=[android.intent.category.LAUNCHER] flg=0x4 cmp=com.appcelerator.sample.ti510/.Ti510Activity (has extras)} from uid 10129 on display 0
11-03 11:31:50.333: W/ActivityManager(786): startActivity called from non-Activity context; forcing Intent.FLAG_ACTIVITY_NEW_TASK for: Intent { act=android.intent.action.MAIN cat=[android.intent.category.LAUNCHER] flg=0x4 cmp=com.appcelerator.sample.ti510/.Ti510Activity (has extras) }
11-03 11:31:50.458: I/art(2474): HomogeneousSpaceCompact marksweep + semispace GC freed 25102(1604KB) AllocSpace objects, 14(576KB) LOS objects, 39% free, 19MB/31MB, paused 63.280ms total 63.280ms
11-03 11:31:50.460: E/TiLaunchActivity(2474): (main) [8140,8356] Android issue 2373 detected (missing intent CATEGORY_LAUNCHER or FLAG_ACTIVITY_RESET_TASK_IF_NEEDED), restarting app. com.appcelerator.sample.ti510.Ti510Activity@611f691
11-03 11:31:50.478: E/Surface(32415): getSlotFromBufferLocked: unknown buffer: 0x996f3b00
11-03 11:31:50.510: D/AndroidRuntime(2474): Shutting down VM
11-03 11:31:50.511: E/AndroidRuntime(2474): FATAL EXCEPTION: main
11-03 11:31:50.511: E/AndroidRuntime(2474): Process: com.appcelerator.sample.ti510, PID: 2474
11-03 11:31:50.511: E/AndroidRuntime(2474): java.lang.RuntimeException: Unable to start activity ComponentInfo{com.appcelerator.sample.ti510/com.appcelerator.sample.ti510.Ti510Activity}: java.lang.NullPointerException: Attempt to invoke virtual method 'int android.view.ViewGroup.getPaddingLeft()' on a null object reference
11-03 11:31:50.511: E/AndroidRuntime(2474): at android.app.ActivityThread.performLaunchActivity(ActivityThread.java:2416)
11-03 11:31:50.511: E/AndroidRuntime(2474): at android.app.ActivityThread.handleLaunchActivity(ActivityThread.java:2476)
11-03 11:31:50.511: E/AndroidRuntime(2474): at android.app.ActivityThread.-wrap11(ActivityThread.java)
11-03 11:31:50.511: E/AndroidRuntime(2474): at android.app.ActivityThread$H.handleMessage(ActivityThread.java:1344)
11-03 11:31:50.511: E/AndroidRuntime(2474): at android.os.Handler.dispatchMessage(Handler.java:102)
11-03 11:31:50.511: E/AndroidRuntime(2474): at android.os.Looper.loop(Looper.java:148)
11-03 11:31:50.511: E/AndroidRuntime(2474): at android.app.ActivityThread.main(ActivityThread.java:5417)
11-03 11:31:50.511: E/AndroidRuntime(2474): at java.lang.reflect.Method.invoke(Native Method)
11-03 11:31:50.511: E/AndroidRuntime(2474): at com.android.internal.os.ZygoteInit$MethodAndArgsCaller.run(ZygoteInit.java:726)
11-03 11:31:50.511: E/AndroidRuntime(2474): at com.android.internal.os.ZygoteInit.main(ZygoteInit.java:616)
11-03 11:31:50.511: E/AndroidRuntime(2474): Caused by: java.lang.NullPointerException: Attempt to invoke virtual method 'int android.view.ViewGroup.getPaddingLeft()' on a null object reference
11-03 11:31:50.511: E/AndroidRuntime(2474): at android.support.v7.app.AppCompatDelegateImplV7.applyFixedSizeWindow(AppCompatDelegateImplV7.java:476)
11-03 11:31:50.511: E/AndroidRuntime(2474): at android.support.v7.app.AppCompatDelegateImplV7.ensureSubDecor(AppCompatDelegateImplV7.java:286)
11-03 11:31:50.511: E/AndroidRuntime(2474): at android.support.v7.app.AppCompatDelegateImplV7.setContentView(AppCompatDelegateImplV7.java:243)
11-03 11:31:50.511: E/AndroidRuntime(2474): at android.support.v7.app.AppCompatActivity.setContentView(AppCompatActivity.java:114)
11-03 11:31:50.511: E/AndroidRuntime(2474): at org.appcelerator.titanium.TiLaunchActivity.checkInvalidLaunch(TiLaunchActivity.java:192)
11-03 11:31:50.511: E/AndroidRuntime(2474): at org.appcelerator.titanium.TiLaunchActivity.checkInvalidLaunch(TiLaunchActivity.java:162)
11-03 11:31:50.511: E/AndroidRuntime(2474): at org.appcelerator.titanium.TiRootActivity.onCreate(TiRootActivity.java:78)
11-03 11:31:50.511: E/AndroidRuntime(2474): at android.app.Activity.performCreate(Activity.java:6237)
11-03 11:31:50.511: E/AndroidRuntime(2474): at android.app.Instrumentation.callActivityOnCreate(Instrumentation.java:1107)
11-03 11:31:50.511: E/AndroidRuntime(2474): at android.app.ActivityThread.performLaunchActivity(ActivityThread.java:2369)
11-03 11:31:50.511: E/AndroidRuntime(2474): ... 9 more
11-03 11:31:50.513: W/ActivityManager(786): Force finishing activity com.appcelerator.sample.ti510/.Ti510Activity
11-03 11:31:50.564: D/ConnectivityService(786): updateNetworkScore for NetworkAgentInfo [WIFI () - 102] to 56
11-03 11:31:50.564: D/ConnectivityService(786): rematching NetworkAgentInfo [WIFI () - 102]
11-03 11:31:50.572: I/OpenGLRenderer(786): Initialized EGL, version 1.4
11-03 11:31:51.032: W/ActivityManager(786): Activity pause timeout for ActivityRecord{b464fbd u0 com.appcelerator.sample.ti510/.Ti510Activity t403 f}
11-03 11:31:56.475: I/AccountManagerService(786): getTypesVisibleToCaller: isPermitted? true
11-03 11:31:59.633: D/ConnectivityService(786): updateNetworkScore for NetworkAgentInfo [WIFI () - 102] to 55
11-03 11:31:59.633: D/ConnectivityService(786): rematching NetworkAgentInfo [WIFI () - 102]
11-03 11:32:00.044: I/wpa_supplicant(990): wlan0: Associated with 24:a2:e1:ea:c4:ac
11-03 11:32:01.010: I/wpa_supplicant(990): wlan0: WPA: Key negotiation completed with 24:a2:e1:ea:c4:ac [PTK=CCMP GTK=CCMP]
11-03 11:32:01.013: I/wpa_supplicant(990): wlan0: CTRL-EVENT-CONNECTED - Connection to 24:a2:e1:ea:c4:ac completed [id=0 id_str=]
11-03 11:32:01.032: D/IpReachabilityMonitor(786): probing ip=10.0.1.1%21
11-03 11:32:01.332: W/ActivityManager(786): Activity destroy timeout for ActivityRecord{b464fbd u0 com.appcelerator.sample.ti510/.Ti510Activity t403 f}
11-03 11:32:02.672: D/ConnectivityService(786): updateNetworkScore for NetworkAgentInfo [WIFI () - 102] to 56
11-03 11:32:02.672: D/ConnectivityService(786): rematching NetworkAgentInfo [WIFI () - 102]
11-03 11:32:12.277: D/NetlinkSocketObserver(786): NeighborEvent{elapsedMs=89976395, 10.0.1.1, [24A2E1E7B4AE], RTM_NEWNEIGH, NUD_STALE}