04-07 15:02:48.863: E/(193): invalid crash request of size 4 (from pid=19969 uid=0)
04-07 15:02:49.016: D/audio_hw_primary(196): out_set_parameters: enter: usecase(1: low-latency-playback) kvpairs: routing=2
04-07 15:02:49.019: I/ActivityManager(626): START u0 {act=android.intent.action.MAIN cat=[android.intent.category.HOME] flg=0x10200000 cmp=com.android.launcher/com.android.launcher2.Launcher (has extras)} from uid 1000 on display 0
04-07 15:02:49.026: D/audio_hw_primary(196): select_devices: out_snd_device(2: speaker) in_snd_device(0: none)
04-07 15:02:49.026: D/ACDB-LOADER(196): ACDB -> send_afe_cal
04-07 15:02:49.026: D/audio_hw_primary(196): enable_snd_device: snd_device(2: speaker)
04-07 15:02:49.034: D/audio_hw_primary(196): enable_audio_route: apply and update mixer path: low-latency-playback
04-07 15:02:49.109: W/qcom_sensors_hal(626): hal_sensor1_data_cb: SENSOR1_MSG_TYPE_BROKEN_PIPE
04-07 15:02:49.189: E/Diag_Lib(20016): Diag_LSM_Init: Failed to open handle to diag driver, error = 2
04-07 15:02:49.189: E/Sensors(20016): sns_fsa_la.c(386):fsa: fflush failed, 9
04-07 15:02:49.190: E/Sensors(20016): sns_fsa_la.c(386):fsa: fflush failed, 9
04-07 15:02:49.208: D/ConnectivityService(626): releasing NetworkRequest NetworkRequest [ id=42, legacyType=-1, [ Capabilities: INTERNET&NOT_RESTRICTED&TRUSTED&NOT_VPN] ]
04-07 15:02:49.221: W/Sensors(20016): sns_smr_la.c(446):smr_la: smr_apps_la_thread_main is starting, fd=11, sns_smr.en_rx_msg_ptr=b6f1ca00
04-07 15:02:49.245: W/Sensors(20016): sns_sam_app.c(6827):sns_sam_reg_algo: Registering algo service 16, err 0
04-07 15:02:49.254: E/Sensors(20016): sns_debug_main.c(565):Debug Config File missing in EFS!
04-07 15:02:49.273: I/Keyboard.Facilitator(2931): onFinishInput()
04-07 15:02:49.313: I/art(626): Background partial concurrent mark sweep GC freed 220010(10MB) AllocSpace objects, 28(560KB) LOS objects, 23% free, 51MB/67MB, paused 2.288ms total 273.193ms
04-07 15:02:49.336: I/cr_BindingManager(25915): onTrimMemory: level=20, size=1
04-07 15:02:49.454: W/m(25915): [TiclService] Ticl being stopped: Client: , \n\006\n\004\010\003\020\001\022\022\t\317\251G\342;\312\267\234\021GG\356\264\335\240D\373\032\007\010\231\022\020\003\030\001,
04-07 15:02:49.491: D/WifiStateMachine(626): starting scan for "GSL-Soft"WPA_PSK with 2447
04-07 15:02:49.767: W/OpenGLRenderer(3040): Incorrectly called buildLayer on View: ShortcutAndWidgetContainer, destroying layer...
04-07 15:02:49.767: W/OpenGLRenderer(3040): Incorrectly called buildLayer on View: ShortcutAndWidgetContainer, destroying layer...
04-07 15:02:50.302: D/audio_hw_primary(196): out_set_parameters: enter: usecase(1: low-latency-playback) kvpairs: routing=2
04-07 15:02:50.336: D/AudioFlinger(196): mixer(0xb41c0000) throttle end: throttle time(7)
04-07 15:02:50.338: I/Keyboard.Facilitator(2931): onFinishInput()
04-07 15:02:53.090: I/ActivityManager(626): START u0 {act=android.intent.action.MAIN cat=[android.intent.category.LAUNCHER] flg=0x10200000 cmp=com.gsl.jn.acsEnabled/.Jn_acsenabledActivity (has extras)} from uid 10036 on display 0
04-07 15:02:53.102: D/audio_hw_primary(196): out_set_parameters: enter: usecase(1: low-latency-playback) kvpairs: routing=2
04-07 15:02:53.131: I/System.out(18635): ActivityRecorder: before com.gsl.jn.acsEnabled.Jn_acsenabledActivity@f411774_onCreate(), launchUrl = null
04-07 15:02:53.136: D/AudioFlinger(196): mixer(0xb41c0000) throttle end: throttle time(7)
04-07 15:02:53.146: I/System.out(18635): ActivityRecorder: after com.gsl.jn.acsEnabled.Jn_acsenabledActivity@f411774_onCreate(), launchUrl = null
04-07 15:02:53.309: I/Keyboard.Facilitator(2931): onFinishInput()
04-07 15:02:53.321: E/cr_LocationProvider(18635): Caught security exception while registering for location updates from the system. The application does not have sufficient geolocation permissions.
04-07 15:02:53.327: E/cr_LocationProvider(18635): Caught security exception while registering for location updates from the system. The application does not have sufficient geolocation permissions.
04-07 15:02:53.329: E/cr_LocationProvider(18635): Caught security exception while registering for location updates from the system. The application does not have sufficient geolocation permissions.
04-07 15:02:54.348: D/NetlinkSocketObserver(626): NeighborEvent{elapsedMs=173016606, 192.168.10.1, [00113B18C74C], RTM_NEWNEIGH, NUD_REACHABLE}
04-07 15:02:55.214: I/APSAnalyticsService(18635): Analytics Service Started
04-07 15:02:56.297: D/audio_hw_primary(196): disable_audio_route: reset and update mixer path: low-latency-playback
04-07 15:02:56.297: D/audio_hw_primary(196): disable_snd_device: snd_device(2: speaker)
04-07 15:02:56.825: I/APSAnalyticsService(18635): Stopping Analytics Service
04-07 15:02:59.344: I/cr_BindingManager(25915): Release moderate connections: 1
04-07 15:03:04.332: I/ActivityManager(626): Waited long enough for: ServiceRecord{3e2d93 u0 com.google.android.gms/.security.snet.SafeBrowsingAsyncOperationService}
04-07 15:03:09.493: D/WifiStateMachine(626): starting scan for "GSL-Soft"WPA_PSK with 2447
04-07 15:03:18.258: D/NetlinkSocketObserver(626): NeighborEvent{elapsedMs=173040516, 192.168.10.1, [00113B18C74C], RTM_NEWNEIGH, NUD_STALE}
04-07 15:03:29.497: D/WifiStateMachine(626): starting scan for "GSL-Soft"WPA_PSK with 2447
04-07 15:03:49.500: D/WifiStateMachine(626): starting scan for "GSL-Soft"WPA_PSK with 2447