01-09 04:16:32.783: D/AudioFlinger(4676): mixer(0xf2f03380) throttle end: throttle time(11)
01-09 04:16:33.970: I/Choreographer(5573): Skipped 71 frames! The application may be doing too much work on its main thread.
01-09 04:16:38.730: I/ActivityManager(4797): START u0 {act=android.intent.action.MAIN cat=[android.intent.category.LAUNCHER] flg=0x10200000 cmp=ma.ikad.tableviewtest/.TableviewtestActivity bnds=[230,1367][437,1645] (has extras)} from uid 10049 on display 0
01-09 04:16:38.842: D/AudioFlinger(4676): mixer(0xf2f03380) throttle end: throttle time(11)
01-09 04:16:38.844: W/art(4797): Long monitor contention with owner Binder:4797_9 (6188) at void com.android.server.wm.WindowManagerService.setFocusedApp(android.os.IBinder, boolean)(WindowManagerService.java:4000) waiters=0 in android.view.View com.android.server.policy.PhoneWindowManager.addStartingWindow(android.os.IBinder, java.lang.String, int, android.content.res.CompatibilityInfo, java.lang.CharSequence, int, int, int, int, android.content.res.Configuration) for 109ms
01-09 04:16:38.941: D/AudioFlinger(4676): mixer(0xf2f03380) throttle end: throttle time(10)
01-09 04:16:39.300: W/art(6741): Unexpected CPU variant for X86 using defaults: x86
01-09 04:16:39.414: W/ActivityManager(4797): Slow operation: 402ms so far, now at startProcess: returned from zygote!
01-09 04:16:39.414: W/ActivityManager(4797): Slow operation: 402ms so far, now at startProcess: done updating battery stats
01-09 04:16:39.415: W/ActivityManager(4797): Slow operation: 403ms so far, now at startProcess: building log message
01-09 04:16:39.415: I/ActivityManager(4797): Start proc 6741:ma.ikad.tableviewtest/u0a84 for activity ma.ikad.tableviewtest/.TableviewtestActivity
01-09 04:16:39.415: W/ActivityManager(4797): Slow operation: 403ms so far, now at startProcess: starting to update pids map
01-09 04:16:39.415: W/ActivityManager(4797): Slow operation: 403ms so far, now at startProcess: done updating pids map
01-09 04:16:39.415: W/ActivityManager(4797): Slow operation: 414ms so far, now at startProcess: done starting proc!
01-09 04:16:39.416: W/art(4797): Long monitor contention with owner Binder:4797_4 (5105) at void com.android.server.am.ActivityManagerService.activityPaused(android.os.IBinder)(ActivityManagerService.java:6981) waiters=0 in void com.android.server.am.ActivityManagerService.dispatchUidsChanged() for 403ms
01-09 04:16:39.977: I/TiApplication(6741): (main) [0,0] checkpoint, app created.
01-09 04:16:40.528: I/TiApplication(6741): (main) [552,552] Titanium 7.0.1 (2017/12/18 10:42 undefined)
01-09 04:16:40.529: I/MultiDex(6741): VM with version 2.1.0 has multidex support
01-09 04:16:40.529: I/MultiDex(6741): install
01-09 04:16:40.529: I/MultiDex(6741): VM has multidex support, MultiDex support library is disabled.
01-09 04:16:40.680: I/TiApplication(6741): (main) [152,704] Analytics have been disabled
01-09 04:16:40.699: I/TiApplication(6741): (main) [19,723] Titanium Javascript runtime: v8
01-09 04:16:40.876: I/TiRootActivity(6741): (main) [0,0] checkpoint, on root activity create, savedInstanceState: null
01-09 04:16:41.564: D/gralloc_vbox86(4963): gralloc_alloc: format 1 and usage 0x933 imply creation of host color buffer
01-09 04:16:41.582: I/art(6741): Background sticky concurrent mark sweep GC freed 68695(4MB) AllocSpace objects, 13(936KB) LOS objects, 25% free, 6MB/8MB, paused 192us total 1.341s
01-09 04:16:42.508: I/Choreographer(4797): Skipped 56 frames! The application may be doing too much work on its main thread.
01-09 04:16:43.255: W/art(6741): Before Android 4.1, method android.graphics.PorterDuffColorFilter android.support.graphics.drawable.VectorDrawableCompat.updateTintFilter(android.graphics.PorterDuffColorFilter, android.content.res.ColorStateList, android.graphics.PorterDuff$Mode) would have incorrectly overridden the package-private method in android.graphics.drawable.Drawable
01-09 04:16:43.398: I/ActivityManager(4797): START u0 {cmp=ma.ikad.tableviewtest/org.appcelerator.titanium.TiActivity (has extras)} from uid 10084 on display 0
01-09 04:16:43.486: I/TiRootActivity(6741): (main) [0,0] checkpoint, on root activity resume. activity = ma.ikad.tableviewtest.TableviewtestActivity@df4fd55
01-09 04:16:43.496: D/(6741): HostConnection::get() New Host Connection established 0xdf55e880, tid 6741
01-09 04:16:43.588: W/(6741): Process pipe failed
01-09 04:16:43.625: D/Window(6741): Checkpoint: postWindowCreated()
01-09 04:16:44.883: D/libEGL(6741): Emulator has host GPU support, qemu.gles is set to 1.
01-09 04:16:44.884: E/libEGL(6741): load_driver(/system/lib/egl/libGLES_emulation.so): dlopen failed: library "/system/lib/egl/libGLES_emulation.so" not found
01-09 04:16:44.885: D/libEGL(6741): loaded /system/lib/egl/libEGL_emulation.so
01-09 04:16:44.887: D/libEGL(6741): loaded /system/lib/egl/libGLESv1_CM_emulation.so
01-09 04:16:44.892: D/gralloc_vbox86(4963): gralloc_alloc: format 1 and usage 0x900 imply creation of host color buffer
01-09 04:16:44.896: D/libEGL(6741): loaded /system/lib/egl/libGLESv2_emulation.so
01-09 04:16:44.908: D/gralloc_vbox86(4963): gralloc_alloc: format 1 and usage 0x900 imply creation of host color buffer
01-09 04:16:44.918: D/(6741): HostConnection::get() New Host Connection established 0xdf55e4c0, tid 6761
01-09 04:16:44.923: D/gralloc_vbox86(4963): gralloc_alloc: format 1 and usage 0x900 imply creation of host color buffer
01-09 04:16:45.031: I/OpenGLRenderer(6741): Initialized EGL, version 1.4
01-09 04:16:45.031: D/OpenGLRenderer(6741): Swap behavior 1
01-09 04:16:45.054: I/art(6741): Do partial code cache collection, code=18KB, data=31KB
01-09 04:16:45.054: I/art(6741): After code cache collection, code=17KB, data=30KB
01-09 04:16:45.054: I/art(6741): Increasing code cache capacity to 128KB
01-09 04:16:45.075: E/EGL_emulation(6741): tid 6761: eglSurfaceAttrib(1174): error 0x3009 (EGL_BAD_MATCH)
01-09 04:16:45.075: W/OpenGLRenderer(6741): Failed to set EGL_SWAP_BEHAVIOR on surface 0xd1f34fe0, error=EGL_BAD_MATCH
01-09 04:16:45.475: I/ActivityManager(4797): Displayed ma.ikad.tableviewtest/org.appcelerator.titanium.TiActivity: +1s881ms (total +6s476ms)
01-09 04:16:58.422: D/AudioFlinger(4676): mixer(0xf2f03380) throttle end: throttle time(11)
01-09 04:16:58.435: I/ActivityManager(4797): START u0 {cmp=ma.ikad.tableviewtest/org.appcelerator.titanium.TiActivity (has extras)} from uid 10084 on display 0
01-09 04:16:58.491: D/AudioFlinger(4676): mixer(0xf2f03380) throttle end: throttle time(11)
01-09 04:16:58.514: D/Window(6741): Checkpoint: postWindowCreated()
01-09 04:16:58.693: D/gralloc_vbox86(4963): gralloc_alloc: format 1 and usage 0x900 imply creation of host color buffer
01-09 04:16:58.707: D/gralloc_vbox86(4963): gralloc_alloc: format 1 and usage 0x900 imply creation of host color buffer
01-09 04:16:58.762: D/gralloc_vbox86(4963): gralloc_alloc: format 1 and usage 0x900 imply creation of host color buffer
01-09 04:16:58.789: E/EGL_emulation(6741): tid 6761: eglSurfaceAttrib(1174): error 0x3009 (EGL_BAD_MATCH)
01-09 04:16:58.789: W/OpenGLRenderer(6741): Failed to set EGL_SWAP_BEHAVIOR on surface 0xd1c040a0, error=EGL_BAD_MATCH
01-09 04:16:59.234: I/ActivityManager(4797): Displayed ma.ikad.tableviewtest/org.appcelerator.titanium.TiActivity: +736ms
01-09 04:17:00.945: D/AudioFlinger(4676): mixer(0xf2f03380) throttle end: throttle time(25)
01-09 04:17:01.307: I/art(6741): Do partial code cache collection, code=58KB, data=62KB
01-09 04:17:01.309: I/art(6741): After code cache collection, code=50KB, data=57KB
01-09 04:17:01.309: I/art(6741): Increasing code cache capacity to 256KB
01-09 04:17:03.546: E/BatteryStatsService(4797): power: Missing API
01-09 04:17:03.550: D/WifiNative-HAL(4797): Failing getSupportedFeatureset because HAL isn't started
01-09 04:17:03.551: E/BluetoothAdapter(4797): Bluetooth binder is null
01-09 04:17:03.551: E/BatteryStatsService(4797): no controller energy info supplied
01-09 04:17:03.568: E/BatteryStatsService(4797): modem info is invalid: ModemActivityInfo{ mTimestamp=0 mSleepTimeMs=0 mIdleTimeMs=0 mTxTimeMs[]=[0, 0, 0, 0, 0] mRxTimeMs=0 mEnergyUsed=0}
01-09 04:17:04.001: D/AudioFlinger(4676): mixer(0xf2f03380) throttle end: throttle time(11)
01-09 04:17:04.125: D/AudioFlinger(4676): mixer(0xf2f03380) throttle end: throttle time(8)
01-09 04:17:04.237: D/gralloc_vbox86(4963): gralloc_alloc: format 1 and usage 0x900 imply creation of host color buffer
01-09 04:17:04.245: D/gralloc_vbox86(4963): gralloc_alloc: format 1 and usage 0x900 imply creation of host color buffer
01-09 04:17:04.304: D/gralloc_vbox86(4963): gralloc_alloc: format 1 and usage 0x900 imply creation of host color buffer
01-09 04:17:04.393: E/EGL_emulation(6741): tid 6761: eglSurfaceAttrib(1174): error 0x3009 (EGL_BAD_MATCH)
01-09 04:17:04.393: W/OpenGLRenderer(6741): Failed to set EGL_SWAP_BEHAVIOR on surface 0xd1f34fc0, error=EGL_BAD_MATCH
01-09 04:17:05.115: D/Window(6741): Window is closed normally.
01-09 04:17:07.515: E/InputEventReceiver(6741): Exception dispatching input event.
01-09 04:17:07.516: D/AndroidRuntime(6741): Shutting down VM
01-09 04:17:07.517: E/AndroidRuntime(6741): FATAL EXCEPTION: main
01-09 04:17:07.517: E/AndroidRuntime(6741): Process: ma.ikad.tableviewtest, PID: 6741
01-09 04:17:07.517: E/AndroidRuntime(6741): java.lang.NullPointerException: Attempt to invoke virtual method 'android.view.View org.appcelerator.titanium.view.TiUIView.getOuterView()' on a null object reference
01-09 04:17:07.517: E/AndroidRuntime(6741): at ti.modules.titanium.ui.widget.tableview.TiTableViewRowProxyItem.createControls(TiTableViewRowProxyItem.java:244)
01-09 04:17:07.517: E/AndroidRuntime(6741): at ti.modules.titanium.ui.widget.tableview.TiTableViewRowProxyItem.setRowData(TiTableViewRowProxyItem.java:423)
01-09 04:17:07.517: E/AndroidRuntime(6741): at ti.modules.titanium.ui.widget.tableview.TiTableViewRowProxyItem.setRowData(TiTableViewRowProxyItem.java:86)
01-09 04:17:07.517: E/AndroidRuntime(6741): at ti.modules.titanium.ui.widget.tableview.TiTableView$TTVListAdapter.getView(TiTableView.java:254)
01-09 04:17:07.517: E/AndroidRuntime(6741): at android.widget.AbsListView.obtainView(AbsListView.java:2363)
01-09 04:17:07.517: E/AndroidRuntime(6741): at android.widget.ListView.makeAndAddView(ListView.java:1970)
01-09 04:17:07.517: E/AndroidRuntime(6741): at android.widget.ListView.fillDown(ListView.java:704)
01-09 04:17:07.517: E/AndroidRuntime(6741): at android.widget.ListView.fillGap(ListView.java:668)
01-09 04:17:07.517: E/AndroidRuntime(6741): at android.widget.AbsListView.trackMotionScroll(AbsListView.java:5186)
01-09 04:17:07.517: E/AndroidRuntime(6741): at android.widget.ListView.trackMotionScroll(ListView.java:1889)
01-09 04:17:07.517: E/AndroidRuntime(6741): at android.widget.AbsListView.scrollIfNeeded(AbsListView.java:3568)
01-09 04:17:07.517: E/AndroidRuntime(6741): at android.widget.AbsListView.onTouchMove(AbsListView.java:3977)
01-09 04:17:07.517: E/AndroidRuntime(6741): at android.widget.AbsListView.onTouchEvent(AbsListView.java:3802)
01-09 04:17:07.517: E/AndroidRuntime(6741): at ti.modules.titanium.ui.widget.listview.TiNestedListView.onTouchEvent(TiNestedListView.java:127)
01-09 04:17:07.517: E/AndroidRuntime(6741): at android.view.View.dispatchTouchEvent(View.java:10023)
01-09 04:17:07.517: E/AndroidRuntime(6741): at android.view.ViewGroup.dispatchTransformedTouchEvent(ViewGroup.java:2626)
01-09 04:17:07.517: E/AndroidRuntime(6741): at android.view.ViewGroup.dispatchTouchEvent(ViewGroup.java:2307)
01-09 04:17:07.517: E/AndroidRuntime(6741): at android.view.ViewGroup.dispatchTransformedTouchEvent(ViewGroup.java:2632)
01-09 04:17:07.517: E/AndroidRuntime(6741): at android.view.ViewGroup.dispatchTouchEvent(ViewGroup.java:2321)
01-09 04:17:07.517: E/AndroidRuntime(6741): at android.view.ViewGroup.dispatchTransformedTouchEvent(ViewGroup.java:2632)
01-09 04:17:07.517: E/AndroidRuntime(6741): at android.view.ViewGroup.dispatchTouchEvent(ViewGroup.java:2321)
01-09 04:17:07.517: E/AndroidRuntime(6741): at android.view.ViewGroup.dispatchTransformedTouchEvent(ViewGroup.java:2632)
01-09 04:17:07.517: E/AndroidRuntime(6741): at android.view.ViewGroup.dispatchTouchEvent(ViewGroup.java:2321)
01-09 04:17:07.517: E/AndroidRuntime(6741): at android.view.ViewGroup.dispatchTransformedTouchEvent(ViewGroup.java:2632)
01-09 04:17:07.517: E/AndroidRuntime(6741): at android.view.ViewGroup.dispatchTouchEvent(ViewGroup.java:2321)
01-09 04:17:07.517: E/AndroidRuntime(6741): at android.view.ViewGroup.dispatchTransformedTouchEvent(ViewGroup.java:2632)
01-09 04:17:07.517: E/AndroidRuntime(6741): at android.view.ViewGroup.dispatchTouchEvent(ViewGroup.java:2321)
01-09 04:17:07.517: E/AndroidRuntime(6741): at android.view.ViewGroup.dispatchTransformedTouchEvent(ViewGroup.java:2632)
01-09 04:17:07.517: E/AndroidRuntime(6741): at android.view.ViewGroup.dispatchTouchEvent(ViewGroup.java:2321)
01-09 04:17:07.517: E/AndroidRuntime(6741): at android.view.ViewGroup.dispatchTransformedTouchEvent(ViewGroup.java:2632)
01-09 04:17:07.517: E/AndroidRuntime(6741): at android.view.ViewGroup.dispatchTouchEvent(ViewGroup.java:2321)
01-09 04:17:07.517: E/AndroidRuntime(6741): at android.view.ViewGroup.dispatchTransformedTouchEvent(ViewGroup.java:2632)
01-09 04:17:07.517: E/AndroidRuntime(6741): at android.view.ViewGroup.dispatchTouchEvent(ViewGroup.java:2321)
01-09 04:17:07.517: E/AndroidRuntime(6741): at android.view.ViewGroup.dispatchTransformedTouchEvent(ViewGroup.java:2632)
01-09 04:17:07.517: E/AndroidRuntime(6741): at android.view.ViewGroup.dispatchTouchEvent(ViewGroup.java:2321)
01-09 04:17:07.517: E/AndroidRuntime(6741): at com.android.internal.policy.DecorView.superDispatchTouchEvent(DecorView.java:413)
01-09 04:17:07.517: E/AndroidRuntime(6741): at com.android.internal.policy.PhoneWindow.superDispatchTouchEvent(PhoneWindow.java:1808)
01-09 04:17:07.517: E/AndroidRuntime(6741): at android.app.Activity.dispatchTouchEvent(Activity.java:3061)
01-09 04:17:07.517: E/AndroidRuntime(6741): at android.support.v7.view.WindowCallbackWrapper.dispatchTouchEvent(WindowCallbackWrapper.java:68)
01-09 04:17:07.517: E/AndroidRuntime(6741): at com.android.internal.policy.DecorView.dispatchTouchEvent(DecorView.java:375)
01-09 04:17:07.517: E/AndroidRuntime(6741): at android.view.View.dispatchPointerEvent(View.java:10243)
01-09 04:17:07.517: E/AndroidRuntime(6741): at android.view.ViewRootImpl$ViewPostImeInputStage.processPointerEvent(ViewRootImpl.java:4438)
01-09 04:17:07.517: E/AndroidRuntime(6741): at android.view.ViewRootImpl$ViewPostImeInputStage.onProcess(ViewRootImpl.java:4306)
01-09 04:17:07.517: E/AndroidRuntime(6741): at android.view.ViewRootImpl$InputStage.deliver(ViewRootImpl.java:3853)
01-09 04:17:07.517: E/AndroidRuntime(6741): at android.view.ViewRootImpl$InputStage.onDeliverToNext(ViewRootImpl.java:3906)
01-09 04:17:07.517: E/AndroidRuntime(6741): at android.view.ViewRootImpl$InputStage.forward(ViewRootImpl.java:3872)
01-09 04:17:07.517: E/AndroidRuntime(6741): at android.view.ViewRootImpl$AsyncInputStage.forward(ViewRootImpl.java:3999)
01-09 04:17:07.517: E/AndroidRuntime(6741): at android.view.ViewRootImpl$InputStage.apply(ViewRootImpl.java:3880)
01-09 04:17:07.517: E/AndroidRuntime(6741): at android.view.ViewRootImpl$AsyncInputStage.apply(ViewRootImpl.java:4056)
01-09 04:17:07.517: E/AndroidRuntime(6741): at android.view.ViewRootImpl$InputStage.deliver(ViewRootImpl.java:3853)
01-09 04:17:07.517: E/AndroidRuntime(6741): at android.view.ViewRootImpl$InputStage.onDeliverToNext(ViewRootImpl.java:3906)
01-09 04:17:07.517: E/AndroidRuntime(6741): at android.view.ViewRootImpl$InputStage.forward(ViewRootImpl.java:3872)
01-09 04:17:07.517: E/AndroidRuntime(6741): at android.view.ViewRootImpl$InputStage.apply(ViewRootImpl.java:3880)
01-09 04:17:07.517: E/AndroidRuntime(6741): at android.view.ViewRootImpl$InputStage.deliver(ViewRootImpl.java:3853)
01-09 04:17:07.517: E/AndroidRuntime(6741): at android.view.ViewRootImpl.deliverInputEvent(ViewRootImpl.java:6246)
01-09 04:17:07.517: E/AndroidRuntime(6741): at android.view.ViewRootImpl.doProcessInputEvents(ViewRootImpl.java:6220)
01-09 04:17:07.517: E/AndroidRuntime(6741): at android.view.ViewRootImpl.enqueueInputEvent(ViewRootImpl.java:6181)
01-09 04:17:07.517: E/AndroidRuntime(6741): at android.view.ViewRootImpl$WindowInputEventReceiver.onInputEvent(ViewRootImpl.java:6349)
01-09 04:17:07.517: E/AndroidRuntime(6741): at android.view.InputEventReceiver.dispatchInputEvent(InputEventReceiver.java:185)
01-09 04:17:07.517: E/AndroidRuntime(6741): at android.view.InputEventReceiver.nativeConsumeBatchedInputEvents(Native Method)
01-09 04:17:07.517: E/AndroidRuntime(6741): at android.view.InputEventReceiver.consumeBatchedInputEvents(InputEventReceiver.java:176)
01-09 04:17:07.517: E/AndroidRuntime(6741): at android.view.ViewRootImpl.doConsumeBatchedInput(ViewRootImpl.java:6320)
01-09 04:17:07.517: E/AndroidRuntime(6741): at android.view.ViewRootImpl$ConsumeBatchedInputRunnable.run(ViewRootImpl.java:6372)
01-09 04:17:07.517: E/AndroidRuntime(6741): at android.view.Choreographer$CallbackRecord.run(Choreographer.java:874)
01-09 04:17:07.517: E/AndroidRuntime(6741): at android.view.Choreographer.doCallbacks(Choreographer.java:686)
01-09 04:17:07.517: E/AndroidRuntime(6741): at android.view.Choreographer.doFrame(Choreographer.java:615)
01-09 04:17:07.517: E/AndroidRuntime(6741): at android.view.Choreographer$FrameDisplayEventReceiver.run(Choreographer.java:860)
01-09 04:17:07.517: E/AndroidRuntime(6741): at android.os.Handler.handleCallback(Handler.java:751)
01-09 04:17:07.517: E/AndroidRuntime(6741): at android.os.Handler.dispatchMessage(Handler.java:95)
01-09 04:17:07.517: E/AndroidRuntime(6741): at android.os.Looper.loop(Looper.java:154)
01-09 04:17:07.517: E/AndroidRuntime(6741): at android.app.ActivityThread.main(ActivityThread.java:6119)
01-09 04:17:07.517: E/AndroidRuntime(6741): at java.lang.reflect.Method.invoke(Native Method)
01-09 04:17:07.517: E/AndroidRuntime(6741): at com.android.internal.os.ZygoteInit$MethodAndArgsCaller.run(ZygoteInit.java:886)
01-09 04:17:07.517: E/AndroidRuntime(6741): at com.android.internal.os.ZygoteInit.main(ZygoteInit.java:776)
01-09 04:17:07.518: W/ActivityManager(4797): Force finishing activity ma.ikad.tableviewtest/org.appcelerator.titanium.TiActivity
01-09 04:17:07.661: D/(4797): HostConnection::get() New Host Connection established 0xd1f14440, tid 6769
01-09 04:17:07.662: D/gralloc_vbox86(4963): gralloc_alloc: format 1 and usage 0x900 imply creation of host color buffer
01-09 04:17:07.672: D/gralloc_vbox86(4963): gralloc_alloc: format 1 and usage 0x900 imply creation of host color buffer
01-09 04:17:07.678: D/gralloc_vbox86(4963): gralloc_alloc: format 1 and usage 0x900 imply creation of host color buffer
01-09 04:17:07.776: I/OpenGLRenderer(4797): Initialized EGL, version 1.4
01-09 04:17:07.776: D/OpenGLRenderer(4797): Swap behavior 1
01-09 04:17:07.829: E/EGL_emulation(4797): tid 6769: eglSurfaceAttrib(1174): error 0x3009 (EGL_BAD_MATCH)
01-09 04:17:07.829: W/OpenGLRenderer(4797): Failed to set EGL_SWAP_BEHAVIOR on surface 0xd1e2ac80, error=EGL_BAD_MATCH
01-09 04:17:08.024: W/ActivityManager(4797): Activity pause timeout for ActivityRecord{9d1028e u0 ma.ikad.tableviewtest/org.appcelerator.titanium.TiActivity t196 f}
01-09 04:17:08.495: W/art(4797): Long monitor contention with owner android.display (4829) at void com.android.server.wm.WindowAnimator$1.doFrame(long)(WindowAnimator.java:144) waiters=1 in void com.android.server.wm.WindowManagerService.statusBarVisibilityChanged(int) for 364ms
01-09 04:17:12.216: W/art(4797): Long monitor contention with owner ActivityManager (4817) at void com.android.server.am.ActivityStack$ActivityStackHandler.handleMessage(android.os.Message)(ActivityStack.java:373) waiters=0 in void com.android.server.am.TaskPersister$LazyTaskWriterThread.run() for 4.092s
01-09 04:17:12.218: I/Choreographer(4797): Skipped 263 frames! The application may be doing too much work on its main thread.
01-09 04:17:12.523: I/InputDispatcher(4797): Application is not responding: Window{eca20a7 u0 ma.ikad.tableviewtest/org.appcelerator.titanium.TiActivity}. It has been 5001.3ms since event, 5001.2ms since wait started. Reason: Waiting to send non-key event because the touched window has not finished processing certain input events that were delivered to it over 500.0ms ago. Wait queue length: 1. Wait queue head age: 5009.1ms.
01-09 04:17:15.814: I/WindowManager(4797): Input event dispatching timed out sending to ma.ikad.tableviewtest/org.appcelerator.titanium.TiActivity. Reason: Waiting to send non-key event because the touched window has not finished processing certain input events that were delivered to it over 500.0ms ago. Wait queue length: 1. Wait queue head age: 5009.1ms.
01-09 04:17:15.826: I/ActivityManager(4797): Crashing app skipping ANR: ProcessRecord{f84615f 6741:ma.ikad.tableviewtest/u0a84} Input dispatching timed out (Waiting to send non-key event because the touched window has not finished processing certain input events that were delivered to it over 500.0ms ago. Wait queue length: 1. Wait queue head age: 5009.1ms.)
01-09 04:17:17.524: W/ActivityManager(4797): Launch timeout has expired, giving up wake lock!