07-28 11:41:59.569 917 3768 D ACDB-LOADER: ACDB -> ACDB_CMD_GET_AUDPROC_COMMON_TABLE
07-28 11:41:59.569 917 3768 D ACDB-LOADER: ACDB -> AUDIO_SET_AUDPROC_CAL
07-28 11:41:59.569 917 3768 D ACDB-LOADER: ACDB -> send_audvoltable
07-28 11:41:59.569 917 3768 D ACDB-LOADER: ACDB -> ACDB_CMD_GET_AUDPROC_VOL_STEP_TABLE_SIZE
07-28 11:41:59.569 917 3768 D ACDB-LOADER: ACDB -> ACDB_CMD_GET_AUDPROC_GAIN_DEP_STEP_TABLE, vol index 0
07-28 11:41:59.569 917 3768 D android.hardware.audio.service: Failed to fetch the lookup information of the device 00000200
07-28 11:41:59.569 917 3768 E ACDB-LOADER: Error: ACDB AudProc vol returned = -19
07-28 11:41:59.569 917 3768 D ACDB-LOADER: ACDB -> AUDIO_SET_VOL_CAL cal type = 12
07-28 11:41:59.569 917 3768 D ACDB-LOADER: ACDB -> ACDB_CMD_GET_AUDPROC_STREAM_TABLE_SIZE
07-28 11:41:59.569 917 3768 D ACDB-LOADER: ACDB -> send_audstrmtable
07-28 11:41:59.569 917 3768 D ACDB-LOADER: ACDB -> ACDB_CMD_GET_AUDPROC_STREAM_TABLE_V2
07-28 11:41:59.570 917 3768 D ACDB-LOADER: ACDB -> audstrm_cal->cal_type.cal_data.cal_size = 16
07-28 11:41:59.570 917 3768 D ACDB-LOADER: ACDB -> send_afe_topology
07-28 11:41:59.570 917 3768 D ACDB-LOADER: ACDB -> ACDB_CMD_GET_AFE_TOPOLOGY_ID
07-28 11:41:59.570 917 3768 D ACDB-LOADER: ACDB -> GET_AFE_TOPOLOGY_ID for adcd_id 512, Topology Id 10001ccc
07-28 11:41:59.570 917 3768 D ACDB-LOADER: ACDB -> send_afe_cal
07-28 11:41:59.570 917 3768 D ACDB-LOADER: ACDB -> ACDB_CMD_GET_AFE_COMMON_TABLE_SIZE
07-28 11:41:59.570 917 3768 D ACDB-LOADER: ACDB -> ACDB_CMD_GET_AFE_COMMON_TABLE
07-28 11:41:59.570 917 3768 D ACDB-LOADER: ACDB -> AUDIO_SET_AFE_CAL
07-28 11:41:59.570 1547 6522 I system_server: oneway function results will be dropped but finished with status OK and parcel size 4
07-28 11:41:59.570 917 3768 D ACDB-LOADER: ACDB -> send_hw_delay : acdb_id = 512 path = 1
07-28 11:41:59.570 917 3768 D ACDB-LOADER: ACDB -> ACDB_AVSYNC_INFO: ACDB_CMD_GET_DEVICE_PROPERTY
07-28 11:41:59.570 917 3768 D audio_hw_primary: enable_audio_route: usecase(25) apply and update mixer path: spkr-vi-record vi-feedback
07-28 11:41:59.570 917 3768 D audio_route: Apply path: spkr-vi-record vi-feedback
07-28 11:41:59.570 1547 1728 I ActivityTaskManager: START u0 {act=android.intent.action.MAIN cat=[android.intent.category.HOME] flg=0x10000100 cmp=com.google.android.apps.nexuslauncher/.NexusLauncherActivity (has extras)} from uid 0
07-28 11:41:59.571 2658 2658 V ShadeControllerImpl: NotificationShadeWindow: com.android.systemui.statusbar.phone.NotificationShadeWindowView{a8d1faf I.E...... ......ID 0,0-1080,2220} canPanelBeCollapsed(): false
07-28 11:41:59.571 1547 1731 I EventSequenceValidator: Transition from INTENT_FAILED to INTENT_STARTED
07-28 11:41:59.571 1063 2147 D iorapd : EventManager: Looking up compiled trace done in 0ms.
07-28 11:41:59.572 1063 2147 D iorapd : Cannot find compiled trace in sqlite for package_name: com.google.android.apps.nexuslauncher activity_name: com.google.android.apps.nexuslauncher.NexusLauncherActivity
07-28 11:41:59.572 1063 2147 D iorapd : Prebuilt compiled trace doesn't exists. file_path: /product/iorap-trace/com.google.android.apps.nexuslauncher.compiled_trace.pb
07-28 11:41:59.574 1063 15366 D iorapd : Create Perfetto handle 20
07-28 11:41:59.575 1026 1026 I perfetto: ing_service_impl.cc:758 Configured tracing session 20, #sources:1, duration:5000 ms, #buffers:1, total buffer size:4096 KB, total sessions:2, uid:1071 session name: ""
07-28 11:41:59.575 1024 1024 I perfetto: probes_producer.cc:230 Ftrace setup (target_buf=20)
07-28 11:41:59.580 1547 1731 I EventSequenceValidator: Transition from INTENT_STARTED to INTENT_FAILED
07-28 11:41:59.582 2658 2658 V ShadeControllerImpl: NotificationShadeWindow: com.android.systemui.statusbar.phone.NotificationShadeWindowView{a8d1faf I.E...... ......ID 0,0-1080,2220} canPanelBeCollapsed(): false
07-28 11:41:59.611 917 3768 D ACDB-LOADER: ACDB -> send_audio_cal, acdb_id = 513, path = 0, app id = 0x11130, sample rate = 48000
07-28 11:41:59.611 917 3768 D ACDB-LOADER: ACDB -> send_asm_topology
07-28 11:41:59.611 917 3768 D ACDB-LOADER: ACDB -> ACDB_CMD_GET_AUDPROC_STREAM_TOPOLOGY_ID
07-28 11:41:59.611 917 3768 D ACDB-LOADER: ACDB -> send_adm_topology
07-28 11:41:59.611 917 3768 D ACDB-LOADER: ACDB -> ACDB_CMD_GET_AUDPROC_COMMON_TOPOLOGY_ID
07-28 11:41:59.611 917 3768 D ACDB-LOADER: ACDB -> send_audtable
07-28 11:41:59.611 917 3768 D ACDB-LOADER: ACDB -> ACDB_CMD_GET_AUDPROC_COMMON_TABLE_SIZE
07-28 11:41:59.611 917 3768 D ACDB-LOADER: ACDB -> ACDB_CMD_GET_AUDPROC_COMMON_TABLE
07-28 11:41:59.611 917 3768 D ACDB-LOADER: ACDB -> AUDIO_SET_AUDPROC_CAL
07-28 11:41:59.611 917 3768 D ACDB-LOADER: ACDB -> send_audvoltable
07-28 11:41:59.611 917 3768 D ACDB-LOADER: ACDB -> ACDB_CMD_GET_AUDPROC_VOL_STEP_TABLE_SIZE
07-28 11:41:59.611 917 3768 D ACDB-LOADER: ACDB -> ACDB_CMD_GET_AUDPROC_GAIN_DEP_STEP_TABLE, vol index 0
07-28 11:41:59.611 917 3768 D android.hardware.audio.service: Failed to fetch the lookup information of the device 00000201
07-28 11:41:59.611 917 3768 E ACDB-LOADER: Error: ACDB AudProc vol returned = -19
07-28 11:41:59.611 917 3768 D ACDB-LOADER: ACDB -> AUDIO_SET_VOL_CAL cal type = 12
07-28 11:41:59.611 917 3768 D ACDB-LOADER: ACDB -> ACDB_CMD_GET_AUDPROC_STREAM_TABLE_SIZE
07-28 11:41:59.611 917 3768 D ACDB-LOADER: ACDB -> send_audstrmtable
07-28 11:41:59.611 917 3768 D ACDB-LOADER: ACDB -> ACDB_CMD_GET_AUDPROC_STREAM_TABLE_V2
07-28 11:41:59.611 917 3768 D ACDB-LOADER: ACDB -> audstrm_cal->cal_type.cal_data.cal_size = 488
07-28 11:41:59.611 917 3768 D ACDB-LOADER: ACDB -> send_afe_topology
07-28 11:41:59.611 917 3768 D ACDB-LOADER: ACDB -> ACDB_CMD_GET_AFE_TOPOLOGY_ID
07-28 11:41:59.611 917 3768 D ACDB-LOADER: ACDB -> GET_AFE_TOPOLOGY_ID for adcd_id 513, Topology Id 10000ccc
07-28 11:41:59.611 917 3768 D ACDB-LOADER: ACDB -> send_afe_cal
07-28 11:41:59.611 917 3768 D ACDB-LOADER: ACDB -> ACDB_CMD_GET_AFE_COMMON_TABLE_SIZE
07-28 11:41:59.611 917 3768 D ACDB-LOADER: ACDB -> ACDB_CMD_GET_AFE_COMMON_TABLE
07-28 11:41:59.611 917 3768 D ACDB-LOADER: ACDB -> AUDIO_SET_AFE_CAL
07-28 11:41:59.611 917 3768 D ACDB-LOADER: ACDB -> send_hw_delay : acdb_id = 513 path = 0
07-28 11:41:59.611 917 3768 D ACDB-LOADER: ACDB -> ACDB_AVSYNC_INFO: ACDB_CMD_GET_DEVICE_PROPERTY
07-28 11:41:59.611 917 3768 D audio_hw_primary: enable_audio_route: usecase(1) apply and update mixer path: low-latency-playback speaker
07-28 11:41:59.611 917 3768 D audio_route: Apply path: low-latency-playback speaker
07-28 11:41:59.667 917 3768 D audio_hw_primary: out_write: retry previous failed cal level set
07-28 11:41:59.822 1547 2099 I system_server: oneway function results will be dropped but finished with status OK and parcel size 4
07-28 11:41:59.976 935 1156 D VSC : @ 1777.922: [WO] tilt angle 64
07-28 11:41:59.976 935 1156 D VSC : @ 1777.922: [WO] isFlat() nearest_rotation: 4, flat_angle: 65
07-28 11:41:59.976 935 1156 D VSC : @ 1777.922: [WO] orientation angle 337, orientation 4
07-28 11:41:59.976 935 1156 D VSC : @ 1777.922: [WO] rejected by isOrientationAngleAcceptable
07-28 11:42:00.870 1547 2591 D ConnectivityService: NetReassign [no changes]
07-28 11:42:01.164 1024 1024 I perfetto: probes_producer.cc:329 Producer stop (id=19)
07-28 11:42:01.173 1026 1026 I perfetto: ng_service_impl.cc:1948 Tracing session 19 ended, total sessions:1
07-28 11:42:01.829 3537 3561 I PeriodicStatsRunner: PeriodicStatsRunner.call():175 call()
07-28 11:42:01.830 3537 3561 I PeriodicStatsRunner: PeriodicStatsRunner.call():179 No submit PeriodicStats since input started.
07-28 11:42:01.979 935 1156 D VSC : @ 1779.924: [WO] tilt angle 64
07-28 11:42:01.979 935 1156 D VSC : @ 1779.924: [WO] isFlat() nearest_rotation: 4, flat_angle: 65
07-28 11:42:01.979 935 1156 D VSC : @ 1779.924: [WO] orientation angle 335, orientation 4
07-28 11:42:01.979 935 1156 D VSC : @ 1779.924: [WO] rejected by isOrientationAngleAcceptable
07-28 11:42:02.850 917 2603 D audio_hw_primary: disable_audio_route: usecase(1) reset and update mixer path: low-latency-playback speaker
07-28 11:42:02.851 917 2603 I audio_hw_cirrus_playback: audio_extn_spkr_prot_stop_processing: pcm_tx_close
07-28 11:42:02.858 917 2603 D audio_hw_primary: disable_audio_route: usecase(25) reset and update mixer path: spkr-vi-record vi-feedback
07-28 11:42:02.858 917 2603 D audio_hw_primary: disable_snd_device: snd_device(104: vi-feedback)
07-28 11:42:02.860 1547 6522 I system_server: oneway function results will be dropped but finished with status OK and parcel size 4
07-28 11:42:02.908 917 3768 D audio_route: Apply path: speaker
07-28 11:42:02.908 2658 2658 V ShadeControllerImpl: NotificationShadeWindow: com.android.systemui.statusbar.phone.NotificationShadeWindowView{a8d1faf I.E...... ......ID 0,0-1080,2220} canPanelBeCollapsed(): false
07-28 11:42:02.908 917 3768 D audio_hw_primary: enable_snd_device: snd_device(104: vi-feedback)
07-28 11:42:02.908 917 3768 D audio_route: Apply path: vi-feedback
07-28 11:42:02.908 917 3768 E audio_hw_utils: audio_extn_utils_send_app_type_cfg: Failed to derive app_type for uc type : 0x1
07-28 11:42:02.908 917 3768 D ACDB-LOADER: ACDB -> send_audio_cal, acdb_id = 512, path = 1, app id = 0x11132, sample rate = 48000
07-28 11:42:02.908 917 3768 D ACDB-LOADER: ACDB -> send_asm_topology
07-28 11:42:02.908 917 3768 D ACDB-LOADER: ACDB -> ACDB_CMD_GET_AUDPROC_STREAM_TOPOLOGY_ID
07-28 11:42:02.908 917 3768 D ACDB-LOADER: ACDB -> send_adm_topology
07-28 11:42:02.908 917 3768 D ACDB-LOADER: ACDB -> ACDB_CMD_GET_AUDPROC_COMMON_TOPOLOGY_ID
07-28 11:42:02.908 917 3768 D ACDB-LOADER: ACDB -> send_audtable
07-28 11:42:02.908 917 3768 D ACDB-LOADER: ACDB -> ACDB_CMD_GET_AUDPROC_COMMON_TABLE_SIZE
07-28 11:42:02.908 917 3768 D ACDB-LOADER: ACDB -> ACDB_CMD_GET_AUDPROC_COMMON_TABLE
07-28 11:42:02.908 917 3768 D ACDB-LOADER: ACDB -> AUDIO_SET_AUDPROC_CAL
07-28 11:42:02.908 917 3768 D ACDB-LOADER: ACDB -> send_audvoltable
07-28 11:42:02.908 917 3768 D ACDB-LOADER: ACDB -> ACDB_CMD_GET_AUDPROC_VOL_STEP_TABLE_SIZE
07-28 11:42:02.908 917 3768 D ACDB-LOADER: ACDB -> ACDB_CMD_GET_AUDPROC_GAIN_DEP_STEP_TABLE, vol index 0
07-28 11:42:02.908 917 3768 D android.hardware.audio.service: Failed to fetch the lookup information of the device 00000200
07-28 11:42:02.908 917 3768 E ACDB-LOADER: Error: ACDB AudProc vol returned = -19
07-28 11:42:02.908 917 3768 D ACDB-LOADER: ACDB -> AUDIO_SET_VOL_CAL cal type = 12
07-28 11:42:02.908 917 3768 D ACDB-LOADER: ACDB -> ACDB_CMD_GET_AUDPROC_STREAM_TABLE_SIZE
07-28 11:42:02.908 917 3768 D ACDB-LOADER: ACDB -> send_audstrmtable
07-28 11:42:02.908 917 3768 D ACDB-LOADER: ACDB -> ACDB_CMD_GET_AUDPROC_STREAM_TABLE_V2
07-28 11:42:02.908 917 3768 D ACDB-LOADER: ACDB -> audstrm_cal->cal_type.cal_data.cal_size = 16
07-28 11:42:02.908 917 3768 D ACDB-LOADER: ACDB -> send_afe_topology
07-28 11:42:02.908 917 3768 D ACDB-LOADER: ACDB -> ACDB_CMD_GET_AFE_TOPOLOGY_ID
07-28 11:42:02.908 917 3768 D ACDB-LOADER: ACDB -> GET_AFE_TOPOLOGY_ID for adcd_id 512, Topology Id 10001ccc
07-28 11:42:02.908 917 3768 D ACDB-LOADER: ACDB -> send_afe_cal
07-28 11:42:02.908 917 3768 D ACDB-LOADER: ACDB -> ACDB_CMD_GET_AFE_COMMON_TABLE_SIZE
07-28 11:42:02.908 917 3768 D ACDB-LOADER: ACDB -> ACDB_CMD_GET_AFE_COMMON_TABLE
07-28 11:42:02.908 917 3768 D ACDB-LOADER: ACDB -> AUDIO_SET_AFE_CAL
07-28 11:42:02.908 917 3768 D ACDB-LOADER: ACDB -> send_hw_delay : acdb_id = 512 path = 1
07-28 11:42:02.908 917 3768 D ACDB-LOADER: ACDB -> ACDB_AVSYNC_INFO: ACDB_CMD_GET_DEVICE_PROPERTY
07-28 11:42:02.908 917 3768 D audio_hw_primary: enable_audio_route: usecase(25) apply and update mixer path: spkr-vi-record vi-feedback
07-28 11:42:02.908 917 3768 D audio_route: Apply path: spkr-vi-record vi-feedback
07-28 11:42:02.909 1547 1728 I ActivityTaskManager: START u0 {act=android.intent.action.MAIN cat=[android.intent.category.HOME] flg=0x10000100 cmp=com.google.android.apps.nexuslauncher/.NexusLauncherActivity (has extras)} from uid 0
07-28 11:42:02.909 1547 6522 I system_server: oneway function results will be dropped but finished with status OK and parcel size 4
07-28 11:42:02.909 1547 1731 I EventSequenceValidator: Transition from INTENT_FAILED to INTENT_STARTED
07-28 11:42:02.910 1547 6522 I system_server: oneway function results will be dropped but finished with status OK and parcel size 4
07-28 11:42:02.910 1063 2147 D iorapd : EventManager: Looking up compiled trace done in 0ms.
07-28 11:42:02.910 1063 2147 D iorapd : Cannot find compiled trace in sqlite for package_name: com.google.android.apps.nexuslauncher activity_name: com.google.android.apps.nexuslauncher.NexusLauncherActivity
07-28 11:42:02.910 1063 2147 D iorapd : Prebuilt compiled trace doesn't exists. file_path: /product/iorap-trace/com.google.android.apps.nexuslauncher.compiled_trace.pb
07-28 11:42:02.912 1063 15372 D iorapd : Create Perfetto handle 21
07-28 11:42:02.913 1026 1026 I perfetto: ing_service_impl.cc:758 Configured tracing session 21, #sources:1, duration:5000 ms, #buffers:1, total buffer size:4096 KB, total sessions:2, uid:1071 session name: ""
07-28 11:42:02.914 1024 1024 I perfetto: probes_producer.cc:230 Ftrace setup (target_buf=21)
07-28 11:42:02.914 1547 1731 I EventSequenceValidator: Transition from INTENT_STARTED to INTENT_FAILED
07-28 11:42:02.914 2658 2658 V ShadeControllerImpl: NotificationShadeWindow: com.android.systemui.statusbar.phone.NotificationShadeWindowView{a8d1faf I.E...... ......ID 0,0-1080,2220} canPanelBeCollapsed(): false
07-28 11:42:02.944 917 3768 D ACDB-LOADER: ACDB -> send_audio_cal, acdb_id = 513, path = 0, app id = 0x11130, sample rate = 48000
07-28 11:42:02.944 917 3768 D ACDB-LOADER: ACDB -> send_asm_topology
07-28 11:42:02.944 917 3768 D ACDB-LOADER: ACDB -> ACDB_CMD_GET_AUDPROC_STREAM_TOPOLOGY_ID
07-28 11:42:02.944 917 3768 D ACDB-LOADER: ACDB -> send_adm_topology
07-28 11:42:02.944 917 3768 D ACDB-LOADER: ACDB -> ACDB_CMD_GET_AUDPROC_COMMON_TOPOLOGY_ID
07-28 11:42:02.944 917 3768 D ACDB-LOADER: ACDB -> send_audtable
07-28 11:42:02.944 917 3768 D ACDB-LOADER: ACDB -> ACDB_CMD_GET_AUDPROC_COMMON_TABLE_SIZE
07-28 11:42:02.944 917 3768 D ACDB-LOADER: ACDB -> ACDB_CMD_GET_AUDPROC_COMMON_TABLE
07-28 11:42:02.944 917 3768 D ACDB-LOADER: ACDB -> AUDIO_SET_AUDPROC_CAL
07-28 11:42:02.944 917 3768 D ACDB-LOADER: ACDB -> send_audvoltable
07-28 11:42:02.944 917 3768 D ACDB-LOADER: ACDB -> ACDB_CMD_GET_AUDPROC_VOL_STEP_TABLE_SIZE
07-28 11:42:02.944 917 3768 D ACDB-LOADER: ACDB -> ACDB_CMD_GET_AUDPROC_GAIN_DEP_STEP_TABLE, vol index 0
07-28 11:42:02.944 917 3768 D android.hardware.audio.service: Failed to fetch the lookup information of the device 00000201
07-28 11:42:02.944 917 3768 E ACDB-LOADER: Error: ACDB AudProc vol returned = -19
07-28 11:42:02.944 917 3768 D ACDB-LOADER: ACDB -> AUDIO_SET_VOL_CAL cal type = 12
07-28 11:42:02.944 917 3768 D ACDB-LOADER: ACDB -> ACDB_CMD_GET_AUDPROC_STREAM_TABLE_SIZE
07-28 11:42:02.944 917 3768 D ACDB-LOADER: ACDB -> send_audstrmtable
07-28 11:42:02.944 917 3768 D ACDB-LOADER: ACDB -> ACDB_CMD_GET_AUDPROC_STREAM_TABLE_V2
07-28 11:42:02.944 917 3768 D ACDB-LOADER: ACDB -> audstrm_cal->cal_type.cal_data.cal_size = 488
07-28 11:42:02.944 917 3768 D ACDB-LOADER: ACDB -> send_afe_topology
07-28 11:42:02.944 917 3768 D ACDB-LOADER: ACDB -> ACDB_CMD_GET_AFE_TOPOLOGY_ID
07-28 11:42:02.944 917 3768 D ACDB-LOADER: ACDB -> GET_AFE_TOPOLOGY_ID for adcd_id 513, Topology Id 10000ccc
07-28 11:42:02.944 917 3768 D ACDB-LOADER: ACDB -> send_afe_cal
07-28 11:42:02.944 917 3768 D ACDB-LOADER: ACDB -> ACDB_CMD_GET_AFE_COMMON_TABLE_SIZE
07-28 11:42:02.944 917 3768 D ACDB-LOADER: ACDB -> ACDB_CMD_GET_AFE_COMMON_TABLE
07-28 11:42:02.944 917 3768 D ACDB-LOADER: ACDB -> AUDIO_SET_AFE_CAL
07-28 11:42:02.944 917 3768 D ACDB-LOADER: ACDB -> send_hw_delay : acdb_id = 513 path = 0
07-28 11:42:02.944 917 3768 D ACDB-LOADER: ACDB -> ACDB_AVSYNC_INFO: ACDB_CMD_GET_DEVICE_PROPERTY
07-28 11:42:02.944 917 3768 D audio_hw_primary: enable_audio_route: usecase(1) apply and update mixer path: low-latency-playback speaker
07-28 11:42:02.944 917 3768 D audio_route: Apply path: low-latency-playback speaker
07-28 11:42:02.994 917 3768 D audio_hw_primary: out_write: retry previous failed cal level set
07-28 11:42:03.159 1547 2098 I system_server: oneway function results will be dropped but finished with status OK and parcel size 4
07-28 11:42:03.900 1547 2591 D ConnectivityService: NetReassign [no changes]
07-28 11:42:03.979 935 1156 D VSC : @ 1781.923: [WO] tilt angle 72
07-28 11:42:03.979 935 1156 D VSC : @ 1781.924: [WO] isFlat() nearest_rotation: 0, flat_angle: 65
07-28 11:42:03.979 935 1156 D VSC : @ 1781.924: [WO] orientation angle 44, orientation 0
07-28 11:42:03.979 935 1156 D VSC : @ 1781.924: [WO] rejected by isOrientationAngleAcceptable
07-28 11:42:04.582 1024 1024 I perfetto: probes_producer.cc:329 Producer stop (id=20)
07-28 11:42:04.587 1026 1026 I perfetto: ng_service_impl.cc:1948 Tracing session 20 ended, total sessions:1
07-28 11:42:05.977 935 1156 D VSC : @ 1783.923: [WO] tilt angle 86
07-28 11:42:06.187 917 2603 D audio_hw_primary: disable_audio_route: usecase(1) reset and update mixer path: low-latency-playback speaker
07-28 11:42:06.189 917 2603 I audio_hw_cirrus_playback: audio_extn_spkr_prot_stop_processing: pcm_tx_close
07-28 11:42:06.198 917 2603 D audio_hw_primary: disable_audio_route: usecase(25) reset and update mixer path: spkr-vi-record vi-feedback
07-28 11:42:06.199 917 2603 D audio_hw_primary: disable_snd_device: snd_device(104: vi-feedback)
07-28 11:42:06.201 1547 6522 I system_server: oneway function results will be dropped but finished with status OK and parcel size 4
07-28 11:42:06.955 3002 3174 E PhoneInterfaceManager: [PhoneIntfMgr] getCarrierPrivilegeStatus: Invalid subId
07-28 11:42:06.963 6463 6540 I CarrierServices: [437] cnd.onConnectivityChange: FiST: Wifi connectivity status true
07-28 11:42:06.965 6463 6610 I CarrierServices: [467] cwy.a: (PEv2-SM): DisabledState: event Connectivity event
07-28 11:42:06.967 6463 6540 I CarrierServices: [437] cnv.d: Connected state: [1], networkType: [WIFI]
07-28 11:42:06.971 3002 3174 E PhoneInterfaceManager: [PhoneIntfMgr] getCarrierPrivilegeStatus: Invalid subId
07-28 11:42:06.972 6463 6617 I CarrierServices: [471] czd.d: RCS Configuration storage in Bugle is disabled by p/h flag, using ProvisioningEngineStateCacheUtil.getProvisioningConfigurationForGivenSim()
07-28 11:42:07.921 1024 1024 I perfetto: probes_producer.cc:329 Producer stop (id=21)
07-28 11:42:07.925 1024 1024 I perfetto: ftrace_procfs.cc:183 disabled ftrace
07-28 11:42:07.933 1026 1026 I perfetto: ng_service_impl.cc:1948 Tracing session 21 ended, total sessions:0
07-28 11:42:07.984 935 1156 D VSC : @ 1785.923: [WO] tilt angle 86
07-28 11:42:08.688 935 1156 D CHRE : @ 1786.628: [ImuCal] Dynamic sensor configuration: stand-by.
07-28 11:42:08.703 935 1156 W ASH : @ 1786.641: bmi160: timestamp decrement on sensor [1]: prev = 1783,769,837,408, curr = 1783,759,814,408
07-28 11:42:08.703 935 1156 D CHRE : @ 1786.642: [ImuCal] Dynamic sensor configuration: high-performance.
07-28 11:42:09.978 935 1156 D VSC : @ 1787.923: [WO] tilt angle 86
07-28 11:42:11.979 935 1156 D VSC : @ 1789.923: [WO] tilt angle 86
07-28 11:42:12.646 12759 15376 I Authzen : [DeviceStateSyncManager] The server is in sync with current state. Nothing to do
07-28 11:42:13.350 3630 3662 I QcrilOemhookMsgTunnel: [0]processOemHookIndication length=21
07-28 11:42:13.353 3630 3630 D QcrilMsgTunnelIfaceManager: handleMessage what = 0
07-28 11:42:13.408 3002 3002 D ServiceStateProvider: subId=-1
07-28 11:42:13.410 6463 6463 I CarrierServices: [2] dlf.onReceive: Received SERVICE_STATE intent, clearing cached cell info
07-28 11:42:13.411 2658 2658 W KeyguardUpdateMonitor: invalid subId in handleServiceStateChange()
07-28 11:42:13.425 3002 3002 W PhoneGlobals: Can't get phone with sub id = -1
07-28 11:42:13.982 935 1156 D VSC : @ 1791.923: [WO] tilt angle 86
07-28 11:42:15.984 935 1156 D VSC : @ 1793.923: [WO] tilt angle 86
07-28 11:42:17.980 935 1156 D VSC : @ 1795.922: [WO] tilt angle 86
07-28 11:42:19.979 935 1156 D VSC : @ 1797.922: [WO] tilt angle 86
07-28 11:42:21.979 935 1156 D VSC : @ 1799.922: [WO] tilt angle 86
07-28 11:42:23.984 935 1156 D VSC : @ 1801.926: [WO] tilt angle 86
07-28 11:42:25.984 935 1156 D VSC : @ 1803.924: [WO] tilt angle 86
07-28 11:42:22.105 1547 2591 I chatty : uid=1000(system) ConnectivitySer identical 6 lines
07-28 11:42:25.143 1547 2591 D ConnectivityService: NetReassign [no changes]
07-28 11:42:26.727 1547 1724 E JobScheduler.Background: App com.google.android.gms became active but still in NEVER bucket
07-28 11:42:26.733 1547 1766 I DropBoxManagerService: add tag=system_server_wtf isTagEnabled=true flags=0x2
07-28 11:42:27.981 935 1156 D VSC : @ 1805.923: [WO] tilt angle 86
07-28 11:42:28.174 1547 2591 D ConnectivityService: NetReassign [no changes]
07-28 11:42:28.826 1547 1766 W BroadcastQueue: Background execution not allowed: receiving Intent { act=android.intent.action.DROPBOX_ENTRY_ADDED flg=0x10 (has extras) } to com.google.android.gms/.stats.service.DropBoxEntryAddedReceiver
07-28 11:42:28.827 1547 1766 W BroadcastQueue: Background execution not allowed: receiving Intent { act=android.intent.action.DROPBOX_ENTRY_ADDED flg=0x10 (has extras) } to com.google.android.gms/.chimera.GmsIntentOperationService$PersistentTrustedReceiver
07-28 11:42:29.984 935 1156 D VSC : @ 1807.923: [WO] tilt angle 86
07-28 11:42:31.224 1547 2591 D ConnectivityService: NetReassign [no changes]
07-28 11:42:31.983 935 1156 D VSC : @ 1809.922: [WO] tilt angle 86
07-28 11:42:32.704 4266 4266 I Finsky : [2] xir.onStartJob(3): SCH: onJobSchedulerWakeup with jobId 9000
07-28 11:42:32.726 4266 4266 I Finsky : [2] xdr.a(19): Scheduling fallback job with id: 9034, and delay: 43200000 ms
07-28 11:42:32.742 4266 4266 I Finsky : [2] xdr.a(9): Scheduling fallback in 64799993 (absolute: 66608181)
07-28 11:42:32.748 3311 10996 I NetworkScheduler.Stats: Task com.google.android.gms/com.google.android.gms.icing.service.IcingGcmTaskService started execution. cause:4 exec_start_elapsed_seconds: 1808 [CONTEXT service_id=218 ]
07-28 11:42:32.759 3311 11609 I NetworkScheduler.Stats: Task com.google.android.gms/com.google.android.gms.icing.service.IcingGcmTaskService finished executing. cause:4 result: 1 elapsed_millis: 48 uptime_millis: 48 exec_start_elapsed_seconds: 1808 [CONTEXT service_id=218 ]
07-28 11:42:32.806 4266 4266 I Finsky : [2] xea.handleMessage(8): SCH: DeviceState: DeviceState{currentTime=1595932952784, isCharging=false, isIdle=false, netAny=true, netNotRoaming=true, netUnmetered=true, batteryPercent=51.0}
07-28 11:42:32.820 4266 15396 I Finsky : [277] xgp.a(8): SCH: Jobs in database: 1-1337 3-585 3-586 12-1 20-23232323 26-1414141414 34-215 34-216
07-28 11:42:32.838 4266 4266 I Finsky : [2] xeb.a(16): SCH: Running job: 12-1
07-28 11:42:32.840 4266 4266 I Finsky : [2] ContentSyncJob.a(16): [ContentSync] job started
07-28 11:42:32.844 4266 4266 I Finsky : [2] xea.handleMessage(61): SCH: RunningQueue size: 1, PendingQueue size: 0
07-28 11:42:32.845 4266 4266 I Finsky : [2] xea.handleMessage(64): SCH: Running queue: 12-1
07-28 11:42:32.936 4266 15398 I Finsky : [279] dsr.a(22): Completed 0 account content syncs with 0 successful.
07-28 11:42:32.936 4266 4266 I Finsky : [2] ContentSyncJob.a(1): [ContentSync] Installation state replication succeeded.
07-28 11:42:32.937 4266 4266 I Finsky : [2] xfm.a(13): SCH: jobFinished: 12-1. TimeElapsed: 98ms.
07-28 11:42:32.938 4266 4266 I Finsky : [2] xeb.a(36): SCH: Job 12-1 finished. Not rescheduling.
07-28 11:42:32.938 4266 4266 I Finsky : [2] xea.handleMessage(61): SCH: RunningQueue size: 0, PendingQueue size: 0
07-28 11:42:32.939 4266 4266 I Finsky : [2] xea.handleMessage(25): Executor finished
07-28 11:42:32.964 4266 4266 I Finsky : [2] xgp.a(8): SCH: Jobs in database: 1-1337 3-585 3-586 20-23232323 26-1414141414 34-215 34-216
07-28 11:42:32.973 4266 4266 I Finsky : [2] xcj.a(57): SCH: ConstraintMapping: 1-1337, 34-215, -> L: 12703728ms, D: 44796096ms, C: false, I: false, N: 1
07-28 11:42:32.974 4266 4266 I Finsky : [2] xcj.a(57): SCH: ConstraintMapping: 3-586, 20-23232323, -> L: 0ms, D: 81113744ms, C: true, I: false, N: 2
07-28 11:42:32.974 4266 4266 I Finsky : [2] xcj.a(57): SCH: ConstraintMapping: 34-216, -> L: 604702316ms, D: 2591901199ms, C: false, I: true, N: 2
07-28 11:42:32.975 4266 4266 I Finsky : [2] xcj.a(57): SCH: ConstraintMapping: 3-585, 34-216, -> L: 0ms, D: 84691501ms, C: true, I: true, N: 2
07-28 11:42:32.975 4266 4266 I Finsky : [2] xcj.a(57): SCH: ConstraintMapping: 26-1414141414, -> L: 864559ms, D: 1764559ms, C: false, I: false, N: 0
07-28 11:42:33.020 4266 4266 I Finsky : [2] xez.a(34): Cancelling existing jobscheduler jobs: 9006 9009 9008 9007
07-28 11:42:33.023 4266 4266 I Finsky : [2] xez.a(27): Scheduling job Id: 9001, L: 12703728, D: 44796096, C: false, I: false, N: 1
07-28 11:42:33.027 4266 4266 I Finsky : [2] xez.a(10): Throttling wakeup for job 9002 (expected to run in 0 ms) due to recent wakeup
07-28 11:42:33.027 4266 4266 I Finsky : [2] xez.a(27): Scheduling job Id: 9002, L: 30000, D: 81113744, C: true, I: false, N: 2
07-28 11:42:33.031 4266 4266 I Finsky : [2] xez.a(27): Scheduling job Id: 9003, L: 604702316, D: 2591901199, C: false, I: true, N: 2
07-28 11:42:33.034 4266 4266 I Finsky : [2] xez.a(10): Throttling wakeup for job 9004 (expected to run in 0 ms) due to recent wakeup
07-28 11:42:33.035 4266 4266 I Finsky : [2] xez.a(27): Scheduling job Id: 9004, L: 30000, D: 84691501, C: true, I: true, N: 2
07-28 11:42:33.038 4266 4266 I Finsky : [2] xez.a(27): Scheduling job Id: 9005, L: 864559, D: 1764559, C: false, I: false, N: 0
07-28 11:42:33.980 935 1156 D VSC : @ 1811.922: [WO] tilt angle 86
07-28 11:42:35.980 935 1156 D VSC : @ 1813.923: [WO] tilt angle 86
07-28 11:42:37.987 935 1156 D VSC : @ 1815.926: [WO] tilt angle 86
07-28 11:42:39.322 935 15251 I sensors-hal: handle_sns_std_sensor_event:45, ambient_light_event: filter out status = 1, lux = 2467, raw_adc=19770
07-28 11:42:39.981 935 1156 D VSC : @ 1817.922: [WO] tilt angle 86
07-28 11:42:41.817 12931 12931 I abb : StartCommandInProcess(73657474696e67730067657400656e61 settings.get.ena [truncated])
07-28 11:42:41.822 12931 14573 I abb : oneway function results will be dropped but finished with status OK and parcel size 4
07-28 11:42:41.818 1547 1547 W Binder:1547_4: type=1400 audit(0.0:387): avc: denied { getopt } for scontext=u:r:system_server:s0 tcontext=u:r:shell:s0 tclass=unix_stream_socket permissive=0
07-28 11:42:41.822 1547 1547 I chatty : uid=1000 system_server identical 1 line
07-28 11:42:41.822 1547 1547 W Binder:1547_4: type=1400 audit(0.0:389): avc: denied { getopt } for scontext=u:r:system_server:s0 tcontext=u:r:shell:s0 tclass=unix_stream_socket permissive=0
07-28 11:42:41.825 12931 12931 I abb : StartCommandInProcess(7061636b61676500696e7374616c6c00 package.install. [truncated])
07-28 11:42:41.977 935 1156 D VSC : @ 1819.922: [WO] tilt angle 86
07-28 11:42:43.048 1547 1547 W Binder:1547_4: type=1400 audit(0.0:390): avc: denied { getopt } for scontext=u:r:system_server:s0 tcontext=u:r:shell:s0 tclass=unix_stream_socket permissive=0
07-28 11:42:37.322 1547 2591 I chatty : uid=1000(system) ConnectivitySer identical 2 lines
07-28 11:42:40.371 1547 2591 D ConnectivityService: NetReassign [no changes]
07-28 11:42:43.352 1547 1724 E JobScheduler.Background: App com.google.android.gms became active but still in NEVER bucket
07-28 11:42:43.355 1547 1766 I DropBoxManagerService: add tag=system_server_wtf isTagEnabled=true flags=0x2
07-28 11:42:43.363 1547 1724 E JobScheduler.Background: App com.google.android.gms became active but still in NEVER bucket
07-28 11:42:43.371 1547 1766 I DropBoxManagerService: add tag=system_server_wtf isTagEnabled=true flags=0x2
07-28 11:42:43.380 4266 4266 I Finsky : [2] aerp.a(7): Verification requested, id = 7
07-28 11:42:43.391 1547 2130 W RuleEvaluation: Integrity rule files are not available.
07-28 11:42:43.392 1547 1800 I PackageManager: Integrity check passed for file:///data/app/vmdl1080687245.tmp
07-28 11:42:43.401 4266 4266 E Finsky : [2] VerifyPerSourceInstallationConsentInstallTask.b(2): Package name null is not an installed package
07-28 11:42:43.404 1547 2591 D ConnectivityService: NetReassign [no changes]
07-28 11:42:43.415 4266 15051 I Finsky : [254] aeth.a(8): Single user settings service is not running, bind it now
07-28 11:42:43.421 4266 4266 I Finsky : [2] aetg.onServiceConnected(1): Single user settings service is connected
07-28 11:42:43.433 4266 15051 W Settings: Setting install_non_market_apps has moved from android.provider.Settings.Global to android.provider.Settings.Secure, returning read-only value.
07-28 11:42:43.842 4266 15051 I Finsky : [254] lmr.a(9): Task 7 requested foreground
07-28 11:42:43.844 4266 15051 I Finsky : [254] lmr.a(20): Not entering foreground
07-28 11:42:43.978 935 1156 D VSC : @ 1821.923: [WO] tilt angle 86
07-28 11:42:44.150 4266 15409 I Finsky : [282] aezx.b(3): Verify: Verification package=com.timob.axway, id=7 response=0
07-28 11:42:44.343 4266 15051 I Finsky : [254] VerifyAdvancedProtectionInstallTask.c(1): Verify AP install started
07-28 11:42:44.343 4266 15051 I Finsky : [254] VerifyAdvancedProtectionInstallTask.c(2): Allowing install because there are no Advanced Protection users
07-28 11:42:44.345 4266 4266 I Finsky : [2] VerifyAdvancedProtectionInstallTask.ik(2): Reported verification result: ALLOW
07-28 11:42:44.346 4266 15051 I Finsky : [254] VerifyPerSourceInstallationConsentInstallTask.c(3): PSIC verification started with installer uid: 2000 package name: null, originating uid: -1
07-28 11:42:44.348 4266 4266 I Finsky : [2] VerifyInstallTask.c(15): Verifying id=7, result=1
07-28 11:42:44.355 4266 4266 I Finsky : [2] VerifyInstallTask.ik(6): Verification complete: id=7, package_name=com.timob.axway
07-28 11:42:44.429 1547 1800 D CompatibilityChangeReporter: Compat change id reported: 135549675; UID 10308; state: DISABLED
07-28 11:42:44.499 1547 1724 V StorageManagerService: Package null does not have legacy storage
07-28 11:42:44.499 3810 3826 I MediaProvider: Invalidating LocalCallingIdentity cache for package com.timob.axway. Reason: op android:read_external_storage
07-28 11:42:44.508 1063 2147 D iorapd : Received PackageChangeObserver::onPackageChanged
07-28 11:42:44.508 1063 2147 D iorapd : Received PackageChangeEvent{packageName=com.timob.axway,version=1,lastUpdateTimeMillis=1595932964425}
07-28 11:42:44.508 1063 2147 D iorapd : Same version package com.timob.axway with version 1
07-28 11:42:44.508 1063 2147 D iorapd : Clean up files for package com.timob.axway with version 1
07-28 11:42:44.508 1063 2147 D iorapd : Clean up files for activity com.timob.axway.Timob28035Activity
07-28 11:42:44.509 1547 1800 V BackupManagerService: [UserID:0] restoreAtInstall pkg=com.timob.axway token=8 restoreSet=0
07-28 11:42:44.509 1547 1800 V BackupManagerService: [UserID:0] Finishing install immediately
07-28 11:42:44.500 3810 3826 I chatty : uid=10244(com.google.android.providers.media.module) Binder:3810_1 identical 1 line
07-28 11:42:44.500 3810 3826 I MediaProvider: Invalidating LocalCallingIdentity cache for package com.timob.axway. Reason: op android:read_external_storage
07-28 11:42:44.523 1062 1062 E installd: Couldn't opendir /data/app/vmdl1080687245.tmp: No such file or directory
07-28 11:42:44.523 1062 1062 E installd: Failed to delete /data/app/vmdl1080687245.tmp: No such file or directory
07-28 11:42:44.525 12931 14573 I abb : oneway function results will be dropped but finished with status OK and parcel size 4
07-28 11:42:44.522 1547 1547 W Binder:1547_4: type=1400 audit(0.0:391): avc: denied { getopt } for scontext=u:r:system_server:s0 tcontext=u:r:shell:s0 tclass=unix_stream_socket permissive=0
07-28 11:42:44.543 1547 1724 I RoleManagerService: Granting default roles...
07-28 11:42:44.550 1547 2123 I InputReader: Reconfiguring input devices, changes=KEYBOARD_LAYOUTS |
07-28 11:42:44.559 1547 1766 W BroadcastQueue: Background execution not allowed: receiving Intent { act=android.intent.action.PACKAGE_ADDED dat=package:com.timob.axway flg=0x4000010 (has extras) } to com.google.android.packageinstaller/com.android.packageinstaller.PackageInstalledReceiver
07-28 11:42:44.559 3886 3886 I GsaVoiceInteractionSrv: O received Intent { act=android.intent.action.PACKAGE_ADDED dat=package:com.timob.axway flg=0x4000010 (has extras) }
07-28 11:42:44.559 1547 1766 W BroadcastQueue: Background execution not allowed: receiving Intent { act=android.intent.action.PACKAGE_ADDED dat=package:com.timob.axway flg=0x4000010 (has extras) } to com.android.vending/com.google.android.finsky.packagemanager.impl.PackageMonitorReceiverImpl$RegisteredReceiver
07-28 11:42:44.559 1547 1766 W BroadcastQueue: Background execution not allowed: receiving Intent { act=android.intent.action.PACKAGE_ADDED dat=package:com.timob.axway flg=0x4000010 (has extras) } to com.google.android.gms/.games.chimera.GamesSystemBroadcastReceiverProxy
07-28 11:42:44.564 4266 4266 I Finsky : [2] tul.a(18): PackageMonitorReceiverImpl - Received: android.intent.action.PACKAGE_ADDED, [9Sg0rVF_dVnO4DBwHfVyaB8zxghHeKa5tg7cBAVsEyY]
07-28 11:42:44.565 4266 4266 I Finsky : [2] tvm.d(9): Invalidating cached PackageState for com.timob.axway
07-28 11:42:44.565 1547 1766 W BroadcastQueue: Background execution not allowed: receiving Intent { act=android.intent.action.PACKAGE_ADDED dat=package:com.timob.axway flg=0x4000010 (has extras) } to com.google.android.gms/.gass.chimera.PackageChangeBroadcastReceiver
07-28 11:42:44.570 1547 3962 W ActivityManager: Permission Denial: Accessing service com.google.android.music/.dial.DialMediaRouteProviderService from pid=12759, uid=10016 that is not exported from uid 10081
07-28 11:42:44.578 1547 1547 I Telecom : DefaultDialerCache: Refreshing default dialer for user 0: now com.google.android.dialer: DDC.oR@AJo
07-28 11:42:44.579 1547 1766 W BroadcastQueue: Background execution not allowed: receiving Intent { act=android.intent.action.PACKAGE_ADDED dat=package:com.timob.axway flg=0x4000010 (has extras) } to com.google.android.gms/.chimera.GmsIntentOperationService$PersistentTrustedReceiver
07-28 11:42:44.579 1547 1766 W BroadcastQueue: Background execution not allowed: receiving Intent { act=android.intent.action.PACKAGE_ADDED dat=package:com.timob.axway flg=0x4000010 (has extras) } to com.google.android.googlequicksearchbox/com.google.android.apps.gsa.googlequicksearchbox.GelStubAppWatcher
07-28 11:42:44.580 1547 1766 W BroadcastQueue: Background execution not allowed: receiving Intent { act=android.intent.action.PACKAGE_ADDED dat=package:com.timob.axway flg=0x4000010 (has extras) } to com.google.android.ims/.receivers.RcsAutoStartReceiver
07-28 11:42:44.596 4266 15414 I Finsky : [283] lut.run(16): Wrote row to frosting DB: 2620
07-28 11:42:44.604 3911 3911 D RegisteredNfcFServicesCache: Service unchanged, not updating
07-28 11:42:44.608 4266 4266 I Finsky : [2] lvg.c(2): Frosting ID looked up on UI thread. Caller should move to a background thread.
07-28 11:42:44.609 1547 1547 V BackupManagerConstants: getFullBackupIntervalMilliseconds(...) returns 86400000
07-28 11:42:44.609 1547 1547 V BackupManagerConstants: getFullBackupRequiredNetworkType(...) returns 2
07-28 11:42:44.609 1547 1547 V BackupManagerConstants: getFullBackupRequireCharging(...) returns true
07-28 11:42:44.617 3886 4398 W hbox:interacto: Couldn't lock the profile file /data/misc/profiles/cur/0/com.google.android.googlequicksearchbox/primary.prof: Failed to lock file '/data/misc/profiles/cur/0/com.google.android.googlequicksearchbox/primary.prof': Try again
07-28 11:42:44.617 3886 4398 W hbox:interacto: Could not forcefully load profile /data/misc/profiles/cur/0/com.google.android.googlequicksearchbox/primary.prof
07-28 11:42:44.633 4266 4266 I Finsky : [2] agmj.a(4): Do not start WearSupportService due to Wear service optimization
07-28 11:42:44.634 4266 4266 I Finsky : [2] agmj.a(4): Do not start WearSupportService due to Wear service optimization
07-28 11:42:44.641 4266 4266 I Finsky : [2] zek.a(1): Clearing split related stale data.
07-28 11:42:44.644 4266 15419 I Finsky : [284] ecm.a(12): Asset module storage cleared for package com.timob.axway.
07-28 11:42:44.647 3311 15421 W GCM : Unexpected forwarded intent: Intent { act=android.intent.action.PACKAGE_ADDED dat=package:com.timob.axway flg=0x4000010 cmp=com.google.android.gms/.chimera.PersistentIntentOperationService (has extras) }
07-28 11:42:44.648 4266 4266 I Finsky : [2] lvg.c(2): Frosting ID looked up on UI thread. Caller should move to a background thread.
07-28 11:42:44.648 4266 15414 I Finsky : [283] lut.run(16): Wrote row to frosting DB: 2621
07-28 11:42:44.653 3311 15424 W GCM : Unexpected forwarded intent: Intent { act=android.intent.action.PACKAGE_ADDED dat=package:com.timob.axway flg=0x4000010 cmp=com.google.android.gms/.chimera.PersistentIntentOperationService (has extras) }
07-28 11:42:44.658 1547 2123 I InputReader: Reconfiguring input devices, changes=KEYBOARD_LAYOUTS |
07-28 11:42:44.668 1547 6808 W ActivityManager: Permission Denial: Accessing service com.google.android.music/.dial.DialMediaRouteProviderService from pid=12759, uid=10016 that is not exported from uid 10081
07-28 11:42:44.670 4266 4266 I Finsky : [2] tul.a(18): PackageMonitorReceiverImpl - Received: android.intent.action.PACKAGE_CHANGED, [9Sg0rVF_dVnO4DBwHfVyaB8zxghHeKa5tg7cBAVsEyY]
07-28 11:42:44.671 4266 4266 I Finsky : [2] tvm.d(9): Invalidating cached PackageState for com.timob.axway
07-28 11:42:44.677 4266 15414 I Finsky : [283] lut.run(16): Wrote row to frosting DB: 2622
07-28 11:42:44.679 4266 4266 I Finsky : [2] lvg.c(2): Frosting ID looked up on UI thread. Caller should move to a background thread.
07-28 11:42:44.679 12759 15416 I Auth : [SupervisedAccountIntentOperation] onHandleIntent(): android.intent.action.PACKAGE_ADDED
07-28 11:42:44.686 3911 3911 D RegisteredNfcFServicesCache: Service unchanged, not updating
07-28 11:42:44.687 3002 3002 E PhoneInterfaceManager: [PhoneIntfMgr] getCarrierPackageNamesForIntentAndPhone: No UICC
07-28 11:42:44.687 3002 3002 D CarrierSvcBindHelper: No carrier app for: 0
07-28 11:42:44.687 12759 15416 I ChromeSync: [Sync,SyncIntentOperation] Handling the intent: Intent { act=android.intent.action.PACKAGE_ADDED dat=package:com.timob.axway flg=0x4000010 cmp=com.google.android.gms/.chimera.GmsIntentOperationService (has extras) }.
07-28 11:42:44.696 3311 15425 I Fitness : OnPackageChangedOperation got intent: Intent { act=android.intent.action.PACKAGE_CHANGED dat=package:com.timob.axway flg=0x5000010 cmp=com.google.android.gms/.chimera.PersistentIntentOperationService (has extras) } [CONTEXT service_id=17 ]
07-28 11:42:44.697 4266 4266 I Finsky : [2] lvg.c(2): Frosting ID looked up on UI thread. Caller should move to a background thread.
07-28 11:42:44.698 4266 15414 I Finsky : [283] lut.run(16): Wrote row to frosting DB: 2623
07-28 11:42:44.700 3311 15421 I Fitness : FitCleanupIntentOperation received Intent android.intent.action.PACKAGE_CHANGED [CONTEXT service_id=17 ]
07-28 11:42:44.702 12759 15431 I FontLog : Package com.timob.axway has no metadata [CONTEXT service_id=132 ]
07-28 11:42:44.707 3002 3002 E VvmPkgInstalledRcvr: cannot create TelephonyManager from ComponentInfo{com.android.phone/com.android.services.telephony.TelephonyConnectionService}, ***, UserHandle{0}
07-28 11:42:44.722 2860 2898 D CDBHelper: Open Cdb File:/data/user/0/com.google.android.apps.nexuslauncher/cache/keywords_v1.cdb
07-28 11:42:44.716 12759 15416 I ChromeSync: [Persistence,AffiliationManager] One of affiliation or grouping data for android://N-G-03oKVxFYMkt9b_EwwuyNmknpzEcFSFK8JuWUvsVC6aNzz09h2J4OAM3Snh9MpfbF3kI30LpovawVBl0WkQ==@com.timob.axway/ was not found. Marking affiliation data as stale...
07-28 11:42:44.763 3147 15443 I EuiccGoogle: [154] EuiccServiceImpl.onGetEuiccProfileInfoList: onGetEuiccProfileInfoList: slotId = -1
07-28 11:42:44.798 1547 1731 I EventSequenceValidator: Transition from INTENT_FAILED to INTENT_STARTED
07-28 11:42:44.798 1063 2147 D iorapd : EventManager: Looking up compiled trace done in 0ms.
07-28 11:42:44.798 1063 2147 D iorapd : Cannot find compiled trace in sqlite for package_name: com.timob.axway activity_name: com.timob.axway.Timob28035Activity
07-28 11:42:44.798 1063 2147 D iorapd : Prebuilt compiled trace doesn't exists. file_path: /product/iorap-trace/com.timob.axway.compiled_trace.pb
07-28 11:42:44.799 1547 2725 I ActivityTaskManager: START u0 {act=android.intent.action.MAIN cat=[android.intent.category.LAUNCHER] flg=0x10200000 cmp=com.timob.axway/.Timob28035Activity} from uid 2000
07-28 11:42:44.808 3147 15443 W EuiccGoogle: [154] EuiccServiceImpl.onGetEuiccProfileInfoList: slotId=-1. No eUICC is active. Return null.
07-28 11:42:44.809 1063 15446 D iorapd : Create Perfetto handle 22
07-28 11:42:44.812 1026 1026 I perfetto: ing_service_impl.cc:758 Configured tracing session 22, #sources:1, duration:5000 ms, #buffers:1, total buffer size:4096 KB, total sessions:1, uid:1071 session name: ""
07-28 11:42:44.813 1024 1024 I perfetto: probes_producer.cc:230 Ftrace setup (target_buf=22)
07-28 11:42:44.821 1024 1024 I perfetto: ftrace_procfs.cc:176 enabled ftrace
07-28 11:42:44.832 1547 1731 D CompatibilityChangeReporter: Compat change id reported: 135634846; UID 10308; state: DISABLED
07-28 11:42:44.833 1547 1768 D CompatibilityChangeReporter: Compat change id reported: 143937733; UID 10308; state: DISABLED
07-28 11:42:44.833 1547 1731 I EventSequenceValidator: Transition from INTENT_STARTED to ACTIVITY_LAUNCHED
07-28 11:42:44.841 3002 3002 E PhoneInterfaceManager: [PhoneIntfMgr] getCarrierPackageNamesForIntentAndPhone: No UICC
07-28 11:42:44.841 3002 3002 D CarrierSvcBindHelper: No carrier app for: 0
07-28 11:42:44.847 3002 3002 D ImsResolver: maybeAddedImsService, packageName: com.timob.axway
07-28 11:42:44.851 3002 3002 D CarrierConfigLoader: mHandler: 9 phoneId: 0
07-28 11:42:44.854 910 910 D Zygote : Forked child process 15449
07-28 11:42:44.862 3002 3002 D ImsResolver: maybeAddedImsService, packageName: com.timob.axway
07-28 11:42:44.865 3147 15450 I EuiccGoogle: [155] EuiccServiceImpl.onGetEuiccProfileInfoList: onGetEuiccProfileInfoList: slotId = -1
07-28 11:42:44.873 15449 15449 I com.timob.axwa: Late-enabling -Xcheck:jni
07-28 11:42:44.886 4266 4266 I Finsky : [2] xgp.a(8): SCH: Jobs in database: 1-1337 3-585 3-586 12-1 20-23232323 26-1414141414 34-215 34-216
07-28 11:42:44.894 15449 15449 I com.timob.axwa: Unquickening 12 vdex files!
07-28 11:42:44.903 4266 15396 I Finsky : [277] grj.a(15): [ContentSync] finished, scheduled=true
07-28 11:42:44.904 1211 1288 I adbd : jdwp connection from 15449
07-28 11:42:44.912 4266 4266 I Finsky : [2] xcj.a(57): SCH: ConstraintMapping: 1-1337, 12-1, 34-215, -> L: 14756ms, D: 44784175ms, C: false, I: false, N: 1
07-28 11:42:44.912 4266 4266 I Finsky : [2] xcj.a(57): SCH: ConstraintMapping: 3-586, 20-23232323, -> L: 0ms, D: 81101822ms, C: true, I: false, N: 2
07-28 11:42:44.913 4266 4266 I Finsky : [2] xcj.a(57): SCH: ConstraintMapping: 34-216, -> L: 604690377ms, D: 2591889260ms, C: false, I: true, N: 2
07-28 11:42:44.913 4266 4266 I Finsky : [2] xcj.a(57): SCH: ConstraintMapping: 3-585, 34-216, -> L: 0ms, D: 84679580ms, C: true, I: true, N: 2
07-28 11:42:44.913 4266 4266 I Finsky : [2] xcj.a(57): SCH: ConstraintMapping: 26-1414141414, -> L: 852637ms, D: 1752637ms, C: false, I: false, N: 0
07-28 11:42:44.971 3147 15450 W EuiccGoogle: [155] EuiccServiceImpl.onGetEuiccProfileInfoList: slotId=-1. No eUICC is active. Return null.
07-28 11:42:44.993 1547 1724 W Looper : Slow dispatch took 356ms android.fg h=android.os.Handler c= m=0
07-28 11:42:44.994 1547 1728 W Looper : Slow dispatch took 151ms android.ui h=com.android.server.am.ActivityManagerService$UiHandler c=null m=31
07-28 11:42:45.000 1547 1768 W ActivityManager: Slow operation: 170ms so far, now at startProcess: done updating battery stats
07-28 11:42:45.000 1547 1768 W ActivityManager: Slow operation: 171ms so far, now at startProcess: building log message
07-28 11:42:45.000 1547 1768 I ActivityManager: Start proc 15449:com.timob.axway/u0a308 for pre-top-activity {com.timob.axway/com.timob.axway.Timob28035Activity}
07-28 11:42:45.000 1547 1768 W ActivityManager: Slow operation: 171ms so far, now at startProcess: starting to update pids map
07-28 11:42:45.002 1547 1768 W ActivityManager: Slow operation: 172ms so far, now at startProcess: done updating pids map
07-28 11:42:45.047 1547 1724 W Looper : Slow delivery took 357ms android.fg h=android.os.Handler c= m=0
07-28 11:42:45.063 3311 15421 I Fitness : OnPackageChangedOperation got intent: Intent { act=android.intent.action.PACKAGE_CHANGED dat=package:com.timob.axway flg=0x5000010 cmp=com.google.android.gms/.chimera.PersistentIntentOperationService (has extras) } [CONTEXT service_id=17 ]
07-28 11:42:45.066 15449 15449 D ApplicationLoaders: Returning zygote-cached class loader: /system/framework/android.test.base.jar
07-28 11:42:45.119 1547 1566 I system_server: Background concurrent copying GC freed 566766(27MB) AllocSpace objects, 140(8272KB) LOS objects, 64% free, 26MB/74MB, paused 646us total 604.715ms
07-28 11:42:45.131 3311 15421 I Fitness : FitCleanupIntentOperation received Intent android.intent.action.PACKAGE_CHANGED [CONTEXT service_id=17 ]
07-28 11:42:45.152 1547 1547 W Looper : Slow dispatch took 495ms main h=android.app.ActivityThread$H c=android.app.-$$Lambda$LoadedApk$ReceiverDispatcher$Args$_BumDX2UKsnxLVrE6UJsJZkotuA@a07846a m=0
07-28 11:42:45.154 1547 1547 W Looper : Slow delivery took 496ms main h=android.os.Handler c=android.app.-$$Lambda$LoadedApk$ReceiverDispatcher$Args$_BumDX2UKsnxLVrE6UJsJZkotuA@387dd5b m=0
07-28 11:42:45.183 1547 1568 W System : A resource failed to call release.
07-28 11:42:45.183 1547 1568 I chatty : uid=1000(system) FinalizerDaemon identical 10 lines
07-28 11:42:45.184 1547 1568 W System : A resource failed to call release.
07-28 11:42:45.188 12759 13182 I Icing : IndexChimeraService.getServiceInterface callingPackage=com.google.android.gms componentName=AppsCorpus serviceId=36
07-28 11:42:45.191 15449 15449 D NetworkSecurityConfig: No Network Security Config specified, using platform default
07-28 11:42:45.191 15449 15449 D NetworkSecurityConfig: No Network Security Config specified, using platform default
07-28 11:42:45.198 15449 15449 I TiApplication: (main) [0,0] checkpoint, app created.
07-28 11:42:45.200 15449 15449 I MultiDex: VM with version 2.1.0 has multidex support
07-28 11:42:45.200 15449 15449 I MultiDex: Installing application
07-28 11:42:45.200 15449 15449 I MultiDex: VM has multidex support, MultiDex support library is disabled.
07-28 11:42:45.209 1547 1568 W System : A resource failed to call release.
07-28 11:42:45.211 1547 1547 I Telecom : DefaultDialerCache: Refreshing default dialer for user 0: now com.google.android.dialer: DDC.oR@AJ0
07-28 11:42:45.215 1547 1724 W Looper : Slow dispatch took 167ms android.fg h=android.os.Handler c= m=0
07-28 11:42:45.210 1547 1568 W System : A resource failed to call release.
07-28 11:42:45.251 12759 12800 I GmsCoreXrpcWrapper: Returning a channel provider with trafficStatsTag=12803
07-28 11:42:45.257 15449 15449 D APSAnalytics: Initialization started...
07-28 11:42:45.264 15449 15449 I TetheringManager: registerTetheringEventCallback:com.timob.axway
07-28 11:42:45.280 4197 4499 I GellerDatabase: Writing element with 1 keys to Geller corpus DEVICE_INSTALLED_APPS
07-28 11:42:45.306 12759 12800 I Icing : Usage reports ok 0, Failed Usage reports 0, indexed 0, rejected 0
07-28 11:42:45.307 2860 2898 D CDBHelper: Open Cdb File:/data/user/0/com.google.android.apps.nexuslauncher/cache/keywords_v1.cdb
07-28 11:42:45.308 12759 13182 I Icing : IndexChimeraService.getServiceInterface callingPackage=com.google.android.gms componentName=null serviceId=30
07-28 11:42:45.319 12759 12800 I Icing : Indexing com.google.android.gms-internal.3p:MobileApplication from com.google.android.gms using seqno 557
07-28 11:42:45.330 1547 1724 W Looper : Slow dispatch took 115ms android.fg h=android.os.Handler c= m=0
07-28 11:42:45.328 12759 12800 I chatty : uid=10016(com.google.android.gms) lowpool[0] identical 1 line
07-28 11:42:45.334 12759 12800 I Icing : Indexing com.google.android.gms-internal.3p:MobileApplication from com.google.android.gms using seqno 557
07-28 11:42:45.360 12759 12800 I GmsCoreXrpcWrapper: Returning a channel provider with trafficStatsTag=12803
07-28 11:42:45.370 1547 1547 W Looper : Drained
07-28 11:42:45.375 12759 15416 I ChromeSync: [Persistence,AffiliationManager] Fetching affiliations from the server.
07-28 11:42:45.377 4197 4499 I GellerDatabase: Writing element with 1 keys to Geller corpus DEVICE_INSTALLED_APPS
07-28 11:42:45.382 12759 12800 I Icing : Usage reports ok 0, Failed Usage reports 0, indexed 0, rejected 0
07-28 11:42:45.391 4197 4499 W DeviceAppInfoWork: missing version info.
07-28 11:42:45.393 15449 15449 I TiApplication: (main) [195,195] Titanium Javascript runtime: v8
07-28 11:42:45.428 4266 4266 I Finsky : [2] xez.a(34): Cancelling existing jobscheduler jobs: 9001 9004 9002 9005 9003
07-28 11:42:45.428 4266 4266 I Finsky : [2] xez.a(10): Throttling wakeup for job 9000 (expected to run in 14756 ms) due to recent wakeup
07-28 11:42:45.429 4266 4266 I Finsky : [2] xez.a(27): Scheduling job Id: 9000, L: 30000, D: 44784175, C: false, I: false, N: 1
07-28 11:42:45.440 1547 1724 W Looper : Slow dispatch took 110ms android.fg h=android.os.Handler c= m=0
07-28 11:42:45.455 12759 13182 I Icing : IndexChimeraService.getServiceInterface callingPackage=com.google.android.gms componentName=null serviceId=36
07-28 11:42:45.456 4266 4266 I Finsky : [2] xez.a(10): Throttling wakeup for job 9006 (expected to run in 0 ms) due to recent wakeup
