07-28 11:41:53.804 917 3768 D audio_hw_primary: enable_audio_route: usecase(25) apply and update mixer path: spkr-vi-record vi-feedback
07-28 11:41:53.805 917 3768 D audio_route: Apply path: spkr-vi-record vi-feedback
07-28 11:41:53.812 1547 1731 I EventSequenceValidator: Transition from INTENT_STARTED to ACTIVITY_LAUNCHED
07-28 11:41:53.812 1063 2148 D iorapd : AppLaunchEventState#OnNewEvent aborting trace due to non-cold temperature
07-28 11:41:53.826 1547 3962 W ActivityTaskManager: Tried to set launchTime (0) < mLastActivityLaunchTime (1029796)
07-28 11:41:53.841 917 3768 D ACDB-LOADER: ACDB -> send_audio_cal, acdb_id = 513, path = 0, app id = 0x11130, sample rate = 48000
07-28 11:41:53.841 917 3768 D ACDB-LOADER: ACDB -> send_asm_topology
07-28 11:41:53.841 917 3768 D ACDB-LOADER: ACDB -> ACDB_CMD_GET_AUDPROC_STREAM_TOPOLOGY_ID
07-28 11:41:53.841 917 3768 D ACDB-LOADER: ACDB -> send_adm_topology
07-28 11:41:53.841 917 3768 D ACDB-LOADER: ACDB -> ACDB_CMD_GET_AUDPROC_COMMON_TOPOLOGY_ID
07-28 11:41:53.841 917 3768 D ACDB-LOADER: ACDB -> send_audtable
07-28 11:41:53.841 917 3768 D ACDB-LOADER: ACDB -> ACDB_CMD_GET_AUDPROC_COMMON_TABLE_SIZE
07-28 11:41:53.841 917 3768 D ACDB-LOADER: ACDB -> ACDB_CMD_GET_AUDPROC_COMMON_TABLE
07-28 11:41:53.841 917 3768 D ACDB-LOADER: ACDB -> AUDIO_SET_AUDPROC_CAL
07-28 11:41:53.841 917 3768 D ACDB-LOADER: ACDB -> send_audvoltable
07-28 11:41:53.841 917 3768 D ACDB-LOADER: ACDB -> ACDB_CMD_GET_AUDPROC_VOL_STEP_TABLE_SIZE
07-28 11:41:53.841 917 3768 D ACDB-LOADER: ACDB -> ACDB_CMD_GET_AUDPROC_GAIN_DEP_STEP_TABLE, vol index 0
07-28 11:41:53.841 917 3768 D android.hardware.audio.service: Failed to fetch the lookup information of the device 00000201
07-28 11:41:53.841 917 3768 E ACDB-LOADER: Error: ACDB AudProc vol returned = -19
07-28 11:41:53.841 917 3768 D ACDB-LOADER: ACDB -> AUDIO_SET_VOL_CAL cal type = 12
07-28 11:41:53.841 917 3768 D ACDB-LOADER: ACDB -> ACDB_CMD_GET_AUDPROC_STREAM_TABLE_SIZE
07-28 11:41:53.841 917 3768 D ACDB-LOADER: ACDB -> send_audstrmtable
07-28 11:41:53.841 917 3768 D ACDB-LOADER: ACDB -> ACDB_CMD_GET_AUDPROC_STREAM_TABLE_V2
07-28 11:41:53.841 917 3768 D ACDB-LOADER: ACDB -> audstrm_cal->cal_type.cal_data.cal_size = 488
07-28 11:41:53.841 917 3768 D ACDB-LOADER: ACDB -> send_afe_topology
07-28 11:41:53.841 917 3768 D ACDB-LOADER: ACDB -> ACDB_CMD_GET_AFE_TOPOLOGY_ID
07-28 11:41:53.841 917 3768 D ACDB-LOADER: ACDB -> GET_AFE_TOPOLOGY_ID for adcd_id 513, Topology Id 10000ccc
07-28 11:41:53.841 917 3768 D ACDB-LOADER: ACDB -> send_afe_cal
07-28 11:41:53.841 917 3768 D ACDB-LOADER: ACDB -> ACDB_CMD_GET_AFE_COMMON_TABLE_SIZE
07-28 11:41:53.841 917 3768 D ACDB-LOADER: ACDB -> ACDB_CMD_GET_AFE_COMMON_TABLE
07-28 11:41:53.841 917 3768 D ACDB-LOADER: ACDB -> AUDIO_SET_AFE_CAL
07-28 11:41:53.841 917 3768 D ACDB-LOADER: ACDB -> send_hw_delay : acdb_id = 513 path = 0
07-28 11:41:53.841 917 3768 D ACDB-LOADER: ACDB -> ACDB_AVSYNC_INFO: ACDB_CMD_GET_DEVICE_PROPERTY
07-28 11:41:53.841 917 3768 D audio_hw_primary: enable_audio_route: usecase(1) apply and update mixer path: low-latency-playback speaker
07-28 11:41:53.841 917 3768 D audio_route: Apply path: low-latency-playback speaker
07-28 11:41:53.847 14205 14205 D SettingsActivity: Starting onCreate
07-28 11:41:53.858 3537 3561 I PeriodicStatsRunner: PeriodicStatsRunner.call():175 call()
07-28 11:41:53.858 3537 3561 I PeriodicStatsRunner: PeriodicStatsRunner.call():179 No submit PeriodicStats since input started.
07-28 11:41:53.864 14205 14205 D SettingsActivity: Starting to set activity title
07-28 11:41:53.864 14205 14205 D SettingsActivity: Done setting title
07-28 11:41:53.864 14205 14205 D SettingsActivity: Switching to fragment com.android.settings.applications.appinfo.AppInfoDashboardFragment
07-28 11:41:53.872 14205 14205 D PrefCtrlListHelper: Could not find Context-only controller for pref: com.android.settings.applications.appinfo.AppNotificationPreferenceController
07-28 11:41:53.872 14205 14205 D PrefCtrlListHelper: Could not find Context-only controller for pref: com.android.settings.applications.appinfo.AppPermissionPreferenceController
07-28 11:41:53.872 14205 14205 D PrefCtrlListHelper: Could not find Context-only controller for pref: com.android.settings.applications.appinfo.AppStoragePreferenceController
07-28 11:41:53.872 14205 14205 D PrefCtrlListHelper: Could not find Context-only controller for pref: com.android.settings.applications.appinfo.InstantAppDomainsPreferenceController
07-28 11:41:53.873 14205 14205 D PrefCtrlListHelper: Could not find Context-only controller for pref: com.android.settings.applications.appinfo.AppDataUsagePreferenceController
07-28 11:41:53.873 14205 14205 D PrefCtrlListHelper: Could not find Context-only controller for pref: com.android.settings.applications.appinfo.TimeSpentInAppPreferenceController
07-28 11:41:53.873 14205 14205 D PrefCtrlListHelper: Could not find Context-only controller for pref: com.android.settings.applications.appinfo.AppOpenByDefaultPreferenceController
07-28 11:41:53.873 14205 14205 D PrefCtrlListHelper: Could not find Context-only controller for pref: com.android.settings.applications.appinfo.AdvancedAppInfoPreferenceCategoryController
07-28 11:41:53.873 14205 14205 D PrefCtrlListHelper: Could not find Context-only controller for pref: com.android.settings.applications.appinfo.DrawOverlayDetailPreferenceController
07-28 11:41:53.873 14205 14205 D PrefCtrlListHelper: Could not find Context-only controller for pref: com.android.settings.applications.appinfo.WriteSystemSettingsPreferenceController
07-28 11:41:53.874 14205 14205 D PrefCtrlListHelper: Could not find Context-only controller for pref: com.android.settings.applications.specialaccess.pictureinpicture.PictureInPictureDetailPreferenceController
07-28 11:41:53.874 14205 14205 D PrefCtrlListHelper: Could not find Context-only controller for pref: com.android.settings.applications.appinfo.ExternalSourceDetailPreferenceController
07-28 11:41:53.874 14205 14205 D PrefCtrlListHelper: Could not find Context-only controller for pref: com.android.settings.applications.specialaccess.interactacrossprofiles.InteractAcrossProfilesDetailsPreferenceController
07-28 11:41:53.874 14205 14205 D PrefCtrlListHelper: Could not find Context-only controller for pref: com.android.settings.applications.appinfo.AppInstallerPreferenceCategoryController
07-28 11:41:53.874 14205 14205 D PrefCtrlListHelper: Could not find Context-only controller for pref: com.android.settings.applications.appinfo.AppInstallerInfoPreferenceController
07-28 11:41:53.874 14205 14205 D PrefCtrlListHelper: Could not find Context-only controller for pref: com.android.settings.applications.appinfo.AppSettingPreferenceController
07-28 11:41:53.874 14205 14205 D PrefCtrlListHelper: Could not find Context-only controller for pref: com.android.settings.applications.appinfo.AppVersionPreferenceController
07-28 11:41:53.876 14205 14205 E Settings: Unable to find info for package: null
07-28 11:41:53.882 917 3768 D audio_hw_primary: out_write: retry previous failed cal level set
07-28 11:41:53.885 14205 14205 W InstrumentedPrefFrag: Screen title missing for fragment com.android.settings.applications.appinfo.AppInfoDashboardFragment
07-28 11:41:53.899 14205 14205 D AppInfoDashboard: NO dashboard tiles for AppInfoDashboard
07-28 11:41:53.899 14205 14205 D AppInfoDashboard: All preferences added, reporting fully drawn
07-28 11:41:53.901 14205 14205 D SettingsActivity: Executed frag manager pendingTransactions
07-28 11:41:53.940 14205 15310 D SettingsActivity: No enabled state changed, skipping updateCategory call
07-28 11:41:53.947 14205 14205 W AppButtonsPrefCtl: App is not explicitly stopped
07-28 11:41:53.948 13832 14025 W BrowserUsageLoader: Failed to query website usage
07-28 11:41:53.948 13832 14025 W BrowserUsageLoader: hem: Service rejected request (status=5)
07-28 11:41:53.948 13832 14025 W BrowserUsageLoader: at hfc.a(Unknown Source:2)
07-28 11:41:53.948 13832 14025 W BrowserUsageLoader: at mry.a(PG:3)
07-28 11:41:53.948 13832 14025 W BrowserUsageLoader: at njk.a(PG:3)
07-28 11:41:53.948 13832 14025 W BrowserUsageLoader: at njm.run(PG:23)
07-28 11:41:53.948 13832 14025 W BrowserUsageLoader: at nme.run(PG:2)
07-28 11:41:53.948 13832 14025 W BrowserUsageLoader: at lmx.run(PG:2)
07-28 11:41:53.948 13832 14025 W BrowserUsageLoader: at java.util.concurrent.ThreadPoolExecutor.runWorker(ThreadPoolExecutor.java:1167)
07-28 11:41:53.948 13832 14025 W BrowserUsageLoader: at java.util.concurrent.ThreadPoolExecutor$Worker.run(ThreadPoolExecutor.java:641)
07-28 11:41:53.948 13832 14025 W BrowserUsageLoader: at lku.run(Unknown Source:4)
07-28 11:41:53.948 13832 14025 W BrowserUsageLoader: at java.lang.Thread.run(Thread.java:923)
07-28 11:41:53.983 1547 1788 E KernelCpuUidUserSysTimeReader: Negative user/sys time delta for UID=10307
07-28 11:41:53.983 1547 1788 E KernelCpuUidUserSysTimeReader: Prev times: u=17450000 s=3654000 Curr times: u=15150000 s=3327000
07-28 11:41:54.015 935 1156 D VSC : @ 1771.961: [WO] tilt angle 63
07-28 11:41:54.015 935 1156 D VSC : @ 1771.961: [WO] isFlat() nearest_rotation: 4, flat_angle: 65
07-28 11:41:54.015 935 1156 D VSC : @ 1771.961: [WO] orientation angle 335, orientation 4
07-28 11:41:54.015 935 1156 D VSC : @ 1771.961: [WO] rejected by isOrientationAngleAcceptable
07-28 11:41:54.050 1547 2099 I system_server: oneway function results will be dropped but finished with status OK and parcel size 4
07-28 11:41:54.061 14205 14205 D AppUtils: Have 0 number of activities in preferred list
07-28 11:41:54.073 14205 14205 W AppButtonsPrefCtl: App is not explicitly stopped
07-28 11:41:54.096 14205 14205 D AppUtils: Have 0 number of activities in preferred list
07-28 11:41:54.151 2666 3776 W Role : com.timob.axway not qualified for android.app.role.HOME due to missing RequiredComponent{mIntentFilterData=IntentFilterData{mAction='android.intent.action.MAIN', mCategories='[android.intent.category.HOME]', mDataScheme='null', mDataType='null'}, mPermission='null'}
07-28 11:41:54.156 1547 1731 I EventSequenceValidator: Transition from ACTIVITY_LAUNCHED to ACTIVITY_FINISHED
07-28 11:41:54.156 1547 1731 I EventSequenceValidator: Transition from ACTIVITY_FINISHED to REPORT_FULLY_DRAWN
07-28 11:41:54.157 2666 2691 W Role : com.timob.axway not qualified for android.app.role.DIALER due to missing RequiredComponent{mIntentFilterData=IntentFilterData{mAction='android.intent.action.DIAL', mCategories='[]', mDataScheme='null', mDataType='null'}, mPermission='null'}
07-28 11:41:54.158 1547 1761 D ArtManagerInternalImpl: /data/misc/iorapd/com.android.settings/30/com.android.settings.applications.InstalledAppDetails/compiled_traces/compiled_trace.pb doesn't exist
07-28 11:41:54.159 1063 2147 D iorapd : Update kReportFullyDrawn for history_id:15 timestamp_ns: 1769595829360
07-28 11:41:54.160 1547 1761 I ActivityTaskManager: Displayed com.android.settings/.applications.InstalledAppDetails: +346ms
07-28 11:41:54.160 1547 1761 I ActivityTaskManager: Fully drawn com.android.settings/.applications.InstalledAppDetails: +346ms
07-28 11:41:54.161 14205 14205 D AppInfoDashboard: Package change irrelevant, skipping
07-28 11:41:54.167 2666 2705 W Role : com.timob.axway not qualified for android.app.role.SMS due to missing RequiredComponent{mIntentFilterData=IntentFilterData{mAction='android.provider.Telephony.SMS_DELIVER', mCategories='[]', mDataScheme='null', mDataType='null'}, mPermission='android.permission.BROADCAST_SMS'}
07-28 11:41:54.184 14205 14205 D AppUtils: Have 0 number of activities in preferred list
07-28 11:41:54.194 14205 14205 W AppButtonsPrefCtl: App is not explicitly stopped
07-28 11:41:54.209 3537 3537 I GoogleInputMethodService: GoogleInputMethodService.onFinishInput():3138
07-28 11:41:54.210 3537 3537 I GoogleInputMethodService: GoogleInputMethodService.onStartInput():1808
07-28 11:41:54.234 4197 4784 I AudioRequestLSAdapter: StopListeningStatus result: 1
07-28 11:41:54.234 4197 4753 I AudioRequestLSAdapter: StopListeningStatus result: 1
07-28 11:41:54.239 4197 15298 I PBSessionCacheImpl: Deleted sessionId[18460197138342119] from persistence.
07-28 11:41:54.254 14205 14205 D AppInfoDashboard: Package change irrelevant, skipping
07-28 11:41:54.271 4197 4741 W SearchServiceCore: Abort, client detached.
07-28 11:41:54.273 4197 4741 I StreamController: cleanUpControllerScope(nowcards-15-183ef-fe8a)
07-28 11:41:54.362 14205 14205 D AppInfoDashboard: Package change irrelevant, skipping
07-28 11:41:54.787 14205 14205 I chatty : uid=1000(system) com.android.settings identical 4 lines
07-28 11:41:54.834 1547 2591 D ConnectivityService: NetReassign [no changes]
07-28 11:41:54.913 14205 14205 D AppInfoDashboard: Package change irrelevant, skipping
07-28 11:41:55.284 1547 3964 E UserRestrictionsUtils: Unknown restriction queried by uid 1000 (com.android.inputdevices et al): com.timob.axway
07-28 11:41:55.284 14205 14205 W SettingsMetricsFeature: action(Pair... taggedData) is deprecated, Use action(int, int, int, String, int) instead.
07-28 11:41:55.285 1547 6554 I system_server: oneway function results will be dropped but finished with status OK and parcel size 4
07-28 11:41:55.285 1547 1766 I DropBoxManagerService: add tag=system_server_wtf isTagEnabled=true flags=0x2
07-28 11:41:55.286 1547 1731 I EventSequenceValidator: Transition from REPORT_FULLY_DRAWN to INTENT_STARTED
07-28 11:41:55.286 1547 6554 I ActivityTaskManager: START u0 {act=android.intent.action.UNINSTALL_PACKAGE dat=package:com.timob.axway cmp=com.google.android.packageinstaller/com.android.packageinstaller.UninstallerActivity (has extras)} from uid 1000
07-28 11:41:55.294 1547 1731 I EventSequenceValidator: Transition from INTENT_STARTED to ACTIVITY_LAUNCHED
07-28 11:41:55.294 1063 2147 D iorapd : AppLaunchEventState#OnNewEvent aborting trace due to non-cold temperature
07-28 11:41:55.298 1547 6554 W ActivityTaskManager: Tried to set launchTime (0) < mLastActivityLaunchTime (1032780)
07-28 11:41:55.358 1547 1761 D ArtManagerInternalImpl: /data/misc/iorapd/com.google.android.packageinstaller/30/com.android.packageinstaller.UninstallerActivity/compiled_traces/compiled_trace.pb doesn't exist
07-28 11:41:55.359 1547 1761 I ActivityTaskManager: Displayed com.google.android.packageinstaller/com.android.packageinstaller.UninstallerActivity: +66ms
07-28 11:41:55.360 1547 1731 I EventSequenceValidator: Transition from ACTIVITY_LAUNCHED to ACTIVITY_FINISHED
07-28 11:41:55.420 1547 6554 I system_server: oneway function results will be dropped but finished with status OK and parcel size 4
07-28 11:41:55.976 935 1156 D VSC : @ 1773.922: [WO] tilt angle 63
07-28 11:41:55.976 935 1156 D VSC : @ 1773.922: [WO] isFlat() nearest_rotation: 4, flat_angle: 65
07-28 11:41:55.976 935 1156 D VSC : @ 1773.922: [WO] orientation angle 332, orientation 4
07-28 11:41:55.976 935 1156 D VSC : @ 1773.922: [WO] rejected by isOrientationAngleAcceptable
07-28 11:41:56.152 1547 6554 I ActivityTaskManager: START u0 {flg=0x2000000 cmp=com.google.android.packageinstaller/com.android.packageinstaller.UninstallUninstalling (has extras)} from uid 10029
07-28 11:41:56.152 1547 1731 I EventSequenceValidator: Transition from ACTIVITY_FINISHED to INTENT_STARTED
07-28 11:41:56.152 1547 2099 I system_server: oneway function results will be dropped but finished with status OK and parcel size 4
07-28 11:41:56.152 1063 2147 D iorapd : EventManager: Looking up compiled trace done in 0ms.
07-28 11:41:56.153 1063 2147 D iorapd : Cannot find compiled trace in sqlite for package_name: com.google.android.packageinstaller activity_name: com.android.packageinstaller.UninstallUninstalling
07-28 11:41:56.153 1063 2147 D iorapd : Prebuilt compiled trace doesn't exists. file_path: /product/iorap-trace/com.google.android.packageinstaller.compiled_trace.pb
07-28 11:41:56.155 1063 15319 D iorapd : Create Perfetto handle 19
07-28 11:41:56.157 1026 1026 I perfetto: ing_service_impl.cc:758 Configured tracing session 19, #sources:1, duration:5000 ms, #buffers:1, total buffer size:4096 KB, total sessions:1, uid:1071 session name: ""
07-28 11:41:56.157 1024 1024 I perfetto: probes_producer.cc:230 Ftrace setup (target_buf=19)
07-28 11:41:56.159 12972 14253 D OpenGLRenderer: endAllActiveAnimators on 0x78eff2cc90 (RippleDrawable) with handle 0x780ff30e30
07-28 11:41:56.160 1547 1731 I EventSequenceValidator: Transition from INTENT_STARTED to INTENT_FAILED
07-28 11:41:56.163 1024 1024 I perfetto: ftrace_procfs.cc:176 enabled ftrace
07-28 11:41:56.170 1547 6554 W ActivityTaskManager: Tried to set launchTime (0) < mLastActivityLaunchTime (1670296)
07-28 11:41:56.186 1547 1766 I ActivityManager: Force stopping com.timob.axway appid=10307 user=0: deletePackageX
07-28 11:41:56.352 1547 6554 I system_server: oneway function results will be dropped but finished with status OK and parcel size 4
07-28 11:41:56.353 1067 1067 I keystore: clear_uid 10307
07-28 11:41:56.356 1547 1800 E PermissionMonitor: unknown permission type: -1for uid: 10307
07-28 11:41:56.387 1547 1761 I ActivityTaskManager: Displayed com.google.android.packageinstaller/com.android.packageinstaller.UninstallUninstalling: +234ms
07-28 11:41:56.576 1547 1800 I system_server: Explicit concurrent copying GC freed 539196(23MB) AllocSpace objects, 41(2440KB) LOS objects, 66% free, 23MB/69MB, paused 309us total 219.649ms
07-28 11:41:56.589 1547 1568 W System : A resource failed to call release.
07-28 11:41:56.591 1063 2147 D iorapd : Received PackageChangeObserver::onPackageChanged
07-28 11:41:56.591 1063 2147 D iorapd : Received PackageChangeEvent{packageName=com.timob.axway,version=-1,lastUpdateTimeMillis=0}
07-28 11:41:56.591 1547 1800 I ActivityManager: Force stopping com.timob.axway appid=10307 user=0: pkg removed
07-28 11:41:56.593 1547 1568 I chatty : uid=1000(system) FinalizerDaemon identical 10 lines
07-28 11:41:56.593 1547 1568 W System : A resource failed to call release.
07-28 11:41:56.614 14205 14205 E AppButtonsPrefCtl: Exception when retrieving package:com.timob.axway
07-28 11:41:56.614 14205 14205 E AppButtonsPrefCtl: android.content.pm.PackageManager$NameNotFoundException: com.timob.axway
07-28 11:41:56.614 14205 14205 E AppButtonsPrefCtl: at android.app.ApplicationPackageManager.getPackageInfoAsUser(ApplicationPackageManager.java:206)
07-28 11:41:56.614 14205 14205 E AppButtonsPrefCtl: at android.app.ApplicationPackageManager.getPackageInfo(ApplicationPackageManager.java:178)
07-28 11:41:56.614 14205 14205 E AppButtonsPrefCtl: at com.android.settings.applications.appinfo.AppButtonsPreferenceController.retrieveAppEntry(AppButtonsPreferenceController.java:361)
07-28 11:41:56.614 14205 14205 E AppButtonsPrefCtl: at com.android.settings.applications.appinfo.AppButtonsPreferenceController.refreshUi(AppButtonsPreferenceController.java:650)
07-28 11:41:56.614 14205 14205 E AppButtonsPrefCtl: at com.android.settings.applications.appinfo.AppButtonsPreferenceController.refreshAndFinishIfPossible(AppButtonsPreferenceController.java:497)
07-28 11:41:56.614 14205 14205 E AppButtonsPrefCtl: at com.android.settings.applications.appinfo.AppButtonsPreferenceController.handleActivityResult(AppButtonsPreferenceController.java:289)
07-28 11:41:56.614 14205 14205 E AppButtonsPrefCtl: at com.android.settings.applications.appinfo.AppInfoDashboardFragment.onActivityResult(AppInfoDashboardFragment.java:412)
07-28 11:41:56.614 14205 14205 E AppButtonsPrefCtl: at androidx.fragment.app.FragmentManager$9.onActivityResult(FragmentManager.java:2789)
07-28 11:41:56.614 14205 14205 E AppButtonsPrefCtl: at androidx.fragment.app.FragmentManager$9.onActivityResult(FragmentManager.java:2769)
07-28 11:41:56.614 14205 14205 E AppButtonsPrefCtl: at androidx.activity.result.ActivityResultRegistry.doDispatch(ActivityResultRegistry.java:325)
07-28 11:41:56.614 14205 14205 E AppButtonsPrefCtl: at androidx.activity.result.ActivityResultRegistry.dispatchResult(ActivityResultRegistry.java:289)
07-28 11:41:56.614 14205 14205 E AppButtonsPrefCtl: at androidx.activity.ComponentActivity.onActivityResult(ComponentActivity.java:577)
07-28 11:41:56.614 14205 14205 E AppButtonsPrefCtl: at androidx.fragment.app.FragmentActivity.onActivityResult(FragmentActivity.java:128)
07-28 11:41:56.614 14205 14205 E AppButtonsPrefCtl: at com.android.settings.SettingsActivity.onActivityResult(SettingsActivity.java:357)
07-28 11:41:56.614 14205 14205 E AppButtonsPrefCtl: at android.app.Activity.dispatchActivityResult(Activity.java:8305)
07-28 11:41:56.614 14205 14205 E AppButtonsPrefCtl: at android.app.ActivityThread.deliverResults(ActivityThread.java:5008)
07-28 11:41:56.614 14205 14205 E AppButtonsPrefCtl: at android.app.ActivityThread.handleSendResult(ActivityThread.java:5056)
07-28 11:41:56.614 14205 14205 E AppButtonsPrefCtl: at android.app.servertransaction.ActivityResultItem.execute(ActivityResultItem.java:51)
07-28 11:41:56.614 14205 14205 E AppButtonsPrefCtl: at android.app.servertransaction.TransactionExecutor.executeCallbacks(TransactionExecutor.java:135)
07-28 11:41:56.614 14205 14205 E AppButtonsPrefCtl: at android.app.servertransaction.TransactionExecutor.execute(TransactionExecutor.java:95)
07-28 11:41:56.614 14205 14205 E AppButtonsPrefCtl: at android.app.ActivityThread$H.handleMessage(ActivityThread.java:2066)
07-28 11:41:56.614 14205 14205 E AppButtonsPrefCtl: at android.os.Handler.dispatchMessage(Handler.java:106)
07-28 11:41:56.614 14205 14205 E AppButtonsPrefCtl: at android.os.Looper.loop(Looper.java:223)
07-28 11:41:56.614 14205 14205 E AppButtonsPrefCtl: at android.app.ActivityThread.main(ActivityThread.java:7656)
07-28 11:41:56.614 14205 14205 E AppButtonsPrefCtl: at java.lang.reflect.Method.invoke(Native Method)
07-28 11:41:56.614 14205 14205 E AppButtonsPrefCtl: at com.android.internal.os.RuntimeInit$MethodAndArgsCaller.run(RuntimeInit.java:592)
07-28 11:41:56.614 14205 14205 E AppButtonsPrefCtl: at com.android.internal.os.ZygoteInit.main(ZygoteInit.java:947)
07-28 11:41:56.642 3810 3810 I MediaProvider: Invalidating LocalCallingIdentity cache for package com.timob.axway. Reason: package android.intent.action.PACKAGE_REMOVED
07-28 11:41:56.649 1547 2131 V StorageManagerService: Package com.timob.axway does not have legacy storage
07-28 11:41:56.651 1547 1724 I RoleManagerService: Granting default roles...
07-28 11:41:56.657 3886 3886 I GsaVoiceInteractionSrv: O received Intent { act=android.intent.action.PACKAGE_REMOVED dat=package:com.timob.axway flg=0x4000010 (has extras) }
07-28 11:41:56.658 4266 4266 I Finsky : [2] tul.a(18): PackageMonitorReceiverImpl - Received: android.intent.action.PACKAGE_REMOVED, [9Sg0rVF_dVnO4DBwHfVyaB8zxghHeKa5tg7cBAVsEyY]
07-28 11:41:56.659 4266 4266 I Finsky : [2] tvm.d(9): Invalidating cached PackageState for com.timob.axway
07-28 11:41:56.660 4266 4266 I Finsky : [2] tvm.j(3): Package no longer installed: com.timob.axway
07-28 11:41:56.662 1547 1766 W BroadcastQueue: Background execution not allowed: receiving Intent { act=android.intent.action.PACKAGE_REMOVED dat=package:com.timob.axway flg=0x4000010 (has extras) } to com.android.musicfx/.Compatibility$Receiver
07-28 11:41:56.662 1547 1766 W BroadcastQueue: Background execution not allowed: receiving Intent { act=android.intent.action.PACKAGE_REMOVED dat=package:com.timob.axway flg=0x4000010 (has extras) } to com.android.vending/com.google.android.finsky.packagemanager.impl.PackageMonitorReceiverImpl$RegisteredReceiver
07-28 11:41:56.673 2666 2714 W LightPackageInfoLiveData: Package "com.timob.axway" not found
07-28 11:41:56.673 4266 4266 I Finsky : [2] nnn.b(31): Installer: package com.timob.axway was removed. replacing: false
07-28 11:41:56.683 4266 4266 I Finsky : [2] nnn.a(183): Installer: Notifying status update. package=com.timob.axway, status=UNINSTALLED
07-28 11:41:56.686 1547 3961 W ActivityTaskManager: Finishing task with all activities already finished
07-28 11:41:56.686 1547 3961 W ActivityTaskManager: Duplicate finish request for r=ActivityRecord{67713da u0 com.android.settings/.applications.InstalledAppDetails t235 f}}
07-28 11:41:56.689 3002 3002 E PhoneInterfaceManager: [PhoneIntfMgr] getCarrierPackageNamesForIntentAndPhone: No UICC
07-28 11:41:56.689 3002 3002 D CarrierSvcBindHelper: No carrier app for: 0
07-28 11:41:56.692 3911 3911 D RegisteredNfcFServicesCache: Service unchanged, not updating
07-28 11:41:56.696 1547 1766 W BroadcastQueue: Background execution not allowed: receiving Intent { act=android.intent.action.PACKAGE_REMOVED dat=package:com.timob.axway flg=0x4000010 (has extras) } to com.android.vending/com.google.android.finsky.instantapps.appmanagement.InstantAppRemoveMonitor
07-28 11:41:56.698 1547 2111 I RollbackManager: broadcast=ACTION_PACKAGE_FULLY_REMOVED pkg=com.timob.axway
07-28 11:41:56.700 3311 3311 I GeofencerStateMachine: removeGeofences: removeRequest=RemoveGeofencingRequest[REMOVE_ALL packageName=com.timob.axway]
07-28 11:41:56.706 1547 1724 E PackageManager: failed to find package com.timob.axway
07-28 11:41:56.706 1547 1724 E OverlayManager: Failed to change enabled overlays for com.timob.axway user 0
07-28 11:41:56.707 4266 4266 I Finsky : [2] agmj.a(4): Do not start WearSupportService due to Wear service optimization
07-28 11:41:56.708 4266 4266 I Finsky : [2] agmj.a(4): Do not start WearSupportService due to Wear service optimization
07-28 11:41:56.708 1547 1766 W BroadcastQueue: Background execution not allowed: receiving Intent { act=android.intent.action.PACKAGE_REMOVED dat=package:com.timob.axway flg=0x4000010 (has extras) } to com.google.android.apps.maps/com.google.android.libraries.social.peoplekit.thirdparty.viewcontrollers.ThirdPartyReceiver
07-28 11:41:56.708 1547 6770 W ActivityManager: Permission Denial: Accessing service com.google.android.music/.dial.DialMediaRouteProviderService from pid=12759, uid=10016 that is not exported from uid 10081
07-28 11:41:56.719 1547 1766 W BroadcastQueue: Background execution not allowed: receiving Intent { act=android.intent.action.PACKAGE_REMOVED dat=package:com.timob.axway flg=0x4000010 (has extras) } to com.google.android.apps.photos/com.google.android.libraries.social.peoplekit.thirdparty.viewcontrollers.ThirdPartyReceiver
07-28 11:41:56.719 1547 1766 W BroadcastQueue: Background execution not allowed: receiving Intent { act=android.intent.action.PACKAGE_REMOVED dat=package:com.timob.axway flg=0x4000010 (has extras) } to com.google.android.gms/.games.chimera.GamesSystemBroadcastReceiverProxy
07-28 11:41:56.719 1547 1766 W BroadcastQueue: Background execution not allowed: receiving Intent { act=android.intent.action.PACKAGE_REMOVED dat=package:com.timob.axway flg=0x4000010 (has extras) } to com.google.android.gms/.chimera.GmsIntentOperationService$PersistentTrustedReceiver
07-28 11:41:56.719 1547 1766 W BroadcastQueue: Background execution not allowed: receiving Intent { act=android.intent.action.PACKAGE_REMOVED dat=package:com.timob.axway flg=0x4000010 (has extras) } to com.google.android.googlequicksearchbox/com.google.android.apps.gsa.googlequicksearchbox.GelStubAppWatcher
07-28 11:41:56.719 1547 1766 W BroadcastQueue: Background execution not allowed: receiving Intent { act=android.intent.action.PACKAGE_REMOVED dat=package:com.timob.axway flg=0x4000010 (has extras) } to com.google.android.apps.magazines/com.google.android.libraries.social.peoplekit.thirdparty.viewcontrollers.ThirdPartyReceiver
07-28 11:41:56.735 2860 2875 I s.nexuslaunche: Background concurrent copying GC freed 26845(1241KB) AllocSpace objects, 3(192KB) LOS objects, 83% free, 4712KB/28MB, paused 66us total 110.442ms
07-28 11:41:56.746 4266 4266 I Finsky : [2] zek.a(1): Clearing split related stale data.
07-28 11:41:56.749 4266 4266 I Finsky : [2] tvm.j(3): Package no longer installed: com.timob.axway
07-28 11:41:56.754 1547 1547 W WifiService: Couldn't get PackageInfo for package:com.timob.axway
07-28 11:41:56.754 1547 1547 D WifiService: Remove settings for package:com.timob.axway
07-28 11:41:56.754 1547 2587 D WifiConfigManager: Remove all networks for app ApplicationInfo{725fcd8 com.timob.axway}
07-28 11:41:56.776 4266 15333 I Finsky : [267] ecm.a(12): Asset module storage cleared for package com.timob.axway.
07-28 11:41:56.778 4266 4266 I Finsky : [2] nnn.a(215): Installer: found apps to install. isMultiUserMode=false, apps=[]
07-28 11:41:56.789 3537 3537 I GoogleInputMethodService: GoogleInputMethodService.onFinishInput():3138
07-28 11:41:56.790 3537 3537 I GoogleInputMethodService: GoogleInputMethodService.onStartInput():1808
07-28 11:41:56.809 1547 2587 D WifiConfigStore: Writing to stores completed in 19 ms.
07-28 11:41:56.809 1547 2587 I PasspointManager: No app ops listener found for com.timob.axway
07-28 11:41:56.814 12759 12943 I ContentMaintenance: Internal cache bytes used: 0; limit: 100000000; download size: 0
07-28 11:41:56.815 4266 15324 I Finsky : [265] luv.run(16): Frosting DB delete succeeded: true
07-28 11:41:56.824 1547 1728 W Looper : Slow dispatch took 106ms android.ui h=com.android.server.am.ActivityManagerService$UiHandler c=null m=31
07-28 11:41:56.825 1547 1724 W Looper : Slow dispatch took 119ms android.fg h=android.os.Handler c=com.android.server.om.-$$Lambda$OverlayManagerService$OverlayChangeListener$u9oeN2C0PDMo0pYiLqfMBkwuMNA@2a0ffa1 m=0
07-28 11:41:56.833 4266 5002 I Finsky : [81] oai.b(49): IQ: Notifying installation update. package=com.timob.axway, status=UNINSTALLED
07-28 11:41:56.837 3147 3147 I EuiccGoogle: [2] EuiccServiceImpl.onCreate: mSimCardState in onCreate: 1
07-28 11:41:56.838 4266 15324 I Finsky : [265] luv.run(16): Frosting DB delete succeeded: false
07-28 11:41:56.838 3147 3147 I EuiccGoogle: [2] GservicesChangedReceiver.setSupportedCountries: Set eUICC supported countries to
07-28 11:41:56.838 3147 3147 I EuiccGoogle: [2] GservicesChangedReceiver.setSupportedCountries: Set eUICC unsupported countries to sg
07-28 11:41:56.850 4266 5002 I Finsky : [81] oai.b(37): IQ: No matching installs to run for jobs: []
07-28 11:41:56.853 1547 2123 I InputReader: Reconfiguring input devices, changes=KEYBOARD_LAYOUTS |
07-28 11:41:56.877 12759 12943 I RealtimeCacheCleanup: Beginning Realtime garbage collection.
07-28 11:41:56.878 3147 15357 I EuiccGoogle: [153] EuiccServiceImpl.onGetEuiccProfileInfoList: onGetEuiccProfileInfoList: slotId = -1
07-28 11:41:56.881 12759 12943 I RealtimeCacheCleanup: Finished Realtime garbage collection.
07-28 11:41:56.889 3147 15357 W EuiccGoogle: [153] EuiccServiceImpl.onGetEuiccProfileInfoList: slotId=-1. No eUICC is active. Return null.
07-28 11:41:56.898 3311 15346 I Fitness : FitCleanupIntentOperation received Intent android.intent.action.PACKAGE_REMOVED [CONTEXT service_id=17 ]
07-28 11:41:56.900 1547 1547 W Looper : Slow dispatch took 138ms main h=android.app.ActivityThread$H c=android.app.-$$Lambda$LoadedApk$ReceiverDispatcher$Args$_BumDX2UKsnxLVrE6UJsJZkotuA@f5dd2dc m=0
07-28 11:41:56.900 1547 1547 W Looper : Slow delivery took 251ms main h=android.app.ActivityThread$H c=android.app.-$$Lambda$LoadedApk$ReceiverDispatcher$Args$_BumDX2UKsnxLVrE6UJsJZkotuA@967eaba m=0
07-28 11:41:56.901 1547 1547 W WifiService: Couldn't get PackageInfo for package:com.timob.axway
07-28 11:41:56.901 1547 1547 D WifiService: Remove settings for package:com.timob.axway
07-28 11:41:56.901 1547 2587 D WifiConfigManager: Remove all networks for app ApplicationInfo{9fcd6b com.timob.axway}
07-28 11:41:56.903 1547 1547 I ConditionProviders: Disallowing condition provider com.timob.axway
07-28 11:41:56.906 4197 4741 W ThreadPoolDumper: Queue length for executor EventBus is now 11. Perhaps some tasks are too long, or the pool is too small.
07-28 11:41:56.909 1547 2587 D WifiConfigStore: Writing to stores completed in 4 ms.
07-28 11:41:56.909 1547 2587 I PasspointManager: No app ops listener found for com.timob.axway
07-28 11:41:56.917 4266 4266 I Finsky : [2] tul.a(18): PackageMonitorReceiverImpl - Received: android.intent.action.PACKAGE_FULLY_REMOVED, [9Sg0rVF_dVnO4DBwHfVyaB8zxghHeKa5tg7cBAVsEyY]
07-28 11:41:56.918 4266 4266 I Finsky : [2] tvm.d(9): Invalidating cached PackageState for com.timob.axway
07-28 11:41:56.918 1547 1547 W Looper : Drained
07-28 11:41:56.919 12759 15331 W SQLiteLog: (28) double-quoted string literal: "com.timob.axway"
07-28 11:41:56.920 957 11744 D AF::TrackHandle: OpPlayAudio: track:63 usage:13 not muted
07-28 11:41:56.921 957 11744 I chatty : uid=1041(audioserver) Binder:957_7 identical 2 lines
07-28 11:41:56.921 957 11744 D AF::TrackHandle: OpPlayAudio: track:63 usage:13 not muted
07-28 11:41:56.921 4266 4266 I Finsky : [2] tvm.j(3): Package no longer installed: com.timob.axway
07-28 11:41:56.921 957 11744 D AF::TrackHandle: OpPlayAudio: track:63 usage:13 not muted
07-28 11:41:56.924 957 11744 D AF::TrackHandle: OpPlayAudio: track:63 usage:13 not muted
07-28 11:41:56.924 4266 15324 I Finsky : [265] luv.run(16): Frosting DB delete succeeded: false
07-28 11:41:56.925 957 11744 D AF::TrackHandle: OpPlayAudio: track:63 usage:13 not muted
07-28 11:41:56.925 4266 4266 I Finsky : [2] tul.a(21): PackageMonitorReceiverImpl - Deduping intent android.intent.action.PACKAGE_FULLY_REMOVED
07-28 11:41:56.932 957 11744 D AF::TrackHandle: OpPlayAudio: track:63 usage:13 not muted
07-28 11:41:56.933 957 2606 D AF::TrackHandle: OpPlayAudio: track:55 usage:13 not muted
07-28 11:41:56.933 957 11744 D AF::TrackHandle: OpPlayAudio: track:63 usage:13 not muted
07-28 11:41:56.935 957 11744 I chatty : uid=1041(audioserver) Binder:957_7 identical 6 lines
07-28 11:41:56.936 957 11744 D AF::TrackHandle: OpPlayAudio: track:63 usage:13 not muted
07-28 11:41:56.938 957 2606 D AF::TrackHandle: OpPlayAudio: track:55 usage:13 not muted
07-28 11:41:56.939 12759 12943 I Icing : doRemovePackageData com.timob.axway
07-28 11:41:56.949 957 2606 D AF::TrackHandle: OpPlayAudio: track:55 usage:13 not muted
07-28 11:41:56.955 957 2606 D AF::TrackHandle: OpPlayAudio: track:55 usage:13 not muted
07-28 11:41:56.956 1547 6522 I StatsPullAtomService: No runtime appop access message collected
07-28 11:41:56.957 12759 13075 I Icing : IndexChimeraService.getServiceInterface callingPackage=com.google.android.gms componentName=AppsCorpus serviceId=36
07-28 11:41:56.960 928 928 I android.hardware.health@2.0-service.bonito: capacity: 3047000
07-28 11:41:56.961 928 928 E BatteryDefender: Failed to read /sys/class/power_supply/wireless/online
07-28 11:41:56.964 1547 1724 W Looper : Slow delivery took 233ms android.fg h=android.os.Handler c= m=0
07-28 11:41:56.964 957 2606 D AF::TrackHandle: OpPlayAudio: track:55 usage:13 not muted
07-28 11:41:56.965 4197 4741 I StreamController: registerScope: nowcards-15-183ef-fe8a
07-28 11:41:56.972 957 2606 D AF::TrackHandle: OpPlayAudio: track:55 usage:13 not muted
07-28 11:41:56.992 957 2606 I chatty : uid=1041(audioserver) Binder:957_4 identical 2 lines
07-28 11:41:57.001 957 2606 D AF::TrackHandle: OpPlayAudio: track:55 usage:13 not muted
07-28 11:41:57.007 4266 4266 I Finsky : [2] xgp.a(8): SCH: Jobs in database: 1-1337 3-585 3-586 12-1 20-23232323 26-1414141414 34-215 34-216
07-28 11:41:57.007 957 2606 D AF::TrackHandle: OpPlayAudio: track:55 usage:13 not muted
07-28 11:41:57.016 4266 4266 I Finsky : [2] xcj.a(57): SCH: ConstraintMapping: 1-1337, 12-1, 34-215, -> L: 14739ms, D: 44832054ms, C: false, I: false, N: 1
07-28 11:41:57.016 957 2606 D AF::TrackHandle: OpPlayAudio: track:55 usage:13 not muted
07-28 11:41:57.017 4266 4266 I Finsky : [2] xcj.a(57): SCH: ConstraintMapping: 3-586, 20-23232323, -> L: 0ms, D: 81149702ms, C: true, I: false, N: 2
07-28 11:41:57.017 4266 4266 I Finsky : [2] xcj.a(57): SCH: ConstraintMapping: 34-216, -> L: 604738274ms, D: 2591937157ms, C: false, I: true, N: 2
07-28 11:41:57.017 4266 4266 I Finsky : [2] xcj.a(57): SCH: ConstraintMapping: 3-585, 34-216, -> L: 0ms, D: 84727459ms, C: true, I: true, N: 2
07-28 11:41:57.018 4266 4266 I Finsky : [2] xcj.a(57): SCH: ConstraintMapping: 26-1414141414, -> L: 276ms, D: 900276ms, C: false, I: false, N: 0
07-28 11:41:57.020 4266 15325 I Finsky : [266] grj.a(15): [ContentSync] finished, scheduled=true
07-28 11:41:57.030 957 2606 D AF::TrackHandle: OpPlayAudio: track:55 usage:13 not muted
07-28 11:41:57.037 12759 12943 I GmsCoreXrpcWrapper: Returning a channel provider with trafficStatsTag=12803
07-28 11:41:57.038 928 928 I android.hardware.health@2.0-service.bonito: capacity: 3047000
07-28 11:41:57.038 928 928 E BatteryDefender: Failed to read /sys/class/power_supply/wireless/online
07-28 11:41:57.040 957 2606 D AF::TrackHandle: OpPlayAudio: track:55 usage:13 not muted
07-28 11:41:57.043 670 1798 D TimeStats: Cleared global stats
07-28 11:41:57.043 2860 2860 D Launcher.Model: package removed received com.timob.axway
07-28 11:41:57.044 2860 2898 D PackageUpdatedTask: Removing app iconcom.timob.axway
07-28 11:41:57.046 957 2606 D AF::TrackHandle: OpPlayAudio: track:55 usage:13 not muted
07-28 11:41:57.046 670 1798 D TimeStats: Cleared layer stats
07-28 11:41:57.050 957 2606 D AF::TrackHandle: OpPlayAudio: track:55 usage:13 not muted
07-28 11:41:57.052 957 2606 D AF::TrackHandle: OpPlayAudio: track:55 usage:13 not muted
07-28 11:41:57.058 2860 2898 D ModelWriter: removing items from db
07-28 11:41:57.058 2860 2898 D ModelWriter: java.lang.Exception
07-28 11:41:57.058 2860 2898 D ModelWriter: at com.android.launcher3.model.ModelWriter.deleteItemsFromDatabase(SourceFile:4)
07-28 11:41:57.058 2860 2898 D ModelWriter: at com.android.launcher3.model.BaseModelUpdateTask.deleteAndBindComponentsRemoved(SourceFile:2)
07-28 11:41:57.058 2860 2898 D ModelWriter: at com.android.launcher3.model.PackageUpdatedTask.execute(SourceFile:157)
07-28 11:41:57.058 2860 2898 D ModelWriter: at com.android.launcher3.model.BaseModelUpdateTask.run(SourceFile:2)
07-28 11:41:57.058 2860 2898 D ModelWriter: at android.os.Handler.handleCallback(Handler.java:938)
07-28 11:41:57.058 2860 2898 D ModelWriter: at android.os.Handler.dispatchMessage(Handler.java:99)
07-28 11:41:57.058 2860 2898 D ModelWriter: at android.os.Looper.loop(Looper.java:223)
07-28 11:41:57.058 2860 2898 D ModelWriter: at android.os.HandlerThread.run(HandlerThread.java:67)
07-28 11:41:57.073 4197 4566 E MDD : DownloadProgressMonitor: Can't find file group for uri: android://com.google.android.googlequicksearchbox/files/sharedminusonemodule/shared/SharedMinusOneData.pb.tmp
07-28 11:41:57.109 12759 12940 I Icing : IndexChimeraService.getServiceInterface callingPackage=com.google.android.gms componentName=null serviceId=30
07-28 11:41:57.150 4197 4197 I BgTaskExecutorImpl: Starting EXCLUSIVE background task TNG_MINUS_ONE_SYNC.
07-28 11:41:57.160 12759 12943 I Icing : Usage reports ok 2, Failed Usage reports 0, indexed 0, rejected 0
07-28 11:41:57.165 12759 12940 I Icing : IndexChimeraService.getServiceInterface callingPackage=com.google.android.gms componentName=null serviceId=36
07-28 11:41:57.172 12759 12943 I GmsCoreXrpcWrapper: Returning a channel provider with trafficStatsTag=12803
07-28 11:41:57.186 12759 12943 I Icing : Usage reports ok 0, Failed Usage reports 0, indexed 0, rejected 0
07-28 11:41:57.196 4197 4741 I TngMinusOneSync: Syncing TNG:-1
07-28 11:41:57.198 12759 12943 I GmsCoreXrpcWrapper: Returning a channel provider with trafficStatsTag=12803
07-28 11:41:57.214 12759 12943 I Icing : Usage reports ok 0, Failed Usage reports 0, indexed 0, rejected 0
07-28 11:41:57.285 4266 4266 I Finsky : [2] xez.a(34): Cancelling existing jobscheduler jobs: 9009 9010 9000 9007 9008
07-28 11:41:57.285 4266 4266 I Finsky : [2] xez.a(27): Scheduling job Id: 9001, L: 14739, D: 44832054, C: false, I: false, N: 1
07-28 11:41:57.314 4266 4266 I Finsky : [2] xez.a(27): Scheduling job Id: 9002, L: 0, D: 81149702, C: true, I: false, N: 2
07-28 11:41:57.317 4266 4266 I Finsky : [2] xez.a(27): Scheduling job Id: 9003, L: 604738274, D: 2591937157, C: false, I: true, N: 2
07-28 11:41:57.320 4266 4266 I Finsky : [2] xez.a(27): Scheduling job Id: 9004, L: 0, D: 84727459, C: true, I: true, N: 2
07-28 11:41:57.322 4266 4266 I Finsky : [2] xez.a(27): Scheduling job Id: 9005, L: 0, D: 900276, C: false, I: false, N: 0
07-28 11:41:57.333 4197 4649 W DeviceAppInfoWork: missing version info.
07-28 11:41:57.334 4266 4266 I Finsky : [2] xir.onStartJob(3): SCH: onJobSchedulerWakeup with jobId 9005
07-28 11:41:57.360 4266 4266 I Finsky : [2] xdr.a(19): Scheduling fallback job with id: 9034, and delay: 43200000 ms
07-28 11:41:57.366 4266 4266 I Finsky : [2] xdr.a(9): Scheduling fallback in 64799997 (absolute: 66572810)
07-28 11:41:57.410 4266 4266 I Finsky : [2] xea.handleMessage(8): SCH: DeviceState: DeviceState{currentTime=1595932917403, isCharging=false, isIdle=false, netAny=true, netNotRoaming=true, netUnmetered=true, batteryPercent=51.0}
07-28 11:41:57.418 4266 15325 I Finsky : [266] xgp.a(8): SCH: Jobs in database: 1-1337 3-585 3-586 12-1 20-23232323 26-1414141414 34-215 34-216
07-28 11:41:57.434 4266 4266 I Finsky : [2] xeb.a(16): SCH: Running job: 26-1414141414
07-28 11:41:57.436 4266 4266 I Finsky : [2] xea.handleMessage(61): SCH: RunningQueue size: 1, PendingQueue size: 0
07-28 11:41:57.436 4266 4266 I Finsky : [2] xea.handleMessage(64): SCH: Running queue: 26-1414141414
07-28 11:41:57.525 4266 4568 E Finsky : [38] goe.a(7): [Counters Flush] Failure when flushing counters
07-28 11:41:57.525 4266 4568 E Finsky : java.lang.NullPointerException: Attempt to read from field 'int ayzi.eM' on a null object reference
07-28 11:41:57.525 4266 4568 E Finsky : at goa.call(Unknown Source:226)
07-28 11:41:57.525 4266 4568 E Finsky : at atwl.b(Unknown Source:2)
07-28 11:41:57.525 4266 4568 E Finsky : at atvn.run(PG:3)
07-28 11:41:57.525 4266 4568 E Finsky : at atwm.run(Unknown Source:4)
07-28 11:41:57.525 4266 4568 E Finsky : at java.util.concurrent.ThreadPoolExecutor.runWorker(ThreadPoolExecutor.java:1167)
07-28 11:41:57.525 4266 4568 E Finsky : at java.util.concurrent.ThreadPoolExecutor$Worker.run(ThreadPoolExecutor.java:641)
07-28 11:41:57.525 4266 4568 E Finsky : at klt.run(PG:4)
07-28 11:41:57.525 4266 4568 E Finsky : at java.lang.Thread.run(Thread.java:923)
07-28 11:41:57.526 4266 4648 E Finsky : [51] gop.a(2): [Counters Flush] Error when getting counter events to log
07-28 11:41:57.526 4266 4648 E Finsky : java.lang.NullPointerException: Attempt to read from field 'int ayzi.eM' on a null object reference
07-28 11:41:57.526 4266 4648 E Finsky : at goa.call(Unknown Source:226)
07-28 11:41:57.526 4266 4648 E Finsky : at atwl.b(Unknown Source:2)
07-28 11:41:57.526 4266 4648 E Finsky : at atvn.run(PG:3)
07-28 11:41:57.526 4266 4648 E Finsky : at atwm.run(Unknown Source:4)
07-28 11:41:57.526 4266 4648 E Finsky : at java.util.concurrent.ThreadPoolExecutor.runWorker(ThreadPoolExecutor.java:1167)
07-28 11:41:57.526 4266 4648 E Finsky : at java.util.concurrent.ThreadPoolExecutor$Worker.run(ThreadPoolExecutor.java:641)
07-28 11:41:57.526 4266 4648 E Finsky : at klt.run(PG:4)
07-28 11:41:57.526 4266 4648 E Finsky : at java.lang.Thread.run(Thread.java:923)
07-28 11:41:57.526 1547 1724 E JobScheduler.Background: App com.google.android.gms became active but still in NEVER bucket
07-28 11:41:57.527 4266 4568 I Finsky : [38] xfm.a(13): SCH: jobFinished: 26-1414141414. TimeElapsed: 92ms.
07-28 11:41:57.528 4266 4266 I Finsky : [2] xeb.a(39): SCH: Job 26-1414141414 finished. Rescheduling.
07-28 11:41:57.528 1547 1766 I DropBoxManagerService: add tag=system_server_wtf isTagEnabled=true flags=0x2
07-28 11:41:57.529 4266 4266 I Finsky : [2] xea.handleMessage(61): SCH: RunningQueue size: 0, PendingQueue size: 0
07-28 11:41:57.529 4266 4266 I Finsky : [2] xea.handleMessage(25): Executor finished
07-28 11:41:57.531 1547 1724 W Looper : Drained
07-28 11:41:57.576 4266 4266 I Finsky : [2] xgp.a(8): SCH: Jobs in database: 1-1337 3-585 3-586 12-1 20-23232323 26-1414141414 34-215 34-216
07-28 11:41:57.586 4266 4266 I Finsky : [2] xcj.a(57): SCH: ConstraintMapping: 1-1337, 12-1, 34-215, -> L: 14169ms, D: 44831484ms, C: false, I: false, N: 1
07-28 11:41:57.587 4266 4266 I Finsky : [2] xcj.a(57): SCH: ConstraintMapping: 3-586, 20-23232323, -> L: 0ms, D: 81149131ms, C: true, I: false, N: 2
07-28 11:41:57.587 4266 4266 I Finsky : [2] xcj.a(57): SCH: ConstraintMapping: 34-216, -> L: 604737703ms, D: 2591936586ms, C: false, I: true, N: 2
07-28 11:41:57.588 4266 4266 I Finsky : [2] xcj.a(57): SCH: ConstraintMapping: 3-585, 34-216, -> L: 0ms, D: 84726889ms, C: true, I: true, N: 2
07-28 11:41:57.588 4266 4266 I Finsky : [2] xcj.a(57): SCH: ConstraintMapping: 26-1414141414, -> L: 899945ms, D: 1799945ms, C: false, I: false, N: 0
07-28 11:41:57.669 4266 4266 I Finsky : [2] xez.a(34): Cancelling existing jobscheduler jobs: 9002 9003 9004 9001
07-28 11:41:57.670 4266 4266 I Finsky : [2] xez.a(10): Throttling wakeup for job 9000 (expected to run in 14169 ms) due to recent wakeup
07-28 11:41:57.671 4266 4266 I Finsky : [2] xez.a(27): Scheduling job Id: 9000, L: 30000, D: 44831484, C: false, I: false, N: 1
07-28 11:41:57.673 4266 4266 I Finsky : [2] xez.a(10): Throttling wakeup for job 9006 (expected to run in 0 ms) due to recent wakeup
07-28 11:41:57.674 4266 4266 I Finsky : [2] xez.a(27): Scheduling job Id: 9006, L: 30000, D: 81149131, C: true, I: false, N: 2
07-28 11:41:57.676 4266 4266 I Finsky : [2] xez.a(27): Scheduling job Id: 9007, L: 604737703, D: 2591936586, C: false, I: true, N: 2
07-28 11:41:57.679 4266 4266 I Finsky : [2] xez.a(10): Throttling wakeup for job 9008 (expected to run in 0 ms) due to recent wakeup
07-28 11:41:57.680 4266 4266 I Finsky : [2] xez.a(27): Scheduling job Id: 9008, L: 30000, D: 84726889, C: true, I: true, N: 2
07-28 11:41:57.682 4266 4266 I Finsky : [2] xez.a(27): Scheduling job Id: 9009, L: 899945, D: 1799945, C: false, I: false, N: 0
07-28 11:41:57.851 1547 2591 D ConnectivityService: NetReassign [no changes]
07-28 11:41:57.975 935 1156 D VSC : @ 1775.922: [WO] tilt angle 64
07-28 11:41:57.976 935 1156 D VSC : @ 1775.922: [WO] isFlat() nearest_rotation: 4, flat_angle: 65
07-28 11:41:57.976 935 1156 D VSC : @ 1775.922: [WO] orientation angle 336, orientation 4
07-28 11:41:57.976 935 1156 D VSC : @ 1775.922: [WO] rejected by isOrientationAngleAcceptable
07-28 11:41:57.989 3810 5576 I MediaProvider: Begin Intent { act=android.intent.action.PACKAGE_FULLY_REMOVED dat=package:com.timob.axway flg=0x5000010 cmp=com.google.android.providers.media.module/com.android.providers.media.MediaService (has extras) }
07-28 11:41:57.991 3810 5576 I MediaProvider: End Intent { act=android.intent.action.PACKAGE_FULLY_REMOVED dat=package:com.timob.axway flg=0x5000010 cmp=com.google.android.providers.media.module/com.android.providers.media.MediaService (has extras) }
07-28 11:41:58.008 1547 2098 W BroadcastQueue: Background execution not allowed: receiving Intent { act=android.intent.action.DROPBOX_ENTRY_ADDED flg=0x10 (has extras) } to com.google.android.gms/.stats.service.DropBoxEntryAddedReceiver
07-28 11:41:58.010 1547 1766 W BroadcastQueue: Background execution not allowed: receiving Intent { act=android.intent.action.DROPBOX_ENTRY_ADDED flg=0x10 (has extras) } to com.google.android.gms/.chimera.GmsIntentOperationService$PersistentTrustedReceiver
07-28 11:41:58.165 12759 12943 I Icing : Indexing com.google.android.gms-apps from com.google.android.gms
07-28 11:41:58.179 12759 12943 I Icing : Indexing done com.google.android.gms-apps
07-28 11:41:58.728 928 928 I android.hardware.health@2.0-service.bonito: capacity: 3047000
07-28 11:41:58.729 928 928 E BatteryDefender: Failed to read /sys/class/power_supply/wireless/online
07-28 11:41:58.738 2658 3792 D PowerUI : can't show warning due to - plugged: true status unknown: false
07-28 11:41:59.250 3537 3561 I PeriodicStatsRunner: PeriodicStatsRunner.call():175 call()
07-28 11:41:59.250 3537 3561 I PeriodicStatsRunner: PeriodicStatsRunner.call():179 No submit PeriodicStats since input started.
07-28 11:41:59.308 917 2603 D audio_hw_primary: disable_audio_route: usecase(1) reset and update mixer path: low-latency-playback speaker
07-28 11:41:59.309 917 2603 I audio_hw_cirrus_playback: audio_extn_spkr_prot_stop_processing: pcm_tx_close
07-28 11:41:59.317 917 2603 D audio_hw_primary: disable_audio_route: usecase(25) reset and update mixer path: spkr-vi-record vi-feedback
07-28 11:41:59.317 917 2603 D audio_hw_primary: disable_snd_device: snd_device(104: vi-feedback)
07-28 11:41:59.319 1547 2098 I system_server: oneway function results will be dropped but finished with status OK and parcel size 4
07-28 11:41:59.537 1547 1766 W BroadcastQueue: Background execution not allowed: receiving Intent { act=android.intent.action.DROPBOX_ENTRY_ADDED flg=0x10 (has extras) } to com.google.android.gms/.stats.service.DropBoxEntryAddedReceiver
07-28 11:41:59.537 1547 1766 W BroadcastQueue: Background execution not allowed: receiving Intent { act=android.intent.action.DROPBOX_ENTRY_ADDED flg=0x10 (has extras) } to com.google.android.gms/.chimera.GmsIntentOperationService$PersistentTrustedReceiver
07-28 11:41:59.569 1547 6522 I system_server: oneway function results will be dropped but finished with status OK and parcel size 4
07-28 11:41:59.569 917 3768 D audio_route: Apply path: speaker
07-28 11:41:59.569 917 3768 D audio_hw_primary: enable_snd_device: snd_device(104: vi-feedback)
07-28 11:41:59.569 917 3768 D audio_route: Apply path: vi-feedback
07-28 11:41:59.569 917 3768 E audio_hw_utils: audio_extn_utils_send_app_type_cfg: Failed to derive app_type for uc type : 0x1
07-28 11:41:59.569 917 3768 D ACDB-LOADER: ACDB -> send_audio_cal, acdb_id = 512, path = 1, app id = 0x11132, sample rate = 48000
07-28 11:41:59.569 917 3768 D ACDB-LOADER: ACDB -> send_asm_topology
07-28 11:41:59.569 917 3768 D ACDB-LOADER: ACDB -> ACDB_CMD_GET_AUDPROC_STREAM_TOPOLOGY_ID
07-28 11:41:59.569 917 3768 D ACDB-LOADER: ACDB -> send_adm_topology
07-28 11:41:59.569 917 3768 D ACDB-LOADER: ACDB -> ACDB_CMD_GET_AUDPROC_COMMON_TOPOLOGY_ID
07-28 11:41:59.569 917 3768 D ACDB-LOADER: ACDB -> send_audtable
07-28 11:41:59.569 917 3768 D ACDB-LOADER: ACDB -> ACDB_CMD_GET_AUDPROC_COMMON_TABLE_SIZE
