--------- beginning of main
07-28 11:41:44.730 935 1156 D VSC : @ 1762.669: [Device Pickup Sensor] Request accel, interval 20.0 ms, latency 0.0 ms
07-28 11:41:44.731 935 1156 I CHRE : @ 1762.669: [AR] IDLE => ON
07-28 11:41:44.731 935 1156 D VSC : @ 1762.670: [Device Pickup Sensor] Stop motion_detect
07-28 11:41:44.750 935 1156 D ASH : @ 1762.689: SensorType 1 resampler quality 0
07-28 11:41:45.681 1163 1337 D fpc_hidl: onAcquired(code=7, vendor=0)
07-28 11:41:45.683 935 1156 D VSC : @ 1763.626: [Device Pickup Sensor] Stop accel
07-28 11:41:45.683 935 1156 D VSC : @ 1763.628: [Device Pickup Sensor] Request proximity, interval 66.6 ms, latency 66.6 ms
07-28 11:41:45.683 935 1156 I VSC : @ 1763.628: [DevicePickup] Sending event
07-28 11:41:45.683 935 1156 D VSC : @ 1763.628: [Device Pickup Sensor] Request motion_detect, interval 18446744027136.0 ms, latency 0.0 ms
07-28 11:41:45.684 935 1156 D VSC : @ 1763.629: [Device Pickup Sensor] Stop proximity
07-28 11:41:45.684 935 1156 I ASH : @ 1763.629: tmd2725: Prox client count: cur=2, new=2
07-28 11:41:45.684 935 1156 D VSC : @ 1763.629: [Device Pickup Sensor] Stop motion_detect
07-28 11:41:45.684 935 1156 I ASH : @ 1763.631: tmd2725: Calibrating POFFSET --------- beginning of system
07-28 11:41:45.687 1547 1547 V FingerprintService: Acquired: 7 0
07-28 11:41:45.689 935 1156 I ASH : @ 1763.633: tmd2725: Prox client count: cur=2, new=2
07-28 11:41:45.704 935 1156 I ASH : @ 1763.648: tmd2725: POFFSET 03
07-28 11:41:45.710 1547 2099 I PowerManagerService: Waking up from Dozing (uid=10025, reason=WAKE_REASON_GESTURE, details=com.android.systemui:NODOZE)...
07-28 11:41:45.720 2658 3299 D KeyguardViewMediator: onStartedWakingUp, seq = 8
07-28 11:41:45.720 2658 3299 D KeyguardViewMediator: notifyStartedWakingUp
07-28 11:41:45.720 1547 1795 I DisplayPowerController: Blocking screen on until initial contents have been drawn.
07-28 11:41:45.722 2658 2658 D KeyguardViewMediator: handleNotifyWakingUp
07-28 11:41:45.723 2658 3299 D KeyguardViewMediator: notifyScreenOn
07-28 11:41:45.735 922 922 V ContextHubHal: sendMessageToHub
07-28 11:41:45.736 2658 2658 D StatusBar: disable disable2
07-28 11:41:45.737 2658 2658 D StatusBar: disable disable2
07-28 11:41:45.737 2658 2658 D StatusBar: updateQsExpansionEnabled - QS Expand enabled: true
07-28 11:41:45.737 935 1156 D CHRE : @ 1763.683: Parsed nanoapp message from host: app ID 0x476f6f676c00100e, endpoint 0x1, msgType 202, payload size 5
07-28 11:41:45.739 935 935 I sensors-hal: batch_physical_sensor:262, android.sensor.light/51, period=250000000, max_latency=0
07-28 11:41:45.739 935 935 I sensors-hal: batch_physical_sensor:273, android.sensor.light/51, period=250000000, max_latency=0 request completed
07-28 11:41:45.740 935 935 I sensors-hal: activate_physical_sensor:197, android.sensor.light/51 en=1
07-28 11:41:45.740 935 935 I sensors-hal: get_qmi_debug_flag:233, support_qmi_debug : false
07-28 11:41:45.741 935 935 I sensors-hal: activate_physical_sensor:210, android.sensor.light/51 en=1 completed
07-28 11:41:45.742 2658 2765 D KeyguardViewMediator: updateActivityLockScreenState(true, false)
07-28 11:41:45.742 1547 1795 V DisplayPowerController: Brightness [0.48222] reason changing to: 'manual', previous reason: 'screen_off'.
07-28 11:41:45.743 935 1156 I ASH : @ 1763.689: tmd2725: Enabling sensor 0
07-28 11:41:45.743 1547 1731 I DisplayManagerService: Display device changed state: "Built-in Screen", ON
07-28 11:41:45.744 670 670 D SurfaceFlinger: Setting power mode 2 on display 0
07-28 11:41:45.744 2658 2658 D StatusBar: updateQsExpansionEnabled - QS Expand enabled: true
07-28 11:41:45.744 672 701 I SDM : DisplayBase::SetDisplayState: Set state = 1, display 0
07-28 11:41:45.744 935 1156 D VSC : @ 1763.690: [Device Pickup Sensor] Request accel, interval 20.0 ms, latency 0.0 ms
07-28 11:41:45.746 1547 1731 I InputManager-JNI: Viewport [0] to add: local:0, isActive: true
07-28 11:41:45.749 2658 2658 D KeyguardViewMediator: handleNotifyScreenTurningOn
07-28 11:41:45.749 935 935 I sensors-hal: batch_physical_sensor:262, android.sensor.light/51, period=200000000, max_latency=0
07-28 11:41:45.749 935 935 I sensors-hal: batch_physical_sensor:273, android.sensor.light/51, period=200000000, max_latency=0 request completed
07-28 11:41:45.750 2908 2995 I QCNEJ/CndHalConnector: -> SND notifyScreenStateChanged(true)
07-28 11:41:45.750 1547 2123 I InputReader: Reconfiguring input devices, changes=DISPLAY_INFO |
07-28 11:41:45.750 1547 2123 I InputReader: Device reconfigured: id=4, name='synaptics_dsx', size 1080x2220, orientation 0, mode 1, display id 0
07-28 11:41:45.750 2908 2995 I QCNEJ/CndHalConnector: -> SND notifyScreenStateChanged(false)
07-28 11:41:45.752 935 15251 I sensors-hal: handle_indication_realtime:442, SCHED_FIFO(10) for qmi_cbk
07-28 11:41:45.753 935 1156 I VSC : @ 1763.699: [BINNED_BRIGHTNESS] Created instance at 0xb202e0e8
07-28 11:41:45.753 935 1156 D VSC : @ 1763.699: [Binned Brightness] Request ambient_light, interval 250.0 ms, latency 0.0 ms
07-28 11:41:45.754 935 1156 D VSC : @ 1763.700: [Binned Brightness] Request proximity, interval 200.0 ms, latency 0.0 ms
07-28 11:41:45.770 2957 2957 D GRIL-S : [0028]> UPDATE_DEVICE_STATE DeviceState: Usb:1, Wifi: 1, Wifi AP: 0, Earpiece: 0, Bluetooth: 0, Wireless charging: 0, Screen: 1, Camera: 0, 0, -, -, Motion: 1, Bluetooth tethering: 0, Voice: 0, Wifi 2.4G: 0, Radio: 1, Bluetooth connected: 0, Bluetooth media: 0
07-28 11:41:45.776 2957 3565 D GRIL-S : [0028]< UPDATE_DEVICE_STATE
07-28 11:41:45.782 3537 3537 I DeviceStatusMonitor: DeviceStatusMonitor$1.onReceive():51 onReceive() : Action = android.intent.action.SCREEN_ON
07-28 11:41:45.782 3537 3537 I DeviceStatusMonitor: DeviceStatusMonitor.updateCountryInfo():111 updateCountryInfo(), notifyAnyway = false
07-28 11:41:45.785 3002 3174 E PhoneInterfaceManager: [PhoneIntfMgr] getCarrierPrivilegeStatus: Invalid subId
07-28 11:41:45.788 6463 6540 I CarrierServices: [437] cnd.onConnectivityChange: FiST: Wifi connectivity status true
07-28 11:41:45.792 6463 6610 I CarrierServices: [467] cwy.a: (PEv2-SM): DisabledState: event Connectivity event
07-28 11:41:45.792 6463 6540 I CarrierServices: [437] cnv.d: Connected state: [1], networkType: [WIFI]
07-28 11:41:45.794 3911 3911 D NfcService: MSG_APPLY_SCREEN_STATE 4
07-28 11:41:45.796 3002 3174 E PhoneInterfaceManager: [PhoneIntfMgr] getCarrierPrivilegeStatus: Invalid subId
07-28 11:41:45.797 6463 6617 I CarrierServices: [471] czd.d: RCS Configuration storage in Bugle is disabled by p/h flag, using ProvisioningEngineStateCacheUtil.getProvisioningConfigurationForGivenSim()
07-28 11:41:45.812 935 1156 D VSC : @ 1763.759: [WO] Reset mTask, clear history
07-28 11:41:45.812 935 1156 D VSC : @ 1763.759: [Device Orientation] Request accel, interval 66.6 ms, latency 40.0 ms
07-28 11:41:45.815 935 1156 D VSC : @ 1763.759: [Device Orientation] Request gyro, interval 66.6 ms, latency 40.0 ms
07-28 11:41:45.817 1547 1795 I DisplayPowerController: Unblocked screen on after 97 ms
07-28 11:41:45.819 935 1156 D ASH : @ 1763.765: SensorType 195 resampler quality 2
07-28 11:41:45.820 935 1156 D CHRE : @ 1763.765: SensorType 195 resampler quality 0
07-28 11:41:45.872 935 15251 I sensors-hal: handle_sns_std_sensor_event:45, ambient_light_event: filter out status = 1, lux = 919, raw_adc=27828
07-28 11:41:45.872 935 1156 I VSC : @ 1763.818: [BINNED_BRIGHTNESS] Changing state to 3 at 1763818 ms
07-28 11:41:45.874 3311 5297 I NearbyDiscovery: FastPairHandler: Received action android.intent.action.SCREEN_ON [CONTEXT service_id=49 ]
07-28 11:41:45.875 3311 5297 W NearbyDiscovery: FastPairScanner2: No bluetooth adapter available to start scanning in LOW_LATENCY_SCANNING [CONTEXT service_id=49 ]
07-28 11:41:45.895 935 1156 I ASH : @ 1763.840: touch gesture: received SNS_TBN_ACQUIRE_BUS_REQ_V01: kernel requesting bus
07-28 11:41:45.897 935 1156 D VSC : @ 1763.843: [WO] Reset mTask, clear history
07-28 11:41:45.899 670 670 D SurfaceFlinger: Finished setting power mode 2 on display 0
07-28 11:41:45.899 1547 2632 D SurfaceControl: Excessive delay in setPowerMode()
07-28 11:41:45.900 1547 1795 I DreamManagerService: Gently waking up from dream.
07-28 11:41:45.900 2658 3772 D KeyguardViewMediator: notifyScreenTurnedOn
07-28 11:41:45.900 1547 1724 I DreamManagerService: Performing gentle wake from dream.
07-28 11:41:45.903 1547 2099 W ActivityManager: Permission Denial: Accessing service com.google.android.music/.dial.DialMediaRouteProviderService from pid=12759, uid=10016 that is not exported from uid 10081
07-28 11:41:45.914 12759 12800 I DiscoveryManager: Filter criteria(%urn:x-cast:com.google.cast.media) scannerFlags(2)
07-28 11:41:45.917 12759 12800 W GuestModeDeviceProber: setFilterCriteria
07-28 11:41:45.947 1547 3966 I WifiService: startScan uid=10016
07-28 11:41:45.948 1547 3966 E WifiService: Permission violation - startScan not allowed for uid=10016, packageName=com.google.android.gms, reason=java.lang.SecurityException: Location mode is disabled for the device
07-28 11:41:45.950 1163 1337 D fpc_hidl: onAcquired(code=0, vendor=0)
07-28 11:41:45.951 1547 1547 V FingerprintService: Acquired: 0 0
07-28 11:41:45.952 12759 12800 E DeviceScanner: [BLE] Failed to start scan because the Bluetooth is disabled.
07-28 11:41:45.953 2658 2658 D KeyguardViewMediator: handleNotifyScreenTurnedOn
07-28 11:41:45.953 1163 1337 D fpc_hidl: onAuthenticated(fid=1346834629, gid=0)
07-28 11:41:45.954 1547 3964 I DreamManagerService: Leaving dreamland.
07-28 11:41:45.954 1547 1724 I DreamManagerService: Performing gentle wake from dream.
07-28 11:41:45.954 1547 1724 I DreamController: Stopping dream: name=ComponentInfo{com.android.systemui/com.android.systemui.doze.DozeService}, isTest=false, canDoze=true, userId=0, reason='finished self'(from 'requested stopDream')
07-28 11:41:45.957 1547 1547 V BiometricStats: Authentication latency: 271
07-28 11:41:45.958 1547 1547 V FingerprintService: onAuthenticated(true), ID:1346834629, Owner: com.android.systemui, isBP: false, listener: com.android.server.biometrics.fingerprint.FingerprintService$ServiceListenerImpl@c0dbc87, requireConfirmation: false, user: 0
07-28 11:41:45.960 2957 2957 D GRIL-S : [0029]> UPDATE_SCONE_INFO Mobility:0 Battery:2 Thermal:0 Screen:1
07-28 11:41:45.962 1067 1067 D keystore: AddAuthenticationToken: timestamp = 1763746, time_received = 1660
07-28 11:41:45.962 1547 1547 V FingerprintService: Done with client: com.android.systemui
07-28 11:41:45.963 2957 3565 D GRIL-S : [0029]< UPDATE_SCONE_INFO
07-28 11:41:45.967 2658 2658 I Elmyra/ElmyraService: Unblocked; current action: LaunchOpa [mIsGestureEnabled -> true; mIsOpaEnabled -> true]
07-28 11:41:45.969 935 1156 D VSC : @ 1763.916: [Device Pickup Sensor] Stop accel
07-28 11:41:45.973 935 1156 D VSC : @ 1763.919: [Proximity Gated Double Tap Gesture] Stop touch_gesture
07-28 11:41:45.974 935 1156 D VSC : @ 1763.920: [Proximity Gated Double Tap Gesture] Stop proximity
07-28 11:41:45.974 935 1156 I VSC : @ 1763.920: [double-tap-prox-gated] sensor disabled
07-28 11:41:45.975 935 1156 I ASH : @ 1763.921: touch gesture: [touch gesture] unsubscribed
07-28 11:41:45.975 935 1156 I ASH : @ 1763.921: tmd2725: Prox client count: cur=2, new=2
07-28 11:41:45.977 935 1156 D VSC : @ 1763.923: [WO] tilt angle 54
07-28 11:41:45.977 935 1156 D VSC : @ 1763.923: [WO] isFlat() nearest_rotation: 0, flat_angle: 65
07-28 11:41:45.977 935 1156 D VSC : @ 1763.923: [WO] orientation angle 5, orientation 0
07-28 11:41:45.977 935 1156 D VSC : @ 1763.923: [WO] Gyro angle integrated: 12.211359
07-28 11:41:45.977 935 1156 D VSC : @ 1763.923: [WO] Rejected by settle_time and gyro finds no rotation
07-28 11:41:45.982 1547 3962 I WifiService: acquireMulticastLock uid=10016
07-28 11:41:45.990 2658 2658 V BiometricUnlockCtrl: startWakeAndUnlock(5)
07-28 11:41:45.990 2658 2658 V ShadeControllerImpl: NotificationShadeWindow: com.android.systemui.statusbar.phone.NotificationShadeWindowView{a8d1faf V.E...... .......D 0,0-1080,2220} canPanelBeCollapsed(): true
07-28 11:41:45.993 2658 2658 D KeyguardUpdateMonitor: fingerprintRunningState: 0
07-28 11:41:45.996 2658 3256 D PowerUI : can't show warning due to - plugged: true status unknown: false
07-28 11:41:46.013 1547 2099 E WifiService: Permission violation - getScanResults not allowed for uid=10016, packageName=com.google.android.gms, reason=java.lang.SecurityException: Location mode is disabled for the device
07-28 11:41:46.013 12759 12800 E DeviceScanner: [BLE] Failed to start scan because the Bluetooth is disabled.
07-28 11:41:46.021 1547 1795 V DisplayPowerController: Brightness [0.48088422] reason changing to: 'automatic', previous reason: 'manual'.
07-28 11:41:46.021 2658 2658 V KeyguardUpdateMonitor: onSubscriptionInfoChanged()
07-28 11:41:46.043 2658 2658 I Elmyra/ElmyraService: Unblocked; current action: LaunchOpa [mIsGestureEnabled -> true; mIsOpaEnabled -> true]
07-28 11:41:46.055 2658 2658 I Elmyra/ElmyraService: Unblocked; current action: LaunchOpa [mIsGestureEnabled -> true; mIsOpaEnabled -> true]
07-28 11:41:46.246 935 1156 D VSC : @ 1764.192: [Binned Brightness] Stop proximity
07-28 11:41:46.246 935 1156 D VSC : @ 1764.192: [Binned Brightness] Stop ambient_light
07-28 11:41:46.246 935 1156 I VSC : @ 1764.193: [BINNED_BRIGHTNESS] Deleted instance at 0xb202e0e8
07-28 11:41:46.258 2658 2658 D KeyguardViewMediator: handleKeyguardDone
07-28 11:41:46.258 2658 2658 D KeyguardViewMediator: handleHide
07-28 11:41:46.258 2658 2658 D KeyguardViewMediator: keyguardGoingAway
07-28 11:41:46.260 1547 6770 D ActivityTaskManager: Top Process State changed to PROCESS_STATE_TOP
07-28 11:41:46.260 2658 2658 D StatusBar: disable disable2
07-28 11:41:46.270 1547 1731 D CompatibilityChangeReporter: Compat change id reported: 136274596; UID 10307; state: DISABLED
07-28 11:41:46.288 15085 15085 I APSAnalyticsStore: session.start
07-28 11:41:46.307 1547 6562 W WindowManager: Failed to deliver inset state change to w=Window{c3e80d8 u0 com.timob.axway/org.appcelerator.titanium.TiActivity}
07-28 11:41:46.307 1547 6562 W WindowManager: android.os.DeadObjectException
07-28 11:41:46.307 1547 6562 W WindowManager: at android.os.BinderProxy.transactNative(Native Method)
07-28 11:41:46.307 1547 6562 W WindowManager: at android.os.BinderProxy.transact(BinderProxy.java:540)
07-28 11:41:46.307 1547 6562 W WindowManager: at android.view.IWindow$Stub$Proxy.insetsControlChanged(IWindow.java:765)
07-28 11:41:46.307 1547 6562 W WindowManager: at com.android.server.wm.WindowState.notifyInsetsControlChanged(WindowState.java:3582)
07-28 11:41:46.307 1547 6562 W WindowManager: at com.android.server.wm.InsetsStateController.lambda$notifyPendingInsetsControlChanged$4$InsetsStateController(InsetsStateController.java:428)
07-28 11:41:46.307 1547 6562 W WindowManager: at com.android.server.wm.-$$Lambda$InsetsStateController$-1iOXDf-1s3wDHcMIHBKNk6MS3I.run(Unknown Source:2)
07-28 11:41:46.307 1547 6562 W WindowManager: at com.android.server.wm.WindowAnimator.executeAfterPrepareSurfacesRunnables(WindowAnimator.java:323)
07-28 11:41:46.307 1547 6562 W WindowManager: at com.android.server.wm.RootWindowContainer.performSurfacePlacementNoTrace(RootWindowContainer.java:853)
07-28 11:41:46.307 1547 6562 W WindowManager: at com.android.server.wm.RootWindowContainer.performSurfacePlacement(RootWindowContainer.java:801)
07-28 11:41:46.307 1547 6562 W WindowManager: at com.android.server.wm.WindowSurfacePlacer.performSurfacePlacementLoop(WindowSurfacePlacer.java:178)
07-28 11:41:46.307 1547 6562 W WindowManager: at com.android.server.wm.WindowSurfacePlacer.performSurfacePlacement(WindowSurfacePlacer.java:127)
07-28 11:41:46.307 1547 6562 W WindowManager: at com.android.server.wm.WindowManagerService.relayoutWindow(WindowManagerService.java:2301)
07-28 11:41:46.307 1547 6562 W WindowManager: at com.android.server.wm.Session.relayout(Session.java:213)
07-28 11:41:46.307 1547 6562 W WindowManager: at android.view.IWindowSession$Stub.onTransact(IWindowSession.java:840)
07-28 11:41:46.307 1547 6562 W WindowManager: at com.android.server.wm.Session.onTransact(Session.java:139)
07-28 11:41:46.307 1547 6562 W WindowManager: at android.os.Binder.execTransactInternal(Binder.java:1159)
07-28 11:41:46.307 1547 6562 W WindowManager: at android.os.Binder.execTransact(Binder.java:1123)
07-28 11:41:46.318 2658 2658 D KeyguardViewMediator: handleStartKeyguardExitAnimation startTime=1661311 fadeoutDuration=300
07-28 11:41:46.318 623 623 I hwservicemanager: getTransport: Cannot find entry android.hardware.graphics.mapper@4.0::IMapper/default in either framework or device manifest.
07-28 11:41:46.319 15085 15148 I Gralloc4: mapper 4.x is not supported
07-28 11:41:46.319 623 623 I hwservicemanager: getTransport: Cannot find entry android.hardware.graphics.mapper@3.0::IMapper/default in either framework or device manifest.
07-28 11:41:46.319 15085 15148 W Gralloc3: mapper 3.x is not supported
07-28 11:41:46.320 2658 2658 D StatusBar: disable disable2
07-28 11:41:46.321 2658 2658 D KeyguardViewMediator: adjustStatusBarLocked: mShowing=false mOccluded=false isSecure=true force=false --> flags=0x0
07-28 11:41:46.322 2658 2658 D StatusBar: updateQsExpansionEnabled - QS Expand enabled: true
07-28 11:41:46.323 1082 11911 D AudioAnalytics: key:audio.track.39 id:39 outputDevices:AUDIO_DEVICE_OUT_SPEAKER_SAFE(SPEAKER_SAFE) deviceNames: deviceTimeNs:173462986 encoding:AUDIO_FORMAT_PCM_16_BIT(PCM_16_BIT) frameCount:4800 intervalCount:1 sampleRate:48000 underrun:0 flags:AUDIO_OUTPUT_FLAG_FAST(FAST) callerName:soundpool(soundpool) contentType:AUDIO_CONTENT_TYPE_SONIFICATION(SONIFICATION) deviceLatencyMs:0 deviceStartupMs:0 deviceVolume:0.0761721 packageName:android.uid.systemui playbackPitch:1 playbackSpeed:1 selectedDeviceId:0 streamType:AUDIO_STREAM_SYSTEM(SYSTEM) usage:AUDIO_USAGE_ASSISTANCE_SONIFICATION(ASSISTANCE_SONIFICATION)
07-28 11:41:46.323 1547 6562 I system_server: oneway function results will be dropped but finished with status OK and parcel size 4
07-28 11:41:46.323 917 3768 D audio_route: Apply path: speaker
07-28 11:41:46.323 917 3768 D audio_hw_primary: enable_snd_device: snd_device(104: vi-feedback)
07-28 11:41:46.323 917 3768 D audio_route: Apply path: vi-feedback
07-28 11:41:46.323 917 3768 E audio_hw_utils: audio_extn_utils_send_app_type_cfg: Failed to derive app_type for uc type : 0x1
07-28 11:41:46.324 917 3768 D ACDB-LOADER: ACDB -> send_audio_cal, acdb_id = 512, path = 1, app id = 0x11132, sample rate = 48000
07-28 11:41:46.324 917 3768 D ACDB-LOADER: ACDB -> send_asm_topology
07-28 11:41:46.324 917 3768 D ACDB-LOADER: ACDB -> ACDB_CMD_GET_AUDPROC_STREAM_TOPOLOGY_ID
07-28 11:41:46.324 917 3768 D ACDB-LOADER: ACDB -> send_adm_topology
07-28 11:41:46.324 917 3768 D ACDB-LOADER: ACDB -> ACDB_CMD_GET_AUDPROC_COMMON_TOPOLOGY_ID
07-28 11:41:46.324 917 3768 D ACDB-LOADER: ACDB -> send_audtable
07-28 11:41:46.324 917 3768 D ACDB-LOADER: ACDB -> ACDB_CMD_GET_AUDPROC_COMMON_TABLE_SIZE
07-28 11:41:46.324 917 3768 D ACDB-LOADER: ACDB -> ACDB_CMD_GET_AUDPROC_COMMON_TABLE
07-28 11:41:46.324 917 3768 D ACDB-LOADER: ACDB -> AUDIO_SET_AUDPROC_CAL
07-28 11:41:46.324 917 3768 D ACDB-LOADER: ACDB -> send_audvoltable
07-28 11:41:46.324 917 3768 D ACDB-LOADER: ACDB -> ACDB_CMD_GET_AUDPROC_VOL_STEP_TABLE_SIZE
07-28 11:41:46.324 917 3768 D ACDB-LOADER: ACDB -> ACDB_CMD_GET_AUDPROC_GAIN_DEP_STEP_TABLE, vol index 0
07-28 11:41:46.324 917 3768 D android.hardware.audio.service: Failed to fetch the lookup information of the device 00000200
07-28 11:41:46.324 917 3768 E ACDB-LOADER: Error: ACDB AudProc vol returned = -19
07-28 11:41:46.324 917 3768 D ACDB-LOADER: ACDB -> AUDIO_SET_VOL_CAL cal type = 12
07-28 11:41:46.324 917 3768 D ACDB-LOADER: ACDB -> ACDB_CMD_GET_AUDPROC_STREAM_TABLE_SIZE
07-28 11:41:46.324 917 3768 D ACDB-LOADER: ACDB -> send_audstrmtable
07-28 11:41:46.324 917 3768 D ACDB-LOADER: ACDB -> ACDB_CMD_GET_AUDPROC_STREAM_TABLE_V2
07-28 11:41:46.324 917 3768 D ACDB-LOADER: ACDB -> audstrm_cal->cal_type.cal_data.cal_size = 16
07-28 11:41:46.324 917 3768 D ACDB-LOADER: ACDB -> send_afe_topology
07-28 11:41:46.324 917 3768 D ACDB-LOADER: ACDB -> ACDB_CMD_GET_AFE_TOPOLOGY_ID
07-28 11:41:46.324 917 3768 D ACDB-LOADER: ACDB -> GET_AFE_TOPOLOGY_ID for adcd_id 512, Topology Id 10001ccc
07-28 11:41:46.324 917 3768 D ACDB-LOADER: ACDB -> send_afe_cal
07-28 11:41:46.324 917 3768 D ACDB-LOADER: ACDB -> ACDB_CMD_GET_AFE_COMMON_TABLE_SIZE
07-28 11:41:46.324 917 3768 D ACDB-LOADER: ACDB -> ACDB_CMD_GET_AFE_COMMON_TABLE
07-28 11:41:46.324 917 3768 D ACDB-LOADER: ACDB -> AUDIO_SET_AFE_CAL
07-28 11:41:46.324 917 3768 D ACDB-LOADER: ACDB -> send_hw_delay : acdb_id = 512 path = 1
07-28 11:41:46.324 917 3768 D ACDB-LOADER: ACDB -> ACDB_AVSYNC_INFO: ACDB_CMD_GET_DEVICE_PROPERTY
07-28 11:41:46.324 917 3768 D audio_hw_primary: enable_audio_route: usecase(25) apply and update mixer path: spkr-vi-record vi-feedback
07-28 11:41:46.324 1547 6770 I system_server: oneway function results will be dropped but finished with status OK and parcel size 4
07-28 11:41:46.324 917 3768 D audio_route: Apply path: spkr-vi-record vi-feedback
07-28 11:41:46.325 935 1156 I VSC : @ 1764.271: [BINNED_BRIGHTNESS] Created instance at 0xb202e0e8
07-28 11:41:46.325 935 1156 D VSC : @ 1764.271: [Binned Brightness] Request ambient_light, interval 250.0 ms, latency 0.0 ms
07-28 11:41:46.325 935 1156 D VSC : @ 1764.271: [Binned Brightness] Request proximity, interval 200.0 ms, latency 0.0 ms
07-28 11:41:46.327 935 1156 I ASH : @ 1764.272: tmd2725: Prox client count: cur=1, new=2
07-28 11:41:46.327 935 1156 I VSC : @ 1764.273: [BINNED_BRIGHTNESS] Changing state to 3 at 1764273 ms
07-28 11:41:46.329 2658 2658 D StatusBar: disable disable2
07-28 11:41:46.330 935 1156 D VSC : @ 1764.276: [Binned Brightness] Stop proximity
07-28 11:41:46.330 935 1156 D VSC : @ 1764.276: [Binned Brightness] Stop ambient_light
07-28 11:41:46.330 935 1156 I VSC : @ 1764.277: [BINNED_BRIGHTNESS] Deleted instance at 0xb202e0e8
07-28 11:41:46.335 2658 2658 D KeyguardUpdateMonitor: onKeyguardVisibilityChanged(false)
07-28 11:41:46.340 2658 2658 D KeyguardViewMediator: adjustStatusBarLocked: mShowing=false mOccluded=false isSecure=true force=false --> flags=0x0
07-28 11:41:46.344 2658 2765 D KeyguardViewMediator: updateActivityLockScreenState(false, false)
07-28 11:41:46.354 1547 1766 W BroadcastQueue: Background execution not allowed: receiving Intent { act=android.intent.action.USER_PRESENT flg=0x24200010 } to com.android.chrome/org.chromium.chrome.browser.sharing.click_to_call.ClickToCallMessageHandler$PhoneUnlockedReceiver
07-28 11:41:46.355 1547 1766 W BroadcastQueue: Background execution not allowed: receiving Intent { act=android.intent.action.USER_PRESENT flg=0x24200010 } to com.google.android.gms/.auth.setup.devicesignals.LockScreenReceiver
07-28 11:41:46.355 1547 1766 W BroadcastQueue: Background execution not allowed: receiving Intent { act=android.intent.action.USER_PRESENT flg=0x24200010 } to com.google.android.gms/.trustagent.UserPresentBroadcastReceiver
07-28 11:41:46.355 1547 1766 W BroadcastQueue: Background execution not allowed: receiving Intent { act=android.intent.action.USER_PRESENT flg=0x24200010 } to com.google.android.gms/.chimera.GmsIntentOperationService$PersistentTrustedReceiver
07-28 11:41:46.355 4000 4000 E SUI_svcsock: svc_sock_send_message(suisvc): invalid remote socket suilst
07-28 11:41:46.360 3886 3886 I GsaVoiceInteractionSrv: O received Intent { act=android.intent.action.USER_PRESENT flg=0x24200010 }
07-28 11:41:46.360 2908 2995 I QCNEJ/CndHalConnector: -> SND notifyScreenStateChanged(true)
07-28 11:41:46.362 3911 3911 D NfcService: MSG_APPLY_SCREEN_STATE 8
07-28 11:41:46.363 3911 3911 D NfcService: Discovery configuration equal, not updating.
07-28 11:41:46.366 917 3768 D ACDB-LOADER: ACDB -> send_audio_cal, acdb_id = 513, path = 0, app id = 0x11130, sample rate = 48000
07-28 11:41:46.367 917 3768 D ACDB-LOADER: ACDB -> send_asm_topology
07-28 11:41:46.367 917 3768 D ACDB-LOADER: ACDB -> ACDB_CMD_GET_AUDPROC_STREAM_TOPOLOGY_ID
07-28 11:41:46.367 917 3768 D ACDB-LOADER: ACDB -> send_adm_topology
07-28 11:41:46.367 917 3768 D ACDB-LOADER: ACDB -> ACDB_CMD_GET_AUDPROC_COMMON_TOPOLOGY_ID
07-28 11:41:46.367 917 3768 D ACDB-LOADER: ACDB -> send_audtable
07-28 11:41:46.367 917 3768 D ACDB-LOADER: ACDB -> ACDB_CMD_GET_AUDPROC_COMMON_TABLE_SIZE
07-28 11:41:46.367 917 3768 D ACDB-LOADER: ACDB -> ACDB_CMD_GET_AUDPROC_COMMON_TABLE
07-28 11:41:46.367 917 3768 D ACDB-LOADER: ACDB -> AUDIO_SET_AUDPROC_CAL
07-28 11:41:46.367 917 3768 D ACDB-LOADER: ACDB -> send_audvoltable
07-28 11:41:46.367 917 3768 D ACDB-LOADER: ACDB -> ACDB_CMD_GET_AUDPROC_VOL_STEP_TABLE_SIZE
07-28 11:41:46.367 917 3768 D ACDB-LOADER: ACDB -> ACDB_CMD_GET_AUDPROC_GAIN_DEP_STEP_TABLE, vol index 0
07-28 11:41:46.367 917 3768 D android.hardware.audio.service: Failed to fetch the lookup information of the device 00000201
07-28 11:41:46.367 917 3768 E ACDB-LOADER: Error: ACDB AudProc vol returned = -19
07-28 11:41:46.367 917 3768 D ACDB-LOADER: ACDB -> AUDIO_SET_VOL_CAL cal type = 12
07-28 11:41:46.367 917 3768 D ACDB-LOADER: ACDB -> ACDB_CMD_GET_AUDPROC_STREAM_TABLE_SIZE
07-28 11:41:46.367 917 3768 D ACDB-LOADER: ACDB -> send_audstrmtable
07-28 11:41:46.367 917 3768 D ACDB-LOADER: ACDB -> ACDB_CMD_GET_AUDPROC_STREAM_TABLE_V2
07-28 11:41:46.367 917 3768 D ACDB-LOADER: ACDB -> audstrm_cal->cal_type.cal_data.cal_size = 488
07-28 11:41:46.367 917 3768 D ACDB-LOADER: ACDB -> send_afe_topology
07-28 11:41:46.367 917 3768 D ACDB-LOADER: ACDB -> ACDB_CMD_GET_AFE_TOPOLOGY_ID
07-28 11:41:46.367 917 3768 D ACDB-LOADER: ACDB -> GET_AFE_TOPOLOGY_ID for adcd_id 513, Topology Id 10000ccc
07-28 11:41:46.367 917 3768 D ACDB-LOADER: ACDB -> send_afe_cal
07-28 11:41:46.367 917 3768 D ACDB-LOADER: ACDB -> ACDB_CMD_GET_AFE_COMMON_TABLE_SIZE
07-28 11:41:46.367 917 3768 D ACDB-LOADER: ACDB -> ACDB_CMD_GET_AFE_COMMON_TABLE
07-28 11:41:46.367 917 3768 D ACDB-LOADER: ACDB -> AUDIO_SET_AFE_CAL
07-28 11:41:46.367 917 3768 D ACDB-LOADER: ACDB -> send_hw_delay : acdb_id = 513 path = 0
07-28 11:41:46.367 917 3768 D ACDB-LOADER: ACDB -> ACDB_AVSYNC_INFO: ACDB_CMD_GET_DEVICE_PROPERTY
07-28 11:41:46.367 917 3768 D audio_hw_primary: enable_audio_route: usecase(1) apply and update mixer path: low-latency-playback speaker
07-28 11:41:46.367 917 3768 D audio_route: Apply path: low-latency-playback speaker
07-28 11:41:46.376 935 1156 D VSC : @ 1764.322: [WO] Change detected: previous_rotation: -1, proposed_rotation: 0, accelerating_time: 0, predicted_rotation_time: 1722527
07-28 11:41:46.376 935 1156 D VSC : @ 1764.322: [WO] flat_time: 0, swinging_time: 0, now: 1722918012
07-28 11:41:46.383 3311 3311 I TrustAgent: TAG: TrustAgent. [OnbodyLure] User present, Check whether to show notification [CONTEXT service_id=84 ]
07-28 11:41:46.393 935 935 I sensors-hal: activate_physical_sensor:197, android.sensor.proximity/82 en=0
07-28 11:41:46.393 935 935 I sensors-hal: activate_physical_sensor:210, android.sensor.proximity/82 en=0 completed
07-28 11:41:46.398 935 1156 I ASH : @ 1764.342: tmd2725: Disabling sensor 2
07-28 11:41:46.420 2658 2658 I Elmyra/ElmyraService: Unblocked; current action: LaunchOpa [mIsGestureEnabled -> true; mIsOpaEnabled -> true]
07-28 11:41:46.420 4197 4741 I MicroDetectionWorker: Time since most recent near-miss is negative?! Propagating to server logs: -1573878 ms.
07-28 11:41:46.423 2658 2658 I Elmyra/ElmyraService: Unblocked; current action: LaunchOpa [mIsGestureEnabled -> true; mIsOpaEnabled -> true]
07-28 11:41:46.426 917 3768 D audio_hw_primary: out_write: retry previous failed cal level set
07-28 11:41:46.430 2658 2658 I Elmyra/ElmyraService: Unblocked; current action: LaunchOpa [mIsGestureEnabled -> true; mIsOpaEnabled -> true]
07-28 11:41:46.435 4197 4741 I MicroDetectionWorker: Time since most recent near-miss is negative?! Propagating to server logs: -1573862 ms.
07-28 11:41:46.438 1547 1761 I ActivityTaskManager: Displayed com.timob.axway/org.appcelerator.titanium.TiActivity: +1m6s238ms
07-28 11:41:46.439 4197 4741 I AppFlowTracker: AppFlow[Type: 248 - Status: 1 - Events[1773 at 0ms, 1772 at -14ms, ]]
07-28 11:41:46.465 935 1156 I VSC : @ 1764.411: {Fusion} configure fusion 15 16666us 0us.
07-28 11:41:46.465 935 1156 D VSC : @ 1764.411: [Game Rotation Vector Sensor] Request accel, interval 16.6 ms, latency 0.0 ms
07-28 11:41:46.465 935 1156 D VSC : @ 1764.411: [Game Rotation Vector Sensor] Request gyro, interval 5.0 ms, latency 0.0 ms
07-28 11:41:46.472 935 1156 D ASH : @ 1764.418: SensorType 1 resampler quality 3
07-28 11:41:46.495 935 1156 D ASH : @ 1764.441: SensorType 195 resampler quality 2
07-28 11:41:46.495 935 1156 D CHRE : @ 1764.441: SensorType 195 resampler quality 1
07-28 11:41:46.498 3537 3537 I GoogleInputMethodService: GoogleInputMethodService.onFinishInput():3138
07-28 11:41:46.500 3537 3537 I GoogleInputMethodService: GoogleInputMethodService.onStartInput():1808
07-28 11:41:46.511 1547 1732 W WindowManager: Failed to deliver inset state change to w=Window{c3e80d8 u0 com.timob.axway/org.appcelerator.titanium.TiActivity}
07-28 11:41:46.511 1547 1732 W WindowManager: android.os.DeadObjectException
07-28 11:41:46.511 1547 1732 W WindowManager: at android.os.BinderProxy.transactNative(Native Method)
07-28 11:41:46.511 1547 1732 W WindowManager: at android.os.BinderProxy.transact(BinderProxy.java:540)
07-28 11:41:46.511 1547 1732 W WindowManager: at android.view.IWindow$Stub$Proxy.insetsControlChanged(IWindow.java:765)
07-28 11:41:46.511 1547 1732 W WindowManager: at com.android.server.wm.WindowState.notifyInsetsControlChanged(WindowState.java:3582)
07-28 11:41:46.511 1547 1732 W WindowManager: at com.android.server.wm.InsetsStateController.lambda$notifyPendingInsetsControlChanged$4$InsetsStateController(InsetsStateController.java:428)
07-28 11:41:46.511 1547 1732 W WindowManager: at com.android.server.wm.-$$Lambda$InsetsStateController$-1iOXDf-1s3wDHcMIHBKNk6MS3I.run(Unknown Source:2)
07-28 11:41:46.511 1547 1732 W WindowManager: at com.android.server.wm.WindowAnimator.executeAfterPrepareSurfacesRunnables(WindowAnimator.java:323)
07-28 11:41:46.511 1547 1732 W WindowManager: at com.android.server.wm.WindowAnimator.animate(WindowAnimator.java:204)
07-28 11:41:46.511 1547 1732 W WindowManager: at com.android.server.wm.WindowAnimator.lambda$new$1$WindowAnimator(WindowAnimator.java:100)
07-28 11:41:46.511 1547 1732 W WindowManager: at com.android.server.wm.-$$Lambda$WindowAnimator$ddXU8gK8rmDqri0OZVMNa3Y4GHk.doFrame(Unknown Source:2)
07-28 11:41:46.511 1547 1732 W WindowManager: at android.view.Choreographer$CallbackRecord.run(Choreographer.java:970)
07-28 11:41:46.511 1547 1732 W WindowManager: at android.view.Choreographer.doCallbacks(Choreographer.java:796)
07-28 11:41:46.511 1547 1732 W WindowManager: at android.view.Choreographer.doFrame(Choreographer.java:727)
07-28 11:41:46.511 1547 1732 W WindowManager: at android.view.Choreographer$FrameDisplayEventReceiver.run(Choreographer.java:957)
07-28 11:41:46.511 1547 1732 W WindowManager: at android.os.Handler.handleCallback(Handler.java:938)
07-28 11:41:46.511 1547 1732 W WindowManager: at android.os.Handler.dispatchMessage(Handler.java:99)
07-28 11:41:46.511 1547 1732 W WindowManager: at android.os.Looper.loop(Looper.java:223)
07-28 11:41:46.511 1547 1732 W WindowManager: at android.os.HandlerThread.run(HandlerThread.java:67)
07-28 11:41:46.511 1547 1732 W WindowManager: at com.android.server.ServiceThread.run(ServiceThread.java:44)
07-28 11:41:46.597 1547 2099 I system_server: oneway function results will be dropped but finished with status OK and parcel size 4
07-28 11:41:46.752 935 1156 D VSC : @ 1764.698: [Game Rotation Vector Sensor] Stop accel
07-28 11:41:46.752 935 1156 D VSC : @ 1764.698: [Game Rotation Vector Sensor] Stop gyro
07-28 11:41:46.775 935 1156 D ASH : @ 1764.721: SensorType 195 resampler quality 2
07-28 11:41:46.776 935 1156 D CHRE : @ 1764.722: SensorType 195 resampler quality 0
07-28 11:41:47.087 935 15251 I sensors-hal: handle_sns_std_sensor_event:45, ambient_light_event: filter out status = 1, lux = 1155, raw_adc=19632
07-28 11:41:47.270 1547 1731 I EventSequenceValidator: Transition from INTENT_FAILED to INTENT_STARTED
07-28 11:41:47.271 1063 2148 D iorapd : EventManager: Looking up compiled trace done in 0ms.
07-28 11:41:47.271 1063 2148 D iorapd : Cannot find compiled trace in sqlite for package_name: com.google.android.apps.nexuslauncher activity_name: com.google.android.apps.nexuslauncher.NexusLauncherActivity
07-28 11:41:47.271 1063 2148 D iorapd : Prebuilt compiled trace doesn't exists. file_path: /product/iorap-trace/com.google.android.apps.nexuslauncher.compiled_trace.pb
07-28 11:41:47.272 1063 15280 D iorapd : Create Perfetto handle 17
07-28 11:41:47.273 1026 1026 I perfetto: ing_service_impl.cc:758 Configured tracing session 17, #sources:1, duration:5000 ms, #buffers:1, total buffer size:4096 KB, total sessions:1, uid:1071 session name: ""
07-28 11:41:47.274 1024 1024 I perfetto: probes_producer.cc:230 Ftrace setup (target_buf=17)
07-28 11:41:47.280 1024 1024 I perfetto: ftrace_procfs.cc:176 enabled ftrace
07-28 11:41:47.282 1547 1731 I EventSequenceValidator: Transition from INTENT_STARTED to ACTIVITY_LAUNCHED
07-28 11:41:47.283 1063 2148 D iorapd : AppLaunchEventState#OnNewEvent aborting trace due to non-cold temperature
07-28 11:41:47.292 15085 15138 D APSAnalyticsService: 1 analytics event(s) queued
07-28 11:41:47.292 15085 15138 D APSAnalyticsService: Attempting to send 1 analytics event(s)
07-28 11:41:47.323 1547 1731 I EventSequenceValidator: Transition from ACTIVITY_LAUNCHED to ACTIVITY_FINISHED
07-28 11:41:47.325 1547 1761 D ArtManagerInternalImpl: /data/misc/iorapd/com.google.android.apps.nexuslauncher/820/com.google.android.apps.nexuslauncher.NexusLauncherActivity/compiled_traces/compiled_trace.pb doesn't exist
07-28 11:41:47.326 1547 2122 I WindowManager: Ignoring HOME; event canceled.
07-28 11:41:47.342 2658 2658 V ShadeControllerImpl: NotificationShadeWindow: com.android.systemui.statusbar.phone.NotificationShadeWindowView{a8d1faf I.E...... ......ID 0,0-1080,2220} canPanelBeCollapsed(): false
07-28 11:41:47.393 935 15251 I sensors-hal: handle_sns_std_sensor_event:45, ambient_light_event: filter out status = 1, lux = 847, raw_adc=7220
07-28 11:41:47.759 935 1156 D ASH : @ 1765.705: AP has been up: last 1369519447, now 1765704572 usec
07-28 11:41:47.759 935 1156 I CHRE : @ 1765.705: [ImuCal] [NanoSensorCal:GYRO_RPS] Offset | Temperature [C]: -0.001173, -0.002645, -0.000837 | 28.12
07-28 11:41:47.759 935 1156 I CHRE : @ 1765.705: [ImuCal] [NanoSensorCal:GYRO_RPS] Temp Sensitivity: 0.000001, 0.000000, 0.000024
07-28 11:41:47.759 935 1156 I CHRE : @ 1765.705: [ImuCal] [NanoSensorCal:GYRO_RPS] Temp Intercept: -0.001097, -0.003009, -0.001668
07-28 11:41:47.960 3537 3537 I GoogleInputMethodService: GoogleInputMethodService.onFinishInput():3138
07-28 11:41:47.961 3537 3537 I GoogleInputMethodService: GoogleInputMethodService.onStartInput():1808
07-28 11:41:47.976 935 1156 D VSC : @ 1765.922: [WO] tilt angle 55
07-28 11:41:47.976 935 1156 D VSC : @ 1765.922: [WO] isFlat() nearest_rotation: 4, flat_angle: 65
07-28 11:41:47.976 935 1156 D VSC : @ 1765.922: [WO] orientation angle 342, orientation 4
07-28 11:41:47.976 935 1156 D VSC : @ 1765.922: [WO] rejected by isOrientationAngleAcceptable
07-28 11:41:48.184 15085 15138 I APSAnalyticsService: Successfully sent 1 stored event(s)
07-28 11:41:48.317 1547 1731 I EventSequenceValidator: Transition from ACTIVITY_FINISHED to INTENT_STARTED
07-28 11:41:48.318 1063 2148 D iorapd : EventManager: Looking up compiled trace done in 0ms.
07-28 11:41:48.318 1063 2148 D iorapd : Cannot find compiled trace in sqlite for package_name: com.google.android.apps.nexuslauncher activity_name: com.google.android.apps.nexuslauncher.NexusLauncherActivity
07-28 11:41:48.318 1063 2148 D iorapd : Prebuilt compiled trace doesn't exists. file_path: /product/iorap-trace/com.google.android.apps.nexuslauncher.compiled_trace.pb
07-28 11:41:48.320 1063 15287 D iorapd : Create Perfetto handle 18
07-28 11:41:48.321 1026 1026 I perfetto: ing_service_impl.cc:758 Configured tracing session 18, #sources:1, duration:5000 ms, #buffers:1, total buffer size:4096 KB, total sessions:2, uid:1071 session name: ""
07-28 11:41:48.321 1024 1024 I perfetto: probes_producer.cc:230 Ftrace setup (target_buf=18)
07-28 11:41:48.325 1547 1731 I EventSequenceValidator: Transition from INTENT_STARTED to ACTIVITY_LAUNCHED
07-28 11:41:48.325 1063 2148 D iorapd : AppLaunchEventState#OnNewEvent aborting trace due to non-cold temperature
07-28 11:41:48.360 1547 1731 I EventSequenceValidator: Transition from ACTIVITY_LAUNCHED to ACTIVITY_FINISHED
07-28 11:41:48.360 1547 1761 D ArtManagerInternalImpl: /data/misc/iorapd/com.google.android.apps.nexuslauncher/820/com.google.android.apps.nexuslauncher.NexusLauncherActivity/compiled_traces/compiled_trace.pb doesn't exist
07-28 11:41:48.394 2658 2658 V ShadeControllerImpl: NotificationShadeWindow: com.android.systemui.statusbar.phone.NotificationShadeWindowView{a8d1faf I.E...... ......ID 0,0-1080,2220} canPanelBeCollapsed(): false
07-28 11:41:48.585 935 935 W sensors@2.0-ser: type=1400 audit(0.0:386): avc: denied { read write } for name="diag" dev="tmpfs" ino=21659 scontext=u:r:hal_sensors_default:s0 tcontext=u:object_r:diag_device:s0 tclass=chr_file permissive=0
07-28 11:41:48.587 935 935 I sensors-hal: batch_physical_sensor:262, android.sensor.accelerometer/11, period=200000000, max_latency=0
07-28 11:41:48.587 935 935 I sensors-hal: batch_physical_sensor:273, android.sensor.accelerometer/11, period=200000000, max_latency=0 request completed
07-28 11:41:48.588 935 935 I sensors-hal: activate_physical_sensor:197, android.sensor.accelerometer/11 en=1
07-28 11:41:48.588 935 935 I sensors-hal: get_qmi_debug_flag:233, support_qmi_debug : false
07-28 11:41:48.588 935 935 D Diag_Lib: Diag_LSM_Init: Failed to open handle to diag driver, error = 13
07-28 11:41:48.589 935 935 I sensors-hal: get_qmi_debug_flag:233, support_qmi_debug : false
07-28 11:41:48.589 935 935 I sensors-hal: activate_physical_sensor:210, android.sensor.accelerometer/11 en=1 completed
07-28 11:41:48.590 935 15291 I sensors-hal: handle_indication_realtime:442, SCHED_FIFO(10) for qmi_cbk
07-28 11:41:48.592 935 15295 I sensors-hal: handle_indication_realtime:442, SCHED_FIFO(10) for qmi_cbk
07-28 11:41:48.760 2860 2860 D OverviewActionsView: OAV not null when initiating overlay
07-28 11:41:48.760 2860 2860 D OverviewActionsView: OAVController ui nullfalse
07-28 11:41:48.760 2860 2860 D OverviewActionsView: OAVUI SetCallbacks actionViewNull: false
07-28 11:41:48.776 2860 2860 D OverviewActionsView: OAV not null when initiating overlay
07-28 11:41:48.776 2860 2860 D OverviewActionsView: OAVController ui nullfalse
07-28 11:41:48.776 2860 2860 D OverviewActionsView: OAVUI SetCallbacks actionViewNull: false
07-28 11:41:48.776 2860 2860 I AiAiSuggestUi: Clearing suggestions.
07-28 11:41:48.801 3002 3174 E PhoneInterfaceManager: [PhoneIntfMgr] getCarrierPrivilegeStatus: Invalid subId
07-28 11:41:48.801 1547 2591 D ConnectivityService: NetReassign [no changes]
07-28 11:41:48.806 6463 6540 I CarrierServices: [437] cnd.onConnectivityChange: FiST: Wifi connectivity status true
07-28 11:41:48.806 6463 6610 I CarrierServices: [467] cwy.a: (PEv2-SM): DisabledState: event Connectivity event
07-28 11:41:48.807 3002 6043 E PhoneInterfaceManager: [PhoneIntfMgr] getCarrierPrivilegeStatus: Invalid subId
07-28 11:41:48.809 6463 6617 I CarrierServices: [471] czd.d: RCS Configuration storage in Bugle is disabled by p/h flag, using ProvisioningEngineStateCacheUtil.getProvisioningConfigurationForGivenSim()
07-28 11:41:48.809 6463 6540 I CarrierServices: [437] cnv.d: Connected state: [1], networkType: [WIFI]
07-28 11:41:48.843 3537 3537 I GoogleInputMethodService: GoogleInputMethodService.onFinishInput():3138
07-28 11:41:48.844 3537 3537 I GoogleInputMethodService: GoogleInputMethodService.onStartInput():1808
07-28 11:41:48.859 15085 15085 I APSAnalyticsStore: session.end
07-28 11:41:48.869 2658 2697 W System : A resource failed to call release.
07-28 11:41:48.872 2658 2697 I chatty : uid=10025(com.android.systemui) FinalizerDaemon identical 2 lines
07-28 11:41:48.873 2658 2697 W System : A resource failed to call release.
07-28 11:41:48.873 15085 15138 D APSAnalyticsService: 1 analytics event(s) queued
07-28 11:41:48.873 15085 15138 D APSAnalyticsService: Attempting to send 1 analytics event(s)
07-28 11:41:48.945 4197 4741 W ThreadPoolDumper: Queue length for executor EventBus is now 11. Perhaps some tasks are too long, or the pool is too small.
07-28 11:41:49.011 4197 4741 I StreamController: registerScope: nowcards-15-183ef-fe8a
07-28 11:41:49.060 2860 2860 I AiAiSuggestUi: Clearing suggestions.
07-28 11:41:49.061 2860 2860 I AiAiSuggestUi: Clearing suggestions.
07-28 11:41:49.071 1547 1731 I ActivityManager: Killing 15085:com.timob.axway/u0a307 (adj 905): remove task
07-28 11:41:49.072 1547 1731 I ActivityManager: Killing 15171:com.google.android.webview:sandboxed_process0:org.chromium.content.app.SandboxedProcessService0:0/u0a307i7 (adj 905): remove task
07-28 11:41:49.098 1547 6562 W ActivityManager: Scheduling restart of crashed service com.timob.axway/org.chromium.content.app.SandboxedProcessService0:0 in 1000ms for connection
07-28 11:41:49.101 2884 2884 I Zygote : Process 15171 exited due to signal 9 (Killed)
07-28 11:41:49.112 4197 4197 I BgTaskExecutorImpl: Starting EXCLUSIVE background task TNG_MINUS_ONE_SYNC.
07-28 11:41:49.117 4197 4499 E MDD : DownloadProgressMonitor: Can't find file group for uri: android://com.google.android.googlequicksearchbox/files/sharedminusonemodule/shared/SharedMinusOneData.pb.tmp
07-28 11:41:49.126 4197 4741 I TngMinusOneSync: Syncing TNG:-1
07-28 11:41:49.149 1547 2099 I WindowManager: WIN DEATH: Window{6e28903 u0 com.timob.axway/com.timob.axway.Timob28035Activity}
07-28 11:41:49.149 1547 2099 W InputDispatcher: Attempted to unregister already unregistered input channel '6e28903 com.timob.axway/com.timob.axway.Timob28035Activity (server)'
07-28 11:41:49.150 1547 6562 D ConnectivityService: ConnectivityService NetworkRequestInfo binderDied(NetworkRequest [ TRACK_DEFAULT id=99, [ Capabilities: INTERNET&NOT_RESTRICTED&TRUSTED Uid: 10307 AdministratorUids: [] RequestorUid: 10307 RequestorPackageName: com.timob.axway] ], android.os.BinderProxy@11723ef)
07-28 11:41:49.150 1547 2718 D ConnectivityService: ConnectivityService NetworkRequestInfo binderDied(NetworkRequest [ LISTEN id=100, [ Capabilities: INTERNET&NOT_RESTRICTED&TRUSTED&FOREGROUND Uid: 10307 AdministratorUids: [] RequestorUid: 10307 RequestorPackageName: com.timob.axway] ], android.os.BinderProxy@da74efc)
07-28 11:41:49.150 1547 2591 D ConnectivityService: releasing NetworkRequest [ TRACK_DEFAULT id=99, [ Capabilities: INTERNET&NOT_RESTRICTED&TRUSTED Uid: 10307 AdministratorUids: [] RequestorUid: 10307 RequestorPackageName: com.timob.axway] ] (release request)
07-28 11:41:49.151 1547 3962 I WindowManager: WIN DEATH: Window{f24cf21 u0 com.timob.axway/org.appcelerator.titanium.TiActivity}
07-28 11:41:49.151 1547 3962 W InputDispatcher: Attempted to unregister already unregistered input channel 'f24cf21 com.timob.axway/org.appcelerator.titanium.TiActivity (server)'
07-28 11:41:49.153 910 910 I Zygote : Process 15085 exited due to signal 9 (Killed)
07-28 11:41:49.157 1547 1778 I libprocessgroup: Successfully killed process cgroup uid 10307 pid 15085 in 84ms
07-28 11:41:49.157 1547 1778 I libprocessgroup: Successfully killed process cgroup uid 99007 pid 15171 in 0ms
07-28 11:41:49.158 1547 1731 W ActivityManager: setHasOverlayUi called on unknown pid: 15085
07-28 11:41:49.332 935 935 I sensors-hal: activate_physical_sensor:197, android.sensor.accelerometer/11 en=0
07-28 11:41:49.334 935 935 I sensors-hal: activate_physical_sensor:210, android.sensor.accelerometer/11 en=0 completed
07-28 11:41:49.627 917 2603 D audio_hw_primary: disable_audio_route: usecase(1) reset and update mixer path: low-latency-playback speaker
07-28 11:41:49.628 917 2603 I audio_hw_cirrus_playback: audio_extn_spkr_prot_stop_processing: pcm_tx_close
07-28 11:41:49.636 917 2603 D audio_hw_primary: disable_audio_route: usecase(25) reset and update mixer path: spkr-vi-record vi-feedback
07-28 11:41:49.637 917 2603 D audio_hw_primary: disable_snd_device: snd_device(104: vi-feedback)
07-28 11:41:49.638 1547 3962 I system_server: oneway function results will be dropped but finished with status OK and parcel size 4
07-28 11:41:49.976 935 1156 D VSC : @ 1767.922: [WO] tilt angle 57
07-28 11:41:49.977 935 1156 D VSC : @ 1767.922: [WO] isFlat() nearest_rotation: 4, flat_angle: 65
07-28 11:41:49.977 935 1156 D VSC : @ 1767.922: [WO] orientation angle 337, orientation 4
07-28 11:41:49.977 935 1156 D VSC : @ 1767.922: [WO] rejected by isOrientationAngleAcceptable
07-28 11:41:51.405 12759 15304 W GAv4-SVC: Network compressed POST connection error: java.net.ConnectException: Failed to connect to ssl.google-analytics.com/0.0.0.0:443
07-28 11:41:51.509 3537 3561 I PeriodicStatsRunner: PeriodicStatsRunner.call():175 call()
07-28 11:41:51.509 3537 3561 I PeriodicStatsRunner: PeriodicStatsRunner.call():179 No submit PeriodicStats since input started.
07-28 11:41:51.816 1547 2591 D ConnectivityService: NetReassign [no changes]
07-28 11:41:51.977 935 1156 D VSC : @ 1769.923: [WO] tilt angle 65
07-28 11:41:51.977 935 1156 D VSC : @ 1769.923: [WO] isFlat() nearest_rotation: 4, flat_angle: 65
07-28 11:41:51.977 935 1156 D VSC : @ 1769.923: [WO] orientation angle 336, orientation 4
07-28 11:41:51.977 935 1156 D VSC : @ 1769.923: [WO] rejected by isOrientationAngleAcceptable
07-28 11:41:52.291 1024 1024 I perfetto: probes_producer.cc:329 Producer stop (id=17)
07-28 11:41:52.297 1026 1026 I perfetto: ng_service_impl.cc:1948 Tracing session 17 ended, total sessions:1
07-28 11:41:52.976 3537 3561 I PeriodicStatsRunner: PeriodicStatsRunner.call():175 call()
07-28 11:41:52.977 3537 3561 I PeriodicStatsRunner: PeriodicStatsRunner.call():179 No submit PeriodicStats since input started.
07-28 11:41:52.992 2860 4016 E FrameEvents: updateAcquireFence: Did not find frame.
07-28 11:41:53.326 1024 1024 I perfetto: probes_producer.cc:329 Producer stop (id=18)
07-28 11:41:53.327 1024 1024 I perfetto: ftrace_procfs.cc:183 disabled ftrace
07-28 11:41:53.334 1026 1026 I perfetto: ng_service_impl.cc:1948 Tracing session 18 ended, total sessions:0
07-28 11:41:53.802 1547 3962 I ActivityTaskManager: START u0 {act=android.settings.APPLICATION_DETAILS_SETTINGS dat=package:com.timob.axway flg=0x10008000 cmp=com.android.settings/.applications.InstalledAppDetails bnds=[202,1343][807,1497]} from uid 10061
07-28 11:41:53.802 1547 1731 I EventSequenceValidator: Transition from ACTIVITY_FINISHED to INTENT_STARTED
07-28 11:41:53.804 1547 2725 I system_server: oneway function results will be dropped but finished with status OK and parcel size 4
07-28 11:41:53.804 917 3768 D audio_route: Apply path: speaker
07-28 11:41:53.804 917 3768 D audio_hw_primary: enable_snd_device: snd_device(104: vi-feedback)
07-28 11:41:53.804 917 3768 D audio_route: Apply path: vi-feedback
07-28 11:41:53.804 917 3768 E audio_hw_utils: audio_extn_utils_send_app_type_cfg: Failed to derive app_type for uc type : 0x1
07-28 11:41:53.804 917 3768 D ACDB-LOADER: ACDB -> send_audio_cal, acdb_id = 512, path = 1, app id = 0x11132, sample rate = 48000
07-28 11:41:53.804 917 3768 D ACDB-LOADER: ACDB -> send_asm_topology
07-28 11:41:53.804 917 3768 D ACDB-LOADER: ACDB -> ACDB_CMD_GET_AUDPROC_STREAM_TOPOLOGY_ID
07-28 11:41:53.804 917 3768 D ACDB-LOADER: ACDB -> send_adm_topology
07-28 11:41:53.804 917 3768 D ACDB-LOADER: ACDB -> ACDB_CMD_GET_AUDPROC_COMMON_TOPOLOGY_ID
07-28 11:41:53.804 917 3768 D ACDB-LOADER: ACDB -> send_audtable
07-28 11:41:53.804 917 3768 D ACDB-LOADER: ACDB -> ACDB_CMD_GET_AUDPROC_COMMON_TABLE_SIZE
07-28 11:41:53.804 917 3768 D ACDB-LOADER: ACDB -> ACDB_CMD_GET_AUDPROC_COMMON_TABLE
07-28 11:41:53.804 917 3768 D ACDB-LOADER: ACDB -> AUDIO_SET_AUDPROC_CAL
07-28 11:41:53.804 917 3768 D ACDB-LOADER: ACDB -> send_audvoltable
07-28 11:41:53.804 917 3768 D ACDB-LOADER: ACDB -> ACDB_CMD_GET_AUDPROC_VOL_STEP_TABLE_SIZE
07-28 11:41:53.804 917 3768 D ACDB-LOADER: ACDB -> ACDB_CMD_GET_AUDPROC_GAIN_DEP_STEP_TABLE, vol index 0
07-28 11:41:53.804 917 3768 D android.hardware.audio.service: Failed to fetch the lookup information of the device 00000200
07-28 11:41:53.804 917 3768 E ACDB-LOADER: Error: ACDB AudProc vol returned = -19
07-28 11:41:53.804 917 3768 D ACDB-LOADER: ACDB -> AUDIO_SET_VOL_CAL cal type = 12
07-28 11:41:53.804 917 3768 D ACDB-LOADER: ACDB -> ACDB_CMD_GET_AUDPROC_STREAM_TABLE_SIZE
07-28 11:41:53.804 917 3768 D ACDB-LOADER: ACDB -> send_audstrmtable
07-28 11:41:53.804 917 3768 D ACDB-LOADER: ACDB -> ACDB_CMD_GET_AUDPROC_STREAM_TABLE_V2
07-28 11:41:53.804 917 3768 D ACDB-LOADER: ACDB -> audstrm_cal->cal_type.cal_data.cal_size = 16
07-28 11:41:53.804 1547 3964 I system_server: oneway function results will be dropped but finished with status OK and parcel size 4
07-28 11:41:53.804 917 3768 D ACDB-LOADER: ACDB -> send_afe_topology
07-28 11:41:53.804 917 3768 D ACDB-LOADER: ACDB -> ACDB_CMD_GET_AFE_TOPOLOGY_ID
07-28 11:41:53.804 917 3768 D ACDB-LOADER: ACDB -> GET_AFE_TOPOLOGY_ID for adcd_id 512, Topology Id 10001ccc
07-28 11:41:53.804 917 3768 D ACDB-LOADER: ACDB -> send_afe_cal
07-28 11:41:53.804 917 3768 D ACDB-LOADER: ACDB -> ACDB_CMD_GET_AFE_COMMON_TABLE_SIZE
07-28 11:41:53.804 917 3768 D ACDB-LOADER: ACDB -> ACDB_CMD_GET_AFE_COMMON_TABLE
07-28 11:41:53.804 917 3768 D ACDB-LOADER: ACDB -> AUDIO_SET_AFE_CAL
07-28 11:41:53.804 917 3768 D ACDB-LOADER: ACDB -> send_hw_delay : acdb_id = 512 path = 1
07-28 11:41:53.804 917 3768 D ACDB-LOADER: ACDB -> ACDB_AVSYNC_INFO: ACDB_CMD_GET_DEVICE_PROPERTY
