07-28 11:42:45.457 4266 4266 I Finsky : [2] xez.a(27): Scheduling job Id: 9006, L: 30000, D: 81101822, C: true, I: false, N: 2
07-28 11:42:45.459 4266 4266 I Finsky : [2] xez.a(27): Scheduling job Id: 9007, L: 604690377, D: 2591889260, C: false, I: true, N: 2
07-28 11:42:45.461 4266 4266 I Finsky : [2] xez.a(10): Throttling wakeup for job 9008 (expected to run in 0 ms) due to recent wakeup
07-28 11:42:45.462 4266 4266 I Finsky : [2] xez.a(27): Scheduling job Id: 9008, L: 30000, D: 84679580, C: true, I: true, N: 2
07-28 11:42:45.464 4266 4266 I Finsky : [2] xez.a(27): Scheduling job Id: 9009, L: 852637, D: 1752637, C: false, I: false, N: 0
07-28 11:42:45.464 12759 12800 I GmsCoreXrpcWrapper: Returning a channel provider with trafficStatsTag=12803
07-28 11:42:45.478 12759 12800 I Icing : Usage reports ok 0, Failed Usage reports 0, indexed 0, rejected 0
07-28 11:42:45.487 15449 15449 I TiRootActivity: (main) [0,0] checkpoint, on root activity create, savedInstanceState: null
07-28 11:42:45.494 15449 15449 W com.timob.axwa: Accessing hidden method Landroid/content/res/Resources;->getCompatibilityInfo()Landroid/content/res/CompatibilityInfo; (greylist, reflection, allowed)
07-28 11:42:45.494 15449 15449 W com.timob.axwa: Accessing hidden field Landroid/content/res/CompatibilityInfo;->applicationScale:F (greylist, reflection, allowed)
07-28 11:42:45.594 15449 15449 W com.timob.axwa: Accessing hidden method Landroid/view/View;->computeFitSystemWindows(Landroid/graphics/Rect;Landroid/graphics/Rect;)Z (greylist, reflection, allowed)
07-28 11:42:45.595 15449 15449 W com.timob.axwa: Accessing hidden method Landroid/view/ViewGroup;->makeOptionalFitsSystemWindows()V (greylist, reflection, allowed)
07-28 11:42:45.607 15449 15449 I APSAnalyticsStore: app.install
07-28 11:42:45.609 15449 15449 I APSAnalyticsStore: session.start
07-28 11:42:45.613 15449 15449 I TiRootActivity: (main) [0,0] checkpoint, on root activity resume. activity = com.timob.axway.Timob28035Activity@6ea5aa9
07-28 11:42:45.682 15449 15449 I TiAPI : TIMOB-28035 1.0 (Powered by Titanium 9.0.3.0b2fb28f0c)
07-28 11:42:45.739 1547 3958 I ActivityTaskManager: START u0 {cmp=com.timob.axway/org.appcelerator.titanium.TiActivity (has extras)} from uid 10308
07-28 11:42:45.749 15449 15449 D TiLaunchActivity: (main) [136,136] Launched in 551 ms
07-28 11:42:45.770 1547 2099 W ActivityTaskManager: Tried to set launchTime (0) < mLastActivityLaunchTime (1720015)
07-28 11:42:45.811 4197 4678 I AudioRequestLSAdapter: StopListeningStatus result: 1
07-28 11:42:45.811 4197 4678 I AudioRequestLSAdapter: StopListeningStatus result: 1
07-28 11:42:45.816 4197 15299 I PBSessionCacheImpl: Deleted sessionId[18460197138342122] from persistence.
07-28 11:42:45.890 15449 15449 I WebViewFactory: Loading com.google.android.webview version 84.0.4147.89 (code 414708983)
07-28 11:42:45.902 15449 15449 W com.timob.axwa: Insufficient pre-allocated space to mmap vdex.
07-28 11:42:45.941 1547 3958 D CompatibilityChangeReporter: Compat change id reported: 136274596; UID 10308; state: DISABLED
07-28 11:42:45.942 15449 15449 I cr_LibraryLoader: Loaded native library version number "84.0.4147.89"
07-28 11:42:45.943 15449 15449 I cr_CachingUmaRecorder: Flushed 5 samples from 5 histograms.
07-28 11:42:45.950 2666 3776 I PermissionControllerServiceImpl: Updating user sensitive for uid 10308
07-28 11:42:45.970 1547 2099 D CompatibilityChangeReporter: Compat change id reported: 135634846; UID 10308; state: DISABLED
07-28 11:42:45.971 1547 1768 D CompatibilityChangeReporter: Compat change id reported: 143937733; UID 10308; state: ENABLED
07-28 11:42:45.972 2666 3776 I PermissionControllerServiceImpl: Updating user sensitive for uid 10308
07-28 11:42:45.973 15449 15449 E chromium: [ERROR:filesystem_posix.cc(62)] mkdir /data/user/0/com.timob.axway/cache/WebView/Crashpad: No such file or directory (2)
07-28 11:42:45.973 1547 1766 W BroadcastQueue: Background execution not allowed: receiving Intent { act=android.intent.action.DROPBOX_ENTRY_ADDED flg=0x10 (has extras) } to com.google.android.gms/.stats.service.DropBoxEntryAddedReceiver
07-28 11:42:45.973 1547 1766 W BroadcastQueue: Background execution not allowed: receiving Intent { act=android.intent.action.DROPBOX_ENTRY_ADDED flg=0x10 (has extras) } to com.google.android.gms/.chimera.GmsIntentOperationService$PersistentTrustedReceiver
07-28 11:42:45.976 935 1156 D VSC : @ 1823.922: [WO] tilt angle 86
07-28 11:42:45.983 2884 2884 D Zygote : Forked child process 15504
07-28 11:42:45.984 1547 1724 W Looper : Drained
07-28 11:42:45.986 1547 1768 I ActivityManager: Start proc 15504:com.google.android.webview:sandboxed_process0:org.chromium.content.app.SandboxedProcessService0:0/u0i8 for {com.timob.axway/org.chromium.content.app.SandboxedProcessService0:0}
07-28 11:42:46.004 15504 15504 E ocessService0:: Not starting debugger since process cannot load the jdwp agent.
07-28 11:42:46.021 1547 11325 D CompatibilityChangeReporter: Compat change id reported: 136274596; UID 10308; state: DISABLED
07-28 11:42:46.050 15504 15504 D NetworkSecurityConfig: No Network Security Config specified, using platform default
07-28 11:42:46.050 15504 15504 D NetworkSecurityConfig: No Network Security Config specified, using platform default
07-28 11:42:46.056 15504 15504 I cr_ChildProcessService: Creating new ChildProcessService pid=15504
07-28 11:42:46.066 1547 6562 D ConnectivityService: requestNetwork for uid/pid:10308/15449 NetworkRequest [ TRACK_DEFAULT id=101, [ Capabilities: INTERNET&NOT_RESTRICTED&TRUSTED Uid: 10308 AdministratorUids: [] RequestorUid: 10308 RequestorPackageName: com.timob.axway] ]
07-28 11:42:46.067 1547 2591 D ConnectivityService: NetReassign [101 : null → 100]
07-28 11:42:46.067 1547 2622 D WIFI_AWARE_FACTORY: got request NetworkRequest [ TRACK_DEFAULT id=101, [ Capabilities: INTERNET&NOT_RESTRICTED&TRUSTED Uid: 10308 AdministratorUids: [] RequestorUid: 10308 RequestorPackageName: com.timob.axway] ] with score 60 and providerId 5
07-28 11:42:46.067 1547 2623 D Ethernet: got request NetworkRequest [ TRACK_DEFAULT id=101, [ Capabilities: INTERNET&NOT_RESTRICTED&TRUSTED Uid: 10308 AdministratorUids: [] RequestorUid: 10308 RequestorPackageName: com.timob.axway] ] with score 60 and providerId 5
07-28 11:42:46.067 1547 2587 D UntrustedWifiNetworkFactory: got request NetworkRequest [ TRACK_DEFAULT id=101, [ Capabilities: INTERNET&NOT_RESTRICTED&TRUSTED Uid: 10308 AdministratorUids: [] RequestorUid: 10308 RequestorPackageName: com.timob.axway] ] with score 60 and providerId 5
07-28 11:42:46.067 1547 2587 D WifiNetworkFactory: got request NetworkRequest [ TRACK_DEFAULT id=101, [ Capabilities: INTERNET&NOT_RESTRICTED&TRUSTED Uid: 10308 AdministratorUids: [] RequestorUid: 10308 RequestorPackageName: com.timob.axway] ] with score 60 and providerId 5
07-28 11:42:46.069 3002 3002 D PhoneSwitcherNetworkRequstListener: got request NetworkRequest [ TRACK_DEFAULT id=101, [ Capabilities: INTERNET&NOT_RESTRICTED&TRUSTED Uid: 10308 AdministratorUids: [] RequestorUid: 10308 RequestorPackageName: com.timob.axway] ] with score 60 and providerId 5
07-28 11:42:46.070 1547 2591 D ConnectivityService: NetReassign [no changes]
07-28 11:42:46.110 15449 15510 W com.timob.axwa: Accessing hidden method Landroid/media/AudioManager;->getOutputLatency(I)I (greylist, reflection, allowed)
07-28 11:42:46.116 15449 15536 I AdrenoGLES-0: QUALCOMM build : 547d781, I86b2583345
07-28 11:42:46.116 15449 15536 I AdrenoGLES-0: Build Date : 04/21/20
07-28 11:42:46.116 15449 15536 I AdrenoGLES-0: OpenGL ES Shader Compiler Version: EV031.30.01.00
07-28 11:42:46.116 15449 15536 I AdrenoGLES-0: Local Branch : gfx-adreno.lnx.1.0
07-28 11:42:46.116 15449 15536 I AdrenoGLES-0: Remote Branch : quic/gfx-adreno.lnx.1.0
07-28 11:42:46.116 15449 15536 I AdrenoGLES-0: Remote Branch : NONE
07-28 11:42:46.116 15449 15536 I AdrenoGLES-0: Reconstruct Branch : NOTHING
07-28 11:42:46.116 15449 15536 I AdrenoGLES-0: Build Config : S P 8.0.11 AArch64
07-28 11:42:46.116 15449 15536 I AdrenoGLES-0: Driver Path : /vendor/lib64/egl/libGLESv2_adreno.so
07-28 11:42:46.119 15449 15536 I AdrenoGLES-0: PFP: 0x016ee188, ME: 0x00000000
07-28 11:42:46.120 15449 15510 W cr_media: Requires BLUETOOTH permission
07-28 11:42:46.121 15449 15536 W AdrenoUtils: : Failed to open /sys/class/kgsl/kgsl-3d0/gpu_model
07-28 11:42:46.121 15449 15536 W AdrenoUtils: : Failed to read chip ID from gpu_model. Fallback to use the GSL path
07-28 11:42:46.123 15449 15449 D Window : Checkpoint: postWindowCreated()
07-28 11:42:46.130 15504 15534 I cr_LibraryLoader: Loaded native library version number "84.0.4147.89"
07-28 11:42:46.131 15504 15534 I cr_CachingUmaRecorder: Flushed 1 samples from 1 histograms.
07-28 11:42:46.241 623 623 I hwservicemanager: getTransport: Cannot find entry android.hardware.graphics.mapper@4.0::IMapper/default in either framework or device manifest.
07-28 11:42:46.241 15449 15487 I Gralloc4: mapper 4.x is not supported
07-28 11:42:46.241 623 623 I hwservicemanager: getTransport: Cannot find entry android.hardware.graphics.mapper@3.0::IMapper/default in either framework or device manifest.
07-28 11:42:46.241 15449 15487 W Gralloc3: mapper 3.x is not supported
07-28 11:42:46.314 12759 12800 I Icing : Indexing com.google.android.gms-apps from com.google.android.gms
07-28 11:42:46.342 1547 1761 D ArtManagerInternalImpl: /data/misc/iorapd/com.timob.axway/1/org.appcelerator.titanium.TiActivity/compiled_traces/compiled_trace.pb doesn't exist
07-28 11:42:46.344 1547 1731 I EventSequenceValidator: Transition from ACTIVITY_LAUNCHED to ACTIVITY_FINISHED
07-28 11:42:46.347 1547 1761 I ActivityTaskManager: Displayed com.timob.axway/org.appcelerator.titanium.TiActivity: +1s543ms
07-28 11:42:46.395 670 1798 W ServiceManager: Permission failure: android.permission.ACCESS_SURFACE_FLINGER from uid=10308 pid=15449
07-28 11:42:46.395 670 1798 D PermissionCache: checking android.permission.ACCESS_SURFACE_FLINGER for uid=10308 => denied (586 us)
07-28 11:42:46.403 3537 3537 I GoogleInputMethodService: GoogleInputMethodService.onFinishInput():3138
07-28 11:42:46.405 3537 3537 I GoogleInputMethodService: GoogleInputMethodService.onStartInput():1808
07-28 11:42:46.474 12759 12800 I Icing : Indexing done com.google.android.gms-apps
07-28 11:42:46.555 4197 4741 W SearchServiceCore: Abort, client detached.
07-28 11:42:46.567 4197 4741 I StreamController: cleanUpControllerScope(nowcards-15-183ef-fe8a)
07-28 11:42:46.614 15449 15478 D APSAnalyticsService: 2 analytics event(s) queued
07-28 11:42:46.614 15449 15478 D APSAnalyticsService: Attempting to send 2 analytics event(s)
07-28 11:42:47.386 15449 15478 I APSAnalyticsService: Successfully sent 2 stored event(s)
07-28 11:42:47.709 15449 15449 I TiWebChromeClient.console: (main) [1959,2095] [Report Only] Refused to load the image 'android-webview-video-poster:default_video_poster/9048702520691270047' because it violates the following Content Security Policy directive: "default-src https: data: blob: wss: 'unsafe-inline' 'unsafe-eval'". Note that 'img-src' was not explicitly set, so 'default-src' is used as a fallback.
07-28 11:42:47.709 15449 15449 I TiWebChromeClient.console: (0:https://vimeo.com/70591644)
07-28 11:42:47.735 935 1156 I VSC : @ 1825.681: {Fusion} configure fusion 15 16666us 0us.
07-28 11:42:47.735 935 1156 D VSC : @ 1825.681: [Game Rotation Vector Sensor] Request accel, interval 16.6 ms, latency 0.0 ms
07-28 11:42:47.735 935 1156 D VSC : @ 1825.681: [Game Rotation Vector Sensor] Request gyro, interval 5.0 ms, latency 0.0 ms
07-28 11:42:47.752 935 1156 D ASH : @ 1825.698: SensorType 1 resampler quality 3
07-28 11:42:47.775 935 1156 D ASH : @ 1825.721: SensorType 195 resampler quality 2
07-28 11:42:47.775 935 1156 D CHRE : @ 1825.721: SensorType 195 resampler quality 1
07-28 11:42:47.815 15449 15449 E chromium: [ERROR:page_load_metrics_update_dispatcher.cc(165)] Invalid first_paint 0.818 s for first_image_paint 0.713 s
07-28 11:42:47.926 935 1156 D VSC : @ 1825.873: [Game Rotation Vector Sensor] Stop accel
07-28 11:42:47.927 935 1156 D VSC : @ 1825.873: [Game Rotation Vector Sensor] Stop gyro
07-28 11:42:47.936 935 1156 D ASH : @ 1825.882: SensorType 195 resampler quality 2
07-28 11:42:47.936 935 1156 D CHRE : @ 1825.882: SensorType 195 resampler quality 0
07-28 11:42:48.096 935 1156 D VSC : @ 1826.042: [WO] tilt angle 86
07-28 11:42:48.835 15449 15449 E chromium: [ERROR:page_load_metrics_update_dispatcher.cc(165)] Invalid first_paint 0.818 s for first_image_paint 0.713 s
07-28 11:42:49.728 2860 2898 D CDBHelper: Close Cdb File.
07-28 11:42:49.821 1024 1024 I perfetto: probes_producer.cc:329 Producer stop (id=22)
07-28 11:42:49.826 1024 1024 I perfetto: ftrace_procfs.cc:183 disabled ftrace
07-28 11:42:46.435 1547 2591 I chatty : uid=1000(system) ConnectivitySer identical 1 line
07-28 11:42:49.477 1547 2591 D ConnectivityService: NetReassign [no changes]
07-28 11:42:49.829 1063 15448 D iorapd : PerfettoConsumer::ReadTrace(handle=22)
07-28 11:42:49.832 1026 1026 I perfetto: ng_service_impl.cc:1948 Tracing session 22 ended, total sessions:0
07-28 11:42:49.882 1063 15445 I iorapd : Perfetto TraceBuffer saved to file: /data/misc/iorapd/com.timob.axway/1/com.timob.axway.Timob28035Activity/raw_traces/1595932969873856700.perfetto_trace.pb
07-28 11:42:50.098 935 1156 D VSC : @ 1828.043: [WO] tilt angle 86
07-28 11:42:50.311 2860 2898 D CDBHelper: Close Cdb File.
07-28 11:42:50.654 15449 15449 E chromium: [ERROR:page_load_metrics_update_dispatcher.cc(165)] Invalid first_paint 0.818 s for first_image_paint 0.713 s
07-28 11:42:51.445 3537 3561 I PeriodicStatsRunner: PeriodicStatsRunner.call():175 call()
07-28 11:42:51.445 3537 3561 I PeriodicStatsRunner: PeriodicStatsRunner.call():179 No submit PeriodicStats since input started.
07-28 11:42:52.097 935 1156 D VSC : @ 1830.043: [WO] tilt angle 86
07-28 11:42:52.525 1547 2591 D ConnectivityService: NetReassign [no changes]
07-28 11:42:53.150 15449 15449 E chromium: [ERROR:page_load_metrics_update_dispatcher.cc(165)] Invalid first_paint 0.818 s for first_image_paint 0.713 s
07-28 11:42:53.640 12351 12563 E GoogleConversionReporter: Error sending ping
07-28 11:42:53.640 12351 12563 E GoogleConversionReporter: bljc: Exception in CronetUrlRequest: net::ERR_CONNECTION_REFUSED, ErrorCode=7, InternalErrorCode=-102, Retryable=false
07-28 11:42:53.640 12351 12563 E GoogleConversionReporter: at org.chromium.net.impl.CronetUrlRequest.onError(PG:55)
07-28 11:42:54.106 935 1156 D VSC : @ 1832.046: [WO] tilt angle 86
07-28 11:42:54.653 15449 15449 E chromium: [ERROR:page_load_metrics_update_dispatcher.cc(165)] Invalid first_paint 0.818 s for first_image_paint 0.713 s
07-28 11:42:56.098 935 1156 D VSC : @ 1834.043: [WO] tilt angle 86
07-28 11:42:56.547 15449 15449 E chromium: [ERROR:page_load_metrics_update_dispatcher.cc(165)] Invalid first_paint 0.818 s for first_image_paint 0.713 s
07-28 11:42:57.334 935 15251 I sensors-hal: handle_sns_std_sensor_event:45, ambient_light_event: filter out status = 1, lux = 2414, raw_adc=19437
07-28 11:42:58.097 935 1156 D VSC : @ 1836.042: [WO] tilt angle 86
07-28 11:42:58.537 15449 15449 E chromium: [ERROR:page_load_metrics_update_dispatcher.cc(165)] Invalid first_paint 0.818 s for first_image_paint 0.713 s
07-28 11:42:58.732 928 928 I android.hardware.health@2.0-service.bonito: capacity: 3047000
07-28 11:42:58.732 928 928 E BatteryDefender: Failed to read /sys/class/power_supply/wireless/online
07-28 11:42:55.559 1547 2591 I chatty : uid=1000(system) ConnectivitySer identical 1 line
07-28 11:42:58.582 1547 2591 D ConnectivityService: NetReassign [no changes]
07-28 11:42:58.781 2658 9784 D PowerUI : can't show warning due to - plugged: true status unknown: false
07-28 11:43:00.097 935 1156 D VSC : @ 1838.042: [WO] tilt angle 86
07-28 11:43:00.375 1547 1724 E JobScheduler.Background: App com.google.android.gms became active but still in NEVER bucket
07-28 11:43:00.379 1547 1766 I DropBoxManagerService: add tag=system_server_wtf isTagEnabled=true flags=0x2
07-28 11:43:00.381 1547 1724 E JobScheduler.Background: App com.google.android.gms became active but still in NEVER bucket
07-28 11:43:00.388 1547 1766 I DropBoxManagerService: add tag=system_server_wtf isTagEnabled=true flags=0x2
07-28 11:43:01.606 1547 2591 D ConnectivityService: NetReassign [no changes]
07-28 11:43:01.789 15449 15449 E chromium: [ERROR:page_load_metrics_update_dispatcher.cc(165)] Invalid first_paint 0.818 s for first_image_paint 0.713 s
07-28 11:43:02.100 935 1156 D VSC : @ 1840.042: [WO] tilt angle 86
07-28 11:43:02.392 1547 1766 W BroadcastQueue: Background execution not allowed: receiving Intent { act=android.intent.action.DROPBOX_ENTRY_ADDED flg=0x10 (has extras) } to com.google.android.gms/.stats.service.DropBoxEntryAddedReceiver
07-28 11:43:02.393 1547 1766 W BroadcastQueue: Background execution not allowed: receiving Intent { act=android.intent.action.DROPBOX_ENTRY_ADDED flg=0x10 (has extras) } to com.google.android.gms/.chimera.GmsIntentOperationService$PersistentTrustedReceiver
07-28 11:43:02.794 935 15251 I sensors-hal: handle_sns_std_sensor_event:45, ambient_light_event: filter out status = 1, lux = 2186, raw_adc=8827
07-28 11:43:03.266 1547 2724 D WifiNl80211Manager: Scan result ready event
07-28 11:43:03.266 1547 2724 D WifiNative: Scan result ready event
07-28 11:43:03.310 1547 3962 E WifiService: Permission violation - getScanResults not allowed for uid=10016, packageName=com.google.android.gms, reason=java.lang.SecurityException: Location mode is disabled for the device
07-28 11:43:03.315 1547 2724 E WifiService: Permission violation - getScanResults not allowed for uid=10016, packageName=com.google.android.gms, reason=java.lang.SecurityException: Location mode is disabled for the device
07-28 11:43:04.103 935 1156 D VSC : @ 1842.043: [WO] tilt angle 86
07-28 11:43:04.654 1547 2591 D ConnectivityService: NetReassign [no changes]
07-28 11:43:04.691 15449 15449 E chromium: [ERROR:page_load_metrics_update_dispatcher.cc(165)] Invalid first_paint 0.818 s for first_image_paint 0.713 s
07-28 11:43:05.223 935 1156 I CHRE : @ 1843.163: [AR] ON => IDLE
07-28 11:43:06.104 935 1156 D VSC : @ 1844.043: [WO] tilt angle 86
07-28 11:43:06.547 15449 15449 E chromium: [ERROR:page_load_metrics_update_dispatcher.cc(165)] Invalid first_paint 0.818 s for first_image_paint 0.713 s
07-28 11:43:07.800 935 15251 I sensors-hal: handle_sns_std_sensor_event:45, ambient_light_event: filter out status = 1, lux = 2356, raw_adc=18925
07-28 11:43:08.098 935 1156 D VSC : @ 1846.043: [WO] tilt angle 86
07-28 11:43:08.291 15449 15449 E chromium: [ERROR:page_load_metrics_update_dispatcher.cc(165)] Invalid first_paint 0.818 s for first_image_paint 0.713 s
07-28 11:43:10.104 935 1156 D VSC : @ 1848.043: [WO] tilt angle 86
07-28 11:43:10.191 15449 15449 E chromium: [ERROR:page_load_metrics_update_dispatcher.cc(165)] Invalid first_paint 0.818 s for first_image_paint 0.713 s
07-28 11:43:11.904 15449 15449 E chromium: [ERROR:page_load_metrics_update_dispatcher.cc(165)] Invalid first_paint 0.818 s for first_image_paint 0.713 s
07-28 11:43:12.104 935 1156 D VSC : @ 1850.043: [WO] tilt angle 86
07-28 11:43:13.646 15449 15449 E chromium: [ERROR:page_load_metrics_update_dispatcher.cc(165)] Invalid first_paint 0.818 s for first_image_paint 0.713 s
07-28 11:43:14.097 935 1156 D VSC : @ 1852.043: [WO] tilt angle 86
07-28 11:43:16.099 935 1156 D VSC : @ 1854.043: [WO] tilt angle 86
07-28 11:43:16.190 15449 15449 E chromium: [ERROR:page_load_metrics_update_dispatcher.cc(165)] Invalid first_paint 0.818 s for first_image_paint 0.713 s
07-28 11:43:17.282 4266 4266 I Finsky : [2] xir.onStartJob(3): SCH: onJobSchedulerWakeup with jobId 9000
07-28 11:43:17.302 4266 4266 I Finsky : [2] xdr.a(19): Scheduling fallback job with id: 9034, and delay: 43200000 ms
07-28 11:43:17.312 4266 4266 I Finsky : [2] xdr.a(9): Scheduling fallback in 64799996 (absolute: 66652755)
07-28 11:43:17.313 3311 11609 I NetworkScheduler.Stats: Task com.google.android.gms/com.google.android.gms.icing.service.IcingGcmTaskService started execution. cause:4 exec_start_elapsed_seconds: 1852 [CONTEXT service_id=218 ]
07-28 11:43:17.323 3311 10996 I NetworkScheduler.Stats: Task com.google.android.gms/com.google.android.gms.icing.service.IcingGcmTaskService finished executing. cause:4 result: 1 elapsed_millis: 39 uptime_millis: 39 exec_start_elapsed_seconds: 1852 [CONTEXT service_id=218 ]
07-28 11:43:17.342 4266 4266 I Finsky : [2] xea.handleMessage(8): SCH: DeviceState: DeviceState{currentTime=1595932997339, isCharging=false, isIdle=false, netAny=true, netNotRoaming=true, netUnmetered=true, batteryPercent=52.0}
07-28 11:43:17.350 4266 15578 I Finsky : [290] xgp.a(8): SCH: Jobs in database: 1-1337 3-585 3-586 12-1 20-23232323 26-1414141414 34-215 34-216
07-28 11:43:17.361 4266 4266 I Finsky : [2] xeb.a(16): SCH: Running job: 12-1
07-28 11:43:17.362 4266 4266 I Finsky : [2] ContentSyncJob.a(16): [ContentSync] job started
07-28 11:43:17.363 4266 4266 I Finsky : [2] xea.handleMessage(61): SCH: RunningQueue size: 1, PendingQueue size: 0
07-28 11:43:17.363 4266 4266 I Finsky : [2] xea.handleMessage(64): SCH: Running queue: 12-1
07-28 11:43:17.439 4266 15580 I Finsky : [292] dsr.a(22): Completed 0 account content syncs with 0 successful.
07-28 11:43:17.440 4266 4266 I Finsky : [2] ContentSyncJob.a(1): [ContentSync] Installation state replication succeeded.
07-28 11:43:17.440 4266 4266 I Finsky : [2] xfm.a(13): SCH: jobFinished: 12-1. TimeElapsed: 79ms.
07-28 11:43:17.441 4266 4266 I Finsky : [2] xeb.a(36): SCH: Job 12-1 finished. Not rescheduling.
07-28 11:43:17.442 4266 4266 I Finsky : [2] xea.handleMessage(61): SCH: RunningQueue size: 0, PendingQueue size: 0
07-28 11:43:17.442 4266 4266 I Finsky : [2] xea.handleMessage(25): Executor finished
07-28 11:43:17.460 4266 4266 I Finsky : [2] xgp.a(8): SCH: Jobs in database: 1-1337 3-585 3-586 20-23232323 26-1414141414 34-215 34-216
07-28 11:43:17.467 4266 4266 I Finsky : [2] xcj.a(57): SCH: ConstraintMapping: 1-1337, 34-215, -> L: 12659233ms, D: 44751601ms, C: false, I: false, N: 1
07-28 11:43:17.468 4266 4266 I Finsky : [2] xcj.a(57): SCH: ConstraintMapping: 3-586, 20-23232323, -> L: 0ms, D: 81069250ms, C: true, I: false, N: 2
07-28 11:43:17.468 4266 4266 I Finsky : [2] xcj.a(57): SCH: ConstraintMapping: 34-216, -> L: 604657822ms, D: 2591856705ms, C: false, I: true, N: 2
07-28 11:43:17.468 4266 4266 I Finsky : [2] xcj.a(57): SCH: ConstraintMapping: 3-585, 34-216, -> L: 0ms, D: 84647006ms, C: true, I: true, N: 2
07-28 11:43:17.469 4266 4266 I Finsky : [2] xcj.a(57): SCH: ConstraintMapping: 26-1414141414, -> L: 820064ms, D: 1720064ms, C: false, I: false, N: 0
07-28 11:43:17.514 4266 4266 I Finsky : [2] xez.a(34): Cancelling existing jobscheduler jobs: 9006 9009 9007 9008
07-28 11:43:17.514 4266 4266 I Finsky : [2] xez.a(27): Scheduling job Id: 9001, L: 12659233, D: 44751601, C: false, I: false, N: 1
07-28 11:43:17.517 4266 4266 I Finsky : [2] xez.a(10): Throttling wakeup for job 9002 (expected to run in 0 ms) due to recent wakeup
07-28 11:43:17.517 4266 4266 I Finsky : [2] xez.a(27): Scheduling job Id: 9002, L: 30000, D: 81069250, C: true, I: false, N: 2
07-28 11:43:17.520 4266 4266 I Finsky : [2] xez.a(27): Scheduling job Id: 9003, L: 604657822, D: 2591856705, C: false, I: true, N: 2
07-28 11:43:17.522 4266 4266 I Finsky : [2] xez.a(10): Throttling wakeup for job 9004 (expected to run in 0 ms) due to recent wakeup
07-28 11:43:17.522 4266 4266 I Finsky : [2] xez.a(27): Scheduling job Id: 9004, L: 30000, D: 84647006, C: true, I: true, N: 2
07-28 11:43:17.525 4266 4266 I Finsky : [2] xez.a(27): Scheduling job Id: 9005, L: 820064, D: 1720064, C: false, I: false, N: 0
07-28 11:43:17.899 15449 15449 E chromium: [ERROR:page_load_metrics_update_dispatcher.cc(165)] Invalid first_paint 0.818 s for first_image_paint 0.713 s
07-28 11:43:18.100 935 1156 D VSC : @ 1856.043: [WO] tilt angle 86
07-28 11:43:20.100 935 1156 D VSC : @ 1858.043: [WO] tilt angle 86
07-28 11:43:21.068 935 15251 I sensors-hal: handle_sns_std_sensor_event:45, ambient_light_event: filter out status = 1, lux = 2326, raw_adc=9285
07-28 11:43:21.395 15449 15449 E chromium: [ERROR:page_load_metrics_update_dispatcher.cc(165)] Invalid first_paint 0.818 s for first_image_paint 0.713 s
07-28 11:43:22.101 935 1156 D VSC : @ 1860.044: [WO] tilt angle 86
07-28 11:43:23.272 1547 2724 D WifiNl80211Manager: Scan result ready event
07-28 11:43:23.273 1547 2724 D WifiNative: Scan result ready event
07-28 11:43:23.296 1547 2590 D WificondScannerImpl: Filtering out 3 scan results.
07-28 11:43:23.318 1547 3962 E WifiService: Permission violation - getScanResults not allowed for uid=10016, packageName=com.google.android.gms, reason=java.lang.SecurityException: Location mode is disabled for the device
07-28 11:43:23.322 1547 2724 E WifiService: Permission violation - getScanResults not allowed for uid=10016, packageName=com.google.android.gms, reason=java.lang.SecurityException: Location mode is disabled for the device
07-28 11:43:24.104 935 1156 D VSC : @ 1862.043: [WO] tilt angle 86
07-28 11:43:24.690 15449 15449 E chromium: [ERROR:page_load_metrics_update_dispatcher.cc(165)] Invalid first_paint 0.818 s for first_image_paint 0.713 s
07-28 11:43:26.097 935 1156 D VSC : @ 1864.043: [WO] tilt angle 86
07-28 11:43:26.297 15449 15449 E chromium: [ERROR:page_load_metrics_update_dispatcher.cc(165)] Invalid first_paint 0.818 s for first_image_paint 0.713 s
07-28 11:43:27.459 935 15251 I sensors-hal: handle_sns_std_sensor_event:45, ambient_light_event: filter out status = 1, lux = 2531, raw_adc=20133
07-28 11:43:28.103 935 1156 D VSC : @ 1866.043: [WO] tilt angle 86
07-28 11:43:28.296 15449 15449 E chromium: [ERROR:page_load_metrics_update_dispatcher.cc(165)] Invalid first_paint 0.818 s for first_image_paint 0.713 s
07-28 11:43:30.047 15449 15449 E chromium: [ERROR:page_load_metrics_update_dispatcher.cc(165)] Invalid first_paint 0.818 s for first_image_paint 0.713 s
07-28 11:43:30.104 935 1156 D VSC : @ 1868.043: [WO] tilt angle 86
07-28 11:43:31.654 15449 15449 E chromium: [ERROR:page_load_metrics_update_dispatcher.cc(165)] Invalid first_paint 0.818 s for first_image_paint 0.713 s
07-28 11:43:32.100 935 1156 D VSC : @ 1870.042: [WO] tilt angle 86
07-28 11:43:33.404 15449 15449 E chromium: [ERROR:page_load_metrics_update_dispatcher.cc(165)] Invalid first_paint 0.818 s for first_image_paint 0.713 s
07-28 11:43:34.104 935 1156 D VSC : @ 1872.044: [WO] tilt angle 86
07-28 11:43:34.280 928 928 I android.hardware.health@2.0-service.bonito: Recording a sample at time 1869
07-28 11:43:34.284 928 928 I android.hardware.health@2.0-service.bonito: capacity: 3047000
07-28 11:43:34.285 928 928 E BatteryDefender: Failed to read /sys/class/power_supply/wireless/online
07-28 11:43:28.925 1547 2591 I chatty : uid=1000(system) ConnectivitySer identical 8 lines
07-28 11:43:31.982 1547 2591 D ConnectivityService: NetReassign [no changes]
07-28 11:43:34.302 2658 11589 D PowerUI : can't show warning due to - plugged: true status unknown: false
07-28 11:43:35.040 1547 2591 D ConnectivityService: NetReassign [no changes]
07-28 11:43:35.155 15449 15449 E chromium: [ERROR:page_load_metrics_update_dispatcher.cc(165)] Invalid first_paint 0.818 s for first_image_paint 0.713 s
07-28 11:43:36.102 935 1156 D VSC : @ 1874.043: [WO] tilt angle 86
07-28 11:43:36.796 15449 15449 E chromium: [ERROR:page_load_metrics_update_dispatcher.cc(165)] Invalid first_paint 0.818 s for first_image_paint 0.713 s
07-28 11:43:38.097 935 1156 D VSC : @ 1876.042: [WO] tilt angle 86
07-28 11:43:38.403 15449 15449 E chromium: [ERROR:page_load_metrics_update_dispatcher.cc(165)] Invalid first_paint 0.818 s for first_image_paint 0.713 s
07-28 11:43:40.104 935 1156 D VSC : @ 1878.043: [WO] tilt angle 86
07-28 11:43:40.155 15449 15449 E chromium: [ERROR:page_load_metrics_update_dispatcher.cc(165)] Invalid first_paint 0.818 s for first_image_paint 0.713 s
07-28 11:43:41.797 15449 15449 E chromium: [ERROR:page_load_metrics_update_dispatcher.cc(165)] Invalid first_paint 0.818 s for first_image_paint 0.713 s
07-28 11:43:42.104 935 1156 D VSC : @ 1880.043: [WO] tilt angle 86
07-28 11:43:43.547 15449 15449 E chromium: [ERROR:page_load_metrics_update_dispatcher.cc(165)] Invalid first_paint 0.818 s for first_image_paint 0.713 s
07-28 11:43:44.106 935 1156 D VSC : @ 1882.046: [WO] tilt angle 86
07-28 11:43:45.037 3147 3147 I EuiccGoogle: [2] EuiccServiceImpl.onDestroy: onDestroy: EuiccService on destroy.
07-28 11:43:45.040 3147 3147 I EuiccGoogle: [2] EuiccServiceImpl.disposeEuiccCard: disposeEuiccCard.
07-28 11:43:45.291 15449 15449 E chromium: [ERROR:page_load_metrics_update_dispatcher.cc(165)] Invalid first_paint 0.818 s for first_image_paint 0.713 s
07-28 11:43:46.107 935 1156 D VSC : @ 1884.046: [WO] tilt angle 86
07-28 11:43:47.150 15449 15449 E chromium: [ERROR:page_load_metrics_update_dispatcher.cc(165)] Invalid first_paint 0.818 s for first_image_paint 0.713 s
07-28 11:43:48.102 935 1156 D VSC : @ 1886.043: [WO] tilt angle 86
07-28 11:43:48.904 15449 15449 E chromium: [ERROR:page_load_metrics_update_dispatcher.cc(165)] Invalid first_paint 0.818 s for first_image_paint 0.713 s
07-28 11:43:49.793 935 15251 I sensors-hal: handle_sns_std_sensor_event:45, ambient_light_event: filter out status = 1, lux = 1237, raw_adc=9709
07-28 11:43:50.099 935 1156 D VSC : @ 1888.045: [WO] tilt angle 86
07-28 11:43:50.653 15449 15449 E chromium: [ERROR:page_load_metrics_update_dispatcher.cc(165)] Invalid first_paint 0.818 s for first_image_paint 0.713 s
07-28 11:43:51.485 12759 15582 W GAv4-SVC: Network compressed POST connection error: java.net.ConnectException: Failed to connect to ssl.google-analytics.com/0.0.0.0:443
07-28 11:43:52.103 935 1156 D VSC : @ 1890.043: [WO] tilt angle 86
07-28 11:43:52.404 15449 15449 E chromium: [ERROR:page_load_metrics_update_dispatcher.cc(165)] Invalid first_paint 0.818 s for first_image_paint 0.713 s
07-28 11:43:53.739 12351 12563 E GoogleConversionReporter: Error sending ping
07-28 11:43:53.739 12351 12563 E GoogleConversionReporter: bljc: Exception in CronetUrlRequest: net::ERR_CONNECTION_REFUSED, ErrorCode=7, InternalErrorCode=-102, Retryable=false
07-28 11:43:53.739 12351 12563 E GoogleConversionReporter: at org.chromium.net.impl.CronetUrlRequest.onError(PG:55)
07-28 11:43:54.104 935 1156 D VSC : @ 1892.043: [WO] tilt angle 86
07-28 11:43:54.154 15449 15449 E chromium: [ERROR:page_load_metrics_update_dispatcher.cc(165)] Invalid first_paint 0.818 s for first_image_paint 0.713 s
07-28 11:43:55.904 15449 15449 E chromium: [ERROR:page_load_metrics_update_dispatcher.cc(165)] Invalid first_paint 0.818 s for first_image_paint 0.713 s
07-28 11:43:56.106 935 1156 D VSC : @ 1894.046: [WO] tilt angle 86
07-28 11:43:57.797 15449 15449 E chromium: [ERROR:page_load_metrics_update_dispatcher.cc(165)] Invalid first_paint 0.818 s for first_image_paint 0.713 s
07-28 11:43:58.107 935 1156 D VSC : @ 1896.046: [WO] tilt angle 86
07-28 11:43:58.732 928 928 I android.hardware.health@2.0-service.bonito: capacity: 3047000
07-28 11:43:58.733 928 928 E BatteryDefender: Failed to read /sys/class/power_supply/wireless/online
07-28 11:43:53.291 1547 2591 I chatty : uid=1000(system) ConnectivitySer identical 6 lines
07-28 11:43:56.328 1547 2591 D ConnectivityService: NetReassign [no changes]
07-28 11:43:58.757 2658 11601 D PowerUI : can't show warning due to - plugged: true status unknown: false
07-28 11:43:59.373 1547 2591 D ConnectivityService: NetReassign [no changes]
07-28 11:43:59.405 15449 15449 E chromium: [ERROR:page_load_metrics_update_dispatcher.cc(165)] Invalid first_paint 0.818 s for first_image_paint 0.713 s
07-28 11:44:00.098 935 1156 D VSC : @ 1898.043: [WO] tilt angle 86
07-28 11:44:01.154 15449 15449 E chromium: [ERROR:page_load_metrics_update_dispatcher.cc(165)] Invalid first_paint 0.818 s for first_image_paint 0.713 s
07-28 11:44:02.106 935 1156 D VSC : @ 1900.046: [WO] tilt angle 86
07-28 11:44:02.797 15449 15449 E chromium: [ERROR:page_load_metrics_update_dispatcher.cc(165)] Invalid first_paint 0.818 s for first_image_paint 0.713 s
07-28 11:44:04.046 935 15251 I sensors-hal: handle_sns_std_sensor_event:45, ambient_light_event: filter out status = 1, lux = 1343, raw_adc=20861
07-28 11:44:04.103 935 1156 D VSC : @ 1902.043: [WO] tilt angle 86
07-28 11:44:04.547 15449 15449 E chromium: [ERROR:page_load_metrics_update_dispatcher.cc(165)] Invalid first_paint 0.818 s for first_image_paint 0.713 s