D/AndroidRuntime( 656):
D/AndroidRuntime( 656): >>>>>>>>>>>>>> AndroidRuntime START <<<<<<<<<<<<<<
D/AndroidRuntime( 656): CheckJNI is ON
D/AndroidRuntime( 656): --- registering native functions ---
D/PackageParser( 53): Scanning package: /data/app/vmdl39696.tmp
I/PackageManager( 53): Removing non-system package:com.test.AD2
D/PackageManager( 53): Removing package com.test.AD2
D/PackageManager( 53): Services: org.appcelerator.titanium.analytics.TiAnalyticsService
D/PackageManager( 53): Activities: com.test.AD2.Ad2Activity com.test.AD2.Modules_Calendar_Month_jump2_month_uiActivity org.appcelerator.titanium.TiActivity org.appcelerator.titanium.TiModalActivity ti.modules.titanium.ui.TiTabActivity ti.modules.titanium.ui.android.TiPreferencesActivity
D/PackageManager( 53): Scanning package com.test.AD2
I/PackageManager( 53): /data/app/vmdl39696.tmp changed; unpacking
D/installd( 32): DexInv: --- BEGIN '/data/app/vmdl39696.tmp' ---
D/dalvikvm( 662): DexOpt: 'Lorg/apache/commons/codec/binary/Base64;' has an earlier definition; blocking out
D/dalvikvm( 662): DexOpt: 'Lorg/apache/commons/codec/binary/Hex;' has an earlier definition; blocking out
D/dalvikvm( 662): DexOpt: not verifying 'Lorg/apache/commons/codec/binary/Base64;': multiple definitions
D/dalvikvm( 662): DexOpt: not verifying 'Lorg/apache/commons/codec/binary/Hex;': multiple definitions
I/dalvikvm( 662): DexOpt: not resolving ambiguous class 'Lorg/apache/commons/codec/binary/Hex;'
I/dalvikvm( 662): DexOpt: not resolving ambiguous class 'Lorg/apache/commons/codec/binary/Base64;'
I/dalvikvm( 662): DexOpt: not resolving ambiguous class 'Lorg/apache/commons/codec/binary/Base64;'
I/dalvikvm( 662): DexOpt: not resolving ambiguous class 'Lorg/apache/commons/codec/binary/Base64;'
D/dalvikvm( 662): DexOpt: load 896ms, verify 5208ms, opt 244ms
D/installd( 32): DexInv: --- END '/data/app/vmdl39696.tmp' (success) ---
D/PackageManager( 53): Services: org.appcelerator.titanium.analytics.TiAnalyticsService
D/PackageManager( 53): Activities: com.test.AD2.Ad2Activity com.test.AD2.Modules_Calendar_Month_jump2_month_uiActivity org.appcelerator.titanium.TiActivity org.appcelerator.titanium.TiTranslucentActivity org.appcelerator.titanium.TiModalActivity ti.modules.titanium.ui.TiTabActivity ti.modules.titanium.ui.android.TiPreferencesActivity
D/ActivityManager( 53): Uninstalling process com.test.AD2
D/ActivityManager( 53): Force removing process ProcessRecord{43d4aaf8 631:com.test.AD2/10027} (com.test.AD2/10027)
I/Process ( 53): Sending signal. PID: 631 SIG: 9
D/ActivityManager( 53): Force finishing activity com.test.AD2/.Ad2Activity
W/ActivityManager( 53): Activity HistoryRecord{43cd8c00 com.test.AD2/.Ad2Activity} being finished, but not in LRU list
I/UsageStats( 53): Unexpected resume of com.android.launcher while already resumed in com.test.AD2
D/ActivityManager( 53): Received spurious death notification for thread android.os.BinderProxy@43cc51a0
I/WindowManager( 53): WIN DEATH: Window{43cec160 com.test.AD2/com.test.AD2.Ad2Activity paused=true}
I/WindowManager( 53): WIN DEATH: Window{43d2dbc8 com.test.AD2/org.appcelerator.titanium.TiActivity paused=false}
I/WindowManager( 53): WIN DEATH: Window{43d6bbb0 com.test.AD2/com.test.AD2.Modules_Calendar_Month_jump2_month_uiActivity paused=false}
W/InputManagerService( 53): Got RemoteException sending setActive(false) notification to pid 631 uid 10027
I/installd( 32): move /data/dalvik-cache/data@app@vmdl39696.tmp@classes.dex -> /data/dalvik-cache/data@app@com.test.AD2.apk@classes.dex
D/PackageManager( 53): New package installed in /data/app/com.test.AD2.apk
D/AndroidRuntime( 656): Shutting down VM
D/dalvikvm( 656): DestroyJavaVM waiting for non-daemon threads to exit
D/dalvikvm( 656): DestroyJavaVM shutting VM down
D/dalvikvm( 656): HeapWorker thread shutting down
D/dalvikvm( 656): HeapWorker thread has shut down
D/jdwp ( 656): JDWP shutting down net...
I/jdwp ( 656): adbd disconnected
D/dalvikvm( 656): VM cleaning up
D/ActivityManager( 53): Uninstalling process com.test.AD2
E/AndroidRuntime( 656): ERROR: thread attach failed
D/dalvikvm( 656): LinearAlloc 0x0 used 620804 of 5242880 (11%)
W/ResourceType( 53): Resources don't contain package for resource number 0x7f0700e5
W/ResourceType( 53): Resources don't contain package for resource number 0x7f020031
W/ResourceType( 53): Resources don't contain package for resource number 0x7f020030
W/ResourceType( 53): Resources don't contain package for resource number 0x7f050000
W/ResourceType( 53): Resources don't contain package for resource number 0x7f060001
W/ResourceType( 53): Resources don't contain package for resource number 0x7f060000
D/dalvikvm( 99): GC freed 150 objects / 6808 bytes in 193ms
D/dalvikvm( 53): GC freed 11880 objects / 812952 bytes in 228ms
D/dalvikvm( 53): GC freed 963 objects / 46720 bytes in 283ms
W/ResourceType( 53): Resources don't contain package for resource number 0x7f0700e5
W/ResourceType( 53): Resources don't contain package for resource number 0x7f020031
W/ResourceType( 53): Resources don't contain package for resource number 0x7f020030
W/ResourceType( 53): Resources don't contain package for resource number 0x7f050000
W/ResourceType( 53): Resources don't contain package for resource number 0x7f060001
W/ResourceType( 53): Resources don't contain package for resource number 0x7f060000
D/AndroidRuntime( 667):
D/AndroidRuntime( 667): >>>>>>>>>>>>>> AndroidRuntime START <<<<<<<<<<<<<<
D/AndroidRuntime( 667): CheckJNI is ON
D/AndroidRuntime( 667): --- registering native functions ---
I/ActivityManager( 53): Starting activity: Intent { act=android.intent.action.MAIN cat=[android.intent.category.LAUNCHER] flg=0x10000000 cmp=com.test.AD2/.Ad2Activity }
D/AndroidRuntime( 667): Shutting down VM
D/dalvikvm( 667): DestroyJavaVM waiting for non-daemon threads to exit
D/dalvikvm( 667): DestroyJavaVM shutting VM down
D/dalvikvm( 667): HeapWorker thread shutting down
D/dalvikvm( 667): HeapWorker thread has shut down
D/jdwp ( 667): JDWP shutting down net...
I/jdwp ( 667): adbd disconnected
D/dalvikvm( 667): VM cleaning up
E/AndroidRuntime( 667): ERROR: thread attach failed
I/ActivityManager( 53): Start proc com.test.AD2 for activity com.test.AD2/.Ad2Activity: pid=673 uid=10027 gids={1015, 3003}
D/dalvikvm( 667): LinearAlloc 0x0 used 636388 of 5242880 (12%)
I/TiApplication( 673): (main) [0,0] checkpoint, app created.
I/TiApplication( 673): (main) [296,296] Titanium 1.8.0 (2011/07/06 15:06 f4141d...)
D/TiDeployData( 673): (main) [70,366] Read deploy data: {"debuggerPort":59139,"debuggerEnabled":true,"fastdevPort":58393}
E/TiPlatformHelper( 673): (main) [54,420] platformId is null, setting to empty string
D/dalvikvm( 673): GC freed 3251 objects / 352440 bytes in 83ms
I/TiDbHelper( 673): (main) [137,557] No value in database for platform key: 'unique_machine_id' returning supplied default ''
I/TiDbHelper( 673): (main) [17,574] No value in database for platform key: 'hardware_machine_id' returning supplied default ''
I/TiRootActivity( 673): (main) [0,0] checkpoint, on root activity create, savedInstanceState: null
W/TiTempFileHelper( 673): (main) [125,125] The external temp directory doesn't exist, skipping cleanup
E/TiApplication( 673): (main) [139,264] APP PROXY: [Ti.App]
D/TiCommonContactsApi( 673): (main) [20,284] Using newer contacts api. Android SDK level: 7
D/dalvikvm( 673): GC freed 5302 objects / 355488 bytes in 62ms
D/TiDebugClient( 673): (Thread-10) [217,501] debugger connected
D/TiDebugSession( 673): (Thread-10) [5,506] debug session started with /10.0.2.2
I/global ( 673): Default buffer size used in BufferedInputStream constructor. It would be better to be explicit if an 8k buffer is required.
D/TiDebugSession( 673): (Thread-11) [8,514] session started
I/global ( 673): Default buffer size used in BufferedReader constructor. It would be better to be explicit if an 8k-char buffer is required.
D/TiFastDev( 673): (kroll$1: app://app.js) [188,702] Enabling Fastdev on port 58393
D/TiFastDev( 673): (kroll$1: app://app.js) [8,710] sent tokens successfully
D/TiFastDev( 673): (kroll$1: app://app.js) [2,712] Fastdev session handshake succesful.
D/TiFastDev( 673): (kroll$1: app://app.js) [5,717] sent tokens successfully
D/TiFastDev( 673): (kroll$1: app://app.js) [78,795] sent tokens successfully
D/TiFastDev( 673): (kroll$1: app://app.js) [62,857] sent tokens successfully
D/dalvikvm( 673): GC freed 5696 objects / 415072 bytes in 82ms
D/TiFastDev( 673): (kroll$1: app://app.js) [133,990] sent tokens successfully
D/TiFastDev( 673): (kroll$1: app://app.js) [40,1030] sent tokens successfully
I/global ( 673): Default buffer size used in BufferedReader constructor. It would be better to be explicit if an 8k-char buffer is required.
I/ActivityManager( 53): Starting activity: Intent { cmp=com.test.AD2/org.appcelerator.titanium.TiActivity (has extras) }
I/TiRootActivity( 673): (main) [0,0] checkpoint, on root activity resume. context = org.appcelerator.titanium.TiContext@43bb0828
W/TiAnalyticsSvc( 673): (Thread-14) [51,51] Analytics Service Started
I/ActivityManager( 53): Displayed activity com.test.AD2/org.appcelerator.titanium.TiActivity: 231 ms (total 2983 ms)
I/TiAnalyticsSvc( 673): (Thread-14) [537,588] Sending 1 analytics events.
D/dalvikvm( 673): GC freed 5389 objects / 416704 bytes in 71ms
D/dalvikvm( 673): GC freed 5861 objects / 323384 bytes in 74ms
W/TiAnalyticsSvc( 673): (Thread-14) [1696,2284] Stopping Analytics Service
I/ActivityManager( 53): Starting activity: Intent { cmp=com.test.AD2/.Modules_Calendar_Month_jump2_month_uiActivity (has extras) }
I/global ( 673): Default buffer size used in BufferedReader constructor. It would be better to be explicit if an 8k-char buffer is required.
D/TiFastDev( 673): (kroll$3: app://Modules/Calendar/Month/jump2_month_ui.js) [477,2761] sent tokens successfully
D/AndroidRuntime( 673): Shutting down VM
W/dalvikvm( 673): threadid=3: thread exiting with uncaught exception (group=0x4001b188)
E/TiUncaughtHandler( 673): (main) [121,2882] Sending event: exception on thread: main msg:java.lang.RuntimeException: Unable to start activity ComponentInfo{com.test.AD2/com.test.AD2.Modules_Calendar_Month_jump2_month_uiActivity}: java.lang.NullPointerException; Titanium 1.8.0,2011/07/06 15:06,f4141d...
E/TiUncaughtHandler( 673): java.lang.RuntimeException: Unable to start activity ComponentInfo{com.test.AD2/com.test.AD2.Modules_Calendar_Month_jump2_month_uiActivity}: java.lang.NullPointerException
E/TiUncaughtHandler( 673): at android.app.ActivityThread.performLaunchActivity(ActivityThread.java:2496)
E/TiUncaughtHandler( 673): at android.app.ActivityThread.handleLaunchActivity(ActivityThread.java:2512)
E/TiUncaughtHandler( 673): at android.app.ActivityThread.access$2200(ActivityThread.java:119)
E/TiUncaughtHandler( 673): at android.app.ActivityThread$H.handleMessage(ActivityThread.java:1863)
E/TiUncaughtHandler( 673): at android.os.Handler.dispatchMessage(Handler.java:99)
E/TiUncaughtHandler( 673): at android.os.Looper.loop(Looper.java:123)
E/TiUncaughtHandler( 673): at android.app.ActivityThread.main(ActivityThread.java:4363)
E/TiUncaughtHandler( 673): at java.lang.reflect.Method.invokeNative(Native Method)
E/TiUncaughtHandler( 673): at java.lang.reflect.Method.invoke(Method.java:521)
E/TiUncaughtHandler( 673): at com.android.internal.os.ZygoteInit$MethodAndArgsCaller.run(ZygoteInit.java:860)
E/TiUncaughtHandler( 673): at com.android.internal.os.ZygoteInit.main(ZygoteInit.java:618)
E/TiUncaughtHandler( 673): at dalvik.system.NativeStart.main(Native Method)
E/TiUncaughtHandler( 673): Caused by: java.lang.NullPointerException
E/TiUncaughtHandler( 673): at com.android.internal.policy.impl.PhoneWindow.getCircularProgressBar(PhoneWindow.java:2406)
E/TiUncaughtHandler( 673): at com.android.internal.policy.impl.PhoneWindow.generateLayout(PhoneWindow.java:2162)
E/TiUncaughtHandler( 673): at com.android.internal.policy.impl.PhoneWindow.installDecor(PhoneWindow.java:2207)
E/TiUncaughtHandler( 673): at com.android.internal.policy.impl.PhoneWindow.setContentView(PhoneWindow.java:213)
E/TiUncaughtHandler( 673): at com.android.internal.policy.impl.PhoneWindow.setContentView(PhoneWindow.java:207)
E/TiUncaughtHandler( 673): at android.app.Activity.setContentView(Activity.java:1633)
E/TiUncaughtHandler( 673): at org.appcelerator.titanium.TiBaseActivity.onCreate(TiBaseActivity.java:307)
E/TiUncaughtHandler( 673): at org.appcelerator.titanium.TiLaunchActivity.onCreate(TiLaunchActivity.java:103)
E/TiUncaughtHandler( 673): at android.app.Instrumentation.callActivityOnCreate(Instrumentation.java:1047)
E/TiUncaughtHandler( 673): at android.app.ActivityThread.performLaunchActivity(ActivityThread.java:2459)
E/TiUncaughtHandler( 673): ... 11 more
E/AndroidRuntime( 673): Uncaught handler: thread main exiting due to uncaught exception
E/AndroidRuntime( 673): java.lang.RuntimeException: Unable to start activity ComponentInfo{com.test.AD2/com.test.AD2.Modules_Calendar_Month_jump2_month_uiActivity}: java.lang.NullPointerException
E/AndroidRuntime( 673): at android.app.ActivityThread.performLaunchActivity(ActivityThread.java:2496)
E/AndroidRuntime( 673): at android.app.ActivityThread.handleLaunchActivity(ActivityThread.java:2512)
E/AndroidRuntime( 673): at android.app.ActivityThread.access$2200(ActivityThread.java:119)
E/AndroidRuntime( 673): at android.app.ActivityThread$H.handleMessage(ActivityThread.java:1863)
E/AndroidRuntime( 673): at android.os.Handler.dispatchMessage(Handler.java:99)
E/AndroidRuntime( 673): at android.os.Looper.loop(Looper.java:123)
E/AndroidRuntime( 673): at android.app.ActivityThread.main(ActivityThread.java:4363)
E/AndroidRuntime( 673): at java.lang.reflect.Method.invokeNative(Native Method)
E/AndroidRuntime( 673): at java.lang.reflect.Method.invoke(Method.java:521)
E/AndroidRuntime( 673): at com.android.internal.os.ZygoteInit$MethodAndArgsCaller.run(ZygoteInit.java:860)
E/AndroidRuntime( 673): at com.android.internal.os.ZygoteInit.main(ZygoteInit.java:618)
E/AndroidRuntime( 673): at dalvik.system.NativeStart.main(Native Method)
E/AndroidRuntime( 673): Caused by: java.lang.NullPointerException
E/AndroidRuntime( 673): at com.android.internal.policy.impl.PhoneWindow.getCircularProgressBar(PhoneWindow.java:2406)
E/AndroidRuntime( 673): at com.android.internal.policy.impl.PhoneWindow.generateLayout(PhoneWindow.java:2162)
E/AndroidRuntime( 673): at com.android.internal.policy.impl.PhoneWindow.installDecor(PhoneWindow.java:2207)
E/AndroidRuntime( 673): at com.android.internal.policy.impl.PhoneWindow.setContentView(PhoneWindow.java:213)
E/AndroidRuntime( 673): at com.android.internal.policy.impl.PhoneWindow.setContentView(PhoneWindow.java:207)
E/AndroidRuntime( 673): at android.app.Activity.setContentView(Activity.java:1633)
E/AndroidRuntime( 673): at org.appcelerator.titanium.TiBaseActivity.onCreate(TiBaseActivity.java:307)
E/AndroidRuntime( 673): at org.appcelerator.titanium.TiLaunchActivity.onCreate(TiLaunchActivity.java:103)
E/AndroidRuntime( 673): at android.app.Instrumentation.callActivityOnCreate(Instrumentation.java:1047)
E/AndroidRuntime( 673): at android.app.ActivityThread.performLaunchActivity(ActivityThread.java:2459)
E/AndroidRuntime( 673): ... 11 more
I/Process ( 53): Sending signal. PID: 673 SIG: 3
I/dalvikvm( 673): threadid=7: reacting to signal 3
I/dalvikvm( 673): Wrote stack trace to '/data/anr/traces.txt'
W/ActivityManager( 53): Launch timeout has expired, giving up wake lock!
W/ActivityManager( 53): Activity idle timeout for HistoryRecord{43d320a0 com.test.AD2/.Modules_Calendar_Month_jump2_month_uiActivity}
D/dalvikvm( 99): GC freed 2366 objects / 137384 bytes in 76ms
D/dalvikvm( 238): GC freed 43 objects / 2064 bytes in 105ms