12-05 13:11:56.440: D/AndroidRuntime(358): >>>>>> AndroidRuntime START com.android.internal.os.RuntimeInit <<<<<<
12-05 13:11:56.440: D/AndroidRuntime(358): CheckJNI is ON
12-05 13:11:56.990: D/AndroidRuntime(358): Calling main entry com.android.commands.pm.Pm
12-05 13:11:57.030: I/ActivityManager(62): Start proc com.android.defcontainer for service com.android.defcontainer/.DefaultContainerService: pid=366 uid=10028 gids={1015, 2001}
12-05 13:11:57.360: D/dalvikvm(366): GC_EXPLICIT freed 294K, 51% free 2749K/5511K, external 1625K/2137K, paused 64ms
12-05 13:11:57.480: W/ActivityManager(62): No content provider found for:
12-05 13:11:57.900: W/ActivityManager(62): No content provider found for:
12-05 13:11:57.920: D/PackageParser(62): Scanning package: /data/app/vmdl-66606736.tmp
12-05 13:11:58.300: I/InputReader(62): Device reconfigured: id=0x0, name=qwerty2, display size is now 480x854
12-05 13:11:58.300: I/InputManager-Callbacks(62): No virtual keys found for device qwerty2.
12-05 13:11:59.089: I/ARMAssembler(62): generated scanline__00000177:03515104_00001001_00000000 [ 91 ipp] (114 ins) at [0x46c0b6e0:0x46c0b8a8] in 1392001 ns
12-05 13:12:00.119: D/PackageManager(62): Scanning package com.appcelerator.soundSmoke
12-05 13:12:00.119: I/PackageManager(62): Unpacking native libraries for /data/app/com.appcelerator.soundSmoke-1.apk
12-05 13:12:01.050: D/installd(35): DexInv: --- BEGIN '/data/app/com.appcelerator.soundSmoke-1.apk' ---
12-05 13:12:01.630: D/dalvikvm(377): DexOpt: 'Lorg/apache/commons/codec/binary/Base64;' has an earlier definition; blocking out
12-05 13:12:01.630: D/dalvikvm(377): DexOpt: 'Lorg/apache/commons/codec/binary/Hex;' has an earlier definition; blocking out
12-05 13:12:01.689: D/dalvikvm(377): DexOpt: 'Lorg/w3c/dom/UserDataHandler;' has an earlier definition; blocking out
12-05 13:12:02.210: D/dalvikvm(377): DexOpt: not verifying 'Lorg/apache/commons/codec/binary/Base64;': multiple definitions
12-05 13:12:02.210: D/dalvikvm(377): DexOpt: not verifying 'Lorg/apache/commons/codec/binary/Hex;': multiple definitions
12-05 13:12:02.210: I/dalvikvm(377): DexOpt: not resolving ambiguous class 'Lorg/apache/commons/codec/binary/Hex;'
12-05 13:12:02.290: I/dalvikvm(377): DexOpt: not resolving ambiguous class 'Lorg/apache/commons/codec/binary/Base64;'
12-05 13:12:02.850: D/dalvikvm(377): DexOpt: not verifying 'Lorg/w3c/dom/UserDataHandler;': multiple definitions
12-05 13:12:03.101: I/dalvikvm(377): DexOpt: not resolving ambiguous class 'Lorg/apache/commons/codec/binary/Hex;'
12-05 13:12:03.520: I/dalvikvm(377): DexOpt: not resolving ambiguous class 'Lorg/apache/commons/codec/binary/Base64;'
12-05 13:12:03.550: D/dalvikvm(377): DexOpt: load 314ms, verify+opt 1718ms
12-05 13:12:03.600: D/installd(35): DexInv: --- END '/data/app/com.appcelerator.soundSmoke-1.apk' (success) ---
12-05 13:12:03.600: D/PackageManager(62): Services: org.appcelerator.titanium.analytics.TiAnalyticsService
12-05 13:12:03.600: D/PackageManager(62): Activities: com.appcelerator.soundSmoke.SoundsmokeActivity org.appcelerator.titanium.TiActivity org.appcelerator.titanium.TiTranslucentActivity org.appcelerator.titanium.TiModalActivity ti.modules.titanium.ui.TiTabActivity ti.modules.titanium.ui.android.TiPreferencesActivity
12-05 13:12:03.620: I/ActivityManager(62): Force stopping package com.appcelerator.soundSmoke uid=10040
12-05 13:12:03.770: I/installd(35): move /data/dalvik-cache/data@app@com.appcelerator.soundSmoke-1.apk@classes.dex -> /data/dalvik-cache/data@app@com.appcelerator.soundSmoke-1.apk@classes.dex
12-05 13:12:03.770: D/PackageManager(62): New package installed in /data/app/com.appcelerator.soundSmoke-1.apk
12-05 13:12:03.989: I/ActivityManager(62): Start proc com.svox.pico for broadcast com.svox.pico/.VoiceDataInstallerReceiver: pid=378 uid=10010 gids={}
12-05 13:12:04.049: W/RecognitionManagerService(62): no available voice recognition services found
12-05 13:12:04.370: I/ActivityThread(378): Pub com.svox.pico.providers.SettingsProvider: com.svox.pico.providers.SettingsProvider
12-05 13:12:04.390: I/ActivityManager(62): Start proc com.google.android.apps.maps for broadcast com.google.android.apps.maps/com.google.android.location.internal.NlpPackageUpdateReceiver: pid=387 uid=10018 gids={3003, 1015}
12-05 13:12:04.820: D/dalvikvm(62): GC_EXPLICIT freed 1442K, 45% free 4932K/8839K, external 4474K/5674K, paused 170ms
12-05 13:12:05.130: I/ActivityThread(387): Pub com.google.android.maps.LocalSuggestionProvider: com.google.googlenav.provider.LocalSuggestionProvider
12-05 13:12:05.140: I/ActivityThread(387): Pub com.google.android.maps.LayerInfoProvider: com.google.googlenav.layer.LayerInfoProvider
12-05 13:12:05.201: I/ActivityThread(387): Pub com.google.android.maps.TrafficProvider: com.google.googlenav.appwidget.traffic.TrafficProvider
12-05 13:12:05.210: I/ActivityThread(387): Pub com.google.android.maps.SuggestionProvider: com.google.googlenav.suggest.android.SuggestProvider
12-05 13:12:05.230: I/ActivityThread(387): Pub com.google.android.maps.SearchHistoryProvider: com.google.googlenav.provider.SearchHistoryProvider
12-05 13:12:05.230: I/ActivityThread(387): Pub com.google.android.maps.NavigationAvailabilityProvider: com.google.googlenav.provider.NavigationAvailabilityProvider
12-05 13:12:05.230: D/AndroidRuntime(358): Shutting down VM
12-05 13:12:05.250: D/dalvikvm(358): GC_CONCURRENT freed 100K, 72% free 293K/1024K, external 0K/0K, paused 1ms+2ms
12-05 13:12:05.250: D/jdwp(358): adbd disconnected
12-05 13:12:05.280: I/dalvikvm(358): JNI: AttachCurrentThread (from ???.???)
12-05 13:12:05.280: I/AndroidRuntime(358): NOTE: attach of thread 'Binder Thread #3' failed
12-05 13:12:05.640: I/ActivityThread(387): Pub com.google.android.maps.StarredItemProvider: com.google.googlenav.provider.StarredItemProvider
12-05 13:12:05.830: D/dalvikvm(387): GC_CONCURRENT freed 838K, 49% free 3474K/6727K, external 1625K/2137K, paused 4ms+15ms
12-05 13:12:06.050: D/GTalkService(197): handlePackageInstalled: re-initialize providers
12-05 13:12:06.059: D/GTalkService(197): [RawStanzaProvidersMgr] ##### searchProvidersFromIntent
12-05 13:12:06.059: D/GTalkService(197): [RawStanzaProvidersMgr] no intent receivers found
12-05 13:12:06.270: D/AndroidRuntime(400): >>>>>> AndroidRuntime START com.android.internal.os.RuntimeInit <<<<<<
12-05 13:12:06.270: D/AndroidRuntime(400): CheckJNI is ON
12-05 13:12:06.999: D/AndroidRuntime(400): Calling main entry com.android.commands.am.Am
12-05 13:12:07.030: I/ActivityManager(62): Starting: Intent { act=android.intent.action.MAIN cat=[android.intent.category.LAUNCHER] flg=0x10000000 cmp=com.appcelerator.soundSmoke/.SoundsmokeActivity } from pid 400
12-05 13:12:07.150: D/dalvikvm(62): GC_EXTERNAL_ALLOC freed 339K, 46% free 4813K/8839K, external 3226K/4029K, paused 94ms
12-05 13:12:07.170: D/AndroidRuntime(400): Shutting down VM
12-05 13:12:07.180: D/dalvikvm(400): GC_CONCURRENT freed 102K, 69% free 318K/1024K, external 0K/0K, paused 1ms+1ms
12-05 13:12:07.180: D/jdwp(400): adbd disconnected
12-05 13:12:07.200: I/ActivityManager(62): Start proc com.appcelerator.soundSmoke for activity com.appcelerator.soundSmoke/.SoundsmokeActivity: pid=409 uid=10040 gids={1015, 3003}
12-05 13:12:07.240: I/dalvikvm(400): JNI: AttachCurrentThread (from ???.???)
12-05 13:12:07.240: I/AndroidRuntime(400): NOTE: attach of thread 'Binder Thread #3' failed
12-05 13:12:07.409: D/dalvikvm(33): GC_EXPLICIT freed 11K, 50% free 2719K/5379K, external 1625K/2137K, paused 206ms
12-05 13:12:07.600: D/dalvikvm(33): GC_EXPLICIT freed <1K, 50% free 2719K/5379K, external 1625K/2137K, paused 174ms
12-05 13:12:07.889: D/dalvikvm(33): GC_EXPLICIT freed <1K, 50% free 2719K/5379K, external 1625K/2137K, paused 292ms
12-05 13:12:08.130: I/dalvikvm(62): Jit: resizing JitTable from 1024 to 2048
12-05 13:12:08.290: I/TiApplication(409): (main) [0,0] checkpoint, app created.
12-05 13:12:08.580: I/TiApplication(409): (main) [283,283] Titanium 1.8.0.1 (2011/12/03 09:39 a72a92b)
12-05 13:12:08.710: I/TiDbHelper(409): (main) [137,420] No value in database for platform key: 'unique_machine_id' returning supplied default ''
12-05 13:12:08.730: I/TiDbHelper(409): (main) [16,436] No value in database for platform key: 'hardware_machine_id' returning supplied default ''
12-05 13:12:08.849: D/TiFastDev(409): (main) [123,559] Enabling Fastdev on port 49491
12-05 13:12:08.869: D/TiFastDev(409): (main) [13,572] sent tokens successfully
12-05 13:12:08.869: D/TiFastDev(409): (main) [1,573] Fastdev session handshake succesful.
12-05 13:12:08.880: I/TiApplication(409): (main) [11,584] Titanium Javascript runtime: v8
12-05 13:12:08.899: I/KrollV8Runtime(409): Loading emulator version of kroll-v8
12-05 13:12:08.899: D/dalvikvm(409): Trying to load lib /data/data/com.appcelerator.soundSmoke/lib/libkroll-v8-emulator.so 0x405155a8
12-05 13:12:08.929: I/TiRootActivity(409): (main) [0,0] checkpoint, on root activity create, savedInstanceState: null
12-05 13:12:08.960: D/dalvikvm(409): Added shared lib /data/data/com.appcelerator.soundSmoke/lib/libkroll-v8-emulator.so 0x405155a8
12-05 13:12:08.990: D/TiAnalyticsDb(409): (main) [59,59] Creating Database tianalytics.db
12-05 13:12:08.990: I/TiAnalyticsDb(409): (main) [4,63] Upgrading Database from 1 to 4
12-05 13:12:10.040: D/dalvikvm(174): GC_CONCURRENT freed 275K, 48% free 3032K/5767K, external 1625K/2137K, paused 4ms+80ms
12-05 13:12:10.560: E/TiApplication(409): (KrollRuntimeThread) [1569,1632] APP PROXY: ti.modules.titanium.app.AppModule@405b1708
12-05 13:12:10.760: D/TiAssetHelper(409): Fetching "app.js" with Fastdev...
12-05 13:12:10.990: E/TiJSError(409): (main) [431,2063] ----- Titanium Javascript Runtime Error -----
12-05 13:12:10.990: E/TiJSError(409): (main) [0,2063] - In Resources/app.js:4,7
12-05 13:12:10.990: E/TiJSError(409): (main) [1,2064] - Message: Uncaught TypeError: Object # has no method 'setPaused'
12-05 13:12:10.990: E/TiJSError(409): (main) [0,2064] - Source: sound.setPaused(true);
12-05 13:12:11.140: D/dalvikvm(409): GREF has increased to 201
12-05 13:12:11.160: E/V8Exception(409): Exception occurred at Resources/app.js:4: Uncaught TypeError: Object # has no method 'setPaused'
12-05 13:12:11.280: D/dalvikvm(409): GC_EXTERNAL_ALLOC freed 509K, 50% free 3024K/5959K, external 2011K/2137K, paused 55ms
12-05 13:12:11.759: I/TiRootActivity(409): (main) [0,0] checkpoint, on root activity resume. activity = com.appcelerator.soundSmoke.SoundsmokeActivity@4058a068
12-05 13:12:13.160: I/ActivityManager(62): Displayed com.appcelerator.soundSmoke/.SoundsmokeActivity: +6s1ms (total +28s4ms)
12-05 13:12:39.301: W/TiAnalyticsSvc(409): (Thread-14) [27540,27540] Analytics Service Started
12-05 13:12:39.390: I/TiAnalyticsSvc(409): (Thread-14) [82,27622] Sending 2 analytics events.
12-05 13:12:40.360: D/dalvikvm(409): GC_CONCURRENT freed 1092K, 54% free 3159K/6727K, external 3511K/4385K, paused 5ms+7ms
12-05 13:12:41.050: W/TiAnalyticsSvc(409): (Thread-14) [1667,29289] Stopping Analytics Service