03-29 18:58:12.791: D/StrictMode(196): StrictMode policy violation; ~duration=2736 ms: android.os.StrictMode$StrictModeDiskWriteViolation: policy=151 violation=1
03-29 18:58:12.791: D/StrictMode(196): at android.os.StrictMode$AndroidBlockGuardPolicy.onWriteToDisk(StrictMode.java:1048)
03-29 18:58:12.791: D/StrictMode(196): at libcore.io.BlockGuardOs.write(BlockGuardOs.java:178)
03-29 18:58:12.791: D/StrictMode(196): at libcore.io.IoBridge.write(IoBridge.java:447)
03-29 18:58:12.791: D/StrictMode(196): at java.io.FileOutputStream.write(FileOutputStream.java:187)
03-29 18:58:12.791: D/StrictMode(196): at java.io.BufferedOutputStream.flushInternal(BufferedOutputStream.java:185)
03-29 18:58:12.791: D/StrictMode(196): at java.io.BufferedOutputStream.flush(BufferedOutputStream.java:85)
03-29 18:58:12.791: D/StrictMode(196): at java.io.FilterOutputStream.flush(FilterOutputStream.java:88)
03-29 18:58:12.791: D/StrictMode(196): at java.io.DataOutputStream.flush(DataOutputStream.java:63)
03-29 18:58:12.791: D/StrictMode(196): at java.io.FilterOutputStream.close(FilterOutputStream.java:61)
03-29 18:58:12.791: D/StrictMode(196): at com.android.server.am.ActivityManagerService.writeLastDonePreBootReceivers(ActivityManagerService.java:6718)
03-29 18:58:12.791: D/StrictMode(196): at com.android.server.am.ActivityManagerService.access$800(ActivityManagerService.java:151)
03-29 18:58:12.791: D/StrictMode(196): at com.android.server.am.ActivityManagerService$8$1.run(ActivityManagerService.java:6786)
03-29 18:58:12.791: D/StrictMode(196): at android.os.Handler.handleCallback(Handler.java:605)
03-29 18:58:12.791: D/StrictMode(196): at android.os.Handler.dispatchMessage(Handler.java:92)
03-29 18:58:12.791: D/StrictMode(196): at android.os.Looper.loop(Looper.java:137)
03-29 18:58:12.791: D/StrictMode(196): at com.android.server.am.ActivityManagerService$AThread.run(ActivityManagerService.java:1364)
03-29 18:58:12.801: D/StrictMode(196): StrictMode policy violation; ~duration=2567 ms: android.os.StrictMode$StrictModeDiskReadViolation: policy=151 violation=2
03-29 18:58:12.801: D/StrictMode(196): at android.os.StrictMode$AndroidBlockGuardPolicy.onReadFromDisk(StrictMode.java:1074)
03-29 18:58:12.801: D/StrictMode(196): at libcore.io.BlockGuardOs.open(BlockGuardOs.java:94)
03-29 18:58:12.801: D/StrictMode(196): at libcore.io.IoBridge.open(IoBridge.java:390)
03-29 18:58:12.801: D/StrictMode(196): at java.io.FileInputStream.(FileInputStream.java:78)
03-29 18:58:12.801: D/StrictMode(196): at com.android.internal.os.AtomicFile.openRead(AtomicFile.java:127)
03-29 18:58:12.801: D/StrictMode(196): at com.android.server.net.NetworkStatsService.readNetworkStats(NetworkStatsService.java:1115)
03-29 18:58:12.801: D/StrictMode(196): at com.android.server.net.NetworkStatsService.readNetworkDevStatsLocked(NetworkStatsService.java:1100)
03-29 18:58:12.801: D/StrictMode(196): at com.android.server.net.NetworkStatsService.systemReady(NetworkStatsService.java:270)
03-29 18:58:12.801: D/StrictMode(196): at com.android.server.ServerThread$1.run(SystemServer.java:657)
03-29 18:58:12.801: D/StrictMode(196): at com.android.server.am.ActivityManagerService.systemReady(ActivityManagerService.java:6886)
03-29 18:58:12.801: D/StrictMode(196): at com.android.server.am.ActivityManagerService$8$1.run(ActivityManagerService.java:6790)
03-29 18:58:12.801: D/StrictMode(196): at android.os.Handler.handleCallback(Handler.java:605)
03-29 18:58:12.801: D/StrictMode(196): at android.os.Handler.dispatchMessage(Handler.java:92)
03-29 18:58:12.801: D/StrictMode(196): at android.os.Looper.loop(Looper.java:137)
03-29 18:58:12.801: D/StrictMode(196): at com.android.server.am.ActivityManagerService$AThread.run(ActivityManagerService.java:1364)
03-29 18:58:12.841: I/PackageManager(196): Running dexopt on: com.android.inputmethod.latin
03-29 18:58:12.851: D/StrictMode(196): StrictMode policy violation; ~duration=2519 ms: android.os.StrictMode$StrictModeDiskReadViolation: policy=151 violation=2
03-29 18:58:12.851: D/StrictMode(196): at android.os.StrictMode$AndroidBlockGuardPolicy.onReadFromDisk(StrictMode.java:1074)
03-29 18:58:12.851: D/StrictMode(196): at libcore.io.BlockGuardOs.open(BlockGuardOs.java:94)
03-29 18:58:12.851: D/StrictMode(196): at libcore.io.IoBridge.open(IoBridge.java:390)
03-29 18:58:12.851: D/StrictMode(196): at java.io.FileInputStream.(FileInputStream.java:78)
03-29 18:58:12.851: D/StrictMode(196): at com.android.internal.os.AtomicFile.openRead(AtomicFile.java:127)
03-29 18:58:12.851: D/StrictMode(196): at com.android.server.net.NetworkStatsService.readNetworkStats(NetworkStatsService.java:1115)
03-29 18:58:12.851: D/StrictMode(196): at com.android.server.net.NetworkStatsService.readNetworkXtStatsLocked(NetworkStatsService.java:1105)
03-29 18:58:12.851: D/StrictMode(196): at com.android.server.net.NetworkStatsService.systemReady(NetworkStatsService.java:271)
03-29 18:58:12.851: D/StrictMode(196): at com.android.server.ServerThread$1.run(SystemServer.java:657)
03-29 18:58:12.851: D/StrictMode(196): at com.android.server.am.ActivityManagerService.systemReady(ActivityManagerService.java:6886)
03-29 18:58:12.851: D/StrictMode(196): at com.android.server.am.ActivityManagerService$8$1.run(ActivityManagerService.java:6790)
03-29 18:58:12.851: D/StrictMode(196): at android.os.Handler.handleCallback(Handler.java:605)
03-29 18:58:12.851: D/StrictMode(196): at android.os.Handler.dispatchMessage(Handler.java:92)
03-29 18:58:12.851: D/StrictMode(196): at android.os.Looper.loop(Looper.java:137)
03-29 18:58:12.851: D/StrictMode(196): at com.android.server.am.ActivityManagerService$AThread.run(ActivityManagerService.java:1364)
03-29 18:58:12.851: D/StrictMode(196): StrictMode policy violation; ~duration=2483 ms: android.os.StrictMode$StrictModeDiskReadViolation: policy=151 violation=2
03-29 18:58:12.851: D/StrictMode(196): at android.os.StrictMode$AndroidBlockGuardPolicy.onReadFromDisk(StrictMode.java:1074)
03-29 18:58:12.851: D/StrictMode(196): at libcore.io.BlockGuardOs.open(BlockGuardOs.java:94)
03-29 18:58:12.851: D/StrictMode(196): at libcore.io.IoBridge.open(IoBridge.java:390)
03-29 18:58:12.851: D/StrictMode(196): at java.io.FileInputStream.(FileInputStream.java:78)
03-29 18:58:12.851: D/StrictMode(196): at java.io.FileReader.(FileReader.java:42)
03-29 18:58:12.851: D/StrictMode(196): at com.android.internal.net.NetworkStatsFactory.readNetworkStatsDetail(NetworkStatsFactory.java:272)
03-29 18:58:12.851: D/StrictMode(196): at com.android.server.NetworkManagementService.getNetworkStatsUidDetail(NetworkManagementService.java:1271)
03-29 18:58:12.851: D/StrictMode(196): at com.android.server.net.NetworkStatsService.bootstrapStats(NetworkStatsService.java:756)
03-29 18:58:12.851: D/StrictMode(196): at com.android.server.net.NetworkStatsService.systemReady(NetworkStatsService.java:308)
03-29 18:58:12.851: D/StrictMode(196): at com.android.server.ServerThread$1.run(SystemServer.java:657)
03-29 18:58:12.851: D/StrictMode(196): at com.android.server.am.ActivityManagerService.systemReady(ActivityManagerService.java:6886)
03-29 18:58:12.851: D/StrictMode(196): at com.android.server.am.ActivityManagerService$8$1.run(ActivityManagerService.java:6790)
03-29 18:58:12.851: D/StrictMode(196): at android.os.Handler.handleCallback(Handler.java:605)
03-29 18:58:12.851: D/StrictMode(196): at android.os.Handler.dispatchMessage(Handler.java:92)
03-29 18:58:12.851: D/StrictMode(196): at android.os.Looper.loop(Looper.java:137)
03-29 18:58:12.851: D/StrictMode(196): at com.android.server.am.ActivityManagerService$AThread.run(ActivityManagerService.java:1364)
03-29 18:58:12.861: D/StrictMode(196): StrictMode policy violation; ~duration=2445 ms: android.os.StrictMode$StrictModeDiskReadViolation: policy=151 violation=2
03-29 18:58:12.861: D/StrictMode(196): at android.os.StrictMode$AndroidBlockGuardPolicy.onReadFromDisk(StrictMode.java:1074)
03-29 18:58:12.861: D/StrictMode(196): at libcore.io.BlockGuardOs.open(BlockGuardOs.java:94)
03-29 18:58:12.861: D/StrictMode(196): at libcore.io.IoBridge.open(IoBridge.java:390)
03-29 18:58:12.861: D/StrictMode(196): at java.io.FileInputStream.(FileInputStream.java:78)
03-29 18:58:12.861: D/StrictMode(196): at com.android.internal.os.AtomicFile.openRead(AtomicFile.java:127)
03-29 18:58:12.861: D/StrictMode(196): at com.android.server.net.NetworkPolicyManagerService.readPolicyLocked(NetworkPolicyManagerService.java:917)
03-29 18:58:12.861: D/StrictMode(196): at com.android.server.net.NetworkPolicyManagerService.systemReady(NetworkPolicyManagerService.java:291)
03-29 18:58:12.861: D/StrictMode(196): at com.android.server.ServerThread$1.run(SystemServer.java:662)
03-29 18:58:12.861: D/StrictMode(196): at com.android.server.am.ActivityManagerService.systemReady(ActivityManagerService.java:6886)
03-29 18:58:12.861: D/StrictMode(196): at com.android.server.am.ActivityManagerService$8$1.run(ActivityManagerService.java:6790)
03-29 18:58:12.861: D/StrictMode(196): at android.os.Handler.handleCallback(Handler.java:605)
03-29 18:58:12.861: D/StrictMode(196): at android.os.Handler.dispatchMessage(Handler.java:92)
03-29 18:58:12.861: D/StrictMode(196): at android.os.Looper.loop(Looper.java:137)
03-29 18:58:12.861: D/StrictMode(196): at com.android.server.am.ActivityManagerService$AThread.run(ActivityManagerService.java:1364)
03-29 18:58:12.861: D/StrictMode(196): StrictMode policy violation; ~duration=2089 ms: android.os.StrictMode$StrictModeDiskReadViolation: policy=151 violation=2
03-29 18:58:12.861: D/StrictMode(196): at android.os.StrictMode$AndroidBlockGuardPolicy.onReadFromDisk(StrictMode.java:1074)
03-29 18:58:12.861: D/StrictMode(196): at libcore.io.BlockGuardOs.open(BlockGuardOs.java:94)
03-29 18:58:12.861: D/StrictMode(196): at libcore.io.IoBridge.open(IoBridge.java:390)
03-29 18:58:12.861: D/StrictMode(196): at java.io.FileInputStream.(FileInputStream.java:78)
03-29 18:58:12.861: D/StrictMode(196): at com.android.internal.os.AtomicFile.openRead(AtomicFile.java:127)
03-29 18:58:12.861: D/StrictMode(196): at com.android.server.AppWidgetService.loadStateLocked(AppWidgetService.java:1162)
03-29 18:58:12.861: D/StrictMode(196): at com.android.server.AppWidgetService.ensureStateLoadedLocked(AppWidgetService.java:219)
03-29 18:58:12.861: D/StrictMode(196): at com.android.server.AppWidgetService.systemReady(AppWidgetService.java:187)
03-29 18:58:12.861: D/StrictMode(196): at com.android.server.ServerThread$1.run(SystemServer.java:697)
03-29 18:58:12.861: D/StrictMode(196): at com.android.server.am.ActivityManagerService.systemReady(ActivityManagerService.java:6886)
03-29 18:58:12.861: D/StrictMode(196): at com.android.server.am.ActivityManagerService$8$1.run(ActivityManagerService.java:6790)
03-29 18:58:12.861: D/StrictMode(196): at android.os.Handler.handleCallback(Handler.java:605)
03-29 18:58:12.861: D/StrictMode(196): at android.os.Handler.dispatchMessage(Handler.java:92)
03-29 18:58:12.861: D/StrictMode(196): at android.os.Looper.loop(Looper.java:137)
03-29 18:58:12.861: D/StrictMode(196): at com.android.server.am.ActivityManagerService$AThread.run(ActivityManagerService.java:1364)
03-29 18:58:12.881: D/SettingsProvider(196): cache for settings table 'secure' rows=31; fullycached=true
03-29 18:58:13.101: W/ThrottleService(196): unable to find stats for iface rmnet0
03-29 18:58:13.131: D/SettingsProvider(196): cache for settings table 'system' rows=47; fullycached=true
03-29 18:58:13.382: D/SystemUIService(479): loading: class com.android.systemui.statusbar.phone.PhoneStatusBar
03-29 18:58:13.401: W/GpsLocationProvider(196): Could not open GPS configuration file /etc/gps.conf
03-29 18:58:13.401: D/SystemUIService(479): running: com.android.systemui.statusbar.phone.PhoneStatusBar@4138d0d0
03-29 18:58:13.742: D/dalvikvm(479): GC_CONCURRENT freed 143K, 3% free 10144K/10375K, paused 6ms+4ms
03-29 18:58:14.931: D/dalvikvm(532): DexOpt: load 277ms, verify+opt 700ms
03-29 18:58:14.981: I/PackageManager(196): Running dexopt on: com.android.providers.telephony
03-29 18:58:16.071: D/dalvikvm(547): DexOpt: load 289ms, verify+opt 344ms
03-29 18:58:16.091: I/PackageManager(196): Running dexopt on: com.android.phone
03-29 18:58:17.531: D/dalvikvm(550): DexOpt: load 175ms, verify+opt 964ms
03-29 18:58:17.571: I/PackageManager(196): Running dexopt on: com.android.settings
03-29 18:58:17.961: I/ActivityThread(509): Pub mms: com.android.providers.telephony.MmsProvider
03-29 18:58:18.162: I/ActivityThread(509): Pub sms: com.android.providers.telephony.SmsProvider
03-29 18:58:18.221: I/ActivityThread(509): Pub telephony: com.android.providers.telephony.TelephonyProvider
03-29 18:58:18.302: W/TelephonyProvider(509): onCreate: confFile=/system/etc/apns-conf.xml oldCheckSum=-1
03-29 18:58:18.601: I/ActivityThread(509): Pub icc: com.android.phone.IccProvider
03-29 18:58:18.612: I/ActivityThread(509): Pub mms-sms: com.android.providers.telephony.MmsSmsProvider
03-29 18:58:18.921: D/dalvikvm(509): GC_CONCURRENT freed 216K, 4% free 10018K/10375K, paused 7ms+5ms
03-29 18:58:23.981: D/AndroidRuntime(556): >>>>>> AndroidRuntime START com.android.internal.os.RuntimeInit <<<<<<
03-29 18:58:23.981: D/AndroidRuntime(556): CheckJNI is ON
03-29 18:58:24.301: D/dalvikvm(551): DexOpt: load 708ms, verify+opt 3914ms
03-29 18:58:24.391: W/NetworkManagementSocketTagger(196): setKernelCountSet(1000, 1) failed with errno -2
03-29 18:58:24.501: I/ActivityManager(196): Start proc com.google.process.gapps for service com.google.android.location/.NetworkLocationService: pid=557 uid=10017 gids={3003, 1015, 1007, 2001, 3006}
03-29 18:58:24.771: W/ThrottleService(196): unable to find stats for iface rmnet0
03-29 18:58:25.101: D/dalvikvm(37): GC_EXPLICIT freed 35K, 4% free 9848K/10179K, paused 60ms+4ms
03-29 18:58:25.131: I/dalvikvm(557): Turning on JNI app bug workarounds for target SDK version 12...
03-29 18:58:25.551: D/dalvikvm(37): GC_EXPLICIT freed <1K, 4% free 9848K/10179K, paused 4ms+61ms
03-29 18:58:25.621: D/dalvikvm(494): GC_CONCURRENT freed 161K, 3% free 10146K/10439K, paused 5ms+8ms
03-29 18:58:25.711: D/dalvikvm(196): GC_CONCURRENT freed 432K, 43% free 12098K/20999K, paused 7ms+29ms
03-29 18:58:25.861: D/dalvikvm(37): GC_EXPLICIT freed <1K, 4% free 9848K/10179K, paused 57ms+4ms
03-29 18:58:26.041: I/ActivityManager(196): Start proc com.android.contacts for broadcast com.android.contacts/.quickcontact.PackageIntentReceiver: pid=586 uid=10000 gids={3003, 1015}
03-29 18:58:26.061: E/ActivityThread(494): Failed to find provider info for com.android.inputmethod.latin.dictionarypack
03-29 18:58:26.071: I/PackageManager(196): Running dexopt on: com.google.android.location
03-29 18:58:26.091: E/BinaryDictionaryGetter(494): Could not find a dictionary pack
03-29 18:58:27.331: D/dalvikvm(196): GC_CONCURRENT freed 509K, 43% free 12154K/20999K, paused 7ms+19ms
03-29 18:58:27.591: D/AndroidRuntime(556): Calling main entry com.android.commands.pm.Pm
03-29 18:58:27.681: D/PackageManager(196): generateServicesMap(android.accounts.AccountAuthenticator): 3 services unchanged
03-29 18:58:27.861: D/PackageManager(196): generateServicesMap(android.content.SyncAdapter): 5 services unchanged
03-29 18:58:27.911: D/StrictMode(196): StrictMode policy violation; ~duration=40 ms: android.os.StrictMode$StrictModeDiskReadViolation: policy=151 violation=2
03-29 18:58:27.911: D/StrictMode(196): at android.os.StrictMode$AndroidBlockGuardPolicy.onReadFromDisk(StrictMode.java:1074)
03-29 18:58:27.911: D/StrictMode(196): at libcore.io.BlockGuardOs.open(BlockGuardOs.java:94)
03-29 18:58:27.911: D/StrictMode(196): at libcore.io.IoBridge.open(IoBridge.java:390)
03-29 18:58:27.911: D/StrictMode(196): at java.io.FileOutputStream.(FileOutputStream.java:88)
03-29 18:58:27.911: D/StrictMode(196): at java.io.FileOutputStream.(FileOutputStream.java:73)
03-29 18:58:27.911: D/StrictMode(196): at com.android.internal.os.AtomicFile.startWrite(AtomicFile.java:59)
03-29 18:58:27.911: D/StrictMode(196): at com.android.server.AppWidgetService.saveStateLocked(AppWidgetService.java:1181)
03-29 18:58:27.911: D/StrictMode(196): at com.android.server.AppWidgetService$2.onReceive(AppWidgetService.java:1452)
03-29 18:58:27.911: D/StrictMode(196): at android.app.LoadedApk$ReceiverDispatcher$Args.run(LoadedApk.java:728)
03-29 18:58:27.911: D/StrictMode(196): at android.os.Handler.handleCallback(Handler.java:605)
03-29 18:58:27.911: D/StrictMode(196): at android.os.Handler.dispatchMessage(Handler.java:92)
03-29 18:58:27.911: D/StrictMode(196): at android.os.Looper.loop(Looper.java:137)
03-29 18:58:27.911: D/StrictMode(196): at com.android.server.ServerThread.run(SystemServer.java:744)
03-29 18:58:27.911: D/StrictMode(196): StrictMode policy violation; ~duration=33 ms: android.os.StrictMode$StrictModeDiskWriteViolation: policy=151 violation=1
03-29 18:58:27.911: D/StrictMode(196): at android.os.StrictMode$AndroidBlockGuardPolicy.onWriteToDisk(StrictMode.java:1048)
03-29 18:58:27.911: D/StrictMode(196): at libcore.io.BlockGuardOs.write(BlockGuardOs.java:178)
03-29 18:58:27.911: D/StrictMode(196): at libcore.io.IoBridge.write(IoBridge.java:447)
03-29 18:58:27.911: D/StrictMode(196): at java.io.FileOutputStream.write(FileOutputStream.java:187)
03-29 18:58:27.911: D/StrictMode(196): at com.android.internal.util.FastXmlSerializer.flushBytes(FastXmlSerializer.java:212)
03-29 18:58:27.911: D/StrictMode(196): at com.android.internal.util.FastXmlSerializer.flush(FastXmlSerializer.java:233)
03-29 18:58:27.911: D/StrictMode(196): at com.android.internal.util.FastXmlSerializer.endDocument(FastXmlSerializer.java:183)
03-29 18:58:27.911: D/StrictMode(196): at com.android.server.AppWidgetService.writeStateToFileLocked(AppWidgetService.java:1240)
03-29 18:58:27.911: D/StrictMode(196): at com.android.server.AppWidgetService.saveStateLocked(AppWidgetService.java:1182)
03-29 18:58:27.911: D/StrictMode(196): at com.android.server.AppWidgetService$2.onReceive(AppWidgetService.java:1452)
03-29 18:58:27.911: D/StrictMode(196): at android.app.LoadedApk$ReceiverDispatcher$Args.run(LoadedApk.java:728)
03-29 18:58:27.911: D/StrictMode(196): at android.os.Handler.handleCallback(Handler.java:605)
03-29 18:58:27.911: D/StrictMode(196): at android.os.Handler.dispatchMessage(Handler.java:92)
03-29 18:58:27.911: D/StrictMode(196): at android.os.Looper.loop(Looper.java:137)
03-29 18:58:27.911: D/StrictMode(196): at com.android.server.ServerThread.run(SystemServer.java:744)
03-29 18:58:27.922: D/StrictMode(196): StrictMode policy violation; ~duration=2 ms: android.os.StrictMode$StrictModeDiskWriteViolation: policy=151 violation=1
03-29 18:58:27.922: D/StrictMode(196): at android.os.StrictMode$AndroidBlockGuardPolicy.onWriteToDisk(StrictMode.java:1048)
03-29 18:58:27.922: D/StrictMode(196): at libcore.io.BlockGuardOs.fsync(BlockGuardOs.java:84)
03-29 18:58:27.922: D/StrictMode(196): at java.io.FileDescriptor.sync(FileDescriptor.java:71)
03-29 18:58:27.922: D/StrictMode(196): at android.os.FileUtils.sync(FileUtils.java:111)
03-29 18:58:27.922: D/StrictMode(196): at com.android.internal.os.AtomicFile.finishWrite(AtomicFile.java:80)
03-29 18:58:27.922: D/StrictMode(196): at com.android.server.AppWidgetService.saveStateLocked(AppWidgetService.java:1183)
03-29 18:58:27.922: D/StrictMode(196): at com.android.server.AppWidgetService$2.onReceive(AppWidgetService.java:1452)
03-29 18:58:27.922: D/StrictMode(196): at android.app.LoadedApk$ReceiverDispatcher$Args.run(LoadedApk.java:728)
03-29 18:58:27.922: D/StrictMode(196): at android.os.Handler.handleCallback(Handler.java:605)
03-29 18:58:27.922: D/StrictMode(196): at android.os.Handler.dispatchMessage(Handler.java:92)
03-29 18:58:27.922: D/StrictMode(196): at android.os.Looper.loop(Looper.java:137)
03-29 18:58:27.922: D/StrictMode(196): at com.android.server.ServerThread.run(SystemServer.java:744)
03-29 18:58:27.971: D/dalvikvm(524): GC_CONCURRENT freed 229K, 4% free 10096K/10439K, paused 5ms+24ms
03-29 18:58:29.321: D/dalvikvm(597): DexOpt: load 207ms, verify+opt 1222ms
03-29 18:58:29.501: I/ActivityManager(196): Start proc android.process.acore for content provider com.android.providers.userdictionary/.UserDictionaryProvider: pid=608 uid=10000 gids={3003, 1015}
03-29 18:58:29.501: I/PackageManager(196): Running dexopt on: com.android.contacts
03-29 18:58:29.731: I/ActivityThread(557): Pub com.google.settings: com.google.android.gsf.settings.GoogleSettingsProvider
03-29 18:58:29.781: D/dalvikvm(196): GREF has increased to 201
03-29 18:58:30.491: D/dalvikvm(557): GC_CONCURRENT freed 313K, 5% free 9955K/10375K, paused 6ms+4ms
03-29 18:58:34.091: D/dalvikvm(614): DexOpt: load 544ms, verify+opt 2503ms
03-29 18:58:34.272: I/ActivityManager(196): Start proc com.android.defcontainer for service com.android.defcontainer/.DefaultContainerService: pid=622 uid=10010 gids={1015, 2001}
03-29 18:58:34.291: I/PackageManager(196): Running dexopt on: com.android.providers.applications
03-29 18:58:34.301: I/StatusBarManagerService(196): registerStatusBar bar=com.android.internal.statusbar.IStatusBar$Stub$Proxy@41c41e38
03-29 18:58:34.401: D/PhoneStatusBar(479): disable: < expand icons alerts ticker system_info back home recent clock
> 03-29 18:58:34.441: D/StrictMode(524): StrictMode policy violation; ~duration=7900 ms: android.os.StrictMode$StrictModeDiskReadViolation: policy=2967 violation=2
03-29 18:58:34.441: D/StrictMode(524): at android.os.StrictMode$AndroidBlockGuardPolicy.onReadFromDisk(StrictMode.java:1074)
03-29 18:58:34.441: D/StrictMode(524): at libcore.io.BlockGuardOs.open(BlockGuardOs.java:94)
03-29 18:58:34.441: D/StrictMode(524): at libcore.io.IoBridge.open(IoBridge.java:390)
03-29 18:58:34.441: D/StrictMode(524): at java.io.FileOutputStream.(FileOutputStream.java:88)
03-29 18:58:34.441: D/StrictMode(524): at java.io.FileOutputStream.(FileOutputStream.java:73)
03-29 18:58:34.441: D/StrictMode(524): at com.android.server.pm.Settings.writeLPr(Settings.java:856)
03-29 18:58:34.441: D/StrictMode(524): at com.android.server.pm.PackageManagerService.setEnabledSetting(PackageManagerService.java:7603)
03-29 18:58:34.441: D/StrictMode(524): at com.android.server.pm.PackageManagerService.setComponentEnabledSetting(PackageManagerService.java:7530)
03-29 18:58:34.441: D/StrictMode(524): at android.content.pm.IPackageManager$Stub.onTransact(IPackageManager.java:832)
03-29 18:58:34.441: D/StrictMode(524): at com.android.server.pm.PackageManagerService.onTransact(PackageManagerService.java:1205)
03-29 18:58:34.441: D/StrictMode(524): at android.os.Binder.execTransact(Binder.java:338)
03-29 18:58:34.441: D/StrictMode(524): at dalvik.system.NativeStart.run(Native Method)
03-29 18:58:34.441: D/StrictMode(524): # via Binder call with stack:
03-29 18:58:34.441: D/StrictMode(524): android.os.StrictMode$LogStackTrace
03-29 18:58:34.441: D/StrictMode(524): at android.os.StrictMode.readAndHandleBinderCallViolations(StrictMode.java:1602)
03-29 18:58:34.441: D/StrictMode(524): at android.os.Parcel.readExceptionCode(Parcel.java:1309)
03-29 18:58:34.441: D/StrictMode(524): at android.os.Parcel.readException(Parcel.java:1278)
03-29 18:58:34.441: D/StrictMode(524): at android.content.pm.IPackageManager$Stub$Proxy.setComponentEnabledSetting(IPackageManager.java:2357)
03-29 18:58:34.441: D/StrictMode(524): at android.app.ApplicationPackageManager.setComponentEnabledSetting(ApplicationPackageManager.java:1119)
03-29 18:58:34.441: D/StrictMode(524): at com.android.settings.CryptKeeper.onCreate(CryptKeeper.java:224)
03-29 18:58:34.441: D/StrictMode(524): at android.app.Activity.performCreate(Activity.java:4465)
03-29 18:58:34.441: D/StrictMode(524): at android.app.Instrumentation.callActivityOnCreate(Instrumentation.java:1049)
03-29 18:58:34.441: D/StrictMode(524): at android.app.ActivityThread.performLaunchActivity(ActivityThread.java:1919)
03-29 18:58:34.441: D/StrictMode(524): at android.app.ActivityThread.handleLaunchActivity(ActivityThread.java:1980)
03-29 18:58:34.441: D/StrictMode(524): at android.app.ActivityThread.access$600(ActivityThread.java:122)
03-29 18:58:34.441: D/StrictMode(524): at android.app.ActivityThread$H.handleMessage(ActivityThread.java:1146)
03-29 18:58:34.441: D/StrictMode(524): at android.os.Handler.dispatchMessage(Handler.java:99)
03-29 18:58:34.441: D/StrictMode(524): at android.os.Looper.loop(Looper.java:137)
03-29 18:58:34.441: D/StrictMode(524): at android.app.ActivityThread.main(ActivityThread.java:4340)
03-29 18:58:34.441: D/StrictMode(524): at java.lang.reflect.Method.invokeNative(Native Method)
03-29 18:58:34.441: D/StrictMode(524): at java.lang.reflect.Method.invoke(Method.java:511)
03-29 18:58:34.441: D/StrictMode(524): at com.android.internal.os.ZygoteInit$MethodAndArgsCaller.run(ZygoteInit.java:784)
03-29 18:58:34.441: D/StrictMode(524): at com.android.internal.os.ZygoteInit.main(ZygoteInit.java:551)
03-29 18:58:34.441: D/StrictMode(524): at dalvik.system.NativeStart.main(Native Method)
03-29 18:58:34.671: D/StorageNotification(479): Startup with UMS connection false (media state unmounted)
03-29 18:58:34.681: W/ActivityManager(196): Activity pause timeout for ActivityRecord{41561010 com.android.settings/.CryptKeeper}
03-29 18:58:34.741: I/StorageNotification(479): UMS connection changed to false (media state unmounted)
03-29 18:58:35.311: D/dalvikvm(628): DexOpt: load 130ms, verify+opt 270ms
03-29 18:58:35.331: I/PackageManager(196): Running dexopt on: com.android.providers.userdictionary
03-29 18:58:35.491: D/dalvikvm(642): DexOpt: load 36ms, verify+opt 40ms
03-29 18:58:35.561: W/ActivityManager(196): Timeout executing service: ServiceRecord{41d562b8 com.android.inputmethod.latin/.LatinIME}
03-29 18:58:35.591: I/ActivityManager(196): START {act=android.intent.action.MAIN cat=[android.intent.category.HOME] flg=0x10000000 cmp=com.android.sdksetup/.DefaultActivity} from pid 0
03-29 18:58:35.661: D/StrictMode(524): StrictMode policy violation; ~duration=7791 ms: android.os.StrictMode$StrictModeDiskWriteViolation: policy=2967 violation=1
03-29 18:58:35.661: D/StrictMode(524): at android.os.StrictMode$AndroidBlockGuardPolicy.onWriteToDisk(StrictMode.java:1048)
03-29 18:58:35.661: D/StrictMode(524): at libcore.io.BlockGuardOs.write(BlockGuardOs.java:178)
03-29 18:58:35.661: D/StrictMode(524): at libcore.io.IoBridge.write(IoBridge.java:447)
03-29 18:58:35.661: D/StrictMode(524): at java.io.FileOutputStream.write(FileOutputStream.java:187)
03-29 18:58:35.661: D/StrictMode(524): at java.io.BufferedOutputStream.flushInternal(BufferedOutputStream.java:185)
03-29 18:58:35.661: D/StrictMode(524): at java.io.BufferedOutputStream.flush(BufferedOutputStream.java:85)
03-29 18:58:35.661: D/StrictMode(524): at com.android.internal.util.FastXmlSerializer.flush(FastXmlSerializer.java:234)
03-29 18:58:35.661: D/StrictMode(524): at com.android.internal.util.FastXmlSerializer.append(FastXmlSerializer.java:86)
03-29 18:58:35.661: D/StrictMode(524): at com.android.internal.util.FastXmlSerializer.escapeAndAppendString(FastXmlSerializer.java:131)
03-29 18:58:35.661: D/StrictMode(524): at com.android.internal.util.FastXmlSerializer.attribute(FastXmlSerializer.java:162)
03-29 18:58:35.661: D/StrictMode(524): at com.android.server.pm.Settings.writePermissionLPr(Settings.java:1156)
03-29 18:58:35.661: D/StrictMode(524): at com.android.server.pm.Settings.writeLPr(Settings.java:886)
03-29 18:58:35.661: D/StrictMode(524): at com.android.server.pm.PackageManagerService.setEnabledSetting(PackageManagerService.java:7603)
03-29 18:58:35.661: D/StrictMode(524): at com.android.server.pm.PackageManagerService.setComponentEnabledSetting(PackageManagerService.java:7530)
03-29 18:58:35.661: D/StrictMode(524): at android.content.pm.IPackageManager$Stub.onTransact(IPackageManager.java:832)
03-29 18:58:35.661: D/StrictMode(524): at com.android.server.pm.PackageManagerService.onTransact(PackageManagerService.java:1205)
03-29 18:58:35.661: D/StrictMode(524): at android.os.Binder.execTransact(Binder.java:338)
03-29 18:58:35.661: D/StrictMode(524): at dalvik.system.NativeStart.run(Native Method)
03-29 18:58:35.661: D/StrictMode(524): # via Binder call with stack:
03-29 18:58:35.661: D/StrictMode(524): android.os.StrictMode$LogStackTrace
03-29 18:58:35.661: D/StrictMode(524): at android.os.StrictMode.readAndHandleBinderCallViolations(StrictMode.java:1602)
03-29 18:58:35.661: D/StrictMode(524): at android.os.Parcel.readExceptionCode(Parcel.java:1309)
03-29 18:58:35.661: D/StrictMode(524): at android.os.Parcel.readException(Parcel.java:1278)
03-29 18:58:35.661: D/StrictMode(524): at android.content.pm.IPackageManager$Stub$Proxy.setComponentEnabledSetting(IPackageManager.java:2357)
03-29 18:58:35.661: D/StrictMode(524): at android.app.ApplicationPackageManager.setComponentEnabledSetting(ApplicationPackageManager.java:1119)
03-29 18:58:35.661: D/StrictMode(524): at com.android.settings.CryptKeeper.onCreate(CryptKeeper.java:224)
03-29 18:58:35.661: D/StrictMode(524): at android.app.Activity.performCreate(Activity.java:4465)
03-29 18:58:35.661: D/StrictMode(524): at android.app.Instrumentation.callActivityOnCreate(Instrumentation.java:1049)
03-29 18:58:35.661: D/StrictMode(524): at android.app.ActivityThread.performLaunchActivity(ActivityThread.java:1919)
03-29 18:58:35.661: D/StrictMode(524): at android.app.ActivityThread.handleLaunchActivity(ActivityThread.java:1980)
03-29 18:58:35.661: D/StrictMode(524): at android.app.ActivityThread.access$600(ActivityThread.java:122)
03-29 18:58:35.661: D/StrictMode(524): at android.app.ActivityThread$H.handleMessage(ActivityThread.java:1146)
03-29 18:58:35.661: D/StrictMode(524): at android.os.Handler.dispatchMessage(Handler.java:99)
03-29 18:58:35.661: D/StrictMode(524): at android.os.Looper.loop(Looper.java:137)
03-29 18:58:35.661: D/StrictMode(524): at android.app.ActivityThread.main(ActivityThread.java:4340)
03-29 18:58:35.661: D/StrictMode(524): at java.lang.reflect.Method.invokeNative(Native Method)
03-29 18:58:35.661: D/StrictMode(524): at java.lang.reflect.Method.invoke(Method.java:511)
03-29 18:58:35.661: D/StrictMode(524): at com.android.internal.os.ZygoteInit$MethodAndArgsCaller.run(ZygoteInit.java:784)
03-29 18:58:35.661: D/StrictMode(524): at com.android.internal.os.ZygoteInit.main(ZygoteInit.java:551)
03-29 18:58:35.661: D/StrictMode(524): at dalvik.system.NativeStart.main(Native Method)
03-29 18:58:35.791: I/ActivityManager(196): Start proc com.android.sdksetup for activity com.android.sdksetup/.DefaultActivity: pid=644 uid=10034 gids={}
03-29 18:58:35.801: I/PackageManager(196): Running dexopt on: com.android.defcontainer
03-29 18:58:35.851: I/ActivityThread(557): Pub com.google.android.gsf.gservices: com.google.android.gsf.gservices.GservicesProvider
03-29 18:58:35.911: I/ActivityThread(608): Pub com.android.voicemail: com.android.providers.contacts.VoicemailContentProvider
03-29 18:58:35.921: I/GservicesProvider(557): Gservices pushing to system: true; secure: true
03-29 18:58:35.941: I/ActivityThread(557): Pub subscribedfeeds: com.google.android.gsf.subscribedfeeds.SubscribedFeedsProvider
03-29 18:58:36.162: I/ActivityThread(608): Pub com.android.social: com.android.providers.contacts.SocialProvider
03-29 18:58:36.211: I/ActivityThread(608): Pub applications: com.android.providers.applications.ApplicationsProvider
03-29 18:58:36.431: D/dalvikvm(650): DexOpt: load 76ms, verify+opt 102ms
03-29 18:58:36.481: D/SystemUIService(479): loading: class com.android.systemui.power.PowerUI
03-29 18:58:36.481: D/SystemUIService(479): running: com.android.systemui.power.PowerUI@413e2a38
03-29 18:58:36.501: D/StrictMode(524): StrictMode policy violation; ~duration=7682 ms: android.os.StrictMode$StrictModeDiskWriteViolation: policy=2967 violation=1
03-29 18:58:36.501: D/StrictMode(524): at android.os.StrictMode$AndroidBlockGuardPolicy.onWriteToDisk(StrictMode.java:1048)
03-29 18:58:36.501: D/StrictMode(524): at libcore.io.BlockGuardOs.write(BlockGuardOs.java:178)
03-29 18:58:36.501: D/StrictMode(524): at libcore.io.IoBridge.write(IoBridge.java:447)
03-29 18:58:36.501: D/StrictMode(524): at java.io.FileOutputStream.write(FileOutputStream.java:187)
03-29 18:58:36.501: D/StrictMode(524): at java.io.BufferedOutputStream.flushInternal(BufferedOutputStream.java:185)
03-29 18:58:36.501: D/StrictMode(524): at java.io.BufferedOutputStream.flush(BufferedOutputStream.java:85)
03-29 18:58:36.501: D/StrictMode(524): at com.android.internal.util.FastXmlSerializer.flush(FastXmlSerializer.java:234)
03-29 18:58:36.501: D/StrictMode(524): at com.android.internal.util.FastXmlSerializer.append(FastXmlSerializer.java:86)
03-29 18:58:36.501: D/StrictMode(524): at com.android.internal.util.FastXmlSerializer.escapeAndAppendString(FastXmlSerializer.java:131)
03-29 18:58:36.501: D/StrictMode(524): at com.android.internal.util.FastXmlSerializer.attribute(FastXmlSerializer.java:162)
03-29 18:58:36.501: D/StrictMode(524): at com.android.server.pm.PackageSignatures.writeXml(PackageSignatures.java:71)
03-29 18:58:36.501: D/StrictMode(524): at com.android.server.pm.Settings.writePackageLPr(Settings.java:1114)
03-29 18:58:36.501: D/StrictMode(524): at com.android.server.pm.Settings.writeLPr(Settings.java:891)
03-29 18:58:36.501: D/StrictMode(524): at com.android.server.pm.PackageManagerService.setEnabledSetting(PackageManagerService.java:7603)
03-29 18:58:36.501: D/StrictMode(524): at com.android.server.pm.PackageManagerService.setComponentEnabledSetting(PackageManagerService.java:7530)
03-29 18:58:36.501: D/StrictMode(524): at android.content.pm.IPackageManager$Stub.onTransact(IPackageManager.java:832)
03-29 18:58:36.501: D/StrictMode(524): at com.android.server.pm.PackageManagerService.onTransact(PackageManagerService.java:1205)
03-29 18:58:36.501: D/StrictMode(524): at android.os.Binder.execTransact(Binder.java:338)
03-29 18:58:36.501: D/StrictMode(524): at dalvik.system.NativeStart.run(Native Method)
03-29 18:58:36.501: D/StrictMode(524): # via Binder call with stack:
03-29 18:58:36.501: D/StrictMode(524): android.os.StrictMode$LogStackTrace
03-29 18:58:36.501: D/StrictMode(524): at android.os.StrictMode.readAndHandleBinderCallViolations(StrictMode.java:1602)
03-29 18:58:36.501: D/StrictMode(524): at android.os.Parcel.readExceptionCode(Parcel.java:1309)
03-29 18:58:36.501: D/StrictMode(524): at android.os.Parcel.readException(Parcel.java:1278)
03-29 18:58:36.501: D/StrictMode(524): at android.content.pm.IPackageManager$Stub$Proxy.setComponentEnabledSetting(IPackageManager.java:2357)
03-29 18:58:36.501: D/StrictMode(524): at android.app.ApplicationPackageManager.setComponentEnabledSetting(ApplicationPackageManager.java:1119)
03-29 18:58:36.501: D/StrictMode(524): at com.android.settings.CryptKeeper.onCreate(CryptKeeper.java:224)
03-29 18:58:36.501: D/StrictMode(524): at android.app.Activity.performCreate(Activity.java:4465)
03-29 18:58:36.501: D/StrictMode(524): at android.app.Instrumentation.callActivityOnCreate(Instrumentation.java:1049)
03-29 18:58:36.501: D/StrictMode(524): at android.app.ActivityThread.performLaunchActivity(ActivityThread.java:1919)
03-29 18:58:36.501: D/StrictMode(524): at android.app.ActivityThread.handleLaunchActivity(ActivityThread.java:1980)
03-29 18:58:36.501: D/StrictMode(524): at android.app.ActivityThread.access$600(ActivityThread.java:122)
03-29 18:58:36.501: D/StrictMode(524): at android.app.ActivityThread$H.handleMessage(ActivityThread.java:1146)
03-29 18:58:36.501: D/StrictMode(524): at android.os.Handler.dispatchMessage(Handler.java:99)
03-29 18:58:36.501: D/StrictMode(524): at android.os.Looper.loop(Looper.java:137)
03-29 18:58:36.501: D/StrictMode(524): at android.app.ActivityThread.main(ActivityThread.java:4340)
03-29 18:58:36.501: D/StrictMode(524): at java.lang.reflect.Method.invokeNative(Native Method)
03-29 18:58:36.501: D/StrictMode(524): at java.lang.reflect.Method.invoke(Method.java:511)
03-29 18:58:36.501: D/StrictMode(524): at com.android.internal.os.ZygoteInit$MethodAndArgsCaller.run(ZygoteInit.java:784)
03-29 18:58:36.501: D/StrictMode(524): at com.android.internal.os.ZygoteInit.main(ZygoteInit.java:551)
03-29 18:58:36.501: D/StrictMode(524): at dalvik.system.NativeStart.main(Native Method)
03-29 18:58:36.541: I/PackageManager(196): Running dexopt on: com.android.sdksetup
03-29 18:58:36.561: I/Process(196): Sending signal. PID: 494 SIG: 3
03-29 18:58:36.621: I/dalvikvm(494): threadid=3: reacting to signal 3
03-29 18:58:36.661: I/dalvikvm(494): Wrote stack traces to '/data/anr/traces.txt'
03-29 18:58:36.721: I/Process(196): Sending signal. PID: 196 SIG: 3
03-29 18:58:36.721: I/dalvikvm(196): threadid=3: reacting to signal 3
03-29 18:58:37.061: I/AccountTypeManager(586): Loaded meta-data for 1 account types, 0 accounts in 484ms(wall) 43ms(cpu)
03-29 18:58:37.061: I/dalvikvm(196): Wrote stack traces to '/data/anr/traces.txt'
03-29 18:58:37.061: I/Process(196): Sending signal. PID: 479 SIG: 3
03-29 18:58:37.071: I/dalvikvm(479): threadid=3: reacting to signal 3
03-29 18:58:37.101: I/dalvikvm(479): Wrote stack traces to '/data/anr/traces.txt'
03-29 18:58:37.131: I/Process(196): Sending signal. PID: 509 SIG: 3
03-29 18:58:37.131: I/dalvikvm(509): threadid=3: reacting to signal 3
03-29 18:58:37.151: I/dalvikvm(509): Wrote stack traces to '/data/anr/traces.txt'
03-29 18:58:37.251: D/dalvikvm(660): DexOpt: load 212ms, verify+opt 36ms
03-29 18:58:37.311: I/ActivityThread(557): Pub com.google.android.providers.talk: com.google.android.gsf.talk.TalkProvider
03-29 18:58:37.311: W/ActivityManager(196): Unable to start service Intent { act=com.android.internal.telephony.IWapPushManager }: not found
03-29 18:58:37.411: D/StrictMode(524): StrictMode policy violation; ~duration=7422 ms: android.os.StrictMode$StrictModeDiskWriteViolation: policy=2967 violation=1
03-29 18:58:37.411: D/StrictMode(524): at android.os.StrictMode$AndroidBlockGuardPolicy.onWriteToDisk(StrictMode.java:1048)
03-29 18:58:37.411: D/StrictMode(524): at libcore.io.BlockGuardOs.write(BlockGuardOs.java:178)
03-29 18:58:37.411: D/StrictMode(524): at libcore.io.IoBridge.write(IoBridge.java:447)
03-29 18:58:37.411: D/StrictMode(524): at java.io.FileOutputStream.write(FileOutputStream.java:187)
03-29 18:58:37.411: D/StrictMode(524): at java.io.BufferedOutputStream.flushInternal(BufferedOutputStream.java:185)
03-29 18:58:37.411: D/StrictMode(524): at java.io.BufferedOutputStream.flush(BufferedOutputStream.java:85)
03-29 18:58:37.411: D/StrictMode(524): at com.android.internal.util.FastXmlSerializer.flush(FastXmlSerializer.java:234)
03-29 18:58:37.411: D/StrictMode(524): at com.android.internal.util.FastXmlSerializer.append(FastXmlSerializer.java:86)
03-29 18:58:37.411: D/StrictMode(524): at com.android.internal.util.FastXmlSerializer.escapeAndAppendString(FastXmlSerializer.java:131)
03-29 18:58:37.411: D/StrictMode(524): at com.android.internal.util.FastXmlSerializer.attribute(FastXmlSerializer.java:162)
03-29 18:58:37.411: D/StrictMode(524): at com.android.server.pm.Settings.writePackageLPr(Settings.java:1093)
03-29 18:58:37.411: D/StrictMode(524): at com.android.server.pm.Settings.writeLPr(Settings.java:891)
03-29 18:58:37.411: D/StrictMode(524): at com.android.server.pm.PackageManagerService.setEnabledSetting(PackageManagerService.java:7603)
03-29 18:58:37.411: D/StrictMode(524): at com.android.server.pm.PackageManagerService.setComponentEnabledSetting(PackageManagerService.java:7530)
03-29 18:58:37.411: D/StrictMode(524): at android.content.pm.IPackageManager$Stub.onTransact(IPackageManager.java:832)
03-29 18:58:37.411: D/StrictMode(524): at com.android.server.pm.PackageManagerService.onTransact(PackageManagerService.java:1205)
03-29 18:58:37.411: D/StrictMode(524): at android.os.Binder.execTransact(Binder.java:338)
03-29 18:58:37.411: D/StrictMode(524): at dalvik.system.NativeStart.run(Native Method)
03-29 18:58:37.411: D/StrictMode(524): # via Binder call with stack:
03-29 18:58:37.411: D/StrictMode(524): android.os.StrictMode$LogStackTrace
03-29 18:58:37.411: D/StrictMode(524): at android.os.StrictMode.readAndHandleBinderCallViolations(StrictMode.java:1602)
03-29 18:58:37.411: D/StrictMode(524): at android.os.Parcel.readExceptionCode(Parcel.java:1309)
03-29 18:58:37.411: D/StrictMode(524): at android.os.Parcel.readException(Parcel.java:1278)
03-29 18:58:37.411: D/StrictMode(524): at android.content.pm.IPackageManager$Stub$Proxy.setComponentEnabledSetting(IPackageManager.java:2357)
03-29 18:58:37.411: D/StrictMode(524): at android.app.ApplicationPackageManager.setComponentEnabledSetting(ApplicationPackageManager.java:1119)
03-29 18:58:37.411: D/StrictMode(524): at com.android.settings.CryptKeeper.onCreate(CryptKeeper.java:224)
03-29 18:58:37.411: D/StrictMode(524): at android.app.Activity.performCreate(Activity.java:4465)
03-29 18:58:37.411: D/StrictMode(524): at android.app.Instrumentation.callActivityOnCreate(Instrumentation.java:1049)
03-29 18:58:37.411: D/StrictMode(524): at android.app.ActivityThread.performLaunchActivity(ActivityThread.java:1919)
03-29 18:58:37.411: D/StrictMode(524): at android.app.ActivityThread.handleLaunchActivity(ActivityThread.java:1980)
03-29 18:58:37.411: D/StrictMode(524): at android.app.ActivityThread.access$600(ActivityThread.java:122)
03-29 18:58:37.411: D/StrictMode(524): at android.app.ActivityThread$H.handleMessage(ActivityThread.java:1146)
03-29 18:58:37.411: D/StrictMode(524): at android.os.Handler.dispatchMessage(Handler.java:99)
03-29 18:58:37.411: D/StrictMode(524): at android.os.Looper.loop(Looper.java:137)
03-29 18:58:37.411: D/StrictMode(524): at android.app.ActivityThread.main(ActivityThread.java:4340)
03-29 18:58:37.411: D/StrictMode(524): at java.lang.reflect.Method.invokeNative(Native Method)
03-29 18:58:37.411: D/StrictMode(524): at java.lang.reflect.Method.invoke(Method.java:511)
03-29 18:58:37.411: D/StrictMode(524): at com.android.internal.os.ZygoteInit$MethodAndArgsCaller.run(ZygoteInit.java:784)
03-29 18:58:37.411: D/StrictMode(524): at com.android.internal.os.ZygoteInit.main(ZygoteInit.java:551)
03-29 18:58:37.411: D/StrictMode(524): at dalvik.system.NativeStart.main(Native Method)
03-29 18:58:37.422: D/StrictMode(524): StrictMode policy violation; ~duration=7323 ms: android.os.StrictMode$StrictModeDiskWriteViolation: policy=2967 violation=1
03-29 18:58:37.422: D/StrictMode(524): at android.os.StrictMode$AndroidBlockGuardPolicy.onWriteToDisk(StrictMode.java:1048)
03-29 18:58:37.422: D/StrictMode(524): at libcore.io.BlockGuardOs.write(BlockGuardOs.java:178)
03-29 18:58:37.422: D/StrictMode(524): at libcore.io.IoBridge.write(IoBridge.java:447)
03-29 18:58:37.422: D/StrictMode(524): at java.io.FileOutputStream.write(FileOutputStream.java:187)
03-29 18:58:37.422: D/StrictMode(524): at java.io.BufferedOutputStream.flushInternal(BufferedOutputStream.java:185)
03-29 18:58:37.422: D/StrictMode(524): at java.io.BufferedOutputStream.flush(BufferedOutputStream.java:85)
03-29 18:58:37.422: D/StrictMode(524): at com.android.internal.util.FastXmlSerializer.flush(FastXmlSerializer.java:234)
03-29 18:58:37.422: D/StrictMode(524): at com.android.internal.util.FastXmlSerializer.append(FastXmlSerializer.java:86)
03-29 18:58:37.422: D/StrictMode(524): at com.android.internal.util.FastXmlSerializer.escapeAndAppendString(FastXmlSerializer.java:131)
03-29 18:58:37.422: D/StrictMode(524): at com.android.internal.util.FastXmlSerializer.attribute(FastXmlSerializer.java:162)
03-29 18:58:37.422: D/StrictMode(524): at com.android.server.pm.Settings.writeLPr(Settings.java:915)
03-29 18:58:37.422: D/StrictMode(524): at com.android.server.pm.PackageManagerService.setEnabledSetting(PackageManagerService.java:7603)
03-29 18:58:37.422: D/StrictMode(524): at com.android.server.pm.PackageManagerService.setComponentEnabledSetting(PackageManagerService.java:7530)
03-29 18:58:37.422: D/StrictMode(524): at android.content.pm.IPackageManager$Stub.onTransact(IPackageManager.java:832)
03-29 18:58:37.422: D/StrictMode(524): at com.android.server.pm.PackageManagerService.onTransact(PackageManagerService.java:1205)
03-29 18:58:37.422: D/StrictMode(524): at android.os.Binder.execTransact(Binder.java:338)
03-29 18:58:37.422: D/StrictMode(524): at dalvik.system.NativeStart.run(Native Method)
03-29 18:58:37.422: D/StrictMode(524): # via Binder call with stack:
03-29 18:58:37.422: D/StrictMode(524): android.os.StrictMode$LogStackTrace
03-29 18:58:37.422: D/StrictMode(524): at android.os.StrictMode.readAndHandleBinderCallViolations(StrictMode.java:1602)
03-29 18:58:37.422: D/StrictMode(524): at android.os.Parcel.readExceptionCode(Parcel.java:1309)
03-29 18:58:37.422: D/StrictMode(524): at android.os.Parcel.readException(Parcel.java:1278)
03-29 18:58:37.422: D/StrictMode(524): at android.content.pm.IPackageManager$Stub$Proxy.setComponentEnabledSetting(IPackageManager.java:2357)
03-29 18:58:37.422: D/StrictMode(524): at android.app.ApplicationPackageManager.setComponentEnabledSetting(ApplicationPackageManager.java:1119)
03-29 18:58:37.422: D/StrictMode(524): at com.android.settings.CryptKeeper.onCreate(CryptKeeper.java:224)
03-29 18:58:37.422: D/StrictMode(524): at android.app.Activity.performCreate(Activity.java:4465)
03-29 18:58:37.422: D/StrictMode(524): at android.app.Instrumentation.callActivityOnCreate(Instrumentation.java:1049)
03-29 18:58:37.422: D/StrictMode(524): at android.app.ActivityThread.performLaunchActivity(ActivityThread.java:1919)
03-29 18:58:37.422: D/StrictMode(524): at android.app.ActivityThread.handleLaunchActivity(ActivityThread.java:1980)
03-29 18:58:37.422: D/StrictMode(524): at android.app.ActivityThread.access$600(ActivityThread.java:122)
03-29 18:58:37.422: D/StrictMode(524): at android.app.ActivityThread$H.handleMessage(ActivityThread.java:1146)
03-29 18:58:37.422: D/StrictMode(524): at android.os.Handler.dispatchMessage(Handler.java:99)
03-29 18:58:37.422: D/StrictMode(524): at android.os.Looper.loop(Looper.java:137)
03-29 18:58:37.422: D/StrictMode(524): at android.app.ActivityThread.main(ActivityThread.java:4340)
03-29 18:58:37.422: D/StrictMode(524): at java.lang.reflect.Method.invokeNative(Native Method)
03-29 18:58:37.422: D/StrictMode(524): at java.lang.reflect.Method.invoke(Method.java:511)
03-29 18:58:37.422: D/StrictMode(524): at com.android.internal.os.ZygoteInit$MethodAndArgsCaller.run(ZygoteInit.java:784)
03-29 18:58:37.422: D/StrictMode(524): at com.android.internal.os.ZygoteInit.main(ZygoteInit.java:551)
03-29 18:58:37.422: D/StrictMode(524): at dalvik.system.NativeStart.main(Native Method)
03-29 18:58:37.551: I/ActivityThread(608): Pub contacts;com.android.contacts: com.android.providers.contacts.ContactsProvider2
03-29 18:58:37.931: D/dalvikvm(479): GC_CONCURRENT freed 95K, 3% free 10463K/10695K, paused 4ms+5ms
03-29 18:58:37.991: D/dalvikvm(608): GC_CONCURRENT freed 344K, 5% free 10009K/10439K, paused 6ms+16ms
03-29 18:58:38.081: D/dalvikvm(196): GC_CONCURRENT freed 482K, 42% free 12252K/20999K, paused 8ms+22ms
03-29 18:58:38.101: D/WifiService(196): New client listening to asynchronous messages
03-29 18:58:38.251: D/NetworkLocationService(557): onCreate com.google.android.location.NetworkLocationService@413647b0
03-29 18:58:38.261: D/(509): [ApnContext] set reason as dataEnabled, for type default,current state IDLE
03-29 18:58:38.301: D/(509): [ApnContext] set reason as dataEnabled, for type mms,current state IDLE
03-29 18:58:38.321: D/(509): [ApnContext] set reason as dataEnabled, for type supl,current state IDLE
03-29 18:58:38.341: D/(509): [ApnContext] set reason as dataEnabled, for type hipri,current state IDLE
03-29 18:58:38.341: D/(509): [ApnContext] set reason as dataEnabled, for type fota,current state IDLE
03-29 18:58:38.371: D/(509): [ApnContext] set reason as dataEnabled, for type ims,current state IDLE
03-29 18:58:38.401: D/(509): [ApnContext] set reason as dataEnabled, for type cbs,current state IDLE
03-29 18:58:38.641: D/NetworkLocationClient(557): ANDROID minProtocolVersion 1 maxProtocolVersion 1 releaseVersion -1
03-29 18:58:38.641: D/NetworkLocationClient(557): binding to Intent { act=com.google.android.location.internal.ANDROID_NLP }
03-29 18:58:38.661: D/StrictMode(196): StrictMode policy violation; ~duration=755 ms: android.os.StrictMode$StrictModeDiskReadViolation: policy=151 violation=2
03-29 18:58:38.661: D/StrictMode(196): at android.os.StrictMode$AndroidBlockGuardPolicy.onReadFromDisk(StrictMode.java:1074)
03-29 18:58:38.661: D/StrictMode(196): at libcore.io.BlockGuardOs.open(BlockGuardOs.java:94)
03-29 18:58:38.661: D/StrictMode(196): at java.io.File.createNewFile(File.java:933)
03-29 18:58:38.661: D/StrictMode(196): at com.android.internal.util.JournaledFile.chooseForWrite(JournaledFile.java:73)
03-29 18:58:38.661: D/StrictMode(196): at com.android.server.WallpaperManagerService.saveSettingsLocked(WallpaperManagerService.java:704)
03-29 18:58:38.661: D/StrictMode(196): at com.android.server.WallpaperManagerService.access$100(WallpaperManagerService.java:74)
03-29 18:58:38.661: D/StrictMode(196): at com.android.server.WallpaperManagerService$WallpaperConnection.onServiceConnected(WallpaperManagerService.java:194)
03-29 18:58:38.661: D/StrictMode(196): at android.app.LoadedApk$ServiceDispatcher.doConnected(LoadedApk.java:1061)
03-29 18:58:38.661: D/StrictMode(196): at android.app.LoadedApk$ServiceDispatcher$RunConnection.run(LoadedApk.java:1078)
03-29 18:58:38.661: D/StrictMode(196): at android.os.Handler.handleCallback(Handler.java:605)
03-29 18:58:38.661: D/StrictMode(196): at android.os.Handler.dispatchMessage(Handler.java:92)
03-29 18:58:38.661: D/StrictMode(196): at android.os.Looper.loop(Looper.java:137)
03-29 18:58:38.661: D/StrictMode(196): at com.android.server.ServerThread.run(SystemServer.java:744)
03-29 18:58:38.661: D/StrictMode(196): StrictMode policy violation; ~duration=86 ms: android.os.StrictMode$StrictModeDiskReadViolation: policy=151 violation=2
03-29 18:58:38.661: D/StrictMode(196): at android.os.StrictMode$AndroidBlockGuardPolicy.onReadFromDisk(StrictMode.java:1074)
