03-29 18:56:11.871: I/DEBUG(34): debuggerd: Nov 23 2011 15:12:26
03-29 18:56:11.941: I/qemu-props(32): connected to 'boot-properties' qemud service.
03-29 18:56:11.941: I/qemu-props(32): receiving..
03-29 18:56:11.941: I/qemu-props(32): received: dalvik.vm.heapsize=24m
03-29 18:56:11.941: I/qemu-props(32): receiving..
03-29 18:56:11.941: I/qemu-props(32): received: qemu.sf.lcd_density=240
03-29 18:56:11.941: I/qemu-props(32): receiving..
03-29 18:56:11.941: I/qemu-props(32): received: qemu.hw.mainkeys=1
03-29 18:56:11.951: I/qemu-props(32): receiving..
03-29 18:56:11.951: I/qemu-props(32): received: qemu.sf.fake_camera=back
03-29 18:56:12.002: I/qemu-props(32): receiving..
03-29 18:56:12.002: I/qemu-props(32): exiting (4 properties set).
03-29 18:56:12.071: I/Netd(33): Netd 1.0 starting
03-29 18:56:12.091: I/Vold(31): Vold 2.1 (the revenge) firing up
03-29 18:56:12.091: D/Vold(31): Volume sdcard state changing -1 (Initializing) -> 0 (No-Media)
03-29 18:56:12.251: E/Netd(33): Unable to bind netlink socket: No such file or directory
03-29 18:56:12.251: E/Netd(33): Unable to open quota2 logging socket
03-29 18:56:12.501: D/Vold(31): Volume sdcard state changing 0 (No-Media) -> 1 (Idle-Unmounted)
03-29 18:56:13.151: D/AndroidRuntime(37): >>>>>> AndroidRuntime START com.android.internal.os.ZygoteInit <<<<<<
03-29 18:56:13.151: D/AndroidRuntime(37): CheckJNI is ON
03-29 18:56:13.221: I/SurfaceFlinger(36): SurfaceFlinger is starting
03-29 18:56:13.251: I/SurfaceFlinger(36): SurfaceFlinger's main thread ready to run. Initializing graphics H/W...
03-29 18:56:13.261: D/gralloc_goldfish(36): Emulator without GPU emulation detected.
03-29 18:56:13.261: I/gralloc(36): using (fd=11)
03-29 18:56:13.261: I/gralloc(36): id =
03-29 18:56:13.261: I/gralloc(36): xres = 480 px
03-29 18:56:13.261: I/gralloc(36): yres = 854 px
03-29 18:56:13.261: I/gralloc(36): xres_virtual = 480 px
03-29 18:56:13.261: I/gralloc(36): yres_virtual = 1708 px
03-29 18:56:13.261: I/gralloc(36): bpp = 16
03-29 18:56:13.261: I/gralloc(36): r = 11:5
03-29 18:56:13.261: I/gralloc(36): g = 5:6
03-29 18:56:13.261: I/gralloc(36): b = 0:5
03-29 18:56:13.261: I/gralloc(36): width = 74 mm (164.756760 dpi)
03-29 18:56:13.261: I/gralloc(36): height = 131 mm (165.584732 dpi)
03-29 18:56:13.261: I/gralloc(36): refresh rate = 243.95 Hz
03-29 18:56:13.281: D/libEGL(36): Emulator without GPU support detected. Fallback to software renderer.
03-29 18:56:13.281: D/libEGL(36): loaded /system/lib/egl/libGLES_android.so
03-29 18:56:13.301: I/SurfaceFlinger(36): EGL informations:
03-29 18:56:13.311: I/SurfaceFlinger(36): # of configs : 8
03-29 18:56:13.311: I/SurfaceFlinger(36): vendor : Android
03-29 18:56:13.311: I/SurfaceFlinger(36): version : 1.4 Android META-EGL
03-29 18:56:13.311: I/SurfaceFlinger(36): extensions: EGL_KHR_image EGL_KHR_image_base EGL_KHR_image_pixmap EGL_KHR_gl_texture_2D_image EGL_KHR_gl_texture_cubemap_image EGL_KHR_gl_renderbuffer_image EGL_KHR_fence_sync EGL_ANDROID_image_native_buffer EGL_ANDROID_swap_rectangle EGL_NV_system_time
03-29 18:56:13.311: I/SurfaceFlinger(36): Client API: OpenGL ES
03-29 18:56:13.311: I/SurfaceFlinger(36): EGLSurface: 5-6-5-0, config=0x0
03-29 18:56:13.311: I/SurfaceFlinger(36): OpenGL informations:
03-29 18:56:13.311: I/SurfaceFlinger(36): vendor : Android
03-29 18:56:13.311: I/SurfaceFlinger(36): renderer : Android PixelFlinger 1.4
03-29 18:56:13.311: I/SurfaceFlinger(36): version : OpenGL ES-CM 1.0
03-29 18:56:13.311: I/SurfaceFlinger(36): extensions: GL_OES_byte_coordinates GL_OES_fixed_point GL_OES_single_precision GL_OES_read_format GL_OES_compressed_paletted_texture GL_OES_draw_texture GL_OES_matrix_get GL_OES_query_matrix GL_OES_EGL_image GL_OES_compressed_ETC1_RGB8_texture GL_ARB_texture_compression GL_ARB_texture_non_power_of_two GL_ANDROID_user_clip_plane GL_ANDROID_vertex_buffer_object GL_ANDROID_generate_mipmap
03-29 18:56:13.311: I/SurfaceFlinger(36): GL_MAX_TEXTURE_SIZE = 4096
03-29 18:56:13.311: I/SurfaceFlinger(36): GL_MAX_VIEWPORT_DIMS = 4096 x 4096
03-29 18:56:13.311: I/SurfaceFlinger(36): flags = 000c0000
03-29 18:56:13.321: W/SurfaceFlinger(36): hwcomposer module not found
03-29 18:56:13.631: I/BootAnimation(68): boot animation disabled
03-29 18:56:13.731: I/(38): ServiceManager: 0xf958
03-29 18:56:14.471: D/dalvikvm(37): DexOpt: --- BEGIN 'core.jar' (bootstrap=1) ---
03-29 18:56:14.911: I/AudioFlinger(38): Loaded primary audio interface from LEGACY Audio HW HAL (audio)
03-29 18:56:14.911: I/AudioFlinger(38): Using 'LEGACY Audio HW HAL' (audio.primary) as the primary audio interface
03-29 18:56:14.911: D/AudioHardwareInterface(38): setMode(NORMAL)
03-29 18:56:14.911: I/CameraService(38): CameraService started (pid=38)
03-29 18:56:14.921: D/EmulatedCamera_QemuClient(38): Emulated camera list: name=webcam0 channel=0 pix=1498831189 dir=front framedims=640x480,352x288,320x240,176x144
03-29 18:56:14.921: V/EmulatedCamera_QemuCamera(38): Initialize:
03-29 18:56:14.921: V/EmulatedCamera_QemuCamera(38): Name=webcam0
03-29 18:56:14.921: V/EmulatedCamera_QemuCamera(38): Facing 'front'
03-29 18:56:14.921: V/EmulatedCamera_QemuCamera(38): Dimensions=640x480,352x288,320x240,176x144
03-29 18:56:14.931: V/EmulatedCamera_QemuDevice(38): Initialize: Connected to the emulated camera service 'webcam0'
03-29 18:56:14.931: V/EmulatedCamera_QemuCamera(38): Initialize: Qemu camera webcam0 is initialized. Current frame is 640x480
03-29 18:56:14.931: D/EmulatedCamera_FakeCamera(38): Initialize: Fake camera is facing back
03-29 18:56:14.941: V/EmulatedCamera_Factory(38): 2 cameras are being emulated. Fake camera ID is 1
03-29 18:56:14.981: I/AudioFlinger(38): AudioFlinger's thread 0x11af0 ready to run
03-29 18:56:14.981: W/AudioFlinger(38): Thread AudioOut_1 cannot connect to the power manager service
03-29 18:56:14.991: I/AudioPolicyService(38): Loaded audio policy from LEGACY Audio Policy HAL (audio_policy)
03-29 18:56:15.461: D/dalvikvm(69): Ignoring duplicate verify attempt on Ljava/lang/Object;
03-29 18:56:15.811: D/dalvikvm(69): Ignoring duplicate verify attempt on Ljava/lang/Class;
03-29 18:56:15.881: D/dalvikvm(69): Ignoring duplicate verify attempt on Ljava/lang/ref/Reference;
03-29 18:56:15.881: D/dalvikvm(69): Ignoring duplicate verify attempt on Ljava/lang/ref/ReferenceQueue;
03-29 18:56:15.981: D/dalvikvm(69): Ignoring duplicate verify attempt on Ljava/lang/ref/FinalizerReference;
03-29 18:56:19.091: D/dalvikvm(69): DexOpt: load 293ms, verify+opt 3631ms
03-29 18:56:19.181: D/dalvikvm(37): DexOpt: --- END 'core.jar' (success) ---
03-29 18:56:19.181: D/dalvikvm(37): DEX prep '/system/framework/core.jar': unzip in 1261ms, rewrite 4708ms
03-29 18:56:19.303: D/dalvikvm(37): DexOpt: --- BEGIN 'core-junit.jar' (bootstrap=1) ---
03-29 18:56:19.431: D/dalvikvm(74): DexOpt: load 24ms, verify+opt 37ms
03-29 18:56:19.431: D/dalvikvm(37): DexOpt: --- END 'core-junit.jar' (success) ---
03-29 18:56:19.431: D/dalvikvm(37): DEX prep '/system/framework/core-junit.jar': unzip in 112ms, rewrite 137ms
03-29 18:56:19.531: D/dalvikvm(37): DexOpt: --- BEGIN 'bouncycastle.jar' (bootstrap=1) ---
03-29 18:56:21.071: D/dalvikvm(75): DexOpt: load 88ms, verify+opt 1218ms
03-29 18:56:21.101: D/dalvikvm(37): DexOpt: --- END 'bouncycastle.jar' (success) ---
03-29 18:56:21.101: D/dalvikvm(37): DEX prep '/system/framework/bouncycastle.jar': unzip in 88ms, rewrite 1569ms
03-29 18:56:21.241: D/dalvikvm(37): DexOpt: --- BEGIN 'ext.jar' (bootstrap=1) ---
03-29 18:56:23.711: D/dalvikvm(76): DexOpt: load 166ms, verify+opt 1978ms
03-29 18:56:23.752: D/dalvikvm(37): DexOpt: --- END 'ext.jar' (success) ---
03-29 18:56:23.752: D/dalvikvm(37): DEX prep '/system/framework/ext.jar': unzip in 136ms, rewrite 2512ms
03-29 18:56:24.781: D/dalvikvm(37): DexOpt: --- BEGIN 'framework.jar' (bootstrap=1) ---
03-29 18:56:27.151: D/dalvikvm(77): Note: class Landroid/opengl/GLWrapperBase; has 250 unimplemented (abstract) methods
03-29 18:56:41.552: D/dalvikvm(77): DexOpt: load 1291ms, verify+opt 13518ms
03-29 18:56:41.721: D/dalvikvm(37): DexOpt: --- END 'framework.jar' (success) ---
03-29 18:56:41.721: D/dalvikvm(37): DEX prep '/system/framework/framework.jar': unzip in 1030ms, rewrite 16936ms
03-29 18:56:41.761: D/dalvikvm(37): DexOpt: --- BEGIN 'android.policy.jar' (bootstrap=1) ---
03-29 18:56:42.581: D/dalvikvm(123): DexOpt: load 131ms, verify+opt 557ms
03-29 18:56:42.601: D/dalvikvm(37): DexOpt: --- END 'android.policy.jar' (success) ---
03-29 18:56:42.601: D/dalvikvm(37): DEX prep '/system/framework/android.policy.jar': unzip in 31ms, rewrite 839ms
03-29 18:56:42.791: D/dalvikvm(37): DexOpt: --- BEGIN 'services.jar' (bootstrap=1) ---
03-29 18:56:47.101: D/dalvikvm(127): DexOpt: load 184ms, verify+opt 3751ms
03-29 18:56:47.151: D/dalvikvm(37): DexOpt: --- END 'services.jar' (success) ---
03-29 18:56:47.151: D/dalvikvm(37): DEX prep '/system/framework/services.jar': unzip in 190ms, rewrite 4352ms
03-29 18:56:47.281: D/dalvikvm(37): DexOpt: --- BEGIN 'apache-xml.jar' (bootstrap=1) ---
03-29 18:56:49.492: D/dalvikvm(140): DexOpt: load 174ms, verify+opt 1721ms
03-29 18:56:49.531: D/dalvikvm(37): DexOpt: --- END 'apache-xml.jar' (success) ---
03-29 18:56:49.531: D/dalvikvm(37): DEX prep '/system/framework/apache-xml.jar': unzip in 133ms, rewrite 2245ms
03-29 18:56:49.572: D/dalvikvm(37): DexOpt: --- BEGIN 'filterfw.jar' (bootstrap=1) ---
03-29 18:56:50.151: D/dalvikvm(147): DexOpt: load 70ms, verify+opt 374ms
03-29 18:56:50.171: D/dalvikvm(37): DexOpt: --- END 'filterfw.jar' (success) ---
03-29 18:56:50.171: D/dalvikvm(37): DEX prep '/system/framework/filterfw.jar': unzip in 34ms, rewrite 601ms
03-29 18:56:50.881: I/SamplingProfilerIntegration(37): Profiling disabled.
03-29 18:56:50.921: I/Zygote(37): Preloading classes...
03-29 18:56:50.941: D/dalvikvm(37): GC_EXPLICIT freed 36K, 81% free 407K/2048K, paused 2ms+2ms
03-29 18:56:51.001: D/dalvikvm(37): GC_EXPLICIT freed 4K, 77% free 471K/2048K, paused 1ms+1ms
03-29 18:56:51.061: D/dalvikvm(37): GC_EXPLICIT freed 18K, 76% free 505K/2048K, paused 2ms+1ms
03-29 18:56:51.131: D/dalvikvm(37): GC_EXPLICIT freed 28K, 74% free 532K/2048K, paused 1ms+1ms
03-29 18:56:51.171: D/dalvikvm(37): GC_EXPLICIT freed 15K, 72% free 573K/2048K, paused 0ms+1ms
03-29 18:56:51.291: D/dalvikvm(37): GC_EXPLICIT freed 28K, 71% free 600K/2048K, paused 1ms+1ms
03-29 18:56:51.521: D/TextLayoutCache(37): Using debug level: 0 - Debug Enabled: 0
03-29 18:56:51.551: D/dalvikvm(37): GC_EXPLICIT freed 25K, 70% free 631K/2048K, paused 1ms+1ms
03-29 18:56:51.571: W/Zygote(37): Class not found for preloading: android.media.AudioManager$2
03-29 18:56:51.671: I/dalvikvm(37): threadid=1: recursive native library load attempt (/system/lib/libmedia_jni.so)
03-29 18:56:51.671: D/MtpDeviceJNI(37): register_android_mtp_MtpDevice
03-29 18:56:51.681: I/dalvikvm(37): threadid=1: recursive native library load attempt (/system/lib/libmedia_jni.so)
03-29 18:56:51.691: I/dalvikvm(37): threadid=1: recursive native library load attempt (/system/lib/libmedia_jni.so)
03-29 18:56:51.691: W/MediaProfiles(37): could not find media config xml file
03-29 18:56:51.701: W/Zygote(37): Class not found for preloading: android.media.IRemoteControlClientDispatcher
03-29 18:56:51.701: W/Zygote(37): Class not found for preloading: android.media.IRemoteControlClientDispatcher$Stub
03-29 18:56:51.731: D/dalvikvm(37): GC_EXPLICIT freed 20K, 68% free 667K/2048K, paused 1ms+1ms
03-29 18:56:52.071: D/dalvikvm(37): GC_FOR_ALLOC freed 215K, 53% free 964K/2048K, paused 18ms
03-29 18:56:52.141: D/dalvikvm(37): GC_EXPLICIT freed 43K, 51% free 1017K/2048K, paused 1ms+2ms
03-29 18:56:52.251: D/dalvikvm(37): GC_EXPLICIT freed 27K, 49% free 1046K/2048K, paused 2ms+2ms
03-29 18:56:52.401: D/dalvikvm(37): GC_EXPLICIT freed 8K, 47% free 1094K/2048K, paused 1ms+1ms
03-29 18:56:52.511: D/dalvikvm(37): GC_EXPLICIT freed 23K, 44% free 1160K/2048K, paused 12ms+3ms
03-29 18:56:52.721: D/dalvikvm(37): GC_EXPLICIT freed 48K, 30% free 1439K/2048K, paused 3ms+2ms
03-29 18:56:52.731: W/Zygote(37): Class not found for preloading: android.text.TextDirectionHeuristics$CharCount
03-29 18:56:52.751: W/Zygote(37): Class not found for preloading: android.text.method.WordIterator$1
03-29 18:56:52.831: D/dalvikvm(37): GC_EXPLICIT freed 34K, 29% free 1473K/2048K, paused 4ms+3ms
03-29 18:56:52.921: D/dalvikvm(37): GC_EXPLICIT freed 32K, 27% free 1496K/2048K, paused 3ms+3ms
03-29 18:56:53.131: I/dalvikvm(37): threadid=1: recursive native library load attempt (/system/lib/libwebcore.so)
03-29 18:56:53.131: D/dalvikvm(37): No JNI_OnLoad found in /system/lib/libchromium_net.so 0x0, skipping init
03-29 18:56:53.231: D/dalvikvm(37): GC_EXPLICIT freed 25K, 25% free 1544K/2048K, paused 2ms+3ms
03-29 18:56:53.321: W/Zygote(37): Class not found for preloading: android.widget.EdgeGlow
03-29 18:56:53.451: D/dalvikvm(37): GC_EXPLICIT freed 24K, 24% free 1572K/2048K, paused 2ms+3ms
03-29 18:56:53.781: D/dalvikvm(37): GC_EXPLICIT freed 65K, 22% free 1613K/2048K, paused 3ms+3ms
03-29 18:56:53.821: E/PhonePolicy(37): Could not preload class for phone policy: com.android.internal.policy.impl.PhoneWindow$ContextMenuCallback
03-29 18:56:53.891: D/dalvikvm(37): GC_EXPLICIT freed 32K, 21% free 1635K/2048K, paused 3ms+3ms
03-29 18:56:53.991: D/dalvikvm(37): GC_EXPLICIT freed 28K, 19% free 1663K/2048K, paused 3ms+3ms
03-29 18:56:54.071: D/dalvikvm(37): GC_EXPLICIT freed 25K, 18% free 1694K/2048K, paused 3ms+3ms
03-29 18:56:54.151: D/dalvikvm(37): GC_EXPLICIT freed 32K, 17% free 1719K/2048K, paused 3ms+3ms
03-29 18:56:54.241: D/dalvikvm(37): GC_EXPLICIT freed 32K, 15% free 1747K/2048K, paused 4ms+3ms
03-29 18:56:54.351: D/dalvikvm(37): GC_EXPLICIT freed 71K, 12% free 1803K/2048K, paused 4ms+4ms
03-29 18:56:54.441: D/dalvikvm(37): GC_EXPLICIT freed 39K, 12% free 1819K/2048K, paused 4ms+3ms
03-29 18:56:56.731: I/System(37): Loaded time zone names for in 2187ms (2175ms in ICU)
03-29 18:56:58.261: I/System(37): Loaded time zone names for en_US in 1533ms (1520ms in ICU)
03-29 18:56:58.311: D/dalvikvm(37): GC_EXPLICIT freed 325K, 17% free 1936K/2307K, paused 4ms+3ms
03-29 18:56:58.421: D/dalvikvm(37): GC_EXPLICIT freed 15K, 14% free 1996K/2307K, paused 3ms+3ms
03-29 18:56:58.551: D/dalvikvm(37): GC_EXPLICIT freed 51K, 13% free 2028K/2307K, paused 4ms+3ms
03-29 18:56:58.641: D/dalvikvm(37): GC_EXPLICIT freed 28K, 11% free 2058K/2307K, paused 4ms+4ms
03-29 18:56:58.731: D/dalvikvm(37): GC_EXPLICIT freed 38K, 11% free 2074K/2307K, paused 4ms+3ms
03-29 18:56:58.821: D/dalvikvm(37): GC_EXPLICIT freed 32K, 10% free 2096K/2307K, paused 4ms+3ms
03-29 18:56:58.851: I/Zygote(37): ...preloaded 2252 classes in 7922ms.
03-29 18:56:58.891: D/dalvikvm(37): GC_EXPLICIT freed 23K, 9% free 2100K/2307K, paused 3ms+3ms
03-29 18:56:58.891: I/Zygote(37): Preloading resources...
03-29 18:56:58.921: W/Zygote(37): Preloaded drawable resource #0x10804d6 (res/drawable-hdpi/spinner_black_16.png) that varies with configuration!!
03-29 18:56:58.931: W/Zygote(37): Preloaded drawable resource #0x10804d7 (res/drawable-hdpi/spinner_black_20.png) that varies with configuration!!
03-29 18:56:58.941: W/Zygote(37): Preloaded drawable resource #0x10804d8 (res/drawable-hdpi/spinner_black_48.png) that varies with configuration!!
03-29 18:56:58.961: W/Zygote(37): Preloaded drawable resource #0x10804d9 (res/drawable-hdpi/spinner_black_76.png) that varies with configuration!!
03-29 18:56:59.012: D/dalvikvm(37): GC_EXPLICIT freed 4K, 8% free 2185K/2371K, paused 3ms+3ms
03-29 18:56:59.012: W/Zygote(37): Preloaded drawable resource #0x10804e7 (res/drawable-hdpi/spinner_white_16.png) that varies with configuration!!
03-29 18:56:59.021: W/Zygote(37): Preloaded drawable resource #0x10804e8 (res/drawable-hdpi/spinner_white_48.png) that varies with configuration!!
03-29 18:56:59.041: W/Zygote(37): Preloaded drawable resource #0x10804e9 (res/drawable-hdpi/spinner_white_76.png) that varies with configuration!!
03-29 18:56:59.081: D/dalvikvm(37): GC_EXPLICIT freed 4K, 8% free 2254K/2435K, paused 4ms+4ms
03-29 18:56:59.101: W/Zygote(37): Preloaded drawable resource #0x1080096 (res/drawable-hdpi/toast_frame.9.png) that varies with configuration!!
03-29 18:56:59.111: W/Zygote(37): Preloaded drawable resource #0x10805cc (res/drawable-hdpi/toast_frame_holo.9.png) that varies with configuration!!
03-29 18:56:59.161: D/dalvikvm(37): GC_EXPLICIT freed 2K, 8% free 2322K/2499K, paused 3ms+4ms
03-29 18:56:59.171: W/Zygote(37): Preloaded drawable resource #0x1080106 (res/drawable-hdpi/btn_check_on_selected.png) that varies with configuration!!
03-29 18:56:59.181: W/Zygote(37): Preloaded drawable resource #0x1080105 (res/drawable-hdpi/btn_check_on_pressed_holo_light.png) that varies with configuration!!
03-29 18:56:59.191: W/Zygote(37): Preloaded drawable resource #0x1080104 (res/drawable-hdpi/btn_check_on_pressed_holo_dark.png) that varies with configuration!!
03-29 18:56:59.201: W/Zygote(37): Preloaded drawable resource #0x1080103 (res/drawable-hdpi/btn_check_on_pressed.png) that varies with configuration!!
03-29 18:56:59.241: D/dalvikvm(37): GC_EXPLICIT freed 5K, 8% free 2374K/2563K, paused 4ms+4ms
03-29 18:56:59.251: W/Zygote(37): Preloaded drawable resource #0x1080102 (res/drawable-hdpi/btn_check_on_holo_light.png) that varies with configuration!!
03-29 18:56:59.261: W/Zygote(37): Preloaded drawable resource #0x1080101 (res/drawable-hdpi/btn_check_on_holo_dark.png) that varies with configuration!!
03-29 18:56:59.271: W/Zygote(37): Preloaded drawable resource #0x10800ff (res/drawable-hdpi/btn_check_on_focused_holo_light.png) that varies with configuration!!
03-29 18:56:59.281: W/Zygote(37): Preloaded drawable resource #0x10800fe (res/drawable-hdpi/btn_check_on_focused_holo_dark.png) that varies with configuration!!
03-29 18:56:59.291: W/Zygote(37): Preloaded drawable resource #0x10800fd (res/drawable-hdpi/btn_check_on_disabled_holo_light.png) that varies with configuration!!
03-29 18:56:59.341: D/dalvikvm(37): GC_EXPLICIT freed 6K, 8% free 2421K/2627K, paused 8ms+3ms
03-29 18:56:59.341: W/Zygote(37): Preloaded drawable resource #0x10800fc (res/drawable-hdpi/btn_check_on_disabled_holo_dark.png) that varies with configuration!!
03-29 18:56:59.351: W/Zygote(37): Preloaded drawable resource #0x10800fb (res/drawable-hdpi/btn_check_on_disabled_focused_holo_light.png) that varies with configuration!!
03-29 18:56:59.361: W/Zygote(37): Preloaded drawable resource #0x10800fa (res/drawable-hdpi/btn_check_on_disabled_focused_holo_dark.png) that varies with configuration!!
03-29 18:56:59.371: W/Zygote(37): Preloaded drawable resource #0x10800f6 (res/drawable-hdpi/btn_check_on_disable_focused.png) that varies with configuration!!
03-29 18:56:59.451: D/dalvikvm(37): GC_EXPLICIT freed 5K, 7% free 2465K/2627K, paused 3ms+8ms
03-29 18:56:59.461: W/Zygote(37): Preloaded drawable resource #0x10800f5 (res/drawable-hdpi/btn_check_on_disable.png) that varies with configuration!!
03-29 18:56:59.471: W/Zygote(37): Preloaded drawable resource #0x10800f4 (res/drawable-hdpi/btn_check_on.png) that varies with configuration!!
03-29 18:56:59.481: W/Zygote(37): Preloaded drawable resource #0x10800f3 (res/drawable-hdpi/btn_check_off_selected.png) that varies with configuration!!
03-29 18:56:59.521: D/dalvikvm(37): GC_EXPLICIT freed 4K, 7% free 2514K/2691K, paused 4ms+4ms
03-29 18:56:59.531: W/Zygote(37): Preloaded drawable resource #0x10800f2 (res/drawable-hdpi/btn_check_off_pressed_holo_light.png) that varies with configuration!!
03-29 18:56:59.541: W/Zygote(37): Preloaded drawable resource #0x10800f1 (res/drawable-hdpi/btn_check_off_pressed_holo_dark.png) that varies with configuration!!
03-29 18:56:59.551: W/Zygote(37): Preloaded drawable resource #0x10800f0 (res/drawable-hdpi/btn_check_off_pressed.png) that varies with configuration!!
03-29 18:56:59.561: W/Zygote(37): Preloaded drawable resource #0x10800ed (res/drawable-hdpi/btn_check_off_holo_light.png) that varies with configuration!!
03-29 18:56:59.601: D/dalvikvm(37): GC_EXPLICIT freed 5K, 8% free 2559K/2755K, paused 7ms+3ms
03-29 18:56:59.611: W/Zygote(37): Preloaded drawable resource #0x10800ec (res/drawable-hdpi/btn_check_off_holo_dark.png) that varies with configuration!!
03-29 18:56:59.621: W/Zygote(37): Preloaded drawable resource #0x10800ea (res/drawable-hdpi/btn_check_off_focused_holo_light.png) that varies with configuration!!
03-29 18:56:59.621: W/Zygote(37): Preloaded drawable resource #0x10800e9 (res/drawable-hdpi/btn_check_off_focused_holo_dark.png) that varies with configuration!!
03-29 18:56:59.631: W/Zygote(37): Preloaded drawable resource #0x10800e8 (res/drawable-hdpi/btn_check_off_disabled_holo_light.png) that varies with configuration!!
03-29 18:56:59.641: W/Zygote(37): Preloaded drawable resource #0x10800e7 (res/drawable-hdpi/btn_check_off_disabled_holo_dark.png) that varies with configuration!!
03-29 18:56:59.691: D/dalvikvm(37): GC_EXPLICIT freed 7K, 6% free 2607K/2755K, paused 7ms+4ms
03-29 18:56:59.691: W/Zygote(37): Preloaded drawable resource #0x10800e6 (res/drawable-hdpi/btn_check_off_disabled_focused_holo_light.png) that varies with configuration!!
03-29 18:56:59.701: W/Zygote(37): Preloaded drawable resource #0x10800e5 (res/drawable-hdpi/btn_check_off_disabled_focused_holo_dark.png) that varies with configuration!!
03-29 18:56:59.711: W/Zygote(37): Preloaded drawable resource #0x10800e0 (res/drawable-hdpi/btn_check_off_disable_focused.png) that varies with configuration!!
03-29 18:56:59.721: W/Zygote(37): Preloaded drawable resource #0x10800df (res/drawable-hdpi/btn_check_off_disable.png) that varies with configuration!!
03-29 18:56:59.771: D/dalvikvm(37): GC_EXPLICIT freed 5K, 6% free 2658K/2819K, paused 4ms+3ms
03-29 18:56:59.771: W/Zygote(37): Preloaded drawable resource #0x10800dd (res/drawable-hdpi/btn_check_label_background.9.png) that varies with configuration!!
03-29 18:56:59.791: W/Zygote(37): Preloaded drawable resource #0x10800dc (res/drawable/btn_check_holo_light.xml) that varies with configuration!!
03-29 18:56:59.791: W/Zygote(37): Preloaded drawable resource #0x10800db (res/drawable/btn_check_holo_dark.xml) that varies with configuration!!
03-29 18:56:59.811: W/Zygote(37): Preloaded drawable resource #0x10800d8 (res/drawable/btn_check.xml) that varies with configuration!!
03-29 18:56:59.821: W/Zygote(37): Preloaded drawable resource #0x1080196 (res/drawable-hdpi/btn_radio_on_selected.png) that varies with configuration!!
03-29 18:56:59.871: D/dalvikvm(37): GC_EXPLICIT freed 7K, 6% free 2715K/2883K, paused 3ms+5ms
03-29 18:56:59.881: W/Zygote(37): Preloaded drawable resource #0x1080195 (res/drawable-hdpi/btn_radio_on_pressed_holo_light.png) that varies with configuration!!
03-29 18:56:59.892: W/Zygote(37): Preloaded drawable resource #0x1080194 (res/drawable-hdpi/btn_radio_on_pressed_holo_dark.png) that varies with configuration!!
03-29 18:56:59.902: W/Zygote(37): Preloaded drawable resource #0x1080193 (res/drawable-hdpi/btn_radio_on_pressed.png) that varies with configuration!!
03-29 18:56:59.911: W/Zygote(37): Preloaded drawable resource #0x1080192 (res/drawable-hdpi/btn_radio_on_holo_light.png) that varies with configuration!!
03-29 18:56:59.951: D/dalvikvm(37): GC_EXPLICIT freed 5K, 5% free 2759K/2883K, paused 6ms+4ms
03-29 18:56:59.962: W/Zygote(37): Preloaded drawable resource #0x1080191 (res/drawable-hdpi/btn_radio_on_holo_dark.png) that varies with configuration!!
03-29 18:56:59.971: W/Zygote(37): Preloaded drawable resource #0x108018f (res/drawable-hdpi/btn_radio_on_focused_holo_light.png) that varies with configuration!!
03-29 18:56:59.981: W/Zygote(37): Preloaded drawable resource #0x108018e (res/drawable-hdpi/btn_radio_on_focused_holo_dark.png) that varies with configuration!!
03-29 18:56:59.991: W/Zygote(37): Preloaded drawable resource #0x108018d (res/drawable-hdpi/btn_radio_on_disabled_holo_light.png) that varies with configuration!!
03-29 18:56:59.991: W/Zygote(37): Preloaded drawable resource #0x108018c (res/drawable-hdpi/btn_radio_on_disabled_holo_dark.png) that varies with configuration!!
03-29 18:57:00.042: D/dalvikvm(37): GC_EXPLICIT freed 6K, 5% free 2806K/2947K, paused 4ms+4ms
03-29 18:57:00.051: W/Zygote(37): Preloaded drawable resource #0x108018b (res/drawable-hdpi/btn_radio_on_disabled_focused_holo_light.png) that varies with configuration!!
03-29 18:57:00.061: W/Zygote(37): Preloaded drawable resource #0x108018a (res/drawable-hdpi/btn_radio_on_disabled_focused_holo_dark.png) that varies with configuration!!
03-29 18:57:00.071: W/Zygote(37): Preloaded drawable resource #0x1080189 (res/drawable-hdpi/btn_radio_on.png) that varies with configuration!!
03-29 18:57:00.081: W/Zygote(37): Preloaded drawable resource #0x1080188 (res/drawable-hdpi/btn_radio_off_selected.png) that varies with configuration!!
03-29 18:57:00.121: D/dalvikvm(37): GC_EXPLICIT freed 5K, 6% free 2858K/3011K, paused 4ms+4ms
03-29 18:57:00.131: W/Zygote(37): Preloaded drawable resource #0x1080187 (res/drawable-hdpi/btn_radio_off_pressed_holo_light.png) that varies with configuration!!
03-29 18:57:00.141: W/Zygote(37): Preloaded drawable resource #0x1080186 (res/drawable-hdpi/btn_radio_off_pressed_holo_dark.png) that varies with configuration!!
03-29 18:57:00.151: W/Zygote(37): Preloaded drawable resource #0x1080185 (res/drawable-hdpi/btn_radio_off_pressed.png) that varies with configuration!!
03-29 18:57:00.161: W/Zygote(37): Preloaded drawable resource #0x1080184 (res/drawable-hdpi/btn_radio_off_holo_light.png) that varies with configuration!!
03-29 18:57:00.211: D/dalvikvm(37): GC_EXPLICIT freed 5K, 6% free 2903K/3075K, paused 4ms+4ms
03-29 18:57:00.221: W/Zygote(37): Preloaded drawable resource #0x1080183 (res/drawable-hdpi/btn_radio_off_holo_dark.png) that varies with configuration!!
03-29 18:57:00.231: W/Zygote(37): Preloaded drawable resource #0x1080181 (res/drawable-hdpi/btn_radio_off_focused_holo_light.png) that varies with configuration!!
03-29 18:57:00.231: W/Zygote(37): Preloaded drawable resource #0x1080180 (res/drawable-hdpi/btn_radio_off_focused_holo_dark.png) that varies with configuration!!
03-29 18:57:00.242: W/Zygote(37): Preloaded drawable resource #0x108017f (res/drawable-hdpi/btn_radio_off_disabled_holo_light.png) that varies with configuration!!
03-29 18:57:00.251: W/Zygote(37): Preloaded drawable resource #0x108017e (res/drawable-hdpi/btn_radio_off_disabled_holo_dark.png) that varies with configuration!!
03-29 18:57:00.301: D/dalvikvm(37): GC_EXPLICIT freed 7K, 5% free 2950K/3075K, paused 5ms+4ms
03-29 18:57:00.311: W/Zygote(37): Preloaded drawable resource #0x108017d (res/drawable-hdpi/btn_radio_off_disabled_focused_holo_light.png) that varies with configuration!!
03-29 18:57:00.311: W/Zygote(37): Preloaded drawable resource #0x108017c (res/drawable-hdpi/btn_radio_off_disabled_focused_holo_dark.png) that varies with configuration!!
03-29 18:57:00.322: W/Zygote(37): Preloaded drawable resource #0x108017a (res/drawable-hdpi/btn_radio_label_background.9.png) that varies with configuration!!
03-29 18:57:00.341: W/Zygote(37): Preloaded drawable resource #0x1080009 (res/drawable/btn_radio.xml) that varies with configuration!!
03-29 18:57:00.381: D/dalvikvm(37): GC_EXPLICIT freed 5K, 5% free 3001K/3139K, paused 3ms+4ms
03-29 18:57:00.391: W/Zygote(37): Preloaded drawable resource #0x1080130 (res/drawable-hdpi/btn_default_transparent_normal.9.png) that varies with configuration!!
03-29 18:57:00.402: W/Zygote(37): Preloaded drawable resource #0x108012e (res/drawable-hdpi/btn_default_small_selected.9.png) that varies with configuration!!
03-29 18:57:00.411: W/Zygote(37): Preloaded drawable resource #0x108012d (res/drawable-hdpi/btn_default_small_pressed.9.png) that varies with configuration!!
03-29 18:57:00.421: W/Zygote(37): Preloaded drawable resource #0x108012c (res/drawable-hdpi/btn_default_small_normal_disable_focused.9.png) that varies with configuration!!
03-29 18:57:00.431: W/Zygote(37): Preloaded drawable resource #0x108012b (res/drawable-hdpi/btn_default_small_normal_disable.9.png) that varies with configuration!!
03-29 18:57:00.431: W/Zygote(37): Preloaded drawable resource #0x108012a (res/drawable-hdpi/btn_default_small_normal.9.png) that varies with configuration!!
03-29 18:57:00.511: D/dalvikvm(37): GC_EXPLICIT freed 7K, 5% free 3046K/3203K, paused 5ms+4ms
03-29 18:57:00.521: W/Zygote(37): Preloaded drawable resource #0x1080129 (res/drawable-hdpi/btn_default_selected.9.png) that varies with configuration!!
03-29 18:57:00.541: W/Zygote(37): Preloaded drawable resource #0x1080128 (res/drawable-hdpi/btn_default_pressed_holo_light.9.png) that varies with configuration!!
03-29 18:57:00.541: W/Zygote(37): Preloaded drawable resource #0x1080127 (res/drawable-hdpi/btn_default_pressed_holo_dark.9.png) that varies with configuration!!
03-29 18:57:00.551: W/Zygote(37): Preloaded drawable resource #0x1080125 (res/drawable-hdpi/btn_default_pressed.9.png) that varies with configuration!!
03-29 18:57:00.571: W/Zygote(37): Preloaded drawable resource #0x1080124 (res/drawable-hdpi/btn_default_normal_holo_light.9.png) that varies with configuration!!
03-29 18:57:00.611: D/dalvikvm(37): GC_EXPLICIT freed 6K, 4% free 3090K/3203K, paused 3ms+3ms
03-29 18:57:00.621: W/Zygote(37): Preloaded drawable resource #0x1080123 (res/drawable-hdpi/btn_default_normal_holo_dark.9.png) that varies with configuration!!
03-29 18:57:00.631: W/Zygote(37): Preloaded drawable resource #0x1080121 (res/drawable-hdpi/btn_default_normal_disable_focused.9.png) that varies with configuration!!
03-29 18:57:00.641: W/Zygote(37): Preloaded drawable resource #0x1080120 (res/drawable-hdpi/btn_default_normal_disable.9.png) that varies with configuration!!
03-29 18:57:00.651: W/Zygote(37): Preloaded drawable resource #0x108011f (res/drawable-hdpi/btn_default_normal.9.png) that varies with configuration!!
03-29 18:57:00.651: W/Zygote(37): Preloaded drawable resource #0x108011c (res/drawable-hdpi/btn_default_focused_holo_light.9.png) that varies with configuration!!
03-29 18:57:00.701: D/dalvikvm(37): GC_EXPLICIT freed 6K, 4% free 3138K/3267K, paused 7ms+3ms
03-29 18:57:00.711: W/Zygote(37): Preloaded drawable resource #0x108011b (res/drawable-hdpi/btn_default_focused_holo_dark.9.png) that varies with configuration!!
03-29 18:57:00.721: W/Zygote(37): Preloaded drawable resource #0x1080119 (res/drawable-hdpi/btn_default_disabled_holo_light.9.png) that varies with configuration!!
03-29 18:57:00.731: W/Zygote(37): Preloaded drawable resource #0x1080118 (res/drawable-hdpi/btn_default_disabled_holo_dark.9.png) that varies with configuration!!
03-29 18:57:00.731: W/Zygote(37): Preloaded drawable resource #0x1080116 (res/drawable-hdpi/btn_default_disabled_focused_holo_light.9.png) that varies with configuration!!
03-29 18:57:00.741: W/Zygote(37): Preloaded drawable resource #0x1080115 (res/drawable-hdpi/btn_default_disabled_focused_holo_dark.9.png) that varies with configuration!!
03-29 18:57:00.751: W/Zygote(37): Preloaded drawable resource #0x108011d (res/drawable/btn_default_holo_dark.xml) that varies with configuration!!
03-29 18:57:00.761: W/Zygote(37): Preloaded drawable resource #0x108011e (res/drawable/btn_default_holo_light.xml) that varies with configuration!!
03-29 18:57:00.811: D/dalvikvm(37): GC_EXPLICIT freed 9K, 5% free 3180K/3331K, paused 4ms+4ms
03-29 18:57:00.811: W/Zygote(37): Preloaded drawable resource #0x1080004 (res/drawable/btn_default.xml) that varies with configuration!!
03-29 18:57:00.821: W/Zygote(37): Preloaded drawable resource #0x1080005 (res/drawable/btn_default_small.xml) that varies with configuration!!
03-29 18:57:00.831: W/Zygote(37): Preloaded drawable resource #0x1080135 (res/drawable-hdpi/btn_dropdown_disabled.9.png) that varies with configuration!!
03-29 18:57:00.851: W/Zygote(37): Preloaded drawable resource #0x1080136 (res/drawable-hdpi/btn_dropdown_disabled_focused.9.png) that varies with configuration!!
03-29 18:57:00.891: D/dalvikvm(37): GC_EXPLICIT freed 5K, 5% free 3253K/3395K, paused 3ms+3ms
03-29 18:57:00.902: W/Zygote(37): Preloaded drawable resource #0x1080137 (res/drawable-hdpi/btn_dropdown_normal.9.png) that varies with configuration!!
03-29 18:57:00.921: W/Zygote(37): Preloaded drawable resource #0x1080138 (res/drawable-hdpi/btn_dropdown_pressed.9.png) that varies with configuration!!
03-29 18:57:00.971: D/dalvikvm(37): GC_EXPLICIT freed 2K, 4% free 3322K/3459K, paused 4ms+3ms
03-29 18:57:00.981: W/Zygote(37): Preloaded drawable resource #0x1080139 (res/drawable-hdpi/btn_dropdown_selected.9.png) that varies with configuration!!
03-29 18:57:00.991: W/Zygote(37): Preloaded drawable resource #0x10801c9 (res/drawable-hdpi/btn_star_label_background.9.png) that varies with configuration!!
03-29 18:57:01.001: W/Zygote(37): Preloaded drawable resource #0x108000b (res/drawable-hdpi/btn_star_big_off.png) that varies with configuration!!
03-29 18:57:01.041: D/dalvikvm(37): GC_EXPLICIT freed 3K, 5% free 3376K/3523K, paused 5ms+4ms
03-29 18:57:01.051: W/Zygote(37): Preloaded drawable resource #0x108000c (res/drawable-hdpi/btn_star_big_on.png) that varies with configuration!!
03-29 18:57:01.061: W/Zygote(37): Preloaded drawable resource #0x10801c3 (res/drawable-hdpi/btn_star_big_on_disable.png) that varies with configuration!!
03-29 18:57:01.072: W/Zygote(37): Preloaded drawable resource #0x10801bf (res/drawable-hdpi/btn_star_big_off_disable.png) that varies with configuration!!
03-29 18:57:01.081: W/Zygote(37): Preloaded drawable resource #0x10801c5 (res/drawable-hdpi/btn_star_big_on_pressed.png) that varies with configuration!!
03-29 18:57:01.091: W/Zygote(37): Preloaded drawable resource #0x10801c1 (res/drawable-hdpi/btn_star_big_off_pressed.png) that varies with configuration!!
03-29 18:57:01.141: D/dalvikvm(37): GC_EXPLICIT freed 6K, 3% free 3423K/3523K, paused 3ms+5ms
03-29 18:57:01.151: W/Zygote(37): Preloaded drawable resource #0x10801c6 (res/drawable-hdpi/btn_star_big_on_selected.png) that varies with configuration!!
03-29 18:57:01.161: W/Zygote(37): Preloaded drawable resource #0x10801c2 (res/drawable-hdpi/btn_star_big_off_selected.png) that varies with configuration!!
03-29 18:57:01.161: W/Zygote(37): Preloaded drawable resource #0x10801c4 (res/drawable-hdpi/btn_star_big_on_disable_focused.png) that varies with configuration!!
03-29 18:57:01.171: W/Zygote(37): Preloaded drawable resource #0x10801c0 (res/drawable-hdpi/btn_star_big_off_disable_focused.png) that varies with configuration!!
03-29 18:57:01.181: W/Zygote(37): Preloaded drawable resource #0x10801d1 (res/drawable-hdpi/btn_star_off_normal_holo_light.png) that varies with configuration!!
03-29 18:57:01.231: D/dalvikvm(37): GC_EXPLICIT freed 6K, 4% free 3470K/3587K, paused 4ms+4ms
03-29 18:57:01.241: W/Zygote(37): Preloaded drawable resource #0x10801db (res/drawable-hdpi/btn_star_on_normal_holo_light.png) that varies with configuration!!
03-29 18:57:01.251: W/Zygote(37): Preloaded drawable resource #0x10801d7 (res/drawable-hdpi/btn_star_on_disabled_holo_light.png) that varies with configuration!!
03-29 18:57:01.251: W/Zygote(37): Preloaded drawable resource #0x10801cd (res/drawable-hdpi/btn_star_off_disabled_holo_light.png) that varies with configuration!!
03-29 18:57:01.271: W/Zygote(37): Preloaded drawable resource #0x10801dd (res/drawable-hdpi/btn_star_on_pressed_holo_light.png) that varies with configuration!!
03-29 18:57:01.271: W/Zygote(37): Preloaded drawable resource #0x10801d3 (res/drawable-hdpi/btn_star_off_pressed_holo_light.png) that varies with configuration!!
03-29 18:57:01.321: D/dalvikvm(37): GC_EXPLICIT freed 6K, 4% free 3517K/3651K, paused 4ms+4ms
03-29 18:57:01.331: W/Zygote(37): Preloaded drawable resource #0x10801d9 (res/drawable-hdpi/btn_star_on_focused_holo_light.png) that varies with configuration!!
03-29 18:57:01.341: W/Zygote(37): Preloaded drawable resource #0x10801cf (res/drawable-hdpi/btn_star_off_focused_holo_light.png) that varies with configuration!!
03-29 18:57:01.351: W/Zygote(37): Preloaded drawable resource #0x10801d5 (res/drawable-hdpi/btn_star_on_disabled_focused_holo_light.png) that varies with configuration!!
03-29 18:57:01.361: W/Zygote(37): Preloaded drawable resource #0x10801cb (res/drawable-hdpi/btn_star_off_disabled_focused_holo_light.png) that varies with configuration!!
03-29 18:57:01.371: W/Zygote(37): Preloaded drawable resource #0x10801c8 (res/drawable/btn_star_holo_light.xml) that varies with configuration!!
03-29 18:57:01.381: W/Zygote(37): Preloaded drawable resource #0x10801d0 (res/drawable-hdpi/btn_star_off_normal_holo_dark.png) that varies with configuration!!
03-29 18:57:01.431: D/dalvikvm(37): GC_EXPLICIT freed 9K, 3% free 3568K/3651K, paused 4ms+5ms
03-29 18:57:01.431: W/Zygote(37): Preloaded drawable resource #0x10801da (res/drawable-hdpi/btn_star_on_normal_holo_dark.png) that varies with configuration!!
03-29 18:57:01.441: W/Zygote(37): Preloaded drawable resource #0x10801d6 (res/drawable-hdpi/btn_star_on_disabled_holo_dark.png) that varies with configuration!!
03-29 18:57:01.451: W/Zygote(37): Preloaded drawable resource #0x10801cc (res/drawable-hdpi/btn_star_off_disabled_holo_dark.png) that varies with configuration!!
03-29 18:57:01.462: W/Zygote(37): Preloaded drawable resource #0x10801dc (res/drawable-hdpi/btn_star_on_pressed_holo_dark.png) that varies with configuration!!
03-29 18:57:01.471: W/Zygote(37): Preloaded drawable resource #0x10801d2 (res/drawable-hdpi/btn_star_off_pressed_holo_dark.png) that varies with configuration!!
03-29 18:57:01.521: D/dalvikvm(37): GC_EXPLICIT freed 8K, 3% free 3616K/3715K, paused 4ms+3ms
03-29 18:57:01.531: W/Zygote(37): Preloaded drawable resource #0x10801d8 (res/drawable-hdpi/btn_star_on_focused_holo_dark.png) that varies with configuration!!
03-29 18:57:01.531: W/Zygote(37): Preloaded drawable resource #0x10801ce (res/drawable-hdpi/btn_star_off_focused_holo_dark.png) that varies with configuration!!
03-29 18:57:01.541: W/Zygote(37): Preloaded drawable resource #0x10801d4 (res/drawable-hdpi/btn_star_on_disabled_focused_holo_dark.png) that varies with configuration!!
03-29 18:57:01.561: W/Zygote(37): Preloaded drawable resource #0x10801ca (res/drawable-hdpi/btn_star_off_disabled_focused_holo_dark.png) that varies with configuration!!
03-29 18:57:01.561: W/Zygote(37): Preloaded drawable resource #0x10801c7 (res/drawable/btn_star_holo_dark.xml) that varies with configuration!!
03-29 18:57:01.581: W/Zygote(37): Preloaded drawable resource #0x108000a (res/drawable/btn_star.xml) that varies with configuration!!
03-29 18:57:01.651: D/dalvikvm(37): GC_EXPLICIT freed 9K, 4% free 3659K/3779K, paused 14ms+3ms
03-29 18:57:01.661: W/Zygote(37): Preloaded drawable resource #0x10801f7 (res/drawable-hdpi/btn_toggle_on_pressed_holo_light.9.png) that varies with configuration!!
03-29 18:57:01.671: W/Zygote(37): Preloaded drawable resource #0x10801f6 (res/drawable-hdpi/btn_toggle_on_pressed_holo_dark.9.png) that varies with configuration!!
03-29 18:57:01.681: W/Zygote(37): Preloaded drawable resource #0x10801f5 (res/drawable-hdpi/btn_toggle_on_normal_holo_light.9.png) that varies with configuration!!
03-29 18:57:01.681: W/Zygote(37): Preloaded drawable resource #0x10801f4 (res/drawable-hdpi/btn_toggle_on_normal_holo_dark.9.png) that varies with configuration!!
03-29 18:57:01.691: W/Zygote(37): Preloaded drawable resource #0x10801f3 (res/drawable-hdpi/btn_toggle_on_focused_holo_light.9.png) that varies with configuration!!
03-29 18:57:01.701: W/Zygote(37): Preloaded drawable resource #0x10801f2 (res/drawable-hdpi/btn_toggle_on_focused_holo_dark.9.png) that varies with configuration!!
03-29 18:57:01.751: D/dalvikvm(37): GC_EXPLICIT freed 7K, 2% free 3706K/3779K, paused 4ms+3ms
03-29 18:57:01.761: W/Zygote(37): Preloaded drawable resource #0x10801f1 (res/drawable-hdpi/btn_toggle_on_disabled_holo_light.9.png) that varies with configuration!!
03-29 18:57:01.771: W/Zygote(37): Preloaded drawable resource #0x10801f0 (res/drawable-hdpi/btn_toggle_on_disabled_holo_dark.9.png) that varies with configuration!!
03-29 18:57:01.771: W/Zygote(37): Preloaded drawable resource #0x10801ef (res/drawable-hdpi/btn_toggle_on_disabled_focused_holo_light.9.png) that varies with configuration!!
03-29 18:57:01.781: W/Zygote(37): Preloaded drawable resource #0x10801ee (res/drawable-hdpi/btn_toggle_on_disabled_focused_holo_dark.9.png) that varies with configuration!!
03-29 18:57:01.791: W/Zygote(37): Preloaded drawable resource #0x10801ed (res/drawable-hdpi/btn_toggle_on.9.png) that varies with configuration!!
03-29 18:57:01.801: W/Zygote(37): Preloaded drawable resource #0x10801ec (res/drawable-hdpi/btn_toggle_off_pressed_holo_light.9.png) that varies with configuration!!
03-29 18:57:01.851: D/dalvikvm(37): GC_EXPLICIT freed 7K, 3% free 3752K/3843K, paused 3ms+4ms
03-29 18:57:01.851: W/Zygote(37): Preloaded drawable resource #0x10801eb (res/drawable-hdpi/btn_toggle_off_pressed_holo_dark.9.png) that varies with configuration!!
03-29 18:57:01.862: W/Zygote(37): Preloaded drawable resource #0x10801ea (res/drawable-hdpi/btn_toggle_off_normal_holo_light.9.png) that varies with configuration!!
03-29 18:57:01.871: W/Zygote(37): Preloaded drawable resource #0x10801e9 (res/drawable-hdpi/btn_toggle_off_normal_holo_dark.9.png) that varies with configuration!!
03-29 18:57:01.881: W/Zygote(37): Preloaded drawable resource #0x10801e8 (res/drawable-hdpi/btn_toggle_off_focused_holo_light.9.png) that varies with configuration!!
03-29 18:57:01.891: W/Zygote(37): Preloaded drawable resource #0x10801e7 (res/drawable-hdpi/btn_toggle_off_focused_holo_dark.9.png) that varies with configuration!!
03-29 18:57:01.891: W/Zygote(37): Preloaded drawable resource #0x10801e6 (res/drawable-hdpi/btn_toggle_off_disabled_holo_light.9.png) that varies with configuration!!
03-29 18:57:01.941: D/dalvikvm(37): GC_EXPLICIT freed 7K, 3% free 3799K/3907K, paused 6ms+4ms
03-29 18:57:01.951: W/Zygote(37): Preloaded drawable resource #0x10801e5 (res/drawable-hdpi/btn_toggle_off_disabled_holo_dark.9.png) that varies with configuration!!
03-29 18:57:01.961: W/Zygote(37): Preloaded drawable resource #0x10801e4 (res/drawable-hdpi/btn_toggle_off_disabled_focused_holo_light.9.png) that varies with configuration!!
03-29 18:57:01.971: W/Zygote(37): Preloaded drawable resource #0x10801e3 (res/drawable-hdpi/btn_toggle_off_disabled_focused_holo_dark.9.png) that varies with configuration!!
03-29 18:57:01.971: W/Zygote(37): Preloaded drawable resource #0x10801e2 (res/drawable-hdpi/btn_toggle_off.9.png) that varies with configuration!!
03-29 18:57:01.981: W/Zygote(37): Preloaded drawable resource #0x10801e1 (res/drawable/btn_toggle_holo_light.xml) that varies with configuration!!
03-29 18:57:01.991: W/Zygote(37): Preloaded drawable resource #0x10801e0 (res/drawable/btn_toggle_holo_dark.xml) that varies with configuration!!
03-29 18:57:02.002: W/Zygote(37): Preloaded drawable resource #0x10801de (res/drawable/btn_toggle.xml) that varies with configuration!!
03-29 18:57:02.011: W/Zygote(37): Preloaded drawable resource #0x10801df (res/drawable/btn_toggle_bg.xml) that varies with configuration!!
03-29 18:57:02.021: W/Zygote(37): Preloaded drawable resource #0x1080006 (res/drawable/btn_dropdown.xml) that varies with configuration!!
03-29 18:57:02.071: D/dalvikvm(37): GC_EXPLICIT freed 13K, 2% free 3838K/3907K, paused 4ms+4ms
03-29 18:57:02.071: W/Zygote(37): Preloaded drawable resource #0x1080006 (res/drawable/btn_dropdown.xml) that varies with configuration!!
03-29 18:57:02.081: W/Zygote(37): Preloaded drawable resource #0x1080013 (res/drawable-hdpi/divider_horizontal_textfield.9.png) that varies with configuration!!
03-29 18:57:02.091: W/Zygote(37): Preloaded drawable resource #0x108022f (res/drawable-hdpi/divider_horizontal_dark_opaque.9.png) that varies with configuration!!
03-29 18:57:02.091: W/Zygote(37): Preloaded drawable resource #0x1080014 (res/drawable-hdpi/divider_horizontal_dark.9.png) that varies with configuration!!
03-29 18:57:02.101: W/Zygote(37): Preloaded drawable resource #0x108022e (res/drawable-hdpi/divider_horizontal_bright_opaque.9.png) that varies with configuration!!
03-29 18:57:02.111: W/Zygote(37): Preloaded drawable resource #0x1080012 (res/drawable-hdpi/divider_horizontal_bright.9.png) that varies with configuration!!
03-29 18:57:02.111: W/Zygote(37): Preloaded drawable resource #0x1080235 (res/drawable-hdpi/divider_vertical_dark.9.png) that varies with configuration!!
03-29 18:57:02.161: W/Zygote(37): Preloaded drawable resource #0x1080253 (res/drawable/edit_text_holo_light.xml) that varies with configuration!!
03-29 18:57:02.211: D/dalvikvm(37): GC_EXPLICIT freed 14K, 2% free 3916K/3971K, paused 4ms+4ms
03-29 18:57:02.261: W/Zygote(37): Preloaded drawable resource #0x1080252 (res/drawable/edit_text_holo_dark.xml) that varies with configuration!!
03-29 18:57:02.311: D/dalvikvm(37): GC_EXPLICIT freed 5K, 2% free 3987K/4035K, paused 4ms+4ms
03-29 18:57:02.331: W/Zygote(37): Preloaded drawable resource #0x1080016 (res/drawable/edit_text.xml) that varies with configuration!!
03-29 18:57:02.351: W/Zygote(37): Preloaded drawable resource #0x1080593 (res/drawable-hdpi/text_select_handle_left.png) that varies with configuration!!
03-29 18:57:02.401: D/dalvikvm(37): GC_EXPLICIT freed 4K, 2% free 4053K/4099K, paused 4ms+4ms
03-29 18:57:02.411: W/Zygote(37): Preloaded drawable resource #0x1080595 (res/drawable-hdpi/text_select_handle_right.png) that varies with configuration!!
03-29 18:57:02.421: W/Zygote(37): Preloaded drawable resource #0x1080590 (res/drawable-hdpi/text_edit_paste_window.9.png) that varies with configuration!!
03-29 18:57:02.431: W/Zygote(37): Preloaded drawable resource #0x1080268 (res/drawable-hdpi/expander_close_holo_dark.9.png) that varies with configuration!!
03-29 18:57:02.431: W/Zygote(37): Preloaded drawable resource #0x1080269 (res/drawable-hdpi/expander_close_holo_light.9.png) that varies with configuration!!
03-29 18:57:02.481: D/dalvikvm(37): GC_EXPLICIT freed 5K, 2% free 4104K/4163K, paused 7ms+4ms
03-29 18:57:02.491: W/Zygote(37): Preloaded drawable resource #0x108026d (res/drawable-hdpi/expander_ic_maximized.9.png) that varies with configuration!!
03-29 18:57:02.501: W/Zygote(37): Preloaded drawable resource #0x108026e (res/drawable-hdpi/expander_ic_minimized.9.png) that varies with configuration!!
03-29 18:57:02.511: W/Zygote(37): Preloaded drawable resource #0x108026a (res/drawable/expander_group.xml) that varies with configuration!!
03-29 18:57:02.521: W/Zygote(37): Preloaded drawable resource #0x108026b (res/drawable/expander_group_holo_dark.xml) that varies with configuration!!
03-29 18:57:02.531: W/Zygote(37): Preloaded drawable resource #0x108026c (res/drawable/expander_group_holo_light.xml) that varies with configuration!!
03-29 18:57:02.561: W/Zygote(37): Preloaded drawable resource #0x1080062 (res/drawable/list_selector_background.xml) that varies with configuration!!
03-29 18:57:02.611: D/dalvikvm(37): GC_EXPLICIT freed 8K, 1% free 4188K/4227K, paused 4ms+4ms
03-29 18:57:02.661: W/Zygote(37): Preloaded drawable resource #0x10803c1 (res/drawable/list_selector_background_light.xml) that varies with configuration!!
03-29 18:57:02.741: D/dalvikvm(37): GC_EXPLICIT freed 4K, 1% free 4272K/4291K, paused 3ms+3ms
03-29 18:57:02.741: W/Zygote(37): Preloaded drawable resource #0x10803c2 (res/drawable-hdpi/list_selector_background_longpress.9.png) that varies with configuration!!
03-29 18:57:02.741: W/Zygote(37): Preloaded drawable resource #0x10803c3 (res/drawable-hdpi/list_selector_background_longpress_light.9.png) that varies with configuration!!
03-29 18:57:02.741: W/Zygote(37): Preloaded drawable resource #0x10803c4 (res/drawable-hdpi/list_selector_background_pressed.9.png) that varies with configuration!!
03-29 18:57:02.741: W/Zygote(37): Preloaded drawable resource #0x10803c5 (res/drawable-hdpi/list_selector_background_pressed_light.9.png) that varies with configuration!!
03-29 18:57:02.751: W/Zygote(37): Preloaded drawable resource #0x10803c6 (res/drawable-hdpi/list_selector_background_selected.9.png) that varies with configuration!!
03-29 18:57:02.781: W/Zygote(37): Preloaded drawable resource #0x10803d0 (res/drawable/list_selector_holo_dark.xml) that varies with configuration!!
03-29 18:57:02.801: W/Zygote(37): Preloaded drawable resource #0x10803d1 (res/drawable/list_selector_holo_light.xml) that varies with configuration!!
03-29 18:57:02.851: D/dalvikvm(37): GC_EXPLICIT freed 10K, 1% free 4314K/4355K, paused 4ms+4ms
03-29 18:57:02.851: W/Zygote(37): Preloaded drawable resource #0x10803b0 (res/drawable-hdpi/list_section_divider_holo_light.9.png) that varies with configuration!!
03-29 18:57:02.861: W/Zygote(37): Preloaded drawable resource #0x10803af (res/drawable-hdpi/list_section_divider_holo_dark.9.png) that varies with configuration!!
03-29 18:57:02.861: W/Zygote(37): Preloaded drawable resource #0x10803de (res/drawable-hdpi/menu_background.9.png) that varies with configuration!!
03-29 18:57:02.871: W/Zygote(37): Preloaded drawable resource #0x10803df (res/drawable-hdpi/menu_background_fill_parent_width.9.png) that varies with configuration!!
03-29 18:57:02.881: W/Zygote(37): Preloaded drawable resource #0x10803e2 (res/drawable-hdpi/menu_hardkey_panel_holo_dark.9.png) that varies with configuration!!
03-29 18:57:02.891: W/Zygote(37): Preloaded drawable resource #0x10803e3 (res/drawable-hdpi/menu_hardkey_panel_holo_light.9.png) that varies with configuration!!
03-29 18:57:02.901: W/Zygote(37): Preloaded drawable resource #0x10803e6 (res/drawable-hdpi/menu_submenu_background.9.png) that varies with configuration!!
03-29 18:57:02.951: D/dalvikvm(37): GC_EXPLICIT freed 9K, 2% free 4374K/4419K, paused 4ms+4ms
03-29 18:57:02.981: W/Zygote(37): Preloaded drawable resource #0x10803e4 (res/drawable/menu_selector.xml) that varies with configuration!!
03-29 18:57:03.031: D/dalvikvm(37): GC_EXPLICIT freed 2K, 1% free 4444K/4483K, paused 3ms+4ms
