03-29 11:59:02.245: D/StrictMode(509): at org.kxml2.io.KXmlParser.next(KXmlParser.java:390)
03-29 11:59:02.245: D/StrictMode(509): at org.kxml2.io.KXmlParser.next(KXmlParser.java:310)
03-29 11:59:02.245: D/StrictMode(509): at com.android.internal.util.XmlUtils.nextElement(XmlUtils.java:887)
03-29 11:59:02.245: D/StrictMode(509): at com.android.providers.telephony.TelephonyProvider$DatabaseHelper.loadApns(TelephonyProvider.java:320)
03-29 11:59:02.245: D/StrictMode(509): at com.android.providers.telephony.TelephonyProvider$DatabaseHelper.initDatabase(TelephonyProvider.java:184)
03-29 11:59:02.245: D/StrictMode(509): at com.android.providers.telephony.TelephonyProvider$DatabaseHelper.onCreate(TelephonyProvider.java:148)
03-29 11:59:02.245: D/StrictMode(509): at android.database.sqlite.SQLiteOpenHelper.getWritableDatabase(SQLiteOpenHelper.java:165)
03-29 11:59:02.245: D/StrictMode(509): at android.database.sqlite.SQLiteOpenHelper.getReadableDatabase(SQLiteOpenHelper.java:231)
03-29 11:59:02.245: D/StrictMode(509): at com.android.providers.telephony.TelephonyProvider.query(TelephonyProvider.java:457)
03-29 11:59:02.245: D/StrictMode(509): at android.content.ContentProvider$Transport.query(ContentProvider.java:178)
03-29 11:59:02.245: D/StrictMode(509): at android.content.ContentResolver.query(ContentResolver.java:310)
03-29 11:59:02.245: D/StrictMode(509): at com.android.internal.telephony.gsm.GsmDataConnectionTracker.createAllApnList(GsmDataConnectionTracker.java:2095)
03-29 11:59:02.245: D/StrictMode(509): at com.android.internal.telephony.gsm.GsmDataConnectionTracker.onRecordsLoaded(GsmDataConnectionTracker.java:1660)
03-29 11:59:02.245: D/StrictMode(509): at com.android.internal.telephony.gsm.GsmDataConnectionTracker.handleMessage(GsmDataConnectionTracker.java:2316)
03-29 11:59:02.245: D/StrictMode(509): at android.os.Handler.dispatchMessage(Handler.java:99)
03-29 11:59:02.245: D/StrictMode(509): at android.os.Looper.loop(Looper.java:137)
03-29 11:59:02.245: D/StrictMode(509): at android.app.ActivityThread.main(ActivityThread.java:4340)
03-29 11:59:02.245: D/StrictMode(509): at java.lang.reflect.Method.invokeNative(Native Method)
03-29 11:59:02.245: D/StrictMode(509): at java.lang.reflect.Method.invoke(Method.java:511)
03-29 11:59:02.245: D/StrictMode(509): at com.android.internal.os.ZygoteInit$MethodAndArgsCaller.run(ZygoteInit.java:784)
03-29 11:59:02.245: D/StrictMode(509): at com.android.internal.os.ZygoteInit.main(ZygoteInit.java:551)
03-29 11:59:02.245: D/StrictMode(509): at dalvik.system.NativeStart.main(Native Method)
03-29 11:59:02.335: I//system/bin/fsck_msdos(31): Free space in FSInfo block (129008) not correct (129007)
03-29 11:59:02.385: D/ConnectivityService(196): ConnectivityChange for mobile: CONNECTED/CONNECTED
03-29 11:59:02.425: I/ActivityThread(772): Pub com.android.calendar: com.android.providers.calendar.CalendarProvider2
03-29 11:59:02.645: D/dalvikvm(196): GC_CONCURRENT freed 522K, 41% free 12434K/20999K, paused 8ms+19ms
03-29 11:59:02.825: D/dalvikvm(509): GC_CONCURRENT freed 479K, 6% free 10326K/10951K, paused 5ms+5ms
03-29 11:59:02.975: I/NetworkPolicy(196): no policy for active mobile network; generating default policy
03-29 11:59:03.075: W/BackupManagerService(196): dataChanged but no participant pkg='com.android.providers.settings' uid=10011
03-29 11:59:03.195: V/AlarmClock(758): AlarmInitReceiver finished
03-29 11:59:03.325: A/NetworkStats(196): problem reading network stats
03-29 11:59:03.325: A/NetworkStats(196): java.lang.IllegalStateException: problem parsing line: null
03-29 11:59:03.325: A/NetworkStats(196): at com.android.internal.net.NetworkStatsFactory.readNetworkStatsDetail(NetworkStatsFactory.java:313)
03-29 11:59:03.325: A/NetworkStats(196): at com.android.server.NetworkManagementService.getNetworkStatsUidDetail(NetworkManagementService.java:1271)
03-29 11:59:03.325: A/NetworkStats(196): at com.android.server.net.NetworkStatsService.performPollLocked(NetworkStatsService.java:810)
03-29 11:59:03.325: A/NetworkStats(196): at com.android.server.net.NetworkStatsService.updateIfacesLocked(NetworkStatsService.java:721)
03-29 11:59:03.325: A/NetworkStats(196): at com.android.server.net.NetworkStatsService.updateIfaces(NetworkStatsService.java:699)
03-29 11:59:03.325: A/NetworkStats(196): at com.android.server.net.NetworkStatsService.access$000(NetworkStatsService.java:128)
03-29 11:59:03.325: A/NetworkStats(196): at com.android.server.net.NetworkStatsService$1.onReceive(NetworkStatsService.java:589)
03-29 11:59:03.325: A/NetworkStats(196): at android.app.LoadedApk$ReceiverDispatcher$Args.run(LoadedApk.java:728)
03-29 11:59:03.325: A/NetworkStats(196): at android.os.Handler.handleCallback(Handler.java:605)
03-29 11:59:03.325: A/NetworkStats(196): at android.os.Handler.dispatchMessage(Handler.java:92)
03-29 11:59:03.325: A/NetworkStats(196): at android.os.Looper.loop(Looper.java:137)
03-29 11:59:03.325: A/NetworkStats(196): at android.os.HandlerThread.run(HandlerThread.java:60)
03-29 11:59:03.325: A/NetworkStats(196): Caused by: java.io.FileNotFoundException: /proc/net/xt_qtaguid/stats: open failed: ENOENT (No such file or directory)
03-29 11:59:03.325: A/NetworkStats(196): at libcore.io.IoBridge.open(IoBridge.java:406)
03-29 11:59:03.325: A/NetworkStats(196): at java.io.FileInputStream.(FileInputStream.java:78)
03-29 11:59:03.325: A/NetworkStats(196): at java.io.FileReader.(FileReader.java:42)
03-29 11:59:03.325: A/NetworkStats(196): at com.android.internal.net.NetworkStatsFactory.readNetworkStatsDetail(NetworkStatsFactory.java:272)
03-29 11:59:03.325: A/NetworkStats(196): ... 11 more
03-29 11:59:03.325: A/NetworkStats(196): Caused by: libcore.io.ErrnoException: open failed: ENOENT (No such file or directory)
03-29 11:59:03.325: A/NetworkStats(196): at libcore.io.Posix.open(Native Method)
03-29 11:59:03.325: A/NetworkStats(196): at libcore.io.BlockGuardOs.open(BlockGuardOs.java:98)
03-29 11:59:03.325: A/NetworkStats(196): at libcore.io.IoBridge.open(IoBridge.java:390)
03-29 11:59:03.325: A/NetworkStats(196): ... 14 more
03-29 11:59:03.525: D/NetworkPolicy(196): applying policy NetworkPolicy[NetworkTemplate: matchRule=MOBILE_ALL, subscriberId=310260000000000]: cycleDay=29, warningBytes=2147483648, limitBytes=-1, lastSnooze=-1 to ifaces [eth0]
03-29 11:59:03.555: I//system/bin/fsck_msdos(31): FIXED
03-29 11:59:03.575: I//system/bin/fsck_msdos(31): 1 files, 64503 free (129007 clusters)
03-29 11:59:03.685: D/dalvikvm(557): GC_CONCURRENT freed 448K, 6% free 10097K/10631K, paused 4ms+5ms
03-29 11:59:03.705: D/StrictMode(509): StrictMode policy violation; ~duration=542 ms: android.os.StrictMode$StrictModeDiskWriteViolation: policy=2711 violation=1
03-29 11:59:03.705: D/StrictMode(509): at android.os.StrictMode$AndroidBlockGuardPolicy.onWriteToDisk(StrictMode.java:1048)
03-29 11:59:03.705: D/StrictMode(509): at android.database.sqlite.SQLiteStatement.acquireAndLock(SQLiteStatement.java:226)
03-29 11:59:03.705: D/StrictMode(509): at android.database.sqlite.SQLiteStatement.executeUpdateDelete(SQLiteStatement.java:84)
03-29 11:59:03.705: D/StrictMode(509): at android.database.sqlite.SQLiteDatabase.updateWithOnConflict(SQLiteDatabase.java:1810)
03-29 11:59:03.705: D/StrictMode(509): at android.database.sqlite.SQLiteDatabase.update(SQLiteDatabase.java:1761)
03-29 11:59:03.705: D/StrictMode(509): at com.android.providers.telephony.TelephonyProvider.insert(TelephonyProvider.java:561)
03-29 11:59:03.705: D/StrictMode(509): at android.content.ContentProvider$Transport.insert(ContentProvider.java:189)
03-29 11:59:03.705: D/StrictMode(509): at android.content.ContentResolver.insert(ContentResolver.java:729)
03-29 11:59:03.705: D/StrictMode(509): at com.android.internal.telephony.gsm.GSMPhone.updateCurrentCarrierInProvider(GSMPhone.java:1328)
03-29 11:59:03.705: D/StrictMode(509): at com.android.internal.telephony.gsm.GsmDataConnectionTracker.onApnChanged(GsmDataConnectionTracker.java:1064)
03-29 11:59:03.705: D/StrictMode(509): at com.android.internal.telephony.gsm.GsmDataConnectionTracker.handleMessage(GsmDataConnectionTracker.java:2340)
03-29 11:59:03.705: D/StrictMode(509): at android.os.Handler.dispatchMessage(Handler.java:99)
03-29 11:59:03.705: D/StrictMode(509): at android.os.Looper.loop(Looper.java:137)
03-29 11:59:03.705: D/StrictMode(509): at android.app.ActivityThread.main(ActivityThread.java:4340)
03-29 11:59:03.705: D/StrictMode(509): at java.lang.reflect.Method.invokeNative(Native Method)
03-29 11:59:03.705: D/StrictMode(509): at java.lang.reflect.Method.invoke(Method.java:511)
03-29 11:59:03.705: D/StrictMode(509): at com.android.internal.os.ZygoteInit$MethodAndArgsCaller.run(ZygoteInit.java:784)
03-29 11:59:03.705: D/StrictMode(509): at com.android.internal.os.ZygoteInit.main(ZygoteInit.java:551)
03-29 11:59:03.705: D/StrictMode(509): at dalvik.system.NativeStart.main(Native Method)
03-29 11:59:03.705: D/StrictMode(509): StrictMode policy violation; ~duration=532 ms: android.os.StrictMode$StrictModeDiskWriteViolation: policy=2711 violation=1
03-29 11:59:03.705: D/StrictMode(509): at android.os.StrictMode$AndroidBlockGuardPolicy.onWriteToDisk(StrictMode.java:1048)
03-29 11:59:03.705: D/StrictMode(509): at android.database.sqlite.SQLiteStatement.acquireAndLock(SQLiteStatement.java:226)
03-29 11:59:03.705: D/StrictMode(509): at android.database.sqlite.SQLiteStatement.executeUpdateDelete(SQLiteStatement.java:84)
03-29 11:59:03.705: D/StrictMode(509): at android.database.sqlite.SQLiteDatabase.executeSql(SQLiteDatabase.java:1899)
03-29 11:59:03.705: D/StrictMode(509): at android.database.sqlite.SQLiteDatabase.execSQL(SQLiteDatabase.java:1839)
03-29 11:59:03.705: D/StrictMode(509): at android.database.sqlite.SQLiteDatabase.beginTransaction(SQLiteDatabase.java:661)
03-29 11:59:03.705: D/StrictMode(509): at android.database.sqlite.SQLiteDatabase.beginTransactionNonExclusive(SQLiteDatabase.java:576)
03-29 11:59:03.705: D/StrictMode(509): at android.database.sqlite.SQLiteStatement.acquireAndLock(SQLiteStatement.java:247)
03-29 11:59:03.705: D/StrictMode(509): at android.database.sqlite.SQLiteStatement.executeUpdateDelete(SQLiteStatement.java:84)
03-29 11:59:03.705: D/StrictMode(509): at android.database.sqlite.SQLiteDatabase.updateWithOnConflict(SQLiteDatabase.java:1810)
03-29 11:59:03.705: D/StrictMode(509): at android.database.sqlite.SQLiteDatabase.update(SQLiteDatabase.java:1761)
03-29 11:59:03.705: D/StrictMode(509): at com.android.providers.telephony.TelephonyProvider.insert(TelephonyProvider.java:561)
03-29 11:59:03.705: D/StrictMode(509): at android.content.ContentProvider$Transport.insert(ContentProvider.java:189)
03-29 11:59:03.705: D/StrictMode(509): at android.content.ContentResolver.insert(ContentResolver.java:729)
03-29 11:59:03.705: D/StrictMode(509): at com.android.internal.telephony.gsm.GSMPhone.updateCurrentCarrierInProvider(GSMPhone.java:1328)
03-29 11:59:03.705: D/StrictMode(509): at com.android.internal.telephony.gsm.GsmDataConnectionTracker.onApnChanged(GsmDataConnectionTracker.java:1064)
03-29 11:59:03.705: D/StrictMode(509): at com.android.internal.telephony.gsm.GsmDataConnectionTracker.handleMessage(GsmDataConnectionTracker.java:2340)
03-29 11:59:03.705: D/StrictMode(509): at android.os.Handler.dispatchMessage(Handler.java:99)
03-29 11:59:03.705: D/StrictMode(509): at android.os.Looper.loop(Looper.java:137)
03-29 11:59:03.705: D/StrictMode(509): at android.app.ActivityThread.main(ActivityThread.java:4340)
03-29 11:59:03.705: D/StrictMode(509): at java.lang.reflect.Method.invokeNative(Native Method)
03-29 11:59:03.705: D/StrictMode(509): at java.lang.reflect.Method.invoke(Method.java:511)
03-29 11:59:03.705: D/StrictMode(509): at com.android.internal.os.ZygoteInit$MethodAndArgsCaller.run(ZygoteInit.java:784)
03-29 11:59:03.705: D/StrictMode(509): at com.android.internal.os.ZygoteInit.main(ZygoteInit.java:551)
03-29 11:59:03.705: D/StrictMode(509): at dalvik.system.NativeStart.main(Native Method)
03-29 11:59:03.735: D/StrictMode(509): StrictMode policy violation; ~duration=470 ms: android.os.StrictMode$StrictModeDiskWriteViolation: policy=2711 violation=1
03-29 11:59:03.735: D/StrictMode(509): at android.os.StrictMode$AndroidBlockGuardPolicy.onWriteToDisk(StrictMode.java:1048)
03-29 11:59:03.735: D/StrictMode(509): at android.database.sqlite.SQLiteStatement.acquireAndLock(SQLiteStatement.java:226)
03-29 11:59:03.735: D/StrictMode(509): at android.database.sqlite.SQLiteStatement.executeUpdateDelete(SQLiteStatement.java:84)
03-29 11:59:03.735: D/StrictMode(509): at android.database.sqlite.SQLiteDatabase.executeSql(SQLiteDatabase.java:1899)
03-29 11:59:03.735: D/StrictMode(509): at android.database.sqlite.SQLiteDatabase.execSQL(SQLiteDatabase.java:1839)
03-29 11:59:03.735: D/StrictMode(509): at android.database.sqlite.SQLiteDatabase.endTransaction(SQLiteDatabase.java:714)
03-29 11:59:03.735: D/StrictMode(509): at android.database.sqlite.SQLiteStatement.releaseAndUnlock(SQLiteStatement.java:273)
03-29 11:59:03.735: D/StrictMode(509): at android.database.sqlite.SQLiteStatement.executeUpdateDelete(SQLiteStatement.java:96)
03-29 11:59:03.735: D/StrictMode(509): at android.database.sqlite.SQLiteDatabase.updateWithOnConflict(SQLiteDatabase.java:1810)
03-29 11:59:03.735: D/StrictMode(509): at android.database.sqlite.SQLiteDatabase.update(SQLiteDatabase.java:1761)
03-29 11:59:03.735: D/StrictMode(509): at com.android.providers.telephony.TelephonyProvider.insert(TelephonyProvider.java:561)
03-29 11:59:03.735: D/StrictMode(509): at android.content.ContentProvider$Transport.insert(ContentProvider.java:189)
03-29 11:59:03.735: D/StrictMode(509): at android.content.ContentResolver.insert(ContentResolver.java:729)
03-29 11:59:03.735: D/StrictMode(509): at com.android.internal.telephony.gsm.GSMPhone.updateCurrentCarrierInProvider(GSMPhone.java:1328)
03-29 11:59:03.735: D/StrictMode(509): at com.android.internal.telephony.gsm.GsmDataConnectionTracker.onApnChanged(GsmDataConnectionTracker.java:1064)
03-29 11:59:03.735: D/StrictMode(509): at com.android.internal.telephony.gsm.GsmDataConnectionTracker.handleMessage(GsmDataConnectionTracker.java:2340)
03-29 11:59:03.735: D/StrictMode(509): at android.os.Handler.dispatchMessage(Handler.java:99)
03-29 11:59:03.735: D/StrictMode(509): at android.os.Looper.loop(Looper.java:137)
03-29 11:59:03.735: D/StrictMode(509): at android.app.ActivityThread.main(ActivityThread.java:4340)
03-29 11:59:03.735: D/StrictMode(509): at java.lang.reflect.Method.invokeNative(Native Method)
03-29 11:59:03.735: D/StrictMode(509): at java.lang.reflect.Method.invoke(Method.java:511)
03-29 11:59:03.735: D/StrictMode(509): at com.android.internal.os.ZygoteInit$MethodAndArgsCaller.run(ZygoteInit.java:784)
03-29 11:59:03.735: D/StrictMode(509): at com.android.internal.os.ZygoteInit.main(ZygoteInit.java:551)
03-29 11:59:03.735: D/StrictMode(509): at dalvik.system.NativeStart.main(Native Method)
03-29 11:59:03.735: D/StrictMode(509): StrictMode policy violation; ~duration=377 ms: android.os.StrictMode$StrictModeDiskWriteViolation: policy=2711 violation=1
03-29 11:59:03.735: D/StrictMode(509): at android.os.StrictMode$AndroidBlockGuardPolicy.onWriteToDisk(StrictMode.java:1048)
03-29 11:59:03.735: D/StrictMode(509): at android.database.sqlite.SQLiteStatement.acquireAndLock(SQLiteStatement.java:226)
03-29 11:59:03.735: D/StrictMode(509): at android.database.sqlite.SQLiteStatement.executeUpdateDelete(SQLiteStatement.java:84)
03-29 11:59:03.735: D/StrictMode(509): at android.database.sqlite.SQLiteDatabase.updateWithOnConflict(SQLiteDatabase.java:1810)
03-29 11:59:03.735: D/StrictMode(509): at android.database.sqlite.SQLiteDatabase.update(SQLiteDatabase.java:1761)
03-29 11:59:03.735: D/StrictMode(509): at com.android.providers.telephony.TelephonyProvider.insert(TelephonyProvider.java:564)
03-29 11:59:03.735: D/StrictMode(509): at android.content.ContentProvider$Transport.insert(ContentProvider.java:189)
03-29 11:59:03.735: D/StrictMode(509): at android.content.ContentResolver.insert(ContentResolver.java:729)
03-29 11:59:03.735: D/StrictMode(509): at com.android.internal.telephony.gsm.GSMPhone.updateCurrentCarrierInProvider(GSMPhone.java:1328)
03-29 11:59:03.735: D/StrictMode(509): at com.android.internal.telephony.gsm.GsmDataConnectionTracker.onApnChanged(GsmDataConnectionTracker.java:1064)
03-29 11:59:03.735: D/StrictMode(509): at com.android.internal.telephony.gsm.GsmDataConnectionTracker.handleMessage(GsmDataConnectionTracker.java:2340)
03-29 11:59:03.735: D/StrictMode(509): at android.os.Handler.dispatchMessage(Handler.java:99)
03-29 11:59:03.735: D/StrictMode(509): at android.os.Looper.loop(Looper.java:137)
03-29 11:59:03.735: D/StrictMode(509): at android.app.ActivityThread.main(ActivityThread.java:4340)
03-29 11:59:03.735: D/StrictMode(509): at java.lang.reflect.Method.invokeNative(Native Method)
03-29 11:59:03.735: D/StrictMode(509): at java.lang.reflect.Method.invoke(Method.java:511)
03-29 11:59:03.735: D/StrictMode(509): at com.android.internal.os.ZygoteInit$MethodAndArgsCaller.run(ZygoteInit.java:784)
03-29 11:59:03.735: D/StrictMode(509): at com.android.internal.os.ZygoteInit.main(ZygoteInit.java:551)
03-29 11:59:03.735: D/StrictMode(509): at dalvik.system.NativeStart.main(Native Method)
03-29 11:59:03.815: D/StrictMode(509): StrictMode policy violation; ~duration=370 ms: android.os.StrictMode$StrictModeDiskWriteViolation: policy=2711 violation=1
03-29 11:59:03.815: D/StrictMode(509): at android.os.StrictMode$AndroidBlockGuardPolicy.onWriteToDisk(StrictMode.java:1048)
03-29 11:59:03.815: D/StrictMode(509): at android.database.sqlite.SQLiteStatement.acquireAndLock(SQLiteStatement.java:226)
03-29 11:59:03.815: D/StrictMode(509): at android.database.sqlite.SQLiteStatement.executeUpdateDelete(SQLiteStatement.java:84)
03-29 11:59:03.815: D/StrictMode(509): at android.database.sqlite.SQLiteDatabase.executeSql(SQLiteDatabase.java:1899)
03-29 11:59:03.815: D/StrictMode(509): at android.database.sqlite.SQLiteDatabase.execSQL(SQLiteDatabase.java:1839)
03-29 11:59:03.815: D/StrictMode(509): at android.database.sqlite.SQLiteDatabase.beginTransaction(SQLiteDatabase.java:661)
03-29 11:59:03.815: D/StrictMode(509): at android.database.sqlite.SQLiteDatabase.beginTransactionNonExclusive(SQLiteDatabase.java:576)
03-29 11:59:03.815: D/StrictMode(509): at android.database.sqlite.SQLiteStatement.acquireAndLock(SQLiteStatement.java:247)
03-29 11:59:03.815: D/StrictMode(509): at android.database.sqlite.SQLiteStatement.executeUpdateDelete(SQLiteStatement.java:84)
03-29 11:59:03.815: D/StrictMode(509): at android.database.sqlite.SQLiteDatabase.updateWithOnConflict(SQLiteDatabase.java:1810)
03-29 11:59:03.815: D/StrictMode(509): at android.database.sqlite.SQLiteDatabase.update(SQLiteDatabase.java:1761)
03-29 11:59:03.815: D/StrictMode(509): at com.android.providers.telephony.TelephonyProvider.insert(TelephonyProvider.java:564)
03-29 11:59:03.815: D/StrictMode(509): at android.content.ContentProvider$Transport.insert(ContentProvider.java:189)
03-29 11:59:03.815: D/StrictMode(509): at android.content.ContentResolver.insert(ContentResolver.java:729)
03-29 11:59:03.815: D/StrictMode(509): at com.android.internal.telephony.gsm.GSMPhone.updateCurrentCarrierInProvider(GSMPhone.java:1328)
03-29 11:59:03.815: D/StrictMode(509): at com.android.internal.telephony.gsm.GsmDataConnectionTracker.onApnChanged(GsmDataConnectionTracker.java:1064)
03-29 11:59:03.815: D/StrictMode(509): at com.android.internal.telephony.gsm.GsmDataConnectionTracker.handleMessage(GsmDataConnectionTracker.java:2340)
03-29 11:59:03.815: D/StrictMode(509): at android.os.Handler.dispatchMessage(Handler.java:99)
03-29 11:59:03.815: D/StrictMode(509): at android.os.Looper.loop(Looper.java:137)
03-29 11:59:03.815: D/StrictMode(509): at android.app.ActivityThread.main(ActivityThread.java:4340)
03-29 11:59:03.815: D/StrictMode(509): at java.lang.reflect.Method.invokeNative(Native Method)
03-29 11:59:03.815: D/StrictMode(509): at java.lang.reflect.Method.invoke(Method.java:511)
03-29 11:59:03.815: D/StrictMode(509): at com.android.internal.os.ZygoteInit$MethodAndArgsCaller.run(ZygoteInit.java:784)
03-29 11:59:03.815: D/StrictMode(509): at com.android.internal.os.ZygoteInit.main(ZygoteInit.java:551)
03-29 11:59:03.815: D/StrictMode(509): at dalvik.system.NativeStart.main(Native Method)
03-29 11:59:03.825: D/StrictMode(509): StrictMode policy violation; ~duration=272 ms: android.os.StrictMode$StrictModeDiskWriteViolation: policy=2711 violation=1
03-29 11:59:03.825: D/StrictMode(509): at android.os.StrictMode$AndroidBlockGuardPolicy.onWriteToDisk(StrictMode.java:1048)
03-29 11:59:03.825: D/StrictMode(509): at android.database.sqlite.SQLiteStatement.acquireAndLock(SQLiteStatement.java:226)
03-29 11:59:03.825: D/StrictMode(509): at android.database.sqlite.SQLiteStatement.executeUpdateDelete(SQLiteStatement.java:84)
03-29 11:59:03.825: D/StrictMode(509): at android.database.sqlite.SQLiteDatabase.executeSql(SQLiteDatabase.java:1899)
03-29 11:59:03.825: D/StrictMode(509): at android.database.sqlite.SQLiteDatabase.execSQL(SQLiteDatabase.java:1839)
03-29 11:59:03.825: D/StrictMode(509): at android.database.sqlite.SQLiteDatabase.endTransaction(SQLiteDatabase.java:714)
03-29 11:59:03.825: D/StrictMode(509): at android.database.sqlite.SQLiteStatement.releaseAndUnlock(SQLiteStatement.java:273)
03-29 11:59:03.825: D/StrictMode(509): at android.database.sqlite.SQLiteStatement.executeUpdateDelete(SQLiteStatement.java:96)
03-29 11:59:03.825: D/StrictMode(509): at android.database.sqlite.SQLiteDatabase.updateWithOnConflict(SQLiteDatabase.java:1810)
03-29 11:59:03.825: D/StrictMode(509): at android.database.sqlite.SQLiteDatabase.update(SQLiteDatabase.java:1761)
03-29 11:59:03.825: D/StrictMode(509): at com.android.providers.telephony.TelephonyProvider.insert(TelephonyProvider.java:564)
03-29 11:59:03.825: D/StrictMode(509): at android.content.ContentProvider$Transport.insert(ContentProvider.java:189)
03-29 11:59:03.825: D/StrictMode(509): at android.content.ContentResolver.insert(ContentResolver.java:729)
03-29 11:59:03.825: D/StrictMode(509): at com.android.internal.telephony.gsm.GSMPhone.updateCurrentCarrierInProvider(GSMPhone.java:1328)
03-29 11:59:03.825: D/StrictMode(509): at com.android.internal.telephony.gsm.GsmDataConnectionTracker.onApnChanged(GsmDataConnectionTracker.java:1064)
03-29 11:59:03.825: D/StrictMode(509): at com.android.internal.telephony.gsm.GsmDataConnectionTracker.handleMessage(GsmDataConnectionTracker.java:2340)
03-29 11:59:03.825: D/StrictMode(509): at android.os.Handler.dispatchMessage(Handler.java:99)
03-29 11:59:03.825: D/StrictMode(509): at android.os.Looper.loop(Looper.java:137)
03-29 11:59:03.825: D/StrictMode(509): at android.app.ActivityThread.main(ActivityThread.java:4340)
03-29 11:59:03.825: D/StrictMode(509): at java.lang.reflect.Method.invokeNative(Native Method)
03-29 11:59:03.825: D/StrictMode(509): at java.lang.reflect.Method.invoke(Method.java:511)
03-29 11:59:03.825: D/StrictMode(509): at com.android.internal.os.ZygoteInit$MethodAndArgsCaller.run(ZygoteInit.java:784)
03-29 11:59:03.825: D/StrictMode(509): at com.android.internal.os.ZygoteInit.main(ZygoteInit.java:551)
03-29 11:59:03.825: D/StrictMode(509): at dalvik.system.NativeStart.main(Native Method)
03-29 11:59:03.855: D/StrictMode(557): StrictMode policy violation; ~duration=263 ms: android.os.StrictMode$StrictModeDiskReadViolation: policy=2711 violation=2
03-29 11:59:03.855: D/StrictMode(557): at android.os.StrictMode$AndroidBlockGuardPolicy.onReadFromDisk(StrictMode.java:1074)
03-29 11:59:03.855: D/StrictMode(557): at android.database.sqlite.SQLiteDatabase.rawQueryWithFactory(SQLiteDatabase.java:1557)
03-29 11:59:03.855: D/StrictMode(557): at android.database.sqlite.SQLiteQueryBuilder.query(SQLiteQueryBuilder.java:354)
03-29 11:59:03.855: D/StrictMode(557): at android.database.sqlite.SQLiteQueryBuilder.query(SQLiteQueryBuilder.java:291)
03-29 11:59:03.855: D/StrictMode(557): at com.google.android.gsf.settings.GoogleSettingsProvider.query(GoogleSettingsProvider.java:158)
03-29 11:59:03.855: D/StrictMode(557): at android.content.ContentProvider$Transport.query(ContentProvider.java:178)
03-29 11:59:03.855: D/StrictMode(557): at android.content.ContentResolver.query(ContentResolver.java:310)
03-29 11:59:03.855: D/StrictMode(557): at com.google.android.gsf.GoogleSettingsContract$Partner.getString(GoogleSettingsContract.java:87)
03-29 11:59:03.855: D/StrictMode(557): at com.google.android.gsf.checkin.CheckinService.launchTask(CheckinService.java:221)
03-29 11:59:03.855: D/StrictMode(557): at com.google.android.gsf.checkin.CheckinService.onStartCommand(CheckinService.java:159)
03-29 11:59:03.855: D/StrictMode(557): at android.app.ActivityThread.handleServiceArgs(ActivityThread.java:2358)
03-29 11:59:03.855: D/StrictMode(557): at android.app.ActivityThread.access$1900(ActivityThread.java:122)
03-29 11:59:03.855: D/StrictMode(557): at android.app.ActivityThread$H.handleMessage(ActivityThread.java:1209)
03-29 11:59:03.855: D/StrictMode(557): at android.os.Handler.dispatchMessage(Handler.java:99)
03-29 11:59:03.855: D/StrictMode(557): at android.os.Looper.loop(Looper.java:137)
03-29 11:59:03.855: D/StrictMode(557): at android.app.ActivityThread.main(ActivityThread.java:4340)
03-29 11:59:03.855: D/StrictMode(557): at java.lang.reflect.Method.invokeNative(Native Method)
03-29 11:59:03.855: D/StrictMode(557): at java.lang.reflect.Method.invoke(Method.java:511)
03-29 11:59:03.855: D/StrictMode(557): at com.android.internal.os.ZygoteInit$MethodAndArgsCaller.run(ZygoteInit.java:784)
03-29 11:59:03.855: D/StrictMode(557): at com.android.internal.os.ZygoteInit.main(ZygoteInit.java:551)
03-29 11:59:03.855: D/StrictMode(557): at dalvik.system.NativeStart.main(Native Method)
03-29 11:59:03.865: D/StrictMode(509): StrictMode policy violation; ~duration=183 ms: android.os.StrictMode$StrictModeDiskReadViolation: policy=2711 violation=2
03-29 11:59:03.865: D/StrictMode(509): at android.os.StrictMode$AndroidBlockGuardPolicy.onReadFromDisk(StrictMode.java:1074)
03-29 11:59:03.865: D/StrictMode(509): at android.database.sqlite.SQLiteDatabase.rawQueryWithFactory(SQLiteDatabase.java:1557)
03-29 11:59:03.865: D/StrictMode(509): at android.database.sqlite.SQLiteQueryBuilder.query(SQLiteQueryBuilder.java:354)
03-29 11:59:03.865: D/StrictMode(509): at android.database.sqlite.SQLiteQueryBuilder.query(SQLiteQueryBuilder.java:291)
03-29 11:59:03.865: D/StrictMode(509): at com.android.providers.telephony.TelephonyProvider.query(TelephonyProvider.java:458)
03-29 11:59:03.865: D/StrictMode(509): at android.content.ContentProvider$Transport.query(ContentProvider.java:178)
03-29 11:59:03.865: D/StrictMode(509): at android.content.ContentResolver.query(ContentResolver.java:310)
03-29 11:59:03.865: D/StrictMode(509): at com.android.internal.telephony.gsm.GsmDataConnectionTracker.createAllApnList(GsmDataConnectionTracker.java:2095)
03-29 11:59:03.865: D/StrictMode(509): at com.android.internal.telephony.gsm.GsmDataConnectionTracker.onApnChanged(GsmDataConnectionTracker.java:1070)
03-29 11:59:03.865: D/StrictMode(509): at com.android.internal.telephony.gsm.GsmDataConnectionTracker.handleMessage(GsmDataConnectionTracker.java:2340)
03-29 11:59:03.865: D/StrictMode(509): at android.os.Handler.dispatchMessage(Handler.java:99)
03-29 11:59:03.865: D/StrictMode(509): at android.os.Looper.loop(Looper.java:137)
03-29 11:59:03.865: D/StrictMode(509): at android.app.ActivityThread.main(ActivityThread.java:4340)
03-29 11:59:03.865: D/StrictMode(509): at java.lang.reflect.Method.invokeNative(Native Method)
03-29 11:59:03.865: D/StrictMode(509): at java.lang.reflect.Method.invoke(Method.java:511)
03-29 11:59:03.865: D/StrictMode(509): at com.android.internal.os.ZygoteInit$MethodAndArgsCaller.run(ZygoteInit.java:784)
03-29 11:59:03.865: D/StrictMode(509): at com.android.internal.os.ZygoteInit.main(ZygoteInit.java:551)
03-29 11:59:03.865: D/StrictMode(509): at dalvik.system.NativeStart.main(Native Method)
03-29 11:59:03.905: D/StrictMode(557): StrictMode policy violation; ~duration=96 ms: android.os.StrictMode$StrictModeDiskReadViolation: policy=2711 violation=2
03-29 11:59:03.905: D/StrictMode(557): at android.os.StrictMode$AndroidBlockGuardPolicy.onReadFromDisk(StrictMode.java:1074)
03-29 11:59:03.905: D/StrictMode(557): at android.database.sqlite.SQLiteStatement.acquireAndLock(SQLiteStatement.java:228)
03-29 11:59:03.905: D/StrictMode(557): at android.database.sqlite.SQLiteStatement.simpleQueryForString(SQLiteStatement.java:160)
03-29 11:59:03.905: D/StrictMode(557): at com.google.android.gsf.gservices.GservicesProvider.querySimple(GservicesProvider.java:174)
03-29 11:59:03.905: D/StrictMode(557): at com.google.android.gsf.gservices.GservicesProvider.query(GservicesProvider.java:157)
03-29 11:59:03.905: D/StrictMode(557): at android.content.ContentProvider$Transport.query(ContentProvider.java:178)
03-29 11:59:03.905: D/StrictMode(557): at android.content.ContentResolver.query(ContentResolver.java:310)
03-29 11:59:03.905: D/StrictMode(557): at com.google.android.gsf.Gservices.getString(Gservices.java:101)
03-29 11:59:03.905: D/StrictMode(557): at com.google.android.gsf.Gservices.getString(Gservices.java:128)
03-29 11:59:03.905: D/StrictMode(557): at com.google.android.gsf.Gservices.getInt(Gservices.java:138)
03-29 11:59:03.905: D/StrictMode(557): at com.google.android.gsf.checkin.EventLogService.scheduleAggregation(EventLogService.java:166)
03-29 11:59:03.905: D/StrictMode(557): at com.google.android.gsf.checkin.EventLogService.access$000(EventLogService.java:45)
03-29 11:59:03.905: D/StrictMode(557): at com.google.android.gsf.checkin.EventLogService$Receiver.onReceive(EventLogService.java:59)
03-29 11:59:03.905: D/StrictMode(557): at android.app.ActivityThread.handleReceiver(ActivityThread.java:2118)
03-29 11:59:03.905: D/StrictMode(557): at android.app.ActivityThread.access$1500(ActivityThread.java:122)
03-29 11:59:03.905: D/StrictMode(557): at android.app.ActivityThread$H.handleMessage(ActivityThread.java:1196)
03-29 11:59:03.905: D/StrictMode(557): at android.os.Handler.dispatchMessage(Handler.java:99)
03-29 11:59:03.905: D/StrictMode(557): at android.os.Looper.loop(Looper.java:137)
03-29 11:59:03.905: D/StrictMode(557): at android.app.ActivityThread.main(ActivityThread.java:4340)
03-29 11:59:03.905: D/StrictMode(557): at java.lang.reflect.Method.invokeNative(Native Method)
03-29 11:59:03.905: D/StrictMode(557): at java.lang.reflect.Method.invoke(Method.java:511)
03-29 11:59:03.905: D/StrictMode(557): at com.android.internal.os.ZygoteInit$MethodAndArgsCaller.run(ZygoteInit.java:784)
03-29 11:59:03.905: D/StrictMode(557): at com.android.internal.os.ZygoteInit.main(ZygoteInit.java:551)
03-29 11:59:03.905: D/StrictMode(557): at dalvik.system.NativeStart.main(Native Method)
03-29 11:59:03.925: D/StrictMode(509): StrictMode policy violation; ~duration=83 ms: android.os.StrictMode$StrictModeDiskReadViolation: policy=2711 violation=2
03-29 11:59:03.925: D/StrictMode(509): at android.os.StrictMode$AndroidBlockGuardPolicy.onReadFromDisk(StrictMode.java:1074)
03-29 11:59:03.925: D/StrictMode(509): at android.database.sqlite.SQLiteDatabase.rawQueryWithFactory(SQLiteDatabase.java:1557)
03-29 11:59:03.925: D/StrictMode(509): at android.database.sqlite.SQLiteQueryBuilder.query(SQLiteQueryBuilder.java:354)
03-29 11:59:03.925: D/StrictMode(509): at android.database.sqlite.SQLiteQueryBuilder.query(SQLiteQueryBuilder.java:291)
03-29 11:59:03.925: D/StrictMode(509): at com.android.providers.telephony.TelephonyProvider.query(TelephonyProvider.java:458)
03-29 11:59:03.925: D/StrictMode(509): at android.content.ContentProvider$Transport.query(ContentProvider.java:178)
03-29 11:59:03.925: D/StrictMode(509): at android.content.ContentResolver.query(ContentResolver.java:310)
03-29 11:59:03.925: D/StrictMode(509): at com.android.internal.telephony.gsm.GsmDataConnectionTracker.getPreferredApn(GsmDataConnectionTracker.java:2276)
03-29 11:59:03.925: D/StrictMode(509): at com.android.internal.telephony.gsm.GsmDataConnectionTracker.createAllApnList(GsmDataConnectionTracker.java:2112)
03-29 11:59:03.925: D/StrictMode(509): at com.android.internal.telephony.gsm.GsmDataConnectionTracker.onApnChanged(GsmDataConnectionTracker.java:1070)
03-29 11:59:03.925: D/StrictMode(509): at com.android.internal.telephony.gsm.GsmDataConnectionTracker.handleMessage(GsmDataConnectionTracker.java:2340)
03-29 11:59:03.925: D/StrictMode(509): at android.os.Handler.dispatchMessage(Handler.java:99)
03-29 11:59:03.925: D/StrictMode(509): at android.os.Looper.loop(Looper.java:137)
03-29 11:59:03.925: D/StrictMode(509): at android.app.ActivityThread.main(ActivityThread.java:4340)
03-29 11:59:03.925: D/StrictMode(509): at java.lang.reflect.Method.invokeNative(Native Method)
03-29 11:59:03.925: D/StrictMode(509): at java.lang.reflect.Method.invoke(Method.java:511)
03-29 11:59:03.925: D/StrictMode(509): at com.android.internal.os.ZygoteInit$MethodAndArgsCaller.run(ZygoteInit.java:784)
03-29 11:59:03.925: D/StrictMode(509): at com.android.internal.os.ZygoteInit.main(ZygoteInit.java:551)
03-29 11:59:03.925: D/StrictMode(509): at dalvik.system.NativeStart.main(Native Method)
03-29 11:59:03.995: W/WindowManager(196): App freeze timeout expired.
03-29 11:59:03.995: W/WindowManager(196): Force clearing freeze: AppWindowToken{41c90650 token=ActivityRecord{415beb70 com.android.launcher/com.android.launcher2.Launcher}}
03-29 11:59:04.115: D/ConnectivityService(196): ConnectivityChange for mobile: DISCONNECTED/DISCONNECTED
03-29 11:59:04.115: D/ConnectivityService(196): Attempting to switch to wifi
03-29 11:59:04.135: D/ConnectivityService(196): resetConnections(eth0, 3)