03-29 18:58:38.661: D/StrictMode(196): at libcore.io.BlockGuardOs.open(BlockGuardOs.java:94)
03-29 18:58:38.661: D/StrictMode(196): at libcore.io.IoBridge.open(IoBridge.java:390)
03-29 18:58:38.661: D/StrictMode(196): at java.io.FileOutputStream.(FileOutputStream.java:88)
03-29 18:58:38.661: D/StrictMode(196): at com.android.server.WallpaperManagerService.saveSettingsLocked(WallpaperManagerService.java:704)
03-29 18:58:38.661: D/StrictMode(196): at com.android.server.WallpaperManagerService.access$100(WallpaperManagerService.java:74)
03-29 18:58:38.661: D/StrictMode(196): at com.android.server.WallpaperManagerService$WallpaperConnection.onServiceConnected(WallpaperManagerService.java:194)
03-29 18:58:38.661: D/StrictMode(196): at android.app.LoadedApk$ServiceDispatcher.doConnected(LoadedApk.java:1061)
03-29 18:58:38.661: D/StrictMode(196): at android.app.LoadedApk$ServiceDispatcher$RunConnection.run(LoadedApk.java:1078)
03-29 18:58:38.661: D/StrictMode(196): at android.os.Handler.handleCallback(Handler.java:605)
03-29 18:58:38.661: D/StrictMode(196): at android.os.Handler.dispatchMessage(Handler.java:92)
03-29 18:58:38.661: D/StrictMode(196): at android.os.Looper.loop(Looper.java:137)
03-29 18:58:38.661: D/StrictMode(196): at com.android.server.ServerThread.run(SystemServer.java:744)
03-29 18:58:38.672: D/StrictMode(196): StrictMode policy violation; ~duration=27 ms: android.os.StrictMode$StrictModeDiskWriteViolation: policy=151 violation=1
03-29 18:58:38.672: D/StrictMode(196): at android.os.StrictMode$AndroidBlockGuardPolicy.onWriteToDisk(StrictMode.java:1048)
03-29 18:58:38.672: D/StrictMode(196): at libcore.io.BlockGuardOs.write(BlockGuardOs.java:178)
03-29 18:58:38.672: D/StrictMode(196): at libcore.io.IoBridge.write(IoBridge.java:447)
03-29 18:58:38.672: D/StrictMode(196): at java.io.FileOutputStream.write(FileOutputStream.java:187)
03-29 18:58:38.672: D/StrictMode(196): at com.android.internal.util.FastXmlSerializer.flushBytes(FastXmlSerializer.java:212)
03-29 18:58:38.672: D/StrictMode(196): at com.android.internal.util.FastXmlSerializer.flush(FastXmlSerializer.java:233)
03-29 18:58:38.672: D/StrictMode(196): at com.android.internal.util.FastXmlSerializer.endDocument(FastXmlSerializer.java:183)
03-29 18:58:38.672: D/StrictMode(196): at com.android.server.WallpaperManagerService.saveSettingsLocked(WallpaperManagerService.java:720)
03-29 18:58:38.672: D/StrictMode(196): at com.android.server.WallpaperManagerService.access$100(WallpaperManagerService.java:74)
03-29 18:58:38.672: D/StrictMode(196): at com.android.server.WallpaperManagerService$WallpaperConnection.onServiceConnected(WallpaperManagerService.java:194)
03-29 18:58:38.672: D/StrictMode(196): at android.app.LoadedApk$ServiceDispatcher.doConnected(LoadedApk.java:1061)
03-29 18:58:38.672: D/StrictMode(196): at android.app.LoadedApk$ServiceDispatcher$RunConnection.run(LoadedApk.java:1078)
03-29 18:58:38.672: D/StrictMode(196): at android.os.Handler.handleCallback(Handler.java:605)
03-29 18:58:38.672: D/StrictMode(196): at android.os.Handler.dispatchMessage(Handler.java:92)
03-29 18:58:38.672: D/StrictMode(196): at android.os.Looper.loop(Looper.java:137)
03-29 18:58:38.672: D/StrictMode(196): at com.android.server.ServerThread.run(SystemServer.java:744)
03-29 18:58:38.881: D/CAT(509): CatService: Is running
03-29 18:58:38.881: D/CAT(509): CatService: NEW sInstance
03-29 18:58:38.901: D/CallManager(509): registerPhone(GSM Handler (com.android.internal.telephony.PhoneProxy) {41359248})
03-29 18:58:39.081: I/WindowManager(196): createSurface Window{415c9d80 StatusBar paused=false}: DRAW NOW PENDING
03-29 18:58:39.181: D/StrictMode(479): StrictMode policy violation; ~duration=4552 ms: android.os.StrictMode$StrictModeDiskReadViolation: policy=2711 violation=2
03-29 18:58:39.181: D/StrictMode(479): at android.os.StrictMode$AndroidBlockGuardPolicy.onReadFromDisk(StrictMode.java:1074)
03-29 18:58:39.181: D/StrictMode(479): at android.app.SharedPreferencesImpl.awaitLoadedLocked(SharedPreferencesImpl.java:184)
03-29 18:58:39.181: D/StrictMode(479): at android.app.SharedPreferencesImpl.getBoolean(SharedPreferencesImpl.java:241)
03-29 18:58:39.181: D/StrictMode(479): at com.android.systemui.statusbar.DoNotDisturb.(DoNotDisturb.java:40)
03-29 18:58:39.181: D/StrictMode(479): at com.android.systemui.statusbar.StatusBar.start(StatusBar.java:152)
03-29 18:58:39.181: D/StrictMode(479): at com.android.systemui.statusbar.phone.PhoneStatusBar.start(PhoneStatusBar.java:255)
03-29 18:58:39.181: D/StrictMode(479): at com.android.systemui.SystemUIService.onCreate(SystemUIService.java:93)
03-29 18:58:39.181: D/StrictMode(479): at android.app.ActivityThread.handleCreateService(ActivityThread.java:2252)
03-29 18:58:39.181: D/StrictMode(479): at android.app.ActivityThread.access$1600(ActivityThread.java:122)
03-29 18:58:39.181: D/StrictMode(479): at android.app.ActivityThread$H.handleMessage(ActivityThread.java:1200)
03-29 18:58:39.181: D/StrictMode(479): at android.os.Handler.dispatchMessage(Handler.java:99)
03-29 18:58:39.181: D/StrictMode(479): at android.os.Looper.loop(Looper.java:137)
03-29 18:58:39.181: D/StrictMode(479): at android.app.ActivityThread.main(ActivityThread.java:4340)
03-29 18:58:39.181: D/StrictMode(479): at java.lang.reflect.Method.invokeNative(Native Method)
03-29 18:58:39.181: D/StrictMode(479): at java.lang.reflect.Method.invoke(Method.java:511)
03-29 18:58:39.181: D/StrictMode(479): at com.android.internal.os.ZygoteInit$MethodAndArgsCaller.run(ZygoteInit.java:784)
03-29 18:58:39.181: D/StrictMode(479): at com.android.internal.os.ZygoteInit.main(ZygoteInit.java:551)
03-29 18:58:39.181: D/StrictMode(479): at dalvik.system.NativeStart.main(Native Method)
03-29 18:58:39.391: D/SettingsProvider(196): external modification to /data/data/com.android.providers.settings/databases/settings.db; event=2
03-29 18:58:39.391: D/SettingsProvider(196): updating our caches for /data/data/com.android.providers.settings/databases/settings.db
03-29 18:58:39.581: D/SettingsProvider(196): cache for settings table 'secure' rows=32; fullycached=true
03-29 18:58:39.611: W/ActivityManager(196): Unable to start service Intent { act=com.android.ussd.IExtendedNetworkService }: not found
03-29 18:58:39.921: D/dalvikvm(196): GC_CONCURRENT freed 591K, 42% free 12267K/20999K, paused 8ms+27ms
03-29 18:58:39.981: D/SettingsProvider(196): cache for settings table 'system' rows=47; fullycached=true
03-29 18:58:40.041: D/NetworkLocationService(557): onBind com.google.android.location.GeocodeProvidercom.google.android.location.NetworkLocationService@413647b0
03-29 18:58:40.231: D/StrictMode(557): StrictMode policy violation; ~duration=10139 ms: android.os.StrictMode$StrictModeDiskWriteViolation: policy=2711 violation=1
03-29 18:58:40.231: D/StrictMode(557): at android.os.StrictMode$AndroidBlockGuardPolicy.onWriteToDisk(StrictMode.java:1048)
03-29 18:58:40.231: D/StrictMode(557): at android.database.sqlite.SQLiteStatement.acquireAndLock(SQLiteStatement.java:226)
03-29 18:58:40.231: D/StrictMode(557): at android.database.sqlite.SQLiteStatement.executeUpdateDelete(SQLiteStatement.java:84)
03-29 18:58:40.231: D/StrictMode(557): at android.database.sqlite.SQLiteDatabase.executeSql(SQLiteDatabase.java:1899)
03-29 18:58:40.231: D/StrictMode(557): at android.database.sqlite.SQLiteDatabase.execSQL(SQLiteDatabase.java:1839)
03-29 18:58:40.231: D/StrictMode(557): at android.database.sqlite.SQLiteDatabase.setPageSize(SQLiteDatabase.java:1297)
03-29 18:58:40.231: D/StrictMode(557): at android.database.sqlite.SQLiteDatabase.openDatabase(SQLiteDatabase.java:995)
03-29 18:58:40.231: D/StrictMode(557): at android.database.sqlite.SQLiteDatabase.openOrCreateDatabase(SQLiteDatabase.java:1051)
03-29 18:58:40.231: D/StrictMode(557): at android.app.ContextImpl.openOrCreateDatabase(ContextImpl.java:770)
03-29 18:58:40.231: D/StrictMode(557): at android.database.sqlite.SQLiteOpenHelper.getWritableDatabase(SQLiteOpenHelper.java:157)
03-29 18:58:40.231: D/StrictMode(557): at android.database.sqlite.SQLiteOpenHelper.getReadableDatabase(SQLiteOpenHelper.java:231)
03-29 18:58:40.231: D/StrictMode(557): at com.google.android.gsf.settings.GoogleSettingsProvider.onCreate(GoogleSettingsProvider.java:133)
03-29 18:58:40.231: D/StrictMode(557): at android.content.ContentProvider.attachInfo(ContentProvider.java:944)
03-29 18:58:40.231: D/StrictMode(557): at android.app.ActivityThread.installProvider(ActivityThread.java:4198)
03-29 18:58:40.231: D/StrictMode(557): at android.app.ActivityThread.installContentProviders(ActivityThread.java:3963)
03-29 18:58:40.231: D/StrictMode(557): at android.app.ActivityThread.handleBindApplication(ActivityThread.java:3917)
03-29 18:58:40.231: D/StrictMode(557): at android.app.ActivityThread.access$1300(ActivityThread.java:122)
03-29 18:58:40.231: D/StrictMode(557): at android.app.ActivityThread$H.handleMessage(ActivityThread.java:1184)
03-29 18:58:40.231: D/StrictMode(557): at android.os.Handler.dispatchMessage(Handler.java:99)
03-29 18:58:40.231: D/StrictMode(557): at android.os.Looper.loop(Looper.java:137)
03-29 18:58:40.231: D/StrictMode(557): at android.app.ActivityThread.main(ActivityThread.java:4340)
03-29 18:58:40.231: D/StrictMode(557): at java.lang.reflect.Method.invokeNative(Native Method)
03-29 18:58:40.231: D/StrictMode(557): at java.lang.reflect.Method.invoke(Method.java:511)
03-29 18:58:40.231: D/StrictMode(557): at com.android.internal.os.ZygoteInit$MethodAndArgsCaller.run(ZygoteInit.java:784)
03-29 18:58:40.231: D/StrictMode(557): at com.android.internal.os.ZygoteInit.main(ZygoteInit.java:551)
03-29 18:58:40.231: D/StrictMode(557): at dalvik.system.NativeStart.main(Native Method)
03-29 18:58:40.271: I/WindowManager(196): createSurface Window{41c17958 com.android.systemui.ImageWallpaper paused=false}: DRAW NOW PENDING
03-29 18:58:40.301: I/ActivityThread(608): Pub call_log: com.android.providers.contacts.CallLogProvider
03-29 18:58:40.311: I/ActivityThread(608): Pub user_dictionary: com.android.providers.userdictionary.UserDictionaryProvider
03-29 18:58:40.451: D/StrictMode(608): StrictMode policy violation; ~duration=4082 ms: android.os.StrictMode$StrictModeDiskWriteViolation: policy=2711 violation=1
03-29 18:58:40.451: D/StrictMode(608): at android.os.StrictMode$AndroidBlockGuardPolicy.onWriteToDisk(StrictMode.java:1048)
03-29 18:58:40.451: D/StrictMode(608): at android.database.sqlite.SQLiteStatement.acquireAndLock(SQLiteStatement.java:226)
03-29 18:58:40.451: D/StrictMode(608): at android.database.sqlite.SQLiteStatement.executeUpdateDelete(SQLiteStatement.java:84)
03-29 18:58:40.451: D/StrictMode(608): at android.database.sqlite.SQLiteDatabase.executeSql(SQLiteDatabase.java:1899)
03-29 18:58:40.451: D/StrictMode(608): at android.database.sqlite.SQLiteDatabase.execSQL(SQLiteDatabase.java:1839)
03-29 18:58:40.451: D/StrictMode(608): at android.database.sqlite.SQLiteDatabase.setPageSize(SQLiteDatabase.java:1297)
03-29 18:58:40.451: D/StrictMode(608): at android.database.sqlite.SQLiteDatabase.openDatabase(SQLiteDatabase.java:995)
03-29 18:58:40.451: D/StrictMode(608): at android.database.sqlite.SQLiteDatabase.openDatabase(SQLiteDatabase.java:962)
03-29 18:58:40.451: D/StrictMode(608): at android.database.sqlite.SQLiteDatabase.create(SQLiteDatabase.java:1080)
03-29 18:58:40.451: D/StrictMode(608): at com.android.providers.applications.ApplicationsProvider.createDatabase(ApplicationsProvider.java:246)
03-29 18:58:40.451: D/StrictMode(608): at com.android.providers.applications.ApplicationsProvider.onCreate(ApplicationsProvider.java:175)
03-29 18:58:40.451: D/StrictMode(608): at android.content.ContentProvider.attachInfo(ContentProvider.java:944)
03-29 18:58:40.451: D/StrictMode(608): at android.app.ActivityThread.installProvider(ActivityThread.java:4198)
03-29 18:58:40.451: D/StrictMode(608): at android.app.ActivityThread.installContentProviders(ActivityThread.java:3963)
03-29 18:58:40.451: D/StrictMode(608): at android.app.ActivityThread.handleBindApplication(ActivityThread.java:3917)
03-29 18:58:40.451: D/StrictMode(608): at android.app.ActivityThread.access$1300(ActivityThread.java:122)
03-29 18:58:40.451: D/StrictMode(608): at android.app.ActivityThread$H.handleMessage(ActivityThread.java:1184)
03-29 18:58:40.451: D/StrictMode(608): at android.os.Handler.dispatchMessage(Handler.java:99)
03-29 18:58:40.451: D/StrictMode(608): at android.os.Looper.loop(Looper.java:137)
03-29 18:58:40.451: D/StrictMode(608): at android.app.ActivityThread.main(ActivityThread.java:4340)
03-29 18:58:40.451: D/StrictMode(608): at java.lang.reflect.Method.invokeNative(Native Method)
03-29 18:58:40.451: D/StrictMode(608): at java.lang.reflect.Method.invoke(Method.java:511)
03-29 18:58:40.451: D/StrictMode(608): at com.android.internal.os.ZygoteInit$MethodAndArgsCaller.run(ZygoteInit.java:784)
03-29 18:58:40.451: D/StrictMode(608): at com.android.internal.os.ZygoteInit.main(ZygoteInit.java:551)
03-29 18:58:40.451: D/StrictMode(608): at dalvik.system.NativeStart.main(Native Method)
03-29 18:58:40.451: D/dalvikvm(509): GC_CONCURRENT freed 222K, 4% free 10215K/10567K, paused 4ms+21ms
03-29 18:58:40.551: D/StrictMode(509): StrictMode policy violation; ~duration=22260 ms: android.os.StrictMode$StrictModeDiskReadViolation: policy=2711 violation=2
03-29 18:58:40.551: D/StrictMode(509): at android.os.StrictMode$AndroidBlockGuardPolicy.onReadFromDisk(StrictMode.java:1074)
03-29 18:58:40.551: D/StrictMode(509): at android.app.SharedPreferencesImpl.awaitLoadedLocked(SharedPreferencesImpl.java:184)
03-29 18:58:40.551: D/StrictMode(509): at android.app.SharedPreferencesImpl.getLong(SharedPreferencesImpl.java:227)
03-29 18:58:40.551: D/StrictMode(509): at com.android.providers.telephony.TelephonyProvider.getAPNConfigCheckSum(TelephonyProvider.java:411)
03-29 18:58:40.551: D/StrictMode(509): at com.android.providers.telephony.TelephonyProvider.onCreate(TelephonyProvider.java:359)
03-29 18:58:40.551: D/StrictMode(509): at android.content.ContentProvider.attachInfo(ContentProvider.java:944)
03-29 18:58:40.551: D/StrictMode(509): at android.app.ActivityThread.installProvider(ActivityThread.java:4198)
03-29 18:58:40.551: D/StrictMode(509): at android.app.ActivityThread.installContentProviders(ActivityThread.java:3963)
03-29 18:58:40.551: D/StrictMode(509): at android.app.ActivityThread.handleBindApplication(ActivityThread.java:3917)
03-29 18:58:40.551: D/StrictMode(509): at android.app.ActivityThread.access$1300(ActivityThread.java:122)
03-29 18:58:40.551: D/StrictMode(509): at android.app.ActivityThread$H.handleMessage(ActivityThread.java:1184)
03-29 18:58:40.551: D/StrictMode(509): at android.os.Handler.dispatchMessage(Handler.java:99)
03-29 18:58:40.551: D/StrictMode(509): at android.os.Looper.loop(Looper.java:137)
03-29 18:58:40.551: D/StrictMode(509): at android.app.ActivityThread.main(ActivityThread.java:4340)
03-29 18:58:40.551: D/StrictMode(509): at java.lang.reflect.Method.invokeNative(Native Method)
03-29 18:58:40.551: D/StrictMode(509): at java.lang.reflect.Method.invoke(Method.java:511)
03-29 18:58:40.551: D/StrictMode(509): at com.android.internal.os.ZygoteInit$MethodAndArgsCaller.run(ZygoteInit.java:784)
03-29 18:58:40.551: D/StrictMode(509): at com.android.internal.os.ZygoteInit.main(ZygoteInit.java:551)
03-29 18:58:40.551: D/StrictMode(509): at dalvik.system.NativeStart.main(Native Method)
03-29 18:58:40.622: I/ContactsDatabaseHelper(608): Bootstrapping database version: 623
03-29 18:58:40.872: D/dalvikvm(479): GC_FOR_ALLOC freed 34K, 2% free 10506K/10695K, paused 297ms
03-29 18:58:40.971: I/dalvikvm-heap(479): Grow heap (frag case) to 11.512MB for 1228816-byte allocation
03-29 18:58:41.161: D/StrictMode(509): StrictMode policy violation; ~duration=22044 ms: android.os.StrictMode$StrictModeDiskReadViolation: policy=2711 violation=2
03-29 18:58:41.161: D/StrictMode(509): at android.os.StrictMode$AndroidBlockGuardPolicy.onReadFromDisk(StrictMode.java:1074)
03-29 18:58:41.161: D/StrictMode(509): at libcore.io.BlockGuardOs.open(BlockGuardOs.java:94)
03-29 18:58:41.161: D/StrictMode(509): at libcore.io.IoBridge.open(IoBridge.java:390)
03-29 18:58:41.161: D/StrictMode(509): at java.io.FileInputStream.(FileInputStream.java:78)
03-29 18:58:41.161: D/StrictMode(509): at java.io.FileInputStream.(FileInputStream.java:105)
03-29 18:58:41.161: D/StrictMode(509): at com.android.internal.telephony.BaseCommands.getProcCmdLine(BaseCommands.java:820)
03-29 18:58:41.161: D/StrictMode(509): at com.android.internal.telephony.BaseCommands.(BaseCommands.java:849)
03-29 18:58:41.161: D/StrictMode(509): at com.android.providers.telephony.TelephonyProvider.isLteOnCdma(TelephonyProvider.java:394)
03-29 18:58:41.161: D/StrictMode(509): at com.android.providers.telephony.TelephonyProvider.onCreate(TelephonyProvider.java:369)
03-29 18:58:41.161: D/StrictMode(509): at android.content.ContentProvider.attachInfo(ContentProvider.java:944)
03-29 18:58:41.161: D/StrictMode(509): at android.app.ActivityThread.installProvider(ActivityThread.java:4198)
03-29 18:58:41.161: D/StrictMode(509): at android.app.ActivityThread.installContentProviders(ActivityThread.java:3963)
03-29 18:58:41.161: D/StrictMode(509): at android.app.ActivityThread.handleBindApplication(ActivityThread.java:3917)
03-29 18:58:41.161: D/StrictMode(509): at android.app.ActivityThread.access$1300(ActivityThread.java:122)
03-29 18:58:41.161: D/StrictMode(509): at android.app.ActivityThread$H.handleMessage(ActivityThread.java:1184)
03-29 18:58:41.161: D/StrictMode(509): at android.os.Handler.dispatchMessage(Handler.java:99)
03-29 18:58:41.161: D/StrictMode(509): at android.os.Looper.loop(Looper.java:137)
03-29 18:58:41.161: D/StrictMode(509): at android.app.ActivityThread.main(ActivityThread.java:4340)
03-29 18:58:41.161: D/StrictMode(509): at java.lang.reflect.Method.invokeNative(Native Method)
03-29 18:58:41.161: D/StrictMode(509): at java.lang.reflect.Method.invoke(Method.java:511)
03-29 18:58:41.161: D/StrictMode(509): at com.android.internal.os.ZygoteInit$MethodAndArgsCaller.run(ZygoteInit.java:784)
03-29 18:58:41.161: D/StrictMode(509): at com.android.internal.os.ZygoteInit.main(ZygoteInit.java:551)
03-29 18:58:41.161: D/StrictMode(509): at dalvik.system.NativeStart.main(Native Method)
03-29 18:58:41.171: D/StrictMode(509): StrictMode policy violation; ~duration=21967 ms: android.os.StrictMode$StrictModeDiskReadViolation: policy=2711 violation=2
03-29 18:58:41.171: D/StrictMode(509): at android.os.StrictMode$AndroidBlockGuardPolicy.onReadFromDisk(StrictMode.java:1074)
03-29 18:58:41.171: D/StrictMode(509): at libcore.io.BlockGuardOs.read(BlockGuardOs.java:136)
03-29 18:58:41.171: D/StrictMode(509): at libcore.io.IoBridge.read(IoBridge.java:422)
03-29 18:58:41.171: D/StrictMode(509): at java.io.FileInputStream.read(FileInputStream.java:179)
03-29 18:58:41.171: D/StrictMode(509): at java.io.InputStream.read(InputStream.java:163)
03-29 18:58:41.171: D/StrictMode(509): at com.android.internal.telephony.BaseCommands.getProcCmdLine(BaseCommands.java:822)
03-29 18:58:41.171: D/StrictMode(509): at com.android.internal.telephony.BaseCommands.(BaseCommands.java:849)
03-29 18:58:41.171: D/StrictMode(509): at com.android.providers.telephony.TelephonyProvider.isLteOnCdma(TelephonyProvider.java:394)
03-29 18:58:41.171: D/StrictMode(509): at com.android.providers.telephony.TelephonyProvider.onCreate(TelephonyProvider.java:369)
03-29 18:58:41.171: D/StrictMode(509): at android.content.ContentProvider.attachInfo(ContentProvider.java:944)
03-29 18:58:41.171: D/StrictMode(509): at android.app.ActivityThread.installProvider(ActivityThread.java:4198)
03-29 18:58:41.171: D/StrictMode(509): at android.app.ActivityThread.installContentProviders(ActivityThread.java:3963)
03-29 18:58:41.171: D/StrictMode(509): at android.app.ActivityThread.handleBindApplication(ActivityThread.java:3917)
03-29 18:58:41.171: D/StrictMode(509): at android.app.ActivityThread.access$1300(ActivityThread.java:122)
03-29 18:58:41.171: D/StrictMode(509): at android.app.ActivityThread$H.handleMessage(ActivityThread.java:1184)
03-29 18:58:41.171: D/StrictMode(509): at android.os.Handler.dispatchMessage(Handler.java:99)
03-29 18:58:41.171: D/StrictMode(509): at android.os.Looper.loop(Looper.java:137)
03-29 18:58:41.171: D/StrictMode(509): at android.app.ActivityThread.main(ActivityThread.java:4340)
03-29 18:58:41.171: D/StrictMode(509): at java.lang.reflect.Method.invokeNative(Native Method)
03-29 18:58:41.171: D/StrictMode(509): at java.lang.reflect.Method.invoke(Method.java:511)
03-29 18:58:41.171: D/StrictMode(509): at com.android.internal.os.ZygoteInit$MethodAndArgsCaller.run(ZygoteInit.java:784)
03-29 18:58:41.171: D/StrictMode(509): at com.android.internal.os.ZygoteInit.main(ZygoteInit.java:551)
03-29 18:58:41.171: D/StrictMode(509): at dalvik.system.NativeStart.main(Native Method)
03-29 18:58:41.192: D/StrictMode(509): StrictMode policy violation; ~duration=6195 ms: android.os.StrictMode$StrictModeDiskReadViolation: policy=2711 violation=2
03-29 18:58:41.192: D/StrictMode(509): at android.os.StrictMode$AndroidBlockGuardPolicy.onReadFromDisk(StrictMode.java:1074)
03-29 18:58:41.192: D/StrictMode(509): at android.app.SharedPreferencesImpl.awaitLoadedLocked(SharedPreferencesImpl.java:184)
03-29 18:58:41.192: D/StrictMode(509): at android.app.SharedPreferencesImpl.getBoolean(SharedPreferencesImpl.java:241)
03-29 18:58:41.192: D/StrictMode(509): at com.android.internal.telephony.PhoneBase.(PhoneBase.java:214)
03-29 18:58:41.192: D/StrictMode(509): at com.android.internal.telephony.gsm.GSMPhone.(GSMPhone.java:131)
03-29 18:58:41.192: D/StrictMode(509): at com.android.internal.telephony.gsm.GSMPhone.(GSMPhone.java:126)
03-29 18:58:41.192: D/StrictMode(509): at com.android.internal.telephony.PhoneFactory.makeDefaultPhone(PhoneFactory.java:141)
03-29 18:58:41.192: D/StrictMode(509): at com.android.internal.telephony.PhoneFactory.makeDefaultPhones(PhoneFactory.java:55)
03-29 18:58:41.192: D/StrictMode(509): at com.android.phone.PhoneApp.onCreate(PhoneApp.java:428)
03-29 18:58:41.192: D/StrictMode(509): at android.app.Instrumentation.callApplicationOnCreate(Instrumentation.java:969)
03-29 18:58:41.192: D/StrictMode(509): at android.app.ActivityThread.handleBindApplication(ActivityThread.java:3925)
03-29 18:58:41.192: D/StrictMode(509): at android.app.ActivityThread.access$1300(ActivityThread.java:122)
03-29 18:58:41.192: D/StrictMode(509): at android.app.ActivityThread$H.handleMessage(ActivityThread.java:1184)
03-29 18:58:41.192: D/StrictMode(509): at android.os.Handler.dispatchMessage(Handler.java:99)
03-29 18:58:41.192: D/StrictMode(509): at android.os.Looper.loop(Looper.java:137)
03-29 18:58:41.192: D/StrictMode(509): at android.app.ActivityThread.main(ActivityThread.java:4340)
03-29 18:58:41.192: D/StrictMode(509): at java.lang.reflect.Method.invokeNative(Native Method)
03-29 18:58:41.192: D/StrictMode(509): at java.lang.reflect.Method.invoke(Method.java:511)
03-29 18:58:41.192: D/StrictMode(509): at com.android.internal.os.ZygoteInit$MethodAndArgsCaller.run(ZygoteInit.java:784)
03-29 18:58:41.192: D/StrictMode(509): at com.android.internal.os.ZygoteInit.main(ZygoteInit.java:551)
03-29 18:58:41.192: D/StrictMode(509): at dalvik.system.NativeStart.main(Native Method)
03-29 18:58:41.201: D/StrictMode(509): StrictMode policy violation; ~duration=3017 ms: android.os.StrictMode$StrictModeDiskReadViolation: policy=2711 violation=2
03-29 18:58:41.201: D/StrictMode(509): at android.os.StrictMode$AndroidBlockGuardPolicy.onReadFromDisk(StrictMode.java:1074)
03-29 18:58:41.201: D/StrictMode(509): at libcore.io.BlockGuardOs.open(BlockGuardOs.java:94)
03-29 18:58:41.201: D/StrictMode(509): at libcore.io.IoBridge.open(IoBridge.java:390)
03-29 18:58:41.201: D/StrictMode(509): at java.io.FileInputStream.(FileInputStream.java:78)
03-29 18:58:41.201: D/StrictMode(509): at java.io.FileReader.(FileReader.java:42)
03-29 18:58:41.201: D/StrictMode(509): at com.android.internal.telephony.gsm.VoiceMailConstants.loadVoiceMail(VoiceMailConstants.java:80)
03-29 18:58:41.201: D/StrictMode(509): at com.android.internal.telephony.gsm.VoiceMailConstants.(VoiceMailConstants.java:51)
03-29 18:58:41.201: D/StrictMode(509): at com.android.internal.telephony.gsm.SIMRecords.(SIMRecords.java:177)
03-29 18:58:41.201: D/StrictMode(509): at com.android.internal.telephony.gsm.GSMPhone.(GSMPhone.java:142)
03-29 18:58:41.201: D/StrictMode(509): at com.android.internal.telephony.gsm.GSMPhone.(GSMPhone.java:126)
03-29 18:58:41.201: D/StrictMode(509): at com.android.internal.telephony.PhoneFactory.makeDefaultPhone(PhoneFactory.java:141)
03-29 18:58:41.201: D/StrictMode(509): at com.android.internal.telephony.PhoneFactory.makeDefaultPhones(PhoneFactory.java:55)
03-29 18:58:41.201: D/StrictMode(509): at com.android.phone.PhoneApp.onCreate(PhoneApp.java:428)
03-29 18:58:41.201: D/StrictMode(509): at android.app.Instrumentation.callApplicationOnCreate(Instrumentation.java:969)
03-29 18:58:41.201: D/StrictMode(509): at android.app.ActivityThread.handleBindApplication(ActivityThread.java:3925)
03-29 18:58:41.201: D/StrictMode(509): at android.app.ActivityThread.access$1300(ActivityThread.java:122)
03-29 18:58:41.201: D/StrictMode(509): at android.app.ActivityThread$H.handleMessage(ActivityThread.java:1184)
03-29 18:58:41.201: D/StrictMode(509): at android.os.Handler.dispatchMessage(Handler.java:99)
03-29 18:58:41.201: D/StrictMode(509): at android.os.Looper.loop(Looper.java:137)
03-29 18:58:41.201: D/StrictMode(509): at android.app.ActivityThread.main(ActivityThread.java:4340)
03-29 18:58:41.201: D/StrictMode(509): at java.lang.reflect.Method.invokeNative(Native Method)
03-29 18:58:41.201: D/StrictMode(509): at java.lang.reflect.Method.invoke(Method.java:511)
03-29 18:58:41.201: D/StrictMode(509): at com.android.internal.os.ZygoteInit$MethodAndArgsCaller.run(ZygoteInit.java:784)
03-29 18:58:41.201: D/StrictMode(509): at com.android.internal.os.ZygoteInit.main(ZygoteInit.java:551)
03-29 18:58:41.201: D/StrictMode(509): at dalvik.system.NativeStart.main(Native Method)
03-29 18:58:41.221: D/dalvikvm(479): GC_CONCURRENT freed 1K, 2% free 11705K/11911K, paused 5ms+5ms
03-29 18:58:41.231: D/StrictMode(509): StrictMode policy violation; ~duration=2814 ms: android.os.StrictMode$StrictModeDiskReadViolation: policy=2711 violation=2
03-29 18:58:41.231: D/StrictMode(509): at android.os.StrictMode$AndroidBlockGuardPolicy.onReadFromDisk(StrictMode.java:1074)
03-29 18:58:41.231: D/StrictMode(509): at libcore.io.BlockGuardOs.open(BlockGuardOs.java:94)
03-29 18:58:41.231: D/StrictMode(509): at libcore.io.IoBridge.open(IoBridge.java:390)
03-29 18:58:41.231: D/StrictMode(509): at java.io.FileInputStream.(FileInputStream.java:78)
03-29 18:58:41.231: D/StrictMode(509): at java.io.FileReader.(FileReader.java:42)
03-29 18:58:41.231: D/StrictMode(509): at com.android.internal.telephony.gsm.SpnOverride.loadSpnOverrides(SpnOverride.java:61)
03-29 18:58:41.231: D/StrictMode(509): at com.android.internal.telephony.gsm.SpnOverride.(SpnOverride.java:43)
03-29 18:58:41.231: D/StrictMode(509): at com.android.internal.telephony.gsm.SIMRecords.(SIMRecords.java:178)
03-29 18:58:41.231: D/StrictMode(509): at com.android.internal.telephony.gsm.GSMPhone.(GSMPhone.java:142)
03-29 18:58:41.231: D/StrictMode(509): at com.android.internal.telephony.gsm.GSMPhone.(GSMPhone.java:126)
03-29 18:58:41.231: D/StrictMode(509): at com.android.internal.telephony.PhoneFactory.makeDefaultPhone(PhoneFactory.java:141)
03-29 18:58:41.231: D/StrictMode(509): at com.android.internal.telephony.PhoneFactory.makeDefaultPhones(PhoneFactory.java:55)
03-29 18:58:41.231: D/StrictMode(509): at com.android.phone.PhoneApp.onCreate(PhoneApp.java:428)
03-29 18:58:41.231: D/StrictMode(509): at android.app.Instrumentation.callApplicationOnCreate(Instrumentation.java:969)
03-29 18:58:41.231: D/StrictMode(509): at android.app.ActivityThread.handleBindApplication(ActivityThread.java:3925)
03-29 18:58:41.231: D/StrictMode(509): at android.app.ActivityThread.access$1300(ActivityThread.java:122)
03-29 18:58:41.231: D/StrictMode(509): at android.app.ActivityThread$H.handleMessage(ActivityThread.java:1184)
03-29 18:58:41.231: D/StrictMode(509): at android.os.Handler.dispatchMessage(Handler.java:99)
03-29 18:58:41.231: D/StrictMode(509): at android.os.Looper.loop(Looper.java:137)
03-29 18:58:41.231: D/StrictMode(509): at android.app.ActivityThread.main(ActivityThread.java:4340)
03-29 18:58:41.231: D/StrictMode(509): at java.lang.reflect.Method.invokeNative(Native Method)
03-29 18:58:41.231: D/StrictMode(509): at java.lang.reflect.Method.invoke(Method.java:511)
03-29 18:58:41.231: D/StrictMode(509): at com.android.internal.os.ZygoteInit$MethodAndArgsCaller.run(ZygoteInit.java:784)
03-29 18:58:41.231: D/StrictMode(509): at com.android.internal.os.ZygoteInit.main(ZygoteInit.java:551)
03-29 18:58:41.231: D/StrictMode(509): at dalvik.system.NativeStart.main(Native Method)
03-29 18:58:41.251: D/StrictMode(608): StrictMode policy violation; ~duration=4026 ms: android.os.StrictMode$StrictModeDiskWriteViolation: policy=2711 violation=1
03-29 18:58:41.251: D/StrictMode(608): at android.os.StrictMode$AndroidBlockGuardPolicy.onWriteToDisk(StrictMode.java:1048)
03-29 18:58:41.251: D/StrictMode(608): at android.database.sqlite.SQLiteStatement.acquireAndLock(SQLiteStatement.java:226)
03-29 18:58:41.251: D/StrictMode(608): at android.database.sqlite.SQLiteStatement.executeUpdateDelete(SQLiteStatement.java:84)
03-29 18:58:41.251: D/StrictMode(608): at android.database.sqlite.SQLiteDatabase.executeSql(SQLiteDatabase.java:1899)
03-29 18:58:41.251: D/StrictMode(608): at android.database.sqlite.SQLiteDatabase.execSQL(SQLiteDatabase.java:1839)
03-29 18:58:41.251: D/StrictMode(608): at com.android.providers.applications.ApplicationsProvider.createDatabase(ApplicationsProvider.java:247)
03-29 18:58:41.251: D/StrictMode(608): at com.android.providers.applications.ApplicationsProvider.onCreate(ApplicationsProvider.java:175)
03-29 18:58:41.251: D/StrictMode(608): at android.content.ContentProvider.attachInfo(ContentProvider.java:944)
03-29 18:58:41.251: D/StrictMode(608): at android.app.ActivityThread.installProvider(ActivityThread.java:4198)
03-29 18:58:41.251: D/StrictMode(608): at android.app.ActivityThread.installContentProviders(ActivityThread.java:3963)
03-29 18:58:41.251: D/StrictMode(608): at android.app.ActivityThread.handleBindApplication(ActivityThread.java:3917)
03-29 18:58:41.251: D/StrictMode(608): at android.app.ActivityThread.access$1300(ActivityThread.java:122)
03-29 18:58:41.251: D/StrictMode(608): at android.app.ActivityThread$H.handleMessage(ActivityThread.java:1184)
03-29 18:58:41.251: D/StrictMode(608): at android.os.Handler.dispatchMessage(Handler.java:99)
03-29 18:58:41.251: D/StrictMode(608): at android.os.Looper.loop(Looper.java:137)
03-29 18:58:41.251: D/StrictMode(608): at android.app.ActivityThread.main(ActivityThread.java:4340)
03-29 18:58:41.251: D/StrictMode(608): at java.lang.reflect.Method.invokeNative(Native Method)
03-29 18:58:41.251: D/StrictMode(608): at java.lang.reflect.Method.invoke(Method.java:511)
03-29 18:58:41.251: D/StrictMode(608): at com.android.internal.os.ZygoteInit$MethodAndArgsCaller.run(ZygoteInit.java:784)
03-29 18:58:41.251: D/StrictMode(608): at com.android.internal.os.ZygoteInit.main(ZygoteInit.java:551)
03-29 18:58:41.251: D/StrictMode(608): at dalvik.system.NativeStart.main(Native Method)
03-29 18:58:41.321: D/StrictMode(509): StrictMode policy violation; ~duration=542 ms: android.os.StrictMode$StrictModeDiskReadViolation: policy=2711 violation=2
03-29 18:58:41.321: D/StrictMode(509): at android.os.StrictMode$AndroidBlockGuardPolicy.onReadFromDisk(StrictMode.java:1074)
03-29 18:58:41.321: D/StrictMode(509): at android.app.SharedPreferencesImpl.awaitLoadedLocked(SharedPreferencesImpl.java:184)
03-29 18:58:41.321: D/StrictMode(509): at android.app.SharedPreferencesImpl.getBoolean(SharedPreferencesImpl.java:241)
03-29 18:58:41.321: D/StrictMode(509): at android.preference.PreferenceManager.setDefaultValues(PreferenceManager.java:458)
03-29 18:58:41.321: D/StrictMode(509): at android.preference.PreferenceManager.setDefaultValues(PreferenceManager.java:440)
03-29 18:58:41.321: D/StrictMode(509): at com.android.phone.PhoneApp.onCreate(PhoneApp.java:555)
03-29 18:58:41.321: D/StrictMode(509): at android.app.Instrumentation.callApplicationOnCreate(Instrumentation.java:969)
03-29 18:58:41.321: D/StrictMode(509): at android.app.ActivityThread.handleBindApplication(ActivityThread.java:3925)
03-29 18:58:41.321: D/StrictMode(509): at android.app.ActivityThread.access$1300(ActivityThread.java:122)
03-29 18:58:41.321: D/StrictMode(509): at android.app.ActivityThread$H.handleMessage(ActivityThread.java:1184)
03-29 18:58:41.321: D/StrictMode(509): at android.os.Handler.dispatchMessage(Handler.java:99)
03-29 18:58:41.321: D/StrictMode(509): at android.os.Looper.loop(Looper.java:137)
03-29 18:58:41.321: D/StrictMode(509): at android.app.ActivityThread.main(ActivityThread.java:4340)
03-29 18:58:41.321: D/StrictMode(509): at java.lang.reflect.Method.invokeNative(Native Method)
03-29 18:58:41.321: D/StrictMode(509): at java.lang.reflect.Method.invoke(Method.java:511)
03-29 18:58:41.321: D/StrictMode(509): at com.android.internal.os.ZygoteInit$MethodAndArgsCaller.run(ZygoteInit.java:784)
03-29 18:58:41.321: D/StrictMode(509): at com.android.internal.os.ZygoteInit.main(ZygoteInit.java:551)
03-29 18:58:41.321: D/StrictMode(509): at dalvik.system.NativeStart.main(Native Method)
03-29 18:58:41.471: D/StrictMode(557): StrictMode policy violation; ~duration=10066 ms: android.os.StrictMode$StrictModeDiskReadViolation: policy=2711 violation=2
03-29 18:58:41.471: D/StrictMode(557): at android.os.StrictMode$AndroidBlockGuardPolicy.onReadFromDisk(StrictMode.java:1074)
03-29 18:58:41.471: D/StrictMode(557): at android.database.sqlite.SQLiteStatement.acquireAndLock(SQLiteStatement.java:228)
03-29 18:58:41.471: D/StrictMode(557): at android.database.sqlite.SQLiteStatement.simpleQueryForString(SQLiteStatement.java:160)
03-29 18:58:41.471: D/StrictMode(557): at android.database.DatabaseUtils.stringForQuery(DatabaseUtils.java:735)
03-29 18:58:41.471: D/StrictMode(557): at android.database.DatabaseUtils.stringForQuery(DatabaseUtils.java:723)
03-29 18:58:41.471: D/StrictMode(557): at android.database.sqlite.SQLiteDatabase.setJournalMode(SQLiteDatabase.java:1060)
03-29 18:58:41.471: D/StrictMode(557): at android.database.sqlite.SQLiteDatabase.openDatabase(SQLiteDatabase.java:996)
03-29 18:58:41.471: D/StrictMode(557): at android.database.sqlite.SQLiteDatabase.openOrCreateDatabase(SQLiteDatabase.java:1051)
03-29 18:58:41.471: D/StrictMode(557): at android.app.ContextImpl.openOrCreateDatabase(ContextImpl.java:770)
03-29 18:58:41.471: D/StrictMode(557): at android.database.sqlite.SQLiteOpenHelper.getWritableDatabase(SQLiteOpenHelper.java:157)
03-29 18:58:41.471: D/StrictMode(557): at android.database.sqlite.SQLiteOpenHelper.getReadableDatabase(SQLiteOpenHelper.java:231)
03-29 18:58:41.471: D/StrictMode(557): at com.google.android.gsf.settings.GoogleSettingsProvider.onCreate(GoogleSettingsProvider.java:133)
03-29 18:58:41.471: D/StrictMode(557): at android.content.ContentProvider.attachInfo(ContentProvider.java:944)
03-29 18:58:41.471: D/StrictMode(557): at android.app.ActivityThread.installProvider(ActivityThread.java:4198)
03-29 18:58:41.471: D/StrictMode(557): at android.app.ActivityThread.installContentProviders(ActivityThread.java:3963)
03-29 18:58:41.471: D/StrictMode(557): at android.app.ActivityThread.handleBindApplication(ActivityThread.java:3917)
03-29 18:58:41.471: D/StrictMode(557): at android.app.ActivityThread.access$1300(ActivityThread.java:122)
03-29 18:58:41.471: D/StrictMode(557): at android.app.ActivityThread$H.handleMessage(ActivityThread.java:1184)
03-29 18:58:41.471: D/StrictMode(557): at android.os.Handler.dispatchMessage(Handler.java:99)
03-29 18:58:41.471: D/StrictMode(557): at android.os.Looper.loop(Looper.java:137)
03-29 18:58:41.471: D/StrictMode(557): at android.app.ActivityThread.main(ActivityThread.java:4340)
03-29 18:58:41.471: D/StrictMode(557): at java.lang.reflect.Method.invokeNative(Native Method)
03-29 18:58:41.471: D/StrictMode(557): at java.lang.reflect.Method.invoke(Method.java:511)
03-29 18:58:41.471: D/StrictMode(557): at com.android.internal.os.ZygoteInit$MethodAndArgsCaller.run(ZygoteInit.java:784)
03-29 18:58:41.471: D/StrictMode(557): at com.android.internal.os.ZygoteInit.main(ZygoteInit.java:551)
03-29 18:58:41.471: D/StrictMode(557): at dalvik.system.NativeStart.main(Native Method)
03-29 18:58:41.481: D/StrictMode(557): StrictMode policy violation; ~duration=10022 ms: android.os.StrictMode$StrictModeDiskReadViolation: policy=2711 violation=2
03-29 18:58:41.481: D/StrictMode(557): at android.os.StrictMode$AndroidBlockGuardPolicy.onReadFromDisk(StrictMode.java:1074)
03-29 18:58:41.481: D/StrictMode(557): at android.database.sqlite.SQLiteStatement.acquireAndLock(SQLiteStatement.java:228)
03-29 18:58:41.481: D/StrictMode(557): at android.database.sqlite.SQLiteStatement.simpleQueryForLong(SQLiteStatement.java:137)
03-29 18:58:41.481: D/StrictMode(557): at android.database.DatabaseUtils.longForQuery(DatabaseUtils.java:713)
03-29 18:58:41.481: D/StrictMode(557): at android.database.DatabaseUtils.longForQuery(DatabaseUtils.java:701)
03-29 18:58:41.481: D/StrictMode(557): at android.database.sqlite.SQLiteDatabase.getVersion(SQLiteDatabase.java:1239)
03-29 18:58:41.481: D/StrictMode(557): at android.database.sqlite.SQLiteOpenHelper.getWritableDatabase(SQLiteOpenHelper.java:160)
03-29 18:58:41.481: D/StrictMode(557): at android.database.sqlite.SQLiteOpenHelper.getReadableDatabase(SQLiteOpenHelper.java:231)
03-29 18:58:41.481: D/StrictMode(557): at com.google.android.gsf.settings.GoogleSettingsProvider.onCreate(GoogleSettingsProvider.java:133)
03-29 18:58:41.481: D/StrictMode(557): at android.content.ContentProvider.attachInfo(ContentProvider.java:944)
03-29 18:58:41.481: D/StrictMode(557): at android.app.ActivityThread.installProvider(ActivityThread.java:4198)
03-29 18:58:41.481: D/StrictMode(557): at android.app.ActivityThread.installContentProviders(ActivityThread.java:3963)
03-29 18:58:41.481: D/StrictMode(557): at android.app.ActivityThread.handleBindApplication(ActivityThread.java:3917)
03-29 18:58:41.481: D/StrictMode(557): at android.app.ActivityThread.access$1300(ActivityThread.java:122)
03-29 18:58:41.481: D/StrictMode(557): at android.app.ActivityThread$H.handleMessage(ActivityThread.java:1184)
03-29 18:58:41.481: D/StrictMode(557): at android.os.Handler.dispatchMessage(Handler.java:99)
03-29 18:58:41.481: D/StrictMode(557): at android.os.Looper.loop(Looper.java:137)
03-29 18:58:41.481: D/StrictMode(557): at android.app.ActivityThread.main(ActivityThread.java:4340)
03-29 18:58:41.481: D/StrictMode(557): at java.lang.reflect.Method.invokeNative(Native Method)
03-29 18:58:41.481: D/StrictMode(557): at java.lang.reflect.Method.invoke(Method.java:511)
03-29 18:58:41.481: D/StrictMode(557): at com.android.internal.os.ZygoteInit$MethodAndArgsCaller.run(ZygoteInit.java:784)
03-29 18:58:41.481: D/StrictMode(557): at com.android.internal.os.ZygoteInit.main(ZygoteInit.java:551)
03-29 18:58:41.481: D/StrictMode(557): at dalvik.system.NativeStart.main(Native Method)
03-29 18:58:41.491: D/StrictMode(557): StrictMode policy violation; ~duration=9982 ms: android.os.StrictMode$StrictModeDiskWriteViolation: policy=2711 violation=1
03-29 18:58:41.491: D/StrictMode(557): at android.os.StrictMode$AndroidBlockGuardPolicy.onWriteToDisk(StrictMode.java:1048)
03-29 18:58:41.491: D/StrictMode(557): at android.database.sqlite.SQLiteStatement.acquireAndLock(SQLiteStatement.java:226)
03-29 18:58:41.491: D/StrictMode(557): at android.database.sqlite.SQLiteStatement.executeUpdateDelete(SQLiteStatement.java:84)
03-29 18:58:41.491: D/StrictMode(557): at android.database.sqlite.SQLiteDatabase.executeSql(SQLiteDatabase.java:1899)
03-29 18:58:41.491: D/StrictMode(557): at android.database.sqlite.SQLiteDatabase.execSQL(SQLiteDatabase.java:1839)
03-29 18:58:41.491: D/StrictMode(557): at android.database.sqlite.SQLiteDatabase.beginTransaction(SQLiteDatabase.java:659)
03-29 18:58:41.491: D/StrictMode(557): at android.database.sqlite.SQLiteDatabase.beginTransaction(SQLiteDatabase.java:552)
03-29 18:58:41.491: D/StrictMode(557): at android.database.sqlite.SQLiteOpenHelper.getWritableDatabase(SQLiteOpenHelper.java:162)
03-29 18:58:41.491: D/StrictMode(557): at android.database.sqlite.SQLiteOpenHelper.getReadableDatabase(SQLiteOpenHelper.java:231)
03-29 18:58:41.491: D/StrictMode(557): at com.google.android.gsf.settings.GoogleSettingsProvider.onCreate(GoogleSettingsProvider.java:133)
03-29 18:58:41.491: D/StrictMode(557): at android.content.ContentProvider.attachInfo(ContentProvider.java:944)
03-29 18:58:41.491: D/StrictMode(557): at android.app.ActivityThread.installProvider(ActivityThread.java:4198)
03-29 18:58:41.491: D/StrictMode(557): at android.app.ActivityThread.installContentProviders(ActivityThread.java:3963)
03-29 18:58:41.491: D/StrictMode(557): at android.app.ActivityThread.handleBindApplication(ActivityThread.java:3917)
03-29 18:58:41.491: D/StrictMode(557): at android.app.ActivityThread.access$1300(ActivityThread.java:122)
03-29 18:58:41.491: D/StrictMode(557): at android.app.ActivityThread$H.handleMessage(ActivityThread.java:1184)
03-29 18:58:41.491: D/StrictMode(557): at android.os.Handler.dispatchMessage(Handler.java:99)
03-29 18:58:41.491: D/StrictMode(557): at android.os.Looper.loop(Looper.java:137)
03-29 18:58:41.491: D/StrictMode(557): at android.app.ActivityThread.main(ActivityThread.java:4340)
03-29 18:58:41.491: D/StrictMode(557): at java.lang.reflect.Method.invokeNative(Native Method)
03-29 18:58:41.491: D/StrictMode(557): at java.lang.reflect.Method.invoke(Method.java:511)
03-29 18:58:41.491: D/StrictMode(557): at com.android.internal.os.ZygoteInit$MethodAndArgsCaller.run(ZygoteInit.java:784)
03-29 18:58:41.491: D/StrictMode(557): at com.android.internal.os.ZygoteInit.main(ZygoteInit.java:551)
03-29 18:58:41.491: D/StrictMode(557): at dalvik.system.NativeStart.main(Native Method)
03-29 18:58:41.501: D/StrictMode(557): StrictMode policy violation; ~duration=9952 ms: android.os.StrictMode$StrictModeDiskWriteViolation: policy=2711 violation=1
03-29 18:58:41.501: D/StrictMode(557): at android.os.StrictMode$AndroidBlockGuardPolicy.onWriteToDisk(StrictMode.java:1048)
03-29 18:58:41.501: D/StrictMode(557): at android.database.sqlite.SQLiteStatement.acquireAndLock(SQLiteStatement.java:226)
03-29 18:58:41.501: D/StrictMode(557): at android.database.sqlite.SQLiteStatement.executeUpdateDelete(SQLiteStatement.java:84)
03-29 18:58:41.501: D/StrictMode(557): at android.database.sqlite.SQLiteDatabase.executeSql(SQLiteDatabase.java:1899)
03-29 18:58:41.501: D/StrictMode(557): at android.database.sqlite.SQLiteDatabase.execSQL(SQLiteDatabase.java:1839)
03-29 18:58:41.501: D/StrictMode(557): at com.google.android.gsf.settings.DatabaseHelper.onCreate(DatabaseHelper.java:54)
03-29 18:58:41.501: D/StrictMode(557): at android.database.sqlite.SQLiteOpenHelper.getWritableDatabase(SQLiteOpenHelper.java:165)
03-29 18:58:41.501: D/StrictMode(557): at android.database.sqlite.SQLiteOpenHelper.getReadableDatabase(SQLiteOpenHelper.java:231)
03-29 18:58:41.501: D/StrictMode(557): at com.google.android.gsf.settings.GoogleSettingsProvider.onCreate(GoogleSettingsProvider.java:133)
03-29 18:58:41.501: D/StrictMode(557): at android.content.ContentProvider.attachInfo(ContentProvider.java:944)
03-29 18:58:41.501: D/StrictMode(557): at android.app.ActivityThread.installProvider(ActivityThread.java:4198)
03-29 18:58:41.501: D/StrictMode(557): at android.app.ActivityThread.installContentProviders(ActivityThread.java:3963)
03-29 18:58:41.501: D/StrictMode(557): at android.app.ActivityThread.handleBindApplication(ActivityThread.java:3917)
03-29 18:58:41.501: D/StrictMode(557): at android.app.ActivityThread.access$1300(ActivityThread.java:122)
03-29 18:58:41.501: D/StrictMode(557): at android.app.ActivityThread$H.handleMessage(ActivityThread.java:1184)
03-29 18:58:41.501: D/StrictMode(557): at android.os.Handler.dispatchMessage(Handler.java:99)
03-29 18:58:41.501: D/StrictMode(557): at android.os.Looper.loop(Looper.java:137)
03-29 18:58:41.501: D/StrictMode(557): at android.app.ActivityThread.main(ActivityThread.java:4340)
03-29 18:58:41.501: D/StrictMode(557): at java.lang.reflect.Method.invokeNative(Native Method)
03-29 18:58:41.501: D/StrictMode(557): at java.lang.reflect.Method.invoke(Method.java:511)
03-29 18:58:41.501: D/StrictMode(557): at com.android.internal.os.ZygoteInit$MethodAndArgsCaller.run(ZygoteInit.java:784)
03-29 18:58:41.501: D/StrictMode(557): at com.android.internal.os.ZygoteInit.main(ZygoteInit.java:551)
03-29 18:58:41.501: D/StrictMode(557): at dalvik.system.NativeStart.main(Native Method)
03-29 11:58:41.561: D/AlarmManagerService(196): Kernel timezone updated to 420 minutes west of GMT
03-29 11:58:41.661: D/SystemClock(509): Setting time of day to sec=1333047521
03-29 11:58:41.661: W/ProcessStats(196): Skipping unknown process pid 660
03-29 11:58:41.262: W/SystemClock(509): Unable to set rtc to 1333047521: Invalid argument
03-29 11:58:41.395: D/dalvikvm(479): GC_FOR_ALLOC freed 0K, 2% free 11705K/11911K, paused 105ms
03-29 11:58:41.515: D/dalvikvm(196): GC_CONCURRENT freed 458K, 41% free 12417K/20999K, paused 7ms+42ms
03-29 11:58:41.555: D/StrictMode(557): StrictMode policy violation; ~duration=9898 ms: android.os.StrictMode$StrictModeDiskWriteViolation: policy=2711 violation=1
03-29 11:58:41.555: D/StrictMode(557): at android.os.StrictMode$AndroidBlockGuardPolicy.onWriteToDisk(StrictMode.java:1048)
03-29 11:58:41.555: D/StrictMode(557): at android.database.sqlite.SQLiteStatement.acquireAndLock(SQLiteStatement.java:226)
03-29 11:58:41.555: D/StrictMode(557): at android.database.sqlite.SQLiteStatement.executeUpdateDelete(SQLiteStatement.java:84)
03-29 11:58:41.555: D/StrictMode(557): at android.database.sqlite.SQLiteDatabase.executeSql(SQLiteDatabase.java:1899)
03-29 11:58:41.555: D/StrictMode(557): at android.database.sqlite.SQLiteDatabase.execSQL(SQLiteDatabase.java:1839)
03-29 11:58:41.555: D/StrictMode(557): at com.google.android.gsf.settings.DatabaseHelper.onCreate(DatabaseHelper.java:59)
03-29 11:58:41.555: D/StrictMode(557): at android.database.sqlite.SQLiteOpenHelper.getWritableDatabase(SQLiteOpenHelper.java:165)
03-29 11:58:41.555: D/StrictMode(557): at android.database.sqlite.SQLiteOpenHelper.getReadableDatabase(SQLiteOpenHelper.java:231)
03-29 11:58:41.555: D/StrictMode(557): at com.google.android.gsf.settings.GoogleSettingsProvider.onCreate(GoogleSettingsProvider.java:133)
03-29 11:58:41.555: D/StrictMode(557): at android.content.ContentProvider.attachInfo(ContentProvider.java:944)
03-29 11:58:41.555: D/StrictMode(557): at android.app.ActivityThread.installProvider(ActivityThread.java:4198)
03-29 11:58:41.555: D/StrictMode(557): at android.app.ActivityThread.installContentProviders(ActivityThread.java:3963)
03-29 11:58:41.555: D/StrictMode(557): at android.app.ActivityThread.handleBindApplication(ActivityThread.java:3917)
03-29 11:58:41.555: D/StrictMode(557): at android.app.ActivityThread.access$1300(ActivityThread.java:122)
03-29 11:58:41.555: D/StrictMode(557): at android.app.ActivityThread$H.handleMessage(ActivityThread.java:1184)
03-29 11:58:41.555: D/StrictMode(557): at android.os.Handler.dispatchMessage(Handler.java:99)
03-29 11:58:41.555: D/StrictMode(557): at android.os.Looper.loop(Looper.java:137)
03-29 11:58:41.555: D/StrictMode(557): at android.app.ActivityThread.main(ActivityThread.java:4340)
03-29 11:58:41.555: D/StrictMode(557): at java.lang.reflect.Method.invokeNative(Native Method)
03-29 11:58:41.555: D/StrictMode(557): at java.lang.reflect.Method.invoke(Method.java:511)
03-29 11:58:41.555: D/StrictMode(557): at com.android.internal.os.ZygoteInit$MethodAndArgsCaller.run(ZygoteInit.java:784)
03-29 11:58:41.555: D/StrictMode(557): at com.android.internal.os.ZygoteInit.main(ZygoteInit.java:551)
03-29 11:58:41.555: D/StrictMode(557): at dalvik.system.NativeStart.main(Native Method)
03-29 11:58:41.625: I/dalvikvm-heap(479): Grow heap (frag case) to 14.292MB for 2917280-byte allocation
03-29 11:58:41.815: D/dalvikvm(479): GC_CONCURRENT freed 0K, 2% free 14554K/14791K, paused 5ms+28ms
03-29 11:58:42.005: D/dalvikvm(196): GC_EXPLICIT freed 351K, 41% free 12450K/20999K, paused 16ms+29ms
03-29 11:58:42.105: D/gralloc_goldfish(479): Emulator without GPU emulation detected.
03-29 11:58:42.525: D/StrictMode(608): StrictMode policy violation; ~duration=3762 ms: android.os.StrictMode$StrictModeDiskWriteViolation: policy=2711 violation=1
03-29 11:58:42.525: D/StrictMode(608): at android.os.StrictMode$AndroidBlockGuardPolicy.onWriteToDisk(StrictMode.java:1048)
03-29 11:58:42.525: D/StrictMode(608): at android.database.sqlite.SQLiteStatement.acquireAndLock(SQLiteStatement.java:226)
03-29 11:58:42.525: D/StrictMode(608): at android.database.sqlite.SQLiteStatement.executeUpdateDelete(SQLiteStatement.java:84)
03-29 11:58:42.525: D/StrictMode(608): at android.database.sqlite.SQLiteDatabase.executeSql(SQLiteDatabase.java:1899)
03-29 11:58:42.525: D/StrictMode(608): at android.database.sqlite.SQLiteDatabase.execSQL(SQLiteDatabase.java:1839)
03-29 11:58:42.525: D/StrictMode(608): at com.android.providers.applications.ApplicationsProvider.createDatabase(ApplicationsProvider.java:258)
03-29 11:58:42.525: D/StrictMode(608): at com.android.providers.applications.ApplicationsProvider.onCreate(ApplicationsProvider.java:175)
03-29 11:58:42.525: D/StrictMode(608): at android.content.ContentProvider.attachInfo(ContentProvider.java:944)
03-29 11:58:42.525: D/StrictMode(608): at android.app.ActivityThread.installProvider(ActivityThread.java:4198)
