03-29 11:58:42.525: D/StrictMode(608): at android.app.ActivityThread.installContentProviders(ActivityThread.java:3963)
03-29 11:58:42.525: D/StrictMode(608): at android.app.ActivityThread.handleBindApplication(ActivityThread.java:3917)
03-29 11:58:42.525: D/StrictMode(608): at android.app.ActivityThread.access$1300(ActivityThread.java:122)
03-29 11:58:42.525: D/StrictMode(608): at android.app.ActivityThread$H.handleMessage(ActivityThread.java:1184)
03-29 11:58:42.525: D/StrictMode(608): at android.os.Handler.dispatchMessage(Handler.java:99)
03-29 11:58:42.525: D/StrictMode(608): at android.os.Looper.loop(Looper.java:137)
03-29 11:58:42.525: D/StrictMode(608): at android.app.ActivityThread.main(ActivityThread.java:4340)
03-29 11:58:42.525: D/StrictMode(608): at java.lang.reflect.Method.invokeNative(Native Method)
03-29 11:58:42.525: D/StrictMode(608): at java.lang.reflect.Method.invoke(Method.java:511)
03-29 11:58:42.525: D/StrictMode(608): at com.android.internal.os.ZygoteInit$MethodAndArgsCaller.run(ZygoteInit.java:784)
03-29 11:58:42.525: D/StrictMode(608): at com.android.internal.os.ZygoteInit.main(ZygoteInit.java:551)
03-29 11:58:42.525: D/StrictMode(608): at dalvik.system.NativeStart.main(Native Method)
03-29 11:58:42.545: D/StrictMode(557): StrictMode policy violation; ~duration=9839 ms: android.os.StrictMode$StrictModeDiskWriteViolation: policy=2711 violation=1
03-29 11:58:42.545: D/StrictMode(557): at android.os.StrictMode$AndroidBlockGuardPolicy.onWriteToDisk(StrictMode.java:1048)
03-29 11:58:42.545: D/StrictMode(557): at android.database.sqlite.SQLiteStatement.acquireAndLock(SQLiteStatement.java:226)
03-29 11:58:42.545: D/StrictMode(557): at android.database.sqlite.SQLiteStatement.executeUpdateDelete(SQLiteStatement.java:84)
03-29 11:58:42.545: D/StrictMode(557): at android.database.sqlite.SQLiteStatement.execute(SQLiteStatement.java:70)
03-29 11:58:42.545: D/StrictMode(557): at com.google.android.gsf.settings.DatabaseHelper.loadSetting(DatabaseHelper.java:94)
03-29 11:58:42.545: D/StrictMode(557): at com.google.android.gsf.settings.DatabaseHelper.loadStringSetting(DatabaseHelper.java:98)
03-29 11:58:42.545: D/StrictMode(557): at com.google.android.gsf.settings.DatabaseHelper.insertDefaultPartnerSettings(DatabaseHelper.java:80)
03-29 11:58:42.545: D/StrictMode(557): at com.google.android.gsf.settings.DatabaseHelper.onCreate(DatabaseHelper.java:61)
03-29 11:58:42.545: D/StrictMode(557): at android.database.sqlite.SQLiteOpenHelper.getWritableDatabase(SQLiteOpenHelper.java:165)
03-29 11:58:42.545: D/StrictMode(557): at android.database.sqlite.SQLiteOpenHelper.getReadableDatabase(SQLiteOpenHelper.java:231)
03-29 11:58:42.545: D/StrictMode(557): at com.google.android.gsf.settings.GoogleSettingsProvider.onCreate(GoogleSettingsProvider.java:133)
03-29 11:58:42.545: D/StrictMode(557): at android.content.ContentProvider.attachInfo(ContentProvider.java:944)
03-29 11:58:42.545: D/StrictMode(557): at android.app.ActivityThread.installProvider(ActivityThread.java:4198)
03-29 11:58:42.545: D/StrictMode(557): at android.app.ActivityThread.installContentProviders(ActivityThread.java:3963)
03-29 11:58:42.545: D/StrictMode(557): at android.app.ActivityThread.handleBindApplication(ActivityThread.java:3917)
03-29 11:58:42.545: D/StrictMode(557): at android.app.ActivityThread.access$1300(ActivityThread.java:122)
03-29 11:58:42.545: D/StrictMode(557): at android.app.ActivityThread$H.handleMessage(ActivityThread.java:1184)
03-29 11:58:42.545: D/StrictMode(557): at android.os.Handler.dispatchMessage(Handler.java:99)
03-29 11:58:42.545: D/StrictMode(557): at android.os.Looper.loop(Looper.java:137)
03-29 11:58:42.545: D/StrictMode(557): at android.app.ActivityThread.main(ActivityThread.java:4340)
03-29 11:58:42.545: D/StrictMode(557): at java.lang.reflect.Method.invokeNative(Native Method)
03-29 11:58:42.545: D/StrictMode(557): at java.lang.reflect.Method.invoke(Method.java:511)
03-29 11:58:42.545: D/StrictMode(557): at com.android.internal.os.ZygoteInit$MethodAndArgsCaller.run(ZygoteInit.java:784)
03-29 11:58:42.545: D/StrictMode(557): at com.android.internal.os.ZygoteInit.main(ZygoteInit.java:551)
03-29 11:58:42.545: D/StrictMode(557): at dalvik.system.NativeStart.main(Native Method)
03-29 11:58:42.585: D/StrictMode(557): StrictMode policy violation; ~duration=4477 ms: android.os.StrictMode$StrictModeDiskWriteViolation: policy=2711 violation=1
03-29 11:58:42.585: D/StrictMode(557): at android.os.StrictMode$AndroidBlockGuardPolicy.onWriteToDisk(StrictMode.java:1048)
03-29 11:58:42.585: D/StrictMode(557): at android.database.sqlite.SQLiteStatement.acquireAndLock(SQLiteStatement.java:226)
03-29 11:58:42.585: D/StrictMode(557): at android.database.sqlite.SQLiteStatement.executeUpdateDelete(SQLiteStatement.java:84)
03-29 11:58:42.585: D/StrictMode(557): at android.database.sqlite.SQLiteDatabase.executeSql(SQLiteDatabase.java:1899)
03-29 11:58:42.585: D/StrictMode(557): at android.database.sqlite.SQLiteDatabase.execSQL(SQLiteDatabase.java:1839)
03-29 11:58:42.585: D/StrictMode(557): at android.database.sqlite.SQLiteDatabase.setVersion(SQLiteDatabase.java:1248)
03-29 11:58:42.585: D/StrictMode(557): at android.database.sqlite.SQLiteOpenHelper.getWritableDatabase(SQLiteOpenHelper.java:173)
03-29 11:58:42.585: D/StrictMode(557): at android.database.sqlite.SQLiteOpenHelper.getReadableDatabase(SQLiteOpenHelper.java:231)
03-29 11:58:42.585: D/StrictMode(557): at com.google.android.gsf.settings.GoogleSettingsProvider.onCreate(GoogleSettingsProvider.java:133)
03-29 11:58:42.585: D/StrictMode(557): at android.content.ContentProvider.attachInfo(ContentProvider.java:944)
03-29 11:58:42.585: D/StrictMode(557): at android.app.ActivityThread.installProvider(ActivityThread.java:4198)
03-29 11:58:42.585: D/StrictMode(557): at android.app.ActivityThread.installContentProviders(ActivityThread.java:3963)
03-29 11:58:42.585: D/StrictMode(557): at android.app.ActivityThread.handleBindApplication(ActivityThread.java:3917)
03-29 11:58:42.585: D/StrictMode(557): at android.app.ActivityThread.access$1300(ActivityThread.java:122)
03-29 11:58:42.585: D/StrictMode(557): at android.app.ActivityThread$H.handleMessage(ActivityThread.java:1184)
03-29 11:58:42.585: D/StrictMode(557): at android.os.Handler.dispatchMessage(Handler.java:99)
03-29 11:58:42.585: D/StrictMode(557): at android.os.Looper.loop(Looper.java:137)
03-29 11:58:42.585: D/StrictMode(557): at android.app.ActivityThread.main(ActivityThread.java:4340)
03-29 11:58:42.585: D/StrictMode(557): at java.lang.reflect.Method.invokeNative(Native Method)
03-29 11:58:42.585: D/StrictMode(557): at java.lang.reflect.Method.invoke(Method.java:511)
03-29 11:58:42.585: D/StrictMode(557): at com.android.internal.os.ZygoteInit$MethodAndArgsCaller.run(ZygoteInit.java:784)
03-29 11:58:42.585: D/StrictMode(557): at com.android.internal.os.ZygoteInit.main(ZygoteInit.java:551)
03-29 11:58:42.585: D/StrictMode(557): at dalvik.system.NativeStart.main(Native Method)
03-29 11:58:42.615: D/StrictMode(557): StrictMode policy violation; ~duration=4384 ms: android.os.StrictMode$StrictModeDiskWriteViolation: policy=2711 violation=1
03-29 11:58:42.615: D/StrictMode(557): at android.os.StrictMode$AndroidBlockGuardPolicy.onWriteToDisk(StrictMode.java:1048)
03-29 11:58:42.615: D/StrictMode(557): at android.database.sqlite.SQLiteStatement.acquireAndLock(SQLiteStatement.java:226)
03-29 11:58:42.615: D/StrictMode(557): at android.database.sqlite.SQLiteStatement.executeUpdateDelete(SQLiteStatement.java:84)
03-29 11:58:42.615: D/StrictMode(557): at android.database.sqlite.SQLiteDatabase.executeSql(SQLiteDatabase.java:1899)
03-29 11:58:42.615: D/StrictMode(557): at android.database.sqlite.SQLiteDatabase.execSQL(SQLiteDatabase.java:1839)
03-29 11:58:42.615: D/StrictMode(557): at android.database.sqlite.SQLiteDatabase.endTransaction(SQLiteDatabase.java:714)
03-29 11:58:42.615: D/StrictMode(557): at android.database.sqlite.SQLiteOpenHelper.getWritableDatabase(SQLiteOpenHelper.java:176)
03-29 11:58:42.615: D/StrictMode(557): at android.database.sqlite.SQLiteOpenHelper.getReadableDatabase(SQLiteOpenHelper.java:231)
03-29 11:58:42.615: D/StrictMode(557): at com.google.android.gsf.settings.GoogleSettingsProvider.onCreate(GoogleSettingsProvider.java:133)
03-29 11:58:42.615: D/StrictMode(557): at android.content.ContentProvider.attachInfo(ContentProvider.java:944)
03-29 11:58:42.615: D/StrictMode(557): at android.app.ActivityThread.installProvider(ActivityThread.java:4198)
03-29 11:58:42.615: D/StrictMode(557): at android.app.ActivityThread.installContentProviders(ActivityThread.java:3963)
03-29 11:58:42.615: D/StrictMode(557): at android.app.ActivityThread.handleBindApplication(ActivityThread.java:3917)
03-29 11:58:42.615: D/StrictMode(557): at android.app.ActivityThread.access$1300(ActivityThread.java:122)
03-29 11:58:42.615: D/StrictMode(557): at android.app.ActivityThread$H.handleMessage(ActivityThread.java:1184)
03-29 11:58:42.615: D/StrictMode(557): at android.os.Handler.dispatchMessage(Handler.java:99)
03-29 11:58:42.615: D/StrictMode(557): at android.os.Looper.loop(Looper.java:137)
03-29 11:58:42.615: D/StrictMode(557): at android.app.ActivityThread.main(ActivityThread.java:4340)
03-29 11:58:42.615: D/StrictMode(557): at java.lang.reflect.Method.invokeNative(Native Method)
03-29 11:58:42.615: D/StrictMode(557): at java.lang.reflect.Method.invoke(Method.java:511)
03-29 11:58:42.615: D/StrictMode(557): at com.android.internal.os.ZygoteInit$MethodAndArgsCaller.run(ZygoteInit.java:784)
03-29 11:58:42.615: D/StrictMode(557): at com.android.internal.os.ZygoteInit.main(ZygoteInit.java:551)
03-29 11:58:42.615: D/StrictMode(557): at dalvik.system.NativeStart.main(Native Method)
03-29 11:58:42.625: D/StrictMode(557): StrictMode policy violation; ~duration=1689 ms: android.os.StrictMode$StrictModeDiskReadViolation: policy=2711 violation=2
03-29 11:58:42.625: D/StrictMode(557): at android.os.StrictMode$AndroidBlockGuardPolicy.onReadFromDisk(StrictMode.java:1074)
03-29 11:58:42.625: D/StrictMode(557): at android.app.SharedPreferencesImpl.awaitLoadedLocked(SharedPreferencesImpl.java:184)
03-29 11:58:42.625: D/StrictMode(557): at android.app.SharedPreferencesImpl.getInt(SharedPreferencesImpl.java:220)
03-29 11:58:42.625: D/StrictMode(557): at com.google.android.location.NetworkLocationProvider.(NetworkLocationProvider.java:123)
03-29 11:58:42.625: D/StrictMode(557): at com.google.android.location.NetworkLocationProvider.init(NetworkLocationProvider.java:105)
03-29 11:58:42.625: D/StrictMode(557): at com.google.android.location.NetworkLocationService.onCreate(NetworkLocationService.java:52)
03-29 11:58:42.625: D/StrictMode(557): at android.app.ActivityThread.handleCreateService(ActivityThread.java:2252)
03-29 11:58:42.625: D/StrictMode(557): at android.app.ActivityThread.access$1600(ActivityThread.java:122)
03-29 11:58:42.625: D/StrictMode(557): at android.app.ActivityThread$H.handleMessage(ActivityThread.java:1200)
03-29 11:58:42.625: D/StrictMode(557): at android.os.Handler.dispatchMessage(Handler.java:99)
03-29 11:58:42.625: D/StrictMode(557): at android.os.Looper.loop(Looper.java:137)
03-29 11:58:42.625: D/StrictMode(557): at android.app.ActivityThread.main(ActivityThread.java:4340)
03-29 11:58:42.625: D/StrictMode(557): at java.lang.reflect.Method.invokeNative(Native Method)
03-29 11:58:42.625: D/StrictMode(557): at java.lang.reflect.Method.invoke(Method.java:511)
03-29 11:58:42.625: D/StrictMode(557): at com.android.internal.os.ZygoteInit$MethodAndArgsCaller.run(ZygoteInit.java:784)
03-29 11:58:42.625: D/StrictMode(557): at com.android.internal.os.ZygoteInit.main(ZygoteInit.java:551)
03-29 11:58:42.625: D/StrictMode(557): at dalvik.system.NativeStart.main(Native Method)
03-29 11:58:42.645: I/ActivityManager(196): Force stopping package com.android.sdksetup uid=10034
03-29 11:58:42.645: W/ActivityManager(196): Force removing ActivityRecord{41810e90 com.android.sdksetup/.DefaultActivity}: app died, no saved state
03-29 11:58:42.665: I/Process(196): Sending signal. PID: 644 SIG: 9
03-29 11:58:42.735: W/TextLayoutCache(479): computeValuesWithHarfbuzz -- need to force to single run
03-29 11:58:43.055: I/WindowManager(196): createSurface Window{4192c6e0 StatusBarExpanded paused=false}: DRAW NOW PENDING
03-29 11:58:43.215: D/dalvikvm(557): GC_CONCURRENT freed 387K, 5% free 10097K/10567K, paused 5ms+5ms
03-29 11:58:43.375: I/Process(196): Sending signal. PID: 557 SIG: 3
03-29 11:58:43.395: I/dalvikvm(557): threadid=3: reacting to signal 3
03-29 11:58:43.595: I/dalvikvm(557): Wrote stack traces to '/data/anr/traces.txt'
03-29 11:58:43.595: I/Process(196): Sending signal. PID: 608 SIG: 3
03-29 11:58:43.595: I/dalvikvm(608): threadid=3: reacting to signal 3
03-29 11:58:43.815: E/ActivityManager(196): act=com.google.android.location.internal.ANDROID_NLPLoad: 4.25 / 1.33 / 0.47
03-29 11:58:43.815: E/ActivityManager(196): CPU usage from 0ms to 8490ms later:
03-29 11:58:43.815: E/ActivityManager(196): 38% 196/system_server: 26% user + 11% kernel / faults: 1544 minor
03-29 11:58:43.815: E/ActivityManager(196): 15% 608/zygote: 10% user + 5% kernel / faults: 3376 minor
03-29 11:58:43.815: E/ActivityManager(196): 12% 479/com.android.systemui: 9.4% user + 3.5% kernel / faults: 3719 minor 2 major
03-29 11:58:43.815: E/ActivityManager(196): 8.7% 557/com.google.process.gapps: 6.5% user + 2.1% kernel / faults: 1264 minor
03-29 11:58:43.815: E/ActivityManager(196): 7.3% 509/com.android.phone: 5.4% user + 1.9% kernel / faults: 979 minor 1 major
03-29 11:58:43.815: E/ActivityManager(196): 2.8% 45/adbd: 0.2% user + 2.6% kernel
03-29 11:58:43.815: E/ActivityManager(196): 0.7% 494/com.android.inputmethod.latin: 0.5% user + 0.2% kernel / faults: 337 minor
03-29 11:58:43.815: E/ActivityManager(196): 1.3% 622/com.android.defcontainer: 0.8% user + 0.4% kernel / faults: 864 minor
03-29 11:58:43.815: E/ActivityManager(196): 0.7% 586/com.android.contacts: 0.3% user + 0.3% kernel / faults: 269 minor 1 major
03-29 11:58:43.815: E/ActivityManager(196): 0.1% 30/servicemanager: 0% user + 0.1% kernel / faults: 6 minor
03-29 11:58:43.815: E/ActivityManager(196): 0.2% 91/logcat: 0% user + 0.2% kernel
03-29 11:58:43.815: E/ActivityManager(196): 0% 35/rild: 0% user + 0% kernel / faults: 2 minor
03-29 11:58:43.815: E/ActivityManager(196): 0.2% 37/zygote: 0.1% user + 0.1% kernel / faults: 74 minor
03-29 11:58:43.815: E/ActivityManager(196): 0% 38/mediaserver: 0% user + 0% kernel / faults: 6 minor
03-29 11:58:43.815: E/ActivityManager(196): 0.1% 42/logcat: 0% user + 0% kernel
03-29 11:58:43.815: E/ActivityManager(196): 0.2% 524/com.android.settings: 0.2% user + 0% kernel / faults: 14 minor
03-29 11:58:43.815: E/ActivityManager(196): 0% 1//init: 0% user + 0% kernel / faults: 1 minor
03-29 11:58:43.815: E/ActivityManager(196): 0.1% 36/surfaceflinger: 0.1% user + 0% kernel / faults: 12 minor
03-29 11:58:43.815: E/ActivityManager(196): 0% 39/installd: 0% user + 0% kernel / faults: 21 minor
03-29 11:58:43.815: E/ActivityManager(196): 100% TOTAL: 65% user + 33% kernel + 0.1% irq + 0.4% softirq
03-29 11:58:43.815: E/ActivityManager(196): CPU usage from 6906ms to 7784ms later:
03-29 11:58:43.815: E/ActivityManager(196): 53% 196/system_server: 37% user + 16% kernel / faults: 157 minor
03-29 11:58:43.815: E/ActivityManager(196): 12% 214/ActivityManager: 2.6% user + 9.3% kernel
03-29 11:58:43.815: E/ActivityManager(196): 12% 478/Binder Thread #: 10% user + 1.3% kernel
03-29 11:58:43.815: E/ActivityManager(196): 8% 203/Compiler: 8% user + 0% kernel
03-29 11:58:43.815: E/ActivityManager(196): 4% 603/Binder Thread #: 2.6% user + 1.3% kernel
03-29 11:58:43.815: E/ActivityManager(196): 2.6% 208/Binder Thread #: 2.6% user + 0% kernel
03-29 11:58:43.815: E/ActivityManager(196): 1.3% 207/Binder Thread #: 1.3% user + 0% kernel
03-29 11:58:43.815: E/ActivityManager(196): 1.3% 441/Binder Thread #: 1.3% user + 0% kernel
03-29 11:58:43.815: E/ActivityManager(196): 1.3% 548/Binder Thread #: 1.3% user + 0% kernel
03-29 11:58:43.815: E/ActivityManager(196): 1.3% 604/Binder Thread #: 1.3% user + 0% kernel
03-29 11:58:43.815: E/ActivityManager(196): 1.3% 639/Binder Thread #: 1.3% user + 0% kernel
03-29 11:58:43.815: E/ActivityManager(196): 1.3% 659/Binder Thread #: 0% user + 1.3% kernel
03-29 11:58:43.815: E/ActivityManager(196): 1.3% 661/Binder Thread #: 1.3% user + 0% kernel
03-29 11:58:43.815: E/ActivityManager(196): 1.3% 662/Binder Thread #: 0% user + 1.3% kernel
03-29 11:58:43.815: E/ActivityManager(196): 16% 479/com.android.systemui: 11% user + 5% kernel / faults: 663 minor
03-29 11:58:43.815: E/ActivityManager(196): 13% 479/ndroid.systemui: 10% user + 3.7% kernel
03-29 11:58:43.815: E/ActivityManager(196): 1.2% 486/Compiler: 1.2% user + 0% kernel
03-29 11:58:43.815: E/ActivityManager(196): 13% 557/com.google.process.gapps: 11% user + 2.4% kernel / faults: 95 minor
03-29 11:58:43.815: E/ActivityManager(196): 9.8% 557/e.process.gapps: 8.6% user + 1.2% kernel
03-29 11:58:43.815: E/ActivityManager(196): 6.1% 560/GC: 6.1% user + 0% kernel
03-29 11:58:43.815: E/ActivityManager(196): 1.2% 566/Compiler: 1.2% user + 0% kernel
03-29 11:58:43.815: E/ActivityManager(196): 6% 509/com.android.phone: 4.8% user + 1.2% kernel / faults: 41 minor
03-29 11:58:43.815: E/ActivityManager(196): 8.5% 509/m.android.phone: 7.3% user + 1.2% kernel
03-29 11:58:43.815: E/ActivityManager(196): 2.4% 519/Compiler: 1.2% user + 1.2% kernel
03-29 11:58:43.815: E/ActivityManager(196): 3.1% 608/android.process.acore: 3.1% user + 0% kernel / faults: 33 minor
03-29 11:58:43.815: E/ActivityManager(196): 1% 621/Binder Thread #: 1% user + 0% kernel
03-29 11:58:43.815: E/ActivityManager(196): 1% 664/ApplicationsPro: 1% user + 0% kernel
03-29 11:58:43.815: E/ActivityManager(196): 1.3% 42/logcat: 0% user + 1.3% kernel
03-29 11:58:43.815: E/ActivityManager(196): 1.3% 45/adbd: 0% user + 1.3% kernel
03-29 11:58:43.815: E/ActivityManager(196): 2.7% 45/adbd: 0% user + 2.7% kernel
03-29 11:58:43.815: E/ActivityManager(196): 1.3% 78/adbd: 1.3% user + 0% kernel
03-29 11:58:43.815: E/ActivityManager(196): 1.3% 79/adbd: 0% user + 1.3% kernel
03-29 11:58:43.815: E/ActivityManager(196): 100% TOTAL: 63% user + 36% kernel
03-29 11:58:43.845: W/ActivityManager(196): Killing ProcessRecord{41d0e768 494:com.android.inputmethod.latin/10020}: background ANR
03-29 11:58:43.865: I/ActivityManager(196): Process com.android.inputmethod.latin (pid 494) has died.
03-29 11:58:43.865: W/ActivityManager(196): Scheduling restart of crashed service com.android.inputmethod.latin/.LatinIME in 5000ms
03-29 11:58:43.895: I/ActivityManager(196): START {act=android.intent.action.MAIN cat=[android.intent.category.HOME] flg=0x10000000 cmp=com.android.launcher/com.android.launcher2.Launcher} from pid 0
03-29 11:58:43.975: W/ActivityManager(196): Activity idle timeout for ActivityRecord{41561010 com.android.settings/.CryptKeeper}
03-29 11:58:44.015: D/androidInternalNlpService(557): onCreate com.google.android.location.internal.server.NetworkLocationService@413394a8
03-29 11:58:44.035: I/ActivityManager(196): Start proc com.android.launcher for activity com.android.launcher/com.android.launcher2.Launcher: pid=692 uid=10021 gids={}
03-29 11:58:44.105: I/dalvikvm(608): Wrote stack traces to '/data/anr/traces.txt'
03-29 11:58:44.425: D/dalvikvm(608): GC_CONCURRENT freed 205K, 3% free 10252K/10567K, paused 4ms+5ms
03-29 11:58:44.505: D/dalvikvm(196): GC_EXPLICIT freed 566K, 41% free 12538K/20999K, paused 7ms+46ms
03-29 11:58:44.525: W/ActivityManager(196): Failure sending broadcast Intent { act=android.media.RINGER_MODE_CHANGED flg=0x70000010 (has extras) }
03-29 11:58:44.525: W/ActivityManager(196): android.os.DeadObjectException
03-29 11:58:44.525: W/ActivityManager(196): at android.os.BinderProxy.transact(Native Method)
03-29 11:58:44.525: W/ActivityManager(196): at android.content.IIntentReceiver$Stub$Proxy.performReceive(IIntentReceiver.java:121)
03-29 11:58:44.525: W/ActivityManager(196): at com.android.server.am.ActivityManagerService.performReceiveLocked(ActivityManagerService.java:12263)
03-29 11:58:44.525: W/ActivityManager(196): at com.android.server.am.ActivityManagerService.deliverToRegisteredReceiverLocked(ActivityManagerService.java:12325)
03-29 11:58:44.525: W/ActivityManager(196): at com.android.server.am.ActivityManagerService.processNextBroadcast(ActivityManagerService.java:12383)
03-29 11:58:44.525: W/ActivityManager(196): at com.android.server.am.ActivityManagerService.access$100(ActivityManagerService.java:151)
03-29 11:58:44.525: W/ActivityManager(196): at com.android.server.am.ActivityManagerService$2.handleMessage(ActivityManagerService.java:973)
03-29 11:58:44.525: W/ActivityManager(196): at android.os.Handler.dispatchMessage(Handler.java:99)
03-29 11:58:44.525: W/ActivityManager(196): at android.os.Looper.loop(Looper.java:137)
03-29 11:58:44.525: W/ActivityManager(196): at com.android.server.am.ActivityManagerService$AThread.run(ActivityManagerService.java:1364)
03-29 11:58:44.575: D/androidNlpServiceThread(557): ANDROID minProtocolVersion 1 maxProtocolVersion 1 releaseVersion -1
03-29 11:58:44.575: D/NetworkLocationRealOs(557): ------------------------ reading cache.cell
03-29 11:58:44.585: D/NetworkLocationRealOs(557): no cache.cell found; not migrating
03-29 11:58:44.595: D/NetworkLocationRealOs(557): ------------------------ reading cache.wifi
03-29 11:58:44.595: D/NetworkLocationRealOs(557): no cache.wifi found; not migrating
03-29 11:58:45.295: D/dalvikvm(196): GC_CONCURRENT freed 605K, 41% free 12592K/20999K, paused 8ms+25ms
03-29 11:58:45.325: I/AccountTypeManager(586): Loaded meta-data for 1 account types, 0 accounts in 1254ms(wall) 9ms(cpu)
03-29 11:58:45.565: D/StrictMode(196): StrictMode policy violation; ~duration=9456 ms: android.os.StrictMode$StrictModeDiskReadViolation: policy=151 violation=2
03-29 11:58:45.565: D/StrictMode(196): at android.os.StrictMode$AndroidBlockGuardPolicy.onReadFromDisk(StrictMode.java:1074)
03-29 11:58:45.565: D/StrictMode(196): at libcore.io.BlockGuardOs.open(BlockGuardOs.java:94)
03-29 11:58:45.565: D/StrictMode(196): at java.io.File.createNewFile(File.java:933)
03-29 11:58:45.565: D/StrictMode(196): at com.android.server.am.ActivityManagerService.dumpStackTraces(ActivityManagerService.java:2851)
03-29 11:58:45.565: D/StrictMode(196): at com.android.server.am.ActivityManagerService.appNotResponding(ActivityManagerService.java:3017)
03-29 11:58:45.565: D/StrictMode(196): at com.android.server.am.ActivityManagerService.serviceTimeout(ActivityManagerService.java:11241)
03-29 11:58:45.565: D/StrictMode(196): at com.android.server.am.ActivityManagerService$2.handleMessage(ActivityManagerService.java:988)
03-29 11:58:45.565: D/StrictMode(196): at android.os.Handler.dispatchMessage(Handler.java:99)
03-29 11:58:45.565: D/StrictMode(196): at android.os.Looper.loop(Looper.java:137)
03-29 11:58:45.565: D/StrictMode(196): at com.android.server.am.ActivityManagerService$AThread.run(ActivityManagerService.java:1364)
03-29 11:58:45.575: W/NetworkManagementSocketTagger(196): setKernelCountSet(10034, 1) failed with errno -2
03-29 11:58:45.595: W/NetworkManagementSocketTagger(196): setKernelCountSet(10034, 0) failed with errno -2
03-29 11:58:45.795: D/StrictMode(608): StrictMode policy violation; ~duration=3631 ms: android.os.StrictMode$StrictModeDiskWriteViolation: policy=2711 violation=1
03-29 11:58:45.795: D/StrictMode(608): at android.os.StrictMode$AndroidBlockGuardPolicy.onWriteToDisk(StrictMode.java:1048)
03-29 11:58:45.795: D/StrictMode(608): at android.database.sqlite.SQLiteStatement.acquireAndLock(SQLiteStatement.java:226)
03-29 11:58:45.795: D/StrictMode(608): at android.database.sqlite.SQLiteStatement.executeUpdateDelete(SQLiteStatement.java:84)
03-29 11:58:45.795: D/StrictMode(608): at android.database.sqlite.SQLiteDatabase.executeSql(SQLiteDatabase.java:1899)
03-29 11:58:45.795: D/StrictMode(608): at android.database.sqlite.SQLiteDatabase.execSQL(SQLiteDatabase.java:1839)
03-29 11:58:45.795: D/StrictMode(608): at com.android.providers.applications.ApplicationsProvider.createDatabase(ApplicationsProvider.java:261)
03-29 11:58:45.795: D/StrictMode(608): at com.android.providers.applications.ApplicationsProvider.onCreate(ApplicationsProvider.java:175)
03-29 11:58:45.795: D/StrictMode(608): at android.content.ContentProvider.attachInfo(ContentProvider.java:944)
03-29 11:58:45.795: D/StrictMode(608): at android.app.ActivityThread.installProvider(ActivityThread.java:4198)
03-29 11:58:45.795: D/StrictMode(608): at android.app.ActivityThread.installContentProviders(ActivityThread.java:3963)
03-29 11:58:45.795: D/StrictMode(608): at android.app.ActivityThread.handleBindApplication(ActivityThread.java:3917)
03-29 11:58:45.795: D/StrictMode(608): at android.app.ActivityThread.access$1300(ActivityThread.java:122)
03-29 11:58:45.795: D/StrictMode(608): at android.app.ActivityThread$H.handleMessage(ActivityThread.java:1184)
03-29 11:58:45.795: D/StrictMode(608): at android.os.Handler.dispatchMessage(Handler.java:99)
03-29 11:58:45.795: D/StrictMode(608): at android.os.Looper.loop(Looper.java:137)
03-29 11:58:45.795: D/StrictMode(608): at android.app.ActivityThread.main(ActivityThread.java:4340)
03-29 11:58:45.795: D/StrictMode(608): at java.lang.reflect.Method.invokeNative(Native Method)
03-29 11:58:45.795: D/StrictMode(608): at java.lang.reflect.Method.invoke(Method.java:511)
03-29 11:58:45.795: D/StrictMode(608): at com.android.internal.os.ZygoteInit$MethodAndArgsCaller.run(ZygoteInit.java:784)
03-29 11:58:45.795: D/StrictMode(608): at com.android.internal.os.ZygoteInit.main(ZygoteInit.java:551)
03-29 11:58:45.795: D/StrictMode(608): at dalvik.system.NativeStart.main(Native Method)
03-29 11:58:45.825: D/StrictMode(608): StrictMode policy violation; ~duration=3571 ms: android.os.StrictMode$StrictModeDiskWriteViolation: policy=2711 violation=1
03-29 11:58:45.825: D/StrictMode(608): at android.os.StrictMode$AndroidBlockGuardPolicy.onWriteToDisk(StrictMode.java:1048)
03-29 11:58:45.825: D/StrictMode(608): at android.database.sqlite.SQLiteStatement.acquireAndLock(SQLiteStatement.java:226)
03-29 11:58:45.825: D/StrictMode(608): at android.database.sqlite.SQLiteStatement.executeUpdateDelete(SQLiteStatement.java:84)
03-29 11:58:45.825: D/StrictMode(608): at android.database.sqlite.SQLiteDatabase.executeSql(SQLiteDatabase.java:1899)
03-29 11:58:45.825: D/StrictMode(608): at android.database.sqlite.SQLiteDatabase.execSQL(SQLiteDatabase.java:1839)
03-29 11:58:45.825: D/StrictMode(608): at com.android.providers.applications.ApplicationsProvider.createDatabase(ApplicationsProvider.java:266)
03-29 11:58:45.825: D/StrictMode(608): at com.android.providers.applications.ApplicationsProvider.onCreate(ApplicationsProvider.java:175)
03-29 11:58:45.825: D/StrictMode(608): at android.content.ContentProvider.attachInfo(ContentProvider.java:944)
03-29 11:58:45.825: D/StrictMode(608): at android.app.ActivityThread.installProvider(ActivityThread.java:4198)
03-29 11:58:45.825: D/StrictMode(608): at android.app.ActivityThread.installContentProviders(ActivityThread.java:3963)
03-29 11:58:45.825: D/StrictMode(608): at android.app.ActivityThread.handleBindApplication(ActivityThread.java:3917)
03-29 11:58:45.825: D/StrictMode(608): at android.app.ActivityThread.access$1300(ActivityThread.java:122)
03-29 11:58:45.825: D/StrictMode(608): at android.app.ActivityThread$H.handleMessage(ActivityThread.java:1184)
03-29 11:58:45.825: D/StrictMode(608): at android.os.Handler.dispatchMessage(Handler.java:99)
03-29 11:58:45.825: D/StrictMode(608): at android.os.Looper.loop(Looper.java:137)
03-29 11:58:45.825: D/StrictMode(608): at android.app.ActivityThread.main(ActivityThread.java:4340)
03-29 11:58:45.825: D/StrictMode(608): at java.lang.reflect.Method.invokeNative(Native Method)
03-29 11:58:45.825: D/StrictMode(608): at java.lang.reflect.Method.invoke(Method.java:511)
03-29 11:58:45.825: D/StrictMode(608): at com.android.internal.os.ZygoteInit$MethodAndArgsCaller.run(ZygoteInit.java:784)
03-29 11:58:45.825: D/StrictMode(608): at com.android.internal.os.ZygoteInit.main(ZygoteInit.java:551)
03-29 11:58:45.825: D/StrictMode(608): at dalvik.system.NativeStart.main(Native Method)
03-29 11:58:45.835: D/StrictMode(557): StrictMode policy violation; ~duration=2954 ms: android.os.StrictMode$StrictModeDiskWriteViolation: policy=2711 violation=1
03-29 11:58:45.835: D/StrictMode(557): at android.os.StrictMode$AndroidBlockGuardPolicy.onWriteToDisk(StrictMode.java:1048)
03-29 11:58:45.835: D/StrictMode(557): at android.database.sqlite.SQLiteStatement.acquireAndLock(SQLiteStatement.java:226)
03-29 11:58:45.835: D/StrictMode(557): at android.database.sqlite.SQLiteStatement.executeUpdateDelete(SQLiteStatement.java:84)
03-29 11:58:45.835: D/StrictMode(557): at android.database.sqlite.SQLiteDatabase.executeSql(SQLiteDatabase.java:1899)
03-29 11:58:45.835: D/StrictMode(557): at android.database.sqlite.SQLiteDatabase.execSQL(SQLiteDatabase.java:1839)
03-29 11:58:45.835: D/StrictMode(557): at android.database.sqlite.SQLiteDatabase.setPageSize(SQLiteDatabase.java:1297)
03-29 11:58:45.835: D/StrictMode(557): at android.database.sqlite.SQLiteDatabase.openDatabase(SQLiteDatabase.java:995)
03-29 11:58:45.835: D/StrictMode(557): at android.database.sqlite.SQLiteDatabase.openOrCreateDatabase(SQLiteDatabase.java:1051)
03-29 11:58:45.835: D/StrictMode(557): at android.app.ContextImpl.openOrCreateDatabase(ContextImpl.java:770)
03-29 11:58:45.835: D/StrictMode(557): at android.database.sqlite.SQLiteOpenHelper.getWritableDatabase(SQLiteOpenHelper.java:157)
03-29 11:58:45.835: D/StrictMode(557): at com.google.android.gsf.subscribedfeeds.AbstractSyncableContentProvider$1.onAccountsUpdated(AbstractSyncableContentProvider.java:174)
03-29 11:58:45.835: D/StrictMode(557): at android.accounts.AccountManager$11.run(AccountManager.java:1279)
03-29 11:58:45.835: D/StrictMode(557): at android.os.Handler.handleCallback(Handler.java:605)
03-29 11:58:45.835: D/StrictMode(557): at android.os.Handler.dispatchMessage(Handler.java:92)
03-29 11:58:45.835: D/StrictMode(557): at android.os.Looper.loop(Looper.java:137)
03-29 11:58:45.835: D/StrictMode(557): at android.app.ActivityThread.main(ActivityThread.java:4340)
03-29 11:58:45.835: D/StrictMode(557): at java.lang.reflect.Method.invokeNative(Native Method)
03-29 11:58:45.835: D/StrictMode(557): at java.lang.reflect.Method.invoke(Method.java:511)
03-29 11:58:45.835: D/StrictMode(557): at com.android.internal.os.ZygoteInit$MethodAndArgsCaller.run(ZygoteInit.java:784)
03-29 11:58:45.835: D/StrictMode(557): at com.android.internal.os.ZygoteInit.main(ZygoteInit.java:551)
03-29 11:58:45.835: D/StrictMode(557): at dalvik.system.NativeStart.main(Native Method)
03-29 11:58:45.845: I/PackageManager(196): Running dexopt on: com.android.launcher
03-29 11:58:46.975: I/AccountTypeManager(586): Loaded meta-data for 1 account types, 0 accounts in 1388ms(wall) 7ms(cpu)
03-29 11:58:47.305: D/dalvikvm(608): GC_CONCURRENT freed 419K, 6% free 10274K/10823K, paused 5ms+5ms
03-29 11:58:47.425: I/ContactsProviderV1(608): Bootstrapping database legacy support
03-29 11:58:49.175: D/dalvikvm(706): DexOpt: load 614ms, verify+opt 1842ms
03-29 11:58:49.275: D/StrictMode(557): StrictMode policy violation; ~duration=2902 ms: android.os.StrictMode$StrictModeDiskReadViolation: policy=2711 violation=2
03-29 11:58:49.275: D/StrictMode(557): at android.os.StrictMode$AndroidBlockGuardPolicy.onReadFromDisk(StrictMode.java:1074)
03-29 11:58:49.275: D/StrictMode(557): at android.database.sqlite.SQLiteStatement.acquireAndLock(SQLiteStatement.java:228)
03-29 11:58:49.275: D/StrictMode(557): at android.database.sqlite.SQLiteStatement.simpleQueryForString(SQLiteStatement.java:160)
03-29 11:58:49.275: D/StrictMode(557): at android.database.DatabaseUtils.stringForQuery(DatabaseUtils.java:735)
03-29 11:58:49.275: D/StrictMode(557): at android.database.DatabaseUtils.stringForQuery(DatabaseUtils.java:723)
03-29 11:58:49.275: D/StrictMode(557): at android.database.sqlite.SQLiteDatabase.setJournalMode(SQLiteDatabase.java:1060)
03-29 11:58:49.275: D/StrictMode(557): at android.database.sqlite.SQLiteDatabase.openDatabase(SQLiteDatabase.java:996)
03-29 11:58:49.275: D/StrictMode(557): at android.database.sqlite.SQLiteDatabase.openOrCreateDatabase(SQLiteDatabase.java:1051)
03-29 11:58:49.275: D/StrictMode(557): at android.app.ContextImpl.openOrCreateDatabase(ContextImpl.java:770)
03-29 11:58:49.275: D/StrictMode(557): at android.database.sqlite.SQLiteOpenHelper.getWritableDatabase(SQLiteOpenHelper.java:157)
03-29 11:58:49.275: D/StrictMode(557): at com.google.android.gsf.subscribedfeeds.AbstractSyncableContentProvider$1.onAccountsUpdated(AbstractSyncableContentProvider.java:174)
03-29 11:58:49.275: D/StrictMode(557): at android.accounts.AccountManager$11.run(AccountManager.java:1279)
03-29 11:58:49.275: D/StrictMode(557): at android.os.Handler.handleCallback(Handler.java:605)
03-29 11:58:49.275: D/StrictMode(557): at android.os.Handler.dispatchMessage(Handler.java:92)
03-29 11:58:49.275: D/StrictMode(557): at android.os.Looper.loop(Looper.java:137)
03-29 11:58:49.275: D/StrictMode(557): at android.app.ActivityThread.main(ActivityThread.java:4340)
03-29 11:58:49.275: D/StrictMode(557): at java.lang.reflect.Method.invokeNative(Native Method)
03-29 11:58:49.275: D/StrictMode(557): at java.lang.reflect.Method.invoke(Method.java:511)
03-29 11:58:49.275: D/StrictMode(557): at com.android.internal.os.ZygoteInit$MethodAndArgsCaller.run(ZygoteInit.java:784)
03-29 11:58:49.275: D/StrictMode(557): at com.android.internal.os.ZygoteInit.main(ZygoteInit.java:551)
03-29 11:58:49.275: D/StrictMode(557): at dalvik.system.NativeStart.main(Native Method)
03-29 11:58:49.285: D/StrictMode(557): StrictMode policy violation; ~duration=2650 ms: android.os.StrictMode$StrictModeDiskReadViolation: policy=2711 violation=2
03-29 11:58:49.285: D/StrictMode(557): at android.os.StrictMode$AndroidBlockGuardPolicy.onReadFromDisk(StrictMode.java:1074)
03-29 11:58:49.285: D/StrictMode(557): at android.database.sqlite.SQLiteStatement.acquireAndLock(SQLiteStatement.java:228)
03-29 11:58:49.285: D/StrictMode(557): at android.database.sqlite.SQLiteStatement.simpleQueryForLong(SQLiteStatement.java:137)
03-29 11:58:49.285: D/StrictMode(557): at android.database.DatabaseUtils.longForQuery(DatabaseUtils.java:713)
03-29 11:58:49.285: D/StrictMode(557): at android.database.DatabaseUtils.longForQuery(DatabaseUtils.java:701)
03-29 11:58:49.285: D/StrictMode(557): at android.database.sqlite.SQLiteDatabase.getVersion(SQLiteDatabase.java:1239)
03-29 11:58:49.285: D/StrictMode(557): at android.database.sqlite.SQLiteOpenHelper.getWritableDatabase(SQLiteOpenHelper.java:160)
03-29 11:58:49.285: D/StrictMode(557): at com.google.android.gsf.subscribedfeeds.AbstractSyncableContentProvider$1.onAccountsUpdated(AbstractSyncableContentProvider.java:174)
03-29 11:58:49.285: D/StrictMode(557): at android.accounts.AccountManager$11.run(AccountManager.java:1279)
03-29 11:58:49.285: D/StrictMode(557): at android.os.Handler.handleCallback(Handler.java:605)
03-29 11:58:49.285: D/StrictMode(557): at android.os.Handler.dispatchMessage(Handler.java:92)
03-29 11:58:49.285: D/StrictMode(557): at android.os.Looper.loop(Looper.java:137)
03-29 11:58:49.285: D/StrictMode(557): at android.app.ActivityThread.main(ActivityThread.java:4340)
03-29 11:58:49.285: D/StrictMode(557): at java.lang.reflect.Method.invokeNative(Native Method)
03-29 11:58:49.285: D/StrictMode(557): at java.lang.reflect.Method.invoke(Method.java:511)
03-29 11:58:49.285: D/StrictMode(557): at com.android.internal.os.ZygoteInit$MethodAndArgsCaller.run(ZygoteInit.java:784)
03-29 11:58:49.285: D/StrictMode(557): at com.android.internal.os.ZygoteInit.main(ZygoteInit.java:551)
03-29 11:58:49.285: D/StrictMode(557): at dalvik.system.NativeStart.main(Native Method)
03-29 11:58:49.435: D/StrictMode(608): StrictMode policy violation; ~duration=3530 ms: android.os.StrictMode$StrictModeDiskWriteViolation: policy=2711 violation=1
03-29 11:58:49.435: D/StrictMode(608): at android.os.StrictMode$AndroidBlockGuardPolicy.onWriteToDisk(StrictMode.java:1048)
03-29 11:58:49.435: D/StrictMode(608): at android.database.sqlite.SQLiteStatement.acquireAndLock(SQLiteStatement.java:226)
03-29 11:58:49.435: D/StrictMode(608): at android.database.sqlite.SQLiteStatement.executeUpdateDelete(SQLiteStatement.java:84)
03-29 11:58:49.435: D/StrictMode(608): at android.database.sqlite.SQLiteDatabase.executeSql(SQLiteDatabase.java:1899)
03-29 11:58:49.435: D/StrictMode(608): at android.database.sqlite.SQLiteDatabase.execSQL(SQLiteDatabase.java:1839)
03-29 11:58:49.435: D/StrictMode(608): at com.android.providers.applications.ApplicationsProvider.createDatabase(ApplicationsProvider.java:271)
03-29 11:58:49.435: D/StrictMode(608): at com.android.providers.applications.ApplicationsProvider.onCreate(ApplicationsProvider.java:175)
03-29 11:58:49.435: D/StrictMode(608): at android.content.ContentProvider.attachInfo(ContentProvider.java:944)
03-29 11:58:49.435: D/StrictMode(608): at android.app.ActivityThread.installProvider(ActivityThread.java:4198)
03-29 11:58:49.435: D/StrictMode(608): at android.app.ActivityThread.installContentProviders(ActivityThread.java:3963)
03-29 11:58:49.435: D/StrictMode(608): at android.app.ActivityThread.handleBindApplication(ActivityThread.java:3917)
03-29 11:58:49.435: D/StrictMode(608): at android.app.ActivityThread.access$1300(ActivityThread.java:122)
03-29 11:58:49.435: D/StrictMode(608): at android.app.ActivityThread$H.handleMessage(ActivityThread.java:1184)
03-29 11:58:49.435: D/StrictMode(608): at android.os.Handler.dispatchMessage(Handler.java:99)
03-29 11:58:49.435: D/StrictMode(608): at android.os.Looper.loop(Looper.java:137)
03-29 11:58:49.435: D/StrictMode(608): at android.app.ActivityThread.main(ActivityThread.java:4340)
03-29 11:58:49.435: D/StrictMode(608): at java.lang.reflect.Method.invokeNative(Native Method)
03-29 11:58:49.435: D/StrictMode(608): at java.lang.reflect.Method.invoke(Method.java:511)
03-29 11:58:49.435: D/StrictMode(608): at com.android.internal.os.ZygoteInit$MethodAndArgsCaller.run(ZygoteInit.java:784)
03-29 11:58:49.435: D/StrictMode(608): at com.android.internal.os.ZygoteInit.main(ZygoteInit.java:551)
03-29 11:58:49.435: D/StrictMode(608): at dalvik.system.NativeStart.main(Native Method)
03-29 11:58:49.475: I/ActivityManager(196): Start proc com.android.inputmethod.latin for service com.android.inputmethod.latin/.LatinIME: pid=708 uid=10020 gids={}
03-29 11:58:49.475: D/StrictMode(557): StrictMode policy violation; ~duration=2604 ms: android.os.StrictMode$StrictModeDiskWriteViolation: policy=2711 violation=1
03-29 11:58:49.475: D/StrictMode(557): at android.os.StrictMode$AndroidBlockGuardPolicy.onWriteToDisk(StrictMode.java:1048)
03-29 11:58:49.475: D/StrictMode(557): at android.database.sqlite.SQLiteStatement.acquireAndLock(SQLiteStatement.java:226)
03-29 11:58:49.475: D/StrictMode(557): at android.database.sqlite.SQLiteStatement.executeUpdateDelete(SQLiteStatement.java:84)
03-29 11:58:49.475: D/StrictMode(557): at android.database.sqlite.SQLiteDatabase.executeSql(SQLiteDatabase.java:1899)
03-29 11:58:49.475: D/StrictMode(557): at android.database.sqlite.SQLiteDatabase.execSQL(SQLiteDatabase.java:1839)
03-29 11:58:49.475: D/StrictMode(557): at android.database.sqlite.SQLiteDatabase.beginTransaction(SQLiteDatabase.java:659)
03-29 11:58:49.475: D/StrictMode(557): at android.database.sqlite.SQLiteDatabase.beginTransaction(SQLiteDatabase.java:552)
03-29 11:58:49.475: D/StrictMode(557): at android.database.sqlite.SQLiteOpenHelper.getWritableDatabase(SQLiteOpenHelper.java:162)
03-29 11:58:49.475: D/StrictMode(557): at com.google.android.gsf.subscribedfeeds.AbstractSyncableContentProvider$1.onAccountsUpdated(AbstractSyncableContentProvider.java:174)
03-29 11:58:49.475: D/StrictMode(557): at android.accounts.AccountManager$11.run(AccountManager.java:1279)
03-29 11:58:49.475: D/StrictMode(557): at android.os.Handler.handleCallback(Handler.java:605)
03-29 11:58:49.475: D/StrictMode(557): at android.os.Handler.dispatchMessage(Handler.java:92)
03-29 11:58:49.475: D/StrictMode(557): at android.os.Looper.loop(Looper.java:137)
03-29 11:58:49.475: D/StrictMode(557): at android.app.ActivityThread.main(ActivityThread.java:4340)
03-29 11:58:49.475: D/StrictMode(557): at java.lang.reflect.Method.invokeNative(Native Method)
03-29 11:58:49.475: D/StrictMode(557): at java.lang.reflect.Method.invoke(Method.java:511)
03-29 11:58:49.475: D/StrictMode(557): at com.android.internal.os.ZygoteInit$MethodAndArgsCaller.run(ZygoteInit.java:784)
03-29 11:58:49.475: D/StrictMode(557): at com.android.internal.os.ZygoteInit.main(ZygoteInit.java:551)
03-29 11:58:49.475: D/StrictMode(557): at dalvik.system.NativeStart.main(Native Method)
03-29 11:58:49.485: D/StrictMode(557): StrictMode policy violation; ~duration=2516 ms: android.os.StrictMode$StrictModeDiskWriteViolation: policy=2711 violation=1
03-29 11:58:49.485: D/StrictMode(557): at android.os.StrictMode$AndroidBlockGuardPolicy.onWriteToDisk(StrictMode.java:1048)
03-29 11:58:49.485: D/StrictMode(557): at android.database.sqlite.SQLiteStatement.acquireAndLock(SQLiteStatement.java:226)
03-29 11:58:49.485: D/StrictMode(557): at android.database.sqlite.SQLiteStatement.executeUpdateDelete(SQLiteStatement.java:84)
03-29 11:58:49.485: D/StrictMode(557): at android.database.sqlite.SQLiteDatabase.executeSql(SQLiteDatabase.java:1899)
03-29 11:58:49.485: D/StrictMode(557): at android.database.sqlite.SQLiteDatabase.execSQL(SQLiteDatabase.java:1839)
03-29 11:58:49.485: D/StrictMode(557): at com.google.android.gsf.subscribedfeeds.SubscribedFeedsProvider.bootstrapDatabase(SubscribedFeedsProvider.java:97)
03-29 11:58:49.485: D/StrictMode(557): at com.google.android.gsf.subscribedfeeds.AbstractSyncableContentProvider$DatabaseHelper.onCreate(AbstractSyncableContentProvider.java:139)
03-29 11:58:49.485: D/StrictMode(557): at android.database.sqlite.SQLiteOpenHelper.getWritableDatabase(SQLiteOpenHelper.java:165)
03-29 11:58:49.485: D/StrictMode(557): at com.google.android.gsf.subscribedfeeds.AbstractSyncableContentProvider$1.onAccountsUpdated(AbstractSyncableContentProvider.java:174)
03-29 11:58:49.485: D/StrictMode(557): at android.accounts.AccountManager$11.run(AccountManager.java:1279)
03-29 11:58:49.485: D/StrictMode(557): at android.os.Handler.handleCallback(Handler.java:605)
03-29 11:58:49.485: D/StrictMode(557): at android.os.Handler.dispatchMessage(Handler.java:92)
03-29 11:58:49.485: D/StrictMode(557): at android.os.Looper.loop(Looper.java:137)
03-29 11:58:49.485: D/StrictMode(557): at android.app.ActivityThread.main(ActivityThread.java:4340)
03-29 11:58:49.485: D/StrictMode(557): at java.lang.reflect.Method.invokeNative(Native Method)
03-29 11:58:49.485: D/StrictMode(557): at java.lang.reflect.Method.invoke(Method.java:511)
03-29 11:58:49.485: D/StrictMode(557): at com.android.internal.os.ZygoteInit$MethodAndArgsCaller.run(ZygoteInit.java:784)
03-29 11:58:49.485: D/StrictMode(557): at com.android.internal.os.ZygoteInit.main(ZygoteInit.java:551)
03-29 11:58:49.485: D/StrictMode(557): at dalvik.system.NativeStart.main(Native Method)
03-29 11:58:49.505: D/StrictMode(608): StrictMode policy violation; ~duration=3493 ms: android.os.StrictMode$StrictModeDiskWriteViolation: policy=2711 violation=1
03-29 11:58:49.505: D/StrictMode(608): at android.os.StrictMode$AndroidBlockGuardPolicy.onWriteToDisk(StrictMode.java:1048)
03-29 11:58:49.505: D/StrictMode(608): at android.database.sqlite.SQLiteStatement.acquireAndLock(SQLiteStatement.java:226)
03-29 11:58:49.505: D/StrictMode(608): at android.database.sqlite.SQLiteStatement.executeUpdateDelete(SQLiteStatement.java:84)
03-29 11:58:49.505: D/StrictMode(608): at android.database.sqlite.SQLiteDatabase.executeSql(SQLiteDatabase.java:1899)
03-29 11:58:49.505: D/StrictMode(608): at android.database.sqlite.SQLiteDatabase.execSQL(SQLiteDatabase.java:1839)
03-29 11:58:49.505: D/StrictMode(608): at com.android.providers.applications.ApplicationsProvider.createDatabase(ApplicationsProvider.java:277)
03-29 11:58:49.505: D/StrictMode(608): at com.android.providers.applications.ApplicationsProvider.onCreate(ApplicationsProvider.java:175)
03-29 11:58:49.505: D/StrictMode(608): at android.content.ContentProvider.attachInfo(ContentProvider.java:944)
03-29 11:58:49.505: D/StrictMode(608): at android.app.ActivityThread.installProvider(ActivityThread.java:4198)
03-29 11:58:49.505: D/StrictMode(608): at android.app.ActivityThread.installContentProviders(ActivityThread.java:3963)
03-29 11:58:49.505: D/StrictMode(608): at android.app.ActivityThread.handleBindApplication(ActivityThread.java:3917)
03-29 11:58:49.505: D/StrictMode(608): at android.app.ActivityThread.access$1300(ActivityThread.java:122)
03-29 11:58:49.505: D/StrictMode(608): at android.app.ActivityThread$H.handleMessage(ActivityThread.java:1184)
03-29 11:58:49.505: D/StrictMode(608): at android.os.Handler.dispatchMessage(Handler.java:99)
03-29 11:58:49.505: D/StrictMode(608): at android.os.Looper.loop(Looper.java:137)
03-29 11:58:49.505: D/StrictMode(608): at android.app.ActivityThread.main(ActivityThread.java:4340)
03-29 11:58:49.505: D/StrictMode(608): at java.lang.reflect.Method.invokeNative(Native Method)
03-29 11:58:49.505: D/StrictMode(608): at java.lang.reflect.Method.invoke(Method.java:511)
03-29 11:58:49.505: D/StrictMode(608): at com.android.internal.os.ZygoteInit$MethodAndArgsCaller.run(ZygoteInit.java:784)
03-29 11:58:49.505: D/StrictMode(608): at com.android.internal.os.ZygoteInit.main(ZygoteInit.java:551)
03-29 11:58:49.505: D/StrictMode(608): at dalvik.system.NativeStart.main(Native Method)
03-29 11:58:49.515: D/StrictMode(557): StrictMode policy violation; ~duration=2435 ms: android.os.StrictMode$StrictModeDiskWriteViolation: policy=2711 violation=1
03-29 11:58:49.515: D/StrictMode(557): at android.os.StrictMode$AndroidBlockGuardPolicy.onWriteToDisk(StrictMode.java:1048)
03-29 11:58:49.515: D/StrictMode(557): at android.database.sqlite.SQLiteStatement.acquireAndLock(SQLiteStatement.java:226)
03-29 11:58:49.515: D/StrictMode(557): at android.database.sqlite.SQLiteStatement.executeUpdateDelete(SQLiteStatement.java:84)
03-29 11:58:49.515: D/StrictMode(557): at android.database.sqlite.SQLiteDatabase.executeSql(SQLiteDatabase.java:1899)
03-29 11:58:49.515: D/StrictMode(557): at android.database.sqlite.SQLiteDatabase.execSQL(SQLiteDatabase.java:1839)
03-29 11:58:49.515: D/StrictMode(557): at com.google.android.gsf.subscribedfeeds.SubscribedFeedsProvider.bootstrapDatabase(SubscribedFeedsProvider.java:115)
03-29 11:58:49.515: D/StrictMode(557): at com.google.android.gsf.subscribedfeeds.AbstractSyncableContentProvider$DatabaseHelper.onCreate(AbstractSyncableContentProvider.java:139)
03-29 11:58:49.515: D/StrictMode(557): at android.database.sqlite.SQLiteOpenHelper.getWritableDatabase(SQLiteOpenHelper.java:165)
03-29 11:58:49.515: D/StrictMode(557): at com.google.android.gsf.subscribedfeeds.AbstractSyncableContentProvider$1.onAccountsUpdated(AbstractSyncableContentProvider.java:174)
03-29 11:58:49.515: D/StrictMode(557): at android.accounts.AccountManager$11.run(AccountManager.java:1279)
03-29 11:58:49.515: D/StrictMode(557): at android.os.Handler.handleCallback(Handler.java:605)
03-29 11:58:49.515: D/StrictMode(557): at android.os.Handler.dispatchMessage(Handler.java:92)
03-29 11:58:49.515: D/StrictMode(557): at android.os.Looper.loop(Looper.java:137)
03-29 11:58:49.515: D/StrictMode(557): at android.app.ActivityThread.main(ActivityThread.java:4340)
03-29 11:58:49.515: D/StrictMode(557): at java.lang.reflect.Method.invokeNative(Native Method)
03-29 11:58:49.515: D/StrictMode(557): at java.lang.reflect.Method.invoke(Method.java:511)
03-29 11:58:49.515: D/StrictMode(557): at com.android.internal.os.ZygoteInit$MethodAndArgsCaller.run(ZygoteInit.java:784)
03-29 11:58:49.515: D/StrictMode(557): at com.android.internal.os.ZygoteInit.main(ZygoteInit.java:551)
03-29 11:58:49.515: D/StrictMode(557): at dalvik.system.NativeStart.main(Native Method)
03-29 11:58:49.515: W/NetworkManagementSocketTagger(196): setKernelCountSet(10021, 1) failed with errno -2
03-29 11:58:49.555: D/StrictMode(557): StrictMode policy violation; ~duration=2238 ms: android.os.StrictMode$StrictModeDiskWriteViolation: policy=2711 violation=1
03-29 11:58:49.555: D/StrictMode(557): at android.os.StrictMode$AndroidBlockGuardPolicy.onWriteToDisk(StrictMode.java:1048)
03-29 11:58:49.555: D/StrictMode(557): at android.database.sqlite.SQLiteStatement.acquireAndLock(SQLiteStatement.java:226)
03-29 11:58:49.555: D/StrictMode(557): at android.database.sqlite.SQLiteStatement.executeUpdateDelete(SQLiteStatement.java:84)
03-29 11:58:49.555: D/StrictMode(557): at android.database.sqlite.SQLiteDatabase.executeSql(SQLiteDatabase.java:1899)
03-29 11:58:49.555: D/StrictMode(557): at android.database.sqlite.SQLiteDatabase.execSQL(SQLiteDatabase.java:1839)
03-29 11:58:49.555: D/StrictMode(557): at com.google.android.gsf.subscribedfeeds.SubscribedFeedsProvider.bootstrapDatabase(SubscribedFeedsProvider.java:124)
03-29 11:58:49.555: D/StrictMode(557): at com.google.android.gsf.subscribedfeeds.AbstractSyncableContentProvider$DatabaseHelper.onCreate(AbstractSyncableContentProvider.java:139)
03-29 11:58:49.555: D/StrictMode(557): at android.database.sqlite.SQLiteOpenHelper.getWritableDatabase(SQLiteOpenHelper.java:165)
03-29 11:58:49.555: D/StrictMode(557): at com.google.android.gsf.subscribedfeeds.AbstractSyncableContentProvider$1.onAccountsUpdated(AbstractSyncableContentProvider.java:174)
03-29 11:58:49.555: D/StrictMode(557): at android.accounts.AccountManager$11.run(AccountManager.java:1279)
03-29 11:58:49.555: D/StrictMode(557): at android.os.Handler.handleCallback(Handler.java:605)
03-29 11:58:49.555: D/StrictMode(557): at android.os.Handler.dispatchMessage(Handler.java:92)
