03-29 11:58:49.555: D/StrictMode(557): at android.os.Looper.loop(Looper.java:137)
03-29 11:58:49.555: D/StrictMode(557): at android.app.ActivityThread.main(ActivityThread.java:4340)
03-29 11:58:49.555: D/StrictMode(557): at java.lang.reflect.Method.invokeNative(Native Method)
03-29 11:58:49.555: D/StrictMode(557): at java.lang.reflect.Method.invoke(Method.java:511)
03-29 11:58:49.555: D/StrictMode(557): at com.android.internal.os.ZygoteInit$MethodAndArgsCaller.run(ZygoteInit.java:784)
03-29 11:58:49.555: D/StrictMode(557): at com.android.internal.os.ZygoteInit.main(ZygoteInit.java:551)
03-29 11:58:49.555: D/StrictMode(557): at dalvik.system.NativeStart.main(Native Method)
03-29 11:58:49.575: I/SurfaceFlinger(36): Boot is finished (156798 ms)
03-29 11:58:49.575: W/NetworkManagementSocketTagger(196): setKernelCountSet(1000, 0) failed with errno -2
03-29 11:58:49.595: D/StrictMode(557): StrictMode policy violation; ~duration=2195 ms: android.os.StrictMode$StrictModeDiskWriteViolation: policy=2711 violation=1
03-29 11:58:49.595: D/StrictMode(557): at android.os.StrictMode$AndroidBlockGuardPolicy.onWriteToDisk(StrictMode.java:1048)
03-29 11:58:49.595: D/StrictMode(557): at android.database.sqlite.SQLiteStatement.acquireAndLock(SQLiteStatement.java:226)
03-29 11:58:49.595: D/StrictMode(557): at android.database.sqlite.SQLiteStatement.executeUpdateDelete(SQLiteStatement.java:84)
03-29 11:58:49.595: D/StrictMode(557): at android.database.sqlite.SQLiteDatabase.executeSql(SQLiteDatabase.java:1899)
03-29 11:58:49.595: D/StrictMode(557): at android.database.sqlite.SQLiteDatabase.execSQL(SQLiteDatabase.java:1839)
03-29 11:58:49.595: D/StrictMode(557): at com.google.android.gsf.subscribedfeeds.SyncStateContentProviderHelper.createDatabase(SyncStateContentProviderHelper.java:70)
03-29 11:58:49.595: D/StrictMode(557): at com.google.android.gsf.subscribedfeeds.AbstractSyncableContentProvider$DatabaseHelper.onCreate(AbstractSyncableContentProvider.java:140)
03-29 11:58:49.595: D/StrictMode(557): at android.database.sqlite.SQLiteOpenHelper.getWritableDatabase(SQLiteOpenHelper.java:165)
03-29 11:58:49.595: D/StrictMode(557): at com.google.android.gsf.subscribedfeeds.AbstractSyncableContentProvider$1.onAccountsUpdated(AbstractSyncableContentProvider.java:174)
03-29 11:58:49.595: D/StrictMode(557): at android.accounts.AccountManager$11.run(AccountManager.java:1279)
03-29 11:58:49.595: D/StrictMode(557): at android.os.Handler.handleCallback(Handler.java:605)
03-29 11:58:49.595: D/StrictMode(557): at android.os.Handler.dispatchMessage(Handler.java:92)
03-29 11:58:49.595: D/StrictMode(557): at android.os.Looper.loop(Looper.java:137)
03-29 11:58:49.595: D/StrictMode(557): at android.app.ActivityThread.main(ActivityThread.java:4340)
03-29 11:58:49.595: D/StrictMode(557): at java.lang.reflect.Method.invokeNative(Native Method)
03-29 11:58:49.595: D/StrictMode(557): at java.lang.reflect.Method.invoke(Method.java:511)
03-29 11:58:49.595: D/StrictMode(557): at com.android.internal.os.ZygoteInit$MethodAndArgsCaller.run(ZygoteInit.java:784)
03-29 11:58:49.595: D/StrictMode(557): at com.android.internal.os.ZygoteInit.main(ZygoteInit.java:551)
03-29 11:58:49.595: D/StrictMode(557): at dalvik.system.NativeStart.main(Native Method)
03-29 11:58:49.635: D/StrictMode(557): StrictMode policy violation; ~duration=2151 ms: android.os.StrictMode$StrictModeDiskWriteViolation: policy=2711 violation=1
03-29 11:58:49.635: D/StrictMode(557): at android.os.StrictMode$AndroidBlockGuardPolicy.onWriteToDisk(StrictMode.java:1048)
03-29 11:58:49.635: D/StrictMode(557): at android.database.sqlite.SQLiteStatement.acquireAndLock(SQLiteStatement.java:226)
03-29 11:58:49.635: D/StrictMode(557): at android.database.sqlite.SQLiteStatement.executeUpdateDelete(SQLiteStatement.java:84)
03-29 11:58:49.635: D/StrictMode(557): at android.database.sqlite.SQLiteDatabase.executeSql(SQLiteDatabase.java:1899)
03-29 11:58:49.635: D/StrictMode(557): at android.database.sqlite.SQLiteDatabase.execSQL(SQLiteDatabase.java:1839)
03-29 11:58:49.635: D/StrictMode(557): at com.google.android.gsf.subscribedfeeds.SyncStateContentProviderHelper.createDatabase(SyncStateContentProviderHelper.java:71)
03-29 11:58:49.635: D/StrictMode(557): at com.google.android.gsf.subscribedfeeds.AbstractSyncableContentProvider$DatabaseHelper.onCreate(AbstractSyncableContentProvider.java:140)
03-29 11:58:49.635: D/StrictMode(557): at android.database.sqlite.SQLiteOpenHelper.getWritableDatabase(SQLiteOpenHelper.java:165)
03-29 11:58:49.635: D/StrictMode(557): at com.google.android.gsf.subscribedfeeds.AbstractSyncableContentProvider$1.onAccountsUpdated(AbstractSyncableContentProvider.java:174)
03-29 11:58:49.635: D/StrictMode(557): at android.accounts.AccountManager$11.run(AccountManager.java:1279)
03-29 11:58:49.635: D/StrictMode(557): at android.os.Handler.handleCallback(Handler.java:605)
03-29 11:58:49.635: D/StrictMode(557): at android.os.Handler.dispatchMessage(Handler.java:92)
03-29 11:58:49.635: D/StrictMode(557): at android.os.Looper.loop(Looper.java:137)
03-29 11:58:49.635: D/StrictMode(557): at android.app.ActivityThread.main(ActivityThread.java:4340)
03-29 11:58:49.635: D/StrictMode(557): at java.lang.reflect.Method.invokeNative(Native Method)
03-29 11:58:49.635: D/StrictMode(557): at java.lang.reflect.Method.invoke(Method.java:511)
03-29 11:58:49.635: D/StrictMode(557): at com.android.internal.os.ZygoteInit$MethodAndArgsCaller.run(ZygoteInit.java:784)
03-29 11:58:49.635: D/StrictMode(557): at com.android.internal.os.ZygoteInit.main(ZygoteInit.java:551)
03-29 11:58:49.635: D/StrictMode(557): at dalvik.system.NativeStart.main(Native Method)
03-29 11:58:49.655: D/StrictMode(557): StrictMode policy violation; ~duration=2079 ms: android.os.StrictMode$StrictModeDiskWriteViolation: policy=2711 violation=1
03-29 11:58:49.655: D/StrictMode(557): at android.os.StrictMode$AndroidBlockGuardPolicy.onWriteToDisk(StrictMode.java:1048)
03-29 11:58:49.655: D/StrictMode(557): at android.database.sqlite.SQLiteStatement.acquireAndLock(SQLiteStatement.java:226)
03-29 11:58:49.655: D/StrictMode(557): at android.database.sqlite.SQLiteStatement.executeUpdateDelete(SQLiteStatement.java:84)
03-29 11:58:49.655: D/StrictMode(557): at android.database.sqlite.SQLiteDatabase.executeSql(SQLiteDatabase.java:1899)
03-29 11:58:49.655: D/StrictMode(557): at android.database.sqlite.SQLiteDatabase.execSQL(SQLiteDatabase.java:1839)
03-29 11:58:49.655: D/StrictMode(557): at com.google.android.gsf.subscribedfeeds.SyncStateContentProviderHelper.createDatabase(SyncStateContentProviderHelper.java:79)
03-29 11:58:49.655: D/StrictMode(557): at com.google.android.gsf.subscribedfeeds.AbstractSyncableContentProvider$DatabaseHelper.onCreate(AbstractSyncableContentProvider.java:140)
03-29 11:58:49.655: D/StrictMode(557): at android.database.sqlite.SQLiteOpenHelper.getWritableDatabase(SQLiteOpenHelper.java:165)
03-29 11:58:49.655: D/StrictMode(557): at com.google.android.gsf.subscribedfeeds.AbstractSyncableContentProvider$1.onAccountsUpdated(AbstractSyncableContentProvider.java:174)
03-29 11:58:49.655: D/StrictMode(557): at android.accounts.AccountManager$11.run(AccountManager.java:1279)
03-29 11:58:49.655: D/StrictMode(557): at android.os.Handler.handleCallback(Handler.java:605)
03-29 11:58:49.655: D/StrictMode(557): at android.os.Handler.dispatchMessage(Handler.java:92)
03-29 11:58:49.655: D/StrictMode(557): at android.os.Looper.loop(Looper.java:137)
03-29 11:58:49.655: D/StrictMode(557): at android.app.ActivityThread.main(ActivityThread.java:4340)
03-29 11:58:49.655: D/StrictMode(557): at java.lang.reflect.Method.invokeNative(Native Method)
03-29 11:58:49.655: D/StrictMode(557): at java.lang.reflect.Method.invoke(Method.java:511)
03-29 11:58:49.655: D/StrictMode(557): at com.android.internal.os.ZygoteInit$MethodAndArgsCaller.run(ZygoteInit.java:784)
03-29 11:58:49.655: D/StrictMode(557): at com.android.internal.os.ZygoteInit.main(ZygoteInit.java:551)
03-29 11:58:49.655: D/StrictMode(557): at dalvik.system.NativeStart.main(Native Method)
03-29 11:58:49.795: D/PackageManager(196): generateServicesMap(android.accounts.AccountAuthenticator): 3 services unchanged
03-29 11:58:49.855: D/CAT(509): CatService: SIM ready. Reporting STK service running now...
03-29 11:58:49.946: D/PackageManager(196): generateServicesMap(android.content.SyncAdapter): 5 services unchanged
03-29 11:58:50.476: D/PackageManager(196): generateServicesMap(android.accounts.AccountAuthenticator): 3 services unchanged
03-29 11:58:50.495: D/PackageManager(196): generateServicesMap(android.content.SyncAdapter): 5 services unchanged
03-29 11:58:50.725: D/dalvikvm(196): GC_CONCURRENT freed 838K, 41% free 12444K/20999K, paused 6ms+15ms
03-29 11:58:50.785: I/ActivityThread(692): Pub com.android.launcher2.settings: com.android.launcher2.LauncherProvider
03-29 11:58:50.865: D/NetworkLocationClient(557): onServiceConnected to ComponentInfo{com.google.android.location/com.google.android.location.internal.server.NetworkLocationService}
03-29 11:58:51.015: W/ActivityManager(196): No content provider found for permission revoke: file:///data/local/tmp/app.apk
03-29 11:58:51.585: D/PowerManagerService(196): bootCompleted
03-29 11:58:51.665: V/DevicePolicyManagerService(196): Sending password expiration notifications for action android.intent.action.BOOT_COMPLETED
03-29 11:58:51.665: W/Resources(692): Converting to int: TypedValue{t=0x3/d=0x12 "4" a=-1}
03-29 11:58:51.675: W/Resources(692): Converting to int: TypedValue{t=0x3/d=0xf "1" a=-1}
03-29 11:58:51.685: D/VoldCmdListener(31): volume mount /mnt/sdcard
03-29 11:58:51.685: I/Vold(31): /dev/block/vold/179:0 being considered for volume sdcard
03-29 11:58:51.685: D/Vold(31): Volume sdcard state changing 1 (Idle-Unmounted) -> 3 (Checking)
03-29 11:58:51.695: D/MountService(196): volume state changed for /mnt/sdcard (unmounted -> checking)
03-29 11:58:51.695: I/StorageNotification(479): Media {/mnt/sdcard} state changed from {unmounted} -> {checking}
03-29 11:58:51.705: D/MountService(196): sendStorageIntent Intent { act=android.intent.action.MEDIA_CHECKING dat=file:///mnt/sdcard (has extras) }
03-29 11:58:51.785: V/WiredAccessoryObserver(196): init()
03-29 11:58:51.795: W/WiredAccessoryObserver(196): This kernel does not have wired headset support
03-29 11:58:51.825: W/WiredAccessoryObserver(196): This kernel does not have wired headset support
03-29 11:58:51.825: W/WiredAccessoryObserver(196): This kernel does not have wired headset support
03-29 11:58:51.845: E/SoundPool(196): error loading /system/media/audio/ui/Effect_Tick.ogg
03-29 11:58:51.845: W/AudioService(196): Soundpool could not load file: /system/media/audio/ui/Effect_Tick.ogg
03-29 11:58:51.845: E/SoundPool(196): error loading /system/media/audio/ui/Effect_Tick.ogg
03-29 11:58:51.845: W/AudioService(196): Soundpool could not load file: /system/media/audio/ui/Effect_Tick.ogg
03-29 11:58:51.845: E/SoundPool(196): error loading /system/media/audio/ui/Effect_Tick.ogg
03-29 11:58:51.845: W/AudioService(196): Soundpool could not load file: /system/media/audio/ui/Effect_Tick.ogg
03-29 11:58:51.845: E/SoundPool(196): error loading /system/media/audio/ui/Effect_Tick.ogg
03-29 11:58:51.845: W/AudioService(196): Soundpool could not load file: /system/media/audio/ui/Effect_Tick.ogg
03-29 11:58:51.845: E/SoundPool(196): error loading /system/media/audio/ui/Effect_Tick.ogg
03-29 11:58:51.845: W/AudioService(196): Soundpool could not load file: /system/media/audio/ui/Effect_Tick.ogg
03-29 11:58:51.845: E/SoundPool(196): error loading /system/media/audio/ui/KeypressStandard.ogg
03-29 11:58:51.855: W/AudioService(196): Soundpool could not load file: /system/media/audio/ui/KeypressStandard.ogg
03-29 11:58:51.865: E/SoundPool(196): error loading /system/media/audio/ui/KeypressSpacebar.ogg
03-29 11:58:51.865: W/AudioService(196): Soundpool could not load file: /system/media/audio/ui/KeypressSpacebar.ogg
03-29 11:58:51.865: E/SoundPool(196): error loading /system/media/audio/ui/KeypressDelete.ogg
03-29 11:58:51.875: W/AudioService(196): Soundpool could not load file: /system/media/audio/ui/KeypressDelete.ogg
03-29 11:58:51.875: E/SoundPool(196): error loading /system/media/audio/ui/KeypressReturn.ogg
03-29 11:58:51.895: W/AudioService(196): Soundpool could not load file: /system/media/audio/ui/KeypressReturn.ogg
03-29 11:58:51.895: W/AudioService(196): loadSoundEffects(), Error -1 while loading samples
03-29 11:58:51.946: D/StrictMode(196): StrictMode policy violation; ~duration=1848 ms: android.os.StrictMode$StrictModeDiskReadViolation: policy=151 violation=2
03-29 11:58:51.946: D/StrictMode(196): at android.os.StrictMode$AndroidBlockGuardPolicy.onReadFromDisk(StrictMode.java:1074)
03-29 11:58:51.946: D/StrictMode(196): at libcore.io.BlockGuardOs.open(BlockGuardOs.java:94)
03-29 11:58:51.946: D/StrictMode(196): at libcore.io.IoBridge.open(IoBridge.java:390)
03-29 11:58:51.946: D/StrictMode(196): at java.io.FileOutputStream.(FileOutputStream.java:88)
03-29 11:58:51.946: D/StrictMode(196): at java.io.FileOutputStream.(FileOutputStream.java:73)
03-29 11:58:51.946: D/StrictMode(196): at com.android.internal.os.AtomicFile.startWrite(AtomicFile.java:59)
03-29 11:58:51.946: D/StrictMode(196): at com.android.server.AppWidgetService.saveStateLocked(AppWidgetService.java:1181)
03-29 11:58:51.946: D/StrictMode(196): at com.android.server.AppWidgetService$2.onReceive(AppWidgetService.java:1452)
03-29 11:58:51.946: D/StrictMode(196): at android.app.LoadedApk$ReceiverDispatcher$Args.run(LoadedApk.java:728)
03-29 11:58:51.946: D/StrictMode(196): at android.os.Handler.handleCallback(Handler.java:605)
03-29 11:58:51.946: D/StrictMode(196): at android.os.Handler.dispatchMessage(Handler.java:92)
03-29 11:58:51.946: D/StrictMode(196): at android.os.Looper.loop(Looper.java:137)
03-29 11:58:51.946: D/StrictMode(196): at com.android.server.ServerThread.run(SystemServer.java:744)
03-29 11:58:51.946: D/StrictMode(196): StrictMode policy violation; ~duration=1795 ms: android.os.StrictMode$StrictModeDiskWriteViolation: policy=151 violation=1
03-29 11:58:51.946: D/StrictMode(196): at android.os.StrictMode$AndroidBlockGuardPolicy.onWriteToDisk(StrictMode.java:1048)
03-29 11:58:51.946: D/StrictMode(196): at libcore.io.BlockGuardOs.write(BlockGuardOs.java:178)
03-29 11:58:51.946: D/StrictMode(196): at libcore.io.IoBridge.write(IoBridge.java:447)
03-29 11:58:51.946: D/StrictMode(196): at java.io.FileOutputStream.write(FileOutputStream.java:187)
03-29 11:58:51.946: D/StrictMode(196): at com.android.internal.util.FastXmlSerializer.flushBytes(FastXmlSerializer.java:212)
03-29 11:58:51.946: D/StrictMode(196): at com.android.internal.util.FastXmlSerializer.flush(FastXmlSerializer.java:233)
03-29 11:58:51.946: D/StrictMode(196): at com.android.internal.util.FastXmlSerializer.endDocument(FastXmlSerializer.java:183)
03-29 11:58:51.946: D/StrictMode(196): at com.android.server.AppWidgetService.writeStateToFileLocked(AppWidgetService.java:1240)
03-29 11:58:51.946: D/StrictMode(196): at com.android.server.AppWidgetService.saveStateLocked(AppWidgetService.java:1182)
03-29 11:58:51.946: D/StrictMode(196): at com.android.server.AppWidgetService$2.onReceive(AppWidgetService.java:1452)
03-29 11:58:51.946: D/StrictMode(196): at android.app.LoadedApk$ReceiverDispatcher$Args.run(LoadedApk.java:728)
03-29 11:58:51.946: D/StrictMode(196): at android.os.Handler.handleCallback(Handler.java:605)
03-29 11:58:51.946: D/StrictMode(196): at android.os.Handler.dispatchMessage(Handler.java:92)
03-29 11:58:51.946: D/StrictMode(196): at android.os.Looper.loop(Looper.java:137)
03-29 11:58:51.946: D/StrictMode(196): at com.android.server.ServerThread.run(SystemServer.java:744)
03-29 11:58:51.946: D/StrictMode(196): StrictMode policy violation; ~duration=1756 ms: android.os.StrictMode$StrictModeDiskWriteViolation: policy=151 violation=1
03-29 11:58:51.946: D/StrictMode(196): at android.os.StrictMode$AndroidBlockGuardPolicy.onWriteToDisk(StrictMode.java:1048)
03-29 11:58:51.946: D/StrictMode(196): at libcore.io.BlockGuardOs.fsync(BlockGuardOs.java:84)
03-29 11:58:51.946: D/StrictMode(196): at java.io.FileDescriptor.sync(FileDescriptor.java:71)
03-29 11:58:51.946: D/StrictMode(196): at android.os.FileUtils.sync(FileUtils.java:111)
03-29 11:58:51.946: D/StrictMode(196): at com.android.internal.os.AtomicFile.finishWrite(AtomicFile.java:80)
03-29 11:58:51.946: D/StrictMode(196): at com.android.server.AppWidgetService.saveStateLocked(AppWidgetService.java:1183)
03-29 11:58:51.946: D/StrictMode(196): at com.android.server.AppWidgetService$2.onReceive(AppWidgetService.java:1452)
03-29 11:58:51.946: D/StrictMode(196): at android.app.LoadedApk$ReceiverDispatcher$Args.run(LoadedApk.java:728)
03-29 11:58:51.946: D/StrictMode(196): at android.os.Handler.handleCallback(Handler.java:605)
03-29 11:58:51.946: D/StrictMode(196): at android.os.Handler.dispatchMessage(Handler.java:92)
03-29 11:58:51.946: D/StrictMode(196): at android.os.Looper.loop(Looper.java:137)
03-29 11:58:51.946: D/StrictMode(196): at com.android.server.ServerThread.run(SystemServer.java:744)
03-29 11:58:51.956: D/StrictMode(196): StrictMode policy violation; ~duration=150 ms: android.os.StrictMode$StrictModeDiskReadViolation: policy=151 violation=2
03-29 11:58:51.956: D/StrictMode(196): at android.os.StrictMode$AndroidBlockGuardPolicy.onReadFromDisk(StrictMode.java:1074)
03-29 11:58:51.956: D/StrictMode(196): at libcore.io.BlockGuardOs.open(BlockGuardOs.java:94)
03-29 11:58:51.956: D/StrictMode(196): at libcore.io.IoBridge.open(IoBridge.java:390)
03-29 11:58:51.956: D/StrictMode(196): at java.io.FileInputStream.(FileInputStream.java:78)
03-29 11:58:51.956: D/StrictMode(196): at java.io.FileInputStream.(FileInputStream.java:105)
03-29 11:58:51.956: D/StrictMode(196): at java.io.FileReader.(FileReader.java:66)
03-29 11:58:51.956: D/StrictMode(196): at com.android.server.WiredAccessoryObserver.init(WiredAccessoryObserver.java:137)
03-29 11:58:51.956: D/StrictMode(196): at com.android.server.WiredAccessoryObserver.access$100(WiredAccessoryObserver.java:39)
03-29 11:58:51.956: D/StrictMode(196): at com.android.server.WiredAccessoryObserver$BootCompletedReceiver.onReceive(WiredAccessoryObserver.java:87)
03-29 11:58:51.956: D/StrictMode(196): at android.app.LoadedApk$ReceiverDispatcher$Args.run(LoadedApk.java:728)
03-29 11:58:51.956: D/StrictMode(196): at android.os.Handler.handleCallback(Handler.java:605)
03-29 11:58:51.956: D/StrictMode(196): at android.os.Handler.dispatchMessage(Handler.java:92)
03-29 11:58:51.956: D/StrictMode(196): at android.os.Looper.loop(Looper.java:137)
03-29 11:58:51.956: D/StrictMode(196): at com.android.server.ServerThread.run(SystemServer.java:744)
03-29 11:58:52.075: D/dalvikvm(692): GC_CONCURRENT freed 305K, 4% free 10047K/10439K, paused 5ms+5ms
03-29 11:58:52.205: E/ActivityThread(708): Failed to find provider info for com.android.inputmethod.latin.dictionarypack
03-29 11:58:52.225: E/BinaryDictionaryGetter(708): Could not find a dictionary pack
03-29 11:58:52.335: W/Resources(692): Converting to int: TypedValue{t=0x3/d=0x15 "2" a=-1}
03-29 11:58:52.335: W/Resources(692): Converting to int: TypedValue{t=0x3/d=0x15 "2" a=-1}
03-29 11:58:52.745: W/Launcher.LauncherProvider(692): Unable to add favorite: com.android.gallery3d/com.android.gallery3d.app.Gallery
03-29 11:58:52.745: W/Launcher.LauncherProvider(692): android.content.pm.PackageManager$NameNotFoundException: ComponentInfo{com.android.gallery3d/com.android.gallery3d.app.Gallery}
03-29 11:58:52.745: W/Launcher.LauncherProvider(692): at android.app.ApplicationPackageManager.getActivityInfo(ApplicationPackageManager.java:223)
03-29 11:58:52.745: W/Launcher.LauncherProvider(692): at com.android.launcher2.LauncherProvider$DatabaseHelper.addAppShortcut(LauncherProvider.java:851)
03-29 11:58:52.745: W/Launcher.LauncherProvider(692): at com.android.launcher2.LauncherProvider$DatabaseHelper.loadFavorites(LauncherProvider.java:754)
03-29 11:58:52.745: W/Launcher.LauncherProvider(692): at com.android.launcher2.LauncherProvider$DatabaseHelper.onCreate(LauncherProvider.java:271)
03-29 11:58:52.745: W/Launcher.LauncherProvider(692): at android.database.sqlite.SQLiteOpenHelper.getWritableDatabase(SQLiteOpenHelper.java:165)
03-29 11:58:52.745: W/Launcher.LauncherProvider(692): at com.android.launcher2.LauncherProvider$DatabaseHelper.(LauncherProvider.java:221)
03-29 11:58:52.745: W/Launcher.LauncherProvider(692): at com.android.launcher2.LauncherProvider.onCreate(LauncherProvider.java:87)
03-29 11:58:52.745: W/Launcher.LauncherProvider(692): at android.content.ContentProvider.attachInfo(ContentProvider.java:944)
03-29 11:58:52.745: W/Launcher.LauncherProvider(692): at android.app.ActivityThread.installProvider(ActivityThread.java:4198)
03-29 11:58:52.745: W/Launcher.LauncherProvider(692): at android.app.ActivityThread.installContentProviders(ActivityThread.java:3963)
03-29 11:58:52.745: W/Launcher.LauncherProvider(692): at android.app.ActivityThread.handleBindApplication(ActivityThread.java:3917)
03-29 11:58:52.745: W/Launcher.LauncherProvider(692): at android.app.ActivityThread.access$1300(ActivityThread.java:122)
03-29 11:58:52.745: W/Launcher.LauncherProvider(692): at android.app.ActivityThread$H.handleMessage(ActivityThread.java:1184)
03-29 11:58:52.745: W/Launcher.LauncherProvider(692): at android.os.Handler.dispatchMessage(Handler.java:99)
03-29 11:58:52.745: W/Launcher.LauncherProvider(692): at android.os.Looper.loop(Looper.java:137)
03-29 11:58:52.745: W/Launcher.LauncherProvider(692): at android.app.ActivityThread.main(ActivityThread.java:4340)
03-29 11:58:52.745: W/Launcher.LauncherProvider(692): at java.lang.reflect.Method.invokeNative(Native Method)
03-29 11:58:52.745: W/Launcher.LauncherProvider(692): at java.lang.reflect.Method.invoke(Method.java:511)
03-29 11:58:52.745: W/Launcher.LauncherProvider(692): at com.android.internal.os.ZygoteInit$MethodAndArgsCaller.run(ZygoteInit.java:784)
03-29 11:58:52.745: W/Launcher.LauncherProvider(692): at com.android.internal.os.ZygoteInit.main(ZygoteInit.java:551)
03-29 11:58:52.745: W/Launcher.LauncherProvider(692): at dalvik.system.NativeStart.main(Native Method)
03-29 11:58:52.755: D/dalvikvm(708): GC_CONCURRENT freed 177K, 3% free 10176K/10439K, paused 6ms+6ms
03-29 11:58:52.865: D/dalvikvm(196): GREF has increased to 301
03-29 11:58:53.086: I//system/bin/fsck_msdos(31): ** /dev/block/vold/179:0
03-29 11:58:53.086: A/NetworkStats(196): problem reading network stats
03-29 11:58:53.086: A/NetworkStats(196): java.lang.IllegalStateException: problem parsing line: null
03-29 11:58:53.086: A/NetworkStats(196): at com.android.internal.net.NetworkStatsFactory.readNetworkStatsDetail(NetworkStatsFactory.java:313)
03-29 11:58:53.086: A/NetworkStats(196): at com.android.server.NetworkManagementService.getNetworkStatsUidDetail(NetworkManagementService.java:1271)
03-29 11:58:53.086: A/NetworkStats(196): at com.android.server.net.NetworkStatsService.performPollLocked(NetworkStatsService.java:810)
03-29 11:58:53.086: A/NetworkStats(196): at com.android.server.net.NetworkStatsService.updateIfacesLocked(NetworkStatsService.java:721)
03-29 11:58:53.086: A/NetworkStats(196): at com.android.server.net.NetworkStatsService.updateIfaces(NetworkStatsService.java:699)
03-29 11:58:53.086: A/NetworkStats(196): at com.android.server.net.NetworkStatsService.access$000(NetworkStatsService.java:128)
03-29 11:58:53.086: A/NetworkStats(196): at com.android.server.net.NetworkStatsService$8.handleMessage(NetworkStatsService.java:1546)
03-29 11:58:53.086: A/NetworkStats(196): at android.os.Handler.dispatchMessage(Handler.java:95)
03-29 11:58:53.086: A/NetworkStats(196): at android.os.Looper.loop(Looper.java:137)
03-29 11:58:53.086: A/NetworkStats(196): at android.os.HandlerThread.run(HandlerThread.java:60)
03-29 11:58:53.086: A/NetworkStats(196): Caused by: java.io.FileNotFoundException: /proc/net/xt_qtaguid/stats: open failed: ENOENT (No such file or directory)
03-29 11:58:53.086: A/NetworkStats(196): at libcore.io.IoBridge.open(IoBridge.java:406)
03-29 11:58:53.086: A/NetworkStats(196): at java.io.FileInputStream.(FileInputStream.java:78)
03-29 11:58:53.086: A/NetworkStats(196): at java.io.FileReader.(FileReader.java:42)
03-29 11:58:53.086: A/NetworkStats(196): at com.android.internal.net.NetworkStatsFactory.readNetworkStatsDetail(NetworkStatsFactory.java:272)
03-29 11:58:53.086: A/NetworkStats(196): ... 9 more
03-29 11:58:53.086: A/NetworkStats(196): Caused by: libcore.io.ErrnoException: open failed: ENOENT (No such file or directory)
03-29 11:58:53.086: A/NetworkStats(196): at libcore.io.Posix.open(Native Method)
03-29 11:58:53.086: A/NetworkStats(196): at libcore.io.BlockGuardOs.open(BlockGuardOs.java:98)
03-29 11:58:53.086: A/NetworkStats(196): at libcore.io.IoBridge.open(IoBridge.java:390)
03-29 11:58:53.086: A/NetworkStats(196): ... 12 more
03-29 11:58:53.155: D/dalvikvm(196): GC_CONCURRENT freed 705K, 41% free 12390K/20999K, paused 7ms+51ms
03-29 11:58:53.345: I/SearchManagerService(196): Building list of searchable activities
03-29 11:58:53.425: I//system/bin/fsck_msdos(31): Invalid signature in fsinfo block
03-29 11:58:53.425: I//system/bin/fsck_msdos(31): FIXED
03-29 11:58:53.425: I//system/bin/fsck_msdos(31): ** Phase 1 - Read and Compare FATs
03-29 11:58:53.425: I//system/bin/fsck_msdos(31): Attempting to allocate 508 KB for FAT
03-29 11:58:53.465: D/dalvikvm(692): GC_CONCURRENT freed 425K, 6% free 10132K/10695K, paused 4ms+4ms
03-29 11:58:53.745: W/ActivityManager(196): Launch timeout has expired, giving up wake lock!
03-29 11:58:54.045: D/StrictMode(608): StrictMode policy violation; ~duration=3454 ms: android.os.StrictMode$StrictModeDiskWriteViolation: policy=2711 violation=1
03-29 11:58:54.045: D/StrictMode(608): at android.os.StrictMode$AndroidBlockGuardPolicy.onWriteToDisk(StrictMode.java:1048)
03-29 11:58:54.045: D/StrictMode(608): at android.database.sqlite.SQLiteStatement.acquireAndLock(SQLiteStatement.java:226)
03-29 11:58:54.045: D/StrictMode(608): at android.database.sqlite.SQLiteStatement.executeUpdateDelete(SQLiteStatement.java:84)
03-29 11:58:54.045: D/StrictMode(608): at android.database.sqlite.SQLiteDatabase.executeSql(SQLiteDatabase.java:1899)
03-29 11:58:54.045: D/StrictMode(608): at android.database.sqlite.SQLiteDatabase.execSQL(SQLiteDatabase.java:1839)
03-29 11:58:54.045: D/StrictMode(608): at com.android.providers.applications.ApplicationsProvider.createDatabase(ApplicationsProvider.java:282)
03-29 11:58:54.045: D/StrictMode(608): at com.android.providers.applications.ApplicationsProvider.onCreate(ApplicationsProvider.java:175)
03-29 11:58:54.045: D/StrictMode(608): at android.content.ContentProvider.attachInfo(ContentProvider.java:944)
03-29 11:58:54.045: D/StrictMode(608): at android.app.ActivityThread.installProvider(ActivityThread.java:4198)
03-29 11:58:54.045: D/StrictMode(608): at android.app.ActivityThread.installContentProviders(ActivityThread.java:3963)
03-29 11:58:54.045: D/StrictMode(608): at android.app.ActivityThread.handleBindApplication(ActivityThread.java:3917)
03-29 11:58:54.045: D/StrictMode(608): at android.app.ActivityThread.access$1300(ActivityThread.java:122)
03-29 11:58:54.045: D/StrictMode(608): at android.app.ActivityThread$H.handleMessage(ActivityThread.java:1184)
03-29 11:58:54.045: D/StrictMode(608): at android.os.Handler.dispatchMessage(Handler.java:99)
03-29 11:58:54.045: D/StrictMode(608): at android.os.Looper.loop(Looper.java:137)
03-29 11:58:54.045: D/StrictMode(608): at android.app.ActivityThread.main(ActivityThread.java:4340)
03-29 11:58:54.045: D/StrictMode(608): at java.lang.reflect.Method.invokeNative(Native Method)
03-29 11:58:54.045: D/StrictMode(608): at java.lang.reflect.Method.invoke(Method.java:511)
03-29 11:58:54.045: D/StrictMode(608): at com.android.internal.os.ZygoteInit$MethodAndArgsCaller.run(ZygoteInit.java:784)
03-29 11:58:54.045: D/StrictMode(608): at com.android.internal.os.ZygoteInit.main(ZygoteInit.java:551)
03-29 11:58:54.045: D/StrictMode(608): at dalvik.system.NativeStart.main(Native Method)
03-29 11:58:54.175: D/androidNetworkLocationListeners(557): Still have listener com.google.android.location.internal.client.NetworkLocationClient$1@41383bd0
03-29 11:58:54.215: D/dalvikvm(692): GC_CONCURRENT freed 118K, 3% free 10469K/10695K, paused 5ms+10ms
03-29 11:58:54.475: D/dalvikvm(692): GC_FOR_ALLOC freed 25K, 2% free 10537K/10695K, paused 72ms
03-29 11:58:54.495: I/dalvikvm-heap(692): Grow heap (frag case) to 11.747MB for 1440016-byte allocation
03-29 11:58:54.655: D/dalvikvm(692): GC_FOR_ALLOC freed 4K, 2% free 11939K/12103K, paused 126ms
03-29 11:58:54.965: D/dalvikvm(692): GC_CONCURRENT freed <1K, 2% free 11942K/12103K, paused 4ms+88ms
03-29 11:58:55.015: I/ActivityManager(196): Start proc com.android.calendar for broadcast com.android.calendar/.widget.CalendarAppWidgetService$CalendarFactory: pid=738 uid=10004 gids={3003}
03-29 11:58:55.725: D/dalvikvm(509): GC_CONCURRENT freed 419K, 5% free 10230K/10759K, paused 6ms+14ms
03-29 11:58:55.745: I/PackageManager(196): Running dexopt on: com.android.calendar
03-29 11:58:56.585: I//system/bin/fsck_msdos(31): Attempting to allocate 508 KB for FAT
03-29 11:58:56.775: D/dalvikvm(751): DexOpt: 'Lcom/android/i18n/phonenumbers/AsYouTypeFormatter;' has an earlier definition; blocking out
03-29 11:58:56.775: D/dalvikvm(751): DexOpt: 'Lcom/android/i18n/phonenumbers/CountryCodeToRegionCodeMap;' has an earlier definition; blocking out
03-29 11:58:56.775: D/dalvikvm(751): DexOpt: 'Lcom/android/i18n/phonenumbers/NumberParseException$ErrorType;' has an earlier definition; blocking out
03-29 11:58:56.775: D/dalvikvm(751): DexOpt: 'Lcom/android/i18n/phonenumbers/NumberParseException;' has an earlier definition; blocking out
03-29 11:58:56.775: D/dalvikvm(751): DexOpt: 'Lcom/android/i18n/phonenumbers/PhoneNumberMatch;' has an earlier definition; blocking out
03-29 11:58:56.785: D/dalvikvm(751): DexOpt: 'Lcom/android/i18n/phonenumbers/PhoneNumberMatcher$State;' has an earlier definition; blocking out
03-29 11:58:56.785: D/dalvikvm(751): DexOpt: 'Lcom/android/i18n/phonenumbers/PhoneNumberMatcher;' has an earlier definition; blocking out
03-29 11:58:56.785: D/dalvikvm(751): DexOpt: 'Lcom/android/i18n/phonenumbers/PhoneNumberUtil$1;' has an earlier definition; blocking out
03-29 11:58:56.785: D/dalvikvm(751): DexOpt: 'Lcom/android/i18n/phonenumbers/PhoneNumberUtil$2;' has an earlier definition; blocking out
03-29 11:58:56.785: D/dalvikvm(751): DexOpt: 'Lcom/android/i18n/phonenumbers/PhoneNumberUtil$Leniency;' has an earlier definition; blocking out
03-29 11:58:56.795: D/dalvikvm(751): DexOpt: 'Lcom/android/i18n/phonenumbers/PhoneNumberUtil$Leniency$1;' has an earlier definition; blocking out
03-29 11:58:56.795: D/dalvikvm(751): DexOpt: 'Lcom/android/i18n/phonenumbers/PhoneNumberUtil$Leniency$2;' has an earlier definition; blocking out
03-29 11:58:56.795: D/dalvikvm(751): DexOpt: 'Lcom/android/i18n/phonenumbers/PhoneNumberUtil$Leniency$3;' has an earlier definition; blocking out
03-29 11:58:56.795: D/dalvikvm(751): DexOpt: 'Lcom/android/i18n/phonenumbers/PhoneNumberUtil$Leniency$4;' has an earlier definition; blocking out
03-29 11:58:56.795: D/dalvikvm(751): DexOpt: 'Lcom/android/i18n/phonenumbers/PhoneNumberUtil$MatchType;' has an earlier definition; blocking out
03-29 11:58:56.795: D/dalvikvm(751): DexOpt: 'Lcom/android/i18n/phonenumbers/PhoneNumberUtil$PhoneNumberFormat;' has an earlier definition; blocking out
03-29 11:58:56.795: D/dalvikvm(751): DexOpt: 'Lcom/android/i18n/phonenumbers/PhoneNumberUtil$PhoneNumberType;' has an earlier definition; blocking out
03-29 11:58:56.806: D/dalvikvm(751): DexOpt: 'Lcom/android/i18n/phonenumbers/PhoneNumberUtil$ValidationResult;' has an earlier definition; blocking out
03-29 11:58:56.806: D/dalvikvm(751): DexOpt: 'Lcom/android/i18n/phonenumbers/PhoneNumberUtil;' has an earlier definition; blocking out
03-29 11:58:56.806: D/dalvikvm(751): DexOpt: 'Lcom/android/i18n/phonenumbers/Phonemetadata$NumberFormat;' has an earlier definition; blocking out
03-29 11:58:56.806: D/dalvikvm(751): DexOpt: 'Lcom/android/i18n/phonenumbers/Phonemetadata$NumberFormat$Builder;' has an earlier definition; blocking out
03-29 11:58:56.815: D/dalvikvm(751): DexOpt: 'Lcom/android/i18n/phonenumbers/Phonemetadata$PhoneMetadata;' has an earlier definition; blocking out
03-29 11:58:56.815: D/dalvikvm(751): DexOpt: 'Lcom/android/i18n/phonenumbers/Phonemetadata$PhoneMetadata$Builder;' has an earlier definition; blocking out
03-29 11:58:56.815: D/dalvikvm(751): DexOpt: 'Lcom/android/i18n/phonenumbers/Phonemetadata$PhoneMetadataCollection;' has an earlier definition; blocking out
03-29 11:58:56.815: D/dalvikvm(751): DexOpt: 'Lcom/android/i18n/phonenumbers/Phonemetadata$PhoneMetadataCollection$Builder;' has an earlier definition; blocking out
03-29 11:58:56.815: D/dalvikvm(751): DexOpt: 'Lcom/android/i18n/phonenumbers/Phonemetadata$PhoneNumberDesc;' has an earlier definition; blocking out
03-29 11:58:56.815: D/dalvikvm(751): DexOpt: 'Lcom/android/i18n/phonenumbers/Phonemetadata$PhoneNumberDesc$Builder;' has an earlier definition; blocking out
03-29 11:58:56.815: D/dalvikvm(751): DexOpt: 'Lcom/android/i18n/phonenumbers/Phonemetadata;' has an earlier definition; blocking out
03-29 11:58:56.825: D/dalvikvm(751): DexOpt: 'Lcom/android/i18n/phonenumbers/Phonenumber$PhoneNumber$CountryCodeSource;' has an earlier definition; blocking out
03-29 11:58:56.825: D/dalvikvm(751): DexOpt: 'Lcom/android/i18n/phonenumbers/Phonenumber$PhoneNumber;' has an earlier definition; blocking out
03-29 11:58:56.825: D/dalvikvm(751): DexOpt: 'Lcom/android/i18n/phonenumbers/Phonenumber;' has an earlier definition; blocking out
03-29 11:58:56.825: D/dalvikvm(751): DexOpt: 'Lcom/android/i18n/phonenumbers/RegexCache$LRUCache$1;' has an earlier definition; blocking out
03-29 11:58:56.825: D/dalvikvm(751): DexOpt: 'Lcom/android/i18n/phonenumbers/RegexCache$LRUCache;' has an earlier definition; blocking out
03-29 11:58:56.835: D/dalvikvm(751): DexOpt: 'Lcom/android/i18n/phonenumbers/RegexCache;' has an earlier definition; blocking out
03-29 11:58:56.835: D/dalvikvm(751): DexOpt: 'Lcom/android/i18n/phonenumbers/geocoding/AreaCodeMap;' has an earlier definition; blocking out
03-29 11:58:56.835: D/dalvikvm(751): DexOpt: 'Lcom/android/i18n/phonenumbers/geocoding/AreaCodeMapStorageStrategy;' has an earlier definition; blocking out
03-29 11:58:56.835: D/dalvikvm(751): DexOpt: 'Lcom/android/i18n/phonenumbers/geocoding/DefaultMapStorage;' has an earlier definition; blocking out
03-29 11:58:56.835: D/dalvikvm(751): DexOpt: 'Lcom/android/i18n/phonenumbers/geocoding/FlyweightMapStorage$1;' has an earlier definition; blocking out
03-29 11:58:56.835: D/dalvikvm(751): DexOpt: 'Lcom/android/i18n/phonenumbers/geocoding/FlyweightMapStorage;' has an earlier definition; blocking out
03-29 11:58:56.835: D/dalvikvm(751): DexOpt: 'Lcom/android/i18n/phonenumbers/geocoding/MappingFileProvider;' has an earlier definition; blocking out
03-29 11:58:56.846: D/dalvikvm(751): DexOpt: 'Lcom/android/i18n/phonenumbers/geocoding/PhoneNumberOfflineGeocoder;' has an earlier definition; blocking out
03-29 11:58:57.215: I/dalvikvm(751): DexOpt: not resolving ambiguous class 'Lcom/android/i18n/phonenumbers/PhoneNumberUtil;'
03-29 11:58:57.875: I//system/bin/fsck_msdos(31): ** Phase 2 - Check Cluster Chains
03-29 11:58:57.946: D/dalvikvm(751): DexOpt: not verifying/optimizing 'Lcom/android/i18n/phonenumbers/AsYouTypeFormatter;': multiple definitions
03-29 11:58:57.946: D/dalvikvm(751): DexOpt: not verifying/optimizing 'Lcom/android/i18n/phonenumbers/CountryCodeToRegionCodeMap;': multiple definitions
03-29 11:58:57.946: D/dalvikvm(751): DexOpt: not verifying/optimizing 'Lcom/android/i18n/phonenumbers/NumberParseException$ErrorType;': multiple definitions
03-29 11:58:57.946: D/dalvikvm(751): DexOpt: not verifying/optimizing 'Lcom/android/i18n/phonenumbers/NumberParseException;': multiple definitions
03-29 11:58:57.946: D/dalvikvm(751): DexOpt: not verifying/optimizing 'Lcom/android/i18n/phonenumbers/PhoneNumberMatch;': multiple definitions
03-29 11:58:57.946: D/dalvikvm(751): DexOpt: not verifying/optimizing 'Lcom/android/i18n/phonenumbers/PhoneNumberMatcher$State;': multiple definitions
03-29 11:58:57.946: D/dalvikvm(751): DexOpt: not verifying/optimizing 'Lcom/android/i18n/phonenumbers/PhoneNumberMatcher;': multiple definitions
03-29 11:58:57.946: D/dalvikvm(751): DexOpt: not verifying/optimizing 'Lcom/android/i18n/phonenumbers/PhoneNumberUtil$1;': multiple definitions
03-29 11:58:57.946: D/dalvikvm(751): DexOpt: not verifying/optimizing 'Lcom/android/i18n/phonenumbers/PhoneNumberUtil$2;': multiple definitions
03-29 11:58:57.955: D/dalvikvm(751): DexOpt: not verifying/optimizing 'Lcom/android/i18n/phonenumbers/PhoneNumberUtil$Leniency;': multiple definitions
03-29 11:58:57.955: D/dalvikvm(751): DexOpt: not verifying/optimizing 'Lcom/android/i18n/phonenumbers/PhoneNumberUtil$Leniency$1;': multiple definitions
03-29 11:58:57.955: D/dalvikvm(751): DexOpt: not verifying/optimizing 'Lcom/android/i18n/phonenumbers/PhoneNumberUtil$Leniency$2;': multiple definitions
03-29 11:58:57.955: D/dalvikvm(751): DexOpt: not verifying/optimizing 'Lcom/android/i18n/phonenumbers/PhoneNumberUtil$Leniency$3;': multiple definitions
03-29 11:58:57.955: D/dalvikvm(751): DexOpt: not verifying/optimizing 'Lcom/android/i18n/phonenumbers/PhoneNumberUtil$Leniency$4;': multiple definitions
03-29 11:58:57.955: D/dalvikvm(751): DexOpt: not verifying/optimizing 'Lcom/android/i18n/phonenumbers/PhoneNumberUtil$MatchType;': multiple definitions
03-29 11:58:57.975: D/dalvikvm(751): DexOpt: not verifying/optimizing 'Lcom/android/i18n/phonenumbers/PhoneNumberUtil$PhoneNumberFormat;': multiple definitions
03-29 11:58:57.975: D/dalvikvm(751): DexOpt: not verifying/optimizing 'Lcom/android/i18n/phonenumbers/PhoneNumberUtil$PhoneNumberType;': multiple definitions
03-29 11:58:57.975: D/dalvikvm(751): DexOpt: not verifying/optimizing 'Lcom/android/i18n/phonenumbers/PhoneNumberUtil$ValidationResult;': multiple definitions
03-29 11:58:57.975: D/dalvikvm(751): DexOpt: not verifying/optimizing 'Lcom/android/i18n/phonenumbers/PhoneNumberUtil;': multiple definitions
03-29 11:58:57.975: D/dalvikvm(751): DexOpt: not verifying/optimizing 'Lcom/android/i18n/phonenumbers/Phonemetadata$NumberFormat;': multiple definitions
03-29 11:58:57.985: D/dalvikvm(751): DexOpt: not verifying/optimizing 'Lcom/android/i18n/phonenumbers/Phonemetadata$NumberFormat$Builder;': multiple definitions
03-29 11:58:57.985: D/dalvikvm(751): DexOpt: not verifying/optimizing 'Lcom/android/i18n/phonenumbers/Phonemetadata$PhoneMetadata;': multiple definitions
03-29 11:58:57.985: D/dalvikvm(751): DexOpt: not verifying/optimizing 'Lcom/android/i18n/phonenumbers/Phonemetadata$PhoneMetadata$Builder;': multiple definitions
03-29 11:58:57.985: D/dalvikvm(751): DexOpt: not verifying/optimizing 'Lcom/android/i18n/phonenumbers/Phonemetadata$PhoneMetadataCollection;': multiple definitions
03-29 11:58:57.995: D/dalvikvm(751): DexOpt: not verifying/optimizing 'Lcom/android/i18n/phonenumbers/Phonemetadata$PhoneMetadataCollection$Builder;': multiple definitions
03-29 11:58:57.995: D/dalvikvm(751): DexOpt: not verifying/optimizing 'Lcom/android/i18n/phonenumbers/Phonemetadata$PhoneNumberDesc;': multiple definitions
03-29 11:58:57.995: D/dalvikvm(751): DexOpt: not verifying/optimizing 'Lcom/android/i18n/phonenumbers/Phonemetadata$PhoneNumberDesc$Builder;': multiple definitions
03-29 11:58:57.995: D/dalvikvm(751): DexOpt: not verifying/optimizing 'Lcom/android/i18n/phonenumbers/Phonemetadata;': multiple definitions
03-29 11:58:57.995: D/dalvikvm(751): DexOpt: not verifying/optimizing 'Lcom/android/i18n/phonenumbers/Phonenumber$PhoneNumber$CountryCodeSource;': multiple definitions
03-29 11:58:57.995: D/dalvikvm(751): DexOpt: not verifying/optimizing 'Lcom/android/i18n/phonenumbers/Phonenumber$PhoneNumber;': multiple definitions
03-29 11:58:57.995: D/dalvikvm(751): DexOpt: not verifying/optimizing 'Lcom/android/i18n/phonenumbers/Phonenumber;': multiple definitions
03-29 11:58:57.995: D/dalvikvm(751): DexOpt: not verifying/optimizing 'Lcom/android/i18n/phonenumbers/RegexCache$LRUCache$1;': multiple definitions
03-29 11:58:58.005: D/dalvikvm(751): DexOpt: not verifying/optimizing 'Lcom/android/i18n/phonenumbers/RegexCache$LRUCache;': multiple definitions
03-29 11:58:58.005: D/dalvikvm(751): DexOpt: not verifying/optimizing 'Lcom/android/i18n/phonenumbers/RegexCache;': multiple definitions
03-29 11:58:58.005: D/dalvikvm(751): DexOpt: not verifying/optimizing 'Lcom/android/i18n/phonenumbers/geocoding/AreaCodeMap;': multiple definitions
03-29 11:58:58.005: D/dalvikvm(751): DexOpt: not verifying/optimizing 'Lcom/android/i18n/phonenumbers/geocoding/AreaCodeMapStorageStrategy;': multiple definitions
03-29 11:58:58.005: D/dalvikvm(751): DexOpt: not verifying/optimizing 'Lcom/android/i18n/phonenumbers/geocoding/DefaultMapStorage;': multiple definitions
03-29 11:58:58.005: D/dalvikvm(751): DexOpt: not verifying/optimizing 'Lcom/android/i18n/phonenumbers/geocoding/FlyweightMapStorage$1;': multiple definitions
03-29 11:58:58.025: D/dalvikvm(751): DexOpt: not verifying/optimizing 'Lcom/android/i18n/phonenumbers/geocoding/FlyweightMapStorage;': multiple definitions
03-29 11:58:58.025: D/dalvikvm(751): DexOpt: not verifying/optimizing 'Lcom/android/i18n/phonenumbers/geocoding/MappingFileProvider;': multiple definitions
03-29 11:58:58.025: D/dalvikvm(751): DexOpt: not verifying/optimizing 'Lcom/android/i18n/phonenumbers/geocoding/PhoneNumberOfflineGeocoder;': multiple definitions
03-29 11:58:58.025: D/dalvikvm(751): DexOpt: load 383ms, verify+opt 1178ms
03-29 11:58:58.345: D/MccTable(509): updateMccMncConfiguration: mcc=310, mnc=260
03-29 11:58:58.345: D/MccTable(509): locale set to en_us
03-29 11:58:58.375: I/ActivityManager(196): Config changed: {1.0 0mcc0mnc en_US layoutdir=0 sw320dp w320dp h569dp nrml long port finger qwerty/v/v tball/v s.3}
03-29 11:58:58.525: D/MccTable(509): WIFI_COUNTRY_CODE set to us
03-29 11:58:58.535: I/WifiService(196): WifiService trying to set country code to us with persist set to true
03-29 11:58:58.745: W/BackupManagerService(196): dataChanged but no participant pkg='com.android.providers.settings' uid=1001
03-29 11:58:58.835: I/ActivityManager(196): Config changed: {1.0 310mcc260mnc en_US layoutdir=0 sw320dp w320dp h569dp nrml long port finger qwerty/v/v tball/v s.4}
03-29 11:58:58.905: W/SurfaceFlinger(36): createScreenshotSurface failed (Function not implemented)
03-29 11:58:58.975: W/ScreenRotationAnimation(196): Unable to allocate freeze surface
03-29 11:58:58.975: W/ScreenRotationAnimation(196): android.view.Surface$OutOfResourcesException
03-29 11:58:58.975: W/ScreenRotationAnimation(196): at android.view.Surface.init(Native Method)
03-29 11:58:58.975: W/ScreenRotationAnimation(196): at android.view.Surface.(Surface.java:262)
03-29 11:58:58.975: W/ScreenRotationAnimation(196): at com.android.server.wm.ScreenRotationAnimation.(ScreenRotationAnimation.java:90)
03-29 11:58:58.975: W/ScreenRotationAnimation(196): at com.android.server.wm.WindowManagerService.startFreezingDisplayLocked(WindowManagerService.java:9072)
03-29 11:58:58.975: W/ScreenRotationAnimation(196): at com.android.server.wm.WindowManagerService.startAppFreezingScreenLocked(WindowManagerService.java:4014)
03-29 11:58:58.975: W/ScreenRotationAnimation(196): at com.android.server.wm.WindowManagerService.startAppFreezingScreen(WindowManagerService.java:4046)
03-29 11:58:58.975: W/ScreenRotationAnimation(196): at com.android.server.am.ActivityRecord.startFreezingScreenLocked(ActivityRecord.java:515)
03-29 11:58:58.975: W/ScreenRotationAnimation(196): at com.android.server.am.ActivityStack.ensureActivityConfigurationLocked(ActivityStack.java:4100)
03-29 11:58:58.975: W/ScreenRotationAnimation(196): at com.android.server.am.ActivityManagerService.updateConfigurationLocked(ActivityManagerService.java:12960)
03-29 11:58:58.975: W/ScreenRotationAnimation(196): at com.android.server.am.ActivityManagerService.updateConfiguration(ActivityManagerService.java:12864)
03-29 11:58:58.975: W/ScreenRotationAnimation(196): at android.app.ActivityManagerNative.onTransact(ActivityManagerNative.java:765)
03-29 11:58:58.975: W/ScreenRotationAnimation(196): at com.android.server.am.ActivityManagerService.onTransact(ActivityManagerService.java:1496)
03-29 11:58:58.975: W/ScreenRotationAnimation(196): at android.os.Binder.execTransact(Binder.java:338)
03-29 11:58:58.975: W/ScreenRotationAnimation(196): at dalvik.system.NativeStart.run(Native Method)
03-29 11:58:59.026: I/ActivityThread(738): Pub com.android.calendar.CalendarRecentSuggestionsProvider: com.android.calendar.CalendarRecentSuggestionsProvider
03-29 11:58:59.175: D/dalvikvm(196): GC_CONCURRENT freed 699K, 42% free 12331K/20999K, paused 8ms+15ms
03-29 11:58:59.475: D/StrictMode(509): StrictMode policy violation; ~duration=922 ms: android.os.StrictMode$StrictModeDiskWriteViolation: policy=2967 violation=1
03-29 11:58:59.475: D/StrictMode(509): at android.os.StrictMode$AndroidBlockGuardPolicy.onWriteToDisk(StrictMode.java:1048)
03-29 11:58:59.475: D/StrictMode(509): at android.database.sqlite.SQLiteStatement.acquireAndLock(SQLiteStatement.java:226)
03-29 11:58:59.475: D/StrictMode(509): at android.database.sqlite.SQLiteStatement.executeInsert(SQLiteStatement.java:112)
03-29 11:58:59.475: D/StrictMode(509): at android.database.sqlite.SQLiteDatabase.insertWithOnConflict(SQLiteDatabase.java:1718)
03-29 11:58:59.475: D/StrictMode(509): at android.database.sqlite.SQLiteDatabase.insert(SQLiteDatabase.java:1591)
03-29 11:58:59.475: D/StrictMode(509): at com.android.providers.settings.SettingsProvider.insert(SettingsProvider.java:563)
03-29 11:58:59.475: D/StrictMode(509): at android.content.ContentProvider$Transport.insert(ContentProvider.java:189)
03-29 11:58:59.475: D/StrictMode(509): at android.content.ContentResolver.insert(ContentResolver.java:729)
03-29 11:58:59.475: D/StrictMode(509): at android.provider.Settings$NameValueTable.putString(Settings.java:639)
03-29 11:58:59.475: D/StrictMode(509): at android.provider.Settings$Secure.putString(Settings.java:2219)
03-29 11:58:59.475: D/StrictMode(509): at android.net.wifi.WifiStateMachine.setCountryCode(WifiStateMachine.java:959)
03-29 11:58:59.475: D/StrictMode(509): at com.android.server.WifiService.setCountryCode(WifiService.java:792)
03-29 11:58:59.475: D/StrictMode(509): at android.net.wifi.IWifiManager$Stub.onTransact(IWifiManager.java:190)
03-29 11:58:59.475: D/StrictMode(509): at android.os.Binder.execTransact(Binder.java:338)
03-29 11:58:59.475: D/StrictMode(509): at com.android.server.SystemServer.init1(Native Method)
03-29 11:58:59.475: D/StrictMode(509): at com.android.server.SystemServer.main(SystemServer.java:808)
03-29 11:58:59.475: D/StrictMode(509): at java.lang.reflect.Method.invokeNative(Native Method)
03-29 11:58:59.475: D/StrictMode(509): at java.lang.reflect.Method.invoke(Method.java:511)
03-29 11:58:59.475: D/StrictMode(509): at com.android.internal.os.ZygoteInit$MethodAndArgsCaller.run(ZygoteInit.java:784)
03-29 11:58:59.475: D/StrictMode(509): at com.android.internal.os.ZygoteInit.main(ZygoteInit.java:551)
03-29 11:58:59.475: D/StrictMode(509): at dalvik.system.NativeStart.main(Native Method)
03-29 11:58:59.475: D/StrictMode(509): # via Binder call with stack:
03-29 11:58:59.475: D/StrictMode(509): android.os.StrictMode$LogStackTrace
03-29 11:58:59.475: D/StrictMode(509): at android.os.StrictMode.readAndHandleBinderCallViolations(StrictMode.java:1602)
03-29 11:58:59.475: D/StrictMode(509): at android.os.Parcel.readExceptionCode(Parcel.java:1309)
03-29 11:58:59.475: D/StrictMode(509): at android.os.Parcel.readException(Parcel.java:1278)
03-29 11:58:59.475: D/StrictMode(509): at android.net.wifi.IWifiManager$Stub$Proxy.setCountryCode(IWifiManager.java:698)
03-29 11:58:59.475: D/StrictMode(509): at android.net.wifi.WifiManager.setCountryCode(WifiManager.java:771)
03-29 11:58:59.475: D/StrictMode(509): at com.android.internal.telephony.MccTable.setWifiCountryCodeFromMcc(MccTable.java:253)
03-29 11:58:59.475: D/StrictMode(509): at com.android.internal.telephony.MccTable.updateMccMncConfiguration(MccTable.java:190)
03-29 11:58:59.475: D/StrictMode(509): at com.android.internal.telephony.gsm.SIMRecords.handleMessage(SIMRecords.java:837)
03-29 11:58:59.475: D/StrictMode(509): at android.os.Handler.dispatchMessage(Handler.java:99)
03-29 11:58:59.475: D/StrictMode(509): at android.os.Looper.loop(Looper.java:137)
03-29 11:58:59.475: D/StrictMode(509): at android.app.ActivityThread.main(ActivityThread.java:4340)
03-29 11:58:59.475: D/StrictMode(509): at java.lang.reflect.Method.invokeNative(Native Method)
03-29 11:58:59.475: D/StrictMode(509): at java.lang.reflect.Method.invoke(Method.java:511)
03-29 11:58:59.475: D/StrictMode(509): at com.android.internal.os.ZygoteInit$MethodAndArgsCaller.run(ZygoteInit.java:784)
03-29 11:58:59.475: D/StrictMode(509): at com.android.internal.os.ZygoteInit.main(ZygoteInit.java:551)
03-29 11:58:59.475: D/StrictMode(509): at dalvik.system.NativeStart.main(Native Method)
03-29 11:58:59.515: D/StrictMode(509): StrictMode policy violation; ~duration=890 ms: android.os.StrictMode$StrictModeDiskWriteViolation: policy=2967 violation=1
03-29 11:58:59.515: D/StrictMode(509): at android.os.StrictMode$AndroidBlockGuardPolicy.onWriteToDisk(StrictMode.java:1048)
03-29 11:58:59.515: D/StrictMode(509): at android.database.sqlite.SQLiteStatement.acquireAndLock(SQLiteStatement.java:226)
03-29 11:58:59.515: D/StrictMode(509): at android.database.sqlite.SQLiteStatement.executeUpdateDelete(SQLiteStatement.java:84)
03-29 11:58:59.515: D/StrictMode(509): at android.database.sqlite.SQLiteDatabase.executeSql(SQLiteDatabase.java:1899)
