03-30 14:59:16.077: D/dalvikvm(1386): GC_CONCURRENT freed 1278K, 52% free 5075K/10567K, external 2732K/3412K, paused 3ms+4ms
03-30 14:59:16.202: D/dalvikvm(1386): GC_CONCURRENT freed 1278K, 52% free 5078K/10567K, external 2732K/3412K, paused 3ms+4ms
03-30 14:59:16.343: D/dalvikvm(1386): GC_CONCURRENT freed 1300K, 53% free 5052K/10567K, external 2732K/3412K, paused 3ms+4ms
03-30 14:59:16.484: D/dalvikvm(1386): GC_CONCURRENT freed 1211K, 52% free 5115K/10567K, external 2732K/3412K, paused 3ms+5ms
03-30 14:59:16.593: D/dalvikvm(1386): GC_CONCURRENT freed 1276K, 52% free 5117K/10567K, external 2732K/3412K, paused 3ms+4ms
03-30 14:59:16.695: D/dalvikvm(1386): GC_CONCURRENT freed 1273K, 52% free 5133K/10567K, external 2732K/3412K, paused 3ms+5ms
03-30 14:59:16.796: D/dalvikvm(1386): GC_CONCURRENT freed 1315K, 52% free 5106K/10567K, external 2732K/3412K, paused 3ms+5ms
03-30 14:59:23.054: D/ActivityManager(1386): Starting: Intent { cmp=com.appcelerator.kitchensinknook/org.appcelerator.titanium.TiActivity (has extras) } from pid 1914
03-30 14:59:23.070: D/Window(1914): Loading window with URL: ../examples/app_data.js
03-30 14:59:23.070: D/Module(1914): Loading module: ../examples/app_data -> Resources/examples/app_data.js
03-30 14:59:23.195: D/TiUIView(1914): (main) [14446,44494] Nativeview is null
03-30 14:59:23.218: D/TiUIView(1914): (main) [21,44515] Nativeview is null
03-30 14:59:23.257: I/LAB126(1448): StatusBarService hears intent. action: com.lab126.intent.TOP_WINDOW_CHANGED
03-30 14:59:23.257: I/LAB126(1448): window changed
03-30 14:59:23.437: I/ActivityManager(1386): Displayed com.appcelerator.kitchensinknook/org.appcelerator.titanium.TiActivity: +380ms
03-30 14:59:46.773: D/dalvikvm(1386): GC_CONCURRENT freed 1208K, 52% free 5121K/10567K, external 2732K/3412K, paused 3ms+3ms
03-30 15:00:14.288: V/DeviceStorageMonitorService(1386): mTotalMemory is 11734999
03-30 15:00:17.007: D/dalvikvm(1386): GC_CONCURRENT freed 1262K, 52% free 5151K/10567K, external 2732K/3412K, paused 3ms+4ms
03-30 15:00:17.124: D/dalvikvm(1386): GC_CONCURRENT freed 1314K, 52% free 5137K/10567K, external 2732K/3412K, paused 2ms+3ms
03-30 15:00:17.249: D/dalvikvm(1386): GC_CONCURRENT freed 1246K, 51% free 5187K/10567K, external 2732K/3412K, paused 2ms+3ms
03-30 15:00:17.359: D/dalvikvm(1386): GC_CONCURRENT freed 1359K, 52% free 5137K/10567K, external 2732K/3412K, paused 2ms+3ms
03-30 15:00:17.468: D/dalvikvm(1386): GC_CONCURRENT freed 1297K, 52% free 5137K/10567K, external 2732K/3412K, paused 2ms+3ms
03-30 15:00:17.577: D/dalvikvm(1386): GC_CONCURRENT freed 1295K, 52% free 5137K/10567K, external 2732K/3412K, paused 3ms+4ms
03-30 15:00:17.687: D/dalvikvm(1386): GC_CONCURRENT freed 1296K, 52% free 5138K/10567K, external 2732K/3412K, paused 2ms+4ms
03-30 15:00:17.788: D/dalvikvm(1386): GC_CONCURRENT freed 1277K, 52% free 5157K/10567K, external 2732K/3412K, paused 2ms+3ms
03-30 15:00:17.882: D/dalvikvm(1386): GC_CONCURRENT freed 1350K, 52% free 5107K/10567K, external 2732K/3412K, paused 2ms+3ms
03-30 15:00:17.968: D/dalvikvm(1386): GC_CONCURRENT freed 1256K, 52% free 5137K/10567K, external 2732K/3412K, paused 2ms+3ms
03-30 15:00:18.046: D/dalvikvm(1386): GC_CONCURRENT freed 1279K, 52% free 5154K/10567K, external 2732K/3412K, paused 2ms+3ms
03-30 15:00:18.124: D/dalvikvm(1386): GC_CONCURRENT freed 1310K, 52% free 5138K/10567K, external 2732K/3412K, paused 2ms+3ms
03-30 15:01:14.281: V/DeviceStorageMonitorService(1386): mTotalMemory is 11734999
03-30 15:01:18.343: D/dalvikvm(1386): GC_CONCURRENT freed 1275K, 52% free 5159K/10567K, external 2732K/3412K, paused 6ms+10ms
03-30 15:01:18.656: D/dalvikvm(1386): GC_CONCURRENT freed 1318K, 52% free 5132K/10567K, external 2732K/3412K, paused 7ms+9ms
03-30 15:01:18.952: D/dalvikvm(1386): GC_CONCURRENT freed 1287K, 52% free 5140K/10567K, external 2732K/3412K, paused 6ms+9ms
03-30 15:01:19.249: D/dalvikvm(1386): GC_CONCURRENT freed 1291K, 52% free 5132K/10567K, external 2732K/3412K, paused 6ms+9ms
03-30 15:01:19.538: D/dalvikvm(1386): GC_CONCURRENT freed 1287K, 52% free 5140K/10567K, external 2732K/3412K, paused 7ms+10ms
03-30 15:01:19.843: D/dalvikvm(1386): GC_CONCURRENT freed 1279K, 52% free 5157K/10567K, external 2732K/3412K, paused 7ms+9ms
03-30 15:01:20.148: D/dalvikvm(1386): GC_CONCURRENT freed 1319K, 52% free 5140K/10567K, external 2732K/3412K, paused 7ms+9ms
03-30 15:01:20.445: D/dalvikvm(1386): GC_CONCURRENT freed 1297K, 52% free 5140K/10567K, external 2732K/3412K, paused 6ms+9ms
03-30 15:01:20.656: D/dalvikvm(1386): GC_CONCURRENT freed 1275K, 52% free 5162K/10567K, external 2732K/3412K, paused 6ms+9ms
03-30 15:01:20.882: D/dalvikvm(1386): GC_CONCURRENT freed 1320K, 52% free 5145K/10567K, external 2732K/3412K, paused 6ms+9ms
03-30 15:01:20.960: D/dalvikvm(1386): GC_CONCURRENT freed 1309K, 52% free 5132K/10567K, external 2732K/3412K, paused 2ms+4ms
03-30 15:01:21.023: D/dalvikvm(1386): GC_CONCURRENT freed 1303K, 52% free 5124K/10567K, external 2732K/3412K, paused 2ms+3ms
03-30 15:01:27.554: D/dalvikvm(1386): GC_CONCURRENT freed 1206K, 52% free 5097K/10567K, external 2732K/3412K, paused 6ms+9ms
03-30 15:01:28.054: D/LAB126(1448): collapse softkeys
03-30 15:01:28.070: D/ActivityManager(1386): Starting: Intent { act=android.intent.action.MAIN cat=[android.intent.category.HOME] flg=0x10200000 cmp=com.amazon.kindle.otter/.Launcher } from pid 1386
03-30 15:01:28.187: I/ActivityManager(1386): Start proc com.amazon.kindle for broadcast com.amazon.kindle/.PrimeAppReceiver: pid=2021 uid=32010 gids={3003, 1015}
03-30 15:01:28.656: I/LAB126(1448): StatusBarService hears intent. action: com.lab126.intent.TOP_WINDOW_CHANGED
03-30 15:01:28.656: I/LAB126(1448): window changed
03-30 15:01:28.913: D/LAB126(1448): got back button softkey click!
03-30 15:01:28.913: D/LAB126(1448): collapse because of back button
03-30 15:01:28.913: D/LAB126(1448): collapse softkeys
03-30 15:01:29.249: W/ActivityManager(1386): Unable to start service Intent { act=appStartup }: not found
03-30 15:01:29.351: I/LAB126(1448): StatusBarService hears intent. action: com.amazon.dcp.sso.action.AmazonAccountPropertyService.property.changed
03-30 15:01:29.749: D/ActivityManager(1386): Starting: Intent { act=android.intent.action.MAIN cat=[android.intent.category.LAUNCHER] flg=0x10200000 pkg=com.appcelerator.kitchensinknook cmp=com.appcelerator.kitchensinknook/.KitchensinkNookActivity } from pid 1462
03-30 15:01:29.835: I/LAB126(1448): StatusBarService hears intent. action: com.lab126.intent.TOP_WINDOW_CHANGED
03-30 15:01:29.835: I/LAB126(1448): window changed
03-30 15:02:07.593: D/LAB126(1448): got back button softkey click!
03-30 15:02:07.593: D/LAB126(1448): collapse because of back button
03-30 15:02:07.593: D/LAB126(1448): collapse softkeys
03-30 15:02:07.609: W/KeyCharacterMap(1914): No keyboard for id 0
03-30 15:02:07.609: W/KeyCharacterMap(1914): Using default keymap: /system/usr/keychars/qwerty.kcm.bin
03-30 15:02:07.788: W/ProcessStats(1386): Skipping unknown process pid 2057
03-30 15:02:07.913: I/LAB126(1448): StatusBarService hears intent. action: com.lab126.intent.TOP_WINDOW_CHANGED
03-30 15:02:07.913: I/LAB126(1448): window changed
03-30 15:02:08.101: E/TiBaseActivity(1914): (main) [164874,209389] Layout cleanup.
03-30 15:02:09.288: D/TiUIView(1914): (main) [1194,210583] Nativeview is null
03-30 15:02:09.296: D/Window(1914): Loading window with URL: main_windows/phone.js
03-30 15:02:09.320: D/Module(1914): Loading module: main_windows/phone -> Resources/main_windows/phone.js
03-30 15:02:09.742: D/TiUIView(1914): (main) [451,211034] Nativeview is null
03-30 15:02:14.288: V/DeviceStorageMonitorService(1386): mTotalMemory is 11734999
03-30 15:02:21.202: D/dalvikvm(1386): GC_CONCURRENT freed 1176K, 51% free 5207K/10567K, external 2732K/3412K, paused 2ms+4ms
03-30 15:02:21.335: D/dalvikvm(1386): GC_CONCURRENT freed 1364K, 52% free 5145K/10567K, external 2732K/3412K, paused 3ms+4ms
03-30 15:02:21.437: D/dalvikvm(1386): GC_CONCURRENT freed 1291K, 52% free 5153K/10567K, external 2732K/3412K, paused 2ms+3ms
03-30 15:02:21.546: D/dalvikvm(1386): GC_CONCURRENT freed 1282K, 52% free 5171K/10567K, external 2732K/3412K, paused 2ms+3ms
03-30 15:02:21.656: D/dalvikvm(1386): GC_CONCURRENT freed 1323K, 52% free 5153K/10567K, external 2732K/3412K, paused 2ms+3ms
03-30 15:02:21.765: D/dalvikvm(1386): GC_CONCURRENT freed 1282K, 52% free 5171K/10567K, external 2732K/3412K, paused 2ms+4ms
03-30 15:02:21.874: D/dalvikvm(1386): GC_CONCURRENT freed 1323K, 52% free 5153K/10567K, external 2732K/3412K, paused 3ms+3ms
03-30 15:02:21.976: D/dalvikvm(1386): GC_CONCURRENT freed 1300K, 52% free 5153K/10567K, external 2732K/3412K, paused 3ms+3ms
03-30 15:02:22.179: D/dalvikvm(1386): GC_CONCURRENT freed 1298K, 52% free 5151K/10567K, external 2732K/3412K, paused 6ms+9ms
03-30 15:02:22.437: D/dalvikvm(1386): GC_CONCURRENT freed 1283K, 52% free 5164K/10567K, external 2732K/3412K, paused 6ms+9ms
03-30 15:02:22.585: D/dalvikvm(1386): GC_CONCURRENT freed 1329K, 52% free 5130K/10567K, external 2732K/3412K, paused 6ms+9ms
03-30 15:02:22.742: D/dalvikvm(1386): GC_CONCURRENT freed 1254K, 52% free 5170K/10567K, external 2732K/3412K, paused 7ms+9ms
03-30 15:02:22.921: D/dalvikvm(1386): GC_CONCURRENT freed 1365K, 52% free 5110K/10567K, external 2732K/3412K, paused 6ms+9ms
03-30 15:02:57.351: D/ActivityManager(1386): Starting: Intent { cmp=com.appcelerator.kitchensinknook/org.appcelerator.titanium.TiActivity (has extras) } from pid 1914
03-30 15:02:57.359: D/Window(1914): Loading window with URL: ../examples/movie_local.js
03-30 15:02:57.367: D/Module(1914): Loading module: ../examples/movie_local -> Resources/examples/movie_local.js
03-30 15:02:57.484: D/TiUIView(1914): (main) [47744,258778] Nativeview is null
03-30 15:02:57.484: W/VideoPlayerProxy(1914): (main) [0,258778] Player action ignored; player has not been created.
03-30 15:02:57.499: D/TiUIView(1914): (main) [13,258791] Nativeview is null
03-30 15:02:57.523: I/LAB126(1448): StatusBarService hears intent. action: com.lab126.intent.TOP_WINDOW_CHANGED
03-30 15:02:57.523: I/LAB126(1448): window changed
03-30 15:02:57.702: I/ActivityManager(1386): Displayed com.appcelerator.kitchensinknook/org.appcelerator.titanium.TiActivity: +351ms
03-30 15:03:14.288: V/DeviceStorageMonitorService(1386): mTotalMemory is 11734999
03-30 15:03:18.163: I/ChargeProtectionService(1386): Battery discharging, resuming charging
03-30 15:03:23.038: D/dalvikvm(1386): GC_CONCURRENT freed 1212K, 51% free 5187K/10567K, external 2732K/3412K, paused 2ms+3ms
03-30 15:03:23.148: D/dalvikvm(1386): GC_CONCURRENT freed 1338K, 52% free 5158K/10567K, external 2732K/3412K, paused 2ms+4ms
03-30 15:03:23.273: D/dalvikvm(1386): GC_CONCURRENT freed 1299K, 52% free 5161K/10567K, external 2732K/3412K, paused 2ms+3ms
03-30 15:03:23.382: D/dalvikvm(1386): GC_CONCURRENT freed 1321K, 52% free 5135K/10567K, external 2732K/3412K, paused 3ms+4ms
03-30 15:03:23.492: D/dalvikvm(1386): GC_CONCURRENT freed 1272K, 52% free 5159K/10567K, external 2732K/3412K, paused 2ms+4ms
03-30 15:03:23.593: D/dalvikvm(1386): GC_CONCURRENT freed 1309K, 52% free 5152K/10567K, external 2732K/3412K, paused 2ms+4ms
03-30 15:03:23.702: D/dalvikvm(1386): GC_CONCURRENT freed 1293K, 52% free 5159K/10567K, external 2732K/3412K, paused 3ms+4ms
03-30 15:03:23.812: D/dalvikvm(1386): GC_CONCURRENT freed 1301K, 52% free 5160K/10567K, external 2732K/3412K, paused 2ms+3ms
03-30 15:03:23.898: D/dalvikvm(1386): GC_CONCURRENT freed 1285K, 52% free 5173K/10567K, external 2732K/3412K, paused 2ms+3ms
03-30 15:03:23.992: D/dalvikvm(1386): GC_CONCURRENT freed 1341K, 52% free 5130K/10567K, external 2732K/3412K, paused 3ms+3ms
03-30 15:03:24.062: D/dalvikvm(1386): GC_CONCURRENT freed 1257K, 52% free 5160K/10567K, external 2732K/3412K, paused 2ms+3ms
03-30 15:03:24.132: D/dalvikvm(1386): GC_CONCURRENT freed 1297K, 52% free 5160K/10567K, external 2732K/3412K, paused 3ms+3ms
03-30 15:03:24.195: D/dalvikvm(1386): GC_CONCURRENT freed 1301K, 52% free 5160K/10567K, external 2732K/3412K, paused 2ms+4ms
03-30 15:03:35.859: D/LAB126(1448): got back button softkey click!
03-30 15:03:35.859: D/LAB126(1448): collapse because of back button
03-30 15:03:35.859: D/LAB126(1448): collapse softkeys
03-30 15:03:35.882: W/VideoPlayerProxy(1914): (main) [38386,297177] Player action ignored; player has not been created.
03-30 15:03:36.304: I/LAB126(1448): StatusBarService hears intent. action: com.lab126.intent.TOP_WINDOW_CHANGED
03-30 15:03:36.304: I/LAB126(1448): window changed
03-30 15:03:36.484: E/TiBaseActivity(1914): (main) [599,297776] Layout cleanup.
03-30 15:03:39.593: D/ActivityManager(1386): Starting: Intent { cmp=com.appcelerator.kitchensinknook/org.appcelerator.titanium.TiActivity (has extras) } from pid 1914
03-30 15:03:39.617: D/Window(1914): Loading window with URL: ../examples/movie_local.js
03-30 15:03:39.617: D/Module(1914): Loading module: ../examples/movie_local -> Resources/examples/movie_local.js
03-30 15:03:39.945: D/TiUIView(1914): (main) [3462,301238] Nativeview is null
03-30 15:03:39.945: W/VideoPlayerProxy(1914): (main) [1,301239] Player action ignored; player has not been created.
03-30 15:03:39.976: D/TiUIView(1914): (main) [25,301264] Nativeview is null
03-30 15:03:40.031: I/LAB126(1448): StatusBarService hears intent. action: com.lab126.intent.TOP_WINDOW_CHANGED
03-30 15:03:40.031: I/LAB126(1448): window changed
03-30 15:03:40.210: I/ActivityManager(1386): Displayed com.appcelerator.kitchensinknook/org.appcelerator.titanium.TiActivity: +611ms
03-30 15:03:55.468: D/LAB126(1448): got back button softkey click!
03-30 15:03:55.468: D/LAB126(1448): collapse because of back button
03-30 15:03:55.468: D/LAB126(1448): collapse softkeys
03-30 15:03:55.499: W/VideoPlayerProxy(1914): (main) [15522,316786] Player action ignored; player has not been created.
03-30 15:03:55.648: I/LAB126(1448): StatusBarService hears intent. action: com.lab126.intent.TOP_WINDOW_CHANGED
03-30 15:03:55.648: I/LAB126(1448): window changed
03-30 15:03:55.921: E/TiBaseActivity(1914): (main) [428,317214] Layout cleanup.
03-30 15:03:57.687: D/ActivityManager(1386): Starting: Intent { cmp=com.appcelerator.kitchensinknook/org.appcelerator.titanium.TiActivity (has extras) } from pid 1914
03-30 15:03:57.702: D/Window(1914): Loading window with URL: ../examples/sound.js
03-30 15:03:57.702: D/Module(1914): Loading module: ../examples/sound -> Resources/examples/sound.js
03-30 15:03:57.874: D/dalvikvm(1914): GC_CONCURRENT freed 601K, 40% free 4613K/7687K, external 1196K/1695K, paused 1ms+3ms
03-30 15:03:57.999: D/TiUIView(1914): (main) [2082,319296] Nativeview is null
03-30 15:03:58.023: D/TiUIView(1914): (main) [27,319323] Nativeview is null
03-30 15:03:58.062: I/LAB126(1448): StatusBarService hears intent. action: com.lab126.intent.TOP_WINDOW_CHANGED
03-30 15:03:58.062: I/LAB126(1448): window changed
03-30 15:03:58.234: I/ActivityManager(1386): Displayed com.appcelerator.kitchensinknook/org.appcelerator.titanium.TiActivity: +545ms
03-30 15:04:01.156: D/LAB126(1448): got back button softkey click!
03-30 15:04:01.156: D/LAB126(1448): collapse because of back button
03-30 15:04:01.156: W/KeyCharacterMap(1914): No keyboard for id 0
03-30 15:04:01.156: W/KeyCharacterMap(1914): Using default keymap: /system/usr/keychars/qwerty.kcm.bin
03-30 15:04:01.156: D/LAB126(1448): collapse softkeys
03-30 15:04:01.226: I/LAB126(1448): StatusBarService hears intent. action: com.lab126.intent.TOP_WINDOW_CHANGED
03-30 15:04:01.226: I/LAB126(1448): window changed
03-30 15:04:01.437: E/TiBaseActivity(1914): (main) [3408,322731] Layout cleanup.
03-30 15:04:02.445: D/ActivityManager(1386): Starting: Intent { cmp=com.appcelerator.kitchensinknook/org.appcelerator.titanium.TiActivity (has extras) } from pid 1914
03-30 15:04:02.460: D/Window(1914): Loading window with URL: ../examples/movie_local.js
03-30 15:04:02.468: D/Module(1914): Loading module: ../examples/movie_local -> Resources/examples/movie_local.js
03-30 15:04:02.640: D/TiUIView(1914): (main) [1197,323928] Nativeview is null
03-30 15:04:02.640: W/VideoPlayerProxy(1914): (main) [0,323928] Player action ignored; player has not been created.
03-30 15:04:02.671: D/TiUIView(1914): (main) [35,323963] Nativeview is null
03-30 15:04:02.710: I/LAB126(1448): StatusBarService hears intent. action: com.lab126.intent.TOP_WINDOW_CHANGED
03-30 15:04:02.710: I/LAB126(1448): window changed
03-30 15:04:02.882: I/ActivityManager(1386): Displayed com.appcelerator.kitchensinknook/org.appcelerator.titanium.TiActivity: +424ms
03-30 15:04:14.296: V/DeviceStorageMonitorService(1386): mTotalMemory is 11734999
03-30 15:04:14.304: D/LAB126(1448): got back button softkey click!
03-30 15:04:14.304: D/LAB126(1448): collapse because of back button
03-30 15:04:14.304: D/LAB126(1448): collapse softkeys
03-30 15:04:14.320: W/VideoPlayerProxy(1914): (main) [11647,335610] Player action ignored; player has not been created.
03-30 15:04:14.452: I/LAB126(1448): StatusBarService hears intent. action: com.lab126.intent.TOP_WINDOW_CHANGED
03-30 15:04:14.452: I/LAB126(1448): window changed
03-30 15:04:14.570: D/dalvikvm(1386): GC_CONCURRENT freed 1174K, 52% free 5162K/10567K, external 2732K/3412K, paused 4ms+6ms
03-30 15:04:14.679: E/TiBaseActivity(1914): (main) [367,335977] Layout cleanup.
03-30 15:04:24.562: D/dalvikvm(1386): GC_CONCURRENT freed 1281K, 51% free 5184K/10567K, external 2732K/3412K, paused 6ms+10ms
03-30 15:04:24.820: D/dalvikvm(1386): GC_CONCURRENT freed 1313K, 51% free 5179K/10567K, external 2732K/3412K, paused 7ms+3ms
03-30 15:04:24.929: D/dalvikvm(1386): GC_CONCURRENT freed 1288K, 51% free 5197K/10567K, external 2732K/3412K, paused 2ms+3ms
03-30 15:04:25.031: D/dalvikvm(1386): GC_CONCURRENT freed 1329K, 51% free 5179K/10567K, external 2732K/3412K, paused 2ms+3ms
03-30 15:04:25.148: D/dalvikvm(1386): GC_CONCURRENT freed 1321K, 52% free 5163K/10567K, external 2732K/3412K, paused 3ms+3ms
03-30 15:04:25.273: D/dalvikvm(1386): GC_CONCURRENT freed 1287K, 51% free 5179K/10567K, external 2732K/3412K, paused 2ms+4ms
03-30 15:04:25.413: D/dalvikvm(1386): GC_CONCURRENT freed 1297K, 51% free 5188K/10567K, external 2732K/3412K, paused 2ms+4ms
03-30 15:04:25.554: D/dalvikvm(1386): GC_CONCURRENT freed 1338K, 52% free 5156K/10567K, external 2732K/3412K, paused 3ms+4ms
03-30 15:04:25.663: D/dalvikvm(1386): GC_CONCURRENT freed 1285K, 52% free 5166K/10567K, external 2732K/3412K, paused 2ms+4ms
03-30 15:04:25.757: D/dalvikvm(1386): GC_CONCURRENT freed 1304K, 52% free 5162K/10567K, external 2732K/3412K, paused 2ms+4ms
03-30 15:04:25.835: D/dalvikvm(1386): GC_CONCURRENT freed 1278K, 51% free 5179K/10567K, external 2732K/3412K, paused 3ms+4ms
03-30 15:04:25.913: D/dalvikvm(1386): GC_CONCURRENT freed 1294K, 51% free 5180K/10567K, external 2732K/3412K, paused 2ms+3ms
03-30 15:04:41.507: D/ActivityManager(1386): Starting: Intent { cmp=com.appcelerator.kitchensinknook/org.appcelerator.titanium.TiActivity (has extras) } from pid 1914
03-30 15:04:41.515: D/Window(1914): Loading window with URL: ../examples/movie_local.js
03-30 15:04:41.515: D/Module(1914): Loading module: ../examples/movie_local -> Resources/examples/movie_local.js
03-30 15:04:41.671: D/TiUIView(1914): (main) [26993,362970] Nativeview is null
03-30 15:04:41.671: W/VideoPlayerProxy(1914): (main) [0,362970] Player action ignored; player has not been created.
03-30 15:04:41.687: D/TiUIView(1914): (main) [14,362984] Nativeview is null
03-30 15:04:41.718: I/LAB126(1448): StatusBarService hears intent. action: com.lab126.intent.TOP_WINDOW_CHANGED
03-30 15:04:41.718: I/LAB126(1448): window changed
03-30 15:04:41.898: I/ActivityManager(1386): Displayed com.appcelerator.kitchensinknook/org.appcelerator.titanium.TiActivity: +385ms
03-30 15:05:09.351: D/dalvikvm(1386): GC_CONCURRENT freed 1253K, 52% free 5150K/10567K, external 2732K/3412K, paused 6ms+10ms
03-30 15:05:14.296: V/DeviceStorageMonitorService(1386): mTotalMemory is 11734999
03-30 15:05:15.093: D/LAB126(1448): got back button softkey click!
03-30 15:05:15.093: D/LAB126(1448): collapse because of back button
03-30 15:05:15.093: D/LAB126(1448): collapse softkeys
03-30 15:05:15.109: W/VideoPlayerProxy(1914): (main) [33413,396397] Player action ignored; player has not been created.
03-30 15:05:15.171: I/LAB126(1448): StatusBarService hears intent. action: com.lab126.intent.TOP_WINDOW_CHANGED
03-30 15:05:15.171: I/LAB126(1448): window changed
03-30 15:05:15.663: E/TiBaseActivity(1914): (main) [560,396957] Layout cleanup.
03-30 15:05:18.124: D/ActivityManager(1386): Starting: Intent { cmp=com.appcelerator.kitchensinknook/org.appcelerator.titanium.TiActivity (has extras) } from pid 1914
03-30 15:05:18.156: D/Window(1914): Loading window with URL: ../examples/sound.js
03-30 15:05:18.163: D/Module(1914): Loading module: ../examples/sound -> Resources/examples/sound.js
03-30 15:05:18.507: D/TiUIView(1914): (main) [2847,399804] Nativeview is null
03-30 15:05:18.538: D/TiUIView(1914): (main) [27,399831] Nativeview is null
03-30 15:05:18.570: I/LAB126(1448): StatusBarService hears intent. action: com.lab126.intent.TOP_WINDOW_CHANGED
03-30 15:05:18.570: I/LAB126(1448): window changed
03-30 15:05:18.734: I/ActivityManager(1386): Displayed com.appcelerator.kitchensinknook/org.appcelerator.titanium.TiActivity: +591ms
03-30 15:05:25.070: D/ActivityManager(1386): Starting: Intent { cmp=com.appcelerator.kitchensinknook/org.appcelerator.titanium.TiActivity (has extras) } from pid 1914
03-30 15:05:25.085: D/Window(1914): Loading window with URL: ../examples/sound_local.js
03-30 15:05:25.085: D/Module(1914): Loading module: ../examples/sound_local -> Resources/examples/sound_local.js
03-30 15:05:25.609: D/TiUIView(1914): (main) [7069,406900] Nativeview is null
03-30 15:05:25.617: D/TiUIView(1914): (main) [16,406916] Nativeview is null
03-30 15:05:25.656: I/LAB126(1448): StatusBarService hears intent. action: com.lab126.intent.TOP_WINDOW_CHANGED
03-30 15:05:25.656: I/LAB126(1448): window changed
03-30 15:05:25.827: I/ActivityManager(1386): Displayed com.appcelerator.kitchensinknook/org.appcelerator.titanium.TiActivity: +743ms
03-30 15:05:26.171: D/dalvikvm(1386): GC_CONCURRENT freed 1253K, 51% free 5197K/10567K, external 2732K/3412K, paused 7ms+9ms
03-30 15:05:26.390: D/dalvikvm(1386): GC_CONCURRENT freed 1283K, 51% free 5210K/10567K, external 2732K/3412K, paused 2ms+3ms
03-30 15:05:26.499: D/dalvikvm(1386): GC_CONCURRENT freed 1348K, 52% free 5176K/10567K, external 2732K/3412K, paused 2ms+3ms
03-30 15:05:26.617: D/dalvikvm(1386): GC_CONCURRENT freed 1289K, 51% free 5194K/10567K, external 2732K/3412K, paused 2ms+3ms
03-30 15:05:26.726: D/dalvikvm(1386): GC_CONCURRENT freed 1328K, 52% free 5177K/10567K, external 2732K/3412K, paused 2ms+3ms
03-30 15:05:26.843: D/dalvikvm(1386): GC_CONCURRENT freed 1284K, 51% free 5185K/10567K, external 2732K/3412K, paused 2ms+3ms
03-30 15:05:26.968: D/dalvikvm(1386): GC_CONCURRENT freed 1317K, 52% free 5176K/10567K, external 2732K/3412K, paused 2ms+3ms
03-30 15:05:27.070: D/dalvikvm(1386): GC_CONCURRENT freed 1333K, 52% free 5145K/10567K, external 2732K/3412K, paused 2ms+3ms
03-30 15:05:27.171: D/dalvikvm(1386): GC_CONCURRENT freed 1213K, 51% free 5230K/10567K, external 2732K/3412K, paused 2ms+3ms
03-30 15:05:27.257: D/dalvikvm(1386): GC_CONCURRENT freed 1379K, 52% free 5158K/10567K, external 2732K/3412K, paused 2ms+3ms
03-30 15:05:27.327: D/dalvikvm(1386): GC_CONCURRENT freed 1277K, 52% free 5177K/10567K, external 2732K/3412K, paused 3ms+4ms
03-30 15:05:27.406: D/dalvikvm(1386): GC_CONCURRENT freed 1278K, 51% free 5193K/10567K, external 2732K/3412K, paused 2ms+3ms
03-30 15:05:31.976: W/ASFDummyExtractor(1289): ASF parser is not available
03-30 15:05:31.976: E/MPEG4Extractor(1289): both mdat,ftyp not found
03-30 15:05:32.015: D/AudioResampler(1289): forcing AudioResampler quality to 2
03-30 15:05:32.015: D/Omap4ALSA(1289): open called for devices 00000002 in mode 0 channels 00000000...
03-30 15:05:32.023: I/Omap4ALSA(1289): Using ping-pong!
03-30 15:05:32.023: I/Omap4ALSA(1289): Buffer size: 4096
03-30 15:05:32.023: I/Omap4ALSA(1289): Latency: 92879
03-30 15:05:32.070: I/Omap4ALSA(1289): Initialized ALSA PLAYBACK device 'plughw:0,0'
03-30 15:05:32.070: E/AudioHardwareALSA(1289): RE-OPEN AFTER STANDBY:: took 60 msecs
03-30 15:05:32.226: I/TiAPI(1914): time 93
03-30 15:05:32.734: I/TiAPI(1914): time 651
03-30 15:05:33.234: I/TiAPI(1914): time 1486
03-30 15:05:33.726: I/TiAPI(1914): time 1672
03-30 15:05:34.234: I/TiAPI(1914): time 2230
03-30 15:05:34.734: I/TiAPI(1914): time 2972
03-30 15:05:35.234: I/TiAPI(1914): time 3158
03-30 15:05:35.734: I/TiAPI(1914): time 3716
03-30 15:05:36.226: I/TiAPI(1914): time 4458
03-30 15:05:36.734: I/TiAPI(1914): time 4737
03-30 15:05:37.234: I/TiAPI(1914): time 5202
03-30 15:05:37.382: I/WindowManager(1386): Setting rotation to 1, animFlags=0
03-30 15:05:37.390: I/ActivityManager(1386): Config changed: { scale=1.0 imsi=0/0 loc=en_US touch=3 keys=1/1/2 nav=1/1 orien=2 layout=268435491 uiMode=17 seq=5}
03-30 15:05:37.663: D/IconMerger(1448): notification for com.android.systemui (1)
03-30 15:05:37.663: D/IconMerger(1448): sum of notifications: 1
03-30 15:05:37.734: I/TiAPI(1914): time 5944
03-30 15:05:38.093: I/WindowManager(1386): Setting rotation to 3, animFlags=0
03-30 15:05:38.234: I/TiAPI(1914): time 6223
03-30 15:05:38.734: I/TiAPI(1914): time 6688
03-30 15:05:39.398: D/dalvikvm(1386): GC_EXPLICIT freed 1173K, 52% free 5123K/10567K, external 2732K/3412K, paused 45ms
03-30 15:05:39.398: I/WindowManager(1386): Setting rotation to 0, animFlags=0
03-30 15:05:39.421: I/ActivityManager(1386): Config changed: { scale=1.0 imsi=0/0 loc=en_US touch=3 keys=1/1/2 nav=1/1 orien=1 layout=268435491 uiMode=17 seq=6}
03-30 15:05:39.499: D/IconMerger(1448): notification for com.android.systemui (1)
03-30 15:05:39.499: D/IconMerger(1448): sum of notifications: 1
03-30 15:05:40.734: I/TiAPI(1914): time 0
03-30 15:05:41.234: I/TiAPI(1914): time 370
03-30 15:05:41.562: D/dalvikvm(1386): GC_EXPLICIT freed 88K, 52% free 5111K/10567K, external 2732K/3412K, paused 45ms
03-30 15:05:41.734: I/TiAPI(1914): time 835
03-30 15:05:42.234: I/TiAPI(1914): time 1486
03-30 15:05:42.734: I/TiAPI(1914): time 1858
03-30 15:05:43.234: I/TiAPI(1914): time 2415
03-30 15:05:43.734: I/TiAPI(1914): time 2972
03-30 15:05:44.234: I/TiAPI(1914): time 3344
03-30 15:05:44.734: I/TiAPI(1914): time 3901
03-30 15:05:45.242: I/TiAPI(1914): time 4458
03-30 15:05:45.734: I/TiAPI(1914): time 4923
03-30 15:05:46.242: I/TiAPI(1914): time 5387
03-30 15:05:46.742: I/TiAPI(1914): time 5944
03-30 15:05:47.234: I/TiAPI(1914): time 6409
03-30 15:05:51.241: I/TiAPI(1914): time 369
03-30 15:05:51.742: I/TiAPI(1914): time 833
03-30 15:05:52.234: I/TiAPI(1914): time 1486
03-30 15:05:52.734: I/TiAPI(1914): time 1855
03-30 15:05:53.242: I/TiAPI(1914): time 2319
03-30 15:05:53.742: I/TiAPI(1914): time 2972
03-30 15:05:54.241: I/TiAPI(1914): time 3341
03-30 15:05:54.742: I/TiAPI(1914): time 3898
03-30 15:05:55.242: I/TiAPI(1914): time 4458
03-30 15:05:55.749: I/TiAPI(1914): time 4827
03-30 15:05:56.249: I/TiAPI(1914): time 5384
03-30 15:05:56.749: I/TiAPI(1914): time 5944
03-30 15:05:58.749: I/TiAPI(1914): time 6592
03-30 15:06:01.257: I/TiAPI(1914): time 92
03-30 15:06:01.757: I/TiAPI(1914): time 556
03-30 15:06:02.249: I/TiAPI(1914): time 1486
03-30 15:06:04.757: I/TiAPI(1914): time 1951
03-30 15:06:05.257: I/TiAPI(1914): time 2972
03-30 15:06:05.757: I/TiAPI(1914): time 2973
03-30 15:06:06.257: I/TiAPI(1914): time 3530
03-30 15:06:06.757: I/TiAPI(1914): time 4458
03-30 15:06:08.757: I/TiAPI(1914): time 93
03-30 15:06:09.257: I/TiAPI(1914): time 651
03-30 15:06:09.757: I/TiAPI(1914): time 1486
03-30 15:06:10.249: I/TiAPI(1914): time 1765
03-30 15:06:10.749: I/TiAPI(1914): time 2230
03-30 15:06:11.249: I/TiAPI(1914): time 0
03-30 15:06:11.757: I/TiAPI(1914): time 372
03-30 15:06:12.257: I/TiAPI(1914): time 0
03-30 15:06:12.757: I/TiAPI(1914): time 279
03-30 15:06:13.257: I/TiAPI(1914): time 836
03-30 15:06:13.749: I/TiAPI(1914): time 1486
03-30 15:06:14.304: V/DeviceStorageMonitorService(1386): mTotalMemory is 11734999
03-30 15:06:16.859: E/Omap4ALSA(1289): called drain&close
03-30 15:06:27.679: D/dalvikvm(1386): GC_CONCURRENT freed 1180K, 51% free 5221K/10567K, external 2732K/3412K, paused 6ms+10ms
03-30 15:06:27.921: D/dalvikvm(1386): GC_CONCURRENT freed 1330K, 51% free 5208K/10567K, external 2732K/3412K, paused 2ms+3ms
03-30 15:06:28.031: D/dalvikvm(1386): GC_CONCURRENT freed 1348K, 52% free 5174K/10567K, external 2732K/3412K, paused 2ms+3ms
03-30 15:06:28.140: D/dalvikvm(1386): GC_CONCURRENT freed 1305K, 52% free 5175K/10567K, external 2732K/3412K, paused 2ms+3ms
03-30 15:06:28.281: D/dalvikvm(1386): GC_CONCURRENT freed 1322K, 52% free 5158K/10567K, external 2732K/3412K, paused 4ms+5ms
03-30 15:06:28.445: D/dalvikvm(1386): GC_CONCURRENT freed 1285K, 52% free 5175K/10567K, external 2732K/3412K, paused 4ms+5ms
03-30 15:06:28.617: D/dalvikvm(1386): GC_CONCURRENT freed 1302K, 52% free 5166K/10567K, external 2732K/3412K, paused 3ms+5ms
03-30 15:06:28.781: D/dalvikvm(1386): GC_CONCURRENT freed 1296K, 52% free 5174K/10567K, external 2732K/3412K, paused 3ms+6ms
03-30 15:06:28.906: D/dalvikvm(1386): GC_CONCURRENT freed 1301K, 51% free 5178K/10567K, external 2732K/3412K, paused 3ms+5ms
03-30 15:06:29.046: D/dalvikvm(1386): GC_CONCURRENT freed 1310K, 52% free 5170K/10567K, external 2732K/3412K, paused 4ms+5ms
03-30 15:06:29.148: D/dalvikvm(1386): GC_CONCURRENT freed 1314K, 52% free 5159K/10567K, external 2732K/3412K, paused 4ms+5ms
03-30 15:06:29.242: D/dalvikvm(1386): GC_CONCURRENT freed 1279K, 52% free 5175K/10567K, external 2732K/3412K, paused 3ms+5ms
03-30 15:06:29.343: D/dalvikvm(1386): GC_CONCURRENT freed 1221K, 52% free 5167K/10567K, external 2732K/3412K, paused 3ms+4ms
03-30 15:06:40.788: D/LAB126(1448): got back button softkey click!
03-30 15:06:40.788: D/LAB126(1448): collapse because of back button
03-30 15:06:40.788: D/LAB126(1448): collapse softkeys
03-30 15:06:40.867: I/LAB126(1448): StatusBarService hears intent. action: com.lab126.intent.TOP_WINDOW_CHANGED
03-30 15:06:40.867: I/LAB126(1448): window changed
03-30 15:06:41.038: E/TiBaseActivity(1914): (main) [75419,482335] Layout cleanup.
03-30 15:06:43.109: D/ActivityManager(1386): Starting: Intent { cmp=com.appcelerator.kitchensinknook/org.appcelerator.titanium.TiActivity (has extras) } from pid 1914
03-30 15:06:43.132: D/Window(1914): Loading window with URL: ../examples/sound_file.js
03-30 15:06:43.140: D/Module(1914): Loading module: ../examples/sound_file -> Resources/examples/sound_file.js
03-30 15:06:43.937: D/TiUIView(1914): (main) [2896,485231] Nativeview is null
03-30 15:06:43.968: D/TiUIView(1914): (main) [34,485265] Nativeview is null
03-30 15:06:44.077: I/LAB126(1448): StatusBarService hears intent. action: com.lab126.intent.TOP_WINDOW_CHANGED
03-30 15:06:44.077: I/LAB126(1448): window changed
03-30 15:06:44.234: I/ActivityManager(1386): Displayed com.appcelerator.kitchensinknook/org.appcelerator.titanium.TiActivity: +1s121ms
03-30 15:07:03.296: W/ASFDummyExtractor(1289): ASF parser is not available
03-30 15:07:03.296: E/MPEG4Extractor(1289): both mdat,ftyp not found
03-30 15:07:03.351: D/AudioResampler(1289): forcing AudioResampler quality to 2
03-30 15:07:03.351: D/Omap4ALSA(1289): open called for devices 00000002 in mode 0 channels 00000000...
03-30 15:07:03.374: I/Omap4ALSA(1289): Using ping-pong!
03-30 15:07:03.374: I/Omap4ALSA(1289): Buffer size: 4096
03-30 15:07:03.374: I/Omap4ALSA(1289): Latency: 92879
03-30 15:07:03.374: I/TiAPI(1914): time 0
03-30 15:07:03.460: I/Omap4ALSA(1289): Initialized ALSA PLAYBACK device 'plughw:0,0'
03-30 15:07:03.460: E/AudioHardwareALSA(1289): RE-OPEN AFTER STANDBY:: took 105 msecs
03-30 15:07:03.882: I/TiAPI(1914): time 372
03-30 15:07:04.382: I/TiAPI(1914): time 836
03-30 15:07:04.882: I/TiAPI(1914): time 1486
03-30 15:07:04.898: I/WindowManager(1386): Setting rotation to 1, animFlags=0
03-30 15:07:04.913: I/ActivityManager(1386): Config changed: { scale=1.0 imsi=0/0 loc=en_US touch=3 keys=1/1/2 nav=1/1 orien=2 layout=268435491 uiMode=17 seq=7}
03-30 15:07:05.187: D/IconMerger(1448): notification for com.android.systemui (1)
03-30 15:07:05.187: D/IconMerger(1448): sum of notifications: 1
03-30 15:07:05.382: I/TiAPI(1914): time 1951
03-30 15:07:05.390: I/WindowManager(1386): Setting rotation to 0, animFlags=0
03-30 15:07:05.406: I/ActivityManager(1386): Config changed: { scale=1.0 imsi=0/0 loc=en_US touch=3 keys=1/1/2 nav=1/1 orien=1 layout=268435491 uiMode=17 seq=8}
03-30 15:07:05.624: D/IconMerger(1448): notification for com.android.systemui (1)
03-30 15:07:05.624: D/IconMerger(1448): sum of notifications: 1
03-30 15:07:05.882: I/TiAPI(1914): time 2972
03-30 15:07:06.382: I/TiAPI(1914): time 2973
03-30 15:07:06.890: I/TiAPI(1914): time 3437
03-30 15:07:07.390: I/TiAPI(1914): time 4458
03-30 15:07:07.773: D/dalvikvm(1386): GC_EXPLICIT freed 734K, 52% free 5142K/10567K, external 2732K/3412K, paused 107ms
03-30 15:07:07.890: I/TiAPI(1914): time 4459
03-30 15:07:09.390: I/TiAPI(1914): time 0
03-30 15:07:09.882: I/TiAPI(1914): time 279
03-30 15:07:10.390: I/TiAPI(1914): time 743
03-30 15:07:10.890: I/TiAPI(1914): time 1486
03-30 15:07:11.390: I/TiAPI(1914): time 1858
03-30 15:07:11.890: I/TiAPI(1914): time 2322
03-30 15:07:12.382: I/TiAPI(1914): time 2972
03-30 15:07:13.890: I/TiAPI(1914): time 3716
03-30 15:07:14.296: V/DeviceStorageMonitorService(1386): mTotalMemory is 11734999
03-30 15:07:14.390: I/TiAPI(1914): time 4458
03-30 15:07:14.890: I/TiAPI(1914): time 4644
03-30 15:07:15.398: I/TiAPI(1914): time 5202
03-30 15:07:17.398: I/TiAPI(1914): time 5944
03-30 15:07:17.898: I/TiAPI(1914): time 6130
03-30 15:07:18.398: I/TiAPI(1914): time 6595
03-30 15:07:21.960: E/Omap4ALSA(1289): called drain&close
03-30 15:07:21.960: I/TiAPI(1914): time 0
03-30 15:07:22.015: D/Omap4ALSA(1289): open called for devices 00000002 in mode 0 channels 00000000...
03-30 15:07:22.023: I/Omap4ALSA(1289): Using ping-pong!
03-30 15:07:22.023: I/Omap4ALSA(1289): Buffer size: 4096
03-30 15:07:22.023: I/Omap4ALSA(1289): Latency: 92879
03-30 15:07:22.085: I/Omap4ALSA(1289): Initialized ALSA PLAYBACK device 'plughw:0,0'
03-30 15:07:22.085: E/AudioHardwareALSA(1289): RE-OPEN AFTER STANDBY:: took 75 msecs
03-30 15:07:22.468: I/TiAPI(1914): time 463
03-30 15:07:22.968: I/TiAPI(1914): time 928
03-30 15:07:23.468: I/TiAPI(1914): time 1486
03-30 15:07:23.960: I/TiAPI(1914): time 0
03-30 15:07:24.468: I/TiAPI(1914): time 370
03-30 15:07:24.968: I/TiAPI(1914): time 928
03-30 15:07:25.476: I/TiAPI(1914): time 1486
03-30 15:07:25.968: I/TiAPI(1914): time 1856
03-30 15:07:26.468: I/TiAPI(1914): time 2414
03-30 15:07:26.976: I/TiAPI(1914): time 2972
03-30 15:07:27.476: I/TiAPI(1914): time 3343
03-30 15:07:27.851: D/LAB126(1448): got back button softkey click!
03-30 15:07:27.851: D/LAB126(1448): collapse because of back button
03-30 15:07:27.851: D/LAB126(1448): collapse softkeys
03-30 15:07:27.929: I/LAB126(1448): StatusBarService hears intent. action: com.lab126.intent.TOP_WINDOW_CHANGED
03-30 15:07:27.929: I/LAB126(1448): window changed
03-30 15:07:27.952: D/dalvikvm(1914): GC_CONCURRENT freed 914K, 43% free 4671K/8071K, external 1196K/1695K, paused 2ms+4ms
03-30 15:07:28.109: E/TiBaseActivity(1914): (main) [44139,529404] Layout cleanup.
03-30 15:07:29.499: D/dalvikvm(1386): GC_CONCURRENT freed 1262K, 52% free 5178K/10567K, external 2732K/3412K, paused 3ms+4ms
03-30 15:07:29.554: D/ActivityManager(1386): Starting: Intent { cmp=com.appcelerator.kitchensinknook/org.appcelerator.titanium.TiActivity (has extras) } from pid 1914
03-30 15:07:29.570: D/Window(1914): Loading window with URL: ../examples/sound_file_url.js
03-30 15:07:29.570: D/Module(1914): Loading module: ../examples/sound_file_url -> Resources/examples/sound_file_url.js
03-30 15:07:29.656: D/dalvikvm(1386): GC_CONCURRENT freed 1238K, 52% free 5162K/10567K, external 2732K/3412K, paused 2ms+4ms
03-30 15:07:29.781: D/dalvikvm(1386): GC_CONCURRENT freed 1302K, 52% free 5162K/10567K, external 2732K/3412K, paused 2ms+4ms
03-30 15:07:29.906: D/dalvikvm(1386): GC_CONCURRENT freed 1303K, 52% free 5162K/10567K, external 2732K/3412K, paused 2ms+3ms
03-30 15:07:30.015: D/dalvikvm(1386): GC_CONCURRENT freed 1284K, 51% free 5180K/10567K, external 2732K/3412K, paused 2ms+3ms
03-30 15:07:30.140: D/dalvikvm(1386): GC_CONCURRENT freed 1291K, 51% free 5196K/10567K, external 2732K/3412K, paused 2ms+3ms
03-30 15:07:30.195: D/TiUIView(1914): (main) [2090,531494] Nativeview is null
03-30 15:07:30.218: D/TiUIView(1914): (main) [17,531511] Nativeview is null
03-30 15:07:30.257: I/LAB126(1448): StatusBarService hears intent. action: com.lab126.intent.TOP_WINDOW_CHANGED
03-30 15:07:30.257: I/LAB126(1448): window changed
03-30 15:07:30.374: D/dalvikvm(1386): GC_CONCURRENT freed 1251K, 52% free 5168K/10567K, external 2732K/3412K, paused 3ms+10ms
03-30 15:07:30.437: I/ActivityManager(1386): Displayed com.appcelerator.kitchensinknook/org.appcelerator.titanium.TiActivity: +871ms
03-30 15:07:30.726: D/dalvikvm(1386): GC_CONCURRENT freed 1305K, 52% free 5168K/10567K, external 2732K/3412K, paused 2ms+4ms
03-30 15:07:30.827: D/dalvikvm(1386): GC_CONCURRENT freed 1302K, 52% free 5170K/10567K, external 2732K/3412K, paused 2ms+4ms
03-30 15:07:30.929: D/dalvikvm(1386): GC_CONCURRENT freed 1284K, 52% free 5178K/10567K, external 2732K/3412K, paused 2ms+3ms
03-30 15:07:30.999: D/dalvikvm(1386): GC_CONCURRENT freed 1314K, 52% free 5166K/10567K, external 2732K/3412K, paused 2ms+3ms
03-30 15:07:31.070: D/dalvikvm(1386): GC_CONCURRENT freed 1310K, 52% free 5150K/10567K, external 2732K/3412K, paused 3ms+4ms
03-30 15:07:31.109: E/Omap4ALSA(1289): called drain&close
03-30 15:07:31.171: D/dalvikvm(1386): GC_CONCURRENT freed 1205K, 52% free 5158K/10567K, external 2732K/3412K, paused 2ms+3ms
03-30 15:07:34.695: D/LAB126(1448): got back button softkey click!
03-30 15:07:34.695: D/LAB126(1448): collapse because of back button
03-30 15:07:34.695: W/KeyCharacterMap(1914): No keyboard for id 0
03-30 15:07:34.695: W/KeyCharacterMap(1914): Using default keymap: /system/usr/keychars/qwerty.kcm.bin
03-30 15:07:34.695: D/LAB126(1448): collapse softkeys
03-30 15:07:34.851: I/LAB126(1448): StatusBarService hears intent. action: com.lab126.intent.TOP_WINDOW_CHANGED
03-30 15:07:34.851: I/LAB126(1448): window changed
03-30 15:07:35.031: E/TiBaseActivity(1914): (main) [4811,536322] Layout cleanup.
03-30 15:07:36.281: D/ActivityManager(1386): Starting: Intent { cmp=com.appcelerator.kitchensinknook/org.appcelerator.titanium.TiActivity (has extras) } from pid 1914
03-30 15:07:36.312: D/Window(1914): Loading window with URL: ../examples/sound_file_url.js
03-30 15:07:36.312: D/Module(1914): Loading module: ../examples/sound_file_url -> Resources/examples/sound_file_url.js
03-30 15:07:37.077: D/TiUIView(1914): (main) [2043,538365] Nativeview is null
03-30 15:07:37.124: D/TiUIView(1914): (main) [56,538421] Nativeview is null
03-30 15:07:37.218: I/LAB126(1448): StatusBarService hears intent. action: com.lab126.intent.TOP_WINDOW_CHANGED
03-30 15:07:37.218: I/LAB126(1448): window changed
03-30 15:07:37.390: I/ActivityManager(1386): Displayed com.appcelerator.kitchensinknook/org.appcelerator.titanium.TiActivity: +1s100ms
03-30 15:07:38.281: W/ASFDummyExtractor(1289): ASF parser is not available
03-30 15:07:38.281: E/MPEG4Extractor(1289): both mdat,ftyp not found
03-30 15:07:38.304: D/AudioResampler(1289): forcing AudioResampler quality to 2
03-30 15:07:38.304: D/Omap4ALSA(1289): open called for devices 00000002 in mode 0 channels 00000000...
03-30 15:07:38.327: I/Omap4ALSA(1289): Using ping-pong!
03-30 15:07:38.327: I/Omap4ALSA(1289): Buffer size: 4096
03-30 15:07:38.327: I/Omap4ALSA(1289): Latency: 92879
03-30 15:07:38.413: I/Omap4ALSA(1289): Initialized ALSA PLAYBACK device 'plughw:0,0'
03-30 15:07:38.413: E/AudioHardwareALSA(1289): RE-OPEN AFTER STANDBY:: took 105 msecs
03-30 15:07:38.570: I/TiAPI(1914): time 0
03-30 15:07:39.070: I/TiAPI(1914): time 186
03-30 15:07:39.577: I/TiAPI(1914): time 743
03-30 15:07:40.070: I/TiAPI(1914): time 1486
03-30 15:07:40.570: I/TiAPI(1914): time 1765
03-30 15:07:41.070: I/TiAPI(1914): time 2230
03-30 15:07:41.570: I/TiAPI(1914): time 2972
03-30 15:07:42.062: I/TiAPI(1914): time 3251
03-30 15:07:42.577: I/TiAPI(1914): time 0
03-30 15:07:43.163: I/TiAPI(1914): time 186
03-30 15:07:43.679: I/TiAPI(1914): time 651
03-30 15:07:44.202: I/TiAPI(1914): time 1486
03-30 15:07:45.796: I/TiAPI(1914): time 2044
03-30 15:07:46.304: I/TiAPI(1914): time 2972
03-30 15:07:46.859: I/TiAPI(1914): time 3065
03-30 15:07:47.374: I/TiAPI(1914): time 3623
03-30 15:07:49.437: I/TiAPI(1914): time 0
03-30 15:07:49.952: I/TiAPI(1914): time 558
03-30 15:07:52.624: D/LAB126(1448): got back button softkey click!
03-30 15:07:52.624: D/LAB126(1448): collapse because of back button
03-30 15:07:52.624: D/LAB126(1448): collapse softkeys
03-30 15:07:52.804: I/LAB126(1448): StatusBarService hears intent. action: com.lab126.intent.TOP_WINDOW_CHANGED
03-30 15:07:52.804: I/LAB126(1448): window changed
03-30 15:07:52.976: E/TiBaseActivity(1914): (main) [15855,554276] Layout cleanup.
03-30 15:07:53.484: E/Omap4ALSA(1289): called drain&close
03-30 15:08:14.304: V/DeviceStorageMonitorService(1386): mTotalMemory is 11734999
03-30 15:08:20.992: I/ChargeProtectionService(1386): Battery discharging, resuming charging
03-30 15:08:31.335: D/dalvikvm(1386): GC_CONCURRENT freed 1252K, 51% free 5208K/10567K, external 2732K/3412K, paused 6ms+10ms
03-30 15:08:31.577: D/dalvikvm(1386): GC_CONCURRENT freed 1362K, 52% free 5161K/10567K, external 2732K/3412K, paused 7ms+4ms
03-30 15:08:31.687: D/dalvikvm(1386): GC_CONCURRENT freed 1302K, 52% free 5161K/10567K, external 2732K/3412K, paused 2ms+4ms
03-30 15:08:31.796: D/dalvikvm(1386): GC_CONCURRENT freed 1302K, 52% free 5161K/10567K, external 2732K/3412K, paused 2ms+3ms
03-30 15:08:31.898: D/dalvikvm(1386): GC_CONCURRENT freed 1302K, 52% free 5161K/10567K, external 2732K/3412K, paused 3ms+4ms
03-30 15:08:32.007: D/dalvikvm(1386): GC_CONCURRENT freed 1302K, 52% free 5161K/10567K, external 2732K/3412K, paused 2ms+3ms
03-30 15:08:32.117: D/dalvikvm(1386): GC_CONCURRENT freed 1318K, 52% free 5145K/10567K, external 2732K/3412K, paused 3ms+3ms
03-30 15:08:32.218: D/dalvikvm(1386): GC_CONCURRENT freed 1283K, 52% free 5161K/10567K, external 2732K/3412K, paused 2ms+4ms
03-30 15:08:32.312: D/dalvikvm(1386): GC_CONCURRENT freed 1329K, 52% free 5132K/10567K, external 2732K/3412K, paused 2ms+3ms
03-30 15:08:32.406: D/dalvikvm(1386): GC_CONCURRENT freed 1304K, 52% free 5122K/10567K, external 2732K/3412K, paused 2ms+3ms
03-30 15:08:32.484: D/dalvikvm(1386): GC_CONCURRENT freed 1231K, 52% free 5177K/10567K, external 2732K/3412K, paused 2ms+3ms
03-30 15:08:32.585: D/dalvikvm(1386): GC_CONCURRENT freed 1295K, 52% free 5178K/10567K, external 2732K/3412K, paused 2ms+9ms
03-30 15:08:32.742: D/dalvikvm(1386): GC_CONCURRENT freed 1310K, 52% free 5162K/10567K, external 2732K/3412K, paused 7ms+9ms
03-30 15:09:14.304: V/DeviceStorageMonitorService(1386): mTotalMemory is 11734999
03-30 15:09:32.976: D/dalvikvm(1386): GC_CONCURRENT freed 1229K, 51% free 5206K/10567K, external 2732K/3412K, paused 6ms+10ms
03-30 15:09:33.281: D/dalvikvm(1386): GC_CONCURRENT freed 1356K, 52% free 5163K/10567K, external 2732K/3412K, paused 6ms+9ms
03-30 15:09:33.577: D/dalvikvm(1386): GC_CONCURRENT freed 1303K, 52% free 5163K/10567K, external 2732K/3412K, paused 6ms+9ms
03-30 15:09:33.898: D/dalvikvm(1386): GC_CONCURRENT freed 1269K, 51% free 5197K/10567K, external 2732K/3412K, paused 7ms+9ms
03-30 15:09:34.031: D/dalvikvm(1386): GC_CONCURRENT freed 1346K, 52% free 5163K/10567K, external 2732K/3412K, paused 2ms+4ms
03-30 15:09:34.148: D/dalvikvm(1386): GC_CONCURRENT freed 1302K, 52% free 5164K/10567K, external 2732K/3412K, paused 2ms+3ms
03-30 15:09:34.257: D/dalvikvm(1386): GC_CONCURRENT freed 1303K, 52% free 5164K/10567K, external 2732K/3412K, paused 2ms+3ms
03-30 15:09:34.374: D/dalvikvm(1386): GC_CONCURRENT freed 1303K, 52% free 5164K/10567K, external 2732K/3412K, paused 2ms+4ms
03-30 15:09:34.476: D/dalvikvm(1386): GC_CONCURRENT freed 1271K, 51% free 5184K/10567K, external 2732K/3412K, paused 2ms+3ms
03-30 15:09:34.585: D/dalvikvm(1386): GC_CONCURRENT freed 1309K, 51% free 5183K/10567K, external 2732K/3412K, paused 3ms+3ms
03-30 15:09:34.656: D/dalvikvm(1386): GC_CONCURRENT freed 1347K, 52% free 5140K/10567K, external 2732K/3412K, paused 2ms+4ms
03-30 15:09:34.718: D/dalvikvm(1386): GC_CONCURRENT freed 1280K, 52% free 5156K/10567K, external 2732K/3412K, paused 2ms+3ms
03-30 15:09:34.781: D/dalvikvm(1386): GC_CONCURRENT freed 1310K, 52% free 5140K/10567K, external 2732K/3412K, paused 2ms+3ms
03-30 15:10:14.312: V/DeviceStorageMonitorService(1386): mTotalMemory is 11734999
03-30 15:10:34.906: D/dalvikvm(1386): GC_CONCURRENT freed 1225K, 51% free 5212K/10567K, external 2732K/3412K, paused 2ms+10ms
03-30 15:10:35.218: D/dalvikvm(1386): GC_CONCURRENT freed 1360K, 52% free 5166K/10567K, external 2732K/3412K, paused 6ms+9ms
03-30 15:10:35.531: D/dalvikvm(1386): GC_CONCURRENT freed 1304K, 52% free 5166K/10567K, external 2732K/3412K, paused 7ms+9ms
03-30 15:10:35.835: D/dalvikvm(1386): GC_CONCURRENT freed 1286K, 51% free 5184K/10567K, external 2732K/3412K, paused 6ms+9ms
03-30 15:10:36.109: D/dalvikvm(1386): GC_CONCURRENT freed 1325K, 52% free 5168K/10567K, external 2732K/3412K, paused 6ms+4ms
03-30 15:10:36.226: D/dalvikvm(1386): GC_CONCURRENT freed 1305K, 52% free 5167K/10567K, external 2732K/3412K, paused 3ms+3ms
03-30 15:10:36.335: D/dalvikvm(1386): GC_CONCURRENT freed 1304K, 52% free 5167K/10567K, external 2732K/3412K, paused 2ms+3ms
03-30 15:10:36.437: D/dalvikvm(1386): GC_CONCURRENT freed 1304K, 52% free 5167K/10567K, external 2732K/3412K, paused 3ms+3ms
03-30 15:10:36.531: D/dalvikvm(1386): GC_CONCURRENT freed 1293K, 52% free 5177K/10567K, external 2732K/3412K, paused 2ms+3ms
03-30 15:10:36.632: D/dalvikvm(1386): GC_CONCURRENT freed 1334K, 52% free 5145K/10567K, external 2732K/3412K, paused 2ms+3ms
03-30 15:10:36.695: D/dalvikvm(1386): GC_CONCURRENT freed 1282K, 52% free 5159K/10567K, external 2732K/3412K, paused 2ms+3ms
03-30 15:10:36.757: D/dalvikvm(1386): GC_CONCURRENT freed 1310K, 52% free 5143K/10567K, external 2732K/3412K, paused 2ms+3ms
03-30 15:10:36.812: D/dalvikvm(1386): GC_CONCURRENT freed 1279K, 52% free 5159K/10567K, external 2732K/3412K, paused 2ms+3ms
03-30 15:11:14.312: V/DeviceStorageMonitorService(1386): mTotalMemory is 11734999
03-30 15:11:37.007: D/dalvikvm(1386): GC_CONCURRENT freed 1244K, 51% free 5217K/10567K, external 2732K/3412K, paused 7ms+10ms
03-30 15:11:37.335: D/dalvikvm(1386): GC_CONCURRENT freed 1334K, 51% free 5200K/10567K, external 2732K/3412K, paused 6ms+9ms
03-30 15:11:37.663: D/dalvikvm(1386): GC_CONCURRENT freed 1342K, 52% free 5170K/10567K, external 2732K/3412K, paused 7ms+9ms
03-30 15:11:37.663: D/LAB126(1448): got back button softkey click!
03-30 15:11:37.663: D/LAB126(1448): collapse because of back button
03-30 15:11:37.663: D/LAB126(1448): collapse softkeys
03-30 15:11:37.906: I/LAB126(1448): StatusBarService hears intent. action: com.lab126.intent.TOP_WINDOW_CHANGED
03-30 15:11:37.906: I/LAB126(1448): window changed
03-30 15:11:38.171: E/TiBaseActivity(1914): (main) [225184,779460] Layout cleanup.
03-30 15:11:38.179: D/dalvikvm(1386): GC_CONCURRENT freed 1269K, 51% free 5185K/10567K, external 2732K/3412K, paused 2ms+5ms
03-30 15:11:38.320: D/dalvikvm(1386): GC_CONCURRENT freed 1289K, 51% free 5205K/10567K, external 2732K/3412K, paused 3ms+3ms
03-30 15:11:38.437: D/dalvikvm(1386): GC_CONCURRENT freed 1349K, 52% free 5169K/10567K, external 2732K/3412K, paused 2ms+3ms
03-30 15:11:38.554: D/dalvikvm(1386): GC_CONCURRENT freed 1304K, 52% free 5169K/10567K, external 2732K/3412K, paused 2ms+3ms
03-30 15:11:38.671: D/dalvikvm(1386): GC_CONCURRENT freed 1304K, 52% free 5169K/10567K, external 2732K/3412K, paused 2ms+4ms
03-30 15:11:38.773: D/dalvikvm(1386): GC_CONCURRENT freed 1313K, 52% free 5153K/10567K, external 2732K/3412K, paused 3ms+4ms
03-30 15:11:38.874: D/dalvikvm(1386): GC_CONCURRENT freed 1265K, 51% free 5188K/10567K, external 2732K/3412K, paused 2ms+4ms
03-30 15:11:38.952: D/dalvikvm(1386): GC_CONCURRENT freed 1307K, 51% free 5185K/10567K, external 2732K/3412K, paused 2ms+13ms
03-30 15:11:39.038: D/dalvikvm(1386): GC_CONCURRENT freed 1326K, 52% free 5153K/10567K, external 2732K/3412K, paused 2ms+3ms
03-30 15:11:39.109: D/dalvikvm(1386): GC_CONCURRENT freed 1280K, 52% free 5169K/10567K, external 2732K/3412K, paused 2ms+3ms
03-30 15:11:43.531: D/ActivityManager(1386): Starting: Intent { cmp=com.appcelerator.kitchensinknook/org.appcelerator.titanium.TiActivity (has extras) } from pid 1914
03-30 15:11:43.663: D/Window(1914): Loading window with URL: ../examples/photo_gallery.js
03-30 15:11:43.671: D/Module(1914): Loading module: ../examples/photo_gallery -> Resources/examples/photo_gallery.js
03-30 15:11:43.890: D/ActivityManager(1386): Starting: Intent { act=android.intent.action.PICK cat=[android.intent.category.DEFAULT] typ=image/* cmp=com.cooliris.media/.Gallery (has extras) } from pid 1914
03-30 15:11:43.890: W/ActivityManager(1386): Activity is launching as a new task, so cancelling activity result.
03-30 15:11:44.093: D/TiUIView(1914): (main) [5926,785386] Nativeview is null
03-30 15:11:44.093: E/TiMedia(1914): (main) [1,785387] OnResult called: 0
03-30 15:11:44.101: I/Gallery3D(1941): sending softkey config intent, config: 2, key com.cooliris.media/com.cooliris.media.Gallery
03-30 15:11:44.101: I/LAB126(1448): StatusBarService hears softkey intent. action: com.lab126.intent.ACTION_CONFIG_SOFTKEYS
03-30 15:11:44.124: D/TiUIView(1914): (main) [32,785419] Nativeview is null
03-30 15:11:44.156: I/LAB126(1448): StatusBarService hears intent. action: com.lab126.intent.TOP_WINDOW_CHANGED
03-30 15:11:44.156: I/LAB126(1448): window changed
03-30 15:11:44.296: E/GridDrawManager(1941): There are 3072 display items.
