?:??: W/?(?): --------- beginning of /dev/log/system
03-30 14:57:58.539: I/Vold(1285): Vold 2.1 (the revenge) firing up
03-30 14:57:58.546: D/Vold(1285): Volume sdcard state changing -1 (Initializing) -> 0 (No-Media)
03-30 14:57:58.562: D/Vold(1285): Volume sdcard state changing 0 (No-Media) -> 2 (Pending)
03-30 14:57:58.570: D/Vold(1285): Volume sdcard state changing 2 (Pending) -> 1 (Idle-Unmounted)
03-30 14:57:58.570: W/Vold(1285): Duplicate state (1)
03-30 14:57:58.570: W/Vold(1285): Duplicate state (1)
03-30 14:57:58.570: W/Vold(1285): Duplicate state (1)
03-30 14:57:58.570: W/Vold(1285): Duplicate state (1)
03-30 14:57:58.570: W/Vold(1285): Duplicate state (1)
03-30 14:57:58.570: W/Vold(1285): --------- beginning of /dev/log/main
03-30 14:57:58.734: D/SYSLINKD(1295): MultiProc_getId remoteId: [0x1]
03-30 14:57:58.734: D/SYSLINKD(1295): MultiProc_getId procId: [0x2]
03-30 14:57:58.984: D/AndroidRuntime(1288): >>>>>> AndroidRuntime START com.android.internal.os.ZygoteInit <<<<<<
03-30 14:57:58.984: D/AndroidRuntime(1288): CheckJNI is OFF
03-30 14:57:59.015: D/dalvikvm(1288): creating instr width table
03-30 14:57:59.023: I/(1289): ServiceManager: 0xada8
03-30 14:57:59.031: E/ALSALib(1289): external/alsa-lib/src/control/control.c:902:(snd_ctl_open_noupdate) Invalid CTL AndroidOut
03-30 14:57:59.031: W/AudioHardwareALSA(1289): Unable to attach mixer to device AndroidOut: No such file or directory
03-30 14:57:59.078: E/ALSALib(1289): external/alsa-lib/src/control/control.c:902:(snd_ctl_open_noupdate) Invalid CTL AndroidIn
03-30 14:57:59.078: W/AudioHardwareALSA(1289): Unable to attach mixer to device AndroidIn: No such file or directory
03-30 14:57:59.140: D/Omap4ALSA(1289): OMAP4 ALSA module opened
03-30 14:57:59.140: D/Omap4ALSA(1289): Initializing devices for OMAP4 ALSA module
03-30 14:57:59.140: D/Omap4ALSAModem(1289): Initializing devices for Modem OMAP4 ALSA module
03-30 14:57:59.140: W/Omap4ALSAModem(1289): Use generic Modem interface
03-30 14:57:59.140: V/AudioModemGeneric(1289): AudioModemInterfaceGeneric
03-30 14:57:59.140: V/AudioModemGeneric(1289): Build date: Mar 21 2012 time: 19:38:07
03-30 14:57:59.140: V/AudioModemGeneric(1289): initCheck
03-30 14:57:59.140: I/CameraService(1289): CameraService started (pid=1289)
03-30 14:57:59.140: D/AudioHardwareALSA(1289): openOutputStream called for devices: 0x00000002
03-30 14:57:59.140: D/Omap4ALSA(1289): open called for devices 00000002 in mode 0 channels 00000000...
03-30 14:57:59.164: I/Omap4ALSA(1289): Using ping-pong!
03-30 14:57:59.164: I/Omap4ALSA(1289): Buffer size: 4096
03-30 14:57:59.164: I/Omap4ALSA(1289): Latency: 92879
03-30 14:57:59.210: I/Omap4ALSA(1289): Initialized ALSA PLAYBACK device 'plughw:0,0'
03-30 14:57:59.210: I/AudioHardwareALSA(1289): buffer size (bytes) to AF = 16384
03-30 14:57:59.210: I/AudioFlinger(1289): AudioFlinger's thread 0x57c38 ready to run
03-30 14:57:59.265: D/Omap4ALSA(1289): route called for devices 00000002 in mode 0...
03-30 14:57:59.265: D/SYSLINKD(1295): ProcMgr_open Status [0xca11000]
03-30 14:57:59.273: D/SYSLINKD(1295): ProcMgr_attach status: [0x97d2000]
03-30 14:57:59.273: D/SYSLINKD(1295): After attach: ProcMgr_getState
03-30 14:57:59.273: D/SYSLINKD(1295): state [0x97d2000]
03-30 14:57:59.273: D/SYSLINKD(1295): MultiProc_getId procId: [0x1]
03-30 14:57:59.273: D/SYSLINKD(1295): ProcMgr_open Status [0xca11000]
03-30 14:57:59.273: E/Omap4ALSA(1289): called drain&close
03-30 14:57:59.289: D/SYSLINKD(1295): ProcMgr_attach status: [0x97d2000]
03-30 14:57:59.289: D/SYSLINKD(1295): After attach: ProcMgr_getState
03-30 14:57:59.289: D/SYSLINKD(1295): state [0x97d2000]
03-30 14:57:59.289: D/SYSLINKD(1295): SysM3 Load: loading the SysM3 image /system/lib/ducati/base_image_sys_m3.xem3
03-30 14:57:59.312: D/SYSLINKD(1295): Starting ProcMgr for procID = 2
03-30 14:57:59.531: D/SYSLINKD(1295): AppM3 Load: loading the AppM3 image /system/lib/ducati/base_image_app_m3.xem3
03-30 14:58:00.031: D/SYSLINKD(1295): Starting ProcMgr for procID = 1
03-30 14:58:00.039: I/SamplingProfilerIntegration(1288): Profiler is disabled.
03-30 14:58:00.046: I/Zygote(1288): Preloading classes...
03-30 14:58:00.046: E/Zygote(1288): setreuid() failed. errno: 2
03-30 14:58:00.054: D/dalvikvm(1288): GC_EXPLICIT freed 47K, 77% free 236K/1024K, external 0K/0K, paused 2ms
03-30 14:58:00.101: D/dalvikvm(1288): No JNI_OnLoad found in /system/lib/libidme.so 0x0, skipping init
03-30 14:58:00.210: D/SYSLINKD(1295): SysM3: Creating Ducati DMM pool of size 0x10000000
03-30 14:58:00.210: D/SYSLINKD(1295): SharedRegion_getNumRegions = 4
03-30 14:58:00.210: D/SYSLINKD(1295): SharedRegion_entry #0: base = 0x40d89000 len = 0x54000 ownerProcId = 3 isValid = 1 cacheEnable = 0 cacheLineSize = 0x80 createHeap = 1 name = (null)
03-30 14:58:00.210: D/SYSLINKD(1295): SharedRegion_entry #1: base = 0x40ddd000 len = 0xac000 ownerProcId = 3 isValid = 1 cacheEnable = 0 cacheLineSize = 0x80 createHeap = 1 name = (null)
03-30 14:58:00.210: D/SYSLINKD(1295): SharedRegion_entry #2: base = 0x0 len = 0x0 ownerProcId = 0 isValid = 0 cacheEnable = 1 cacheLineSize = 0x80 createHeap = 0 name = (null)
03-30 14:58:00.210: D/SYSLINKD(1295): SharedRegion_entry #3: base = 0x0 len = 0x0 ownerProcId = 0 isValid = 0 cacheEnable = 1 cacheLineSize = 0x80 createHeap = 0 name = (null)
03-30 14:58:00.210: D/SYSLINKD(1295): heapSize = 0x8100
03-30 14:58:00.210: D/SYSLINKD(1295): Before Memory_alloc = 0x11460
03-30 14:58:00.210: D/SYSLINKD(1295): Before HeapBufMP_Create: [0x40ddd080]
03-30 14:58:00.210: D/SYSLINKD(1295): heapSize1 = 0x18100
03-30 14:58:00.210: D/SYSLINKD(1295): Before HeapBufMP_Create: [0x40de5180]
03-30 14:58:00.210: D/SYSLINKD(1295): === SysLink-IPC setup completed successfully!===
03-30 14:58:00.210: D/SYSLINKD(1295): ipcSetup succeeded!
03-30 14:58:00.210: D/SYSLINKD(1295): Create SysM3 event handler thread
03-30 14:58:00.210: D/SYSLINKD(1295): Create AppM3 event handler thread
03-30 14:58:00.828: W/Zygote(1288): Class not found for preloading: android.widget.TextView$SelectionModifierCursorController$1
03-30 14:58:01.265: D/dalvikvm(1288): GC_FOR_MALLOC freed 2935K, 58% free 2188K/5123K, external 0K/0K, paused 45ms
03-30 14:58:01.515: D/dalvikvm(1288): GC_FOR_MALLOC freed 2653K, 52% free 2466K/5123K, external 0K/0K, paused 31ms
03-30 14:58:02.359: I/Zygote(1288): ...preloaded 1829 classes in 2306ms.
03-30 14:58:02.359: E/Zygote(1288): setreuid() failed. errno: 17
03-30 14:58:02.382: D/dalvikvm(1288): GC_EXPLICIT freed 850K, 49% free 2657K/5123K, external 0K/0K, paused 27ms
03-30 14:58:02.382: I/Zygote(1288): Preloading resources...
03-30 14:58:02.414: D/dalvikvm(1288): GC_EXTERNAL_ALLOC freed 25K, 49% free 2634K/5123K, external 0K/0K, paused 21ms
03-30 14:58:02.421: W/Zygote(1288): Preloaded drawable resource #0x1080093 (res/drawable-mdpi/sym_def_app_icon.png) that varies with configuration!!
03-30 14:58:02.421: W/Zygote(1288): Preloaded drawable resource #0x1080002 (res/drawable-mdpi/arrow_down_float.png) that varies with configuration!!
03-30 14:58:02.429: W/Zygote(1288): Preloaded drawable resource #0x10800b7 (res/drawable/btn_check.xml) that varies with configuration!!
03-30 14:58:02.429: W/Zygote(1288): Preloaded drawable resource #0x10800ba (res/drawable-mdpi/btn_check_label_background.9.png) that varies with configuration!!
03-30 14:58:02.429: W/Zygote(1288): Preloaded drawable resource #0x10800bb (res/drawable-mdpi/btn_check_off.png) that varies with configuration!!
03-30 14:58:02.429: W/Zygote(1288): Preloaded drawable resource #0x10800c0 (res/drawable-mdpi/btn_check_on.png) that varies with configuration!!
03-30 14:58:02.437: W/Zygote(1288): Preloaded drawable resource #0x1080004 (res/drawable/btn_default.xml) that varies with configuration!!
03-30 14:58:02.437: W/Zygote(1288): Preloaded drawable resource #0x1080005 (res/drawable/btn_default_small.xml) that varies with configuration!!
03-30 14:58:02.445: W/Zygote(1288): Preloaded drawable resource #0x1080006 (res/drawable/btn_dropdown.xml) that varies with configuration!!
03-30 14:58:02.453: W/Zygote(1288): Preloaded drawable resource #0x1080008 (res/drawable/btn_plus.xml) that varies with configuration!!
03-30 14:58:02.453: W/Zygote(1288): Preloaded drawable resource #0x1080007 (res/drawable/btn_minus.xml) that varies with configuration!!
03-30 14:58:02.460: W/Zygote(1288): Preloaded drawable resource #0x1080009 (res/drawable/btn_radio.xml) that varies with configuration!!
03-30 14:58:02.460: W/Zygote(1288): Preloaded drawable resource #0x108000a (res/drawable/btn_star.xml) that varies with configuration!!
03-30 14:58:02.468: W/Zygote(1288): Preloaded drawable resource #0x1080142 (res/drawable/btn_toggle.xml) that varies with configuration!!
03-30 14:58:02.468: W/Zygote(1288): Preloaded drawable resource #0x10801ac (res/drawable-mdpi/ic_emergency.png) that varies with configuration!!
03-30 14:58:02.468: W/Zygote(1288): Preloaded drawable resource #0x1080012 (res/drawable-mdpi/divider_horizontal_bright.9.png) that varies with configuration!!
03-30 14:58:02.468: W/Zygote(1288): Preloaded drawable resource #0x1080014 (res/drawable-mdpi/divider_horizontal_dark.9.png) that varies with configuration!!
03-30 14:58:02.468: W/Zygote(1288): Preloaded drawable resource #0x1080016 (res/drawable/edit_text.xml) that varies with configuration!!
03-30 14:58:02.468: W/Zygote(1288): Preloaded drawable resource #0x1080185 (res/drawable/expander_group.xml) that varies with configuration!!
03-30 14:58:02.476: W/Zygote(1288): Preloaded drawable resource #0x1080062 (res/drawable/list_selector_background.xml) that varies with configuration!!
03-30 14:58:02.476: W/Zygote(1288): Preloaded drawable resource #0x1080249 (res/drawable-mdpi/menu_background.9.png) that varies with configuration!!
03-30 14:58:02.476: W/Zygote(1288): Preloaded drawable resource #0x108024a (res/drawable-mdpi/menu_background_fill_parent_width.9.png) that varies with configuration!!
03-30 14:58:02.484: W/Zygote(1288): Preloaded drawable resource #0x108024b (res/drawable/menu_selector.xml) that varies with configuration!!
03-30 14:58:02.484: W/Zygote(1288): Preloaded drawable resource #0x108025a (res/drawable-mdpi/panel_background.9.png) that varies with configuration!!
03-30 14:58:02.484: W/Zygote(1288): Preloaded drawable resource #0x1080262 (res/drawable-mdpi/popup_bottom_bright.9.png) that varies with configuration!!
03-30 14:58:02.484: W/Zygote(1288): Preloaded drawable resource #0x1080263 (res/drawable-mdpi/popup_bottom_dark.9.png) that varies with configuration!!
03-30 14:58:02.484: W/Zygote(1288): Preloaded drawable resource #0x1080264 (res/drawable-mdpi/popup_bottom_medium.9.png) that varies with configuration!!
03-30 14:58:02.484: W/Zygote(1288): Preloaded drawable resource #0x1080265 (res/drawable-mdpi/popup_center_bright.9.png) that varies with configuration!!
03-30 14:58:02.484: W/Zygote(1288): Preloaded drawable resource #0x1080266 (res/drawable-mdpi/popup_center_dark.9.png) that varies with configuration!!
03-30 14:58:02.484: W/Zygote(1288): Preloaded drawable resource #0x1080269 (res/drawable-mdpi/popup_full_dark.9.png) that varies with configuration!!
03-30 14:58:02.507: D/dalvikvm(1288): GC_EXTERNAL_ALLOC freed 45K, 48% free 2690K/5123K, external 662K/668K, paused 23ms
03-30 14:58:02.507: W/Zygote(1288): Preloaded drawable resource #0x108026c (res/drawable-mdpi/popup_top_bright.9.png) that varies with configuration!!
03-30 14:58:02.507: W/Zygote(1288): Preloaded drawable resource #0x108026d (res/drawable-mdpi/popup_top_dark.9.png) that varies with configuration!!
03-30 14:58:02.515: W/Zygote(1288): Preloaded drawable resource #0x108006d (res/drawable/progress_indeterminate_horizontal.xml) that varies with configuration!!
03-30 14:58:02.515: W/Zygote(1288): Preloaded drawable resource #0x1080273 (res/drawable/progress_small.xml) that varies with configuration!!
03-30 14:58:02.515: W/Zygote(1288): Preloaded drawable resource #0x1080274 (res/drawable/progress_small_titlebar.xml) that varies with configuration!!
03-30 14:58:02.515: W/Zygote(1288): Preloaded drawable resource #0x1080294 (res/drawable-mdpi/scrollbar_handle_horizontal.9.png) that varies with configuration!!
03-30 14:58:02.515: W/Zygote(1288): Preloaded drawable resource #0x1080295 (res/drawable-mdpi/scrollbar_handle_vertical.9.png) that varies with configuration!!
03-30 14:58:02.515: W/Zygote(1288): Preloaded drawable resource #0x1080071 (res/drawable/spinner_dropdown_background.xml) that varies with configuration!!
03-30 14:58:02.515: W/Zygote(1288): Preloaded drawable resource #0x108033c (res/drawable-mdpi/text_select_handle_left.png) that varies with configuration!!
03-30 14:58:02.515: W/Zygote(1288): Preloaded drawable resource #0x108033d (res/drawable-mdpi/text_select_handle_middle.png) that varies with configuration!!
03-30 14:58:02.515: W/Zygote(1288): Preloaded drawable resource #0x108033e (res/drawable-mdpi/text_select_handle_right.png) that varies with configuration!!
03-30 14:58:02.523: W/Zygote(1288): Preloaded drawable resource #0x108035f (res/drawable-mdpi/title_bar_shadow.9.png) that varies with configuration!!
03-30 14:58:02.523: W/Zygote(1288): Preloaded drawable resource #0x10801ee (res/drawable-mdpi/indicator_code_lock_drag_direction_green_up.png) that varies with configuration!!
03-30 14:58:02.523: W/Zygote(1288): Preloaded drawable resource #0x10801ef (res/drawable-mdpi/indicator_code_lock_drag_direction_red_up.png) that varies with configuration!!
03-30 14:58:02.523: W/Zygote(1288): Preloaded drawable resource #0x10801f0 (res/drawable-mdpi/indicator_code_lock_point_area_default.png) that varies with configuration!!
03-30 14:58:02.523: W/Zygote(1288): Preloaded drawable resource #0x10801f1 (res/drawable-mdpi/indicator_code_lock_point_area_green.png) that varies with configuration!!
03-30 14:58:02.523: W/Zygote(1288): Preloaded drawable resource #0x10801f2 (res/drawable-mdpi/indicator_code_lock_point_area_red.png) that varies with configuration!!
03-30 14:58:02.523: I/Zygote(1288): ...preloaded 51 resources in 144ms.
03-30 14:58:02.531: I/Zygote(1288): ...preloaded 15 resources in 4ms.
03-30 14:58:02.554: D/dalvikvm(1288): GC_EXPLICIT freed 27K, 48% free 2710K/5123K, external 847K/1181K, paused 22ms
03-30 14:58:02.578: D/dalvikvm(1288): GC_EXPLICIT freed 12K, 48% free 2698K/5123K, external 847K/1181K, paused 21ms
03-30 14:58:02.601: D/dalvikvm(1288): GC_EXPLICIT freed 1K, 48% free 2697K/5123K, external 847K/1181K, paused 22ms
03-30 14:58:02.601: I/dalvikvm(1288): System server process 1386 has been created
03-30 14:58:02.601: I/Zygote(1288): Accepting command socket connections
03-30 14:58:02.671: I/sysproc(1386): Entered system_init()
03-30 14:58:02.671: I/sysproc(1386): ServiceManager: 0x126888
03-30 14:58:02.671: I/SurfaceFlinger(1386): SurfaceFlinger is starting
03-30 14:58:02.671: I/SurfaceFlinger(1386): SurfaceFlinger's main thread ready to run. Initializing graphics H/W...
03-30 14:58:02.671: E/SurfaceFlinger(1386): Couldn't open /sys/power/wait_for_fb_sleep or /sys/power/wait_for_fb_wake
03-30 14:58:02.718: E/FramebufferNativeWindow(1386): 2 buffers flip-chain implementation enabled
03-30 14:58:02.718: D/TIOverlay(1386): LCD[0] NAME[lcd2]
03-30 14:58:02.718: D/TIOverlay(1386): LCD[0] PATH[/sys/devices/platform/omapdss/display0/enabled]
03-30 14:58:02.718: D/TIOverlay(1386): LCD[0] timings[46000,1024/160/150/10,600/12/20/3
03-30 14:58:02.718: D/TIOverlay(1386): ]
03-30 14:58:02.718: E/TIOverlay(1386): Can't open the file[/sys/devices/platform/omapdss/display1/name]
03-30 14:58:02.718: D/TIOverlay(1386): lcd name get failed (maybe because device has less displays than max allowed)
03-30 14:58:02.718: D/TIOverlay(1386): MANAGER[0] NAME[lcd]
03-30 14:58:02.718: D/TIOverlay(1386): MANAGER[1] NAME[tv]
03-30 14:58:02.718: D/TIOverlay(1386): MANAGER[2] NAME[2lcd]
03-30 14:58:02.726: D/libEGL(1386): loaded /system/lib/egl/libGLES_android.so
03-30 14:58:02.734: D/libEGL(1386): loaded /vendor/lib/egl/libEGL_POWERVR_SGX540_120.so
03-30 14:58:02.757: D/libEGL(1386): loaded /vendor/lib/egl/libGLESv1_CM_POWERVR_SGX540_120.so
03-30 14:58:02.765: D/libEGL(1386): loaded /vendor/lib/egl/libGLESv2_POWERVR_SGX540_120.so
03-30 14:58:02.804: E/libEGL(1386): eglSetSwapRectangleANDROID:1844 error 3008 (EGL_BAD_DISPLAY)
03-30 14:58:02.804: I/SurfaceFlinger(1386): EGL informations:
03-30 14:58:02.804: I/SurfaceFlinger(1386): # of configs : 36
03-30 14:58:02.804: I/SurfaceFlinger(1386): vendor : Android
03-30 14:58:02.804: I/SurfaceFlinger(1386): version : 1.4 Android META-EGL
03-30 14:58:02.804: I/SurfaceFlinger(1386): extensions: EGL_KHR_image EGL_KHR_image_base EGL_KHR_image_pixmap EGL_ANDROID_image_native_buffer EGL_ANDROID_swap_rectangle
03-30 14:58:02.804: I/SurfaceFlinger(1386): Client API: OpenGL ES
03-30 14:58:02.804: I/SurfaceFlinger(1386): EGLSurface: 8-8-8-8, config=0x1
03-30 14:58:02.804: I/SurfaceFlinger(1386): OpenGL informations:
03-30 14:58:02.804: I/SurfaceFlinger(1386): vendor : Imagination Technologies
03-30 14:58:02.804: I/SurfaceFlinger(1386): renderer : PowerVR SGX 540
03-30 14:58:02.804: I/SurfaceFlinger(1386): version : OpenGL ES-CM 1.1
03-30 14:58:02.804: I/SurfaceFlinger(1386): extensions: GL_OES_byte_coordinates GL_OES_fixed_point GL_OES_single_precision GL_OES_matrix_get GL_OES_read_format GL_OES_compressed_paletted_texture GL_OES_point_sprite GL_OES_point_size_array GL_OES_matrix_palette GL_OES_draw_texture GL_OES_query_matrix GL_OES_texture_env_crossbar GL_OES_texture_mirrored_repeat GL_OES_texture_cube_map GL_OES_blend_subtract GL_OES_blend_func_separate GL_OES_blend_equation_separate GL_OES_stencil_wrap GL_OES_extended_matrix_palette GL_OES_framebuffer_object GL_OES_rgb8_rgba8 GL_OES_depth24 GL_OES_stencil8 GL_OES_compressed_ETC1_RGB8_texture GL_OES_mapbuffer GL_OES_EGL_image GL_EXT_multi_draw_arrays GL_OES_required_internalformat GL_IMG_read_format GL_IMG_texture_compression_pvrtc GL_IMG_texture_format_BGRA8888 GL_EXT_texture_format_BGRA8888 GL_IMG_texture_stream GL_OES_egl_sync GL_IMG_vertex_array_object
03-30 14:58:02.804: I/SurfaceFlinger(1386): GL_MAX_TEXTURE_SIZE = 2048
03-30 14:58:02.804: I/SurfaceFlinger(1386): GL_MAX_VIEWPORT_DIMS = 2048
03-30 14:58:02.804: I/SurfaceFlinger(1386): flags = 00010000
03-30 14:58:02.804: D/SensorService(1386): nuSensorService starting...
03-30 14:58:02.835: D/libEGL(1399): loaded /system/lib/egl/libGLES_android.so
03-30 14:58:02.835: D/libEGL(1399): loaded /vendor/lib/egl/libEGL_POWERVR_SGX540_120.so
03-30 14:58:02.835: D/libEGL(1399): loaded /vendor/lib/egl/libGLESv1_CM_POWERVR_SGX540_120.so
03-30 14:58:02.835: D/libEGL(1399): loaded /vendor/lib/egl/libGLESv2_POWERVR_SGX540_120.so
03-30 14:58:03.351: W/zipro(1399): Unable to open zip '/data/local/bootanimation.zip': No such file or directory
03-30 14:58:03.421: E/SurfaceFlinger(1386): eglSwapBuffers: EGL error 0x3008 (EGL_BAD_DISPLAY)
03-30 14:58:03.625: E/Sensors(1386): couldn't find 'detect' input device
03-30 14:58:03.656: I/SensorService(1386): BMA250 3-axis Accelerometer
03-30 14:58:03.656: D/SensorService(1386): nuSensorService thread starting...
03-30 14:58:03.656: I/sysproc(1386): System server: starting Android runtime.
03-30 14:58:03.656: I/sysproc(1386): System server: starting Android services.
03-30 14:58:03.656: I/sysproc(1386): System server: entering thread pool.
03-30 14:58:03.656: I/SystemServer(1386): Entered the Android system server!
03-30 14:58:03.656: I/SystemServer(1386): Entropy Service
03-30 14:58:04.203: I/SystemServer(1386): Power Manager
03-30 14:58:04.218: I/SystemServer(1386): Activity Manager
03-30 14:58:04.242: I/ActivityManager(1386): Memory class: 64
03-30 14:58:04.429: D/dalvikvm(1386): GC_CONCURRENT freed 53K, 45% free 3072K/5575K, external 847K/1181K, paused 4ms+6ms
03-30 14:58:04.859: I/SystemServer(1386): Telephony Registry
03-30 14:58:04.859: I/SystemServer(1386): Package Manager
03-30 14:58:05.976: I/Installer(1386): connecting...
03-30 14:58:05.984: I/installd(1291): new connection
03-30 14:58:06.046: D/dalvikvm(1386): GC_CONCURRENT freed 335K, 47% free 3249K/6023K, external 847K/1181K, paused 6ms+6ms
03-30 14:58:06.468: D/dalvikvm(1386): GC_CONCURRENT freed 383K, 47% free 3349K/6215K, external 847K/1181K, paused 5ms+17ms
03-30 14:58:06.640: W/ResourceType(1386): Failure getting entry for 0x7f020086 (t=1 e=134) in package 0 (error -75)
03-30 14:58:06.664: W/PackageManager(1386): Permission com.amazon.permission.GLOBAL_SYNC from package com.amazon.mp3 ignored: original from com.lab126.otter
03-30 14:58:06.679: I/PackageManager(1386): removed obsolete native libraries for system package /system/app/air_runtime.apk
03-30 14:58:06.687: D/szipinf(1386): Initializing inflate state
03-30 14:58:06.976: D/dalvikvm(1386): GC_CONCURRENT freed 153K, 42% free 3675K/6279K, external 847K/1181K, paused 1ms+4ms
03-30 14:58:07.117: I/PackageParser(1386): com.amazon.kindle.otter.oobe: compat added android.permission.WRITE_EXTERNAL_STORAGE android.permission.READ_PHONE_STATE
03-30 14:58:07.289: D/szipinf(1386): Initializing inflate state
03-30 14:58:07.320: W/ResourceType(1386): Failure getting entry for 0x7f0e00b7 (t=13 e=183) in package 0 (error -75)
03-30 14:58:07.500: D/dalvikvm(1386): GC_CONCURRENT freed 239K, 41% free 3911K/6599K, external 847K/1181K, paused 3ms+14ms
03-30 14:58:07.734: D/szipinf(1386): Initializing inflate state
03-30 14:58:07.859: W/PackageParser(1386): Unknown element under : permission at /system/app/AmazonVenezia.apk Binary XML file line #40
03-30 14:58:07.914: D/szipinf(1386): Initializing inflate state
03-30 14:58:07.953: D/PackageManager(1386): No files in app dir /vendor/app
03-30 14:58:07.968: I/PackageManager(1386): Unpacking native libraries for package com.appcelerator.kitchensinknook
03-30 14:58:08.015: D/dalvikvm(1386): GC_CONCURRENT freed 242K, 39% free 4232K/6919K, external 847K/1181K, paused 2ms+5ms
03-30 14:58:10.367: I/PackageManager(1386): Unpacking native libraries for package com.appcelerator.analyticsTest
03-30 14:58:12.625: I/PackageManager(1386): Unpacking native libraries for package com.aaa
03-30 14:58:12.656: D/szipinf(1386): Initializing inflate state
03-30 14:58:12.703: I/PackageManager(1386): Unpacking native libraries for package com.estrongs.android.pop
03-30 14:58:12.781: I/PackageManager(1386): Time to scan packages: 6.444 seconds
03-30 14:58:12.781: W/PackageManager(1386): Not granting permission com.amazon.dcp.metrics.permission.METRICS_PERMISSION to package com.imdb.mobile (protectionLevel=2 flags=0x8be45)
03-30 14:58:12.781: W/PackageManager(1386): Unknown permission com.google.android.googleapps.permission.GOOGLE_AUTH.mail in package com.android.contacts
03-30 14:58:12.796: W/PackageManager(1386): Unknown permission android.permission.DEVICE_ADMIN in package com.lab126.otter
03-30 14:58:12.796: W/PackageManager(1386): Unknown permission com.google.android.googleapps.permission.GOOGLE_AUTH in package com.android.providers.calendar
03-30 14:58:12.796: W/PackageManager(1386): Unknown permission com.google.android.googleapps.permission.GOOGLE_AUTH.cl in package com.android.providers.calendar
03-30 14:58:12.796: W/PackageManager(1386): Unknown permission org.thialfihar.android.apg.permission.READ_KEY_DETAILS in package com.amazon.email
03-30 14:58:12.796: W/PackageManager(1386): Not granting permission com.amazon.dcp.metrics.permission.METRICS_PERMISSION to package com.cooliris.media (protectionLevel=2 flags=0x8bc45)
03-30 14:58:12.804: W/PackageManager(1386): Unknown permission com.google.android.googleapps.permission.GOOGLE_AUTH in package com.android.providers.contacts
03-30 14:58:12.804: W/PackageManager(1386): Unknown permission com.google.android.googleapps.permission.GOOGLE_AUTH.cp in package com.android.providers.contacts
03-30 14:58:12.804: W/PackageManager(1386): Unknown permission com.google.android.gm.permission.WRITE_GMAIL in package com.android.settings
03-30 14:58:12.804: W/PackageManager(1386): Unknown permission com.google.android.gm.permission.READ_GMAIL in package com.android.settings
03-30 14:58:12.804: W/PackageManager(1386): Unknown permission com.google.android.googleapps.permission.GOOGLE_AUTH in package com.android.settings
03-30 14:58:12.812: W/PackageManager(1386): Unknown permission com.android.launcher.permission.READ_SETTINGS in package com.android.settings
03-30 14:58:12.812: W/PackageManager(1386): Unknown permission com.android.launcher.permission.WRITE_SETTINGS in package com.android.settings
03-30 14:58:12.812: W/PackageManager(1386): Unknown permission com.android.launcher.permission.INSTALL_SHORTCUT in package com.amazon.cloud9
03-30 14:58:12.820: W/PackageManager(1386): Unknown permission android.webkit.permission.PLUGIN in package com.adobe.flashplayer
03-30 14:58:12.820: W/PackageManager(1386): Unknown permission com.google.android.providers.gmail.permission.WRITE_GMAIL in package com.qo.android.oemvc
03-30 14:58:12.820: W/PackageManager(1386): Unknown permission com.google.android.providers.gmail.permission.READ_GMAIL in package com.qo.android.oemvc
03-30 14:58:12.820: W/PackageManager(1386): Unknown permission com.google.android.gm.permission.READ_GMAIL in package com.qo.android.oemvc
03-30 14:58:12.820: W/PackageManager(1386): Unknown permission com.google.android.gm.permission.WRITE_GMAIL in package com.qo.android.oemvc
03-30 14:58:12.820: W/PackageManager(1386): Unknown permission android.permission.READ_OWNER_DATA in package com.qo.android.oemvc
03-30 14:58:12.820: W/PackageManager(1386): Unknown permission com.android.email.permission.ACCESS_PROVIDER in package com.qo.android.oemvc
03-30 14:58:12.820: W/PackageManager(1386): Unknown permission com.android.launcher.permission.INSTALL_SHORTCUT in package com.estrongs.android.pop
03-30 14:58:12.820: W/PackageManager(1386): Unknown permission com.android.launcher.permission.UNINSTALL_SHORTCUT in package com.estrongs.android.pop
03-30 14:58:12.820: W/PackageManager(1386): Unknown permission com.estrongs.android.pop.PERMISSION in package com.estrongs.android.pop
03-30 14:58:12.820: W/PackageManager(1386): Not granting permission com.amazon.dcp.metrics.permission.METRICS_PERMISSION to package com.alphonso.pulse (protectionLevel=2 flags=0x8be45)
03-30 14:58:12.929: D/dalvikvm(1386): GC_CONCURRENT freed 410K, 40% free 4454K/7303K, external 847K/1181K, paused 6ms+11ms
03-30 14:58:13.289: D/dalvikvm(1386): GC_EXPLICIT freed 410K, 44% free 4099K/7303K, external 847K/1181K, paused 94ms
03-30 14:58:13.296: I/SystemServer(1386): Account Manager
03-30 14:58:13.390: I/SystemServer(1386): Content Manager
03-30 14:58:13.484: I/SystemServer(1386): System Content Providers
03-30 14:58:13.492: I/ActivityThread(1386): Pub settings: com.android.providers.settings.SettingsProvider
03-30 14:58:13.500: D/ContentProvider(1386): Error creating Video folder.
03-30 14:58:13.500: D/ContentProvider(1386): Error creating Pictures folder.
03-30 14:58:13.515: I/SystemServer(1386): Battery Service
03-30 14:58:13.523: D/SettingsProvider(1386): cache for settings table 'secure' rows=25; fullycached=true
03-30 14:58:13.539: D/SettingsProvider(1386): cache for settings table 'system' rows=47; fullycached=true
03-30 14:58:13.546: I/SystemServer(1386): Lights Service
03-30 14:58:13.554: I/SystemServer(1386): Vibrator Service
03-30 14:58:13.570: I/SystemServer(1386): Alarm Manager
03-30 14:58:13.578: I/SystemServer(1386): Init Watchdog
03-30 14:58:13.578: I/SystemServer(1386): Window Manager
03-30 14:58:13.585: I/InputManager(1386): Initializing input manager
03-30 14:58:13.593: D/KeyguardUpdateMonitor(1386): DEVICE_PROVISIONED was true during init
03-30 14:58:13.617: I/InputManager(1386): Starting input manager
03-30 14:58:13.617: I/SystemServer(1386): Bluetooth Service
03-30 14:58:13.625: I/BluetoothProfileState(1386): Message:Entering Stable State
03-30 14:58:13.625: I/BluetoothProfileState(1386): Message:Entering Stable State
03-30 14:58:13.632: I/SystemServer(1386): Device Policy
03-30 14:58:13.632: I/SystemServer(1386): Status Bar
03-30 14:58:13.640: I/SystemServer(1386): Clipboard Service
03-30 14:58:13.640: I/SystemServer(1386): Input Method Service
03-30 14:58:13.648: I/InputManagerService(1386): Enabled input methods: com.android.inputmethod.latin/.LatinIME
03-30 14:58:13.648: I/SystemServer(1386): NetStat Service
03-30 14:58:13.648: I/SystemServer(1386): NetworkManagement Service
03-30 14:58:13.648: I/SystemServer(1386): Connectivity Service
03-30 14:58:13.679: I/WifiService(1386): WifiService starting up with Wi-Fi enabled
03-30 14:58:13.687: I/EventHub(1386): New device: path=/dev/input/event3 name=OMAP4_KC1-ABE Headset Jack id=0x20000 (of 0x1) index=1 fd=97 classes=0x80
03-30 14:58:13.687: D/NetworkManagmentService(1386): Registering observer
03-30 14:58:13.695: I/SystemServer(1386): Throttle Service
03-30 14:58:13.703: I/SystemServer(1386): Thermal Observer
03-30 14:58:13.703: I/SystemServer(1386): Accessibility Manager
03-30 14:58:13.710: I/SystemServer(1386): Mount Service
03-30 14:58:13.718: I/EventHub(1386): New keyboard: device->id=0x10001 devname='ilitek_i2c' propName='hw.keyboards.65537.devname' keylayout='/system/usr/keylayout/qwerty.kl'
03-30 14:58:13.718: I/EventHub(1386): New device: path=/dev/input/event1 name=ilitek_i2c id=0x10001 (of 0x2) index=2 fd=101 classes=0x15
03-30 14:58:13.718: I/SystemServer(1386): Notification Manager
03-30 14:58:13.726: I/PackageManager(1386): Updating external media status from unmounted to unmounted
03-30 14:58:13.726: I/SystemServer(1386): Device Storage Monitor
03-30 14:58:13.726: D/VoldCmdListener(1285): volume list
03-30 14:58:13.726: V/DeviceStorageMonitorService(1386): mTotalMemory is 11734999
03-30 14:58:13.726: D/devicestoragemonitor(1386): starting bg thread to monitor internal storage usage
03-30 14:58:13.734: D/VoldCmdListener(1285): share status ums
03-30 14:58:13.734: I/SystemServer(1386): Location Manager
03-30 14:58:13.734: D/devicestoragemonitor(1386): internal storage not mounted
03-30 14:58:13.734: I/SystemServer(1386): Search Service
03-30 14:58:13.742: I/EventHub(1386): New keyboard: device->id=0x10002 devname='twl4030_pwrbutton' propName='hw.keyboards.65538.devname' keylayout='/system/usr/keylayout/qwerty.kl'
03-30 14:58:13.742: I/EventHub(1386): New device: path=/dev/input/event2 name=twl4030_pwrbutton id=0x10002 (of 0x3) index=3 fd=106 classes=0x1
03-30 14:58:13.757: I/InputReader(1386): Device added: id=0x10002, name=twl4030_pwrbutton, sources=00000101
03-30 14:58:13.757: I/InputReader(1386): Device added: id=0x0, name=ilitek_i2c, sources=00001103
03-30 14:58:13.757: I/InputReader(1386): Device added: id=0x20000, name=OMAP4_KC1-ABE Headset Jack, sources=00000000
03-30 14:58:13.757: I/InputManager-Callbacks(1386): No input device calibration properties found for device twl4030_pwrbutton.
03-30 14:58:13.757: I/InputManager-Callbacks(1386): No input device calibration properties found for device ilitek_i2c.
03-30 14:58:13.757: I/InputManager-Callbacks(1386): No input device calibration properties found for device OMAP4_KC1-ABE Headset Jack.
03-30 14:58:13.757: I/SystemServer(1386): DropBox Service
03-30 14:58:13.757: I/SystemServer(1386): Wallpaper Service
03-30 14:58:13.867: I/SystemServer(1386): Audio Service
03-30 14:58:13.921: D/dalvikvm(1386): GC_CONCURRENT freed 151K, 40% free 4435K/7303K, external 847K/1181K, paused 7ms+8ms
03-30 14:58:13.953: W/AudioPolicyManagerBase(1289): setPhoneState() setting same state 0
03-30 14:58:13.960: E/BluetoothHeadset(1386): Could not bind to Bluetooth Headset Service
03-30 14:58:13.960: W/ActivityManager(1386): Unable to start service Intent { act=android.bluetooth.IBluetoothHeadset }: not found
03-30 14:58:13.968: I/SystemServer(1386): Headset Observer
03-30 14:58:13.968: I/SystemServer(1386): HDMI Observer
03-30 14:58:13.968: W/HDMIObserver(1386): This kernel does not have hdmi support
03-30 14:58:13.968: I/SystemServer(1386): Dock Observer
03-30 14:58:13.968: W/DockObserver(1386): This kernel does not have dock station support
03-30 14:58:13.968: I/SystemServer(1386): USB Service
03-30 14:58:13.976: W/UsbDeviceSettingsManager(1386): settings file not found
03-30 14:58:13.976: I/SystemServer(1386): UI Mode Manager Service
03-30 14:58:13.984: I/SystemServer(1386): Backup Service
03-30 14:58:14.000: V/BackupManagerService(1386): No ancestral data
03-30 14:58:14.078: D/Tethering(1386): tiwlan0 is not a tetherable iface, ignoring
03-30 14:58:14.132: I/BackupManagerService(1386): Found stale backup journal, scheduling
03-30 14:58:14.140: I/BackupManagerService(1386): com.android.inputmethod.latin
03-30 14:58:14.140: I/BackupManagerService(1386): com.android.providers.userdictionary
03-30 14:58:14.140: I/BackupManagerService(1386): android
03-30 14:58:14.140: I/BackupManagerService(1386): com.android.providers.settings
03-30 14:58:14.140: I/BackupManagerService(1386): Backup enabled => false
03-30 14:58:14.140: I/SystemServer(1386): AppWidget Service
03-30 14:58:14.148: I/SystemServer(1386): Recognition Service
03-30 14:58:14.148: I/SystemServer(1386): DiskStats Service
03-30 14:58:14.148: I/SystemServer(1386): TimeService Service
03-30 14:58:14.156: I/SystemServer(1386): CaptiveWifiService Service
03-30 14:58:14.164: I/SystemServer(1386): ResourceMonitor Service
03-30 14:58:14.171: I/SystemServer(1386): ChargeProtectionService Service
03-30 14:58:14.656: I/ChargeProtectionService(1386): Starting charge protection service...
03-30 14:58:14.656: I/SystemServer(1386): WakelogDebugService Service
03-30 14:58:14.656: I/SystemServer(1386): UiCloningService
03-30 14:58:14.671: I/WindowManager(1386): SAFE MODE not enabled
03-30 14:58:14.671: D/dalvikvm(1386): JIT started for system_server
03-30 14:58:14.687: I/power(1386): *** set_screen_state 1
03-30 14:58:14.695: D/PowerManagerService(1386): system ready!
03-30 14:58:14.695: I/ActivityManager(1386): Config changed: { scale=1.0 imsi=0/0 loc=en_US touch=3 keys=1/1/2 nav=1/1 orien=1 layout=268435491 uiMode=0 seq=1}
03-30 14:58:14.703: I/ActivityManager(1386): System now ready
03-30 14:58:14.710: I/Zygote(1386): Process: zygote socket opened
03-30 14:58:14.710: I/SystemServer(1386): Making services ready
03-30 14:58:14.710: I/StatusBarManagerService(1386): Starting service: ComponentInfo{com.android.systemui/com.android.systemui.statusbar.StatusBarService}
03-30 14:58:14.726: I/ActivityManager(1386): Start proc com.android.systemui for service com.android.systemui/.statusbar.StatusBarService: pid=1448 uid=1000 gids={3003}
03-30 14:58:14.726: I/ActivityManager(1386): Config changed: { scale=1.0 imsi=0/0 loc=en_US touch=3 keys=1/1/2 nav=1/1 orien=1 layout=268435491 uiMode=17 seq=2}
03-30 14:58:14.726: W/RecognitionManagerService(1386): no available voice recognition services found
03-30 14:58:14.734: E/LockScreen(1386): drawable resources >>> android
03-30 14:58:14.812: D/szipinf(1386): Initializing inflate state
03-30 14:58:14.882: D/dalvikvm(1386): GC_CONCURRENT freed 369K, 38% free 4751K/7559K, external 847K/1181K, paused 2ms+3ms
03-30 14:58:14.898: I/ActivityManager(1386): Start proc com.android.inputmethod.latin for service com.android.inputmethod.latin/.LatinIME: pid=1456 uid=10015 gids={}
03-30 14:58:14.914: D/NetworkManagmentService(1386): Registering observer
03-30 14:58:14.929: D/ActivityManager(1386): Starting: Intent { act=android.intent.action.MAIN cat=[android.intent.category.HOME] flg=0x10000000 cmp=com.amazon.kindle.otter/.Launcher } from pid 0
03-30 14:58:14.937: D/SntpClient(1386): request time failed: java.net.UnknownHostException: ntp-g7g.amazon.com
03-30 14:58:14.937: D/SntpClient(1386): request time failed: java.net.UnknownHostException: ntp-g7g.amazon.com
03-30 14:58:14.937: I/ActivityManager(1386): Start proc com.amazon.kindle.otter for activity com.amazon.kindle.otter/.Launcher: pid=1462 uid=32009 gids={3003, 1015}
03-30 14:58:14.968: I/ChargeProtectionService(1386): Battery discharging, resuming charging
03-30 14:58:14.984: E/LockScreen(1386): res=17302374, name='wallpaper_01_2422'
03-30 14:58:14.984: E/LockScreen(1386): res=17302375, name='wallpaper_02_1953'
03-30 14:58:14.984: E/LockScreen(1386): res=17302376, name='wallpaper_03_6474'
03-30 14:58:14.984: E/LockScreen(1386): res=17302377, name='wallpaper_04_5588'
03-30 14:58:14.984: E/LockScreen(1386): res=17302378, name='wallpaper_06_6043'
03-30 14:58:14.984: E/LockScreen(1386): res=17302379, name='wallpaper_07_5751'
03-30 14:58:14.984: E/LockScreen(1386): res=17302380, name='wallpaper_08_1905'
03-30 14:58:14.984: E/LockScreen(1386): res=17302381, name='wallpaper_09_2283'
03-30 14:58:14.984: E/LockScreen(1386): res=17302382, name='wallpaper_10_5683'
03-30 14:58:14.984: E/LockScreen(1386): res=17302383, name='wallpaper_11_5335'
03-30 14:58:14.984: W/ActivityManager(1386): Unable to start service Intent { act=@0 }: not found
03-30 14:58:14.984: W/ActivityManager(1386): Unable to start service Intent { act=@0 }: not found
03-30 14:58:14.992: E/LockScreen(1386): res=17302384, name='wallpaper_12_5866'
03-30 14:58:14.992: E/LockScreen(1386): res=17302385, name='wallpaper_13_3664'
03-30 14:58:14.992: E/LockScreen(1386): res=17302386, name='wallpaper_14_6752'
03-30 14:58:14.992: E/LockScreen(1386): res=17302387, name='wallpaper_15_2429'
03-30 14:58:15.000: E/LockScreen(1386): res=17302388, name='wallpaper_16_5737'
03-30 14:58:15.000: E/LockScreen(1386): res=17302389, name='wallpaper_17_6712'
03-30 14:58:15.000: E/LockScreen(1386): res=17302390, name='wallpaper_18_3613'
03-30 14:58:15.000: E/LockScreen(1386): res=17302391, name='wallpaper_19_5507'
03-30 14:58:15.007: E/LockScreen(1386): res=17302392, name='wallpaper_20_6562'
03-30 14:58:15.007: E/LockScreen(1386): res=17302393, name='wallpaper_21_3622'
03-30 14:58:15.007: E/LockScreen(1386): res=17302394, name='wallpaper_22_6413'
03-30 14:58:15.007: E/LockScreen(1386): drawable resources <<< android
03-30 14:58:15.015: E/LockScreen(1386): current=1, maximum=21
03-30 14:58:15.015: E/ApplicationContext(1386): Couldn't create directory for SharedPreferences file
03-30 14:58:15.054: D/szipinf(1456): Initializing inflate state
03-30 14:58:15.070: D/dalvikvm(1386): GC_CONCURRENT freed 767K, 41% free 4731K/7943K, external 847K/1181K, paused 3ms+8ms
03-30 14:58:15.078: D/szipinf(1448): Initializing inflate state
03-30 14:58:15.093: D/dalvikvm(1456): GC_EXTERNAL_ALLOC freed 74K, 49% free 2785K/5379K, external 847K/1181K, paused 36ms
03-30 14:58:15.117: D/dalvikvm(1456): GC_FOR_MALLOC freed <1K, 49% free 2784K/5379K, external 1512K/2024K, paused 22ms
03-30 14:58:15.117: I/dalvikvm-heap(1456): Grow heap (frag case) to 7.223MB for 681570-byte allocation
03-30 14:58:15.117: I/StatusBarManagerService(1386): registerStatusBar bar=com.android.internal.statusbar.IStatusBar$Stub$Proxy@4068d440
03-30 14:58:15.148: D/dalvikvm(1456): GC_FOR_MALLOC freed <1K, 44% free 3450K/6087K, external 1512K/2024K, paused 19ms
03-30 14:58:15.164: D/szipinf(1456): Initializing zlib to inflate
03-30 14:58:15.164: D/VoldCmdListener(1285): share status ums
03-30 14:58:15.171: D/StorageNotification(1448): Startup with UMS connection false (media state unmounted)
03-30 14:58:15.179: I/StorageNotification(1448): UMS connection changed to false (media state unmounted)
03-30 14:58:15.179: I/StorageNotification(1448): In onUsbMassStorageConnectionChangedAsync, POP_UMS_ACTIVITY_ON_CONNECT=false
03-30 14:58:15.234: D/dalvikvm(1456): GC_CONCURRENT freed <1K, 44% free 3449K/6087K, external 1512K/2024K, paused 1ms+2ms
03-30 14:58:15.273: D/IconMerger(1448): sum of notifications: 0
03-30 14:58:15.296: I/ActivityManager(1386): Start proc android.process.acore for content provider com.android.providers.userdictionary/.UserDictionaryProvider: pid=1481 uid=10003 gids={3003, 1015}
03-30 14:58:15.351: E/SlidingBand(1386): align right
03-30 14:58:15.359: D/szipinf(1448): Initializing inflate state
03-30 14:58:15.359: D/skia(1386): Loading ARM decoder...
03-30 14:58:15.429: D/dalvikvm(1448): GC_CONCURRENT freed 150K, 48% free 2954K/5575K, external 1176K/1181K, paused 2ms+9ms
03-30 14:58:15.460: D/dalvikvm(1386): GC_EXTERNAL_ALLOC freed 256K, 42% free 4660K/7943K, external 1054K/1181K, paused 65ms
03-30 14:58:15.460: D/dalvikvm(1448): GC_EXTERNAL_ALLOC freed 6K, 48% free 2948K/5575K, external 1176K/1181K, paused 28ms
03-30 14:58:15.476: I/ActivityThread(1481): Pub user_dictionary: com.android.providers.userdictionary.UserDictionaryProvider
03-30 14:58:15.476: D/ContentProvider(1481): Error creating Video folder.
03-30 14:58:15.476: D/ContentProvider(1481): Error creating Pictures folder.
03-30 14:58:15.476: I/ActivityThread(1481): Pub com.android.social: com.android.providers.contacts.SocialProvider
03-30 14:58:15.523: D/ContentProvider(1481): Error creating Video folder.
03-30 14:58:15.523: D/ContentProvider(1481): Error creating Pictures folder.
03-30 14:58:15.531: I/ActivityThread(1481): Pub applications: com.android.providers.applications.ApplicationsProvider
03-30 14:58:15.531: D/ContentProvider(1481): Error creating Video folder.
03-30 14:58:15.531: D/ContentProvider(1481): Error creating Pictures folder.
03-30 14:58:15.609: I/ActivityThread(1481): Pub contacts;com.android.contacts: com.android.providers.contacts.ContactsProvider2
03-30 14:58:15.617: D/ContentProvider(1481): Error creating Video folder.
03-30 14:58:15.617: D/ContentProvider(1481): Error creating Pictures folder.
03-30 14:58:15.679: I//system/bin/tc(1286): Cannot find device "rmnet0"
03-30 14:58:15.679: I/logwrapper(1286): /system/bin/tc terminated by exit(1)
03-30 14:58:15.726: I//system/bin/tc(1286): Cannot find device "rmnet0"
03-30 14:58:15.726: I/logwrapper(1286): /system/bin/tc terminated by exit(1)
03-30 14:58:15.742: D/Sensors(1386): newState = 0
03-30 14:58:15.789: I//system/bin/tc(1286): Cannot find device "ifb0"
03-30 14:58:15.789: I/logwrapper(1286): /system/bin/tc terminated by exit(1)
03-30 14:58:15.804: D/SntpClient(1386): request time failed: java.net.UnknownHostException: ntp-g7g.amazon.com
03-30 14:58:15.804: D/SntpClient(1386): request time failed: java.net.UnknownHostException: ntp-g7g.amazon.com
03-30 14:58:15.890: D/dalvikvm(1448): GC_EXTERNAL_ALLOC freed 14K, 44% free 3164K/5639K, external 1691K/1702K, paused 52ms
03-30 14:58:16.023: D/IconMerger(1448): sum of notifications: 0
03-30 14:58:16.171: I/ActivityManager(1386): Start proc com.amazon.dcp for service com.amazon.dcp/.metrics.MetricsService: pid=1526 uid=32000 gids={2001, 3003, 1015, 1007, 1026}
03-30 14:58:16.187: I/ActivityManager(1386): Start proc com.amazon.kindle for service com.amazon.kindle/com.amazon.kcp.service.ContentActionService: pid=1527 uid=32010 gids={3003, 1015}
03-30 14:58:16.218: I/ActivityManager(1386): Start proc com.android.settings for broadcast com.android.settings/.widget.SettingsAppWidgetProvider: pid=1532 uid=1000 gids={3003}
03-30 14:58:16.312: I/ActivityThread(1481): Pub call_log: com.android.providers.contacts.CallLogProvider
03-30 14:58:16.312: D/ContentProvider(1481): Error creating Video folder.
03-30 14:58:16.312: D/ContentProvider(1481): Error creating Pictures folder.
03-30 14:58:16.851: D/dalvikvm(1481): GC_CONCURRENT freed 159K, 48% free 2929K/5575K, external 847K/1181K, paused 2ms+9ms
03-30 14:58:16.945: I/ActivityManager(1386): Displayed com.amazon.kindle.otter/.Launcher: +2s18ms
03-30 14:58:16.992: E/Tethering(1386): attempting to remove unknown iface (usb0), ignoring
03-30 14:58:16.992: D/PowerManagerService(1386): bootCompleted
03-30 14:58:17.000: I/SurfaceFlinger(1386): Boot is finished (14322 ms)
03-30 14:58:17.000: D/VoldCmdListener(1285): volume mount /mnt/sdcard
03-30 14:58:17.000: I/Vold(1285): /dev/block/vold/179:12 being considered for volume sdcard
03-30 14:58:17.000: D/Vold(1285): Volume sdcard state changing 1 (Idle-Unmounted) -> 3 (Checking)
03-30 14:58:17.007: I/StorageNotification(1448): Media state changed from {unmounted} -> {checking}
03-30 14:58:17.085: D/OMX_CORE(1289): TIOMX_Init
03-30 14:58:17.085: D/OMX_CORE(1289): TIOMX_ComponentNameEnum
03-30 14:58:17.085: D/OMX_CORE(1289): TIOMX_ComponentNameEnum
03-30 14:58:17.085: D/OMX_CORE(1289): TIOMX_ComponentNameEnum
03-30 14:58:17.085: D/OMX_CORE(1289): TIOMX_ComponentNameEnum
03-30 14:58:17.085: D/OMX_CORE(1289): TIOMX_ComponentNameEnum
03-30 14:58:17.085: D/OMX_CORE(1289): TIOMX_ComponentNameEnum
03-30 14:58:17.085: D/OMX_CORE(1289): TIOMX_ComponentNameEnum
03-30 14:58:17.085: D/OMX_CORE(1289): TIOMX_ComponentNameEnum
03-30 14:58:17.085: D/OMX_CORE(1289): TIOMX_ComponentNameEnum
03-30 14:58:17.085: D/OMX_CORE(1289): TIOMX_ComponentNameEnum
03-30 14:58:17.085: D/OMX_CORE(1289): TIOMX_ComponentNameEnum
03-30 14:58:17.085: D/OMX_CORE(1289): TIOMX_ComponentNameEnum
03-30 14:58:17.085: D/OMX_CORE(1289): TIOMX_ComponentNameEnum
03-30 14:58:17.085: W/ASFDummyExtractor(1289): ASF parser is not available
03-30 14:58:17.085: E/MPEG4Extractor(1289): both mdat,ftyp not found
03-30 14:58:17.140: E/BluetoothHeadset(1386): Could not bind to Bluetooth Headset Service
03-30 14:58:17.140: W/ActivityManager(1386): Unable to start service Intent { act=android.bluetooth.IBluetoothHeadset }: not found
03-30 14:58:17.148: V/WifiStateTracker(1386): Connection to supplicant established, state=DISCONNECTED
03-30 14:58:17.148: W/MobileDataStateTracker(1386): Ignoring feature request because could not acquire PhoneService
03-30 14:58:17.148: W/MobileDataStateTracker(1386): Could not enable APN type "default"
03-30 14:58:17.148: D/Tethering(1386): MasterInitialState.processMessage what=3
03-30 14:58:17.156: D/CaptiveWifiService(1386): SSID is null
03-30 14:58:17.156: I/CaptiveWifiService(1386): Connectivity action change network
03-30 14:58:17.156: W/ASFDummyExtractor(1289): ASF parser is not available
03-30 14:58:17.156: E/MPEG4Extractor(1289): both mdat,ftyp not found
03-30 14:58:17.179: D/dalvikvm(1448): GC_CONCURRENT freed 106K, 44% free 3374K/5959K, external 2008K/2217K, paused 2ms+2ms
03-30 14:58:17.187: I/StatusBarPolicy(1448): updateConnectivity: inetCondition = 0
03-30 14:58:17.203: W/ASFDummyExtractor(1289): ASF parser is not available
03-30 14:58:17.203: E/MPEG4Extractor(1289): both mdat,ftyp not found
03-30 14:58:17.210: V/WifiMonitor(1386): Event [CTRL-EVENT-STATE-CHANGE id=-1 state=2 BSSID=00:00:00:00:00:00]
03-30 14:58:17.210: V/WifiStateTracker(1386): Changing supplicant state: DISCONNECTED ==> SCANNING
03-30 14:58:17.210: I/ActivityManager(1386): Start proc com.amazon.cloud9 for content provider com.amazon.cloud9/.provider.BrowserProvider: pid=1596 uid=32013 gids={3003, 1015}
03-30 14:58:17.218: I/SearchManagerService(1386): Building list of searchable activities
03-30 14:58:17.226: D/szipinf(1386): Initializing inflate state
03-30 14:58:17.257: W/ASFDummyExtractor(1289): ASF parser is not available
03-30 14:58:17.257: E/MPEG4Extractor(1289): both mdat,ftyp not found
03-30 14:58:17.281: D/szipinf(1481): Initializing inflate state
03-30 14:58:17.281: D/szipinf(1481): Initializing inflate state
03-30 14:58:17.296: W/ASFDummyExtractor(1289): ASF parser is not available
03-30 14:58:17.296: E/MPEG4Extractor(1289): both mdat,ftyp not found
03-30 14:58:17.320: D/szipinf(1481): Initializing inflate state
03-30 14:58:17.343: D/szipinf(1481): Initializing inflate state
03-30 14:58:17.367: I//system/bin/fsck_msdos(1285): ** /dev/block/vold/179:12
03-30 14:58:17.367: I//system/bin/fsck_msdos(1285): ** Phase 1 - Read FAT (compare skipped)
03-30 14:58:17.367: I//system/bin/fsck_msdos(1285): Attempting to allocate 10242 KB for FAT
03-30 14:58:17.398: D/szipinf(1481): Initializing inflate state
03-30 14:58:17.515: D/szipinf(1386): Initializing inflate state
03-30 14:58:17.554: D/szipinf(1386): Initializing inflate state
03-30 14:58:17.960: D/szipinf(1386): Initializing inflate state
03-30 14:58:18.039: V/WifiMonitor(1386): Event [Trying to associate with 00:00:00:00:cd:d4 (SSID='0559d0588453b2151697f6b0ab607b31' freq=2412 MHz rssi=-67)]
03-30 14:58:18.039: V/WifiMonitor(1386): Event [CTRL-EVENT-STATE-CHANGE id=-1 state=3 BSSID=00:00:00:00:cd:d4]
03-30 14:58:18.039: V/WifiStateTracker(1386): Changing supplicant state: SCANNING ==> ASSOCIATING
03-30 14:58:18.429: I//system/bin/fsck_msdos(1285): ** Phase 2 - Check Cluster Chains
03-30 14:58:18.851: I//system/bin/fsck_msdos(1285): ** Phase 3 - Checking Directories
03-30 14:58:19.960: I/ActivityManager(1386): Start proc com.amazon.avod for content provider com.amazon.avod/.provider.ExternalSearchProvider: pid=1614 uid=32016 gids={3003, 1015}
03-30 14:58:20.023: D/dalvikvm(1288): GC_EXPLICIT freed 11K, 50% free 2709K/5379K, external 847K/1181K, paused 61ms
03-30 14:58:20.101: D/dalvikvm(1288): GC_EXPLICIT freed <1K, 50% free 2709K/5379K, external 847K/1181K, paused 78ms
03-30 14:58:20.132: V/WifiMonitor(1386): Event [CTRL-EVENT-STATE-CHANGE id=1 state=4 BSSID=00:00:00:00:cd:d4]
03-30 14:58:20.132: V/WifiStateTracker(1386): Changing supplicant state: ASSOCIATING ==> ASSOCIATED
03-30 14:58:20.132: V/WifiMonitor(1386): Event [Associated with 00:00:00:00:cd:d4]
03-30 14:58:20.132: V/WifiMonitor(1386): Event [CTRL-EVENT-STATE-CHANGE id=1 state=5 BSSID=00:00:00:00:00:00]
03-30 14:58:20.132: V/WifiStateTracker(1386): Changing supplicant state: ASSOCIATED ==> FOUR_WAY_HANDSHAKE
03-30 14:58:20.140: V/WifiMonitor(1386): Event [CTRL-EVENT-STATE-CHANGE id=1 state=5 BSSID=00:00:00:00:00:00]
03-30 14:58:20.140: V/WifiStateTracker(1386): Changing supplicant state: FOUR_WAY_HANDSHAKE ==> FOUR_WAY_HANDSHAKE
03-30 14:58:20.140: V/WifiMonitor(1386): Event [CTRL-EVENT-STATE-CHANGE id=1 state=6 BSSID=00:00:00:00:00:00]
03-30 14:58:20.140: V/WifiStateTracker(1386): Changing supplicant state: FOUR_WAY_HANDSHAKE ==> GROUP_HANDSHAKE
03-30 14:58:20.140: V/WifiMonitor(1386): Event [WPA: Key negotiation completed with 00:00:00:00:cd:d4 [PTK=CCMP GTK=CCMP]]
03-30 14:58:20.140: V/WifiMonitor(1386): Event [CTRL-EVENT-STATE-CHANGE id=1 state=7 BSSID=00:00:00:00:00:00]
03-30 14:58:20.140: V/WifiMonitor(1386): Event [CTRL-EVENT-CONNECTED - Connection to 00:00:00:00:cd:d4 completed (auth) [id=1 id_str=]]
