03-30 15:11:44.343: D/dalvikvm(1941): GC_CONCURRENT freed 482K, 50% free 3035K/5959K, external 1178K/1181K, paused 1ms+2ms
03-30 15:11:44.367: D/dalvikvm(1941): GC_EXTERNAL_ALLOC freed 9K, 50% free 3026K/5959K, external 1154K/1181K, paused 24ms
03-30 15:11:44.398: D/dalvikvm(1941): GC_EXTERNAL_ALLOC freed <1K, 50% free 3027K/5959K, external 1169K/1181K, paused 24ms
03-30 15:11:44.406: E/GridDrawManager(1941): There are 3072 display items.
03-30 15:11:44.406: I/Gallery(1941): onCreate
03-30 15:11:44.406: I/Gallery(1941): request media scan
03-30 15:11:44.406: I/TiApplication(1914): (main) [280,785699] SD card has been mounted. Enabling cache for http responses.
03-30 15:11:44.413: D/Gallery(1941): onStart
03-30 15:11:44.413: D/Gallery(1941): onResume
03-30 15:11:44.437: I/BootReceiver(1941): Got intent with action android.intent.action.MEDIA_MOUNTED
03-30 15:11:44.437: D/Gallery(1941): initializeDataSource
03-30 15:11:44.437: I/AmazonEmail(1971): storage path "/mnt/sdcard" mounted readOnly=true
03-30 15:11:44.452: D/AccountManagerService(1386): bind attempt failed for Session: expectLaunch false, connected false, stats (0/0/0), lifetime 0.0, getAccountsByTypeAndFeatures, service_lh2
03-30 15:11:44.499: D/libEGL(1941): loaded /system/lib/egl/libGLES_android.so
03-30 15:11:44.507: D/libEGL(1941): loaded /vendor/lib/egl/libEGL_POWERVR_SGX540_120.so
03-30 15:11:44.515: D/libEGL(1941): loaded /vendor/lib/egl/libGLESv1_CM_POWERVR_SGX540_120.so
03-30 15:11:44.523: I/LAB126(1448): StatusBarService hears intent. action: com.lab126.intent.TOP_WINDOW_CHANGED
03-30 15:11:44.523: I/LAB126(1448): window changed
03-30 15:11:44.531: D/MediaScannerService(1637): start scanning volume external
03-30 15:11:44.531: D/libEGL(1941): loaded /vendor/lib/egl/libGLESv2_POWERVR_SGX540_120.so
03-30 15:11:44.648: I/RenderView(1941): First Draw
03-30 15:11:44.695: I/ActivityManager(1386): Displayed com.appcelerator.kitchensinknook/org.appcelerator.titanium.TiActivity: +1s145ms
03-30 15:11:44.695: I/ActivityManager(1386): Displayed com.cooliris.media/.Gallery: +598ms
03-30 15:11:44.718: D/MediaScanner(1637): found .nomedia, skipping directory
03-30 15:11:44.726: D/MediaScanner(1637): found .nomedia, skipping directory
03-30 15:11:44.765: D/MediaScanner(1637): prescan time: 24ms
03-30 15:11:44.765: D/MediaScanner(1637): scan time: 119ms
03-30 15:11:44.765: D/MediaScanner(1637): postscan time: 0ms
03-30 15:11:44.773: D/MediaScanner(1637): total time: 143ms
03-30 15:11:44.773: I/BootReceiver(1941): Got intent with action android.intent.action.MEDIA_SCANNER_FINISHED
03-30 15:11:44.773: D/MediaScannerService(1637): done scanning volume external
03-30 15:11:44.921: D/AccountManagerService(1386): bind attempt failed for Session: expectLaunch false, connected false, stats (0/0/0), lifetime 0.0, getAccountsByTypeAndFeatures, service_lh2
03-30 15:11:44.921: D/AccountManagerService(1386): bind attempt failed for Session: expectLaunch false, connected false, stats (0/0/0), lifetime 0.001, getAccountsByTypeAndFeatures, service_lh2
03-30 15:11:45.163: I/MediaFeed(1941): Replacing media set 208900344
03-30 15:11:45.796: I/GridLayer(1941): Slot changing from -1 to -1
03-30 15:11:45.827: I/MediaFeed(1941): Replacing media set 208900344
03-30 15:11:46.179: I/GridLayer(1941): Slot changing from -1 to -1
03-30 15:11:46.195: D/skia(1941): Loading ARM decoder...
03-30 15:11:51.406: D/dalvikvm(1941): GC_EXTERNAL_ALLOC freed 151K, 48% free 3152K/5959K, external 1681K/1695K, paused 61ms
03-30 15:11:51.406: I/GridLayer(1941): Slot changing from 0 to 0
03-30 15:11:57.296: D/dalvikvm(1637): GC_EXPLICIT freed 282K, 49% free 2930K/5639K, external 847K/1181K, paused 44ms
03-30 15:12:00.234: D/Gallery(1941): onPause
03-30 15:12:00.304: I/RenderView(1941): OnPause RenderView com.cooliris.media.RenderView@405c53c8
03-30 15:12:00.320: I/LAB126(1448): StatusBarService hears intent. action: com.lab126.intent.TOP_WINDOW_CHANGED
03-30 15:12:00.320: I/LAB126(1448): window changed
03-30 15:12:00.335: D/Gallery(1941): onStop
03-30 15:12:00.351: I/Gallery(1941): onDestroy
03-30 15:12:02.343: D/dalvikvm(1386): GC_CONCURRENT freed 1196K, 51% free 5182K/10567K, external 2732K/3412K, paused 3ms+4ms
03-30 15:12:13.156: D/LAB126(1448): got back button softkey click!
03-30 15:12:13.156: D/LAB126(1448): collapse because of back button
03-30 15:12:13.156: D/LAB126(1448): collapse softkeys
03-30 15:12:13.468: I/LAB126(1448): StatusBarService hears intent. action: com.lab126.intent.TOP_WINDOW_CHANGED
03-30 15:12:13.468: I/LAB126(1448): window changed
03-30 15:12:13.781: E/TiBaseActivity(1914): (main) [29372,815071] Layout cleanup.
03-30 15:12:14.312: V/DeviceStorageMonitorService(1386): mTotalMemory is 11734999
03-30 15:12:16.007: D/ActivityManager(1386): Starting: Intent { cmp=com.appcelerator.kitchensinknook/org.appcelerator.titanium.TiActivity (has extras) } from pid 1914
03-30 15:12:16.023: D/Window(1914): Loading window with URL: ../examples/photo_gallery.js
03-30 15:12:16.023: D/Module(1914): Loading module: ../examples/photo_gallery -> Resources/examples/photo_gallery.js
03-30 15:12:16.132: D/ActivityManager(1386): Starting: Intent { act=android.intent.action.PICK cat=[android.intent.category.DEFAULT] typ=image/* cmp=com.cooliris.media/.Gallery (has extras) } from pid 1914
03-30 15:12:16.132: W/ActivityManager(1386): Activity is launching as a new task, so cancelling activity result.
03-30 15:12:16.398: D/TiUIView(1914): (main) [2624,817695] Nativeview is null
03-30 15:12:16.398: E/TiMedia(1914): (main) [1,817696] OnResult called: 0
03-30 15:12:16.406: I/Gallery3D(1941): sending softkey config intent, config: 2, key com.cooliris.media/com.cooliris.media.Gallery
03-30 15:12:16.406: I/LAB126(1448): StatusBarService hears softkey intent. action: com.lab126.intent.ACTION_CONFIG_SOFTKEYS
03-30 15:12:16.445: D/TiUIView(1914): (main) [43,817739] Nativeview is null
03-30 15:12:16.452: E/GridDrawManager(1941): There are 3072 display items.
03-30 15:12:16.499: E/GridDrawManager(1941): There are 3072 display items.
03-30 15:12:16.507: I/Gallery(1941): onCreate
03-30 15:12:16.507: I/Gallery(1941): request media scan
03-30 15:12:16.507: I/LAB126(1448): StatusBarService hears intent. action: com.lab126.intent.TOP_WINDOW_CHANGED
03-30 15:12:16.507: I/LAB126(1448): window changed
03-30 15:12:16.554: D/Gallery(1941): onStart
03-30 15:12:16.554: D/Gallery(1941): onResume
03-30 15:12:16.617: D/Gallery(1941): initializeDataSource
03-30 15:12:16.632: D/AccountManagerService(1386): bind attempt failed for Session: expectLaunch false, connected false, stats (0/0/0), lifetime 0.0, getAccountsByTypeAndFeatures, service_lh2
03-30 15:12:16.656: I/TiApplication(1914): (main) [211,817950] SD card has been mounted. Enabling cache for http responses.
03-30 15:12:16.710: D/MediaScannerService(1637): start scanning volume external
03-30 15:12:16.757: I/LAB126(1448): StatusBarService hears intent. action: com.lab126.intent.TOP_WINDOW_CHANGED
03-30 15:12:16.757: I/LAB126(1448): window changed
03-30 15:12:16.773: I/BootReceiver(1941): Got intent with action android.intent.action.MEDIA_MOUNTED
03-30 15:12:16.804: I/RenderView(1941): First Draw
03-30 15:12:16.812: D/MediaScanner(1637): found .nomedia, skipping directory
03-30 15:12:16.843: D/MediaScanner(1637): found .nomedia, skipping directory
03-30 15:12:16.843: D/dalvikvm(1941): GC_EXTERNAL_ALLOC freed 123K, 46% free 3294K/6023K, external 1988K/2031K, paused 30ms
03-30 15:12:16.882: D/MediaScanner(1637): prescan time: 48ms
03-30 15:12:16.882: D/MediaScanner(1637): scan time: 80ms
03-30 15:12:16.882: D/MediaScanner(1637): postscan time: 0ms
03-30 15:12:16.882: D/MediaScanner(1637): total time: 128ms
03-30 15:12:16.882: D/MediaScannerService(1637): done scanning volume external
03-30 15:12:16.929: I/ActivityManager(1386): Displayed com.appcelerator.kitchensinknook/org.appcelerator.titanium.TiActivity: +912ms
03-30 15:12:16.937: I/ActivityManager(1386): Displayed com.cooliris.media/.Gallery: +525ms
03-30 15:12:16.960: D/AccountManagerService(1386): bind attempt failed for Session: expectLaunch false, connected false, stats (0/0/0), lifetime 0.0, getAccountsByTypeAndFeatures, service_lh2
03-30 15:12:16.960: I/AmazonEmail(1971): storage path "/mnt/sdcard" mounted readOnly=true
03-30 15:12:16.968: D/AccountManagerService(1386): bind attempt failed for Session: expectLaunch false, connected false, stats (0/0/0), lifetime 0.0, getAccountsByTypeAndFeatures, service_lh2
03-30 15:12:17.007: I/BootReceiver(1941): Got intent with action android.intent.action.MEDIA_SCANNER_FINISHED
03-30 15:12:17.288: I/GridLayer(1941): Slot changing from 0 to -1
03-30 15:12:17.320: D/skia(1941): Loading ARM decoder...
03-30 15:12:18.304: I/GridLayer(1941): Slot changing from 0 to 0
03-30 15:12:22.367: D/dalvikvm(1971): GC_EXPLICIT freed 32K, 50% free 2988K/5959K, external 847K/1181K, paused 26ms
03-30 15:12:27.421: D/dalvikvm(1448): GC_CONCURRENT freed 700K, 48% free 3465K/6663K, external 2484K/3027K, paused 1ms+2ms
03-30 15:12:39.437: D/dalvikvm(1386): GC_CONCURRENT freed 1244K, 51% free 5240K/10567K, external 2732K/3412K, paused 6ms+13ms
03-30 15:12:39.835: D/dalvikvm(1386): GC_CONCURRENT freed 1377K, 51% free 5186K/10567K, external 2732K/3412K, paused 6ms+9ms
03-30 15:12:40.140: D/dalvikvm(1386): GC_CONCURRENT freed 1309K, 51% free 5186K/10567K, external 2732K/3412K, paused 6ms+9ms
03-30 15:12:40.437: D/dalvikvm(1386): GC_CONCURRENT freed 1291K, 51% free 5204K/10567K, external 2732K/3412K, paused 6ms+9ms
03-30 15:12:40.577: D/dalvikvm(1386): GC_CONCURRENT freed 1330K, 51% free 5186K/10567K, external 2732K/3412K, paused 3ms+3ms
03-30 15:12:40.687: D/dalvikvm(1386): GC_CONCURRENT freed 1308K, 51% free 5187K/10567K, external 2732K/3412K, paused 2ms+4ms
03-30 15:12:40.796: D/dalvikvm(1386): GC_CONCURRENT freed 1308K, 51% free 5187K/10567K, external 2732K/3412K, paused 3ms+3ms
03-30 15:12:40.898: D/dalvikvm(1386): GC_CONCURRENT freed 1308K, 51% free 5187K/10567K, external 2732K/3412K, paused 2ms+3ms
03-30 15:12:41.007: D/dalvikvm(1386): GC_CONCURRENT freed 1276K, 51% free 5214K/10567K, external 2732K/3412K, paused 2ms+3ms
03-30 15:12:41.117: D/dalvikvm(1386): GC_CONCURRENT freed 1324K, 51% free 5206K/10567K, external 2732K/3412K, paused 2ms+4ms
03-30 15:12:41.179: D/dalvikvm(1386): GC_CONCURRENT freed 1349K, 52% free 5163K/10567K, external 2732K/3412K, paused 2ms+3ms
03-30 15:12:41.242: D/dalvikvm(1386): GC_CONCURRENT freed 1280K, 51% free 5179K/10567K, external 2732K/3412K, paused 2ms+4ms
03-30 15:12:41.312: D/dalvikvm(1386): GC_CONCURRENT freed 1311K, 52% free 5171K/10567K, external 2732K/3412K, paused 3ms+3ms
03-30 15:12:47.484: W/ProcessStats(1386): Skipping unknown process pid 2304
03-30 15:12:47.687: D/dalvikvm(1941): GC_CONCURRENT freed 136K, 45% free 3325K/6023K, external 2153K/2485K, paused 5ms+6ms
03-30 15:13:14.304: V/DeviceStorageMonitorService(1386): mTotalMemory is 11734999
03-30 15:13:22.624: I/ChargeProtectionService(1386): Battery discharging, resuming charging
03-30 15:13:41.507: D/dalvikvm(1386): GC_CONCURRENT freed 1268K, 51% free 5197K/10567K, external 2732K/3412K, paused 6ms+10ms
03-30 15:13:41.773: D/dalvikvm(1386): GC_CONCURRENT freed 1330K, 51% free 5179K/10567K, external 2732K/3412K, paused 6ms+3ms
03-30 15:13:41.913: D/dalvikvm(1386): GC_CONCURRENT freed 1281K, 51% free 5197K/10567K, external 2732K/3412K, paused 2ms+4ms
03-30 15:13:42.046: D/dalvikvm(1386): GC_CONCURRENT freed 1328K, 51% free 5179K/10567K, external 2732K/3412K, paused 2ms+3ms
03-30 15:13:42.187: D/dalvikvm(1386): GC_CONCURRENT freed 1273K, 51% free 5213K/10567K, external 2732K/3412K, paused 2ms+4ms
03-30 15:13:42.327: D/dalvikvm(1386): GC_CONCURRENT freed 1349K, 51% free 5180K/10567K, external 2732K/3412K, paused 3ms+4ms
03-30 15:13:42.452: D/dalvikvm(1386): GC_CONCURRENT freed 1306K, 52% free 5172K/10567K, external 2732K/3412K, paused 2ms+3ms
03-30 15:13:42.593: D/dalvikvm(1386): GC_CONCURRENT freed 1298K, 51% free 5179K/10567K, external 2732K/3412K, paused 2ms+3ms
03-30 15:13:42.726: D/dalvikvm(1386): GC_CONCURRENT freed 1287K, 51% free 5199K/10567K, external 2732K/3412K, paused 2ms+4ms
03-30 15:13:42.835: D/dalvikvm(1386): GC_CONCURRENT freed 1303K, 51% free 5204K/10567K, external 2732K/3412K, paused 2ms+4ms
03-30 15:13:42.945: D/dalvikvm(1386): GC_CONCURRENT freed 1332K, 52% free 5177K/10567K, external 2732K/3412K, paused 2ms+4ms
03-30 15:13:43.015: D/dalvikvm(1386): GC_CONCURRENT freed 1308K, 52% free 5164K/10567K, external 2732K/3412K, paused 2ms+3ms
03-30 15:13:43.101: D/dalvikvm(1386): GC_CONCURRENT freed 1279K, 51% free 5180K/10567K, external 2732K/3412K, paused 3ms+4ms
03-30 15:13:52.820: D/dalvikvm(1386): GC_CONCURRENT freed 1251K, 52% free 5128K/10567K, external 2732K/3412K, paused 2ms+4ms
03-30 15:14:14.312: V/DeviceStorageMonitorService(1386): mTotalMemory is 11734999
03-30 15:14:17.210: I/GridLayer(1941): Slot changing from 0 to 0
03-30 15:14:18.984: D/Gallery(1941): onPause
03-30 15:14:19.054: I/RenderView(1941): OnPause RenderView com.cooliris.media.RenderView@40584170
03-30 15:14:19.109: I/LAB126(1448): StatusBarService hears intent. action: com.lab126.intent.TOP_WINDOW_CHANGED
03-30 15:14:19.109: I/LAB126(1448): window changed
03-30 15:14:19.156: D/Gallery(1941): onStop
03-30 15:14:19.179: I/Gallery(1941): onDestroy
03-30 15:14:28.007: D/dalvikvm(1941): GC_EXPLICIT freed 234K, 46% free 3282K/6023K, external 2129K/2485K, paused 74ms
03-30 15:14:43.288: D/dalvikvm(1386): GC_CONCURRENT freed 1190K, 51% free 5232K/10567K, external 2732K/3412K, paused 3ms+4ms
03-30 15:14:43.406: D/dalvikvm(1386): GC_CONCURRENT freed 1379K, 52% free 5167K/10567K, external 2732K/3412K, paused 2ms+3ms
03-30 15:14:43.515: D/dalvikvm(1386): GC_CONCURRENT freed 1297K, 52% free 5174K/10567K, external 2732K/3412K, paused 2ms+3ms
03-30 15:14:43.624: D/dalvikvm(1386): GC_CONCURRENT freed 1271K, 51% free 5208K/10567K, external 2732K/3412K, paused 2ms+3ms
03-30 15:14:43.734: D/dalvikvm(1386): GC_CONCURRENT freed 1348K, 52% free 5174K/10567K, external 2732K/3412K, paused 3ms+4ms
03-30 15:14:43.835: D/dalvikvm(1386): GC_CONCURRENT freed 1305K, 52% free 5174K/10567K, external 2732K/3412K, paused 3ms+3ms
03-30 15:14:43.945: D/dalvikvm(1386): GC_CONCURRENT freed 1306K, 52% free 5174K/10567K, external 2732K/3412K, paused 3ms+3ms
03-30 15:14:44.054: D/dalvikvm(1386): GC_CONCURRENT freed 1305K, 52% free 5174K/10567K, external 2732K/3412K, paused 2ms+3ms
03-30 15:14:44.140: D/dalvikvm(1386): GC_CONCURRENT freed 1277K, 51% free 5186K/10567K, external 2732K/3412K, paused 2ms+3ms
03-30 15:14:44.234: D/dalvikvm(1386): GC_CONCURRENT freed 1342K, 52% free 5153K/10567K, external 2732K/3412K, paused 2ms+3ms
03-30 15:14:44.304: D/dalvikvm(1386): GC_CONCURRENT freed 1264K, 52% free 5174K/10567K, external 2732K/3412K, paused 2ms+3ms
03-30 15:14:44.359: D/dalvikvm(1386): GC_CONCURRENT freed 1279K, 51% free 5191K/10567K, external 2732K/3412K, paused 2ms+4ms
03-30 15:14:44.437: D/dalvikvm(1386): GC_CONCURRENT freed 1338K, 52% free 5151K/10567K, external 2732K/3412K, paused 2ms+3ms
03-30 15:15:14.312: V/DeviceStorageMonitorService(1386): mTotalMemory is 11734999
03-30 15:15:19.077: D/LAB126(1448): got back button softkey click!
03-30 15:15:19.077: D/LAB126(1448): collapse because of back button
03-30 15:15:19.077: D/LAB126(1448): collapse softkeys
03-30 15:15:19.265: I/LAB126(1448): StatusBarService hears intent. action: com.lab126.intent.TOP_WINDOW_CHANGED
03-30 15:15:19.265: I/LAB126(1448): window changed
03-30 15:15:19.867: E/TiBaseActivity(1914): (main) [183216,1001166] Layout cleanup.
03-30 15:15:44.656: D/dalvikvm(1386): GC_CONCURRENT freed 1251K, 51% free 5200K/10567K, external 2732K/3412K, paused 6ms+10ms
03-30 15:15:44.960: D/dalvikvm(1386): GC_CONCURRENT freed 1341K, 52% free 5171K/10567K, external 2732K/3412K, paused 6ms+9ms
03-30 15:15:45.265: D/dalvikvm(1386): GC_CONCURRENT freed 1287K, 51% free 5189K/10567K, external 2732K/3412K, paused 7ms+9ms
03-30 15:15:45.570: D/dalvikvm(1386): GC_CONCURRENT freed 1326K, 52% free 5171K/10567K, external 2732K/3412K, paused 7ms+9ms
03-30 15:15:45.874: D/dalvikvm(1386): GC_CONCURRENT freed 1287K, 51% free 5189K/10567K, external 2732K/3412K, paused 6ms+9ms
03-30 15:15:46.171: D/dalvikvm(1386): GC_CONCURRENT freed 1331K, 52% free 5165K/10567K, external 2732K/3412K, paused 6ms+9ms
03-30 15:15:46.468: D/dalvikvm(1386): GC_CONCURRENT freed 1278K, 51% free 5189K/10567K, external 2732K/3412K, paused 6ms+10ms
03-30 15:15:46.765: D/dalvikvm(1386): GC_CONCURRENT freed 1327K, 52% free 5172K/10567K, external 2732K/3412K, paused 7ms+9ms
03-30 15:15:46.999: D/dalvikvm(1386): GC_CONCURRENT freed 1309K, 52% free 5168K/10567K, external 2732K/3412K, paused 7ms+9ms
03-30 15:15:47.273: D/dalvikvm(1386): GC_CONCURRENT freed 1292K, 52% free 5166K/10567K, external 2732K/3412K, paused 7ms+8ms
03-30 15:15:47.421: D/dalvikvm(1386): GC_CONCURRENT freed 1298K, 52% free 5172K/10567K, external 2732K/3412K, paused 7ms+9ms
03-30 15:15:47.577: D/dalvikvm(1386): GC_CONCURRENT freed 1294K, 52% free 5172K/10567K, external 2732K/3412K, paused 6ms+9ms
03-30 15:15:47.726: D/dalvikvm(1386): GC_CONCURRENT freed 1313K, 52% free 5163K/10567K, external 2732K/3412K, paused 6ms+10ms
03-30 15:16:14.312: V/DeviceStorageMonitorService(1386): mTotalMemory is 11734999
03-30 15:16:47.999: D/dalvikvm(1386): GC_CONCURRENT freed 1263K, 51% free 5202K/10567K, external 2732K/3412K, paused 6ms+9ms
03-30 15:16:48.312: D/dalvikvm(1386): GC_CONCURRENT freed 1327K, 51% free 5188K/10567K, external 2732K/3412K, paused 6ms+8ms
03-30 15:16:48.617: D/dalvikvm(1386): GC_CONCURRENT freed 1326K, 52% free 5170K/10567K, external 2732K/3412K, paused 6ms+9ms
03-30 15:16:48.913: D/dalvikvm(1386): GC_CONCURRENT freed 1304K, 52% free 5170K/10567K, external 2732K/3412K, paused 6ms+9ms
03-30 15:16:49.218: D/dalvikvm(1386): GC_CONCURRENT freed 1305K, 52% free 5170K/10567K, external 2732K/3412K, paused 7ms+10ms
03-30 15:16:49.468: D/dalvikvm(1386): GC_CONCURRENT freed 1304K, 52% free 5171K/10567K, external 2732K/3412K, paused 6ms+3ms
03-30 15:16:49.577: D/dalvikvm(1386): GC_CONCURRENT freed 1306K, 52% free 5170K/10567K, external 2732K/3412K, paused 2ms+3ms
03-30 15:16:49.687: D/dalvikvm(1386): GC_CONCURRENT freed 1304K, 52% free 5171K/10567K, external 2732K/3412K, paused 2ms+3ms
03-30 15:16:49.773: D/dalvikvm(1386): GC_CONCURRENT freed 1267K, 51% free 5208K/10567K, external 2732K/3412K, paused 2ms+4ms
03-30 15:16:49.882: D/dalvikvm(1386): GC_CONCURRENT freed 1378K, 52% free 5142K/10567K, external 2732K/3412K, paused 3ms+4ms
03-30 15:16:49.952: D/dalvikvm(1386): GC_CONCURRENT freed 1257K, 52% free 5171K/10567K, external 2732K/3412K, paused 2ms+4ms
03-30 15:16:50.023: D/dalvikvm(1386): GC_CONCURRENT freed 1279K, 51% free 5187K/10567K, external 2732K/3412K, paused 3ms+4ms
03-30 15:16:50.109: D/dalvikvm(1386): GC_CONCURRENT freed 1312K, 52% free 5164K/10567K, external 2732K/3412K, paused 3ms+5ms
03-30 15:16:56.429: D/ActivityManager(1386): Starting: Intent { cmp=com.appcelerator.kitchensinknook/org.appcelerator.titanium.TiActivity (has extras) } from pid 1914
03-30 15:16:56.460: D/Window(1914): Loading window with URL: ../examples/photo_gallery.js
03-30 15:16:56.468: D/Module(1914): Loading module: ../examples/photo_gallery -> Resources/examples/photo_gallery.js
03-30 15:16:56.577: D/ActivityManager(1386): Starting: Intent { act=android.intent.action.PICK cat=[android.intent.category.DEFAULT] typ=image/* cmp=com.cooliris.media/.Gallery (has extras) } from pid 1914
03-30 15:16:56.577: W/ActivityManager(1386): Activity is launching as a new task, so cancelling activity result.
03-30 15:16:56.671: D/TiUIView(1914): (main) [96805,1097971] Nativeview is null
03-30 15:16:56.843: E/TiMedia(1914): (main) [172,1098143] OnResult called: 0
03-30 15:16:56.851: I/Gallery3D(1941): sending softkey config intent, config: 2, key com.cooliris.media/com.cooliris.media.Gallery
03-30 15:16:56.859: I/LAB126(1448): StatusBarService hears softkey intent. action: com.lab126.intent.ACTION_CONFIG_SOFTKEYS
03-30 15:16:56.867: D/TiUIView(1914): (main) [22,1098165] Nativeview is null
03-30 15:16:56.874: E/GridDrawManager(1941): There are 3072 display items.
03-30 15:16:56.890: E/GridDrawManager(1941): There are 3072 display items.
03-30 15:16:56.890: I/Gallery(1941): onCreate
03-30 15:16:56.898: I/Gallery(1941): request media scan
03-30 15:16:56.906: D/Gallery(1941): onStart
03-30 15:16:56.906: D/Gallery(1941): onResume
03-30 15:16:56.906: I/TiApplication(1914): (main) [40,1098205] SD card has been mounted. Enabling cache for http responses.
03-30 15:16:56.906: I/LAB126(1448): StatusBarService hears intent. action: com.lab126.intent.TOP_WINDOW_CHANGED
03-30 15:16:56.906: I/LAB126(1448): window changed
03-30 15:16:56.937: I/BootReceiver(1941): Got intent with action android.intent.action.MEDIA_MOUNTED
03-30 15:16:56.937: D/Gallery(1941): initializeDataSource
03-30 15:16:56.945: I/AmazonEmail(1971): storage path "/mnt/sdcard" mounted readOnly=true
03-30 15:16:56.945: D/AccountManagerService(1386): bind attempt failed for Session: expectLaunch false, connected false, stats (0/0/0), lifetime 0.0, getAccountsByTypeAndFeatures, service_lh2
03-30 15:16:57.023: D/MediaScannerService(1637): start scanning volume external
03-30 15:16:57.046: I/LAB126(1448): StatusBarService hears intent. action: com.lab126.intent.TOP_WINDOW_CHANGED
03-30 15:16:57.046: I/LAB126(1448): window changed
03-30 15:16:57.085: I/RenderView(1941): First Draw
03-30 15:16:57.117: D/dalvikvm(1941): GC_EXTERNAL_ALLOC freed 45K, 43% free 3470K/6087K, external 2251K/2472K, paused 32ms
03-30 15:16:57.210: I/ActivityManager(1386): Displayed com.appcelerator.kitchensinknook/org.appcelerator.titanium.TiActivity: +771ms
03-30 15:16:57.210: I/ActivityManager(1386): Displayed com.cooliris.media/.Gallery: +360ms
03-30 15:16:57.234: D/MediaScanner(1637): found .nomedia, skipping directory
03-30 15:16:57.234: D/MediaScanner(1637): found .nomedia, skipping directory
03-30 15:16:57.242: D/MediaScanner(1637): prescan time: 49ms
03-30 15:16:57.242: D/MediaScanner(1637): scan time: 95ms
03-30 15:16:57.242: D/MediaScanner(1637): postscan time: 0ms
03-30 15:16:57.242: D/MediaScanner(1637): total time: 144ms
03-30 15:16:57.249: I/BootReceiver(1941): Got intent with action android.intent.action.MEDIA_SCANNER_FINISHED
03-30 15:16:57.249: D/MediaScannerService(1637): done scanning volume external
03-30 15:16:57.421: D/AccountManagerService(1386): bind attempt failed for Session: expectLaunch false, connected false, stats (0/0/0), lifetime 0.0, getAccountsByTypeAndFeatures, service_lh2
03-30 15:16:57.429: D/AccountManagerService(1386): bind attempt failed for Session: expectLaunch false, connected false, stats (0/0/0), lifetime 0.001, getAccountsByTypeAndFeatures, service_lh2
03-30 15:16:57.663: I/GridLayer(1941): Slot changing from 0 to -1
03-30 15:16:57.695: D/skia(1941): Loading ARM decoder...
03-30 15:16:58.687: I/GridLayer(1941): Slot changing from 0 to 0
03-30 15:17:01.992: I/GridLayer(1941): Slot changing from 0 to 0
03-30 15:17:05.007: D/Gallery(1941): onPause
03-30 15:17:05.085: I/RenderView(1941): OnPause RenderView com.cooliris.media.RenderView@40566b90
03-30 15:17:05.132: I/LAB126(1448): StatusBarService hears intent. action: com.lab126.intent.TOP_WINDOW_CHANGED
03-30 15:17:05.132: I/LAB126(1448): window changed
03-30 15:17:05.195: D/Gallery(1941): onStop
03-30 15:17:05.218: I/Gallery(1941): onDestroy
03-30 15:17:14.320: V/DeviceStorageMonitorService(1386): mTotalMemory is 11734999
03-30 15:17:24.210: D/dalvikvm(1637): GC_EXPLICIT freed 199K, 49% free 2898K/5639K, external 847K/1181K, paused 31ms
03-30 15:17:39.335: D/dalvikvm(1971): GC_EXPLICIT freed 10K, 50% free 2980K/5959K, external 847K/1181K, paused 70ms
03-30 15:17:44.374: D/dalvikvm(1941): GC_EXPLICIT freed 121K, 43% free 3500K/6087K, external 2826K/3111K, paused 85ms
03-30 15:17:49.452: D/LAB126(1448): got back button softkey click!
03-30 15:17:49.452: D/LAB126(1448): collapse because of back button
03-30 15:17:49.452: D/LAB126(1448): collapse softkeys
03-30 15:17:49.632: I/LAB126(1448): StatusBarService hears intent. action: com.lab126.intent.TOP_WINDOW_CHANGED
03-30 15:17:49.632: I/LAB126(1448): window changed
03-30 15:17:50.304: E/TiBaseActivity(1914): (main) [53393,1151598] Layout cleanup.
03-30 15:17:50.351: D/dalvikvm(1386): GC_CONCURRENT freed 1120K, 51% free 5246K/10567K, external 2732K/3412K, paused 7ms+11ms
03-30 15:17:50.577: D/dalvikvm(1386): GC_CONCURRENT freed 1392K, 52% free 5177K/10567K, external 2732K/3412K, paused 3ms+3ms
03-30 15:17:50.687: D/dalvikvm(1386): GC_CONCURRENT freed 1306K, 52% free 5177K/10567K, external 2732K/3412K, paused 3ms+3ms
03-30 15:17:50.867: D/dalvikvm(1386): GC_CONCURRENT freed 1288K, 51% free 5195K/10567K, external 2732K/3412K, paused 2ms+4ms
03-30 15:17:51.007: D/dalvikvm(1386): GC_CONCURRENT freed 1329K, 52% free 5177K/10567K, external 2732K/3412K, paused 2ms+4ms
03-30 15:17:51.117: D/dalvikvm(1386): GC_CONCURRENT freed 1306K, 52% free 5177K/10567K, external 2732K/3412K, paused 3ms+3ms
03-30 15:17:51.218: D/dalvikvm(1386): GC_CONCURRENT freed 1307K, 52% free 5177K/10567K, external 2732K/3412K, paused 2ms+4ms
03-30 15:17:51.327: D/dalvikvm(1386): GC_CONCURRENT freed 1305K, 52% free 5177K/10567K, external 2732K/3412K, paused 2ms+3ms
03-30 15:17:51.421: D/dalvikvm(1386): GC_CONCURRENT freed 1310K, 52% free 5163K/10567K, external 2732K/3412K, paused 2ms+4ms
03-30 15:17:51.523: D/dalvikvm(1386): GC_CONCURRENT freed 1298K, 52% free 5155K/10567K, external 2732K/3412K, paused 3ms+3ms
03-30 15:17:51.585: D/dalvikvm(1386): GC_CONCURRENT freed 1301K, 52% free 5153K/10567K, external 2732K/3412K, paused 2ms+3ms
03-30 15:17:51.640: D/dalvikvm(1386): GC_CONCURRENT freed 1279K, 52% free 5169K/10567K, external 2732K/3412K, paused 2ms+4ms
03-30 15:17:51.710: D/dalvikvm(1386): GC_CONCURRENT freed 1294K, 51% free 5178K/10567K, external 2732K/3412K, paused 3ms+3ms
03-30 15:18:14.320: V/DeviceStorageMonitorService(1386): mTotalMemory is 11734999
03-30 15:18:19.757: D/ActivityManager(1386): Starting: Intent { cmp=com.appcelerator.kitchensinknook/org.appcelerator.titanium.TiActivity (has extras) } from pid 1914
03-30 15:18:19.773: D/Window(1914): Loading window with URL: ../examples/photo_gallery.js
03-30 15:18:19.773: D/Module(1914): Loading module: ../examples/photo_gallery -> Resources/examples/photo_gallery.js
03-30 15:18:19.882: D/ActivityManager(1386): Starting: Intent { act=android.intent.action.PICK cat=[android.intent.category.DEFAULT] typ=image/* cmp=com.cooliris.media/.Gallery (has extras) } from pid 1914
03-30 15:18:19.882: W/ActivityManager(1386): Activity is launching as a new task, so cancelling activity result.
03-30 15:18:19.929: D/TiUIView(1914): (main) [29630,1181228] Nativeview is null
03-30 15:18:19.929: E/TiMedia(1914): (main) [1,1181229] OnResult called: 0
03-30 15:18:20.179: I/Gallery3D(1941): sending softkey config intent, config: 2, key com.cooliris.media/com.cooliris.media.Gallery
03-30 15:18:20.179: I/LAB126(1448): StatusBarService hears softkey intent. action: com.lab126.intent.ACTION_CONFIG_SOFTKEYS
03-30 15:18:20.195: D/TiUIView(1914): (main) [257,1181486] Nativeview is null
03-30 15:18:20.202: E/GridDrawManager(1941): There are 3072 display items.
03-30 15:18:20.226: I/LAB126(1448): StatusBarService hears intent. action: com.lab126.intent.TOP_WINDOW_CHANGED
03-30 15:18:20.226: I/LAB126(1448): window changed
03-30 15:18:20.242: E/GridDrawManager(1941): There are 3072 display items.
03-30 15:18:20.249: I/Gallery(1941): onCreate
03-30 15:18:20.249: I/Gallery(1941): request media scan
03-30 15:18:20.257: D/Gallery(1941): onStart
03-30 15:18:20.257: D/Gallery(1941): onResume
03-30 15:18:20.265: I/TiApplication(1914): (main) [69,1181555] SD card has been mounted. Enabling cache for http responses.
03-30 15:18:20.273: D/Gallery(1941): initializeDataSource
03-30 15:18:20.281: D/AccountManagerService(1386): bind attempt failed for Session: expectLaunch false, connected false, stats (0/0/0), lifetime 0.0, getAccountsByTypeAndFeatures, service_lh2
03-30 15:18:20.343: I/LAB126(1448): StatusBarService hears intent. action: com.lab126.intent.TOP_WINDOW_CHANGED
03-30 15:18:20.343: I/LAB126(1448): window changed
03-30 15:18:20.351: I/BootReceiver(1941): Got intent with action android.intent.action.MEDIA_MOUNTED
03-30 15:18:20.367: D/MediaScannerService(1637): start scanning volume external
03-30 15:18:20.398: I/RenderView(1941): First Draw
03-30 15:18:20.413: D/MediaScanner(1637): found .nomedia, skipping directory
03-30 15:18:20.421: D/MediaScanner(1637): found .nomedia, skipping directory
03-30 15:18:20.429: D/MediaScanner(1637): prescan time: 32ms
03-30 15:18:20.429: D/MediaScanner(1637): scan time: 27ms
03-30 15:18:20.429: D/MediaScanner(1637): postscan time: 0ms
03-30 15:18:20.429: D/MediaScanner(1637): total time: 59ms
03-30 15:18:20.429: D/MediaScannerService(1637): done scanning volume external
03-30 15:18:20.499: I/ActivityManager(1386): Displayed com.appcelerator.kitchensinknook/org.appcelerator.titanium.TiActivity: +735ms
03-30 15:18:20.499: I/ActivityManager(1386): Displayed com.cooliris.media/.Gallery: +329ms
03-30 15:18:20.546: D/AccountManagerService(1386): bind attempt failed for Session: expectLaunch false, connected false, stats (0/0/0), lifetime 0.0, getAccountsByTypeAndFeatures, service_lh2
03-30 15:18:20.562: I/AmazonEmail(1971): storage path "/mnt/sdcard" mounted readOnly=true
03-30 15:18:20.585: D/AccountManagerService(1386): bind attempt failed for Session: expectLaunch false, connected false, stats (0/0/0), lifetime 0.0, getAccountsByTypeAndFeatures, service_lh2
03-30 15:18:20.601: I/BootReceiver(1941): Got intent with action android.intent.action.MEDIA_SCANNER_FINISHED
03-30 15:18:20.890: I/GridLayer(1941): Slot changing from 0 to -1
03-30 15:18:20.999: D/dalvikvm(1941): GC_EXTERNAL_ALLOC freed 132K, 42% free 3686K/6279K, external 3093K/3111K, paused 41ms
03-30 15:18:21.015: D/skia(1941): Loading ARM decoder...
03-30 15:18:21.327: I/GridLayer(1941): Slot changing from 0 to 0
03-30 15:18:22.835: I/GridLayer(1941): Slot changing from 0 to 0
03-30 15:18:24.499: I/ChargeProtectionService(1386): Battery discharging, resuming charging
03-30 15:18:25.546: D/Gallery(1941): onPause
03-30 15:18:25.624: I/RenderView(1941): OnPause RenderView com.cooliris.media.RenderView@405902a8
03-30 15:18:25.679: I/LAB126(1448): StatusBarService hears intent. action: com.lab126.intent.TOP_WINDOW_CHANGED
03-30 15:18:25.679: I/LAB126(1448): window changed
03-30 15:18:25.726: D/Gallery(1941): onStop
03-30 15:18:25.749: I/Gallery(1941): onDestroy
03-30 15:18:25.968: D/dalvikvm(1386): GC_CONCURRENT freed 1191K, 52% free 5171K/10567K, external 2732K/3412K, paused 7ms+10ms
03-30 15:18:52.015: D/dalvikvm(1386): GC_CONCURRENT freed 1281K, 51% free 5195K/10567K, external 2732K/3412K, paused 6ms+10ms
03-30 15:18:52.320: D/dalvikvm(1386): GC_CONCURRENT freed 1322K, 51% free 5184K/10567K, external 2732K/3412K, paused 6ms+9ms
03-30 15:18:52.507: D/dalvikvm(1386): GC_CONCURRENT freed 1308K, 51% free 5185K/10567K, external 2732K/3412K, paused 2ms+3ms
03-30 15:18:52.617: D/dalvikvm(1386): GC_CONCURRENT freed 1309K, 51% free 5184K/10567K, external 2732K/3412K, paused 2ms+4ms
03-30 15:18:52.726: D/dalvikvm(1386): GC_CONCURRENT freed 1300K, 51% free 5193K/10567K, external 2732K/3412K, paused 2ms+3ms
03-30 15:18:52.835: D/dalvikvm(1386): GC_CONCURRENT freed 1319K, 51% free 5185K/10567K, external 2732K/3412K, paused 3ms+3ms
03-30 15:18:52.945: D/dalvikvm(1386): GC_CONCURRENT freed 1308K, 51% free 5185K/10567K, external 2732K/3412K, paused 2ms+3ms
03-30 15:18:53.054: D/dalvikvm(1386): GC_CONCURRENT freed 1309K, 51% free 5184K/10567K, external 2732K/3412K, paused 3ms+3ms
03-30 15:18:53.140: D/dalvikvm(1386): GC_CONCURRENT freed 1304K, 51% free 5189K/10567K, external 2732K/3412K, paused 2ms+3ms
03-30 15:18:53.218: D/dalvikvm(1386): GC_CONCURRENT freed 1297K, 51% free 5198K/10567K, external 2732K/3412K, paused 2ms+3ms
03-30 15:18:53.281: D/dalvikvm(1386): GC_CONCURRENT freed 1307K, 51% free 5202K/10567K, external 2732K/3412K, paused 2ms+3ms
03-30 15:18:53.343: D/dalvikvm(1386): GC_CONCURRENT freed 1320K, 51% free 5186K/10567K, external 2732K/3412K, paused 2ms+3ms
03-30 15:18:59.843: D/dalvikvm(1386): GC_CONCURRENT freed 1233K, 52% free 5149K/10567K, external 2732K/3412K, paused 7ms+8ms
03-30 15:19:14.320: V/DeviceStorageMonitorService(1386): mTotalMemory is 11734999
03-30 15:19:53.499: D/dalvikvm(1386): GC_CONCURRENT freed 1232K, 51% free 5209K/10567K, external 2732K/3412K, paused 2ms+4ms
03-30 15:19:53.781: D/dalvikvm(1386): GC_CONCURRENT freed 1339K, 51% free 5184K/10567K, external 2732K/3412K, paused 6ms+3ms
03-30 15:19:53.890: D/dalvikvm(1386): GC_CONCURRENT freed 1307K, 51% free 5184K/10567K, external 2732K/3412K, paused 3ms+3ms
03-30 15:19:53.999: D/dalvikvm(1386): GC_CONCURRENT freed 1307K, 51% free 5186K/10567K, external 2732K/3412K, paused 2ms+4ms
03-30 15:19:54.109: D/dalvikvm(1386): GC_CONCURRENT freed 1310K, 51% free 5184K/10567K, external 2732K/3412K, paused 2ms+4ms
03-30 15:19:54.249: D/dalvikvm(1386): GC_CONCURRENT freed 1279K, 51% free 5202K/10567K, external 2732K/3412K, paused 3ms+3ms
03-30 15:19:54.390: D/dalvikvm(1386): GC_CONCURRENT freed 1331K, 51% free 5184K/10567K, external 2732K/3412K, paused 3ms+4ms
03-30 15:19:54.523: D/dalvikvm(1386): GC_CONCURRENT freed 1307K, 51% free 5184K/10567K, external 2732K/3412K, paused 3ms+4ms
03-30 15:19:54.640: D/dalvikvm(1386): GC_CONCURRENT freed 1283K, 51% free 5206K/10567K, external 2732K/3412K, paused 3ms+4ms
03-30 15:19:54.757: D/dalvikvm(1386): GC_CONCURRENT freed 1345K, 52% free 5163K/10567K, external 2732K/3412K, paused 2ms+4ms
03-30 15:19:54.843: D/dalvikvm(1386): GC_CONCURRENT freed 1282K, 52% free 5177K/10567K, external 2732K/3412K, paused 3ms+3ms
03-30 15:19:54.921: D/dalvikvm(1386): GC_CONCURRENT freed 1310K, 52% free 5169K/10567K, external 2732K/3412K, paused 2ms+4ms
03-30 15:19:54.999: D/dalvikvm(1386): GC_CONCURRENT freed 1313K, 52% free 5159K/10567K, external 2732K/3412K, paused 3ms+4ms
03-30 15:20:14.327: V/DeviceStorageMonitorService(1386): mTotalMemory is 11734999
03-30 15:20:55.140: D/dalvikvm(1386): GC_CONCURRENT freed 1256K, 51% free 5205K/10567K, external 2732K/3412K, paused 2ms+4ms
03-30 15:20:55.265: D/dalvikvm(1386): GC_CONCURRENT freed 1333K, 51% free 5185K/10567K, external 2732K/3412K, paused 3ms+3ms
03-30 15:20:55.374: D/dalvikvm(1386): GC_CONCURRENT freed 1291K, 51% free 5203K/10567K, external 2732K/3412K, paused 3ms+3ms
03-30 15:20:55.484: D/dalvikvm(1386): GC_CONCURRENT freed 1331K, 51% free 5185K/10567K, external 2732K/3412K, paused 2ms+3ms
03-30 15:20:55.593: D/dalvikvm(1386): GC_CONCURRENT freed 1274K, 51% free 5219K/10567K, external 2732K/3412K, paused 2ms+4ms
03-30 15:20:55.820: D/dalvikvm(1386): GC_CONCURRENT freed 1317K, 51% free 5219K/10567K, external 2732K/3412K, paused 6ms+9ms
03-30 15:20:56.124: D/dalvikvm(1386): GC_CONCURRENT freed 1351K, 51% free 5185K/10567K, external 2732K/3412K, paused 6ms+9ms
03-30 15:20:56.437: D/dalvikvm(1386): GC_CONCURRENT freed 1306K, 51% free 5188K/10567K, external 2732K/3412K, paused 6ms+9ms
03-30 15:20:56.671: D/dalvikvm(1386): GC_CONCURRENT freed 1313K, 51% free 5181K/10567K, external 2732K/3412K, paused 7ms+9ms
03-30 15:20:56.929: D/dalvikvm(1386): GC_CONCURRENT freed 1324K, 52% free 5156K/10567K, external 2732K/3412K, paused 6ms+9ms
03-30 15:20:57.093: D/dalvikvm(1386): GC_CONCURRENT freed 1256K, 51% free 5186K/10567K, external 2732K/3412K, paused 7ms+9ms
03-30 15:20:57.249: D/dalvikvm(1386): GC_CONCURRENT freed 1279K, 51% free 5202K/10567K, external 2732K/3412K, paused 6ms+9ms
03-30 15:20:57.398: D/dalvikvm(1386): GC_CONCURRENT freed 1352K, 52% free 5153K/10567K, external 2732K/3412K, paused 6ms+9ms
03-30 15:21:14.320: V/DeviceStorageMonitorService(1386): mTotalMemory is 11734999
03-30 15:21:46.445: I/dalvikvm(1386): Total arena pages for JIT: 11
03-30 15:21:46.445: I/dalvikvm(1386): Total arena pages for JIT: 12
03-30 15:21:57.617: D/dalvikvm(1386): GC_CONCURRENT freed 1244K, 51% free 5209K/10567K, external 2732K/3412K, paused 6ms+10ms
03-30 15:21:57.913: D/dalvikvm(1386): GC_CONCURRENT freed 1339K, 51% free 5185K/10567K, external 2732K/3412K, paused 7ms+9ms
03-30 15:21:58.218: D/dalvikvm(1386): GC_CONCURRENT freed 1309K, 51% free 5185K/10567K, external 2732K/3412K, paused 7ms+9ms
03-30 15:21:58.523: D/dalvikvm(1386): GC_CONCURRENT freed 1290K, 51% free 5203K/10567K, external 2732K/3412K, paused 6ms+9ms
03-30 15:21:58.648: D/dalvikvm(1386): GC_CONCURRENT freed 1330K, 51% free 5185K/10567K, external 2732K/3412K, paused 2ms+3ms
03-30 15:21:58.757: D/dalvikvm(1386): GC_CONCURRENT freed 1308K, 51% free 5185K/10567K, external 2732K/3412K, paused 2ms+4ms
03-30 15:21:58.867: D/dalvikvm(1386): GC_CONCURRENT freed 1308K, 51% free 5186K/10567K, external 2732K/3412K, paused 2ms+3ms
03-30 15:21:58.968: D/dalvikvm(1386): GC_CONCURRENT freed 1308K, 51% free 5186K/10567K, external 2732K/3412K, paused 2ms+4ms
03-30 15:21:59.062: D/dalvikvm(1386): GC_CONCURRENT freed 1299K, 51% free 5196K/10567K, external 2732K/3412K, paused 3ms+3ms
03-30 15:21:59.163: D/dalvikvm(1386): GC_CONCURRENT freed 1333K, 52% free 5164K/10567K, external 2732K/3412K, paused 2ms+4ms
03-30 15:21:59.218: D/dalvikvm(1386): GC_CONCURRENT freed 1282K, 52% free 5178K/10567K, external 2732K/3412K, paused 2ms+3ms
03-30 15:21:59.288: D/dalvikvm(1386): GC_CONCURRENT freed 1294K, 51% free 5186K/10567K, external 2732K/3412K, paused 2ms+4ms
03-30 15:21:59.359: D/dalvikvm(1386): GC_CONCURRENT freed 1295K, 51% free 5186K/10567K, external 2732K/3412K, paused 2ms+3ms
03-30 15:22:14.320: V/DeviceStorageMonitorService(1386): mTotalMemory is 11734999
03-30 15:22:59.577: D/dalvikvm(1386): GC_CONCURRENT freed 1288K, 51% free 5206K/10567K, external 2732K/3412K, paused 7ms+10ms
03-30 15:22:59.882: D/dalvikvm(1386): GC_CONCURRENT freed 1334K, 51% free 5186K/10567K, external 2732K/3412K, paused 6ms+9ms
03-30 15:23:00.195: D/dalvikvm(1386): GC_CONCURRENT freed 1308K, 51% free 5187K/10567K, external 2732K/3412K, paused 6ms+9ms
03-30 15:23:00.499: D/dalvikvm(1386): GC_CONCURRENT freed 1292K, 51% free 5204K/10567K, external 2732K/3412K, paused 6ms+8ms
03-30 15:23:00.796: D/dalvikvm(1386): GC_CONCURRENT freed 1330K, 51% free 5186K/10567K, external 2732K/3412K, paused 6ms+9ms
03-30 15:23:01.093: D/dalvikvm(1386): GC_CONCURRENT freed 1308K, 51% free 5187K/10567K, external 2732K/3412K, paused 7ms+9ms
03-30 15:23:01.390: D/dalvikvm(1386): GC_CONCURRENT freed 1308K, 51% free 5187K/10567K, external 2732K/3412K, paused 6ms+9ms
03-30 15:23:01.687: D/dalvikvm(1386): GC_CONCURRENT freed 1308K, 51% free 5187K/10567K, external 2732K/3412K, paused 6ms+9ms
03-30 15:23:01.937: D/dalvikvm(1386): GC_CONCURRENT freed 1298K, 51% free 5197K/10567K, external 2732K/3412K, paused 6ms+10ms
03-30 15:23:02.226: D/dalvikvm(1386): GC_CONCURRENT freed 1331K, 52% free 5175K/10567K, external 2732K/3412K, paused 6ms+9ms
03-30 15:23:02.390: D/dalvikvm(1386): GC_CONCURRENT freed 1278K, 51% free 5187K/10567K, external 2732K/3412K, paused 6ms+9ms
03-30 15:23:02.546: D/dalvikvm(1386): GC_CONCURRENT freed 1279K, 51% free 5203K/10567K, external 2732K/3412K, paused 7ms+9ms
03-30 15:23:02.695: D/dalvikvm(1386): GC_CONCURRENT freed 1336K, 51% free 5179K/10567K, external 2732K/3412K, paused 7ms+10ms
03-30 15:23:14.335: V/DeviceStorageMonitorService(1386): mTotalMemory is 11734999
03-30 15:23:27.101: I/ChargeProtectionService(1386): Battery discharging, resuming charging
03-30 15:24:02.882: D/dalvikvm(1386): GC_CONCURRENT freed 1251K, 51% free 5235K/10567K, external 2732K/3412K, paused 6ms+3ms
03-30 15:24:02.992: D/dalvikvm(1386): GC_CONCURRENT freed 1350K, 51% free 5206K/10567K, external 2732K/3412K, paused 3ms+3ms
03-30 15:24:03.109: D/dalvikvm(1386): GC_CONCURRENT freed 1331K, 51% free 5188K/10567K, external 2732K/3412K, paused 2ms+3ms
03-30 15:24:03.218: D/dalvikvm(1386): GC_CONCURRENT freed 1329K, 52% free 5165K/10567K, external 2732K/3412K, paused 2ms+4ms
03-30 15:24:03.327: D/dalvikvm(1386): GC_CONCURRENT freed 1280K, 51% free 5188K/10567K, external 2732K/3412K, paused 2ms+3ms
03-30 15:24:03.437: D/dalvikvm(1386): GC_CONCURRENT freed 1309K, 51% free 5189K/10567K, external 2732K/3412K, paused 2ms+3ms
03-30 15:24:03.538: D/dalvikvm(1386): GC_CONCURRENT freed 1309K, 51% free 5189K/10567K, external 2732K/3412K, paused 2ms+3ms
03-30 15:24:03.648: D/dalvikvm(1386): GC_CONCURRENT freed 1309K, 51% free 5189K/10567K, external 2732K/3412K, paused 2ms+3ms
03-30 15:24:03.749: D/dalvikvm(1386): GC_CONCURRENT freed 1308K, 51% free 5183K/10567K, external 2732K/3412K, paused 2ms+3ms
03-30 15:24:03.851: D/dalvikvm(1386): GC_CONCURRENT freed 1282K, 51% free 5209K/10567K, external 2732K/3412K, paused 2ms+3ms
03-30 15:24:03.992: D/dalvikvm(1386): GC_CONCURRENT freed 1318K, 51% free 5189K/10567K, external 2732K/3412K, paused 6ms+9ms
03-30 15:24:04.062: D/dalvikvm(1386): GC_CONCURRENT freed 1295K, 51% free 5189K/10567K, external 2732K/3412K, paused 3ms+3ms
03-30 15:24:04.132: D/dalvikvm(1386): GC_CONCURRENT freed 1294K, 51% free 5189K/10567K, external 2732K/3412K, paused 2ms+3ms
03-30 15:24:14.335: V/DeviceStorageMonitorService(1386): mTotalMemory is 11734999
03-30 15:24:56.249: D/LAB126(1448): got back button softkey click!
03-30 15:24:56.249: D/LAB126(1448): collapse because of back button
03-30 15:24:56.249: D/LAB126(1448): collapse softkeys
03-30 15:24:56.468: I/LAB126(1448): StatusBarService hears intent. action: com.lab126.intent.TOP_WINDOW_CHANGED
03-30 15:24:56.468: I/LAB126(1448): window changed
03-30 15:24:56.492: D/dalvikvm(1914): GC_CONCURRENT freed 883K, 42% free 4773K/8135K, external 1344K/1695K, paused 3ms+16ms
03-30 15:24:56.640: E/TiBaseActivity(1914): (main) [396381,1577936] Layout cleanup.
03-30 15:24:58.288: D/ActivityManager(1386): Starting: Intent { cmp=com.appcelerator.kitchensinknook/org.appcelerator.titanium.TiActivity (has extras) } from pid 1914
03-30 15:24:58.288: D/Window(1914): Loading window with URL: ../examples/photo_gallery.js
03-30 15:24:58.304: D/Module(1914): Loading module: ../examples/photo_gallery -> Resources/examples/photo_gallery.js
03-30 15:24:58.406: D/ActivityManager(1386): Starting: Intent { act=android.intent.action.PICK cat=[android.intent.category.DEFAULT] typ=image/* cmp=com.cooliris.media/.Gallery (has extras) } from pid 1914
03-30 15:24:58.406: W/ActivityManager(1386): Activity is launching as a new task, so cancelling activity result.
03-30 15:24:58.460: D/TiUIView(1914): (main) [1817,1579753] Nativeview is null
03-30 15:24:58.523: E/TiMedia(1914): (main) [59,1579812] OnResult called: 0
03-30 15:24:58.710: I/Gallery3D(1941): sending softkey config intent, config: 2, key com.cooliris.media/com.cooliris.media.Gallery
03-30 15:24:58.718: I/LAB126(1448): StatusBarService hears softkey intent. action: com.lab126.intent.ACTION_CONFIG_SOFTKEYS
03-30 15:24:58.726: D/TiUIView(1914): (main) [207,1580019] Nativeview is null
03-30 15:24:58.734: E/GridDrawManager(1941): There are 3072 display items.
03-30 15:24:58.757: E/GridDrawManager(1941): There are 3072 display items.
03-30 15:24:58.757: I/LAB126(1448): StatusBarService hears intent. action: com.lab126.intent.TOP_WINDOW_CHANGED
03-30 15:24:58.757: I/LAB126(1448): window changed
03-30 15:24:58.773: I/Gallery(1941): onCreate
03-30 15:24:58.773: I/Gallery(1941): request media scan
03-30 15:24:58.781: D/Gallery(1941): onStart
03-30 15:24:58.781: D/Gallery(1941): onResume
03-30 15:24:58.796: I/TiApplication(1914): (main) [72,1580091] SD card has been mounted. Enabling cache for http responses.
03-30 15:24:58.804: D/Gallery(1941): initializeDataSource
03-30 15:24:58.812: D/AccountManagerService(1386): bind attempt failed for Session: expectLaunch false, connected false, stats (0/0/0), lifetime 0.0, getAccountsByTypeAndFeatures, service_lh2
03-30 15:24:58.874: I/LAB126(1448): StatusBarService hears intent. action: com.lab126.intent.TOP_WINDOW_CHANGED
03-30 15:24:58.874: I/LAB126(1448): window changed
03-30 15:24:58.882: I/BootReceiver(1941): Got intent with action android.intent.action.MEDIA_MOUNTED
03-30 15:24:58.898: D/MediaScannerService(1637): start scanning volume external
03-30 15:24:58.929: I/RenderView(1941): First Draw
03-30 15:24:58.945: D/MediaScanner(1637): found .nomedia, skipping directory
03-30 15:24:58.968: D/dalvikvm(1941): GC_EXTERNAL_ALLOC freed 123K, 40% free 3846K/6407K, external 3603K/3838K, paused 37ms
03-30 15:24:58.968: D/MediaScanner(1637): found .nomedia, skipping directory
03-30 15:24:58.992: D/MediaScanner(1637): prescan time: 23ms
03-30 15:24:58.992: D/MediaScanner(1637): scan time: 67ms
03-30 15:24:58.992: D/MediaScanner(1637): postscan time: 0ms
03-30 15:24:58.992: D/MediaScanner(1637): total time: 90ms
03-30 15:24:58.999: D/MediaScannerService(1637): done scanning volume external
03-30 15:24:59.038: I/ActivityManager(1386): Displayed com.appcelerator.kitchensinknook/org.appcelerator.titanium.TiActivity: +753ms
03-30 15:24:59.038: I/ActivityManager(1386): Displayed com.cooliris.media/.Gallery: +338ms
03-30 15:24:59.062: I/AmazonEmail(1971): storage path "/mnt/sdcard" mounted readOnly=true
03-30 15:24:59.077: D/AccountManagerService(1386): bind attempt failed for Session: expectLaunch false, connected false, stats (0/0/0), lifetime 0.0, getAccountsByTypeAndFeatures, service_lh2
03-30 15:24:59.077: D/AccountManagerService(1386): bind attempt failed for Session: expectLaunch false, connected false, stats (0/0/0), lifetime 0.0, getAccountsByTypeAndFeatures, service_lh2
03-30 15:24:59.117: I/BootReceiver(1941): Got intent with action android.intent.action.MEDIA_SCANNER_FINISHED
03-30 15:24:59.179: D/dalvikvm(1386): GC_CONCURRENT freed 1255K, 51% free 5187K/10567K, external 2732K/3412K, paused 2ms+5ms
03-30 15:24:59.429: I/GridLayer(1941): Slot changing from 0 to -1
03-30 15:24:59.452: D/skia(1941): Loading ARM decoder...
03-30 15:25:00.452: I/GridLayer(1941): Slot changing from 0 to 0
03-30 15:25:04.101: D/Gallery(1941): onPause
03-30 15:25:04.163: I/RenderView(1941): OnPause RenderView com.cooliris.media.RenderView@406225d8
03-30 15:25:04.179: I/LAB126(1448): StatusBarService hears intent. action: com.lab126.intent.TOP_WINDOW_CHANGED
03-30 15:25:04.179: I/LAB126(1448): window changed
03-30 15:25:04.210: D/Gallery(1941): onStop
03-30 15:25:04.218: I/Gallery(1941): onDestroy
03-30 15:25:04.351: D/dalvikvm(1386): GC_CONCURRENT freed 1288K, 51% free 5208K/10567K, external 2732K/3412K, paused 2ms+4ms
03-30 15:25:04.484: D/dalvikvm(1386): GC_CONCURRENT freed 1314K, 51% free 5209K/10567K, external 2732K/3412K, paused 2ms+3ms
03-30 15:25:04.609: D/dalvikvm(1386): GC_CONCURRENT freed 1334K, 51% free 5189K/10567K, external 2732K/3412K, paused 3ms+4ms
03-30 15:25:04.726: D/dalvikvm(1386): GC_CONCURRENT freed 1275K, 51% free 5223K/10567K, external 2732K/3412K, paused 2ms+3ms
03-30 15:25:04.835: D/dalvikvm(1386): GC_CONCURRENT freed 1351K, 51% free 5190K/10567K, external 2732K/3412K, paused 2ms+4ms
03-30 15:25:04.945: D/dalvikvm(1386): GC_CONCURRENT freed 1285K, 51% free 5214K/10567K, external 2732K/3412K, paused 2ms+3ms
03-30 15:25:05.054: D/dalvikvm(1386): GC_CONCURRENT freed 1341K, 51% free 5189K/10567K, external 2732K/3412K, paused 3ms+3ms
03-30 15:25:05.163: D/dalvikvm(1386): GC_CONCURRENT freed 1305K, 51% free 5182K/10567K, external 2732K/3412K, paused 2ms+3ms
03-30 15:25:05.249: D/dalvikvm(1386): GC_CONCURRENT freed 1279K, 51% free 5211K/10567K, external 2732K/3412K, paused 2ms+3ms
03-30 15:25:05.327: D/dalvikvm(1386): GC_CONCURRENT freed 1341K, 51% free 5179K/10567K, external 2732K/3412K, paused 2ms+4ms
03-30 15:25:05.398: D/dalvikvm(1386): GC_CONCURRENT freed 1292K, 51% free 5190K/10567K, external 2732K/3412K, paused 3ms+3ms
03-30 15:25:05.460: D/dalvikvm(1386): GC_CONCURRENT freed 1280K, 51% free 5206K/10567K, external 2732K/3412K, paused 2ms+3ms
03-30 15:25:12.859: D/dalvikvm(1637): GC_EXPLICIT freed 137K, 49% free 2924K/5639K, external 847K/1181K, paused 61ms
03-30 15:25:14.327: V/DeviceStorageMonitorService(1386): mTotalMemory is 11734999
03-30 15:25:22.874: D/dalvikvm(1971): GC_EXPLICIT freed 5K, 51% free 2979K/5959K, external 847K/1181K, paused 60ms
03-30 15:25:27.921: D/dalvikvm(1941): GC_EXPLICIT freed 118K, 41% free 3865K/6471K, external 3871K/4406K, paused 100ms
03-30 15:25:32.890: W/ProcessStats(1386): Skipping unknown process pid 2503
03-30 15:25:32.976: D/dalvikvm(1386): GC_CONCURRENT freed 1293K, 52% free 5150K/10567K, external 2732K/3412K, paused 6ms+10ms
03-30 15:26:05.835: D/dalvikvm(1386): GC_CONCURRENT freed 1237K, 51% free 5212K/10567K, external 2732K/3412K, paused 7ms+9ms
03-30 15:26:06.140: D/dalvikvm(1386): GC_CONCURRENT freed 1332K, 51% free 5195K/10567K, external 2732K/3412K, paused 6ms+9ms
03-30 15:26:06.429: D/dalvikvm(1386): GC_CONCURRENT freed 1328K, 52% free 5178K/10567K, external 2732K/3412K, paused 7ms+4ms
03-30 15:26:06.538: D/dalvikvm(1386): GC_CONCURRENT freed 1288K, 51% free 5196K/10567K, external 2732K/3412K, paused 2ms+3ms
03-30 15:26:06.640: D/dalvikvm(1386): GC_CONCURRENT freed 1329K, 52% free 5178K/10567K, external 2732K/3412K, paused 2ms+3ms
03-30 15:26:06.757: D/dalvikvm(1386): GC_CONCURRENT freed 1272K, 51% free 5212K/10567K, external 2732K/3412K, paused 3ms+4ms
03-30 15:26:06.890: D/dalvikvm(1386): GC_CONCURRENT freed 1350K, 52% free 5177K/10567K, external 2732K/3412K, paused 3ms+4ms
03-30 15:26:07.015: D/dalvikvm(1386): GC_CONCURRENT freed 1298K, 51% free 5180K/10567K, external 2732K/3412K, paused 3ms+3ms
03-30 15:26:07.140: D/dalvikvm(1386): GC_CONCURRENT freed 1305K, 51% free 5182K/10567K, external 2732K/3412K, paused 4ms+5ms
03-30 15:26:07.257: D/dalvikvm(1386): GC_CONCURRENT freed 1331K, 52% free 5158K/10567K, external 2732K/3412K, paused 3ms+5ms
03-30 15:26:07.343: D/dalvikvm(1386): GC_CONCURRENT freed 1284K, 52% free 5170K/10567K, external 2732K/3412K, paused 3ms+6ms
03-30 15:26:07.429: D/dalvikvm(1386): GC_CONCURRENT freed 1310K, 52% free 5162K/10567K, external 2732K/3412K, paused 3ms+5ms
