03-30 14:58:20.140: V/WifiStateTracker(1386): Changing supplicant state: GROUP_HANDSHAKE ==> COMPLETED
03-30 14:58:20.140: V/WifiStateTracker(1386): New network state is CONNECTED
03-30 14:58:20.148: W/BluetoothHeadset(1386): Proxy not attached to service
03-30 14:58:20.148: W/BluetoothHeadset(1386): Proxy not attached to service
03-30 14:58:20.148: D/IconMerger(1448): notification for com.android.systemui (1)
03-30 14:58:20.148: D/IconMerger(1448): sum of notifications: 1
03-30 14:58:20.187: D/dalvikvm(1288): GC_EXPLICIT freed <1K, 50% free 2709K/5379K, external 847K/1181K, paused 84ms
03-30 14:58:20.273: D/WifiStateTracker(1386): DHCP request started
03-30 14:58:20.929: I//system/bin/fsck_msdos(1285): ** Phase 4 - Checking for Lost Files
03-30 14:58:21.031: W/ActivityManager(1386): Unable to start service Intent { act=appStartup }: not found
03-30 14:58:21.101: I/RecoverySystem(1386): No recovery log file
03-30 14:58:21.101: I/RecoverySystem(1386): No recovery log file to get OTA operation result
03-30 14:58:21.109: W/DropBoxManagerService(1386): Unrecognized file: /dropbox/recovery
03-30 14:58:21.156: I/ActivityManager(1386): Start proc android.process.media for content provider com.android.providers.downloads/.DownloadProvider: pid=1637 uid=10011 gids={1015, 2001, 3003}
03-30 14:58:21.218: I/ActivityThread(1637): Pub media: com.android.providers.media.MediaProvider
03-30 14:58:21.351: I//system/bin/fsck_msdos(1285): Next free cluster in FSInfo block (1155) not free
03-30 14:58:21.351: I//system/bin/fsck_msdos(1285): FIXED
03-30 14:58:21.351: I//system/bin/fsck_msdos(1285): 1059 files, 1019286 free (2606795 clusters)
03-30 14:58:21.617: D/ContentProvider(1637): Error creating Video folder.
03-30 14:58:21.617: D/ContentProvider(1637): Error creating Pictures folder.
03-30 14:58:21.617: V/MediaProvider(1637): Attached volume: internal
03-30 14:58:21.625: I/ActivityThread(1637): Pub downloads: com.android.providers.downloads.DownloadProvider
03-30 14:58:21.632: I/Vold(1285): Filesystem check completed OK
03-30 14:58:21.671: D/ContentProvider(1637): Error creating Video folder.
03-30 14:58:21.671: D/ContentProvider(1637): Error creating Pictures folder.
03-30 14:58:21.671: I/ActivityThread(1637): Pub drm: com.android.providers.drm.DrmProvider
03-30 14:58:21.671: D/ContentProvider(1637): Error creating Video folder.
03-30 14:58:21.671: D/ContentProvider(1637): Error creating Pictures folder.
03-30 14:58:21.671: I/Vold(1285): Device /dev/block/vold/179:12, target /mnt/sdcard mounted @ /mnt/secure/staging
03-30 14:58:21.679: I/PackageManager(1386): Updating external media status from unmounted to mounted
03-30 14:58:21.679: D/Vold(1285): Volume sdcard state changing 3 (Checking) -> 4 (Mounted)
03-30 14:58:21.679: I/StorageNotification(1448): Media state changed from {checking} -> {mounted}
03-30 14:58:21.679: D/IconMerger(1448): sum of notifications: 0
03-30 14:58:21.695: I/PackageManager(1386): No secure containers on sdcard
03-30 14:58:21.695: D/VoldCmdListener(1285): asec list
03-30 14:58:21.703: W/PackageManager(1386): Not granting permission com.amazon.dcp.metrics.permission.METRICS_PERMISSION to package com.imdb.mobile (protectionLevel=2 flags=0x8be45)
03-30 14:58:21.703: W/PackageManager(1386): Unknown permission com.google.android.googleapps.permission.GOOGLE_AUTH.mail in package com.android.contacts
03-30 14:58:21.796: D/dalvikvm(1386): GC_CONCURRENT freed 459K, 39% free 4874K/7943K, external 2732K/3412K, paused 3ms+5ms
03-30 14:58:21.804: W/PackageManager(1386): Unknown permission android.permission.DEVICE_ADMIN in package com.lab126.otter
03-30 14:58:21.812: W/PackageManager(1386): Unknown permission com.google.android.googleapps.permission.GOOGLE_AUTH in package com.android.providers.calendar
03-30 14:58:21.812: W/PackageManager(1386): Unknown permission com.google.android.googleapps.permission.GOOGLE_AUTH.cl in package com.android.providers.calendar
03-30 14:58:21.812: W/PackageManager(1386): Unknown permission org.thialfihar.android.apg.permission.READ_KEY_DETAILS in package com.amazon.email
03-30 14:58:21.812: W/PackageManager(1386): Not granting permission com.amazon.dcp.metrics.permission.METRICS_PERMISSION to package com.cooliris.media (protectionLevel=2 flags=0x8bc45)
03-30 14:58:21.820: W/PackageManager(1386): Unknown permission com.google.android.googleapps.permission.GOOGLE_AUTH in package com.android.providers.contacts
03-30 14:58:21.820: W/PackageManager(1386): Unknown permission com.google.android.googleapps.permission.GOOGLE_AUTH.cp in package com.android.providers.contacts
03-30 14:58:21.820: W/PackageManager(1386): Unknown permission com.google.android.gm.permission.WRITE_GMAIL in package com.android.settings
03-30 14:58:21.820: W/PackageManager(1386): Unknown permission com.google.android.gm.permission.READ_GMAIL in package com.android.settings
03-30 14:58:21.820: W/PackageManager(1386): Unknown permission com.google.android.googleapps.permission.GOOGLE_AUTH in package com.android.settings
03-30 14:58:21.820: W/PackageManager(1386): Unknown permission com.android.launcher.permission.READ_SETTINGS in package com.android.settings
03-30 14:58:21.820: W/PackageManager(1386): Unknown permission com.android.launcher.permission.WRITE_SETTINGS in package com.android.settings
03-30 14:58:21.828: W/PackageManager(1386): Unknown permission com.android.launcher.permission.INSTALL_SHORTCUT in package com.amazon.cloud9
03-30 14:58:21.843: W/PackageManager(1386): Unknown permission android.webkit.permission.PLUGIN in package com.adobe.flashplayer
03-30 14:58:21.843: W/PackageManager(1386): Unknown permission com.google.android.providers.gmail.permission.WRITE_GMAIL in package com.qo.android.oemvc
03-30 14:58:21.843: W/PackageManager(1386): Unknown permission com.google.android.providers.gmail.permission.READ_GMAIL in package com.qo.android.oemvc
03-30 14:58:21.843: W/PackageManager(1386): Unknown permission com.google.android.gm.permission.READ_GMAIL in package com.qo.android.oemvc
03-30 14:58:21.843: W/PackageManager(1386): Unknown permission com.google.android.gm.permission.WRITE_GMAIL in package com.qo.android.oemvc
03-30 14:58:21.843: W/PackageManager(1386): Unknown permission android.permission.READ_OWNER_DATA in package com.qo.android.oemvc
03-30 14:58:21.843: W/PackageManager(1386): Unknown permission com.android.email.permission.ACCESS_PROVIDER in package com.qo.android.oemvc
03-30 14:58:21.843: W/PackageManager(1386): Unknown permission com.android.launcher.permission.INSTALL_SHORTCUT in package com.estrongs.android.pop
03-30 14:58:21.843: W/PackageManager(1386): Unknown permission com.android.launcher.permission.UNINSTALL_SHORTCUT in package com.estrongs.android.pop
03-30 14:58:21.843: W/PackageManager(1386): Unknown permission com.estrongs.android.pop.PERMISSION in package com.estrongs.android.pop
03-30 14:58:21.843: W/PackageManager(1386): Not granting permission com.amazon.dcp.metrics.permission.METRICS_PERMISSION to package com.alphonso.pulse (protectionLevel=2 flags=0x8be45)
03-30 14:58:22.250: I/LAB126(1448): StatusBarService hears intent. action: com.amazon.dcp.sso.action.AmazonAccountPropertyService.property.changed
03-30 14:58:22.320: I/LAB126(1448): StatusBarService hears intent. action: com.amazon.dcp.sso.action.AmazonAccountPropertyService.property.changed
03-30 14:58:22.328: D/IconMerger(1448): sum of notifications: 0
03-30 14:58:22.328: I/ActivityManager(1386): Start proc com.amazon.dcp:OTAService for broadcast com.amazon.dcp/.ota.OTAService$OTABootTimeReceiver: pid=1661 uid=32000 gids={2001, 3003, 1015, 1007, 1026}
03-30 14:58:22.468: W/ActivityManager(1386): Unable to start service Intent { act=appStartup }: not found
03-30 14:58:22.476: I/ActivityManager(1386): Start proc com.amazon.email for broadcast com.amazon.email/.service.BootReceiver: pid=1676 uid=10019 gids={3003, 1015}
03-30 14:58:22.578: D/MediaScannerService(1637): start scanning volume internal
03-30 14:58:22.609: I/ActivityManager(1386): Start proc com.amazon.gardemanger for content provider com.amazon.gardemanger/.provider.GardeProvider: pid=1728 uid=32004 gids={}
03-30 14:58:22.640: I/ActivityThread(1676): Pub com.amazon.email.messageprovider: com.amazon.email.provider.MessageProvider
03-30 14:58:22.648: D/ContentProvider(1676): Videos folder exist
03-30 14:58:22.648: D/ContentProvider(1676): Pictures folder exists
03-30 14:58:22.664: I/ActivityThread(1676): Pub com.amazon.email.attachmentprovider: com.amazon.email.provider.AttachmentProvider
03-30 14:58:22.664: D/ContentProvider(1676): Videos folder exist
03-30 14:58:22.664: D/ContentProvider(1676): Pictures folder exists
03-30 14:58:22.671: I/com.amazon.dcp.metrics.CrashDetectionHelper(1676): Setting up crash detector.
03-30 14:58:22.671: I/AmazonEmail(1676): Loading preferences from DB into Storage
03-30 14:58:22.726: I/AmazonEmail(1676): Preferences load took 56ms
03-30 14:58:22.742: I/ActivityManager(1386): Start proc com.amazon.venezia for content provider com.amazon.venezia/com.amazon.mas.client.contentprovider.ContentProviderApps: pid=1742 uid=32015 gids={3003, 1015}
03-30 14:58:22.796: I/AmazonEmail(1676): Registered: unmount receiver
03-30 14:58:22.796: I/AmazonEmail(1676): Registered: shutdown receiver
03-30 14:58:22.812: V/AmazonEmail(1676): Registering content resolver notifier
03-30 14:58:22.820: I/MailService(1676): connected: AutoSync help is available, autoSync = true
03-30 14:58:22.828: I/MailService(1676): connected: final hasConnectivity is false
03-30 14:58:22.828: I/MailService(1676): reset next check to -1.
03-30 14:58:22.828: I/MailService(1676): MailService.onStart(Intent { act=com.amazon.email.intent.action.MAIL_SERVICE_RESET cmp=com.amazon.email/.service.MailService (has extras) }, 1), hasConnectivity = false, doBackground = true
03-30 14:58:22.828: I/ActivityManager(1386): Start proc com.android.providers.calendar for broadcast com.android.providers.calendar/.CalendarReceiver: pid=1751 uid=10022 gids={3003}
03-30 14:58:22.843: I/MailService(1676): connected: AutoSync help is available, autoSync = true
03-30 14:58:22.843: I/MailService(1676): connected: final hasConnectivity is false
03-30 14:58:22.843: I/MailService(1676): reset next check to -1.
03-30 14:58:22.843: I/MailService(1676): MailService.onStart(Intent { act=com.amazon.email.intent.action.MAIL_SERVICE_CONNECTIVITY_CHANGE cmp=com.amazon.email/.service.MailService }, 2), hasConnectivity = false, doBackground = true
03-30 14:58:22.890: I/ActivityThread(1751): Pub com.android.calendar: com.android.providers.calendar.CalendarProvider2
03-30 14:58:22.906: D/ContentProvider(1751): Videos folder exist
03-30 14:58:22.906: D/ContentProvider(1751): Pictures folder exists
03-30 14:58:22.921: D/MediaScanner(1637): prescan time: 277ms
03-30 14:58:22.921: D/MediaScanner(1637): scan time: 21ms
03-30 14:58:22.921: D/MediaScanner(1637): postscan time: 0ms
03-30 14:58:22.921: D/MediaScanner(1637): total time: 298ms
03-30 14:58:22.921: D/MediaScannerService(1637): done scanning volume internal
03-30 14:58:23.023: D/Calendar(1751): missed alarms found: 0
03-30 14:58:23.023: I/ActivityManager(1386): Start proc com.audible.application for broadcast com.audible.application/.BootReceiver: pid=1764 uid=10023 gids={}
03-30 14:58:23.054: D/AudibleStubService(1764): Binding to service
03-30 14:58:23.062: I/ActivityManager(1386): Start proc com.audible.application.kindle for service com.audible.application.kindle/com.audible.application.stubservice.StubReceiverService: pid=1772 uid=32018 gids={3003, 1015, 3002}
03-30 14:58:24.351: D/WifiStateTracker(1386): DHCP succeeded with lease: 86400
03-30 14:58:24.359: V/WifiStateTracker(1386): IP configuration: ipaddr 0ddb79c0bf214cafc6b350e1b9631079 gateway baf0980d833047899d34e10305521d0f netmask 48ac8929ffdc78a66090d179ff1237d5 dns1 e6e9274b7e2cbf00caf7cfd7db86f807 dns2 cfcd208495d565ef66e7dff9f98764da DHCP server 4f2b2c06edc7e399fd159618da8a75c7 lease 86400 seconds
03-30 14:58:24.367: I/TimeService(1386): updating system time
03-30 14:58:24.367: D/Tethering(1386): MasterInitialState.processMessage what=3
03-30 14:58:24.367: I/StatusBarPolicy(1448): updateConnectivity: inetCondition = 0
03-30 14:58:24.367: D/WifiWatchdogService(1386): (android.server.ServerThread) 00:00:00:00:cd:d4 does not require the watchdog
03-30 14:58:24.375: I/CaptiveWifiService(1386): Connectivity action new network
03-30 14:58:24.429: D/AudibleStubService(1764): onServiceConnected, copying files
03-30 14:58:24.429: D/AudibleStubService(1764): copyAllFiles
03-30 14:58:24.445: I/ActivityManager(1386): Start proc com.amazon.mp3 for content provider com.amazon.mp3/.library.provider.ExternalProvider: pid=1809 uid=32001 gids={3003, 1007, 1015}
03-30 14:58:24.453: D/AudibleStubService(1764): copyAllFiles finished
03-30 14:58:24.562: I/TimeService(1386): NTP query, time result=1333144705117
03-30 14:58:24.562: D/SystemClock(1386): Setting time of day to sec=1333144705
03-30 14:58:25.382: I/ActivityManager(1386): Start proc com.amazon.dcp:TPHService for broadcast com.amazon.dcp/.tph.TPHService$WifiStatusChangeReceiver: pid=1826 uid=32000 gids={2001, 3003, 1015, 1007, 1026}
03-30 14:58:25.499: I/CaptiveWifiService(1386): Connected to Internet
03-30 14:58:25.554: I/MailService(1676): connected: network state is CONNECTED, is available is true
03-30 14:58:25.554: I/MailService(1676): connected: AutoSync help is available, autoSync = true
03-30 14:58:25.562: I/MailService(1676): connected: wifi -75
03-30 14:58:25.562: I/MailService(1676): connected: final hasConnectivity is true
03-30 14:58:25.562: I/MailService(1676): MailService.onStart(Intent { act=com.amazon.email.intent.action.MAIL_SERVICE_CONNECTIVITY_CHANGE cmp=com.amazon.email/.service.MailService (has extras) }, 3), hasConnectivity = true, doBackground = true
03-30 14:58:25.695: E/AmazonEmail(1676): isKeyInvalid: key is valid.
03-30 14:58:25.718: I/ActivityManager(1386): Start proc com.amazon.dcp:UpdatesLookupService for broadcast com.amazon.dcp/.ota.UpdatesLookupService$MountStatusChangedReceiver: pid=1845 uid=32000 gids={2001, 3003, 1015, 1007, 1026}
03-30 14:58:25.765: D/dalvikvm(1288): GC_EXPLICIT freed 11K, 50% free 2709K/5379K, external 847K/1181K, paused 50ms
03-30 14:58:25.796: D/dalvikvm(1288): GC_EXPLICIT freed <1K, 50% free 2709K/5379K, external 847K/1181K, paused 33ms
03-30 14:58:25.913: D/dalvikvm(1288): GC_EXPLICIT freed <1K, 50% free 2709K/5379K, external 847K/1181K, paused 115ms
03-30 14:58:25.937: D/dalvikvm(1386): GC_CONCURRENT freed 1008K, 42% free 5024K/8519K, external 2732K/3412K, paused 3ms+5ms
03-30 14:58:25.945: I/ActivityManager(1386): Start proc com.cooliris.media for broadcast com.cooliris.media/com.cooliris.cache.BootReceiver: pid=1860 uid=10018 gids={1015, 3003}
03-30 14:58:25.999: I/ConnectivityService(1386): Sending INET_CONDITION_ACTION broadcast
03-30 14:58:25.999: W/ProcessStats(1386): Skipping unknown process pid 1851
03-30 14:58:26.070: I/StatusBarPolicy(1448): updateConnectivity: inetCondition = 1
03-30 14:58:26.132: I/ActivityThread(1860): Pub com.cooliris.picasa.contentprovider: com.cooliris.picasa.PicasaContentProvider
03-30 14:58:26.140: D/ContentProvider(1860): Videos folder exist
03-30 14:58:26.140: D/ContentProvider(1860): Pictures folder exists
03-30 14:58:26.171: D/MediaScannerService(1637): start scanning volume external
03-30 14:58:26.304: I/com.amazon.dcp.metrics.CrashDetectionHelper(1860): Setting up crash detector.
03-30 14:58:26.304: I/BootReceiver(1860): Got intent with action android.intent.action.MEDIA_MOUNTED
03-30 14:58:26.304: V/MediaProvider(1637): /mnt/sdcard volume ID: 252718362
03-30 14:58:26.367: I/AmazonEmail(1676): storage path "/mnt/sdcard" mounted readOnly=false
03-30 14:58:26.382: E/AmazonEmail(1676): isKeyInvalid: key is valid.
03-30 14:58:26.398: I/MailService(1676): connected: network state is CONNECTED, is available is true
03-30 14:58:26.398: I/MailService(1676): connected: AutoSync help is available, autoSync = true
03-30 14:58:26.413: I/MailService(1676): connected: wifi -70
03-30 14:58:26.413: I/MailService(1676): connected: final hasConnectivity is true
03-30 14:58:26.413: I/MailService(1676): MailService.onStart(Intent { act=com.amazon.email.intent.action.MAIL_SERVICE_RESET cmp=com.amazon.email/.service.MailService (has extras) }, 1), hasConnectivity = true, doBackground = true
03-30 14:58:26.492: I/BootReceiver(1860): Got intent with action android.intent.action.MEDIA_SCANNER_FINISHED
03-30 14:58:26.695: D/dalvikvm(1676): GC_CONCURRENT freed 428K, 49% free 3039K/5895K, external 847K/1181K, paused 1ms+2ms
03-30 14:58:26.702: I/MailService(1676): connected: network state is CONNECTED, is available is true
03-30 14:58:26.702: I/MailService(1676): connected: AutoSync help is available, autoSync = true
03-30 14:58:26.710: I/MailService(1676): connected: wifi -69
03-30 14:58:26.710: I/MailService(1676): connected: final hasConnectivity is true
03-30 14:58:26.710: I/MailService(1676): MailService.onStart(Intent { act=com.amazon.email.intent.action.MAIL_SERVICE_CONNECTIVITY_CHANGE cmp=com.amazon.email/.service.MailService (has extras) }, 1), hasConnectivity = true, doBackground = true
03-30 14:58:26.710: E/Database(1676): close() was never explicitly called on database
03-30 14:58:26.710: E/Database(1676): android.database.sqlite.DatabaseObjectNotClosedException: Application did not close the cursor or database object that was opened here
03-30 14:58:26.710: E/Database(1676): at android.database.sqlite.SQLiteDatabase.(SQLiteDatabase.java:1872)
03-30 14:58:26.710: E/Database(1676): at android.database.sqlite.SQLiteDatabase.openDatabase(SQLiteDatabase.java:824)
03-30 14:58:26.710: E/Database(1676): at android.database.sqlite.SQLiteDatabase.openOrCreateDatabase(SQLiteDatabase.java:861)
03-30 14:58:26.710: E/Database(1676): at android.database.sqlite.SQLiteDatabase.openOrCreateDatabase(SQLiteDatabase.java:854)
03-30 14:58:26.710: E/Database(1676): at com.amazon.email.mail.store.LockableDatabase.openOrCreateDataspace(LockableDatabase.java:412)
03-30 14:58:26.710: E/Database(1676): at com.amazon.email.mail.store.LockableDatabase.open(LockableDatabase.java:394)
03-30 14:58:26.710: E/Database(1676): at com.amazon.email.mail.store.LocalStore.(LocalStore.java:188)
03-30 14:58:26.710: E/Database(1676): at com.amazon.email.mail.Store.getLocalInstance(Store.java:85)
03-30 14:58:26.710: E/Database(1676): at com.amazon.email.Account.getLocalStore(Account.java:1154)
03-30 14:58:26.710: E/Database(1676): at com.amazon.email.controller.MessagingController.setupPushing(MessagingController.java:5033)
03-30 14:58:26.710: E/Database(1676): at com.amazon.email.service.MailService$4.run(MailService.java:400)
03-30 14:58:26.710: E/Database(1676): at com.amazon.email.service.CoreService$1.run(CoreService.java:105)
03-30 14:58:26.710: E/Database(1676): at java.util.concurrent.ThreadPoolExecutor.runWorker(ThreadPoolExecutor.java:1088)
03-30 14:58:26.710: E/Database(1676): at java.util.concurrent.ThreadPoolExecutor$Worker.run(ThreadPoolExecutor.java:581)
03-30 14:58:26.710: E/Database(1676): at java.lang.Thread.run(Thread.java:1019)
03-30 14:58:26.781: I/ActivityManager(1386): Start proc com.alphonso.pulse for broadcast com.alphonso.pulse/.background.OnTimeChangedReceiver: pid=1891 uid=10007 gids={3003, 1015}
03-30 14:58:26.976: V/AlarmManager(1386): alarms: 1 type: RTC_WAKEUP
03-30 14:58:26.984: V/AlarmManager(1386): 0: Mar 30 04:55:52 pm com.amazon.venezia
03-30 14:58:27.023: I/ActivityThread(1891): Pub com.alphonso.pulse.otter.pulseprovider: com.alphonso.pulse.amazon.PulseProvider
03-30 14:58:27.031: D/ContentProvider(1891): Videos folder exist
03-30 14:58:27.031: D/ContentProvider(1891): Pictures folder exists
03-30 14:58:27.038: V/MediaProvider(1637): Attached volume: external
03-30 14:58:27.077: I/AudioService(1386): Remote Control registerMediaButtonEventReceiver() for ComponentInfo{com.amazon.mp3/com.amazon.mp3.playback.service.HeadsetControlsReceiver}
03-30 14:58:27.093: I/AudioService(1386): AudioFocus abandonAudioFocus()
03-30 14:58:27.093: I/AudioService(1386): Remote Control unregisterMediaButtonEventReceiver() for ComponentInfo{com.amazon.mp3/com.amazon.mp3.playback.service.HeadsetControlsReceiver}
03-30 14:58:27.109: I/com.amazon.dcp.metrics.CrashDetectionHelper(1891): Setting up crash detector.
03-30 14:58:27.187: D/MediaScanner(1637): found .nomedia, skipping directory
03-30 14:58:27.218: D/MediaScanner(1637): found .nomedia, skipping directory
03-30 14:58:27.288: D/MediaScanner(1637): prescan time: 44ms
03-30 14:58:27.288: D/MediaScanner(1637): scan time: 202ms
03-30 14:58:27.288: D/MediaScanner(1637): postscan time: 0ms
03-30 14:58:27.288: D/MediaScanner(1637): total time: 246ms
03-30 14:58:27.296: I/BootReceiver(1860): Got intent with action android.intent.action.MEDIA_SCANNER_FINISHED
03-30 14:58:27.296: D/MediaScannerService(1637): done scanning volume external
03-30 14:58:28.210: I/InputReader(1386): Device reconfigured: id=0x0, name=ilitek_i2c, display size is now 600x1024
03-30 14:58:28.210: I/InputManager-Callbacks(1386): No virtual keys found for device ilitek_i2c.
03-30 14:58:28.476: I/StorageNotification(1448): LockScreen: OnReceive
03-30 14:58:28.671: I/LAB126(1448): StatusBarService hears intent. action: com.lab126.intent.TOP_WINDOW_CHANGED
03-30 14:58:28.671: I/LAB126(1448): window changed
03-30 14:58:28.898: V/AlarmManager(1386): alarms: 2 type: RTC_WAKEUP
03-30 14:58:28.898: V/AlarmManager(1386): 0: Mar 30 04:55:52 pm com.amazon.venezia
03-30 14:58:28.898: V/AlarmManager(1386): 1: Mar 31 12:59:28 pm com.android.providers.calendar
03-30 14:58:29.554: I/ActivityManager(1386): No longer want com.android.settings (pid 1532): hidden #16
03-30 14:58:33.999: I/WindowManager(1386): Setting rotation to 3, animFlags=0
03-30 14:58:34.023: I/ActivityManager(1386): Config changed: { scale=1.0 imsi=0/0 loc=en_US touch=3 keys=1/1/2 nav=1/1 orien=2 layout=268435491 uiMode=17 seq=3}
03-30 14:58:34.038: D/szipinf(1386): Initializing inflate state
03-30 14:58:34.124: D/IconMerger(1448): sum of notifications: 0
03-30 14:58:34.929: I/WindowManager(1386): Setting rotation to 0, animFlags=0
03-30 14:58:34.952: I/ActivityManager(1386): Config changed: { scale=1.0 imsi=0/0 loc=en_US touch=3 keys=1/1/2 nav=1/1 orien=1 layout=268435491 uiMode=17 seq=4}
03-30 14:58:35.023: D/IconMerger(1448): sum of notifications: 0
03-30 14:58:36.960: D/ActivityManager(1386): Starting: Intent { act=android.intent.action.MAIN cat=[android.intent.category.LAUNCHER] flg=0x10200000 pkg=com.appcelerator.kitchensinknook cmp=com.appcelerator.kitchensinknook/.KitchensinkNookActivity } from pid 1462
03-30 14:58:37.046: D/dalvikvm(1386): GC_EXTERNAL_ALLOC freed 876K, 41% free 5055K/8519K, external 2732K/3412K, paused 82ms
03-30 14:58:37.070: I/ActivityManager(1386): Start proc com.appcelerator.kitchensinknook for activity com.appcelerator.kitchensinknook/.KitchensinkNookActivity: pid=1914 uid=10027 gids={1015, 3003}
03-30 14:58:37.242: I/TiApplication(1914): (main) [0,0] checkpoint, app created.
03-30 14:58:37.281: I/LAB126(1448): StatusBarService hears intent. action: com.lab126.intent.TOP_WINDOW_CHANGED
03-30 14:58:37.281: I/LAB126(1448): window changed
03-30 14:58:37.281: I/LAB126(1448): don't set softkey config for 'Starting...' window
03-30 14:58:37.320: D/dalvikvm(1914): GC_CONCURRENT freed 370K, 48% free 3116K/5959K, external 847K/1181K, paused 2ms+2ms
03-30 14:58:37.390: D/dalvikvm(1914): GC_CONCURRENT freed 343K, 46% free 3309K/6087K, external 847K/1181K, paused 1ms+3ms
03-30 14:58:37.492: D/dalvikvm(1914): GC_CONCURRENT freed 189K, 43% free 3642K/6279K, external 847K/1181K, paused 1ms+2ms
03-30 14:58:37.507: I/TiApplication(1914): (main) [266,266] Titanium 2.0.0 (2012/03/29 19:23 1fbf18c)
03-30 14:58:37.554: D/dalvikvm(1386): GC_EXPLICIT freed 135K, 42% free 4946K/8519K, external 3398K/4898K, paused 45ms
03-30 14:58:37.609: D/dalvikvm(1914): Trying to load lib /data/data/com.appcelerator.kitchensinknook/lib/libstlport_shared.so 0x40513578
03-30 14:58:37.609: I/TiApplication(1914): (main) [106,372] Titanium Javascript runtime: v8
03-30 14:58:37.609: D/dalvikvm(1914): Added shared lib /data/data/com.appcelerator.kitchensinknook/lib/libstlport_shared.so 0x40513578
03-30 14:58:37.609: D/dalvikvm(1914): No JNI_OnLoad found in /data/data/com.appcelerator.kitchensinknook/lib/libstlport_shared.so 0x40513578, skipping init
03-30 14:58:37.609: D/dalvikvm(1914): Trying to load lib /data/data/com.appcelerator.kitchensinknook/lib/libkroll-v8.so 0x40513578
03-30 14:58:37.617: I/TiRootActivity(1914): (main) [0,0] checkpoint, on root activity create, savedInstanceState: null
03-30 14:58:37.624: D/dalvikvm(1914): Added shared lib /data/data/com.appcelerator.kitchensinknook/lib/libkroll-v8.so 0x40513578
03-30 14:58:37.968: E/TiApplication(1914): (KrollRuntimeThread) [344,344] APP PROXY: ti.modules.titanium.app.AppModule@40655640
03-30 14:58:37.984: W/V8Object(1914): Runtime disposed, cannot set property 'userAgent'
03-30 14:58:38.327: D/ActivityManager(1386): Starting: Intent { cmp=com.appcelerator.kitchensinknook/ti.modules.titanium.ui.TiTabActivity (has extras) } from pid 1914
03-30 14:58:38.398: D/dalvikvm(1914): GC_CONCURRENT freed 428K, 44% free 3743K/6663K, external 847K/1181K, paused 2ms+3ms
03-30 14:58:38.437: D/dalvikvm(1914): GC_EXTERNAL_ALLOC freed 28K, 45% free 3715K/6663K, external 847K/1181K, paused 40ms
03-30 14:58:38.640: D/dalvikvm(1914): GC_EXTERNAL_ALLOC freed <1K, 45% free 3714K/6663K, external 2347K/2931K, paused 90ms
03-30 14:58:38.702: I/TiRootActivity(1914): (main) [0,0] checkpoint, on root activity resume. activity = com.appcelerator.kitchensinknook.KitchensinkNookActivity@4063e968
03-30 14:58:38.820: W/TiTabActivity(1914): (main) [114,114] Notifying TiTabGroup, activity is created
03-30 14:58:39.156: D/TiUIView(1914): (main) [339,453] Nativeview is null
03-30 14:58:39.163: D/Window(1914): Loading window with URL: main_windows/base_ui.js
03-30 14:58:39.234: D/Module(1914): Loading module: main_windows/base_ui -> Resources/main_windows/base_ui.js
03-30 14:58:39.968: D/dalvikvm(1914): GC_CONCURRENT freed 443K, 42% free 3977K/6855K, external 1702K/3013K, paused 5ms+8ms
03-30 14:58:40.117: I/ActivityManager(1386): Displayed com.appcelerator.kitchensinknook/ti.modules.titanium.ui.TiTabActivity: +1s386ms (total +3s59ms)
03-30 14:58:40.117: D/TiUIView(1914): (main) [957,1410] Nativeview is null
03-30 14:58:40.124: I/LAB126(1448): StatusBarService hears intent. action: com.lab126.intent.TOP_WINDOW_CHANGED
03-30 14:58:40.124: I/LAB126(1448): window changed
03-30 14:58:40.601: W/Vold(1285): Ignoring unknown switch 'usb_connected'
03-30 14:58:40.617: D/Tethering(1386): sendTetherStateChangedBroadcast 1, 0, 0
03-30 14:58:40.617: D/Tethering(1386): interfaceAdded :usb0
03-30 14:58:41.062: W/Vold(1285): Ignoring unknown switch 'usb_mass_storage'
03-30 14:58:41.062: D/Vold(1285): USB connected
03-30 14:58:41.062: D/Vold(1285): Share method ums now available
03-30 14:58:41.062: I/StorageNotification(1448): UMS connection changed to true (media state mounted)
03-30 14:58:41.062: I/StorageNotification(1448): In onUsbMassStorageConnectionChangedAsync, POP_UMS_ACTIVITY_ON_CONNECT=true
03-30 14:58:41.070: E/Tethering(1386): active iface (usb0) reported as added, ignoring
03-30 14:58:41.070: D/StatusBarService(1448): Notification has fullScreenIntent; sending fullScreenIntent
03-30 14:58:41.070: D/ActivityManager(1386): Starting: Intent { flg=0x10000000 cmp=com.android.systemui/.usb.UsbStorageActivity } from pid -1
03-30 14:58:41.085: I/ActivityManager(1386): No longer want android.process.acore (pid 1481): hidden #16
03-30 14:58:41.187: D/dalvikvm(1448): GC_EXTERNAL_ALLOC freed 131K, 44% free 3427K/6023K, external 2023K/2217K, paused 33ms
03-30 14:58:41.210: I/PackageManager(1386): Updating external media status from mounted to unmounted
03-30 14:58:41.210: D/VoldCmdListener(1285): volume shared /mnt/sdcard ums
03-30 14:58:41.218: I/PackageManager(1386): No secure containers on sdcard
03-30 14:58:41.218: D/VoldCmdListener(1285): asec list
03-30 14:58:41.218: I/LAB126(1448): StatusBarService hears intent. action: com.lab126.intent.TOP_WINDOW_CHANGED
03-30 14:58:41.218: I/LAB126(1448): window changed
03-30 14:58:41.218: I/LAB126(1448): don't set softkey config for 'Starting...' window
03-30 14:58:41.218: D/IconMerger(1448): notification for com.android.systemui (1)
03-30 14:58:41.218: D/IconMerger(1448): sum of notifications: 1
03-30 14:58:41.234: D/VoldCmdListener(1285): volume shared /mnt/sdcard ums
03-30 14:58:41.820: D/VoldCmdListener(1285): storage users /mnt/sdcard
03-30 14:58:41.929: I/ActivityManager(1386): Displayed com.android.systemui/.usb.UsbStorageActivity: +838ms
03-30 14:58:41.968: I/LAB126(1448): StatusBarService hears intent. action: com.lab126.intent.TOP_WINDOW_CHANGED
03-30 14:58:41.968: I/LAB126(1448): window changed
03-30 14:58:41.992: W/InputManagerService(1386): Starting input on non-focused client com.android.internal.view.IInputMethodClient$Stub$Proxy@4072da68 (uid=10027 pid=1914)
03-30 14:58:42.296: W/ActivityManager(1386): Killing processes unmount media at adjustment 7
03-30 14:58:42.296: W/ActivityManager(1386): Killing ProcessRecord{407b6928 1527:com.amazon.kindle/32010} (adj 10): unmount media
03-30 14:58:42.296: W/ActivityManager(1386): Killing ProcessRecord{4070db58 1676:com.amazon.email/10019} (adj 10): unmount media
03-30 14:58:42.296: W/ActivityManager(1386): Killing ProcessRecord{406997c0 1860:com.cooliris.media/10018} (adj 9): unmount media
03-30 14:58:42.320: D/VoldCmdListener(1285): storage users /mnt/sdcard
03-30 14:58:42.624: D/VoldCmdListener(1285): storage users /mnt/sdcard
03-30 14:58:42.859: D/dalvikvm(1386): GC_EXPLICIT freed 750K, 43% free 5006K/8647K, external 3398K/4898K, paused 45ms
03-30 14:58:42.859: I/PackageManager(1386): Updating external media status from unmounted to unmounted
03-30 14:58:42.859: D/VoldCmdListener(1285): volume unmount /mnt/sdcard force
03-30 14:58:42.859: D/Vold(1285): Volume sdcard state changing 4 (Mounted) -> 5 (Unmounting)
03-30 14:58:42.867: V/MediaProvider(1637): Detached volume: external
03-30 14:58:42.867: I/ActivityManager(1386): Start proc com.cooliris.media for broadcast com.cooliris.media/com.cooliris.cache.BootReceiver: pid=1941 uid=10018 gids={1015, 3003}
03-30 14:58:42.906: I/ActivityThread(1941): Pub com.cooliris.picasa.contentprovider: com.cooliris.picasa.PicasaContentProvider
03-30 14:58:42.906: D/ContentProvider(1941): Videos folder exist
03-30 14:58:42.906: D/ContentProvider(1941): Pictures folder exists
03-30 14:58:42.945: I/com.amazon.dcp.metrics.CrashDetectionHelper(1941): Setting up crash detector.
03-30 14:58:42.945: I/BootReceiver(1941): Got intent with action android.intent.action.MEDIA_EJECT
03-30 14:58:43.851: I/Vold(1285): /mnt/secure/staging/.android_secure sucessfully unmounted
03-30 14:58:43.851: I/Vold(1285): /mnt/secure/asec sucessfully unmounted
03-30 14:58:43.945: I/PackageManager(1386): Updating external media status from unmounted to unmounted
03-30 14:58:43.945: I/Vold(1285): /mnt/secure/staging sucessfully unmounted
03-30 14:58:43.945: I/Vold(1285): /mnt/sdcard unmounted sucessfully
03-30 14:58:43.945: D/Vold(1285): Volume sdcard state changing 5 (Unmounting) -> 1 (Idle-Unmounted)
03-30 14:58:43.945: I/StorageNotification(1448): Media state changed from {mounted} -> {unmounted}
03-30 14:58:43.952: D/VoldCmdListener(1285): volume share /mnt/sdcard ums
03-30 14:58:43.952: D/Vold(1285): Volume sdcard state changing 1 (Idle-Unmounted) -> 7 (Shared-Unmounted)
03-30 14:58:43.952: W/MountService(1386): Duplicate state transition (unmounted -> unmounted)
03-30 14:58:43.968: I/TiApplication(1914): (main) [3853,5263] SD card has been unmounted. Disabling cache for http responses.
03-30 14:58:43.976: D/Tethering(1386): InitialState.processMessage what=4
03-30 14:58:43.976: D/Tethering(1386): sendTetherStateChangedBroadcast 0, 0, 0
03-30 14:58:43.992: I/TiApplication(1914): (main) [24,5287] SD card has been unmounted. Disabling cache for http responses.
03-30 14:58:44.023: D/VoldCmdListener(1285): volume share /mnt/sdcard ums
03-30 14:58:44.038: E/MountService(1386): Failed to share/unshare
03-30 14:58:44.038: E/MountService(1386): com.android.server.NativeDaemonConnectorException: Cmd {volume share /mnt/sdcard ums} failed with code 405 : {volume operation failed (Device or resource busy)}
03-30 14:58:44.038: E/MountService(1386): at com.android.server.NativeDaemonConnector.doCommand(NativeDaemonConnector.java:259)
03-30 14:58:44.038: E/MountService(1386): at com.android.server.MountService.doShareUnshareVolume(MountService.java:508)
03-30 14:58:44.038: E/MountService(1386): at com.android.server.MountService.access$200(MountService.java:76)
03-30 14:58:44.038: E/MountService(1386): at com.android.server.MountService$UmsEnableCallBack.handleFinished(MountService.java:309)
03-30 14:58:44.038: E/MountService(1386): at com.android.server.MountService$MountServiceHandler.handleMessage(MountService.java:412)
03-30 14:58:44.038: E/MountService(1386): at android.os.Handler.dispatchMessage(Handler.java:99)
03-30 14:58:44.038: E/MountService(1386): at android.os.Looper.loop(Looper.java:130)
03-30 14:58:44.038: E/MountService(1386): at android.os.HandlerThread.run(HandlerThread.java:60)
03-30 14:58:44.085: D/dalvikvm(1386): GC_FOR_MALLOC freed 319K, 42% free 5137K/8775K, external 2732K/3412K, paused 46ms
03-30 14:58:44.085: I/dalvikvm-heap(1386): Grow heap (frag case) to 10.232MB for 176734-byte allocation
03-30 14:58:44.124: D/dalvikvm(1386): GC_FOR_MALLOC freed 120K, 43% free 5189K/8967K, external 2732K/3412K, paused 38ms
03-30 14:58:44.171: D/dalvikvm(1386): GC_FOR_MALLOC freed 197K, 41% free 5309K/8967K, external 2732K/3412K, paused 35ms
03-30 14:58:44.171: I/dalvikvm-heap(1386): Grow heap (frag case) to 10.400MB for 175574-byte allocation
03-30 14:58:44.218: D/dalvikvm(1386): GC_FOR_MALLOC freed <1K, 41% free 5481K/9159K, external 2732K/3412K, paused 35ms
03-30 14:58:44.218: D/VoldCmdListener(1285): volume shared /mnt/sdcard ums
03-30 14:58:44.265: D/dalvikvm(1386): GC_FOR_MALLOC freed 115K, 42% free 5366K/9159K, external 2732K/3412K, paused 34ms
03-30 14:58:44.320: D/dalvikvm(1386): GC_FOR_MALLOC freed <1K, 39% free 5625K/9159K, external 2732K/3412K, paused 35ms
03-30 14:58:44.320: I/StorageNotification(1448): Media state changed from {unmounted} -> {shared}
03-30 14:58:44.320: D/IconMerger(1448): sum of notifications: 0
03-30 14:58:44.421: D/dalvikvm(1386): GC_FOR_MALLOC freed 377K, 42% free 5552K/9479K, external 2732K/3412K, paused 41ms
03-30 14:58:44.421: I/dalvikvm-heap(1386): Grow heap (frag case) to 10.846MB for 395030-byte allocation
03-30 14:58:44.468: D/dalvikvm(1386): GC_FOR_MALLOC freed 0K, 41% free 5938K/9927K, external 2732K/3412K, paused 37ms
03-30 14:58:44.515: D/dalvikvm(1386): GC_FOR_MALLOC freed 279K, 43% free 5684K/9927K, external 2732K/3412K, paused 36ms
03-30 14:58:44.562: D/dalvikvm(1386): GC_FOR_MALLOC freed 1K, 39% free 6071K/9927K, external 2732K/3412K, paused 34ms
03-30 14:58:44.562: I/dalvikvm-heap(1386): Grow heap (frag case) to 11.270MB for 308450-byte allocation
03-30 14:58:44.609: D/dalvikvm(1386): GC_FOR_MALLOC freed 258K, 41% free 6113K/10247K, external 2732K/3412K, paused 34ms
03-30 14:58:44.648: D/dalvikvm(1386): GC_FOR_MALLOC freed <1K, 39% free 6264K/10247K, external 2732K/3412K, paused 36ms
03-30 14:58:44.648: I/dalvikvm-heap(1386): Grow heap (frag case) to 11.457MB for 306098-byte allocation
03-30 14:58:44.687: D/dalvikvm(1386): GC_FOR_MALLOC freed 0K, 38% free 6563K/10567K, external 2732K/3412K, paused 34ms
03-30 14:58:47.374: D/IconMerger(1448): notification for com.android.systemui (1)
03-30 14:58:47.374: D/IconMerger(1448): sum of notifications: 1
03-30 14:58:51.109: D/VoldCmdListener(1285): volume unshare /mnt/sdcard ums
03-30 14:58:51.210: I/LAB126(1448): StatusBarService hears intent. action: com.lab126.intent.TOP_WINDOW_CHANGED
03-30 14:58:51.210: I/LAB126(1448): window changed
03-30 14:58:52.999: D/TiUIView(1914): (main) [9006,14293] Nativeview is null
03-30 14:58:53.054: D/Window(1914): Loading window with URL: main_windows/platform.js
03-30 14:58:53.054: D/Module(1914): Loading module: main_windows/platform -> Resources/main_windows/platform.js
03-30 14:58:53.320: D/TiUIView(1914): (main) [327,14620] Nativeview is null
03-30 14:58:53.531: I/PackageManager(1386): Updating external media status from unmounted to unmounted
03-30 14:58:53.531: D/Vold(1285): Volume sdcard state changing 7 (Shared-Unmounted) -> 1 (Idle-Unmounted)
03-30 14:58:53.538: I/TiApplication(1914): (main) [211,14831] SD card has been unmounted. Disabling cache for http responses.
03-30 14:58:53.538: I/StorageNotification(1448): Media state changed from {shared} -> {unmounted}
03-30 14:58:53.546: D/Tethering(1386): sendTetherStateChangedBroadcast 1, 0, 0
03-30 14:58:53.546: D/Tethering(1386): interfaceAdded :usb0
03-30 14:58:53.570: D/VoldCmdListener(1285): volume mount /mnt/sdcard
03-30 14:58:53.570: I/Vold(1285): /dev/block/vold/179:12 being considered for volume sdcard
03-30 14:58:53.570: D/Vold(1285): Volume sdcard state changing 1 (Idle-Unmounted) -> 3 (Checking)
03-30 14:58:53.585: I//system/bin/fsck_msdos(1285): ** /dev/block/vold/179:12
03-30 14:58:54.577: I//system/bin/fsck_msdos(1285): ** Phase 1 - Read FAT (compare skipped)
03-30 14:58:54.577: I//system/bin/fsck_msdos(1285): Attempting to allocate 10242 KB for FAT
03-30 14:58:55.156: I//system/bin/fsck_msdos(1285): ** Phase 2 - Check Cluster Chains
03-30 14:58:55.343: I//system/bin/fsck_msdos(1285): ** Phase 3 - Checking Directories
03-30 14:58:55.617: I//system/bin/fsck_msdos(1285): ** Phase 4 - Checking for Lost Files
03-30 14:58:55.718: I//system/bin/fsck_msdos(1285): Next free cluster in FSInfo block (985) not free
03-30 14:58:55.718: I//system/bin/fsck_msdos(1285): FIXED
03-30 14:58:55.718: I//system/bin/fsck_msdos(1285): 1060 files, 1019284 free (2606794 clusters)
03-30 14:58:55.718: I//system/bin/fsck_msdos(1285): FIXED
03-30 14:58:55.718: I//system/bin/fsck_msdos(1285): MARKING FILE SYSTEM CLEAN
03-30 14:58:58.890: I/Vold(1285): Filesystem check completed OK
03-30 14:58:58.898: I/Vold(1285): Device /dev/block/vold/179:12, target /mnt/sdcard mounted @ /mnt/secure/staging
03-30 14:58:58.906: I/PackageManager(1386): Updating external media status from unmounted to mounted
03-30 14:58:58.906: D/Vold(1285): Volume sdcard state changing 3 (Checking) -> 4 (Mounted)
03-30 14:58:58.921: D/VoldCmdListener(1285): volume shared /mnt/sdcard ums
03-30 14:58:58.937: I/StorageNotification(1448): Media state changed from {unmounted} -> {checking}
03-30 14:58:58.945: I/BootReceiver(1941): Got intent with action android.intent.action.MEDIA_MOUNTED
03-30 14:58:58.952: I/TiApplication(1914): (main) [5409,20240] SD card has been mounted. Enabling cache for http responses.
03-30 14:58:58.960: I/StorageNotification(1448): Media state changed from {checking} -> {mounted}
03-30 14:58:58.976: D/VoldCmdListener(1285): asec list
03-30 14:58:59.062: I/ActivityManager(1386): Start proc com.amazon.email for broadcast com.amazon.email/.service.StorageReceiver: pid=1971 uid=10019 gids={3003, 1015}
03-30 14:58:59.226: I/ActivityThread(1971): Pub com.amazon.email.messageprovider: com.amazon.email.provider.MessageProvider
03-30 14:58:59.226: D/ContentProvider(1971): Videos folder exist
03-30 14:58:59.226: D/ContentProvider(1971): Pictures folder exists
03-30 14:58:59.234: I/ActivityThread(1971): Pub com.amazon.email.attachmentprovider: com.amazon.email.provider.AttachmentProvider
03-30 14:58:59.234: D/ContentProvider(1971): Videos folder exist
03-30 14:58:59.234: D/ContentProvider(1971): Pictures folder exists
03-30 14:58:59.242: I/com.amazon.dcp.metrics.CrashDetectionHelper(1971): Setting up crash detector.
03-30 14:58:59.242: I/AmazonEmail(1971): Loading preferences from DB into Storage
03-30 14:58:59.249: D/VoldCmdListener(1285): volume unshare /mnt/sdcard ums
03-30 14:58:59.249: W/Vold(1285): Returning OperationFailed - no handler for errno 22
03-30 14:58:59.257: I/PackageManager(1386): No secure containers on sdcard
03-30 14:58:59.257: I/AmazonEmail(1971): Preferences load took 19ms
03-30 14:58:59.257: E/MountService(1386): Failed to share/unshare
03-30 14:58:59.257: E/MountService(1386): com.android.server.NativeDaemonConnectorException: Cmd {volume unshare /mnt/sdcard ums} failed with code 400 : {volume operation failed (Invalid argument)}
03-30 14:58:59.257: E/MountService(1386): at com.android.server.NativeDaemonConnector.doCommand(NativeDaemonConnector.java:259)
03-30 14:58:59.257: E/MountService(1386): at com.android.server.MountService.doShareUnshareVolume(MountService.java:508)
03-30 14:58:59.257: E/MountService(1386): at com.android.server.MountService.setUsbMassStorageEnabled(MountService.java:1231)
03-30 14:58:59.257: E/MountService(1386): at android.os.storage.IMountService$Stub.onTransact(IMountService.java:683)
03-30 14:58:59.257: E/MountService(1386): at android.os.Binder.execTransact(Binder.java:320)
03-30 14:58:59.257: E/MountService(1386): at dalvik.system.NativeStart.run(Native Method)
03-30 14:58:59.257: D/VoldCmdListener(1285): volume mount /mnt/sdcard
03-30 14:58:59.257: E/MountService(1386): Failed to remount /mnt/sdcard after disabling share method ums
03-30 14:58:59.257: W/PackageManager(1386): Not granting permission com.amazon.dcp.metrics.permission.METRICS_PERMISSION to package com.imdb.mobile (protectionLevel=2 flags=0x8be45)
03-30 14:58:59.257: W/PackageManager(1386): Unknown permission com.google.android.googleapps.permission.GOOGLE_AUTH.mail in package com.android.contacts
03-30 14:58:59.265: W/PackageManager(1386): Unknown permission android.permission.DEVICE_ADMIN in package com.lab126.otter
03-30 14:58:59.265: W/PackageManager(1386): Unknown permission com.google.android.googleapps.permission.GOOGLE_AUTH in package com.android.providers.calendar
03-30 14:58:59.265: W/PackageManager(1386): Unknown permission com.google.android.googleapps.permission.GOOGLE_AUTH.cl in package com.android.providers.calendar
03-30 14:58:59.265: W/PackageManager(1386): Unknown permission org.thialfihar.android.apg.permission.READ_KEY_DETAILS in package com.amazon.email
03-30 14:58:59.265: W/PackageManager(1386): Not granting permission com.amazon.dcp.metrics.permission.METRICS_PERMISSION to package com.cooliris.media (protectionLevel=2 flags=0x8bc45)
03-30 14:58:59.296: D/MediaScannerService(1637): start scanning volume external
03-30 14:58:59.296: W/PackageManager(1386): Unknown permission com.google.android.googleapps.permission.GOOGLE_AUTH in package com.android.providers.contacts
03-30 14:58:59.304: W/PackageManager(1386): Unknown permission com.google.android.googleapps.permission.GOOGLE_AUTH.cp in package com.android.providers.contacts
03-30 14:58:59.304: W/PackageManager(1386): Unknown permission com.google.android.gm.permission.WRITE_GMAIL in package com.android.settings
03-30 14:58:59.304: W/PackageManager(1386): Unknown permission com.google.android.gm.permission.READ_GMAIL in package com.android.settings
03-30 14:58:59.304: W/PackageManager(1386): Unknown permission com.google.android.googleapps.permission.GOOGLE_AUTH in package com.android.settings
03-30 14:58:59.304: W/PackageManager(1386): Unknown permission com.android.launcher.permission.READ_SETTINGS in package com.android.settings
03-30 14:58:59.304: W/PackageManager(1386): Unknown permission com.android.launcher.permission.WRITE_SETTINGS in package com.android.settings
03-30 14:58:59.312: W/PackageManager(1386): Unknown permission com.android.launcher.permission.INSTALL_SHORTCUT in package com.amazon.cloud9
03-30 14:58:59.320: I/dalvikvm(1386): Jit: resizing JitTable from 4096 to 8192
03-30 14:58:59.374: D/dalvikvm(1386): GC_FOR_MALLOC freed 2352K, 52% free 5137K/10567K, external 2732K/3412K, paused 45ms
03-30 14:58:59.390: W/PackageManager(1386): Unknown permission android.webkit.permission.PLUGIN in package com.adobe.flashplayer
03-30 14:58:59.398: W/PackageManager(1386): Unknown permission com.google.android.providers.gmail.permission.WRITE_GMAIL in package com.qo.android.oemvc
03-30 14:58:59.398: W/PackageManager(1386): Unknown permission com.google.android.providers.gmail.permission.READ_GMAIL in package com.qo.android.oemvc
03-30 14:58:59.398: W/PackageManager(1386): Unknown permission com.google.android.gm.permission.READ_GMAIL in package com.qo.android.oemvc
03-30 14:58:59.398: W/PackageManager(1386): Unknown permission com.google.android.gm.permission.WRITE_GMAIL in package com.qo.android.oemvc
03-30 14:58:59.398: W/PackageManager(1386): Unknown permission android.permission.READ_OWNER_DATA in package com.qo.android.oemvc
03-30 14:58:59.398: W/PackageManager(1386): Unknown permission com.android.email.permission.ACCESS_PROVIDER in package com.qo.android.oemvc
03-30 14:58:59.398: W/PackageManager(1386): Unknown permission com.android.launcher.permission.INSTALL_SHORTCUT in package com.estrongs.android.pop
03-30 14:58:59.398: W/PackageManager(1386): Unknown permission com.android.launcher.permission.UNINSTALL_SHORTCUT in package com.estrongs.android.pop
03-30 14:58:59.398: W/PackageManager(1386): Unknown permission com.estrongs.android.pop.PERMISSION in package com.estrongs.android.pop
03-30 14:58:59.406: W/PackageManager(1386): Not granting permission com.amazon.dcp.metrics.permission.METRICS_PERMISSION to package com.alphonso.pulse (protectionLevel=2 flags=0x8be45)
03-30 14:58:59.476: D/dalvikvm(1386): GC_CONCURRENT freed 669K, 46% free 5764K/10567K, external 2732K/3412K, paused 2ms+3ms
03-30 14:59:00.460: V/MediaProvider(1637): /mnt/sdcard volume ID: 252718362
03-30 14:59:00.476: I/AmazonEmail(1971): Registered: unmount receiver
03-30 14:59:00.476: I/AmazonEmail(1971): Registered: shutdown receiver
03-30 14:59:00.499: V/AmazonEmail(1971): Registering content resolver notifier
03-30 14:59:00.499: I/AmazonEmail(1971): storage path "/mnt/sdcard" mounted readOnly=false
03-30 14:59:00.507: V/MediaProvider(1637): Attached volume: external
03-30 14:59:00.515: I/MailService(1971): connected: network state is CONNECTED, is available is true
03-30 14:59:00.523: I/MailService(1971): connected: AutoSync help is available, autoSync = true
03-30 14:59:00.538: I/MailService(1971): connected: wifi -72
03-30 14:59:00.538: I/MailService(1971): connected: final hasConnectivity is true
03-30 14:59:00.538: I/MailService(1971): MailService.onStart(Intent { act=com.amazon.email.intent.action.MAIL_SERVICE_RESET cmp=com.amazon.email/.service.MailService (has extras) }, 1), hasConnectivity = true, doBackground = true
03-30 14:59:00.554: I/MailService(1971): connected: network state is CONNECTED, is available is true
03-30 14:59:00.562: I/MailService(1971): connected: AutoSync help is available, autoSync = true
03-30 14:59:00.562: I/MailService(1971): connected: wifi -72
03-30 14:59:00.562: I/MailService(1971): connected: final hasConnectivity is true
03-30 14:59:00.562: I/MailService(1971): MailService.onStart(Intent { act=com.amazon.email.intent.action.MAIL_SERVICE_RESET cmp=com.amazon.email/.service.MailService (has extras) }, 2), hasConnectivity = true, doBackground = true
03-30 14:59:00.570: I/MailService(1971): connected: network state is CONNECTED, is available is true
03-30 14:59:00.570: I/MailService(1971): connected: AutoSync help is available, autoSync = true
03-30 14:59:00.585: I/MailService(1971): connected: wifi -72
03-30 14:59:00.585: I/MailService(1971): connected: final hasConnectivity is true
03-30 14:59:00.585: I/MailService(1971): MailService.onStart(Intent { act=com.amazon.email.intent.action.MAIL_SERVICE_CONNECTIVITY_CHANGE cmp=com.amazon.email/.service.MailService }, 3), hasConnectivity = true, doBackground = true
03-30 14:59:00.632: E/AmazonEmail(1971): isKeyInvalid: key is valid.
03-30 14:59:00.648: D/MediaScanner(1637): found .nomedia, skipping directory
03-30 14:59:00.734: D/MediaScanner(1637): found .nomedia, skipping directory
03-30 14:59:00.749: D/MediaScanner(1637): prescan time: 53ms
03-30 14:59:00.749: D/MediaScanner(1637): scan time: 178ms
03-30 14:59:00.749: D/MediaScanner(1637): postscan time: 0ms
03-30 14:59:00.749: D/MediaScanner(1637): total time: 231ms
03-30 14:59:00.757: I/BootReceiver(1941): Got intent with action android.intent.action.MEDIA_SCANNER_FINISHED
03-30 14:59:00.757: D/MediaScannerService(1637): done scanning volume external
03-30 14:59:00.773: D/dalvikvm(1971): GC_CONCURRENT freed 461K, 50% free 3012K/5959K, external 847K/1181K, paused 1ms+2ms
03-30 14:59:01.312: D/skia(1941): Loading ARM decoder...
03-30 14:59:01.320: D/skia(1941): Loading ARM encoder...
03-30 14:59:02.023: D/IconMerger(1448): notification for com.android.systemui (1)
03-30 14:59:02.023: D/IconMerger(1448): sum of notifications: 1
03-30 14:59:07.742: W/TiAnalyticsSvc(1914): (Thread-12) [8792,29032] Analytics Service Started
03-30 14:59:07.765: I/TiAnalyticsSvc(1914): (Thread-12) [21,29053] Sending 2 analytics events.
03-30 14:59:08.351: D/dalvikvm(1914): GC_CONCURRENT freed 648K, 42% free 4317K/7431K, external 1196K/1695K, paused 2ms+2ms
03-30 14:59:08.452: I/dalvikvm(1914): Total arena pages for JIT: 11
03-30 14:59:08.757: W/TiAnalyticsSvc(1914): (Thread-12) [995,30048] Stopping Analytics Service
03-30 14:59:14.288: V/DeviceStorageMonitorService(1386): mTotalMemory is 11734999
03-30 14:59:15.070: D/dalvikvm(1386): GC_CONCURRENT freed 2063K, 52% free 5098K/10567K, external 2732K/3412K, paused 6ms+10ms
03-30 14:59:15.468: D/dalvikvm(1386): GC_CONCURRENT freed 1285K, 52% free 5106K/10567K, external 2732K/3412K, paused 6ms+9ms
03-30 14:59:15.718: D/dalvikvm(1386): GC_CONCURRENT freed 1277K, 52% free 5118K/10567K, external 2732K/3412K, paused 2ms+3ms
03-30 14:59:15.843: D/dalvikvm(1386): GC_CONCURRENT freed 1339K, 53% free 5070K/10567K, external 2732K/3412K, paused 2ms+3ms
03-30 14:59:15.952: D/dalvikvm(1386): GC_CONCURRENT freed 1276K, 52% free 5072K/10567K, external 2732K/3412K, paused 2ms+3ms
