04-10 16:09:31.785: D/NetworkLocationService(273): onCreate com.google.android.location.NetworkLocationService@413714e0
04-10 16:09:31.796: I/ActivityThread(415): Pub contacts;com.android.contacts: com.android.providers.contacts.ContactsProvider2
04-10 16:09:31.828: D/NFC JNI(333): phLibNfc_SE_GetSecureElementList()
04-10 16:09:31.828: D/NFC JNI(333): > Number of Secure Element(s) : 1
04-10 16:09:31.828: D/NFC JNI(333): phLibNfc_SE_GetSecureElementList(): SMX detected, handle=0xabcdef
04-10 16:09:31.828: D/NFC JNI(333): phLibNfc_SE_SetMode() returned 0x000d[NFCSTATUS_PENDING]
04-10 16:09:31.859: I/NFC JNI(333): NFC Initialized
04-10 16:09:31.859: I/ActivityManager(136): Start proc com.android.settings for broadcast com.android.settings/.widget.SettingsAppWidgetProvider: pid=446 uid=1000 gids={1015, 3002, 3001, 3003, 3007}
04-10 16:09:31.867: D/NdefPushServer(333): start, thread = null
04-10 16:09:31.867: D/NdefPushServer(333): starting new server thread
04-10 16:09:31.871: D/NdefPushServer(333): about create LLCP service socket
04-10 16:09:31.871: D/NdefPushServer(333): created LLCP service socket
04-10 16:09:31.871: D/NdefPushServer(333): about to accept
04-10 16:09:31.890: D/dalvikvm(344): GC_CONCURRENT freed 166K, 3% free 9336K/9607K, paused 2ms+11ms
04-10 16:09:31.937: D/NetworkLocationClient(273): ANDROID minProtocolVersion 1 maxProtocolVersion 1 releaseVersion -1
04-10 16:09:31.937: D/NetworkLocationClient(273): binding to Intent { act=com.google.android.location.internal.ANDROID_NLP }
04-10 16:09:31.968: D/NfcService(333): NFC-EE OFF
04-10 16:09:31.980: D/NfcService(333): NFC-C OFF
04-10 16:09:32.031: I/ActivityThread(415): Pub call_log: com.android.providers.contacts.CallLogProvider
04-10 16:09:32.066: W/ActivityManager(136): Unable to start service Intent { act=com.android.ussd.IExtendedNetworkService }: not found
04-10 16:09:32.152: D/NetworkLocationService(273): onBind com.google.android.location.NetworkLocationProvidercom.google.android.location.NetworkLocationService@413714e0
04-10 16:09:32.292: D/dalvikvm(273): GC_CONCURRENT freed 215K, 4% free 9214K/9543K, paused 2ms+7ms
04-10 16:09:32.507: D/dalvikvm(136): GC_EXPLICIT freed 308K, 4% free 12683K/13127K, paused 3ms+8ms
04-10 16:09:32.574: D/GpsLocationProvider(136): set_capabilities_callback: 6
04-10 16:09:32.589: I/GPS(136): gps_init() : SAMSUNG GPS DRIVER INITIALIZED
04-10 16:09:32.640: D/androidInternalNlpService(273): onCreate com.google.android.location.internal.server.NetworkLocationService@4136aa90
04-10 16:09:32.652: D/NetworkLocationRealOs(273): ------------------------ reading cache.cell
04-10 16:09:32.652: D/NetworkLocationRealOs(273): no cache.cell found; not migrating
04-10 16:09:32.652: D/NetworkLocationRealOs(273): ------------------------ reading cache.wifi
04-10 16:09:32.652: D/NetworkLocationRealOs(273): no cache.wifi found; not migrating
04-10 16:09:32.726: D/androidNlpServiceThread(273): ANDROID minProtocolVersion 1 maxProtocolVersion 1 releaseVersion -1
04-10 16:09:32.800: D/NetworkLocationService(273): onBind com.google.android.location.GeocodeProvidercom.google.android.location.NetworkLocationService@413714e0
04-10 16:09:32.812: D/NetworkLocationClient(273): onServiceConnected to ComponentInfo{com.google.android.location/com.google.android.location.internal.server.NetworkLocationService}
04-10 16:09:32.812: D/LocalBluetoothProfileManager(446): LocalBluetoothProfileManager construction complete
04-10 16:09:32.816: D/androidNetworkLocationListeners(273): Still have listener com.google.android.location.internal.client.NetworkLocationClient$1@413774e8
04-10 16:09:32.984: I/SearchManagerService(136): Building list of searchable activities
04-10 16:09:33.015: D/Bluetooth HSHFP(316): Starting BluetoothHeadsetService
04-10 16:09:33.140: V/BackupManagerService(136): Connected to Google transport
04-10 16:09:33.140: V/BackupManagerService(136): Registering transport com.google.android.backup/.BackupTransportService = com.google.android.backup.BackupTransportService$1@416e8618
04-10 16:09:33.152: I/StorageNotification(203): UMS connection changed to true (media state unmounted)
04-10 16:09:33.210: D/ConnectivityService(136): ConnectivityChange for WIFI: CONNECTED/CONNECTED
04-10 16:09:33.210: E/ConnectivityService(136): no dns provided for WIFI - using 8.8.8.8
04-10 16:09:33.214: E/ConnectivityService(136): exception setting default dns interface: java.lang.IllegalStateException: Error communicating with native daemon to set dns for interface
04-10 16:09:33.218: E/WifiWatchdogStateMachine(136): Connected --> WifiInfo object null!
04-10 16:09:33.222: D/libEGL(285): loaded /system/lib/egl/libGLES_android.so
04-10 16:09:33.296: D/libEGL(285): loaded /vendor/lib/egl/libEGL_POWERVR_SGX540_120.so
04-10 16:09:33.351: D/CAT(316): CatService: SIM ready. Reporting STK service running now...
04-10 16:09:33.371: D/libEGL(285): loaded /vendor/lib/egl/libGLESv1_CM_POWERVR_SGX540_120.so
04-10 16:09:33.425: D/libEGL(285): loaded /vendor/lib/egl/libGLESv2_POWERVR_SGX540_120.so
04-10 16:09:33.425: W/NetworkStats(136): dropping UID delta from unknown iface: iface=wlan0 uid=0 set=DEFAULT tag=0x0 rxBytes=412 rxPackets=2 txBytes=196 txPackets=3 operations=0
04-10 16:09:33.457: D/dalvikvm(344): GC_CONCURRENT freed 182K, 3% free 9657K/9927K, paused 3ms+35ms
04-10 16:09:33.566: V/SipBroadcastReceiver(316): start auto registration
04-10 16:09:33.769: D/dalvikvm(285): No JNI_OnLoad found in /system/lib/libmicrobes_jni.so 0x41334170, skipping init
04-10 16:09:33.898: D/dalvikvm(203): GC_CONCURRENT freed 130K, 3% free 10070K/10311K, paused 1ms+6ms
04-10 16:09:33.953: D/dalvikvm(415): GC_CONCURRENT freed 186K, 4% free 9294K/9607K, paused 5ms+5ms
04-10 16:09:34.062: D/dalvikvm(316): GC_CONCURRENT freed 310K, 5% free 9356K/9799K, paused 4ms+10ms
04-10 16:09:34.261: D/libEGL(344): loaded /system/lib/egl/libGLES_android.so
04-10 16:09:34.265: D/libEGL(344): loaded /vendor/lib/egl/libEGL_POWERVR_SGX540_120.so
04-10 16:09:34.269: D/libEGL(344): loaded /vendor/lib/egl/libGLESv1_CM_POWERVR_SGX540_120.so
04-10 16:09:34.273: D/libEGL(344): loaded /vendor/lib/egl/libGLESv2_POWERVR_SGX540_120.so
04-10 16:09:34.421: D/OpenGLRenderer(344): Enabling debug mode 0
04-10 16:09:34.539: D/dalvikvm(344): GC_CONCURRENT freed 220K, 4% free 9869K/10183K, paused 3ms+9ms
04-10 16:09:34.652: D/MccTable(316): updateMccMncConfiguration: mcc=310, mnc=260
04-10 16:09:34.652: D/MccTable(316): locale set to en_us
04-10 16:09:34.652: D/MccTable(316): WIFI_COUNTRY_CODE set to us
04-10 16:09:34.652: I/WifiService(136): WifiService trying to set country code to us with persist set to true
04-10 16:09:34.656: I/ActivityManager(136): Config changed: {1.0 310mcc260mnc en_US layoutdir=0 sw320dp w320dp h508dp nrml long port finger -keyb/v/h -nav/h s.4}
04-10 16:09:34.820: I/ActivityManager(136): Start proc com.android.vending for broadcast com.android.vending/.MarketWidgetProvider: pid=532 uid=10007 gids={3003, 1015}
04-10 16:09:34.921: D/OpenGLRenderer(344): Flushing caches (mode 0)
04-10 16:09:35.265: I/ActivityThread(532): Pub com.google.android.finsky.RecentSuggestionsProvider: com.google.android.finsky.providers.RecentSuggestionsProvider
04-10 16:09:35.285: D/dalvikvm(136): GC_CONCURRENT freed 679K, 6% free 12867K/13639K, paused 4ms+17ms
04-10 16:09:35.355: W/Launcher.Model(344): LoaderTask running with no launcher (loadAllAppsByBatch)
04-10 16:09:35.625: D/Launcher.Model(344): Reload apps on config change. curr_mcc:310 prevmcc:0
04-10 16:09:35.628: D/dalvikvm(532): GC_CONCURRENT freed 212K, 3% free 9323K/9607K, paused 3ms+25ms
04-10 16:09:35.722: D/dalvikvm(344): GC_CONCURRENT freed 390K, 5% free 9976K/10439K, paused 1ms+3ms
04-10 16:09:35.812: D/Finsky(532): [1] SanityChecker.run: # LocalAssets corrected : 0
04-10 16:09:35.812: D/Finsky(532): Sanity check took : 9 ms
04-10 16:09:35.972: I/ActivityManager(136): Start proc com.google.android.googlequicksearchbox for broadcast com.google.android.googlequicksearchbox/.SearchWidgetProvider: pid=562 uid=10035 gids={3003}
04-10 16:09:36.082: D/PowerManagerService(136): bootCompleted
04-10 16:09:36.085: V/DevicePolicyManagerService(136): Sending password expiration notifications for action android.intent.action.BOOT_COMPLETED
04-10 16:09:36.089: I/SurfaceFlinger(79): Boot is finished (24541 ms)
04-10 16:09:36.109: I/ActivityThread(562): Pub com.google.android.googlequicksearchbox.shortcuts: com.google.android.googlequicksearchbox.WebHistoryProvider
04-10 16:09:36.117: I/ActivityThread(562): Pub com.google.android.googlequicksearchbox.google: com.google.android.googlequicksearchbox.google.GoogleSuggestionProvider
04-10 16:09:36.128: D/VoldCmdListener(73): volume mount /mnt/sdcard
04-10 16:09:36.128: I/Vold(73): /dev/block/vold/179:3 being considered for volume sdcard
04-10 16:09:36.128: D/Vold(73): Volume sdcard state changing 1 (Idle-Unmounted) -> 3 (Checking)
04-10 16:09:36.128: D/MountService(136): volume state changed for /mnt/sdcard (unmounted -> checking)
04-10 16:09:36.132: I/StorageNotification(203): Media {/mnt/sdcard} state changed from {unmounted} -> {checking}
04-10 16:09:36.136: D/MountService(136): sendStorageIntent Intent { act=android.intent.action.MEDIA_CHECKING dat=file:///mnt/sdcard (has extras) }
04-10 16:09:36.214: V/WiredAccessoryObserver(136): init()
04-10 16:09:36.218: W/WiredAccessoryObserver(136): This kernel does not have wired headset support
04-10 16:09:36.218: W/WiredAccessoryObserver(136): This kernel does not have wired headset support
04-10 16:09:36.234: D/Tethering(136): MasterInitialState.processMessage what=3
04-10 16:09:36.359: I//system/bin/fsck_msdos(73): ** /dev/block/vold/179:3
04-10 16:09:36.371: I/QSB.GservicesConfig(562): Waited 139ms for gservices cache
04-10 16:09:36.378: I//system/bin/fsck_msdos(73): ** Phase 1 - Read FAT (compare skipped)
04-10 16:09:36.378: I//system/bin/fsck_msdos(73): Attempting to allocate 13624 KB for FAT
04-10 16:09:36.605: I/ActivityManager(136): Start proc com.google.android.apps.genie.geniewidget for broadcast com.google.android.apps.genie.geniewidget/.miniwidget.MiniWidgetProvider: pid=603 uid=10040 gids={3003, 1015}
04-10 16:09:36.625: I/dalvikvm(603): Turning on JNI app bug workarounds for target SDK version 11...
04-10 16:09:36.656: D/dalvikvm(203): GC_FOR_ALLOC freed 329K, 5% free 10105K/10567K, paused 53ms
04-10 16:09:36.656: I/dalvikvm-heap(203): Grow heap (frag case) to 10.111MB for 184336-byte allocation
04-10 16:09:36.710: D/dalvikvm(203): GC_FOR_ALLOC freed 3K, 5% free 10281K/10759K, paused 52ms
04-10 16:09:36.730: I/ActivityThread(603): Pub com.google.android.apps.genie.geniewidget.weather: com.google.android.apps.genie.geniewidget.providers.WeatherProvider
04-10 16:09:36.734: I/ActivityThread(603): Pub com.google.android.apps.genie.geniewidget.newsimage: com.google.android.apps.genie.geniewidget.providers.NewsImageProvider
04-10 16:09:36.773: D/dalvikvm(203): GC_FOR_ALLOC freed 194K, 7% free 10087K/10759K, paused 54ms
04-10 16:09:36.777: V/BackupManagerService(136): Scheduling immediate backup pass
04-10 16:09:36.781: V/BackupManagerService(136): Running a backup pass
04-10 16:09:36.796: V/BackupManagerService(136): clearing pending backups
04-10 16:09:36.828: W/Genie(603): Cache file not found: java.io.FileNotFoundException: /data/data/com.google.android.apps.genie.geniewidget/cache/genie_iconcache: open failed: ENOENT (No such file or directory)
04-10 16:09:36.863: V/PerformBackupTask(136): Beginning backup of 5 targets
04-10 16:09:36.937: I/Genie(603): refresh service retry #0, ignoreMASFCache = false
04-10 16:09:36.960: D/dalvikvm(203): GC_FOR_ALLOC freed 391K, 9% free 9882K/10759K, paused 77ms
04-10 16:09:36.964: I/ActivityManager(136): Start proc com.android.contacts for broadcast com.android.contacts/.calllog.CallLogReceiver: pid=621 uid=10008 gids={3003, 1015}
04-10 16:09:37.054: D/dalvikvm(603): GC_CONCURRENT freed 260K, 4% free 9274K/9607K, paused 5ms+68ms
04-10 16:09:37.054: W/CursorWrapperInner(603): Cursor finalized without prior close()
04-10 16:09:37.171: V/OtaStartupReceiver(316): onReceive: intent action=android.intent.action.BOOT_COMPLETED mOtaspMode=-1
04-10 16:09:37.171: D/OtaStartupReceiver(316): OTASP not supported, nothing to do.
04-10 16:09:37.218: D/AccountTypeManager(621): Registering 1 extension packages
04-10 16:09:37.222: I/RecoverySystem(136): No recovery log file
04-10 16:09:37.265: E/ExternalAccountType(621): Unsupported attribute readOnly
04-10 16:09:37.265: W/ResourceType(621): getEntry failing because entryIndex 207 is beyond type entryCount 189
04-10 16:09:37.265: W/ResourceType(621): Failure getting entry for 0x7f0200cf (t=1 e=207) in package 0 (error -2147483647)
04-10 16:09:37.277: I/ActivityManager(136): Start proc com.android.providers.calendar for broadcast com.android.providers.calendar/.CalendarReceiver: pid=640 uid=10048 gids={3003, 1015}
04-10 16:09:37.390: D/AccountTypeManager(621): Registering extension package account type=com.google, dataSet=plus, packageName=com.google.android.apps.plus
04-10 16:09:37.449: I/ActivityThread(640): Pub com.android.calendar: com.android.providers.calendar.CalendarProvider2
04-10 16:09:37.468: E/DefaultVoicemailNotifier(621): No voicemails to notify about: clear the notification.
04-10 16:09:37.472: D/Finsky(532): [67] DownloadRecords.initializeAndPrune: Pruned 0 old downloads from the cursor.
04-10 16:09:37.542: D/dalvikvm(344): GC_CONCURRENT freed 280K, 5% free 10104K/10567K, paused 4ms+13ms
04-10 16:09:37.554: I/AccountTypeManager(621): Loaded meta-data for 3 account types, 2 accounts in 394ms(wall) 26ms(cpu)
04-10 16:09:37.593: D/GpsLocationProvider(136): NTP server returned: 1334099379190 (Tue Apr 10 16:09:39 PDT 2012) reference: 30593 certainty: 40 system time offset: 1663
04-10 16:09:37.691: I/ActivityManager(136): Start proc com.google.android.deskclock for broadcast com.google.android.deskclock/com.android.deskclock.AlarmInitReceiver: pid=657 uid=10043 gids={}
04-10 16:09:37.703: D/AlarmManagerService(136): Kernel timezone updated to 420 minutes west of GMT
04-10 16:09:37.710: D/SystemClock(316): Setting time of day to sec=1334099378
04-10 16:09:38.278: I/ActivityThread(657): Pub com.android.deskclock: com.android.deskclock.AlarmProvider
04-10 16:09:38.372: I/ActivityManager(136): Start proc com.google.android.email for broadcast com.google.android.email/com.android.email.service.EmailBroadcastReceiver: pid=673 uid=10042 gids={3003, 1015}
04-10 16:09:38.423: V/AlarmClock(657): AlarmInitReceiver finished
04-10 16:09:38.466: I/ActivityThread(673): Pub com.android.email.attachmentprovider: com.android.email.provider.AttachmentProvider
04-10 16:09:38.481: I/ActivityThread(673): Pub com.android.email.provider;com.android.email.notifier: com.android.email.provider.EmailProvider
04-10 16:09:38.692: D/dalvikvm(80): GC_EXPLICIT freed 37K, 4% free 9030K/9347K, paused 1ms+3ms
04-10 16:09:38.747: D/dalvikvm(80): GC_EXPLICIT freed <1K, 4% free 9030K/9347K, paused 3ms+3ms
04-10 16:09:38.786: D/dalvikvm(80): GC_EXPLICIT freed <1K, 4% free 9030K/9347K, paused 12ms+2ms
04-10 16:09:38.817: I/ActivityManager(136): Start proc com.google.android.exchange for service com.google.android.exchange/com.android.exchange.ExchangeService: pid=688 uid=10070 gids={3003, 1015}
04-10 16:09:38.837: D/dalvikvm(136): GC_EXPLICIT freed 623K, 6% free 12950K/13703K, paused 3ms+6ms
04-10 16:09:38.931: I/ActivityThread(688): Pub com.android.exchange.directory.provider: com.android.exchange.provider.ExchangeDirectoryProvider
04-10 16:09:39.021: I/ActivityManager(136): Start proc com.google.android.gm for broadcast com.google.android.gm/.MailIntentReceiver: pid=703 uid=10039 gids={3003, 1015}
04-10 16:09:39.142: D/ExchangeService(688): !!! EAS ExchangeService, onCreate
04-10 16:09:39.146: D/ExchangeService(688): !!! EAS ExchangeService, onStartCommand, startingUp = false, running = false
04-10 16:09:39.169: I/ActivityThread(703): Pub gmail-ls: com.google.android.gm.provider.MailProvider
04-10 16:09:39.196: D/Eas Debug(688): Logging:
04-10 16:09:39.278: D/dalvikvm(344): GC_CONCURRENT freed 390K, 5% free 10167K/10631K, paused 2ms+7ms
04-10 16:09:39.321: D/dalvikvm(136): GC_EXPLICIT freed 63K, 6% free 12921K/13703K, paused 3ms+5ms
04-10 16:09:39.349: I/ActivityThread(703): Pub com.google.android.gmail.SuggestionProvider: com.google.android.gm.SuggestionsProvider
04-10 16:09:39.360: I/ActivityThread(703): Pub com.google.android.gm: com.google.android.gm.provider.PublicContentProvider
04-10 16:09:39.470: I/ActivityManager(136): Start proc com.google.android.partnersetup for broadcast com.google.android.partnersetup/.GooglePartnerSetup: pid=728 uid=10036 gids={3003}
04-10 16:09:39.548: I/ActivityThread(728): Pub com.google.android.partnersetup.rlzprovider: com.google.android.partnersetup.RlzProvider
04-10 16:09:39.556: I/ActivityThread(728): Pub com.google.android.partnersetup.rlzappprovider: com.google.android.partnersetup.RlzAppProvider
04-10 16:09:39.892: I/RlzPingService(728): Setting next ping for 1334704179863
04-10 16:09:40.028: D/dalvikvm(273): GC_CONCURRENT freed 366K, 5% free 9359K/9799K, paused 2ms+3ms
04-10 16:09:40.087: I/ActivityManager(136): Start proc com.google.android.apps.maps:FriendService for broadcast com.google.android.apps.maps/com.google.googlenav.friend.android.ServiceReceiver: pid=759 uid=10027 gids={3003, 1015}
04-10 16:09:40.091: D/ExchangeService(688): !!! EAS ExchangeService, onStartCommand, startingUp = true, running = false
04-10 16:09:40.208: I/SystemUpdateService(273): checking for post-install intent
04-10 16:09:40.212: I/CalendarProvider2(640): Sending notification intent: Intent { act=android.intent.action.PROVIDER_CHANGED dat=content://com.android.calendar }
04-10 16:09:40.212: W/ContentResolver(640): Failed to get type for: content://com.android.calendar (Unknown URL content://com.android.calendar)
04-10 16:09:40.259: D/dalvikvm(759): GC_CONCURRENT freed 158K, 3% free 9377K/9607K, paused 3ms+2ms
04-10 16:09:40.341: I/SystemUpdateService(273): cancelUpdate (empty URL)
04-10 16:09:40.419: D/ExchangeService(688): !!! EAS ExchangeService, onStartCommand, startingUp = true, running = false
04-10 16:09:40.431: D/ExchangeService(688): Received deviceId from Email app: androidc592593321
04-10 16:09:40.431: D/ExchangeService(688): Reconciling accounts...
04-10 16:09:40.517: D/Eas Debug(688): Logging:
04-10 16:09:40.778: I/ActivityManager(136): Start proc com.android.mms for broadcast com.android.mms/.transaction.MmsSystemEventReceiver: pid=778 uid=10022 gids={3003, 1015}
04-10 16:09:40.845: I/ActivityThread(778): Pub mms_temp_file: com.android.mms.TempFileProvider
04-10 16:09:40.845: I/ActivityThread(778): Pub com.android.mms.SuggestionsProvider: com.android.mms.SuggestionsProvider
04-10 16:09:40.864: D/CountryDetector(136): The first listener is added
04-10 16:09:40.868: V/MmsConfig(778): mnc/mcc: 310260
04-10 16:09:40.868: V/MmsConfig(778): tag: int value: maxMessageSize - 1048576
04-10 16:09:40.868: V/MmsConfig(778): tag: int value: maxImageHeight - 1944
04-10 16:09:40.868: V/MmsConfig(778): tag: int value: maxImageWidth - 2592
04-10 16:09:40.868: V/MmsConfig(778): tag: string value: userAgent - Nexuss
04-10 16:09:40.868: V/MmsConfig(778): tag: string value: uaProfUrl - http://wap.samsungmobile.com/uaprof/GT-I9020T.xml
04-10 16:09:41.036: D/dalvikvm(728): GC_CONCURRENT freed 351K, 6% free 9124K/9607K, paused 3ms+3ms
04-10 16:09:41.204: I/ActivityManager(136): START {flg=0x10040000 cmp=com.google.android.gsf/.update.SystemUpdateInstallDialog} from pid 273
04-10 16:09:41.212: D/PermissionCache(79): checking android.permission.READ_FRAME_BUFFER for uid=1000 => granted (1457 us)
04-10 16:09:41.231: D/MmsSmsDatabaseHelper(316): [MmsSmsDb] tableName: threads hasAutoIncrement: CREATE TABLE "threads" (_id INTEGER PRIMARY KEY AUTOINCREMENT,date INTEGER DEFAULT 0,message_count INTEGER DEFAULT 0,recipient_ids TEXT,snippet TEXT,snippet_cs INTEGER DEFAULT 0,read INTEGER DEFAULT 1,type INTEGER DEFAULT 0,error INTEGER DEFAULT 0,has_attachment INTEGER DEFAULT 0) result: true
04-10 16:09:41.231: D/MmsSmsDatabaseHelper(316): [MmsSmsDb] tableName: canonical_addresses hasAutoIncrement: CREATE TABLE "canonical_addresses" (_id INTEGER PRIMARY KEY AUTOINCREMENT,address TEXT) result: true
04-10 16:09:41.231: D/MmsSmsDatabaseHelper(316): [getWritableDatabase] hasAutoIncrementThreads: true hasAutoIncrementAddresses: true
04-10 16:09:41.282: I/ActivityManager(136): START {flg=0x10040000 cmp=com.google.android.gsf/.update.SystemUpdateDownloadDialog} from pid 273
04-10 16:09:41.360: I/ActivityManager(136): Displayed com.android.launcher/com.android.launcher2.Launcher: +11s239ms
04-10 16:09:41.407: I/ActivityManager(136): Start proc com.google.android.onetimeinitializer for broadcast com.google.android.onetimeinitializer/.OneTimeInitializerReceiver: pid=804 uid=10018 gids={}
04-10 16:09:41.446: V/OneTimeInitializerReceiver(804): OneTimeInitializerReceiver.onReceive
04-10 16:09:41.481: I/ActivityManager(136): Start proc com.google.android.talk for broadcast com.google.android.talk/.videochat.BootCompleteReceiver: pid=818 uid=10000 gids={3003, 1015, 1006, 3002}
04-10 16:09:41.489: V/OneTimeService(804): OneTimeService.onHandleIntent
04-10 16:09:41.606: I/ActivityThread(818): Pub com.google.android.talk.SuggestionProvider: com.google.android.talk.SuggestionsProvider
04-10 16:09:41.739: D/vclib:CallStateClient(818): startListening
04-10 16:09:41.755: I/talk(818): Refresh the supported camera state
04-10 16:09:41.821: I/ActivityManager(136): Start proc com.android.voicedialer for broadcast com.android.voicedialer/.VoiceDialerReceiver: pid=837 uid=10005 gids={3002}
04-10 16:09:41.915: W/ActivityManager(136): Permission Denial: receiving Intent { act=android.intent.action.BOOT_COMPLETED flg=0x10 } to com.android.musicfx requires android.permission.RECEIVE_BOOT_COMPLETED due to sender null (uid 1000)
04-10 16:09:41.915: W/ActivityManager(136): Permission Denial: receiving Intent { act=android.intent.action.BOOT_COMPLETED flg=0x10 } to com.google.android.youtube requires android.permission.RECEIVE_BOOT_COMPLETED due to sender null (uid 1000)
04-10 16:09:41.935: V/SystemUpdateService(273): onPostExecute: false
04-10 16:09:41.935: I/ActivityManager(136): Start proc com.google.android.apps.googlevoice for broadcast com.google.android.apps.googlevoice/.BootUpReceiver: pid=853 uid=10002 gids={3003, 1015}
04-10 16:09:41.954: I/dalvikvm(853): Turning on JNI app bug workarounds for target SDK version 13...
04-10 16:09:42.118: D/dalvikvm(818): GC_CONCURRENT freed 222K, 4% free 9313K/9607K, paused 3ms+6ms
04-10 16:09:42.196: I/ActivityManager(136): Start proc com.google.android.videos for broadcast com.google.android.videos/com.google.android.youtube.videos.transfer.VideoDownloadService$BootReceiver: pid=865 uid=10081 gids={3003, 1015}
04-10 16:09:42.302: I/talk(818): supported front camera true
04-10 16:09:42.349: I/ActivityThread(865): Pub com.google.android.videos: com.google.android.youtube.videos.honeycomb.search.VideoSearchProvider
04-10 16:09:42.392: D/Videos(865): youtube.core.BaseApplication.createHttpClient:287 HttpClient.UserAgent: com.google.android.videos/1.4.11(Linux; U; Android 4.0.4; en_US; Nexus S Build/IMM76D)
04-10 16:09:42.431: D/Videos(865): youtube.core.utils.SafeSearch.run:49 checking parental control
04-10 16:09:42.458: D/Videos(865): youtube.core.utils.SafeSearch.run:51 parental control is false
04-10 16:09:42.501: I/Videos(865): youtube.videos.VideosApplication.getCurrentCountryCode:190 device country = us
04-10 16:09:42.649: D/dalvikvm(865): GC_CONCURRENT freed 291K, 5% free 9205K/9607K, paused 5ms+10ms
04-10 16:09:42.685: D/dalvikvm(273): GC_EXPLICIT freed 343K, 5% free 9431K/9863K, paused 6ms+5ms
04-10 16:09:42.837: D/dalvikvm(316): GC_CONCURRENT freed 287K, 5% free 9508K/9927K, paused 3ms+3ms
04-10 16:09:43.556: D/Videos(865): youtube.core.utils.Util.shrinkDirSize:515 Dir is below limit, no need to shrink: [size=0, limit=5242880]
04-10 16:09:43.575: W/ApplicationContext(865): Unable to create external files directory
04-10 16:09:43.606: D/Videos(865): youtube.videos.transfer.VideoDownloadService$BootReceiver.onReceive:46 boot completed, starting video download service
04-10 16:09:43.638: I/Videos(865): youtube.videos.DownloadJanitorService.onStartCommand:76 Janitor starting
04-10 16:09:43.649: I/Genie(603): Update scheduled every 10800000ms
04-10 16:09:43.653: D/Videos(865): youtube.core.transfer.TransferService.onCreate:175 creating transfer service
04-10 16:09:43.802: D/Videos(865): youtube.core.transfer.TransfersDbHelper$DbHandler.handleMessage:130 db init
04-10 16:09:43.817: D/Videos(865): youtube.core.transfer.TransferService$NetworkStateReceiver.onReceive:629 connection true
04-10 16:09:43.833: I/GTalkService/c(273): [AndroidEndpoint@1094266232] connect: acct=1000000, state=CONNECTING
04-10 16:09:43.939: I/ActivityManager(136): Start proc com.google.android.apps.uploader for broadcast com.google.android.apps.uploader/.ConnectivityBroadcastReceiver: pid=896 uid=10024 gids={3003}
04-10 16:09:43.970: I/dalvikvm(896): Turning on JNI app bug workarounds for target SDK version 11...
04-10 16:09:44.024: D/dalvikvm(136): GC_CONCURRENT freed 711K, 6% free 13164K/13959K, paused 10ms+7ms
04-10 16:09:44.091: D/Videos(865): youtube.core.transfer.TransfersDbHelper$DbHandler.handleMessage:137 db restore
04-10 16:09:44.103: D/Videos(865): youtube.core.transfer.TransferService.restore:232 restored 0 transfers
04-10 16:09:44.122: W/ApplicationContext(865): Unable to create external files directory
04-10 16:09:44.149: D/Videos(865): youtube.core.transfer.TransferService.onDestroy:384 destroying transfer service
04-10 16:09:44.149: D/Videos(865): youtube.core.transfer.TransfersDbHelper$DbHandler.handleMessage:165 db close
04-10 16:09:44.153: I/Videos(865): youtube.videos.DownloadJanitorService$1.run:121 Janitor done
04-10 16:09:44.177: I/ActivityManager(136): No longer want com.google.android.inputmethod.latin.dictionarypack (pid 402): hidden #16
04-10 16:09:44.208: I/ActivityThread(896): Pub com.google.android.apps.uploader: com.google.android.apps.uploader.UploadsContentProvider
04-10 16:09:44.212: I/ActivityThread(896): Pub com.google.photos.provider.Album: com.google.android.apps.uploader.clients.picasa.AlbumProvider
04-10 16:09:44.247: D/MediaUploader(896): UploaderApplication.onCreate
04-10 16:09:44.271: I//system/bin/fsck_msdos(73): ** Phase 2 - Check Cluster Chains
04-10 16:09:44.310: D/dalvikvm(703): GC_CONCURRENT freed 289K, 4% free 9245K/9607K, paused 2ms+20ms
04-10 16:09:44.333: D/MediaUploader(896): nonWifiLimit=20971520, default=20971520
04-10 16:09:44.337: I/MediaUploader(896): No need to wake up
04-10 16:09:44.356: I/ActivityManager(136): Start proc com.google.android.apps.plus for broadcast com.google.android.apps.plus/com.google.android.picasasync.ConnectivityReceiver: pid=915 uid=10078 gids={3003, 3002, 1015, 1006}
04-10 16:09:44.360: I/ActivityManager(136): No longer want com.google.android.deskclock (pid 657): hidden #16
04-10 16:09:44.364: I/ActivityManager(136): No longer want com.android.contacts (pid 621): hidden #17
04-10 16:09:44.427: D/dalvikvm(80): GC_EXPLICIT freed 37K, 4% free 9030K/9347K, paused 4ms+11ms
04-10 16:09:44.485: D/dalvikvm(80): GC_EXPLICIT freed <1K, 4% free 9030K/9347K, paused 4ms+9ms
04-10 16:09:44.540: D/dalvikvm(80): GC_EXPLICIT freed <1K, 4% free 9030K/9347K, paused 4ms+7ms
04-10 16:09:44.606: D/dalvikvm(915): GC_CONCURRENT freed 160K, 4% free 9317K/9607K, paused 2ms+2ms
04-10 16:09:44.649: D/ConnectivityService(136): handleInetConditionHoldEnd: net=1, condition=0, published condition=0
04-10 16:09:44.677: I/ActivityThread(915): Pub com.google.android.apps.plus.content.EsProvider: com.google.android.apps.plus.content.EsProvider
04-10 16:09:44.708: I/ActivityThread(915): Pub com.google.android.apps.plus.content.ApiProvider: com.google.android.apps.plus.content.EsApiProvider
04-10 16:09:44.728: I/ActivityThread(915): Pub com.google.android.apps.plus.content.EsGooglePhotoProvider: com.google.android.picasasync.PicasaContentProvider
04-10 16:09:44.935: D/dalvikvm(915): GC_CONCURRENT freed 456K, 6% free 9395K/9927K, paused 2ms+2ms
04-10 16:09:44.970: I/ActivityThread(915): Pub com.google.plus.platform: com.google.android.apps.plus.content.AdsProvider
04-10 16:09:45.067: D/UploadsManager(915): load newPhotoTracker: null
04-10 16:09:45.067: D/UploadsManager(915): load all accounts: null
04-10 16:09:45.067: D/UploadsManager(915): load all account-album pairs: null
04-10 16:09:45.067: D/dalvikvm(915): GC_CONCURRENT freed 337K, 5% free 9566K/9991K, paused 2ms+7ms
04-10 16:09:45.067: V/PicasaContentProvider(915): querySettings: defaults: {sync_on_wifi_only=1, auto_upload_account_type=null, sync_on_battery=1, sync_picasa_on_wifi_only=1, auto_upload_enabled=0, video_upload_wifi_only=1, sync_on_roaming=0, auto_upload_account_name=null}
04-10 16:09:45.083: D/UploadsManager(915): settings not changed
04-10 16:09:45.091: D/PicasaSync(915): sync account database
04-10 16:09:45.103: I/ActivityManager(136): No longer want com.android.providers.calendar (pid 640): hidden #16
04-10 16:09:45.130: I/ActivityManager(136): Start proc com.google.android.calendar for broadcast com.google.android.calendar/com.android.calendar.widget.CalendarAppWidgetService$CalendarFactory: pid=933 uid=10069 gids={3003}
04-10 16:09:45.259: D/dalvikvm(136): GC_EXPLICIT freed 119K, 6% free 13172K/13959K, paused 9ms+5ms
04-10 16:09:45.411: D/dalvikvm(203): GC_FOR_ALLOC freed 119K, 6% free 10120K/10759K, paused 23ms
04-10 16:09:45.450: V/PicasaContentProvider(915): querySettings: defaults: {sync_on_wifi_only=1, auto_upload_account_type=null, sync_on_battery=1, sync_picasa_on_wifi_only=1, auto_upload_enabled=0, video_upload_wifi_only=1, sync_on_roaming=0, auto_upload_account_name=null}
04-10 16:09:45.450: D/MetricsUtils(915): [QUERY content://com.google.android.apps.plus.content.EsGooglePhotoProvider/settings query-result:1 time:379]
04-10 16:09:45.474: I/ActivityThread(933): Pub com.google.android.calendar.CalendarRecentSuggestionsProvider: com.android.calendar.CalendarRecentSuggestionsProvider
04-10 16:09:45.489: D/dalvikvm(203): GC_FOR_ALLOC freed 353K, 7% free 10106K/10759K, paused 32ms
04-10 16:09:45.638: I/ActivityManager(136): Start proc com.google.android.deskclock for broadcast com.google.android.deskclock/com.android.deskclock.AlarmInitReceiver: pid=948 uid=10043 gids={}
04-10 16:09:45.642: I/ActivityManager(136): No longer want com.google.android.partnersetup (pid 728): hidden #16
04-10 16:09:45.681: D/dalvikvm(203): GC_FOR_ALLOC freed 307K, 7% free 10105K/10759K, paused 33ms
04-10 16:09:45.712: I/ActivityManager(136): Start proc com.android.providers.calendar for content provider com.android.providers.calendar/.CalendarProvider2: pid=960 uid=10048 gids={3003, 1015}
04-10 16:09:45.747: I/ActivityThread(948): Pub com.android.deskclock: com.android.deskclock.AlarmProvider
04-10 16:09:45.763: I/ActivityManager(136): No longer want com.google.android.apps.maps:FriendService (pid 759): hidden #16
04-10 16:09:45.790: I/ActivityThread(960): Pub com.android.calendar: com.android.providers.calendar.CalendarProvider2
04-10 16:09:45.884: I/ActivityManager(136): No longer want com.google.android.gsf.login (pid 250): hidden #16
04-10 16:09:45.919: I/ActivityManager(136): Start proc com.google.android.apps.maps:LocationFriendService for broadcast com.google.android.apps.maps/com.google.googlenav.friend.reporting.LocationReportingIntentReceiver: pid=977 uid=10027 gids={3003, 1015}
04-10 16:09:46.021: V/AlarmClock(948): AlarmInitReceiver finished
04-10 16:09:46.075: D/dalvikvm(977): GC_CONCURRENT freed 160K, 3% free 9374K/9607K, paused 2ms+2ms
04-10 16:09:46.255: W/ExternalStorageUtils(915): Error writing to /mnt/sdcard/Notifications/hangout_ringtone.m4a
04-10 16:09:46.255: W/ExternalStorageUtils(915): java.io.FileNotFoundException: /mnt/sdcard/Notifications/hangout_ringtone.m4a: open failed: EACCES (Permission denied)
04-10 16:09:46.255: W/ExternalStorageUtils(915): at libcore.io.IoBridge.open(IoBridge.java:406)
04-10 16:09:46.255: W/ExternalStorageUtils(915): at java.io.FileOutputStream.(FileOutputStream.java:88)
04-10 16:09:46.255: W/ExternalStorageUtils(915): at java.io.FileOutputStream.(FileOutputStream.java:73)
04-10 16:09:46.255: W/ExternalStorageUtils(915): at com.google.android.apps.plus.phone.HangoutRingtoneUtils.copyResourceToFile(HangoutRingtoneUtils.java:99)
04-10 16:09:46.255: W/ExternalStorageUtils(915): at com.google.android.apps.plus.phone.HangoutRingtoneUtils.registerHangoutRingTone(HangoutRingtoneUtils.java:41)
04-10 16:09:46.255: W/ExternalStorageUtils(915): at com.google.android.apps.plus.phone.EsApplication$1.doInBackground(EsApplication.java:47)
04-10 16:09:46.255: W/ExternalStorageUtils(915): at com.google.android.apps.plus.phone.EsApplication$1.doInBackground(EsApplication.java:42)
04-10 16:09:46.255: W/ExternalStorageUtils(915): at android.os.AsyncTask$2.call(AsyncTask.java:264)
04-10 16:09:46.255: W/ExternalStorageUtils(915): at java.util.concurrent.FutureTask$Sync.innerRun(FutureTask.java:305)
04-10 16:09:46.255: W/ExternalStorageUtils(915): at java.util.concurrent.FutureTask.run(FutureTask.java:137)
04-10 16:09:46.255: W/ExternalStorageUtils(915): at android.os.AsyncTask$SerialExecutor$1.run(AsyncTask.java:208)
04-10 16:09:46.255: W/ExternalStorageUtils(915): at java.util.concurrent.ThreadPoolExecutor.runWorker(ThreadPoolExecutor.java:1076)
04-10 16:09:46.255: W/ExternalStorageUtils(915): at java.util.concurrent.ThreadPoolExecutor$Worker.run(ThreadPoolExecutor.java:569)
04-10 16:09:46.255: W/ExternalStorageUtils(915): at java.lang.Thread.run(Thread.java:856)
04-10 16:09:46.255: W/ExternalStorageUtils(915): Caused by: libcore.io.ErrnoException: open failed: EACCES (Permission denied)
04-10 16:09:46.255: W/ExternalStorageUtils(915): at libcore.io.Posix.open(Native Method)
04-10 16:09:46.255: W/ExternalStorageUtils(915): at libcore.io.BlockGuardOs.open(BlockGuardOs.java:110)
04-10 16:09:46.255: W/ExternalStorageUtils(915): at libcore.io.IoBridge.open(IoBridge.java:390)
04-10 16:09:46.255: W/ExternalStorageUtils(915): ... 13 more
04-10 16:09:46.399: I/System.out(977): VectorGlobalState: Server:https://mobilemaps.clients.google.com/glm/mmap Type:3
04-10 16:09:46.454: D/dalvikvm(977): GC_CONCURRENT freed 228K, 4% free 9641K/9991K, paused 2ms+3ms
04-10 16:09:46.556: D/PicasaSync(915): accounts in DB=1
04-10 16:09:46.556: V/PicasaContentProvider(915): querySettings: defaults: {sync_on_wifi_only=1, auto_upload_account_type=null, sync_on_battery=1, sync_picasa_on_wifi_only=1, auto_upload_enabled=0, video_upload_wifi_only=1, sync_on_roaming=0, auto_upload_account_name=null}
04-10 16:09:46.599: D/PicasaSyncManager(915): active network: NetworkInfo: type: WIFI[], state: CONNECTED/CONNECTED, reason: (unspecified), extra: (none), roaming: false, failover: false, isAvailable: true
04-10 16:09:46.599: D/PicasaSyncManager(915): background data: true
04-10 16:09:46.692: I/ActivityManager(136): Start proc com.google.android.music:main for broadcast com.google.android.music/.store.MediaStoreImportService$Receiver: pid=998 uid=10021 gids={3003, 1015}
04-10 16:09:46.696: I/ActivityManager(136): No longer want com.android.mms (pid 778): hidden #16
04-10 16:09:46.798: D/CountryDetector(136): No listener is left
04-10 16:09:46.849: D/dalvikvm(998): GC_CONCURRENT freed 164K, 3% free 9371K/9607K, paused 3ms+3ms
04-10 16:09:46.970: I/ActivityThread(998): Pub com.google.android.music.MusicContent: com.google.android.music.store.MusicContentProvider
04-10 16:09:47.024: D/PerformBackupTask(136): processOneBackup doBackup() on @pm@
04-10 16:09:47.028: V/BackupServiceBinder(136): doBackup() invoked
04-10 16:09:47.083: I/PMBA(136): Previous metadata 189904 mismatch vs 299849 - rewriting
04-10 16:09:47.189: I/MusicStore(998): Database version: 37
04-10 16:09:47.255: I/AsyncCursor1:1(998): Initialized for content://com.google.android.music.MusicContent/playlists, proj:_id#name, sel: 'null', args: null, order: null
04-10 16:09:47.286: I//system/bin/fsck_msdos(73): ** Phase 3 - Checking Directories
04-10 16:09:47.364: I/talk(818): onMcsConnectionStarted
04-10 16:09:47.388: I/Gmail(703): calculateUnknownSyncRationalesAndPurgeInBackground: queueing
04-10 16:09:47.388: I/Gmail(703): Sending notification intent: Intent { act=android.intent.action.PROVIDER_CHANGED dat=content://gmail-ls/unread/^i (has extras) }
04-10 16:09:47.415: I/ActivityManager(136): No longer want com.google.android.onetimeinitializer (pid 804): hidden #16
04-10 16:09:47.431: I/Gmail(703): Sending notification intent: Intent { act=android.intent.action.PROVIDER_CHANGED dat=content://gmail-ls/unread/^iim (has extras) }
04-10 16:09:47.540: D/PicasaSyncManager(915): battery info: true
04-10 16:09:47.564: I//system/bin/fsck_msdos(73): ** Phase 4 - Checking for Lost Files
04-10 16:09:47.567: I/CalendarProvider2(960): Sending notification intent: Intent { act=android.intent.action.PROVIDER_CHANGED dat=content://com.android.calendar }
04-10 16:09:47.567: W/ContentResolver(960): Failed to get type for: content://com.android.calendar (Unknown URL content://com.android.calendar)
04-10 16:09:47.579: W/BackupTransportService(136): Unknown package in backup request: @pm@
04-10 16:09:47.587: I/ActivityManager(136): No longer want com.android.voicedialer (pid 837): hidden #16
04-10 16:09:47.802: D/dalvikvm(382): GC_CONCURRENT freed 199K, 3% free 9211K/9479K, paused 4ms+7ms
04-10 16:09:47.927: D/ExchangeService(688): !!! EAS ExchangeService, onStartCommand, startingUp = true, running = false
04-10 16:09:47.970: D/dalvikvm(673): GC_CONCURRENT freed 240K, 4% free 9247K/9607K, paused 11ms+5ms
04-10 16:09:48.001: I/GTalkService/c(273): [GTalkConnection@1094526464] connect: acct=1, state=CONNECTING
04-10 16:09:48.071: I/Gmail(703): calculateUnknownSyncRationalesAndPurgeInBackground: queueing
04-10 16:09:48.142: W/Gmail(703): Showing notification with unreadCount of 214 and unseenCount of 40
04-10 16:09:48.251: I/ActivityManager(136): No longer want com.google.android.apps.googlevoice (pid 853): hidden #16
04-10 16:09:48.360: D/dalvikvm(203): GC_FOR_ALLOC freed 33K, 4% free 10420K/10759K, paused 21ms
04-10 16:09:48.442: D/dalvikvm(344): GC_CONCURRENT freed 175K, 3% free 10398K/10695K, paused 2ms+3ms
04-10 16:09:48.481: D/dalvikvm(203): GC_FOR_ALLOC freed 189K, 5% free 10411K/10951K, paused 24ms
04-10 16:09:48.556: W/BackupTransportService(136): Backup account missing, trying again later
04-10 16:09:48.556: W/BackupTransportService(136): Error sending final backup to server: java.io.IOException: Can't get Backup account
04-10 16:09:48.567: I/ActivityManager(136): No longer want com.google.android.email (pid 673): hidden #16
04-10 16:09:48.583: I/ActivityManager(136): No longer want com.google.android.exchange (pid 688): hidden #16
04-10 16:09:48.610: D/dalvikvm(203): GC_FOR_ALLOC freed 169K, 5% free 10409K/10951K, paused 27ms
04-10 16:09:48.939: I//system/bin/fsck_msdos(73): Next free cluster in FSInfo block (5561) not free
04-10 16:09:48.939: I//system/bin/fsck_msdos(73): FIXED
04-10 16:09:48.939: I//system/bin/fsck_msdos(73): 218 files, 1272912 free (3463956 clusters)
04-10 16:09:48.974: I/PerformBackupTask(136): Backup pass finished.
04-10 16:09:49.040: D/dalvikvm(603): GC_CONCURRENT freed 322K, 5% free 9370K/9799K, paused 3ms+4ms
04-10 16:09:49.173: I/Gmail(703): calculateUnknownSyncRationalesAndPurgeInBackground: running
04-10 16:09:49.177: I/Vold(73): Filesystem check completed OK
04-10 16:09:49.181: I/Vold(73): Device /dev/block/vold/179:3, target /mnt/sdcard mounted @ /mnt/secure/staging
04-10 16:09:49.185: I/PackageManager(136): Updating external media status from unmounted to mounted
04-10 16:09:49.185: D/Vold(73): Volume sdcard state changing 3 (Checking) -> 4 (Mounted)
04-10 16:09:49.185: D/MountService(136): volume state changed for /mnt/sdcard (checking -> mounted)
04-10 16:09:49.192: I/StorageNotification(203): Media {/mnt/sdcard} state changed from {checking} -> {mounted}
04-10 16:09:49.196: D/MountService(136): sendStorageIntent Intent { act=android.intent.action.MEDIA_MOUNTED dat=file:///mnt/sdcard (has extras) }
04-10 16:09:49.228: D/MediaScannerReceiver(382): action: android.intent.action.MEDIA_MOUNTED path: /mnt/sdcard
04-10 16:09:49.231: I/MediaUploader(896): No need to wake up
04-10 16:09:49.356: D/dalvikvm(203): GC_FOR_ALLOC freed 92K, 4% free 10570K/10951K, paused 24ms
04-10 16:09:49.384: D/dalvikvm(203): GC_FOR_ALLOC freed 194K, 6% free 10556K/11143K, paused 16ms
04-10 16:09:49.399: D/VoldCmdListener(73): asec list
04-10 16:09:49.403: I/PackageManager(136): No secure containers on sdcard
04-10 16:09:49.415: I/Gmail(703): calculateUnknownSyncRationalesAndPurgeInBackground: running
04-10 16:09:49.458: D/dalvikvm(203): GC_FOR_ALLOC freed 360K, 6% free 10511K/11143K, paused 26ms
04-10 16:09:49.642: D/dalvikvm(203): GC_CONCURRENT freed 454K, 6% free 10530K/11143K, paused 3ms+3ms
04-10 16:09:49.735: W/PackageManager(136): Unknown permission android.permission.ADD_SYSTEM_SERVICE in package com.android.phone
04-10 16:09:49.767: W/PackageManager(136): Unknown permission com.android.smspush.WAPPUSH_MANAGER_BIND in package com.android.phone
04-10 16:09:49.790: W/PackageManager(136): Unknown permission com.android.vending.billing.IBillingAccountService.BIND2 in package com.google.android.gsf.login
04-10 16:09:49.794: W/PackageManager(136): Not granting permission android.permission.SEND_DOWNLOAD_COMPLETED_INTENTS to package com.android.browser (protectionLevel=2 flags=0x9be45)
04-10 16:09:49.817: W/PackageManager(136): Not granting permission android.permission.DEVICE_POWER to package com.google.android.deskclock (protectionLevel=2 flags=0x8be45)
04-10 16:09:49.817: W/PackageManager(136): Unknown permission android.permission.READ_OWNER_DATA in package com.google.android.setupwizard
04-10 16:09:49.821: W/PackageManager(136): Unknown permission android.permission.WRITE_OWNER_DATA in package com.google.android.setupwizard
04-10 16:09:49.841: W/PackageManager(136): Not granting permission com.google.android.gm.permission.READ_GMAIL to package com.google.android.apps.uploader (protectionLevel=2 flags=0x8be45)
04-10 16:09:49.845: W/PackageManager(136): Unknown permission android.permission.READ_EXTERNAL_STORAGE in package com.android.vending
04-10 16:09:49.849: W/PackageManager(136): Not granting permission android.permission.SEND_DOWNLOAD_COMPLETED_INTENTS to package com.android.vending (protectionLevel=2 flags=0xabe45)
04-10 16:09:49.856: W/PackageManager(136): Unknown permission android.webkit.permission.PLUGIN in package com.adobe.flashplayer
04-10 16:09:49.860: W/PackageManager(136): Not granting permission android.permission.ACCOUNT_MANAGER to package com.google.android.music (protectionLevel=2 flags=0x8be65)
04-10 16:09:49.868: W/PackageManager(136): Unknown permission com.android.providers.im.permission.READ_ONLY in package com.google.android.apps.maps
04-10 16:09:49.888: W/PackageManager(136): Unknown permission android.permission.READ_EXTERNAL_STORAGE in package com.google.android.videoeditor
04-10 16:09:49.888: W/PackageManager(136): Unknown permission com.google.android.apps.googlevoice.REMOTE_INTENT in package com.google.android.apps.googlevoice
04-10 16:09:49.888: W/PackageManager(136): Unknown permission com.google.android.permission.RECEIVE_DATA_MESSAGE in package com.google.android.apps.googlevoice
04-10 16:09:49.888: W/PackageManager(136): Unknown permission com.google.android.permission.SEND_DATA_MESSAGE in package com.google.android.apps.googlevoice
04-10 16:09:49.950: D/dalvikvm(273): GC_CONCURRENT freed 366K, 5% free 9511K/9991K, paused 4ms+3ms
04-10 16:09:50.489: D/dalvikvm(603): GC_CONCURRENT freed 497K, 6% free 9416K/9991K, paused 5ms+3ms
04-10 16:09:50.536: I/ActivityManager(136): No longer want com.google.android.videos (pid 865): hidden #16
04-10 16:09:50.634: D/dalvikvm(344): GC_CONCURRENT freed 200K, 3% free 10627K/10951K, paused 3ms+4ms
04-10 16:09:50.817: D/dalvikvm(344): GC_FOR_ALLOC freed 203K, 5% free 10817K/11271K, paused 23ms
04-10 16:09:50.872: D/UploadsManager(915): FsId changed! -1
04-10 16:09:50.892: D/UploadsManager(915): fsid not changed
04-10 16:09:51.060: D/dalvikvm(344): GC_CONCURRENT freed 412K, 6% free 10936K/11527K, paused 2ms+4ms
04-10 16:09:51.454: D/ConnectivityService(136): handleInetConditionHoldEnd: net=1, condition=100, published condition=0
04-10 16:09:51.646: D/dalvikvm(998): GC_CONCURRENT freed 167K, 4% free 9626K/9927K, paused 2ms+2ms
04-10 16:09:51.692: D/UploadsManager(915): FsId changed! -1
04-10 16:09:51.759: D/dalvikvm(136): GC_CONCURRENT freed 1003K, 9% free 13135K/14279K, paused 3ms+6ms
04-10 16:09:51.833: D/UploadsManager(915): fsid not changed
04-10 16:09:51.880: D/dalvikvm(344): GC_FOR_ALLOC freed 164K, 4% free 11107K/11527K, paused 26ms
04-10 16:09:52.728: W/MediaScanner(382): Error opening directory '/mnt/sdcard/.android_secure/', skipping: Permission denied.
04-10 16:09:53.149: D/dalvikvm(382): GC_CONCURRENT freed 286K, 5% free 9318K/9735K, paused 3ms+4ms
04-10 16:09:53.298: D/dalvikvm(415): GC_CONCURRENT freed 328K, 5% free 9402K/9863K, paused 3ms+15ms
04-10 16:09:53.802: D/MediaProvider(382): object removed 139
04-10 16:09:53.833: D/UploadsManager(915): FsId changed! -1
04-10 16:09:53.849: D/UploadsManager(915): fsid not changed
04-10 16:09:53.864: D/MediaProvider(382): object removed 285
04-10 16:09:53.903: D/UploadsManager(915): FsId changed! -1
04-10 16:09:53.911: D/UploadsManager(915): fsid not changed
04-10 16:09:53.931: D/MediaProvider(382): object removed 274
04-10 16:09:53.978: D/UploadsManager(915): FsId changed! -1
04-10 16:09:53.985: D/UploadsManager(915): fsid not changed
04-10 16:09:54.005: D/MediaProvider(382): object removed 286
04-10 16:09:54.036: D/UploadsManager(915): FsId changed! -1
04-10 16:09:54.052: D/UploadsManager(915): fsid not changed
04-10 16:09:54.079: D/MediaProvider(382): object removed 267
04-10 16:09:54.114: D/UploadsManager(915): FsId changed! -1
04-10 16:09:54.130: D/UploadsManager(915): fsid not changed
04-10 16:09:54.153: D/MediaProvider(382): object removed 138
04-10 16:09:54.189: D/UploadsManager(915): FsId changed! -1
04-10 16:09:54.204: D/UploadsManager(915): fsid not changed
04-10 16:09:54.220: D/MediaProvider(382): object removed 131
04-10 16:09:54.259: D/UploadsManager(915): FsId changed! -1
04-10 16:09:54.267: D/UploadsManager(915): fsid not changed
04-10 16:09:54.294: D/MediaProvider(382): object removed 136
04-10 16:09:54.345: D/UploadsManager(915): FsId changed! -1
04-10 16:09:54.364: D/UploadsManager(915): fsid not changed
04-10 16:09:54.392: D/MediaProvider(382): object removed 154
04-10 16:09:54.442: D/UploadsManager(915): FsId changed! -1
04-10 16:09:54.446: D/UploadsManager(915): fsid not changed
04-10 16:09:54.470: D/MediaProvider(382): object removed 156
04-10 16:09:54.521: D/UploadsManager(915): FsId changed! -1
04-10 16:09:54.540: D/UploadsManager(915): fsid not changed
04-10 16:09:54.571: D/MediaProvider(382): object removed 261
04-10 16:09:54.638: D/UploadsManager(915): FsId changed! -1
04-10 16:09:54.649: D/UploadsManager(915): fsid not changed
04-10 16:09:54.673: D/MediaProvider(382): object removed 279
04-10 16:09:54.728: D/UploadsManager(915): FsId changed! -1
04-10 16:09:54.747: D/UploadsManager(915): fsid not changed
04-10 16:09:54.771: D/MediaProvider(382): object removed 280
04-10 16:09:54.810: D/UploadsManager(915): FsId changed! -1
04-10 16:09:54.829: D/UploadsManager(915): fsid not changed
04-10 16:09:54.853: D/MediaProvider(382): object removed 275
04-10 16:09:54.884: D/UploadsManager(915): FsId changed! -1
04-10 16:09:54.903: D/UploadsManager(915): fsid not changed
04-10 16:09:54.927: D/MediaProvider(382): object removed 265
04-10 16:09:54.958: D/UploadsManager(915): FsId changed! -1
04-10 16:09:54.974: D/UploadsManager(915): fsid not changed
04-10 16:09:54.989: D/MediaProvider(382): object removed 129
04-10 16:09:55.032: D/UploadsManager(915): FsId changed! -1
04-10 16:09:55.040: D/UploadsManager(915): fsid not changed
04-10 16:09:55.060: D/MediaProvider(382): object removed 135
04-10 16:09:55.110: D/UploadsManager(915): FsId changed! -1
04-10 16:09:55.153: D/UploadsManager(915): fsid not changed
04-10 16:09:55.165: D/MediaProvider(382): object removed 278
04-10 16:09:55.208: D/UploadsManager(915): FsId changed! -1
04-10 16:09:55.220: D/UploadsManager(915): fsid not changed
04-10 16:09:55.235: D/MediaProvider(382): object removed 160
04-10 16:09:55.271: D/UploadsManager(915): FsId changed! -1
04-10 16:09:55.278: D/UploadsManager(915): fsid not changed
04-10 16:09:55.306: D/MediaProvider(382): object removed 161
04-10 16:09:55.345: D/UploadsManager(915): FsId changed! -1
04-10 16:09:55.353: D/UploadsManager(915): fsid not changed
04-10 16:09:55.368: D/MediaProvider(382): object removed 287
04-10 16:09:55.415: D/UploadsManager(915): FsId changed! -1
04-10 16:09:55.427: D/UploadsManager(915): fsid not changed
04-10 16:09:55.446: D/MediaProvider(382): object removed 158
04-10 16:09:55.501: D/MediaProvider(382): object removed 128
04-10 16:09:55.536: D/dalvikvm(382): GC_EXPLICIT freed 270K, 5% free 9312K/9735K, paused 2ms+3ms
04-10 16:09:55.544: D/UploadsManager(915): FsId changed! -1
04-10 16:09:55.552: D/UploadsManager(915): fsid not changed
04-10 16:09:55.556: D/UploadsManager(915): FsId changed! -1
04-10 16:09:55.571: D/MediaProvider(382): object removed 277
04-10 16:09:55.575: D/UploadsManager(915): fsid not changed
04-10 16:09:55.634: D/UploadsManager(915): FsId changed! -1
04-10 16:09:55.646: D/UploadsManager(915): fsid not changed
04-10 16:09:55.681: D/MediaProvider(382): object removed 141
04-10 16:09:55.712: D/UploadsManager(915): FsId changed! -1
04-10 16:09:55.728: D/UploadsManager(915): fsid not changed
04-10 16:09:55.735: D/MediaProvider(382): object removed 130
04-10 16:09:55.802: D/UploadsManager(915): FsId changed! -1
