04-10 16:42:16.146: V/PhoneStatusBar(203): setLightsOn(true)
04-10 16:42:16.149: W/TiTabActivity(1363): (main) [45,85] Notifying TiTabGroup, activity is created
04-10 16:42:16.329: D/TiUIView(1363): (main) [182,267] Nativeview is null
04-10 16:42:16.329: D/Window(1363): Loading window with URL: main_windows/base_ui.js
04-10 16:42:16.337: D/Module(1363): Loading module: main_windows/base_ui -> Resources/main_windows/base_ui.js
04-10 16:42:16.657: D/TiUIView(1363): (main) [328,595] Nativeview is null
04-10 16:42:16.661: D/Window(1363): Loading window with URL: main_windows/controls.js
04-10 16:42:16.673: D/Module(1363): Loading module: main_windows/controls -> Resources/main_windows/controls.js
04-10 16:42:16.716: D/dalvikvm(1363): GC_CONCURRENT freed 966K, 18% free 11225K/13639K, paused 2ms+8ms
04-10 16:42:16.782: I/TiAPI(1363): tab blur - new index 0 old index -1
04-10 16:42:16.786: D/Window(1363): unable to open, window is not closed
04-10 16:42:16.790: D/Window(1363): unable to open, window is not closed
04-10 16:42:16.896: I/ActivityManager(136): Displayed com.appcelerator.titanium/ti.modules.titanium.ui.TiTabActivity: +826ms (total +2s365ms)
04-10 16:42:16.903: D/TiUIView(1363): (main) [247,842] Nativeview is null
04-10 16:42:16.907: D/TiUIView(1363): (main) [2,844] Nativeview is null
04-10 16:42:17.122: D/dalvikvm(1363): GC_CONCURRENT freed 286K, 15% free 11605K/13639K, paused 2ms+3ms
04-10 16:42:17.614: I/TiAPI(1363): tab Base UI prevTab = no tab
04-10 16:42:17.786: I/TiAPI(1363): tab Controls prevTab = Base UI
04-10 16:42:18.005: W/InputManagerService(136): Starting input on non-focused client com.android.internal.view.IInputMethodClient$Stub$Proxy@417660f8 (uid=10031 pid=344)
04-10 16:42:18.614: D/Window(1363): unable to close, window is not opened
04-10 16:42:18.786: D/Window(1363): unable to close, window is not opened
04-10 16:42:19.579: D/Window(1363): Unable to release window reference.
04-10 16:42:22.302: D/TiUIView(1363): (main) [5396,6240] Nativeview is null
04-10 16:42:22.306: D/Window(1363): Loading window with URL: main_windows/platform.js
04-10 16:42:22.314: D/Module(1363): Loading module: main_windows/platform -> Resources/main_windows/platform.js
04-10 16:42:22.771: I/TiAPI(1363): tab blur - new index 1 old index 0
04-10 16:42:22.814: D/TiUIView(1363): (main) [511,6751] Nativeview is null
04-10 16:42:23.829: I/TiAPI(1363): tab Platform prevTab = Controls
04-10 16:42:24.872: D/Window(1363): Unable to release window reference.
04-10 16:42:25.692: I/ActivityManager(136): START {cmp=com.appcelerator.titanium/org.appcelerator.titanium.TiActivity (has extras)} from pid 1363
04-10 16:42:25.724: D/Window(1363): Loading window with URL: ../examples/sockets.js
04-10 16:42:25.728: D/Module(1363): Loading module: ../examples/sockets -> Resources/examples/sockets.js
04-10 16:42:26.181: D/TiUIView(1363): (main) [3368,10119] Nativeview is null
04-10 16:42:26.189: V/PhoneStatusBar(203): setLightsOn(true)
04-10 16:42:26.200: D/TiUIView(1363): (main) [19,10138] Nativeview is null
04-10 16:42:26.224: I/ActivityManager(136): Displayed com.appcelerator.titanium/org.appcelerator.titanium.TiActivity: +511ms
04-10 16:42:36.989: I/ActivityManager(136): START {cmp=com.appcelerator.titanium/org.appcelerator.titanium.TiActivity (has extras)} from pid 1363
04-10 16:42:37.021: D/Window(1363): Loading window with URL: ../examples/socket_connect.js
04-10 16:42:37.024: D/Module(1363): Loading module: ../examples/socket_connect -> Resources/examples/socket_connect.js
04-10 16:42:37.278: D/dalvikvm(1363): GC_CONCURRENT freed 909K, 17% free 11430K/13639K, paused 2ms+5ms
04-10 16:42:37.337: D/TiUIView(1363): (main) [11136,21274] Nativeview is null
04-10 16:42:37.360: V/PhoneStatusBar(203): setLightsOn(true)
04-10 16:42:37.368: D/TiUIView(1363): (main) [31,21305] Nativeview is null
04-10 16:42:37.411: I/ActivityManager(136): Displayed com.appcelerator.titanium/org.appcelerator.titanium.TiActivity: +402ms
04-10 16:42:37.544: D/dalvikvm(297): GC_CONCURRENT freed 1083K, 11% free 10065K/11271K, paused 3ms+4ms
04-10 16:42:44.649: W/TiAnalyticsSvc(1363): (Thread-177) [7280,28585] Analytics Service Started
04-10 16:42:44.669: I/TiAnalyticsSvc(1363): (Thread-177) [20,28605] Sending 2 analytics events.
04-10 16:42:44.716: D/dalvikvm(1363): GC_CONCURRENT freed 88K, 12% free 12016K/13639K, paused 2ms+2ms
04-10 16:42:45.415: W/TiAnalyticsSvc(1363): (Thread-177) [749,29354] Stopping Analytics Service
04-10 16:42:45.681: W/LatinIME(297): Unexpected input class: inputType=0x00080000 imeOptions=0x08000005
04-10 16:42:45.786: D/dalvikvm(297): GC_FOR_ALLOC freed 229K, 10% free 10170K/11271K, paused 20ms
04-10 16:42:45.786: I/dalvikvm-heap(297): Grow heap (frag case) to 10.549MB for 577936-byte allocation
04-10 16:42:45.817: D/dalvikvm(297): GC_CONCURRENT freed 8K, 5% free 10725K/11271K, paused 2ms+2ms
04-10 16:43:01.587: W/LatinIME(297): Unexpected input class: inputType=0x00080000 imeOptions=0x08000005
04-10 16:43:01.692: W/LatinIME(297): Unexpected input class: inputType=0x00080000 imeOptions=0x08000005
04-10 16:43:03.032: D/dalvikvm(297): GC_CONCURRENT freed 551K, 6% free 10671K/11335K, paused 2ms+3ms
04-10 16:43:03.064: D/dalvikvm(136): GC_CONCURRENT freed 3230K, 29% free 12747K/17927K, paused 2ms+29ms
04-10 16:43:22.208: W/System.err(1363): java.net.SocketException: Socket closed
04-10 16:43:22.212: W/System.err(1363): at libcore.io.Posix.recvfromBytes(Native Method)
04-10 16:43:22.212: W/System.err(1363): at libcore.io.Posix.recvfrom(Posix.java:131)
04-10 16:43:22.216: W/System.err(1363): at libcore.io.BlockGuardOs.recvfrom(BlockGuardOs.java:164)
04-10 16:43:22.216: W/System.err(1363): at libcore.io.IoBridge.recvfrom(IoBridge.java:503)
04-10 16:43:22.224: W/System.err(1363): at java.net.PlainSocketImpl.read(PlainSocketImpl.java:488)
04-10 16:43:22.224: W/System.err(1363): at java.net.PlainSocketImpl.access$000(PlainSocketImpl.java:46)
04-10 16:43:22.224: W/System.err(1363): at java.net.PlainSocketImpl$PlainSocketInputStream.read(PlainSocketImpl.java:240)
04-10 16:43:22.224: W/System.err(1363): at org.appcelerator.titanium.util.TiStreamHelper.read(TiStreamHelper.java:27)
04-10 16:43:22.224: W/System.err(1363): at ti.modules.titanium.network.socket.TCPProxy.read(TCPProxy.java:406)
04-10 16:43:22.224: W/System.err(1363): at ti.modules.titanium.stream.StreamModule.pump(StreamModule.java:505)
04-10 16:43:22.224: W/System.err(1363): at ti.modules.titanium.stream.StreamModule.access$400(StreamModule.java:24)
04-10 16:43:22.224: W/System.err(1363): at ti.modules.titanium.stream.StreamModule$5.run(StreamModule.java:486)
04-10 16:43:22.224: W/System.err(1363): at java.lang.Thread.run(Thread.java:856)
04-10 16:46:54.774: I/InputReader(136): Reconfiguring input devices. changes=0x00000004
04-10 16:46:54.774: I/InputReader(136): Device reconfigured: id=7, name='mxt224_ts_input', surface size is now 480x800, mode is 1
04-10 16:46:54.802: I/ActivityManager(136): Config changed: {1.0 310mcc260mnc en_US layoutdir=0 sw320dp w533dp h294dp nrml long land finger -keyb/v/h -nav/h s.9}
04-10 16:46:54.966: D/dalvikvm(203): GC_FOR_ALLOC freed 442K, 15% free 9929K/11655K, paused 18ms
04-10 16:46:54.985: D/dalvikvm(203): GC_FOR_ALLOC freed 200K, 14% free 10032K/11655K, paused 16ms
04-10 16:46:57.192: D/dalvikvm(136): GC_EXPLICIT freed 399K, 30% free 12718K/17927K, paused 24ms+6ms
04-10 16:48:39.810: I/InputReader(136): Reconfiguring input devices. changes=0x00000004
04-10 16:48:39.810: I/InputReader(136): Device reconfigured: id=7, name='mxt224_ts_input', surface size is now 480x800, mode is 1
04-10 16:48:39.868: I/ActivityManager(136): Config changed: {1.0 310mcc260mnc en_US layoutdir=0 sw320dp w320dp h508dp nrml long port finger -keyb/v/h -nav/h s.10}
04-10 16:48:39.950: D/dalvikvm(203): GC_CONCURRENT freed 67K, 12% free 10364K/11655K, paused 3ms+3ms
04-10 16:48:40.114: D/dalvikvm(203): GC_CONCURRENT freed 643K, 14% free 10107K/11655K, paused 2ms+3ms
04-10 16:48:42.286: D/dalvikvm(136): GC_EXPLICIT freed 195K, 30% free 12673K/17927K, paused 23ms+6ms
04-10 16:48:43.474: D/PicasaSyncManager(915): battery info: true
04-10 16:48:43.478: W/PowerUI(203): unknown intent: Intent { act=android.intent.action.ACTION_POWER_CONNECTED flg=0x10000010 }
04-10 16:48:43.692: I/StorageNotification(203): UMS connection changed to true (media state mounted)
04-10 16:48:43.794: I/StorageNotification(203): UMS connection changed to true (media state mounted)
04-10 16:48:43.806: D/dalvikvm(203): GC_CONCURRENT freed 73K, 11% free 10451K/11655K, paused 2ms+3ms
04-10 16:48:43.923: D/dalvikvm(203): GC_CONCURRENT freed 464K, 11% free 10480K/11655K, paused 1ms+3ms
04-10 16:48:44.017: D/dalvikvm(203): GC_CONCURRENT freed 372K, 10% free 10581K/11655K, paused 3ms+3ms
04-10 16:49:36.212: D/AndroidRuntime(1580): >>>>>> AndroidRuntime START com.android.internal.os.RuntimeInit <<<<<<
04-10 16:49:36.212: D/AndroidRuntime(1580): CheckJNI is OFF
04-10 16:49:36.439: D/AndroidRuntime(1580): Calling main entry com.android.commands.pm.Pm
04-10 16:49:36.454: W/ActivityManager(136): No content provider found for permission revoke: file:///data/local/tmp/app.apk
04-10 16:49:36.610: W/ActivityManager(136): No content provider found for permission revoke: file:///data/local/tmp/app.apk
04-10 16:49:36.716: D/dalvikvm(136): GC_CONCURRENT freed 612K, 28% free 12961K/17927K, paused 3ms+5ms
04-10 16:49:36.899: D/dalvikvm(136): GC_CONCURRENT freed 479K, 26% free 13357K/17927K, paused 2ms+4ms
04-10 16:49:37.087: D/dalvikvm(136): GC_CONCURRENT freed 859K, 25% free 13487K/17927K, paused 3ms+5ms
04-10 16:49:37.251: D/dalvikvm(136): GC_CONCURRENT freed 1004K, 25% free 13501K/17927K, paused 3ms+4ms
04-10 16:49:37.411: D/dalvikvm(136): GC_CONCURRENT freed 1014K, 25% free 13508K/17927K, paused 2ms+5ms
04-10 16:49:37.591: D/dalvikvm(136): GC_CONCURRENT freed 1029K, 25% free 13508K/17927K, paused 3ms+5ms
04-10 16:49:37.841: D/dalvikvm(136): GC_CONCURRENT freed 996K, 25% free 13542K/17927K, paused 3ms+5ms
04-10 16:49:40.638: I/PackageManager(136): Removing non-system package:com.appcelerator.titanium
04-10 16:49:40.638: I/ActivityManager(136): Force stopping package com.appcelerator.titanium uid=10009
04-10 16:49:40.642: I/ActivityManager(136): Killing proc 1363:com.appcelerator.titanium/10009: force stop
04-10 16:49:40.642: W/ActivityManager(136): Force removing ActivityRecord{4177ab08 com.appcelerator.titanium/org.appcelerator.titanium.TiActivity}: app died, no saved state
04-10 16:49:40.696: I/ActivityManager(136): Force finishing activity ActivityRecord{41582d18 com.appcelerator.titanium/.KitchensinkActivity}
04-10 16:49:40.731: W/InputDispatcher(136): channel '416acff8 com.appcelerator.titanium/com.appcelerator.titanium.KitchensinkActivity (server)' ~ Consumer closed input channel or an error occurred. events=0x8
04-10 16:49:40.731: E/InputDispatcher(136): channel '416acff8 com.appcelerator.titanium/com.appcelerator.titanium.KitchensinkActivity (server)' ~ Channel is unrecoverably broken and will be disposed!
04-10 16:49:40.735: W/InputDispatcher(136): Attempted to unregister already unregistered input channel '416acff8 com.appcelerator.titanium/com.appcelerator.titanium.KitchensinkActivity (server)'
04-10 16:49:40.735: I/WindowManager(136): WIN DEATH: Window{416acff8 com.appcelerator.titanium/com.appcelerator.titanium.KitchensinkActivity paused=true}
04-10 16:49:40.735: I/ActivityManager(136): Start proc com.appcelerator.titanium for activity com.appcelerator.titanium/org.appcelerator.titanium.TiActivity: pid=1591 uid=10009 gids={1015, 1006, 3003}
04-10 16:49:40.735: I/ActivityManager(136): Force finishing activity ActivityRecord{415ad8e0 com.appcelerator.titanium/ti.modules.titanium.ui.TiTabActivity}
04-10 16:49:40.735: I/WindowManager(136): WIN DEATH: Window{4181b520 com.appcelerator.titanium/org.appcelerator.titanium.TiActivity paused=false}
04-10 16:49:40.739: I/WindowManager(136): WIN DEATH: Window{416b54b8 com.appcelerator.titanium/org.appcelerator.titanium.TiActivity paused=false}
04-10 16:49:40.739: I/WindowManager(136): WIN DEATH: Window{417180f0 com.appcelerator.titanium/ti.modules.titanium.ui.TiTabActivity paused=false}
04-10 16:49:40.743: I/WindowManager(136): WINDOW DIED Window{416acff8 com.appcelerator.titanium/com.appcelerator.titanium.KitchensinkActivity paused=true}
04-10 16:49:40.747: I/dalvikvm(1591): Turning on JNI app bug workarounds for target SDK version 8...
04-10 16:49:40.825: I/ActivityManager(136): Force finishing activity ActivityRecord{416fb4d0 com.appcelerator.titanium/org.appcelerator.titanium.TiActivity}
04-10 16:49:40.880: I/PackageManager(136): Package com.appcelerator.titanium codePath changed from /data/app/com.appcelerator.titanium-1.apk to /data/app/com.appcelerator.titanium-2.apk; Retaining data and using new
04-10 16:49:40.958: D/AndroidRuntime(1591): Shutting down VM
04-10 16:49:40.958: W/dalvikvm(1591): threadid=1: thread exiting with uncaught exception (group=0x40a541f8)
04-10 16:49:40.970: E/AndroidRuntime(1591): FATAL EXCEPTION: main
04-10 16:49:40.970: E/AndroidRuntime(1591): java.lang.RuntimeException: Unable to instantiate application com.appcelerator.titanium.KitchensinkApplication: java.lang.NullPointerException
04-10 16:49:40.970: E/AndroidRuntime(1591): at android.app.LoadedApk.makeApplication(LoadedApk.java:482)
04-10 16:49:40.970: E/AndroidRuntime(1591): at android.app.ActivityThread.handleBindApplication(ActivityThread.java:3938)
04-10 16:49:40.970: E/AndroidRuntime(1591): at android.app.ActivityThread.access$1300(ActivityThread.java:123)
04-10 16:49:40.970: E/AndroidRuntime(1591): at android.app.ActivityThread$H.handleMessage(ActivityThread.java:1185)
04-10 16:49:40.970: E/AndroidRuntime(1591): at android.os.Handler.dispatchMessage(Handler.java:99)
04-10 16:49:40.970: E/AndroidRuntime(1591): at android.os.Looper.loop(Looper.java:137)
04-10 16:49:40.970: E/AndroidRuntime(1591): at android.app.ActivityThread.main(ActivityThread.java:4424)
04-10 16:49:40.970: E/AndroidRuntime(1591): at java.lang.reflect.Method.invokeNative(Native Method)
04-10 16:49:40.970: E/AndroidRuntime(1591): at java.lang.reflect.Method.invoke(Method.java:511)
04-10 16:49:40.970: E/AndroidRuntime(1591): at com.android.internal.os.ZygoteInit$MethodAndArgsCaller.run(ZygoteInit.java:784)
04-10 16:49:40.970: E/AndroidRuntime(1591): at com.android.internal.os.ZygoteInit.main(ZygoteInit.java:551)
04-10 16:49:40.970: E/AndroidRuntime(1591): at dalvik.system.NativeStart.main(Native Method)
04-10 16:49:40.970: E/AndroidRuntime(1591): Caused by: java.lang.NullPointerException
04-10 16:49:40.970: E/AndroidRuntime(1591): at android.app.LoadedApk.initializeJavaContextClassLoader(LoadedApk.java:362)
04-10 16:49:40.970: E/AndroidRuntime(1591): at android.app.LoadedApk.getClassLoader(LoadedApk.java:305)
04-10 16:49:40.970: E/AndroidRuntime(1591): at android.app.LoadedApk.makeApplication(LoadedApk.java:474)
04-10 16:49:40.970: E/AndroidRuntime(1591): ... 11 more
04-10 16:49:41.149: I/PackageManager(136): Running dexopt on: com.appcelerator.titanium
04-10 16:49:41.302: D/dalvikvm(344): GC_FOR_ALLOC freed 3210K, 33% free 11478K/17095K, paused 74ms
04-10 16:49:41.302: I/dalvikvm-heap(344): Grow heap (frag case) to 12.158MB for 925072-byte allocation
04-10 16:49:41.360: D/dalvikvm(344): GC_FOR_ALLOC freed 16K, 28% free 12365K/17095K, paused 41ms
04-10 16:49:41.489: D/dalvikvm(344): GC_CONCURRENT freed 64K, 27% free 12514K/17095K, paused 2ms+12ms
04-10 16:49:41.599: D/dalvikvm(344): GC_FOR_ALLOC freed 25K, 27% free 12494K/17095K, paused 58ms
04-10 16:49:41.606: I/dalvikvm-heap(344): Grow heap (frag case) to 13.494MB for 1286224-byte allocation
04-10 16:49:41.669: D/dalvikvm(344): GC_FOR_ALLOC freed <1K, 20% free 13749K/17095K, paused 46ms
04-10 16:49:41.817: D/dalvikvm(344): GC_CONCURRENT freed 159K, 18% free 14129K/17095K, paused 2ms+4ms
04-10 16:49:42.106: D/dalvikvm(344): GC_FOR_ALLOC freed 2414K, 28% free 12464K/17095K, paused 59ms
04-10 16:49:42.110: I/dalvikvm-heap(344): Grow heap (frag case) to 13.465MB for 1286224-byte allocation
04-10 16:49:42.169: D/dalvikvm(344): GC_FOR_ALLOC freed 2K, 20% free 13718K/17095K, paused 41ms
04-10 16:49:42.294: D/dalvikvm(344): GC_CONCURRENT freed <1K, 20% free 13720K/17095K, paused 3ms+14ms
04-10 16:49:42.415: D/dalvikvm(1603): DexOpt: 'Lorg/apache/commons/codec/binary/Base64;' has an earlier definition; blocking out
04-10 16:49:42.415: D/dalvikvm(1603): DexOpt: 'Lorg/apache/commons/codec/binary/Hex;' has an earlier definition; blocking out
04-10 16:49:42.521: D/dalvikvm(1603): DexOpt: 'Lorg/w3c/dom/UserDataHandler;' has an earlier definition; blocking out
04-10 16:49:42.743: D/dalvikvm(1603): DexOpt: not verifying/optimizing 'Lorg/apache/commons/codec/binary/Base64;': multiple definitions
04-10 16:49:42.743: D/dalvikvm(1603): DexOpt: not verifying/optimizing 'Lorg/apache/commons/codec/binary/Hex;': multiple definitions
04-10 16:49:42.747: I/dalvikvm(1603): DexOpt: not resolving ambiguous class 'Lorg/apache/commons/codec/binary/Hex;'
04-10 16:49:42.978: I/Process(1591): Sending signal. PID: 1591 SIG: 9
04-10 16:49:42.993: I/ActivityManager(136): Process com.appcelerator.titanium (pid 1591) has died.
04-10 16:49:43.028: I/dalvikvm(1603): DexOpt: not resolving ambiguous class 'Lorg/apache/commons/codec/binary/Base64;'
04-10 16:49:43.048: D/dalvikvm(344): GC_FOR_ALLOC freed 2620K, 28% free 12469K/17095K, paused 82ms
04-10 16:49:43.079: W/InputManagerService(136): Got RemoteException sending setActive(false) notification to pid 1363 uid 10009
04-10 16:49:43.126: I/dalvikvm(1603): DexOpt: not resolving ambiguous class 'Lorg/apache/commons/codec/binary/Base64;'
04-10 16:49:43.263: D/dalvikvm(344): GC_FOR_ALLOC freed 1102K, 29% free 12233K/17095K, paused 90ms
04-10 16:49:43.286: D/dalvikvm(136): GC_CONCURRENT freed 1084K, 25% free 13464K/17927K, paused 5ms+34ms
04-10 16:49:43.403: D/dalvikvm(344): GC_FOR_ALLOC freed 1K, 25% free 12988K/17095K, paused 48ms
04-10 16:49:43.407: I/dalvikvm-heap(344): Grow heap (frag case) to 14.412MB for 1742416-byte allocation
04-10 16:49:43.466: D/dalvikvm(344): GC_CONCURRENT freed 0K, 15% free 14690K/17095K, paused 2ms+4ms
04-10 16:49:44.446: D/dalvikvm(1603): DexOpt: not verifying/optimizing 'Lorg/w3c/dom/UserDataHandler;': multiple definitions
04-10 16:49:44.673: I/dalvikvm(1603): DexOpt: not resolving ambiguous class 'Lorg/apache/commons/codec/binary/Hex;'
04-10 16:49:44.903: I/dalvikvm(1603): DexOpt: not resolving ambiguous class 'Lorg/apache/commons/codec/binary/Base64;'
04-10 16:49:44.954: D/dalvikvm(1603): DexOpt: load 263ms, verify+opt 2305ms
04-10 16:49:46.325: I/ActivityManager(136): Force stopping package com.appcelerator.titanium uid=10009
04-10 16:49:46.345: W/PackageManager(136): Code path for pkg : com.appcelerator.titanium changing from /data/app/com.appcelerator.titanium-1.apk to /data/app/com.appcelerator.titanium-2.apk
04-10 16:49:46.345: W/PackageManager(136): Resource path for pkg : com.appcelerator.titanium changing from /data/app/com.appcelerator.titanium-1.apk to /data/app/com.appcelerator.titanium-2.apk
04-10 16:49:46.431: D/PackageManager(136): New package installed in /data/app/com.appcelerator.titanium-2.apk
04-10 16:49:46.849: I/ActivityManager(136): Force stopping package com.appcelerator.titanium uid=10009
04-10 16:49:46.884: I/RegisteredComponentCache(333): ComponentInfo: ResolveInfo{41373fd0 com.android.apps.tag.TagViewer p=0 o=0 m=0x108000}, techs: android.nfc.tech.Ndef,
04-10 16:49:46.927: I/ActivityManager(136): Start proc com.google.android.gallery3d for broadcast com.google.android.gallery3d/com.android.gallery3d.app.PackagesMonitor: pid=1605 uid=10041 gids={3003, 1015}
04-10 16:49:47.013: D/dalvikvm(136): GC_EXPLICIT freed 1204K, 30% free 12627K/17927K, paused 3ms+6ms
04-10 16:49:47.021: D/PackageManager(136): generateServicesMap(android.accounts.AccountAuthenticator): 3 services unchanged
04-10 16:49:47.040: I/ActivityThread(1605): Pub com.google.android.gallery3d.GooglePhotoProvider: com.google.android.picasasync.PicasaContentProvider
04-10 16:49:47.060: D/PackageManager(136): generateServicesMap(android.content.SyncAdapter): 14 services unchanged
04-10 16:49:47.064: D/BackupManagerService(136): Received broadcast Intent { act=android.intent.action.PACKAGE_REMOVED dat=package:com.appcelerator.titanium flg=0x10000010 (has extras) }
04-10 16:49:47.075: D/PackageManager(136): generateServicesMap(android.accounts.AccountAuthenticator): 3 services unchanged
04-10 16:49:47.079: I/RegisteredComponentCache(333): ComponentInfo: ResolveInfo{41375408 com.android.apps.tag.TagViewer p=0 o=0 m=0x108000}, techs: android.nfc.tech.Ndef,
04-10 16:49:47.091: D/PackageManager(136): generateServicesMap(android.content.SyncAdapter): 14 services unchanged
04-10 16:49:47.134: D/BackupManagerService(136): Received broadcast Intent { act=android.intent.action.PACKAGE_ADDED dat=package:com.appcelerator.titanium flg=0x10000010 (has extras) }
04-10 16:49:47.134: V/BackupManagerService(136): updatePackageParticipantsLocked: #1
04-10 16:49:47.212: D/dalvikvm(1605): GC_CONCURRENT freed 421K, 6% free 9113K/9607K, paused 2ms+7ms
04-10 16:49:47.314: I/ActivityThread(1605): Pub com.google.android.gallery3d.provider: com.android.gallery3d.provider.GalleryProvider
04-10 16:49:47.356: D/SyncManager(136): setIsSyncable: Account {name=appcel123@gmail.com, type=com.google}, provider com.google.android.gallery3d.GooglePhotoProvider -> 0
04-10 16:49:47.356: D/SyncManager(136): setIsSyncable: already set to 0, doing nothing
04-10 16:49:47.442: D/dalvikvm(1605): GC_CONCURRENT freed 405K, 6% free 9228K/9735K, paused 2ms+3ms
04-10 16:49:47.567: D/SyncManager(136): setIsSyncable: Account {name=appcel123@gmail.com, type=com.google}, provider com.google.android.gallery3d.GooglePhotoProvider -> 0
04-10 16:49:47.567: D/SyncManager(136): setIsSyncable: already set to 0, doing nothing
04-10 16:49:47.599: I/ActivityManager(136): Start proc com.android.keychain for broadcast com.android.keychain/.KeyChainBroadcastReceiver: pid=1618 uid=1000 gids={1015, 3002, 3001, 3003, 3007}
04-10 16:49:47.677: D/BackupManagerService(136): Received broadcast Intent { act=android.intent.action.PACKAGE_REPLACED dat=package:com.appcelerator.titanium flg=0x10000010 (has extras) }
04-10 16:49:47.677: V/BackupManagerService(136): updatePackageParticipantsLocked: #1
04-10 16:49:47.856: I/ActivityManager(136): Start proc com.google.android.partnersetup for broadcast com.google.android.partnersetup/.RlzPingBroadcastReceiver: pid=1632 uid=10036 gids={3003}
04-10 16:49:47.880: D/dalvikvm(344): GC_FOR_ALLOC freed 4222K, 32% free 11643K/17095K, paused 86ms
04-10 16:49:47.888: I/dalvikvm-heap(344): Grow heap (frag case) to 12.319MB for 925072-byte allocation
04-10 16:49:47.946: D/dalvikvm(344): GC_FOR_ALLOC freed 61K, 27% free 12485K/17095K, paused 44ms
04-10 16:49:48.075: D/dalvikvm(344): GC_CONCURRENT freed 54K, 26% free 12790K/17095K, paused 2ms+5ms
04-10 16:49:48.134: D/dalvikvm(344): GC_FOR_ALLOC freed 1110K, 30% free 12106K/17095K, paused 31ms
04-10 16:49:48.138: I/dalvikvm-heap(344): Grow heap (frag case) to 13.115MB for 1286224-byte allocation
04-10 16:49:48.177: D/dalvikvm(344): GC_FOR_ALLOC freed 3K, 22% free 13358K/17095K, paused 24ms
04-10 16:49:48.243: D/dalvikvm(344): GC_CONCURRENT freed <1K, 22% free 13415K/17095K, paused 2ms+5ms
04-10 16:49:48.380: D/dalvikvm(344): GC_CONCURRENT freed 2020K, 25% free 12850K/17095K, paused 2ms+5ms
04-10 16:49:48.587: I/dalvikvm(344): Jit: resizing JitTable from 4096 to 8192
04-10 16:49:48.665: D/dalvikvm(136): GC_EXPLICIT freed 807K, 30% free 12723K/17927K, paused 29ms+13ms
04-10 16:49:48.716: D/AndroidRuntime(1580): Shutting down VM
04-10 16:49:48.720: D/dalvikvm(1580): GC_CONCURRENT freed 97K, 83% free 451K/2560K, paused 0ms+0ms
04-10 16:49:48.724: I/AndroidRuntime(1580): NOTE: attach of thread 'Binder Thread #3' failed
04-10 16:49:48.755: D/dalvikvm(136): GC_EXPLICIT freed 111K, 30% free 12612K/17927K, paused 3ms+5ms
04-10 16:49:48.771: I/ActivityManager(136): No longer want com.google.android.googlequicksearchbox (pid 1208): hidden #16
04-10 16:49:48.786: I/ActivityThread(1632): Pub com.google.android.partnersetup.rlzprovider: com.google.android.partnersetup.RlzProvider
04-10 16:49:48.790: I/ActivityThread(1632): Pub com.google.android.partnersetup.rlzappprovider: com.google.android.partnersetup.RlzAppProvider
04-10 16:49:48.829: D/SyncManager(136): setIsSyncable: Account {name=appcel123@gmail.com, type=com.google}, provider com.google.android.gallery3d.GooglePhotoProvider -> 0
04-10 16:49:48.829: D/SyncManager(136): setIsSyncable: already set to 0, doing nothing
04-10 16:49:48.888: D/dalvikvm(344): GC_FOR_ALLOC freed 2146K, 32% free 11639K/17095K, paused 59ms
04-10 16:49:48.888: I/dalvikvm-heap(344): Grow heap (frag case) to 12.315MB for 925072-byte allocation
04-10 16:49:48.966: D/dalvikvm(344): GC_CONCURRENT freed 32K, 27% free 12509K/17095K, paused 2ms+5ms
04-10 16:49:49.067: D/dalvikvm(344): GC_FOR_ALLOC freed 87K, 27% free 12596K/17095K, paused 46ms
04-10 16:49:49.075: I/dalvikvm-heap(344): Grow heap (frag case) to 13.594MB for 1286224-byte allocation
04-10 16:49:49.075: I/ActivityManager(136): Start proc com.google.android.apps.maps:FriendService for broadcast com.google.android.apps.maps/com.google.googlenav.friend.android.ServiceReceiver: pid=1649 uid=10027 gids={3003, 1015}
04-10 16:49:49.142: D/dalvikvm(344): GC_FOR_ALLOC freed 2K, 19% free 13850K/17095K, paused 50ms
04-10 16:49:49.185: I/ActivityManager(136): No longer want com.google.android.talk (pid 1500): hidden #16
04-10 16:49:49.259: D/dalvikvm(344): GC_CONCURRENT freed 139K, 17% free 14248K/17095K, paused 2ms+15ms
04-10 16:49:49.353: D/dalvikvm(1649): GC_CONCURRENT freed 170K, 3% free 9364K/9607K, paused 2ms+3ms
04-10 16:49:49.540: I/ActivityManager(136): Start proc com.google.android.googlequicksearchbox for broadcast com.google.android.googlequicksearchbox/.SourceUpdateReceiver: pid=1662 uid=10035 gids={3003}
04-10 16:49:49.544: I/ActivityManager(136): No longer want com.google.android.apps.uploader (pid 1481): hidden #16
04-10 16:49:49.575: I/ActivityThread(1662): Pub com.google.android.googlequicksearchbox.shortcuts: com.google.android.googlequicksearchbox.WebHistoryProvider
04-10 16:49:49.579: I/ActivityThread(1662): Pub com.google.android.googlequicksearchbox.google: com.google.android.googlequicksearchbox.google.GoogleSuggestionProvider
04-10 16:49:49.603: I/QSB.GservicesConfig(1662): Waited 12ms for gservices cache
04-10 16:49:49.626: I/ActivityManager(136): Start proc com.google.android.apps.maps:LocationFriendService for broadcast com.google.android.apps.maps/com.google.googlenav.friend.reporting.LocationReportingIntentReceiver: pid=1676 uid=10027 gids={3003, 1015}
04-10 16:49:49.626: I/ActivityManager(136): No longer want com.android.settings (pid 1539): hidden #16
04-10 16:49:49.743: D/dalvikvm(1676): GC_CONCURRENT freed 175K, 3% free 9359K/9607K, paused 3ms+3ms
04-10 16:49:49.856: D/dalvikvm(1649): GC_CONCURRENT freed 197K, 4% free 9595K/9927K, paused 2ms+16ms
04-10 16:49:49.864: I/System.out(1676): VectorGlobalState: Server:https://mobilemaps.clients.google.com/glm/mmap Type:3
04-10 16:49:49.903: D/dalvikvm(1676): GC_CONCURRENT freed 231K, 4% free 9650K/9991K, paused 2ms+3ms
04-10 16:49:49.954: I/ActivityManager(136): No longer want com.google.android.inputmethod.latin.dictionarypack (pid 1383): hidden #16
04-10 16:49:50.017: D/dalvikvm(344): GC_FOR_ALLOC freed 3698K, 29% free 12146K/17095K, paused 26ms
04-10 16:49:50.091: D/dalvikvm(344): GC_FOR_ALLOC freed 777K, 29% free 12250K/17095K, paused 24ms
04-10 16:49:50.161: D/dalvikvm(344): GC_CONCURRENT freed 590K, 27% free 12607K/17095K, paused 2ms+5ms
04-10 16:49:50.220: D/dalvikvm(344): GC_FOR_ALLOC freed 1058K, 28% free 12372K/17095K, paused 26ms
04-10 16:49:50.274: D/dalvikvm(344): GC_FOR_ALLOC freed 1K, 24% free 13127K/17095K, paused 23ms
04-10 16:49:50.274: I/dalvikvm-heap(344): Grow heap (frag case) to 14.547MB for 1742416-byte allocation
04-10 16:49:50.314: D/dalvikvm(344): GC_CONCURRENT freed 0K, 14% free 14829K/17095K, paused 2ms+5ms
04-10 16:49:54.739: I/ActivityManager(136): START {act=android.intent.action.MAIN cat=[android.intent.category.LAUNCHER] flg=0x10200000 cmp=com.appcelerator.titanium/.KitchensinkActivity} from pid 344
04-10 16:49:54.864: D/dalvikvm(136): GC_CONCURRENT freed 176K, 27% free 13217K/17927K, paused 5ms+4ms
04-10 16:49:54.907: D/dalvikvm(136): GC_FOR_ALLOC freed 8K, 26% free 13336K/17927K, paused 44ms
04-10 16:49:54.911: I/dalvikvm-heap(136): Grow heap (frag case) to 14.416MB for 1382416-byte allocation
04-10 16:49:54.970: D/dalvikvm(136): GC_FOR_ALLOC freed <1K, 19% free 14685K/17927K, paused 43ms
04-10 16:49:55.028: I/ActivityManager(136): Start proc com.appcelerator.titanium for activity com.appcelerator.titanium/.KitchensinkActivity: pid=1694 uid=10009 gids={1015, 1006, 3003}
04-10 16:49:55.071: I/dalvikvm(1694): Turning on JNI app bug workarounds for target SDK version 7...
04-10 16:49:55.138: D/dalvikvm(80): GC_EXPLICIT freed 38K, 4% free 9030K/9347K, paused 2ms+5ms
04-10 16:49:55.173: D/OpenGLRenderer(344): Flushing caches (mode 1)
04-10 16:49:55.196: D/dalvikvm(80): GC_EXPLICIT freed <1K, 4% free 9030K/9347K, paused 4ms+5ms
04-10 16:49:55.224: I/TiApplication(1694): (main) [0,0] checkpoint, app created.
04-10 16:49:55.251: D/dalvikvm(80): GC_EXPLICIT freed <1K, 4% free 9030K/9347K, paused 5ms+4ms
04-10 16:49:55.310: D/dalvikvm(1694): GC_CONCURRENT freed 195K, 3% free 9339K/9607K, paused 2ms+2ms
04-10 16:49:55.368: D/dalvikvm(1694): GC_CONCURRENT freed 290K, 5% free 9453K/9927K, paused 2ms+3ms
04-10 16:49:55.435: D/OpenGLRenderer(344): Flushing caches (mode 0)
04-10 16:49:55.505: D/dalvikvm(1694): GC_CONCURRENT freed 184K, 3% free 9792K/10055K, paused 1ms+4ms
04-10 16:49:55.685: D/dalvikvm(1694): GC_CONCURRENT freed 253K, 4% free 10115K/10439K, paused 2ms+3ms
04-10 16:49:55.700: I/TiApplication(1694): (main) [480,480] Titanium 1.7.5 (2011/11/02 17:00 ab20af7)
04-10 16:49:57.028: I/TiRootActivity(1694): (main) [0,0] checkpoint, on root activity create, savedInstanceState: null
04-10 16:49:57.294: E/TiApplication(1694): (main) [264,264] APP PROXY: [Ti.App]
04-10 16:49:57.302: D/dalvikvm(1694): GC_CONCURRENT freed 549K, 6% free 10134K/10759K, paused 4ms+3ms
04-10 16:49:57.306: D/TiCommonContactsApi(1694): (main) [12,276] Using newer contacts api. Android SDK level: 15
04-10 16:49:57.431: D/dalvikvm(1694): GC_CONCURRENT freed 185K, 4% free 10399K/10759K, paused 3ms+3ms
04-10 16:49:57.481: D/KrollContext(1694): (kroll$1: app://app.js) [178,454] Running evaluated script: file:///android_asset/Resources/app.js
04-10 16:49:57.591: D/dalvikvm(1694): GC_CONCURRENT freed 385K, 5% free 10526K/11015K, paused 2ms+3ms
04-10 16:49:57.962: W/iPhone(1694): (kroll$1: app://app.js) [477,931] UI.iPhone.AnimationStyle.FLIP_FROM_LEFT property isn't supported on Android
04-10 16:49:58.024: I/ActivityManager(136): START {cmp=com.appcelerator.titanium/ti.modules.titanium.ui.TiTabActivity (has extras)} from pid 1694
04-10 16:49:58.071: D/KrollContext(1694): (kroll$1: app://app.js) [110,1041] Running evaluated script: file:///android_asset/Resources/welcome.js
04-10 16:49:58.126: I/TiAPI(1694): (kroll$1: app://app.js) [54,1095] Welcome to Kitchen Sink for Titanium/1.7.5
04-10 16:49:58.126: D/TiAPI(1694): (kroll$1: app://app.js) [2,1097] user agent set to Dalvik/1.6.0 (Linux; U; Android 4.0.4; Nexus S Build/IMM76D) Titanium/1.7.5
04-10 16:49:58.134: D/TiAPI(1694): (kroll$1: app://app.js) [5,1102] locale specific date is 4/10/12
04-10 16:49:58.134: D/TiAPI(1694): (kroll$1: app://app.js) [3,1105] locale specific date (medium) is Apr 10, 2012
04-10 16:49:58.138: D/TiAPI(1694): (kroll$1: app://app.js) [5,1110] locale specific date (long) is April 10, 2012
04-10 16:49:58.146: D/TiAPI(1694): (kroll$1: app://app.js) [5,1115] locale specific time is 4:49 PM
04-10 16:49:58.146: D/TiAPI(1694): (kroll$1: app://app.js) [2,1117] locale specific currency is $12.99
04-10 16:49:58.153: D/TiAPI(1694): (kroll$1: app://app.js) [6,1123] locale specific decimal is 12.99
04-10 16:49:58.153: I/TiAPI(1694): (kroll$1: app://app.js) [1,1124] should be en, was = en
04-10 16:49:58.153: I/TiAPI(1694): (kroll$1: app://app.js) [1,1125] welcome_message = Welcome to Kitchen Sink for Titanium/
04-10 16:49:58.157: I/TiAPI(1694): (kroll$1: app://app.js) [3,1128] should be def, was = def
04-10 16:49:58.157: I/TiAPI(1694): (kroll$1: app://app.js) [0,1128] welcome_message = Welcome to Kitchen Sink for Titanium/
04-10 16:49:58.157: I/TiAPI(1694): (kroll$1: app://app.js) [1,1129] should be def, was = def
04-10 16:49:58.161: I/TiAPI(1694): (kroll$1: app://app.js) [1,1130] should be 1, was = 1
04-10 16:49:58.161: D/dalvikvm(1694): GC_CONCURRENT freed 482K, 5% free 10527K/11079K, paused 2ms+2ms
04-10 16:49:58.161: I/TiAPI(1694): (kroll$1: app://app.js) [2,1132] should be 1.0, was = 1.0
04-10 16:49:58.161: I/TiAPI(1694): (kroll$1: app://app.js) [1,1133] should be hello, was = hello
04-10 16:49:58.161: I/TiAPI(1694): (kroll$1: app://app.js) [0,1133] you should see a list of properties (3 or more) below this line
04-10 16:49:58.165: I/TiAPI(1694): (kroll$1: app://app.js) [0,1133] ---------------------------------------------------------------
04-10 16:49:58.173: I/TiAPI(1694): (kroll$1: app://app.js) [12,1145] win1 property: titleid
04-10 16:49:58.177: I/TiAPI(1694): (kroll$1: app://app.js) [0,1145] win1 property: title
04-10 16:49:58.177: I/TiAPI(1694): (kroll$1: app://app.js) [0,1145] win1 property: className
04-10 16:49:58.177: I/TiAPI(1694): (kroll$1: app://app.js) [1,1146] win1 property: titleImage
04-10 16:49:58.177: I/TiAPI(1694): (kroll$1: app://app.js) [0,1146] win1 property: url
04-10 16:49:58.177: I/TiAPI(1694): (kroll$1: app://app.js) [0,1146] Did you see properties? ^^^^^
04-10 16:49:58.177: I/TiAPI(1694): (kroll$1: app://app.js) [0,1146] ---------------------------------------------------------------
04-10 16:49:58.177: I/TiAPI(1694): (kroll$1: app://app.js) [0,1146] you should see a list of modules (3 or more) below this line
04-10 16:49:58.177: I/TiAPI(1694): (kroll$1: app://app.js) [0,1146] ---------------------------------------------------------------
04-10 16:49:58.177: I/TiAPI(1694): (kroll$1: app://app.js) [2,1148] module: userAgent
04-10 16:49:58.177: I/TiAPI(1694): (kroll$1: app://app.js) [0,1148] module: version
04-10 16:49:58.177: I/TiAPI(1694): (kroll$1: app://app.js) [1,1149] Did you see modules? ^^^^^
04-10 16:49:58.177: I/TiAPI(1694): (kroll$1: app://app.js) [0,1149] ---------------------------------------------------------------
04-10 16:49:58.181: D/KrollContext(1694): (kroll$1: app://app.js) [0,1149] Running evaluated script: file:///android_asset/Resources/examples/version.js
04-10 16:49:58.220: I/TiRootActivity(1694): (main) [0,0] checkpoint, on root activity resume. context = org.appcelerator.titanium.TiContext@4142b2d0
04-10 16:49:58.235: W/TiAnalyticsSvc(1694): (Thread-212) [16,16] Analytics Service Started
04-10 16:49:58.321: D/dalvikvm(1694): GC_FOR_ALLOC freed 180K, 5% free 10610K/11079K, paused 25ms
04-10 16:49:58.337: V/PhoneStatusBar(203): setLightsOn(true)
04-10 16:49:58.341: W/TiTabActivity(1694): (main) [105,121] Notifying TiTabGroup, activity is created
04-10 16:49:58.673: D/dalvikvm(1694): GC_CONCURRENT freed 144K, 3% free 11029K/11271K, paused 2ms+4ms
04-10 16:49:58.716: D/KrollContext(1694): (kroll$2: app://main_windows/base_ui.js) [376,497] Running evaluated script: app://main_windows/base_ui.js
04-10 16:49:58.720: I/TiAnalyticsSvc(1694): (Thread-212) [6,503] Sending 1 analytics events.
04-10 16:49:58.962: D/dalvikvm(1694): GC_CONCURRENT freed 594K, 6% free 11092K/11783K, paused 5ms+3ms
04-10 16:49:59.075: D/KrollContext(1694): (kroll$3: app://main_windows/controls.js) [353,856] Running evaluated script: app://main_windows/controls.js
04-10 16:49:59.267: D/dalvikvm(1694): GC_CONCURRENT freed 578K, 6% free 11160K/11847K, paused 3ms+4ms
04-10 16:49:59.329: I/ActivityManager(136): Displayed com.appcelerator.titanium/ti.modules.titanium.ui.TiTabActivity: +1s102ms (total +18s624ms)
04-10 16:49:59.677: D/dalvikvm(1694): GC_FOR_ALLOC freed 119K, 6% free 11142K/11847K, paused 36ms
04-10 16:49:59.681: I/dalvikvm-heap(1694): Grow heap (frag case) to 11.088MB for 144016-byte allocation
04-10 16:49:59.716: D/dalvikvm(1694): GC_FOR_ALLOC freed 16K, 7% free 11267K/12039K, paused 36ms
04-10 16:50:00.317: W/TiAnalyticsSvc(1694): (Thread-212) [1241,2097] Stopping Analytics Service
04-10 16:50:00.345: I/TiAPI(1694): (kroll$1: app://app.js) [30,2127] tab Controls prevTab = Base UI
04-10 16:50:00.575: W/InputManagerService(136): Starting input on non-focused client com.android.internal.view.IInputMethodClient$Stub$Proxy@417660f8 (uid=10031 pid=344)
04-10 16:50:02.099: D/dalvikvm(1694): GC_CONCURRENT freed 534K, 6% free 11452K/12103K, paused 2ms+4ms
04-10 16:50:02.149: D/KrollContext(1694): (kroll$4: app://main_windows/platform.js) [1804,3931] Running evaluated script: app://main_windows/platform.js
04-10 16:50:02.216: I/TiAPI(1694): (kroll$1: app://app.js) [66,3997] tab blur - new index 1 old index 0
04-10 16:50:03.099: D/dalvikvm(1694): GC_FOR_ALLOC freed 577K, 7% free 11515K/12295K, paused 30ms
04-10 16:50:03.099: I/dalvikvm-heap(1694): Grow heap (frag case) to 11.447MB for 138256-byte allocation
04-10 16:50:03.134: D/dalvikvm(1694): GC_FOR_ALLOC freed 0K, 7% free 11650K/12487K, paused 28ms
04-10 16:50:03.181: D/dalvikvm(1694): GC_FOR_ALLOC freed <1K, 6% free 11785K/12487K, paused 33ms
04-10 16:50:03.216: D/dalvikvm(1694): GC_FOR_ALLOC freed 4K, 7% free 11916K/12679K, paused 29ms
04-10 16:50:03.247: D/dalvikvm(1694): GC_FOR_ALLOC freed 0K, 6% free 12186K/12871K, paused 27ms
04-10 16:50:03.278: D/dalvikvm(1694): GC_FOR_ALLOC freed 0K, 7% free 12456K/13255K, paused 27ms
04-10 16:50:03.278: I/TiAPI(1694): (kroll$1: app://app.js) [1063,5060] tab Platform prevTab = Controls
04-10 16:50:04.587: I/ActivityManager(136): START {cmp=com.appcelerator.titanium/org.appcelerator.titanium.TiActivity (has extras)} from pid 1694
04-10 16:50:04.634: D/KrollContext(1694): (kroll$5: app://examples/sockets.js) [1355,6415] Running evaluated script: app://examples/sockets.js
04-10 16:50:04.716: V/PhoneStatusBar(203): setLightsOn(true)
04-10 16:50:04.755: I/ActivityManager(136): Displayed com.appcelerator.titanium/org.appcelerator.titanium.TiActivity: +128ms
04-10 16:50:19.110: D/dalvikvm(1694): GC_CONCURRENT freed 1930K, 15% free 11671K/13703K, paused 2ms+5ms
04-10 16:50:19.153: I/ActivityManager(136): START {cmp=com.appcelerator.titanium/org.appcelerator.titanium.TiActivity (has extras)} from pid 1694
04-10 16:50:19.185: D/KrollContext(1694): (kroll$6: app://examples/socket_connect.js) [14552,20967] Running evaluated script: app://examples/socket_connect.js
04-10 16:50:19.790: V/PhoneStatusBar(203): setLightsOn(true)
04-10 16:50:19.829: I/ActivityManager(136): Start proc com.google.android.inputmethod.latin.dictionarypack for content provider com.google.android.inputmethod.latin.dictionarypack/.DictionaryProvider: pid=1721 uid=10074 gids={3003, 1015}
04-10 16:50:19.868: I/ActivityManager(136): Displayed com.appcelerator.titanium/org.appcelerator.titanium.TiActivity: +693ms
04-10 16:50:19.888: I/ActivityThread(1721): Pub com.android.inputmethod.latin.dictionarypack: com.google.android.inputmethod.latin.dictionarypack.DictionaryProvider
04-10 16:50:19.919: I/ActivityManager(136): No longer want android.process.media (pid 1408): hidden #16
04-10 16:50:23.239: W/LatinIME(297): Unexpected input class: inputType=0x00080000 imeOptions=0x08000005
04-10 16:50:23.368: D/dalvikvm(297): GC_CONCURRENT freed 899K, 10% free 10217K/11335K, paused 1ms+4ms
04-10 16:50:23.399: D/dalvikvm(297): GC_FOR_ALLOC freed 56K, 11% free 10160K/11335K, paused 30ms
04-10 16:50:23.399: I/dalvikvm-heap(297): Grow heap (frag case) to 10.540MB for 577936-byte allocation
04-10 16:50:23.423: D/dalvikvm(297): GC_FOR_ALLOC freed <1K, 6% free 10725K/11335K, paused 18ms
04-10 16:50:27.118: I/InputReader(136): Reconfiguring input devices. changes=0x00000004
04-10 16:50:27.118: I/InputReader(136): Device reconfigured: id=7, name='mxt224_ts_input', surface size is now 480x800, mode is 1
04-10 16:50:27.208: I/ActivityManager(136): Config changed: {1.0 310mcc260mnc en_US layoutdir=0 sw320dp w533dp h294dp nrml long land finger -keyb/v/h -nav/h s.11}
04-10 16:50:27.435: D/dalvikvm(203): GC_CONCURRENT freed 414K, 10% free 10568K/11655K, paused 3ms+3ms
04-10 16:50:27.485: W/LatinIME(297): Unexpected input class: inputType=0x00080000 imeOptions=0x08000005
04-10 16:50:27.587: D/dalvikvm(203): GC_FOR_ALLOC freed 395K, 11% free 10476K/11655K, paused 41ms
04-10 16:50:27.622: D/dalvikvm(203): GC_FOR_ALLOC freed 183K, 10% free 10596K/11655K, paused 25ms
04-10 16:50:27.626: I/dalvikvm-heap(203): Grow heap (frag case) to 10.710MB for 310416-byte allocation
04-10 16:50:27.704: D/dalvikvm(203): GC_FOR_ALLOC freed <1K, 9% free 10899K/11975K, paused 81ms
04-10 16:50:27.751: D/dalvikvm(297): GC_CONCURRENT freed 1030K, 10% free 10262K/11399K, paused 2ms+3ms
04-10 16:50:27.786: D/dalvikvm(203): GC_FOR_ALLOC freed 181K, 11% free 10718K/11975K, paused 75ms
04-10 16:50:27.786: I/dalvikvm-heap(203): Grow heap (frag case) to 10.829MB for 310416-byte allocation
04-10 16:50:27.821: D/dalvikvm(203): GC_FOR_ALLOC freed <1K, 11% free 11021K/12295K, paused 32ms
04-10 16:50:27.829: D/dalvikvm(297): GC_FOR_ALLOC freed 85K, 11% free 10177K/11399K, paused 40ms
04-10 16:50:27.841: I/dalvikvm-heap(297): Grow heap (frag case) to 10.737MB for 768016-byte allocation
04-10 16:50:27.896: D/dalvikvm(297): GC_CONCURRENT freed <1K, 11% free 10926K/12167K, paused 2ms+5ms
04-10 16:50:30.185: D/dalvikvm(136): GC_EXPLICIT freed 3100K, 29% free 12808K/17927K, paused 11ms+7ms
04-10 16:51:00.110: W/ThrottleService(136): unable to find stats for iface rmnet0
04-10 16:51:47.196: I/InputReader(136): Reconfiguring input devices. changes=0x00000004
04-10 16:51:47.196: I/InputReader(136): Device reconfigured: id=7, name='mxt224_ts_input', surface size is now 480x800, mode is 1
04-10 16:51:47.286: I/ActivityManager(136): Config changed: {1.0 310mcc260mnc en_US layoutdir=0 sw320dp w320dp h508dp nrml long port finger -keyb/v/h -nav/h s.12}
04-10 16:51:47.399: W/LatinIME(297): Unexpected input class: inputType=0x00080000 imeOptions=0x08000005
04-10 16:51:47.653: D/dalvikvm(203): GC_CONCURRENT freed 1288K, 16% free 10389K/12295K, paused 2ms+8ms
04-10 16:51:47.735: D/dalvikvm(297): GC_FOR_ALLOC freed 970K, 16% free 10286K/12167K, paused 83ms
04-10 16:51:47.739: I/dalvikvm-heap(297): Grow heap (frag case) to 10.663MB for 577936-byte allocation
04-10 16:51:47.786: D/dalvikvm(297): GC_CONCURRENT freed 9K, 11% free 10841K/12167K, paused 1ms+3ms
04-10 16:51:49.978: D/dalvikvm(136): GC_EXPLICIT freed 512K, 29% free 12744K/17927K, paused 36ms+5ms
04-10 16:52:06.880: W/LatinIME(297): Unexpected input class: inputType=0x00080000 imeOptions=0x08000005
04-10 16:52:06.989: W/LatinIME(297): Unexpected input class: inputType=0x00080000 imeOptions=0x08000005
04-10 16:52:17.216: W/System.err(1694): java.net.SocketException: Socket closed
04-10 16:52:17.228: W/System.err(1694): at libcore.io.Posix.recvfromBytes(Native Method)
04-10 16:52:17.228: W/System.err(1694): at libcore.io.Posix.recvfrom(Posix.java:131)
04-10 16:52:17.228: W/System.err(1694): at libcore.io.BlockGuardOs.recvfrom(BlockGuardOs.java:164)
04-10 16:52:17.239: W/System.err(1694): at libcore.io.IoBridge.recvfrom(IoBridge.java:503)
04-10 16:52:17.239: W/System.err(1694): at java.net.PlainSocketImpl.read(PlainSocketImpl.java:488)
04-10 16:52:17.239: W/System.err(1694): at java.net.PlainSocketImpl.access$000(PlainSocketImpl.java:46)
04-10 16:52:17.239: W/System.err(1694): at java.net.PlainSocketImpl$PlainSocketInputStream.read(PlainSocketImpl.java:240)
04-10 16:52:17.247: W/System.err(1694): at org.appcelerator.titanium.util.TiStreamHelper.read(TiStreamHelper.java:35)
04-10 16:52:17.247: W/System.err(1694): at ti.modules.titanium.network.socket.TCPProxy.read(TCPProxy.java:404)
04-10 16:52:17.247: W/System.err(1694): at ti.modules.titanium.stream.StreamModule.pump(StreamModule.java:518)
04-10 16:52:17.247: W/System.err(1694): at ti.modules.titanium.stream.StreamModule.access$400(StreamModule.java:27)
04-10 16:52:17.251: W/System.err(1694): at ti.modules.titanium.stream.StreamModule$9.run(StreamModule.java:499)
04-10 16:52:17.255: W/System.err(1694): at java.lang.Thread.run(Thread.java:856)
04-10 16:53:50.954: I/ActivityManager(136): Start proc com.google.android.gm for service com.google.android.gm/.provider.MailSyncAdapterService: pid=1743 uid=10039 gids={3003, 1015}
04-10 16:53:51.005: I/ActivityThread(1743): Pub gmail-ls: com.google.android.gm.provider.MailProvider
04-10 16:53:51.013: I/ActivityThread(1743): Pub com.google.android.gmail.SuggestionProvider: com.google.android.gm.SuggestionsProvider
04-10 16:53:51.017: I/ActivityThread(1743): Pub com.google.android.gm: com.google.android.gm.provider.PublicContentProvider
04-10 16:53:51.267: D/dalvikvm(1743): GC_CONCURRENT freed 212K, 4% free 9276K/9607K, paused 2ms+2ms
04-10 16:53:51.329: I/Gmail(1743): calculateUnknownSyncRationalesAndPurgeInBackground: queueing
04-10 16:53:51.353: I/Gmail(1743): calculateUnknownSyncRationalesAndPurgeInBackground: queueing
04-10 16:53:51.368: I/Gmail(1743): MainSyncRequestProto: lowestBkwdConvoId: 0, highestHandledServerOp: 36098, normalSync: true
04-10 16:53:51.388: I/Gmail(1743): calculateUnknownSyncRationalesAndPurgeInBackground: running
04-10 16:53:51.392: I/Gmail(1743): calculateUnknownSyncRationalesAndPurgeInBackground: running
04-10 16:53:51.458: I/ActivityManager(136): Start proc com.google.android.gsf.login for service com.google.android.gsf.login/com.google.android.gsf.loginservice.GoogleLoginService: pid=1763 uid=10020 gids={3003, 1015, 1007, 2001, 3006}
04-10 16:53:51.548: I/ActivityManager(136): No longer want com.android.defcontainer (pid 1056): hidden #16
04-10 16:53:51.845: D/dalvikvm(1743): GC_CONCURRENT freed 249K, 4% free 9419K/9799K, paused 3ms+3ms
04-10 16:53:52.360: D/dalvikvm(1743): GC_CONCURRENT freed 433K, 6% free 9428K/9991K, paused 1ms+2ms
04-10 16:53:52.450: D/dalvikvm(136): GC_CONCURRENT freed 793K, 29% free 12760K/17927K, paused 3ms+5ms
04-10 16:53:52.509: D/dalvikvm(1743): GC_EXPLICIT freed 43K, 6% free 9439K/9991K, paused 2ms+3ms
04-10 16:53:52.513: I/Gmail(1743): MainSyncRequestProto: lowestBkwdConvoId: 0, highestHandledServerOp: 36160, normalSync: true
04-10 16:53:52.810: D/dalvikvm(273): GC_CONCURRENT freed 354K, 5% free 9694K/10183K, paused 2ms+3ms
04-10 16:53:53.021: D/dalvikvm(1743): GC_EXPLICIT freed 236K, 5% free 9496K/9991K, paused 4ms+6ms
04-10 16:53:53.024: I/Gmail(1743): MainSyncRequestProto: lowestBkwdConvoId: 0, highestHandledServerOp: 36160, normalSync: true
04-10 16:53:53.044: W/Gmail(1743): Scheduling index for 300000 ms from now
04-10 16:53:53.067: I/Gmail(1743): Sending notification intent: Intent { act=android.intent.action.PROVIDER_CHANGED dat=content://gmail-ls/unread/^i (has extras) }
04-10 16:53:53.130: W/Gmail(1743): Showing notification with unreadCount of 215 and unseenCount of 41
04-10 16:53:53.157: I/Gmail(1743): Sending notification intent: Intent { act=android.intent.action.PROVIDER_CHANGED dat=content://gmail-ls/unread/^iim (has extras) }
04-10 16:53:53.251: D/dalvikvm(203): GC_CONCURRENT freed 146K, 14% free 10671K/12295K, paused 2ms+4ms
04-10 16:53:53.341: I/ActivityManager(136): No longer want com.android.keychain (pid 1618): hidden #16
04-10 16:53:53.446: I/ActivityManager(136): Start proc android.process.media for content provider com.android.providers.downloads/.DownloadProvider: pid=1784 uid=10025 gids={1015, 1023, 1024, 2001, 3003, 3007}
04-10 16:53:53.470: I/ActivityManager(136): No longer want com.google.android.partnersetup (pid 1632): hidden #16
04-10 16:53:53.521: I/ActivityThread(1784): Pub media: com.android.providers.media.MediaProvider
04-10 16:53:53.548: D/dalvikvm(203): GC_CONCURRENT freed 607K, 14% free 10602K/12295K, paused 3ms+6ms
04-10 16:53:53.657: I/ActivityThread(1784): Pub downloads: com.android.providers.downloads.DownloadProvider
04-10 16:53:53.673: I/ActivityThread(1784): Pub drm: com.android.providers.drm.DrmProvider
04-10 16:53:53.677: I/DownloadManager(1784): in removeSpuriousFiles
04-10 16:53:53.696: I/DownloadManager(1784): in removeSpuriousFiles, preserving file /mnt/sdcard/download/app.apk
04-10 16:53:53.696: I/DownloadManager(1784): in removeSpuriousFiles, preserving file /data/data/com.android.providers.downloads/cache/metadata.json
04-10 16:53:53.696: I/DownloadManager(1784): in removeSpuriousFiles, preserving file /data/data/com.android.providers.downloads/cache/en_general.htm
04-10 16:53:53.696: I/DownloadManager(1784): in removeSpuriousFiles, preserving file /data/data/com.android.providers.downloads/cache/metadata-1.json
04-10 16:53:53.919: I/DownloadManager(1784): Initiating request for download 71
04-10 16:53:54.083: D/dalvikvm(1784): GC_CONCURRENT freed 270K, 4% free 9200K/9543K, paused 4ms+5ms
04-10 16:53:58.552: D/dalvikvm(1784): GC_CONCURRENT freed 340K, 5% free 9259K/9735K, paused 2ms+3ms
04-10 16:54:08.728: D/dalvikvm(1784): GC_CONCURRENT freed 396K, 6% free 9267K/9799K, paused 4ms+5ms
04-10 16:54:09.884: D/dalvikvm(136): GC_EXPLICIT freed 624K, 29% free 12761K/17927K, paused 6ms+5ms
04-10 16:54:09.903: I/DownloadManager(1784): deleting /data/data/com.android.providers.downloads/cache/downloadfile.apk
04-10 16:54:40.439: D/dalvikvm(1694): GC_CONCURRENT freed 767K, 15% free 11660K/13703K, paused 2ms+4ms
04-10 16:54:41.388: W/System.err(1694): java.net.SocketException: Socket closed
04-10 16:54:41.388: W/System.err(1694): at libcore.io.Posix.recvfromBytes(Native Method)
04-10 16:54:41.392: W/System.err(1694): at libcore.io.Posix.recvfrom(Posix.java:131)
04-10 16:54:41.392: W/System.err(1694): at libcore.io.BlockGuardOs.recvfrom(BlockGuardOs.java:164)
