?:??: W/?(?): --------- beginning of /dev/log/main
04-10 16:09:10.453: I/DEBUG(77): debuggerd: Mar 25 2012 20:01:03
04-10 16:09:10.605: I/Netd(76): Netd 1.0 starting
04-10 16:09:10.605: I/Netd(76): --------- beginning of /dev/log/system
04-10 16:09:10.605: I/Vold(73): Vold 2.1 (the revenge) firing up
04-10 16:09:10.746: D/Vold(73): Volume sdcard state changing -1 (Initializing) -> 0 (No-Media)
04-10 16:09:10.808: D/Vold(73): Volume sdcard state changing 0 (No-Media) -> 2 (Pending)
04-10 16:09:10.808: E/DirectVolume(73): Dv:partAdd: ignoring part_num = 4 (max: 3)
04-10 16:09:10.808: D/Vold(73): Volume sdcard state changing 2 (Pending) -> 1 (Idle-Unmounted)
04-10 16:09:10.808: W/Vold(73): Duplicate state (1)
04-10 16:09:10.808: W/Vold(73): Duplicate state (1)
04-10 16:09:10.808: W/Vold(73): Duplicate state (1)
04-10 16:09:10.808: W/Vold(73): Duplicate state (1)
04-10 16:09:11.242: I/(81): ServiceManager: 0x11ac910
04-10 16:09:11.500: D/AndroidRuntime(80): >>>>>> AndroidRuntime START com.android.internal.os.ZygoteInit <<<<<<
04-10 16:09:11.500: D/AndroidRuntime(80): CheckJNI is OFF
04-10 16:09:11.546: I/SurfaceFlinger(79): SurfaceFlinger is starting
04-10 16:09:11.566: I/SurfaceFlinger(79): SurfaceFlinger's main thread ready to run. Initializing graphics H/W...
04-10 16:09:11.761: I/recovery(118): Recovery image already installed
04-10 16:09:11.777: I/(82): ServiceManager: 0x1fb9958
04-10 16:09:11.789: I/AudioFlinger(82): Loaded primary audio interface from LEGACY Audio HW HAL (audio)
04-10 16:09:11.789: I/AudioFlinger(82): Using 'LEGACY Audio HW HAL' (audio.primary) as the primary audio interface
04-10 16:09:11.796: I/AudioFlinger(82): Loaded a2dp audio interface from A2DP Audio HW HAL (audio)
04-10 16:09:11.796: D/AudioHardwareInterface(82): setMode(NORMAL)
04-10 16:09:11.800: I/CameraService(82): CameraService started (pid=82)
04-10 16:09:11.812: I/AudioFlinger(82): AudioFlinger's thread 0x1fba9a0 ready to run
04-10 16:09:11.816: W/AudioFlinger(82): Thread AudioOut_1 cannot connect to the power manager service
04-10 16:09:11.816: D/AudioHardware(82): AudioStreamOutALSA::setParameters() routing=2
04-10 16:09:11.816: D/AudioHardware(82): ### setVoiceVolume_l
04-10 16:09:11.816: I/AudioPolicyService(82): Loaded audio policy from LEGACY Audio Policy HAL (audio_policy)
04-10 16:09:11.828: D/libEGL(79): loaded /system/lib/egl/libGLES_android.so
04-10 16:09:11.843: D/libEGL(79): loaded /vendor/lib/egl/libEGL_POWERVR_SGX540_120.so
04-10 16:09:11.890: D/libEGL(79): loaded /vendor/lib/egl/libGLESv1_CM_POWERVR_SGX540_120.so
04-10 16:09:11.906: D/libEGL(79): loaded /vendor/lib/egl/libGLESv2_POWERVR_SGX540_120.so
04-10 16:09:11.949: I/SurfaceFlinger(79): EGL informations:
04-10 16:09:11.949: I/SurfaceFlinger(79): # of configs : 30
04-10 16:09:11.949: I/SurfaceFlinger(79): vendor : Android
04-10 16:09:11.949: I/SurfaceFlinger(79): version : 1.4 Android META-EGL
04-10 16:09:11.949: I/SurfaceFlinger(79): extensions: EGL_KHR_image EGL_KHR_image_base EGL_KHR_image_base EGL_KHR_gl_texture_2D_image EGL_KHR_gl_texture_cubemap_image EGL_KHR_gl_renderbuffer_image EGL_KHR_fence_sync EGL_ANDROID_image_native_buffer EGL_ANDROID_image_native_buffer
04-10 16:09:11.949: I/SurfaceFlinger(79): Client API: OpenGL ES
04-10 16:09:11.949: I/SurfaceFlinger(79): EGLSurface: 8-8-8-8, config=0x1
04-10 16:09:11.949: I/SurfaceFlinger(79): OpenGL informations:
04-10 16:09:11.949: I/SurfaceFlinger(79): vendor : Imagination Technologies
04-10 16:09:11.949: I/SurfaceFlinger(79): renderer : PowerVR SGX 540
04-10 16:09:11.949: I/SurfaceFlinger(79): version : OpenGL ES-CM 1.1
04-10 16:09:11.949: I/SurfaceFlinger(79): extensions: GL_OES_byte_coordinates GL_OES_fixed_point GL_OES_single_precision GL_OES_matrix_get GL_OES_read_format GL_OES_compressed_paletted_texture GL_OES_point_sprite GL_OES_point_size_array GL_OES_matrix_palette GL_OES_draw_texture GL_OES_query_matrix GL_OES_texture_env_crossbar GL_OES_texture_mirrored_repeat GL_OES_texture_cube_map GL_OES_blend_subtract GL_OES_blend_func_separate GL_OES_blend_equation_separate GL_OES_stencil_wrap GL_OES_extended_matrix_palette GL_OES_framebuffer_object GL_OES_rgb8_rgba8 GL_OES_depth24 GL_OES_stencil8 GL_OES_compressed_ETC1_RGB8_texture GL_OES_mapbuffer GL_OES_EGL_image GL_OES_EGL_image_external GL_EXT_multi_draw_arrays GL_OES_required_internalformat GL_IMG_read_format GL_IMG_texture_compression_pvrtc GL_IMG_texture_format_BGRA8888 GL_EXT_texture_format_BGRA8888 GL_OES_egl_sync GL_IMG_vertex_array_object
04-10 16:09:11.949: I/SurfaceFlinger(79): GL_MAX_TEXTURE_SIZE = 2048
04-10 16:09:11.949: I/SurfaceFlinger(79): GL_MAX_VIEWPORT_DIMS = 2048 x 2048
04-10 16:09:11.949: I/SurfaceFlinger(79): flags = 00010000
04-10 16:09:11.964: I/hwcomposer(79): int hwc_device_open(const hw_module_t*, const char*, hw_device_t**)::win-0 add[0] 4b7af000
04-10 16:09:11.964: I/hwcomposer(79): int hwc_device_open(const hw_module_t*, const char*, hw_device_t**)::win-0 add[1] 4b926000
04-10 16:09:11.964: I/hwcomposer(79): int hwc_device_open(const hw_module_t*, const char*, hw_device_t**)::win-0 add[2] 4ba9d000
04-10 16:09:11.964: D/hwcomposer(79): int hwc_device_open(const hw_module_t*, const char*, hw_device_t**):: success
04-10 16:09:12.113: D/libEGL(123): loaded /system/lib/egl/libGLES_android.so
04-10 16:09:12.117: D/libEGL(123): loaded /vendor/lib/egl/libEGL_POWERVR_SGX540_120.so
04-10 16:09:12.132: D/libEGL(123): loaded /vendor/lib/egl/libGLESv1_CM_POWERVR_SGX540_120.so
04-10 16:09:12.144: D/libEGL(123): loaded /vendor/lib/egl/libGLESv2_POWERVR_SGX540_120.so
04-10 16:09:12.949: I/SamplingProfilerIntegration(80): Profiling disabled.
04-10 16:09:12.972: I/Zygote(80): Preloading classes...
04-10 16:09:12.984: D/dalvikvm(80): GC_EXPLICIT freed 36K, 85% free 408K/2560K, paused 0ms+0ms
04-10 16:09:13.027: D/dalvikvm(80): GC_EXPLICIT freed 4K, 82% free 473K/2560K, paused 0ms+0ms
04-10 16:09:13.082: D/dalvikvm(80): GC_EXPLICIT freed 20K, 81% free 509K/2560K, paused 1ms+0ms
04-10 16:09:13.140: D/dalvikvm(80): GC_EXPLICIT freed 27K, 80% free 536K/2560K, paused 0ms+1ms
04-10 16:09:13.179: D/dalvikvm(80): GC_EXPLICIT freed 15K, 78% free 576K/2560K, paused 0ms+0ms
04-10 16:09:13.292: D/dalvikvm(80): GC_EXPLICIT freed 27K, 77% free 603K/2560K, paused 1ms+0ms
04-10 16:09:13.472: D/dalvikvm(80): GC_EXPLICIT freed 30K, 76% free 635K/2560K, paused 0ms+0ms
04-10 16:09:13.511: D/TextLayoutCache(80): Using debug level: 0 - Debug Enabled: 0
04-10 16:09:13.527: W/Zygote(80): Class not found for preloading: android.media.AudioManager$2
04-10 16:09:13.640: I/dalvikvm(80): threadid=1: recursive native library load attempt (/system/lib/libmedia_jni.so)
04-10 16:09:13.644: D/MtpDeviceJNI(80): register_android_mtp_MtpDevice
04-10 16:09:13.644: I/dalvikvm(80): threadid=1: recursive native library load attempt (/system/lib/libmedia_jni.so)
04-10 16:09:13.664: I/dalvikvm(80): threadid=1: recursive native library load attempt (/system/lib/libmedia_jni.so)
04-10 16:09:13.675: W/Zygote(80): Class not found for preloading: android.media.IRemoteControlClientDispatcher
04-10 16:09:13.675: W/Zygote(80): Class not found for preloading: android.media.IRemoteControlClientDispatcher$Stub
04-10 16:09:13.707: D/dalvikvm(80): GC_EXPLICIT freed 20K, 74% free 672K/2560K, paused 13ms+0ms
04-10 16:09:13.953: D/dalvikvm(80): GC_FOR_ALLOC freed 217K, 63% free 967K/2560K, paused 8ms
04-10 16:09:14.035: D/dalvikvm(80): GC_EXPLICIT freed 44K, 61% free 1023K/2560K, paused 1ms+2ms
04-10 16:09:14.164: D/dalvikvm(80): GC_EXPLICIT freed 27K, 59% free 1052K/2560K, paused 0ms+1ms
04-10 16:09:14.410: D/dalvikvm(80): GC_EXPLICIT freed 8K, 58% free 1100K/2560K, paused 1ms+1ms
04-10 16:09:14.464: D/dalvikvm(80): GC_EXPLICIT freed 23K, 55% free 1166K/2560K, paused 1ms+4ms
04-10 16:09:14.578: D/dalvikvm(80): GC_EXPLICIT freed 48K, 44% free 1444K/2560K, paused 1ms+4ms
04-10 16:09:14.589: W/Zygote(80): Class not found for preloading: android.text.TextDirectionHeuristics$CharCount
04-10 16:09:14.609: W/Zygote(80): Class not found for preloading: android.text.method.WordIterator$1
04-10 16:09:14.648: D/dalvikvm(80): GC_EXPLICIT freed 35K, 43% free 1479K/2560K, paused 1ms+2ms
04-10 16:09:14.718: D/dalvikvm(80): GC_EXPLICIT freed 32K, 42% free 1501K/2560K, paused 1ms+3ms
04-10 16:09:15.074: I/dalvikvm(80): threadid=1: recursive native library load attempt (/system/lib/libwebcore.so)
04-10 16:09:15.074: D/dalvikvm(80): No JNI_OnLoad found in /system/lib/libchromium_net.so 0x0, skipping init
04-10 16:09:15.117: D/dalvikvm(80): GC_EXPLICIT freed 26K, 40% free 1550K/2560K, paused 1ms+1ms
04-10 16:09:15.207: W/Zygote(80): Class not found for preloading: android.widget.EdgeGlow
04-10 16:09:15.281: D/dalvikvm(80): GC_EXPLICIT freed 25K, 39% free 1579K/2560K, paused 1ms+5ms
04-10 16:09:15.441: D/dalvikvm(80): GC_EXPLICIT freed 71K, 37% free 1624K/2560K, paused 2ms+1ms
04-10 16:09:15.457: E/PhonePolicy(80): Could not preload class for phone policy: com.android.internal.policy.impl.PhoneWindow$ContextMenuCallback
04-10 16:09:15.539: D/dalvikvm(80): GC_EXPLICIT freed 33K, 36% free 1646K/2560K, paused 7ms+2ms
04-10 16:09:15.589: D/dalvikvm(80): GC_EXPLICIT freed 28K, 35% free 1674K/2560K, paused 1ms+17ms
04-10 16:09:15.667: D/dalvikvm(80): GC_EXPLICIT freed 26K, 34% free 1705K/2560K, paused 1ms+1ms
04-10 16:09:15.753: D/dalvikvm(80): GC_EXPLICIT freed 32K, 33% free 1730K/2560K, paused 4ms+15ms
04-10 16:09:15.808: D/dalvikvm(80): GC_EXPLICIT freed 31K, 32% free 1758K/2560K, paused 2ms+1ms
04-10 16:09:15.886: D/dalvikvm(80): GC_EXPLICIT freed 71K, 30% free 1814K/2560K, paused 1ms+5ms
04-10 16:09:15.910: D/dalvikvm(80): GC_EXPLICIT freed 39K, 29% free 1830K/2560K, paused 1ms+1ms
04-10 16:09:16.757: I/System(80): Loaded time zone names for in 804ms (800ms in ICU)
04-10 16:09:17.339: I/System(80): Loaded time zone names for en_US in 581ms (569ms in ICU)
04-10 16:09:17.382: D/dalvikvm(80): GC_EXPLICIT freed 324K, 24% free 1947K/2560K, paused 1ms+1ms
04-10 16:09:17.406: D/dalvikvm(80): GC_EXPLICIT freed 15K, 22% free 2008K/2560K, paused 2ms+2ms
04-10 16:09:17.503: D/dalvikvm(80): GC_EXPLICIT freed 51K, 21% free 2040K/2560K, paused 1ms+1ms
04-10 16:09:17.574: D/dalvikvm(80): GC_EXPLICIT freed 28K, 20% free 2071K/2560K, paused 2ms+2ms
04-10 16:09:17.605: D/dalvikvm(80): GC_EXPLICIT freed 38K, 19% free 2088K/2560K, paused 1ms+2ms
04-10 16:09:17.667: D/dalvikvm(80): GC_EXPLICIT freed 32K, 18% free 2110K/2560K, paused 1ms+1ms
04-10 16:09:17.687: I/Zygote(80): ...preloaded 2297 classes in 4713ms.
04-10 16:09:17.703: D/dalvikvm(80): GC_EXPLICIT freed 22K, 18% free 2115K/2560K, paused 2ms+1ms
04-10 16:09:17.703: I/Zygote(80): Preloading resources...
04-10 16:09:17.753: D/dalvikvm(80): GC_EXPLICIT freed 1K, 15% free 2199K/2560K, paused 1ms+6ms
04-10 16:09:17.800: D/dalvikvm(80): GC_EXPLICIT freed 1K, 12% free 2268K/2560K, paused 13ms+2ms
04-10 16:09:17.828: D/dalvikvm(80): GC_EXPLICIT freed 1K, 9% free 2336K/2560K, paused 1ms+1ms
04-10 16:09:17.902: D/dalvikvm(80): GC_EXPLICIT freed 1K, 7% free 2388K/2560K, paused 1ms+1ms
04-10 16:09:17.925: D/dalvikvm(80): GC_EXPLICIT freed 2K, 8% free 2435K/2627K, paused 2ms+2ms
04-10 16:09:17.988: D/dalvikvm(80): GC_EXPLICIT freed 2K, 8% free 2496K/2691K, paused 2ms+10ms
04-10 16:09:18.019: D/dalvikvm(80): GC_EXPLICIT freed 2K, 6% free 2548K/2691K, paused 2ms+1ms
04-10 16:09:18.054: D/dalvikvm(80): GC_EXPLICIT freed 2K, 6% free 2602K/2755K, paused 1ms+17ms
04-10 16:09:18.105: D/dalvikvm(80): GC_EXPLICIT freed 2K, 6% free 2656K/2819K, paused 2ms+1ms
04-10 16:09:18.128: D/dalvikvm(80): GC_EXPLICIT freed 3K, 6% free 2713K/2883K, paused 1ms+2ms
04-10 16:09:18.207: D/dalvikvm(80): GC_EXPLICIT freed 2K, 7% free 2764K/2947K, paused 2ms+2ms
04-10 16:09:18.230: D/dalvikvm(80): GC_EXPLICIT freed 2K, 5% free 2820K/2947K, paused 1ms+1ms
04-10 16:09:18.285: D/dalvikvm(80): GC_EXPLICIT freed 2K, 5% free 2872K/3011K, paused 1ms+7ms
04-10 16:09:18.320: D/dalvikvm(80): GC_EXPLICIT freed 3K, 5% free 2927K/3075K, paused 5ms+2ms
04-10 16:09:18.339: D/dalvikvm(80): GC_EXPLICIT freed 2K, 5% free 2983K/3139K, paused 1ms+2ms
04-10 16:09:18.410: D/dalvikvm(80): GC_EXPLICIT freed 2K, 6% free 3032K/3203K, paused 14ms+2ms
04-10 16:09:18.433: D/dalvikvm(80): GC_EXPLICIT freed 2K, 4% free 3086K/3203K, paused 2ms+2ms
04-10 16:09:18.496: D/dalvikvm(80): GC_EXPLICIT freed 2K, 4% free 3144K/3267K, paused 1ms+1ms
04-10 16:09:18.523: D/dalvikvm(80): GC_EXPLICIT freed 2K, 5% free 3192K/3331K, paused 4ms+2ms
04-10 16:09:18.578: D/dalvikvm(80): GC_EXPLICIT freed 2K, 4% free 3266K/3395K, paused 1ms+9ms
04-10 16:09:18.621: D/dalvikvm(80): GC_EXPLICIT freed 1K, 4% free 3336K/3459K, paused 1ms+2ms
04-10 16:09:18.644: D/dalvikvm(80): GC_EXPLICIT freed 1K, 4% free 3390K/3523K, paused 2ms+2ms
04-10 16:09:18.722: D/dalvikvm(80): GC_EXPLICIT freed 2K, 4% free 3446K/3587K, paused 2ms+1ms
04-10 16:09:18.746: D/dalvikvm(80): GC_EXPLICIT freed 2K, 5% free 3503K/3651K, paused 2ms+2ms
04-10 16:09:18.812: D/dalvikvm(80): GC_EXPLICIT freed 2K, 3% free 3559K/3651K, paused 1ms+5ms
04-10 16:09:18.835: D/dalvikvm(80): GC_EXPLICIT freed 5K, 3% free 3611K/3715K, paused 1ms+1ms
04-10 16:09:18.890: D/dalvikvm(80): GC_EXPLICIT freed 2K, 3% free 3668K/3779K, paused 1ms+2ms
04-10 16:09:18.933: D/dalvikvm(80): GC_EXPLICIT freed 4K, 4% free 3721K/3843K, paused 1ms+1ms
04-10 16:09:18.953: D/dalvikvm(80): GC_EXPLICIT freed 2K, 2% free 3774K/3843K, paused 2ms+1ms
04-10 16:09:19.019: D/dalvikvm(80): GC_EXPLICIT freed 2K, 3% free 3829K/3907K, paused 16ms+4ms
04-10 16:09:19.058: D/dalvikvm(80): GC_EXPLICIT freed 10K, 2% free 3931K/3971K, paused 1ms+1ms
04-10 16:09:19.128: D/dalvikvm(80): GC_EXPLICIT freed 6K, 3% free 4009K/4099K, paused 1ms+1ms
04-10 16:09:19.152: D/dalvikvm(80): GC_EXPLICIT freed 3K, 3% free 4074K/4163K, paused 2ms+1ms
04-10 16:09:19.218: D/dalvikvm(80): GC_EXPLICIT freed 2K, 1% free 4125K/4163K, paused 2ms+5ms
04-10 16:09:19.250: D/dalvikvm(80): GC_EXPLICIT freed 3K, 2% free 4209K/4291K, paused 1ms+3ms
04-10 16:09:19.312: D/dalvikvm(80): GC_EXPLICIT freed 3K, 2% free 4293K/4355K, paused 1ms+2ms
04-10 16:09:19.343: D/dalvikvm(80): GC_EXPLICIT freed 4K, 1% free 4343K/4355K, paused 2ms+1ms
04-10 16:09:19.390: D/dalvikvm(80): GC_EXPLICIT freed 2K, 1% free 4395K/4419K, paused 2ms+1ms
04-10 16:09:19.437: D/dalvikvm(80): GC_EXPLICIT freed 1K, 1% free 4465K/4483K, paused 1ms+1ms
04-10 16:09:19.457: D/dalvikvm(80): GC_EXPLICIT freed 1K, 2% free 4557K/4611K, paused 2ms+2ms
04-10 16:09:19.527: D/dalvikvm(80): GC_EXPLICIT freed <1K, 2% free 5178K/5251K, paused 1ms+1ms
04-10 16:09:19.550: D/dalvikvm(80): GC_EXPLICIT freed 2K, 1% free 5238K/5251K, paused 1ms+2ms
04-10 16:09:19.621: D/dalvikvm(80): GC_EXPLICIT freed 4K, 1% free 5289K/5315K, paused 2ms+2ms
04-10 16:09:19.644: D/dalvikvm(80): GC_EXPLICIT freed 1K, 1% free 5347K/5379K, paused 2ms+1ms
04-10 16:09:19.699: D/dalvikvm(80): GC_EXPLICIT freed <1K, 1% free 5402K/5443K, paused 1ms+1ms
04-10 16:09:19.734: D/dalvikvm(80): GC_EXPLICIT freed <1K, 1% free 5458K/5507K, paused 9ms+1ms
04-10 16:09:19.804: D/dalvikvm(80): GC_EXPLICIT freed 6K, 2% free 5894K/5955K, paused 2ms+10ms
04-10 16:09:19.835: D/dalvikvm(80): GC_EXPLICIT freed 5K, 1% free 5994K/6019K, paused 5ms+1ms
04-10 16:09:19.886: D/dalvikvm(80): GC_EXPLICIT freed 3K, 1% free 6045K/6083K, paused 1ms+1ms
04-10 16:09:19.937: D/dalvikvm(80): GC_EXPLICIT freed 5K, 2% free 7079K/7171K, paused 2ms+2ms
04-10 16:09:20.015: D/dalvikvm(80): GC_EXPLICIT freed 2K, 2% free 8103K/8259K, paused 17ms+2ms
04-10 16:09:20.042: D/dalvikvm(80): GC_EXPLICIT freed 3K, 2% free 8165K/8259K, paused 2ms+2ms
04-10 16:09:20.113: D/dalvikvm(80): GC_EXPLICIT freed 3K, 1% free 8218K/8259K, paused 1ms+2ms
04-10 16:09:20.160: D/dalvikvm(80): GC_EXPLICIT freed 4K, 1% free 8265K/8323K, paused 1ms+2ms
04-10 16:09:20.214: D/dalvikvm(80): GC_EXPLICIT freed 4K, 1% free 8315K/8323K, paused 10ms+2ms
04-10 16:09:20.261: D/dalvikvm(80): GC_EXPLICIT freed 3K, 1% free 8362K/8387K, paused 2ms+2ms
04-10 16:09:20.308: D/dalvikvm(80): GC_EXPLICIT freed 3K, 1% free 8419K/8451K, paused 10ms+2ms
04-10 16:09:20.371: D/dalvikvm(80): GC_EXPLICIT freed 2K, 1% free 8485K/8515K, paused 2ms+14ms
04-10 16:09:20.406: D/dalvikvm(80): GC_EXPLICIT freed 1K, 1% free 8553K/8579K, paused 1ms+2ms
04-10 16:09:20.449: D/dalvikvm(80): GC_EXPLICIT freed 1K, 1% free 8619K/8643K, paused 1ms+1ms
04-10 16:09:20.500: D/dalvikvm(80): GC_EXPLICIT freed 3K, 1% free 8670K/8707K, paused 2ms+2ms
04-10 16:09:20.527: D/dalvikvm(80): GC_EXPLICIT freed 3K, 1% free 8720K/8771K, paused 1ms+2ms
04-10 16:09:20.554: D/dalvikvm(80): GC_EXPLICIT freed 3K, 1% free 8769K/8835K, paused 2ms+2ms
04-10 16:09:20.582: D/dalvikvm(80): GC_EXPLICIT freed 2K, 1% free 8818K/8835K, paused 1ms+2ms
04-10 16:09:20.601: D/dalvikvm(80): GC_EXPLICIT freed 1K, 1% free 8868K/8899K, paused 1ms+2ms
04-10 16:09:20.628: D/dalvikvm(80): GC_EXPLICIT freed 1K, 1% free 8963K/9027K, paused 1ms+2ms
04-10 16:09:20.664: D/dalvikvm(80): GC_EXPLICIT freed 6K, 1% free 9026K/9091K, paused 1ms+2ms
04-10 16:09:20.667: I/Zygote(80): ...preloaded 379 resources in 2961ms.
04-10 16:09:20.675: I/Zygote(80): ...preloaded 31 resources in 9ms.
04-10 16:09:20.695: D/dalvikvm(80): GC_EXPLICIT freed 25K, 1% free 9027K/9091K, paused 2ms+2ms
04-10 16:09:20.722: D/dalvikvm(80): GC_EXPLICIT freed 9K, 1% free 9018K/9091K, paused 2ms+2ms
04-10 16:09:20.742: D/dalvikvm(80): GC_EXPLICIT freed <1K, 1% free 9018K/9091K, paused 1ms+3ms
04-10 16:09:20.753: I/dalvikvm(80): System server process 136 has been created
04-10 16:09:20.757: I/Zygote(80): Accepting command socket connections
04-10 16:09:20.859: I/sysproc(136): Entered system_init()
04-10 16:09:20.859: I/sysproc(136): ServiceManager: 0xc6f8e0
04-10 16:09:20.859: D/SensorService(136): nuSensorService starting...
04-10 16:09:20.929: E/AKMD2(136): libkam : Unable to load settings file, using defaults.
04-10 16:09:20.980: I/SensorService(136): KR3DM 3-axis Accelerometer
04-10 16:09:20.980: I/SensorService(136): AK8973 3-axis Magnetic field sensor
04-10 16:09:20.980: I/SensorService(136): AK8973 Orientation sensor
04-10 16:09:20.984: I/SensorService(136): GP2A Light sensor
04-10 16:09:20.984: I/SensorService(136): GP2A Proximity sensor
04-10 16:09:20.984: I/SensorService(136): K3G Gyroscope sensor
04-10 16:09:20.984: I/sysproc(136): System server: starting Android runtime.
04-10 16:09:20.984: I/sysproc(136): System server: starting Android services.
04-10 16:09:20.984: I/SystemServer(136): Entered the Android system server!
04-10 16:09:20.988: D/SensorService(136): nuSensorService thread starting...
04-10 16:09:20.988: I/sysproc(136): System server: entering thread pool.
04-10 16:09:20.992: I/SystemServer(136): Entropy Service
04-10 16:09:21.042: I/SystemServer(136): Power Manager
04-10 16:09:21.050: I/SystemServer(136): Activity Manager
04-10 16:09:21.093: I/ActivityManager(136): Memory class: 48
04-10 16:09:21.187: D/dalvikvm(136): GC_CONCURRENT freed 187K, 3% free 9351K/9607K, paused 3ms+2ms
04-10 16:09:21.222: I/SystemServer(136): Telephony Registry
04-10 16:09:21.222: I/SystemServer(136): Package Manager
04-10 16:09:21.683: D/dalvikvm(136): GC_CONCURRENT freed 499K, 6% free 9415K/9991K, paused 9ms+2ms
04-10 16:09:21.832: D/dalvikvm(136): GC_CONCURRENT freed 380K, 5% free 9540K/9991K, paused 3ms+4ms
04-10 16:09:22.226: W/PackageParser(136): No actions in intent filter at /system/app/Bluetooth.apk Binary XML file line #125
04-10 16:09:22.285: D/dalvikvm(136): GC_CONCURRENT freed 263K, 4% free 9756K/10119K, paused 4ms+2ms
04-10 16:09:22.468: W/PackageParser(136): No actions in intent filter at /system/app/Contacts.apk Binary XML file line #525
04-10 16:09:23.089: D/dalvikvm(136): GC_CONCURRENT freed 167K, 3% free 10061K/10311K, paused 7ms+3ms
04-10 16:09:23.105: W/PackageParser(136): Unknown element under : supports-gl-texture at /system/app/GoogleEarth.apk Binary XML file line #32
04-10 16:09:23.152: W/ResourceType(136): Failure getting entry for 0x7f02004b (t=1 e=75) in package 0 (error -75)
04-10 16:09:23.664: D/dalvikvm(136): GC_CONCURRENT freed 202K, 3% free 10432K/10695K, paused 3ms+4ms
04-10 16:09:23.757: W/PackageManager(136): Permission com.google.android.googleapps.permission.GOOGLE_MAIL_SWITCH from package com.google.android.gsf.login ignored: original from com.google.android.gsf
04-10 16:09:23.757: W/PackageManager(136): Permission com.google.android.googleapps.permission.ACCESS_GOOGLE_PASSWORD from package com.google.android.gsf.login ignored: original from com.google.android.gsf
04-10 16:09:24.351: D/dalvikvm(136): GC_CONCURRENT freed 244K, 3% free 10685K/11015K, paused 8ms+4ms
04-10 16:09:25.023: D/dalvikvm(136): GC_CONCURRENT freed 217K, 3% free 10879K/11207K, paused 4ms+3ms
04-10 16:09:25.027: W/ResourceType(136): Failure getting entry for 0x7f0d001e (t=12 e=30) in package 0 (error -75)
04-10 16:09:25.699: D/PackageManager(136): No files in app dir /vendor/app
04-10 16:09:25.699: I/installd(84): new connection
04-10 16:09:25.699: I/Installer(136): connecting...
04-10 16:09:25.785: W/PackageManager(136): Package com.metago.astro desires unavailable shared library com.kyocera.dualscreen; ignoring!
04-10 16:09:25.816: D/dalvikvm(136): GC_CONCURRENT freed 240K, 3% free 11078K/11399K, paused 2ms+5ms
04-10 16:09:26.945: I/PackageManager(136): Time to scan packages: 5.021 seconds
04-10 16:09:26.953: W/PackageManager(136): Unknown permission android.permission.ADD_SYSTEM_SERVICE in package com.android.phone
04-10 16:09:26.957: W/PackageManager(136): Unknown permission com.android.smspush.WAPPUSH_MANAGER_BIND in package com.android.phone
04-10 16:09:26.960: W/PackageManager(136): Unknown permission com.android.vending.billing.IBillingAccountService.BIND2 in package com.google.android.gsf.login
04-10 16:09:26.964: W/PackageManager(136): Not granting permission android.permission.SEND_DOWNLOAD_COMPLETED_INTENTS to package com.android.browser (protectionLevel=2 flags=0x9be45)
04-10 16:09:26.968: W/PackageManager(136): Not granting permission android.permission.DEVICE_POWER to package com.google.android.deskclock (protectionLevel=2 flags=0x8be45)
04-10 16:09:26.968: W/PackageManager(136): Unknown permission android.permission.READ_OWNER_DATA in package com.google.android.setupwizard
04-10 16:09:26.968: W/PackageManager(136): Unknown permission android.permission.WRITE_OWNER_DATA in package com.google.android.setupwizard
04-10 16:09:26.972: W/PackageManager(136): Not granting permission com.google.android.gm.permission.READ_GMAIL to package com.google.android.apps.uploader (protectionLevel=2 flags=0x8be45)
04-10 16:09:26.976: W/PackageManager(136): Unknown permission android.permission.READ_EXTERNAL_STORAGE in package com.android.vending
04-10 16:09:26.976: W/PackageManager(136): Not granting permission android.permission.SEND_DOWNLOAD_COMPLETED_INTENTS to package com.android.vending (protectionLevel=2 flags=0xabe45)
04-10 16:09:26.976: W/PackageManager(136): Unknown permission android.webkit.permission.PLUGIN in package com.adobe.flashplayer
04-10 16:09:26.980: W/PackageManager(136): Not granting permission android.permission.ACCOUNT_MANAGER to package com.google.android.music (protectionLevel=2 flags=0x8be65)
04-10 16:09:26.984: W/PackageManager(136): Unknown permission com.android.providers.im.permission.READ_ONLY in package com.google.android.apps.maps
04-10 16:09:26.988: W/PackageManager(136): Unknown permission android.permission.READ_EXTERNAL_STORAGE in package com.google.android.videoeditor
04-10 16:09:26.988: W/PackageManager(136): Unknown permission com.google.android.apps.googlevoice.REMOTE_INTENT in package com.google.android.apps.googlevoice
04-10 16:09:26.992: W/PackageManager(136): Unknown permission com.google.android.permission.RECEIVE_DATA_MESSAGE in package com.google.android.apps.googlevoice
04-10 16:09:26.992: W/PackageManager(136): Unknown permission com.google.android.permission.SEND_DATA_MESSAGE in package com.google.android.apps.googlevoice
04-10 16:09:27.347: D/dalvikvm(136): GC_EXPLICIT freed 439K, 5% free 11055K/11591K, paused 14ms+3ms
04-10 16:09:27.347: I/SystemServer(136): Account Manager
04-10 16:09:27.359: D/PackageManager(136): generateServicesMap(android.accounts.AccountAuthenticator): 3 services unchanged
04-10 16:09:27.382: I/SystemServer(136): Content Manager
04-10 16:09:27.472: D/PackageManager(136): generateServicesMap(android.content.SyncAdapter): 14 services unchanged
04-10 16:09:27.480: I/SystemServer(136): System Content Providers
04-10 16:09:27.484: I/ActivityThread(136): Pub settings: com.android.providers.settings.SettingsProvider
04-10 16:09:27.558: D/SettingsProvider(136): cache for settings table 'secure' rows=50; fullycached=true
04-10 16:09:27.578: D/SettingsProvider(136): cache for settings table 'system' rows=60; fullycached=true
04-10 16:09:27.703: D/dalvikvm(136): GC_CONCURRENT freed 294K, 4% free 11279K/11655K, paused 2ms+3ms
04-10 16:09:27.703: I/SystemServer(136): Lights Service
04-10 16:09:27.703: I/SystemServer(136): Battery Service
04-10 16:09:27.722: I/SystemServer(136): Vibrator Service
04-10 16:09:27.734: I/power(136): *** set_screen_state 1
04-10 16:09:27.734: D/AlarmManagerService(136): Kernel timezone updated to 420 minutes west of GMT
04-10 16:09:27.734: I/SystemServer(136): Alarm Manager
04-10 16:09:27.742: I/SystemServer(136): Init Watchdog
04-10 16:09:27.742: I/SystemServer(136): Window Manager
04-10 16:09:27.750: I/InputManager(136): Initializing input manager
04-10 16:09:27.757: W/StatusBarManager(136): warning: no STATUS_BAR_SERVICE
04-10 16:09:27.777: I/InputManager(136): Starting input manager
04-10 16:09:27.777: I/SystemServer(136): Bluetooth Service
04-10 16:09:27.789: I/BluetoothProfileState(136): Message:Entering Stable State
04-10 16:09:27.824: I/BluetoothProfileState(136): Message:Entering Stable State
04-10 16:09:27.824: I/BluetoothProfileState(136): Message:Entering Stable State
04-10 16:09:27.828: D/EventHub(136): No input device configuration file found for device 'compass'.
04-10 16:09:27.828: D/BluetoothAdapterStateMachine(136): PowerOff process message: 5
04-10 16:09:27.828: I/SystemServer(136): Input Method Service
04-10 16:09:27.828: W/InputManagerService(136): Couldn't create dir.: /data/system/inputmethod
04-10 16:09:27.835: D/EventHub(136): No input device configuration file found for device 'cypress-touchkey'.
04-10 16:09:27.839: I/EventHub(136): New device: id=2, fd=120, path='/dev/input/event5', name='cypress-touchkey', classes=0x1, configuration='', keyLayout='/system/usr/keylayout/cypress-touchkey.kl', keyCharacterMap='/system/usr/keychars/cypress-touchkey.kcm', builtinKeyboard=false
04-10 16:09:27.839: D/EventHub(136): No input device configuration file found for device 'lightsensor-level'.
04-10 16:09:27.847: D/EventHub(136): No input device configuration file found for device 'proximity'.
04-10 16:09:27.855: D/EventHub(136): No input device configuration file found for device 'herring-keypad'.
04-10 16:09:27.863: I/EventHub(136): New device: id=5, fd=121, path='/dev/input/event2', name='herring-keypad', classes=0x1, configuration='', keyLayout='/system/usr/keylayout/herring-keypad.kl', keyCharacterMap='/system/usr/keychars/herring-keypad.kcm', builtinKeyboard=false
04-10 16:09:27.863: D/EventHub(136): No input device configuration file found for device 'gyro'.
04-10 16:09:27.871: I/EventHub(136): New device: id=7, fd=119, path='/dev/input/event0', name='mxt224_ts_input', classes=0x14, configuration='/system/usr/idc/mxt224_ts_input.idc', keyLayout='', keyCharacterMap='', builtinKeyboard=false
04-10 16:09:27.871: I/InputReader(136): Touch device 'mxt224_ts_input' could not query the properties of its associated display 0. The device will be inoperable until the display size becomes available.
04-10 16:09:27.871: I/InputReader(136): Device added: id=7, name='mxt224_ts_input', sources=0x00001002
04-10 16:09:27.871: I/InputReader(136): Device added: id=5, name='herring-keypad', sources=0x00000101
04-10 16:09:27.871: I/InputReader(136): Device added: id=2, name='cypress-touchkey', sources=0x00000101
04-10 16:09:27.898: I/InputReader(136): Reconfiguring input devices. changes=0x00000004
04-10 16:09:27.898: I/InputReader(136): Device reconfigured: id=7, name='mxt224_ts_input', surface size is now 480x800, mode is 1
04-10 16:09:27.898: I/SystemServer(136): Accessibility Manager
04-10 16:09:27.898: I/ActivityManager(136): Config changed: {1.0 0mcc0mnc en_US layoutdir=0 sw320dp w320dp h508dp nrml long port ?uimode ?night finger -keyb/v/h -nav/h s.2}
04-10 16:09:27.910: D/PermissionCache(79): checking android.permission.ACCESS_SURFACE_FLINGER for uid=1000 => granted (288 us)
04-10 16:09:27.910: I/SystemServer(136): Device Policy
04-10 16:09:27.914: I/SystemServer(136): Status Bar
04-10 16:09:27.914: I/SystemServer(136): Clipboard Service
04-10 16:09:27.914: I/SystemServer(136): NetworkManagement Service
04-10 16:09:27.925: I/SystemServer(136): Text Service Manager Service
04-10 16:09:27.929: I/SystemServer(136): NetworkStats Service
04-10 16:09:27.941: I/SystemServer(136): NetworkPolicy Service
04-10 16:09:27.945: I/SystemServer(136): Wi-Fi P2pService
04-10 16:09:27.953: I/SystemServer(136): Wi-Fi Service
04-10 16:09:27.960: E/CommandListener(76): Failed to open /proc/sys/net/ipv6/conf/wlan0/disable_ipv6: No such file or directory
04-10 16:09:27.964: E/WifiStateMachine(136): Failed to disable IPv6: java.lang.IllegalStateException: Unable to communicate to native daemon for disabling ipv6
04-10 16:09:27.968: I/SystemServer(136): Connectivity Service
04-10 16:09:27.968: D/ConnectivityService(136): ConnectivityService starting up
04-10 16:09:27.972: E/ConnectivityService(136): Ignoring protectedNetwork 10
04-10 16:09:27.972: E/ConnectivityService(136): Ignoring protectedNetwork 11
04-10 16:09:27.972: E/ConnectivityService(136): Ignoring protectedNetwork 12
04-10 16:09:27.988: I/bluedroid(136): Starting hciattach daemon
04-10 16:09:27.988: I/bluedroid(136): bt_enable: ret: -1, errno: 19
04-10 16:09:27.996: E/MobileDataStateTracker(136): default: Ignoring feature request because could not acquire PhoneService
04-10 16:09:27.996: E/MobileDataStateTracker(136): default: Could not enable APN type "default"
04-10 16:09:28.000: D/NetworkManagementService(136): Registering observer
04-10 16:09:28.000: D/NetworkManagementService(136): Registering observer
04-10 16:09:28.003: I/WifiService(136): WifiService starting up with Wi-Fi enabled
04-10 16:09:28.019: I/SystemServer(136): Throttle Service
04-10 16:09:28.019: I/SystemServer(136): Mount Service
04-10 16:09:28.023: D/MountService(136): got storage path: /mnt/sdcard description: USB storage primary: true removable: false emulated: false mtpReserve: 0 allowMassStorage: true maxFileSize: 4294967296
04-10 16:09:28.039: I/SystemServer(136): Notification Manager
04-10 16:09:28.039: I/SystemServer(136): Device Storage Monitor
04-10 16:09:28.042: I/SystemServer(136): Location Manager
04-10 16:09:28.042: I/SystemServer(136): Country Detector
04-10 16:09:28.042: I/SystemServer(136): Search Service
04-10 16:09:28.042: I/SystemServer(136): DropBox Service
04-10 16:09:28.042: I/SystemServer(136): Wallpaper Service
04-10 16:09:28.054: I/SystemServer(136): Audio Service
04-10 16:09:28.082: D/dalvikvm(136): GC_CONCURRENT freed 414K, 5% free 11484K/11975K, paused 2ms+4ms
04-10 16:09:28.089: I/bluedroid(136): bt_enable: ret: -1, errno: 19
04-10 16:09:28.089: D/VoldCmdListener(73): volume list
04-10 16:09:28.093: I/PackageManager(136): Updating external media status from unmounted to unmounted
04-10 16:09:28.093: D/MountService(136): volume state changed for /mnt/sdcard (null -> unmounted)
04-10 16:09:28.125: I/SystemServer(136): Dock Observer
04-10 16:09:28.125: I/SystemServer(136): Wired Accessory Observer
04-10 16:09:28.125: I/SystemServer(136): USB Service
04-10 16:09:28.128: I/SystemServer(136): UI Mode Manager Service
04-10 16:09:28.132: I/SystemServer(136): Backup Service
04-10 16:09:28.136: V/BackupManagerService(136): Initializing package tracking
04-10 16:09:28.187: I/bluedroid(136): bt_enable: ret: -1, errno: 19
04-10 16:09:28.261: V/BackupManagerService(136): addPackageParticipantsLocked: all
04-10 16:09:28.261: I/BackupManagerService(136): New app com.android.nfc never backed up; scheduling
04-10 16:09:28.277: I/BackupManagerService(136): New app com.android.sharedstoragebackup never backed up; scheduling
04-10 16:09:28.281: I/BackupManagerService(136): New app com.google.android.calendar never backed up; scheduling
04-10 16:09:28.285: I/BackupManagerService(136): New app com.google.android.gm never backed up; scheduling
04-10 16:09:28.289: I/bluedroid(136): bt_enable: ret: -1, errno: 19
04-10 16:09:28.289: V/BackupManagerService(136): Registering transport android/com.android.internal.backup.LocalTransport = com.android.internal.backup.LocalTransport@415ffd98
04-10 16:09:28.292: V/BackupManagerService(136): Starting with transport com.google.android.backup/.BackupTransportService
04-10 16:09:28.292: V/BackupManagerService(136): Binding to Google transport
04-10 16:09:28.292: I/BackupManagerService(136): Found stale backup journal, scheduling
04-10 16:09:28.296: I/BackupManagerService(136): com.google.android.calendar
04-10 16:09:28.296: I/BackupManagerService(136): com.google.android.gm
04-10 16:09:28.296: I/BackupManagerService(136): com.android.sharedstoragebackup
04-10 16:09:28.296: I/BackupManagerService(136): com.android.nfc
04-10 16:09:28.296: I/BackupManagerService(136): com.android.providers.settings
04-10 16:09:28.312: I/BackupManagerService(136): Backup enabled => true
04-10 16:09:28.312: I/SystemServer(136): AppWidget Service
04-10 16:09:28.312: I/SystemServer(136): Recognition Service
04-10 16:09:28.312: I/SystemServer(136): DiskStats Service
04-10 16:09:28.312: I/SystemServer(136): SamplingProfiler Service
04-10 16:09:28.324: I/SystemServer(136): NetworkTimeUpdateService
04-10 16:09:28.328: I/WindowManager(136): SAFE MODE not enabled
04-10 16:09:28.328: D/dalvikvm(136): JIT started for system_server
04-10 16:09:28.363: D/PowerManagerService(136): system ready!
04-10 16:09:28.375: I/ActivityManager(136): System now ready
04-10 16:09:28.378: I/SystemServer(136): Making services ready
04-10 16:09:28.378: D/SystemServer(136): Starting service: Intent { cmp=com.android.systemui/.SystemUIService }
04-10 16:09:28.386: I/Zygote(136): Process: zygote socket opened
04-10 16:09:28.386: I/bluedroid(136): bt_enable: ret: -1, errno: 19
04-10 16:09:28.437: I/ActivityManager(136): Start proc com.android.systemui for service com.android.systemui/.SystemUIService: pid=203 uid=1000 gids={1015, 3002, 3001, 3003, 3007}
04-10 16:09:28.437: D/NetworkManagementService(136): enabling bandwidth control
04-10 16:09:28.488: I/bluedroid(136): bt_enable: ret: -1, errno: 19
04-10 16:09:28.566: D/SystemUIService(203): loading: class com.android.systemui.statusbar.phone.PhoneStatusBar
04-10 16:09:28.570: D/SystemUIService(203): running: com.android.systemui.statusbar.phone.PhoneStatusBar@413514c0
04-10 16:09:28.585: D/dalvikvm(136): GC_CONCURRENT freed 381K, 4% free 11703K/12167K, paused 2ms+9ms
04-10 16:09:28.589: I/bluedroid(136): bt_enable: ret: -1, errno: 19
04-10 16:09:28.687: I/bluedroid(136): bt_enable: ret: -1, errno: 19
04-10 16:09:28.707: D/dalvikvm(136): GC_FOR_ALLOC freed 14K, 5% free 11900K/12423K, paused 76ms
04-10 16:09:28.789: I/bluedroid(136): bt_enable: ret: -1, errno: 19
04-10 16:09:28.808: D/dalvikvm(136): GC_FOR_ALLOC freed 2K, 4% free 12211K/12679K, paused 85ms
04-10 16:09:28.847: V/TransportControlView(136): Create TCV com.android.internal.widget.TransportControlView@416172a0
04-10 16:09:28.890: I/bluedroid(136): bt_enable: ret: -1, errno: 19
04-10 16:09:28.980: D/dalvikvm(203): GC_CONCURRENT freed 106K, 3% free 9319K/9543K, paused 3ms+3ms
04-10 16:09:28.988: I/bluedroid(136): bt_enable: ret: -1, errno: 19
04-10 16:09:29.007: I/ActivityManager(136): Start proc com.google.android.gsf.login for service com.google.android.gsf.login/com.google.android.gsf.loginservice.GoogleLoginService: pid=250 uid=10020 gids={3003, 1015, 1007, 2001, 3006}
04-10 16:09:29.007: D/NetworkManagementService(136): Registering observer
04-10 16:09:29.062: I/StatusBarManagerService(136): registerStatusBar bar=com.android.internal.statusbar.IStatusBar$Stub$Proxy@415aa7f8
04-10 16:09:29.062: D/PhoneStatusBar(203): disable: < expand icons alerts ticker system_info back home RECENT* clock
> 04-10 16:09:29.089: I/bluedroid(136): bt_enable: ret: -1, errno: 19
04-10 16:09:29.109: D/StorageNotification(203): Startup with UMS connection false (media state unmounted)
04-10 16:09:29.132: D/NetworkManagementService(136): Registering observer
04-10 16:09:29.136: I/ActivityManager(136): Config changed: {1.0 0mcc0mnc en_US layoutdir=0 sw320dp w320dp h508dp nrml long port finger -keyb/v/h -nav/h s.3}
04-10 16:09:29.140: D/SoftapController(76): Softap fwReload - Ok
04-10 16:09:29.144: D/CommandListener(76): Setting iface cfg
04-10 16:09:29.144: D/CommandListener(76): Trying to bring down wlan0
04-10 16:09:29.144: D/CommandListener(76): broadcast flag ignored
04-10 16:09:29.144: D/CommandListener(76): multicast flag ignored
04-10 16:09:29.144: D/NetworkManagementService(136): rsp <213 00:90:4c:11:22:33 0.0.0.0 0 [down broadcast multicast]>
04-10 16:09:29.144: D/NetworkManagementService(136): flags <[down broadcast multicast]>
04-10 16:09:29.152: I/StorageNotification(203): UMS connection changed to false (media state unmounted)
04-10 16:09:29.183: D/SystemUIService(203): loading: class com.android.systemui.power.PowerUI
04-10 16:09:29.183: D/SystemUIService(203): running: com.android.systemui.power.PowerUI@413445c0
04-10 16:09:29.191: I/bluedroid(136): bt_enable: ret: -1, errno: 19
04-10 16:09:29.289: I/bluedroid(136): bt_enable: ret: -1, errno: 19
04-10 16:09:29.332: I/ActivityManager(136): Start proc com.google.process.gapps for content provider com.google.android.gsf/.gservices.GservicesProvider: pid=273 uid=10020 gids={3003, 1015, 1007, 2001, 3006}
04-10 16:09:29.382: I/ActivityManager(136): Start proc com.android.livewallpaper.microbesgl for service com.android.livewallpaper.microbesgl/.MicrobesWallpaper: pid=285 uid=10023 gids={}
04-10 16:09:29.386: W/InputManagerService(136): Ignoring setImeWindowStatus of uid 1000 token: null
04-10 16:09:29.390: I/bluedroid(136): bt_enable: ret: -1, errno: 19
04-10 16:09:29.425: I/ActivityThread(273): Pub com.google.settings: com.google.android.gsf.settings.GoogleSettingsProvider
04-10 16:09:29.460: I/ActivityManager(136): Start proc com.google.android.inputmethod.latin for service com.google.android.inputmethod.latin/com.android.inputmethod.latin.LatinIME: pid=297 uid=10033 gids={}
04-10 16:09:29.492: I/bluedroid(136): bt_enable: ret: -1, errno: 19
04-10 16:09:29.492: I/ActivityThread(273): Pub subscribedfeeds: com.google.android.gsf.subscribedfeeds.SubscribedFeedsProvider
04-10 16:09:29.503: D/NetworkManagementService(136): Registering observer
04-10 16:09:29.562: W/ThrottleService(136): unable to find stats for iface rmnet0
04-10 16:09:29.582: I/ActivityManager(136): Start proc com.android.phone for added application com.android.phone: pid=316 uid=1001 gids={3002, 3001, 3003, 1015}
04-10 16:09:29.589: I/bluedroid(136): bt_enable: ret: -1, errno: 19
04-10 16:09:29.636: I/ActivityManager(136): Start proc com.android.nfc for added application com.android.nfc: pid=333 uid=1027 gids={3002, 3001}
04-10 16:09:29.644: I/ActivityManager(136): START {act=android.intent.action.MAIN cat=[android.intent.category.HOME] flg=0x10000000 cmp=com.android.launcher/com.android.launcher2.Launcher} from pid 0
04-10 16:09:29.691: I/ActivityManager(136): Start proc com.android.launcher for activity com.android.launcher/com.android.launcher2.Launcher: pid=344 uid=10031 gids={}
04-10 16:09:29.695: I/bluedroid(136): bt_enable: ret: -1, errno: 19
04-10 16:09:29.722: I/ActivityThread(273): Pub com.google.contacts.gal.provider: com.google.android.syncadapters.contacts.GalProvider
04-10 16:09:29.824: I/bluedroid(136): bt_enable: ret: 0, errno: 19
04-10 16:09:29.824: I/bluedroid(136): Starting bluetoothd deamon
04-10 16:09:29.828: E/BluetoothEventLoop.cpp(136): get_adapter_path: D-Bus error: org.freedesktop.DBus.Error.ServiceUnknown (The name org.bluez was not provided by any .service files)
04-10 16:09:29.839: E/BluetoothEventLoop.cpp(136): get_adapter_path: D-Bus error: org.freedesktop.DBus.Error.ServiceUnknown (The name org.bluez was not provided by any .service files)
04-10 16:09:29.851: E/BluetoothEventLoop.cpp(136): get_adapter_path: D-Bus error: org.freedesktop.DBus.Error.ServiceUnknown (The name org.bluez was not provided by any .service files)
04-10 16:09:29.863: E/BluetoothEventLoop.cpp(136): get_adapter_path: D-Bus error: org.freedesktop.DBus.Error.ServiceUnknown (The name org.bluez was not provided by any .service files)
04-10 16:09:29.867: I/ActivityThread(273): Pub com.google.android.gsf.gservices: com.google.android.gsf.gservices.GservicesProvider
04-10 16:09:29.875: E/BluetoothEventLoop.cpp(136): get_adapter_path: D-Bus error: org.freedesktop.DBus.Error.ServiceUnknown (The name org.bluez was not provided by any .service files)
04-10 16:09:29.890: E/BluetoothEventLoop.cpp(136): get_adapter_path: D-Bus error: org.freedesktop.DBus.Error.ServiceUnknown (The name org.bluez was not provided by any .service files)
04-10 16:09:29.902: E/BluetoothEventLoop.cpp(136): get_adapter_path: D-Bus error: org.freedesktop.DBus.Error.ServiceUnknown (The name org.bluez was not provided by any .service files)
04-10 16:09:29.921: E/brcm_patchram_plus(192): Done setting line discpline
04-10 16:09:29.921: D/WifiService(136): New client listening to asynchronous messages
04-10 16:09:29.925: I/GservicesProvider(273): Gservices pushing to system: true; secure: true
04-10 16:09:29.925: I/ActivityThread(273): Pub com.google.android.providers.talk: com.google.android.gsf.talk.TalkProvider
04-10 16:09:29.933: E/BluetoothEventLoop.cpp(136): get_adapter_path: D-Bus error: org.freedesktop.DBus.Error.ServiceUnknown (The name org.bluez was not provided by any .service files)
04-10 16:09:29.945: E/BluetoothEventLoop.cpp(136): get_adapter_path: D-Bus error: org.freedesktop.DBus.Error.ServiceUnknown (The name org.bluez was not provided by any .service files)
04-10 16:09:29.957: E/BluetoothEventLoop.cpp(136): get_adapter_path: D-Bus error: org.freedesktop.DBus.Error.ServiceUnknown (The name org.bluez was not provided by any .service files)
04-10 16:09:29.964: I/ActivityThread(316): Pub telephony: com.android.providers.telephony.TelephonyProvider
04-10 16:09:29.984: E/BluetoothEventLoop.cpp(136): get_adapter_path: D-Bus error: org.freedesktop.DBus.Error.ServiceUnknown (The name org.bluez was not provided by any .service files)
04-10 16:09:30.023: E/BluetoothEventLoop.cpp(136): get_adapter_path: D-Bus error: org.bluez.Error.NoSuchAdapter (No such adapter)
04-10 16:09:30.023: E/BluetoothEventLoop.cpp(136): failure setting up Event Loop!
04-10 16:09:30.132: I/NfcService(333): Starting NFC service
04-10 16:09:30.171: D/SyncManager(136): setSyncAutomatically: , provider subscribedfeeds -> true
04-10 16:09:30.171: D/SyncManager(136): setSyncAutomatically: already set to true, doing nothing
04-10 16:09:30.195: D/NFC JNI(333): NFC Service : loading JNI
04-10 16:09:30.195: W/TelephonyProvider(316): onCreate: confFile=/system/etc/apns-conf.xml oldCheckSum=-1
04-10 16:09:30.242: I/ActivityThread(316): Pub icc: com.android.phone.IccProvider
04-10 16:09:30.246: I/ActivityThread(316): Pub mms: com.android.providers.telephony.MmsProvider
04-10 16:09:30.246: I/ActivityThread(316): Pub sms: com.android.providers.telephony.SmsProvider
04-10 16:09:30.265: D/dalvikvm(136): GC_CONCURRENT freed 440K, 4% free 12608K/13127K, paused 3ms+44ms
04-10 16:09:30.285: I/ActivityThread(316): Pub mms-sms: com.android.providers.telephony.MmsSmsProvider
04-10 16:09:30.386: I/ActivityThread(344): Pub com.android.launcher2.settings: com.android.launcher2.LauncherProvider
04-10 16:09:30.390: D/PhoneStatusBar(203): disable: < expand icons alerts ticker system_info BACK* HOME* RECENT CLOCK*
> 04-10 16:09:30.488: I/RegisteredComponentCache(333): ComponentInfo: ResolveInfo{413595e8 com.android.apps.tag.TagViewer p=0 o=0 m=0x108000}, techs: android.nfc.tech.Ndef,
04-10 16:09:30.546: D/dalvikvm(297): GC_CONCURRENT freed 174K, 4% free 9242K/9543K, paused 2ms+5ms
04-10 16:09:30.687: I/NfceeAccess(333): read 1 signature(s) for NFCEE access
04-10 16:09:30.710: E/BluetoothService.cpp(136): setBluetoothTetheringNative true
04-10 16:09:30.714: D/BluetoothEventLoop(136): Property Changed: Pairable : false
04-10 16:09:30.750: I/ActivityManager(136): Start proc android.process.media for broadcast com.android.providers.media/.UsbReceiver: pid=382 uid=10025 gids={1015, 1023, 1024, 2001, 3003, 3007}
04-10 16:09:30.753: D/BluetoothEventLoop(136): Property Changed: Powered : false
04-10 16:09:30.753: D/BluetoothEventLoop(136): Property Changed: UUIDs : 6
04-10 16:09:30.757: D/BluetoothAdapterStateMachine(136): WarmUp process message: 54
04-10 16:09:30.765: D/BluetoothEventLoop(136): Property Changed: UUIDs : 7
04-10 16:09:30.777: D/BluetoothEventLoop(136): Property Changed: UUIDs : 8
04-10 16:09:30.785: D/BluetoothEventLoop(136): Property Changed: UUIDs : 9
04-10 16:09:30.796: D/BluetoothEventLoop(136): Property Changed: UUIDs : 10
04-10 16:09:30.804: D/BluetoothAdapterStateMachine(136): WarmUp process message: 51
04-10 16:09:30.812: I/wpa_supplicant(269): rfkill: Cannot open RFKILL control device
04-10 16:09:30.937: D/dalvikvm(203): GC_CONCURRENT freed 95K, 3% free 9699K/9927K, paused 4ms+8ms
04-10 16:09:30.941: D/dalvikvm(80): GC_EXPLICIT freed 34K, 4% free 9030K/9347K, paused 6ms+7ms
04-10 16:09:30.976: D/dalvikvm(80): GC_EXPLICIT freed <1K, 4% free 9030K/9347K, paused 1ms+3ms
04-10 16:09:31.007: D/dalvikvm(80): GC_EXPLICIT freed <1K, 4% free 9030K/9347K, paused 2ms+3ms
04-10 16:09:31.023: I/ActivityManager(136): Start proc com.google.android.inputmethod.latin.dictionarypack for content provider com.google.android.inputmethod.latin.dictionarypack/.DictionaryProvider: pid=402 uid=10074 gids={3003, 1015}
04-10 16:09:31.062: I/ActivityThread(382): Pub media: com.android.providers.media.MediaProvider
04-10 16:09:31.097: I/ActivityManager(136): Start proc android.process.acore for content provider com.android.providers.userdictionary/.UserDictionaryProvider: pid=415 uid=10008 gids={3003, 1015}
04-10 16:09:31.117: W/ActivityManager(136): Unable to start service Intent { act=com.android.internal.telephony.IWapPushManager }: not found
04-10 16:09:31.160: I/ActivityThread(382): Pub downloads: com.android.providers.downloads.DownloadProvider
04-10 16:09:31.203: I/ActivityThread(402): Pub com.android.inputmethod.latin.dictionarypack: com.google.android.inputmethod.latin.dictionarypack.DictionaryProvider
04-10 16:09:31.210: D/(316): [ApnContext] set reason as dataEnabled, for type default,current state IDLE
04-10 16:09:31.210: D/(316): [ApnContext] set reason as dataEnabled, for type mms,current state IDLE
04-10 16:09:31.214: D/(316): [ApnContext] set reason as dataEnabled, for type supl,current state IDLE
04-10 16:09:31.214: D/(316): [ApnContext] set reason as dataEnabled, for type dun,current state IDLE
04-10 16:09:31.214: D/(316): [ApnContext] set reason as dataEnabled, for type hipri,current state IDLE
04-10 16:09:31.253: E/WifiConfigStore(136): Error parsing configurationjava.io.FileNotFoundException: /data/misc/wifi/ipconfig.txt: open failed: ENOENT (No such file or directory)
04-10 16:09:31.289: D/NfcService(333): checking on firmware download
04-10 16:09:31.296: D/NfcService(333): NFC is on. Doing normal stuff
04-10 16:09:31.296: I/NfcService(333): Enabling NFC
04-10 16:09:31.332: D/NFC JNI(333): Start Initialization
04-10 16:09:31.355: I/ActivityThread(382): Pub drm: com.android.providers.drm.DrmProvider
04-10 16:09:31.363: I/DownloadManager(382): in removeSpuriousFiles
04-10 16:09:31.378: I/ActivityThread(415): Pub com.android.voicemail: com.android.providers.contacts.VoicemailContentProvider
04-10 16:09:31.390: D/CAT(316): CatService: Running CAT service. STK app installed:false
04-10 16:09:31.390: D/CAT(316): CatService: NEW sInstance
04-10 16:09:31.390: D/CallManager(316): registerPhone(GSM Handler (com.android.internal.telephony.PhoneProxy) {41365560})
04-10 16:09:31.480: I/DownloadManager(382): in removeSpuriousFiles, preserving file /mnt/sdcard/download/app.apk
04-10 16:09:31.480: I/DownloadManager(382): in removeSpuriousFiles, preserving file /data/data/com.android.providers.downloads/cache/metadata.json
04-10 16:09:31.480: I/DownloadManager(382): in removeSpuriousFiles, preserving file /data/data/com.android.providers.downloads/cache/en_general.htm
04-10 16:09:31.480: I/DownloadManager(382): in removeSpuriousFiles, preserving file /data/data/com.android.providers.downloads/cache/metadata-1.json
04-10 16:09:31.515: I/wpa_supplicant(269): wlan0: Trying to associate with c0:62:6b:66:cd:d2 (SSID='Appcelerator Guests' freq=2412 MHz)
04-10 16:09:31.535: I/ActivityThread(415): Pub user_dictionary: com.android.providers.userdictionary.UserDictionaryProvider
04-10 16:09:31.546: I/wpa_supplicant(269): wlan0: Associated with c0:62:6b:66:cd:d2
04-10 16:09:31.558: I/ActivityThread(415): Pub com.android.social: com.android.providers.contacts.SocialProvider
04-10 16:09:31.558: I/wpa_supplicant(269): wlan0: WPA: Key negotiation completed with c0:62:6b:66:cd:d2 [PTK=CCMP GTK=CCMP]
04-10 16:09:31.558: I/wpa_supplicant(269): wlan0: CTRL-EVENT-CONNECTED - Connection to c0:62:6b:66:cd:d2 completed (auth) [id=0 id_str=]
04-10 16:09:31.562: I/ActivityThread(415): Pub applications: com.android.providers.applications.ApplicationsProvider
04-10 16:09:31.597: D/dalvikvm(316): GC_CONCURRENT freed 174K, 3% free 9266K/9543K, paused 2ms+38ms
04-10 16:09:31.640: D/NFC JNI(333): NFC capabilities: HAL = 8150100, FW = a76d0c, HW = 620003, Model = 0, HCI = 1, Full_FW = 109, Rev = 12, FW Update Info = 0
