04-10 16:58:41.450: D/Window(1955): unable to close, window is not opened
04-10 16:58:42.446: D/Window(1955): Unable to release window reference.
04-10 16:58:45.083: D/TiUIView(1955): (main) [5406,6469] Nativeview is null
04-10 16:58:45.099: D/Window(1955): Loading window with URL: main_windows/platform.js
04-10 16:58:45.103: D/Module(1955): Loading module: main_windows/platform -> Resources/main_windows/platform.js
04-10 16:58:45.454: I/TiAPI(1955): tab blur - new index 1 old index 0
04-10 16:58:45.505: D/TiUIView(1955): (main) [422,6891] Nativeview is null
04-10 16:58:45.575: D/dalvikvm(1955): GC_CONCURRENT freed 708K, 8% free 10686K/11527K, paused 2ms+3ms
04-10 16:58:46.536: I/TiAPI(1955): tab Platform prevTab = Controls
04-10 16:58:47.571: D/Window(1955): Unable to release window reference.
04-10 16:58:48.763: D/dalvikvm(1955): GC_FOR_ALLOC freed 160K, 6% free 10937K/11527K, paused 29ms
04-10 16:58:48.786: D/dalvikvm(1955): GC_FOR_ALLOC freed 2K, 4% free 11070K/11527K, paused 24ms
04-10 16:58:48.814: D/dalvikvm(1955): GC_FOR_ALLOC freed 0K, 5% free 11205K/11719K, paused 24ms
04-10 16:58:48.841: D/dalvikvm(1955): GC_FOR_ALLOC freed 0K, 4% free 11476K/11911K, paused 24ms
04-10 16:58:48.872: D/dalvikvm(1955): GC_FOR_ALLOC freed <1K, 4% free 11881K/12295K, paused 25ms
04-10 16:58:50.212: I/ActivityManager(136): START {cmp=com.appcelerator.titanium/org.appcelerator.titanium.TiActivity (has extras)} from pid 1955
04-10 16:58:50.251: D/Window(1955): Loading window with URL: ../examples/sockets.js
04-10 16:58:50.271: D/Module(1955): Loading module: ../examples/sockets -> Resources/examples/sockets.js
04-10 16:58:50.470: D/TiUIView(1955): (main) [4966,11857] Nativeview is null
04-10 16:58:50.478: V/PhoneStatusBar(203): setLightsOn(true)
04-10 16:58:50.497: D/TiUIView(1955): (main) [25,11882] Nativeview is null
04-10 16:58:50.524: I/ActivityManager(136): Displayed com.appcelerator.titanium/org.appcelerator.titanium.TiActivity: +283ms
04-10 16:58:51.821: I/ActivityManager(136): START {cmp=com.appcelerator.titanium/org.appcelerator.titanium.TiActivity (has extras)} from pid 1955
04-10 16:58:51.876: D/Window(1955): Loading window with URL: ../examples/socket_connect.js
04-10 16:58:51.880: D/Module(1955): Loading module: ../examples/socket_connect -> Resources/examples/socket_connect.js
04-10 16:58:52.231: D/TiUIView(1955): (main) [1735,13617] Nativeview is null
04-10 16:58:52.263: V/PhoneStatusBar(203): setLightsOn(true)
04-10 16:58:52.286: D/TiUIView(1955): (main) [56,13673] Nativeview is null
04-10 16:58:52.302: I/ActivityManager(136): Start proc com.google.android.inputmethod.latin.dictionarypack for content provider com.google.android.inputmethod.latin.dictionarypack/.DictionaryProvider: pid=1975 uid=10074 gids={3003, 1015}
04-10 16:58:52.353: I/ActivityThread(1975): Pub com.android.inputmethod.latin.dictionarypack: com.google.android.inputmethod.latin.dictionarypack.DictionaryProvider
04-10 16:58:52.384: D/dalvikvm(1955): GC_FOR_ALLOC freed 1569K, 14% free 11118K/12871K, paused 37ms
04-10 16:58:52.396: I/ActivityManager(136): Displayed com.appcelerator.titanium/org.appcelerator.titanium.TiActivity: +534ms
04-10 16:58:52.458: I/ActivityManager(136): No longer want com.google.android.gm (pid 1743): hidden #16
04-10 16:58:55.099: W/LatinIME(297): Unexpected input class: inputType=0x00080000 imeOptions=0x08000005
04-10 16:58:55.200: D/dalvikvm(297): GC_CONCURRENT freed 334K, 13% free 10661K/12167K, paused 2ms+2ms
04-10 16:59:07.591: W/TiAnalyticsSvc(1955): (Thread-244) [15305,28978] Analytics Service Started
04-10 16:59:07.622: I/TiAnalyticsSvc(1955): (Thread-244) [31,29009] Sending 1 analytics events.
04-10 16:59:08.052: W/LatinIME(297): Unexpected input class: inputType=0x00080000 imeOptions=0x08000005
04-10 16:59:08.161: W/IInputConnectionWrapper(1955): getCursorCapsMode on inactive InputConnection
04-10 16:59:08.173: D/dalvikvm(1955): GC_CONCURRENT freed 223K, 11% free 11482K/12871K, paused 2ms+3ms
04-10 16:59:08.235: W/LatinIME(297): Unexpected input class: inputType=0x00080000 imeOptions=0x08000005
04-10 16:59:08.310: D/dalvikvm(297): GC_CONCURRENT freed 495K, 13% free 10694K/12167K, paused 2ms+3ms
04-10 16:59:08.735: W/TiAnalyticsSvc(1955): (Thread-244) [1112,30121] Stopping Analytics Service
04-10 16:59:08.997: D/dalvikvm(136): GC_CONCURRENT freed 3220K, 29% free 12840K/17927K, paused 3ms+6ms
04-10 16:59:17.407: W/System.err(1955): java.net.SocketException: Socket closed
04-10 16:59:17.415: W/System.err(1955): at libcore.io.Posix.recvfromBytes(Native Method)
04-10 16:59:17.415: W/System.err(1955): at libcore.io.Posix.recvfrom(Posix.java:131)
04-10 16:59:17.415: W/System.err(1955): at libcore.io.BlockGuardOs.recvfrom(BlockGuardOs.java:164)
04-10 16:59:17.415: W/System.err(1955): at libcore.io.IoBridge.recvfrom(IoBridge.java:503)
04-10 16:59:17.415: W/System.err(1955): at java.net.PlainSocketImpl.read(PlainSocketImpl.java:488)
04-10 16:59:17.419: W/System.err(1955): at java.net.PlainSocketImpl.access$000(PlainSocketImpl.java:46)
04-10 16:59:17.419: W/System.err(1955): at java.net.PlainSocketImpl$PlainSocketInputStream.read(PlainSocketImpl.java:240)
04-10 16:59:17.419: W/System.err(1955): at org.appcelerator.titanium.util.TiStreamHelper.read(TiStreamHelper.java:27)
04-10 16:59:17.419: W/System.err(1955): at ti.modules.titanium.network.socket.TCPProxy.read(TCPProxy.java:406)
04-10 16:59:17.431: W/System.err(1955): at ti.modules.titanium.stream.StreamModule.pump(StreamModule.java:505)
04-10 16:59:17.435: W/System.err(1955): at ti.modules.titanium.stream.StreamModule.access$400(StreamModule.java:24)
04-10 16:59:17.439: W/System.err(1955): at ti.modules.titanium.stream.StreamModule$5.run(StreamModule.java:486)
04-10 16:59:17.442: W/System.err(1955): at java.lang.Thread.run(Thread.java:856)
04-10 17:01:00.110: W/ThrottleService(136): unable to find stats for iface rmnet0
04-10 17:03:06.411: D/PicasaSyncManager(915): battery info: false
04-10 17:03:06.481: D/dalvikvm(915): GC_CONCURRENT freed 362K, 5% free 9687K/10183K, paused 2ms+5ms
04-10 17:03:07.439: I/StorageNotification(203): UMS connection changed to false (media state mounted)
04-10 17:03:07.454: I/ActivityManager(136): Start proc android.process.media for broadcast com.android.providers.media/.UsbReceiver: pid=2002 uid=10025 gids={1015, 1023, 1024, 2001, 3003, 3007}
04-10 17:03:07.470: D/dalvikvm(203): GC_CONCURRENT freed 432K, 15% free 10538K/12295K, paused 1ms+3ms
04-10 17:03:07.536: I/ActivityThread(2002): Pub media: com.android.providers.media.MediaProvider
04-10 17:03:07.579: D/dalvikvm(203): GC_FOR_ALLOC freed 539K, 16% free 10352K/12295K, paused 35ms
04-10 17:03:07.657: D/dalvikvm(203): GC_CONCURRENT freed 539K, 17% free 10306K/12295K, paused 2ms+10ms
04-10 17:03:07.696: I/ActivityThread(2002): Pub downloads: com.android.providers.downloads.DownloadProvider
04-10 17:03:07.716: I/ActivityThread(2002): Pub drm: com.android.providers.drm.DrmProvider
04-10 17:03:07.720: I/DownloadManager(2002): in removeSpuriousFiles
04-10 17:03:07.747: I/DownloadManager(2002): in removeSpuriousFiles, preserving file /mnt/sdcard/download/app.apk
04-10 17:03:07.747: I/DownloadManager(2002): in removeSpuriousFiles, preserving file /data/data/com.android.providers.downloads/cache/metadata.json
04-10 17:03:07.747: I/DownloadManager(2002): in removeSpuriousFiles, preserving file /data/data/com.android.providers.downloads/cache/en_general.htm
04-10 17:03:07.747: I/DownloadManager(2002): in removeSpuriousFiles, preserving file /data/data/com.android.providers.downloads/cache/metadata-1.json
04-10 17:03:07.806: I/ActivityManager(136): No longer want com.android.keychain (pid 1892): hidden #16
04-10 17:04:20.200: I/ActivityManager(136): Start proc com.google.android.gm for service com.google.android.gm/.provider.MailSyncAdapterService: pid=2019 uid=10039 gids={3003, 1015}
04-10 17:04:20.247: I/ActivityThread(2019): Pub gmail-ls: com.google.android.gm.provider.MailProvider
04-10 17:04:20.259: I/ActivityThread(2019): Pub com.google.android.gmail.SuggestionProvider: com.google.android.gm.SuggestionsProvider
04-10 17:04:20.259: I/ActivityThread(2019): Pub com.google.android.gm: com.google.android.gm.provider.PublicContentProvider
04-10 17:04:20.341: D/dalvikvm(136): GC_EXPLICIT freed 764K, 29% free 12791K/17927K, paused 3ms+6ms
04-10 17:04:20.696: D/dalvikvm(2019): GC_CONCURRENT freed 215K, 4% free 9270K/9607K, paused 2ms+2ms
04-10 17:04:20.755: I/Gmail(2019): calculateUnknownSyncRationalesAndPurgeInBackground: queueing
04-10 17:04:20.771: I/Gmail(2019): calculateUnknownSyncRationalesAndPurgeInBackground: queueing
04-10 17:04:20.798: I/Gmail(2019): MainSyncRequestProto: lowestBkwdConvoId: 0, highestHandledServerOp: 36191, normalSync: true
04-10 17:04:20.810: I/Gmail(2019): calculateUnknownSyncRationalesAndPurgeInBackground: running
04-10 17:04:20.810: I/Gmail(2019): calculateUnknownSyncRationalesAndPurgeInBackground: running
04-10 17:04:20.892: I/ActivityManager(136): Start proc com.google.android.gsf.login for service com.google.android.gsf.login/com.google.android.gsf.loginservice.GoogleLoginService: pid=2040 uid=10020 gids={3003, 1015, 1007, 2001, 3006}
04-10 17:04:20.978: D/dalvikvm(273): GC_EXPLICIT freed 163K, 6% free 9672K/10183K, paused 2ms+3ms
04-10 17:04:21.021: I/ActivityManager(136): No longer want com.google.android.partnersetup (pid 1906): hidden #16
04-10 17:04:21.247: D/dalvikvm(2019): GC_CONCURRENT freed 249K, 4% free 9423K/9799K, paused 2ms+3ms
04-10 17:04:21.950: D/dalvikvm(2019): GC_CONCURRENT freed 405K, 6% free 9450K/9991K, paused 2ms+2ms
04-10 17:04:22.005: D/dalvikvm(2019): GC_EXPLICIT freed 33K, 6% free 9437K/9991K, paused 2ms+3ms
04-10 17:04:22.009: I/Gmail(2019): MainSyncRequestProto: lowestBkwdConvoId: 0, highestHandledServerOp: 36229, normalSync: true
04-10 17:04:22.575: D/dalvikvm(2019): GC_EXPLICIT freed 238K, 5% free 9497K/9991K, paused 10ms+3ms
04-10 17:04:22.579: I/Gmail(2019): MainSyncRequestProto: lowestBkwdConvoId: 0, highestHandledServerOp: 36229, normalSync: true
04-10 17:04:22.599: W/Gmail(2019): Scheduling index for 300000 ms from now
04-10 17:04:22.626: I/Gmail(2019): Sending notification intent: Intent { act=android.intent.action.PROVIDER_CHANGED dat=content://gmail-ls/unread/^i (has extras) }
04-10 17:04:22.685: I/Gmail(2019): Sending notification intent: Intent { act=android.intent.action.PROVIDER_CHANGED dat=content://gmail-ls/unread/^iim (has extras) }
04-10 17:04:22.689: W/Gmail(2019): Showing notification with unreadCount of 215 and unseenCount of 41
04-10 17:04:22.814: D/dalvikvm(203): GC_CONCURRENT freed 549K, 18% free 10202K/12295K, paused 2ms+3ms
04-10 17:04:22.841: I/ActivityManager(136): No longer want com.google.android.gallery3d (pid 1605): hidden #16
04-10 17:04:22.911: I/Gmail(2019): MainSyncRequestProto: lowestBkwdConvoId: 0, highestHandledServerOp: 36229, normalSync: true
04-10 17:04:23.173: I/DownloadManager(2002): Initiating request for download 72
04-10 17:04:23.259: D/dalvikvm(2019): GC_EXPLICIT freed 235K, 5% free 9550K/9991K, paused 3ms+11ms
04-10 17:04:23.263: I/Gmail(2019): MainSyncRequestProto: lowestBkwdConvoId: 0, highestHandledServerOp: 36229, normalSync: true
04-10 17:04:23.286: W/Gmail(2019): Scheduling index for 300000 ms from now
04-10 17:04:23.380: D/dalvikvm(2002): GC_CONCURRENT freed 266K, 5% free 9205K/9607K, paused 2ms+2ms
04-10 17:04:28.032: D/dalvikvm(2002): GC_CONCURRENT freed 335K, 5% free 9264K/9735K, paused 8ms+2ms
04-10 17:04:38.528: D/dalvikvm(2002): GC_CONCURRENT freed 388K, 6% free 9275K/9799K, paused 7ms+5ms
04-10 17:04:41.251: I/DownloadManager(2002): deleting /data/data/com.android.providers.downloads/cache/downloadfile.apk
04-10 17:05:40.384: D/dalvikvm(136): GC_CONCURRENT freed 839K, 29% free 12773K/17927K, paused 3ms+5ms
04-10 17:06:49.384: I/Gmail(2019): MainSyncRequestProto: lowestBkwdConvoId: 0, highestHandledServerOp: 36229, normalSync: true
04-10 17:06:49.942: D/dalvikvm(2019): GC_CONCURRENT freed 430K, 6% free 9554K/10119K, paused 2ms+3ms
04-10 17:06:50.017: D/dalvikvm(2019): GC_EXPLICIT freed 55K, 6% free 9521K/10119K, paused 2ms+3ms
04-10 17:06:50.021: I/Gmail(2019): MainSyncRequestProto: lowestBkwdConvoId: 0, highestHandledServerOp: 36247, normalSync: true
04-10 17:06:50.032: W/Gmail(2019): Scheduling index for 300000 ms from now
04-10 17:06:50.060: I/Gmail(2019): Sending notification intent: Intent { act=android.intent.action.PROVIDER_CHANGED dat=content://gmail-ls/unread/^i (has extras) }
04-10 17:06:50.095: W/Gmail(2019): Showing notification with unreadCount of 214 and unseenCount of 40
04-10 17:06:50.177: I/Gmail(2019): Sending notification intent: Intent { act=android.intent.action.PROVIDER_CHANGED dat=content://gmail-ls/unread/^iim (has extras) }
04-10 17:07:39.552: D/dalvikvm(203): GC_CONCURRENT freed 458K, 18% free 10128K/12295K, paused 8ms+3ms
04-10 17:09:39.806: D/AlarmManagerService(136): Kernel timezone updated to 420 minutes west of GMT
04-10 17:09:39.810: D/SystemClock(316): Setting time of day to sec=1334102980
04-10 17:09:40.095: I/ActivityManager(136): Start proc com.google.android.calendar for broadcast com.google.android.calendar/com.android.calendar.widget.CalendarAppWidgetService$CalendarFactory: pid=2089 uid=10069 gids={3003}
04-10 17:09:40.185: I/ActivityThread(2089): Pub com.google.android.calendar.CalendarRecentSuggestionsProvider: com.android.calendar.CalendarRecentSuggestionsProvider
04-10 17:09:40.220: I/ActivityManager(136): Start proc com.google.android.deskclock for broadcast com.google.android.deskclock/com.android.deskclock.AlarmInitReceiver: pid=2104 uid=10043 gids={}
04-10 17:09:40.220: I/ActivityManager(136): No longer want com.android.voicedialer (pid 1155): hidden #16
04-10 17:09:40.251: I/ActivityManager(136): Start proc com.android.providers.calendar for content provider com.android.providers.calendar/.CalendarProvider2: pid=2115 uid=10048 gids={3003, 1015}
04-10 17:09:40.271: I/ActivityThread(2104): Pub com.android.deskclock: com.android.deskclock.AlarmProvider
04-10 17:09:40.282: I/ActivityManager(136): No longer want com.android.vending (pid 1180): hidden #16
04-10 17:09:40.306: I/ActivityThread(2115): Pub com.android.calendar: com.android.providers.calendar.CalendarProvider2
04-10 17:09:40.349: I/ActivityManager(136): No longer want com.google.android.apps.maps:FriendService (pid 1919): hidden #16
04-10 17:09:40.380: V/AlarmClock(2104): AlarmInitReceiver finished
04-10 17:09:41.411: I/CalendarProvider2(2115): Sending notification intent: Intent { act=android.intent.action.PROVIDER_CHANGED dat=content://com.android.calendar }
04-10 17:09:41.415: W/ContentResolver(2115): Failed to get type for: content://com.android.calendar (Unknown URL content://com.android.calendar)
04-10 17:09:53.970: I/wpa_supplicant(269): wlan0: CTRL-EVENT-DISCONNECTED bssid=c0:62:6b:67:1f:e2 reason=0
04-10 17:09:53.993: D/CommandListener(76): Clearing all IP addresses on wlan0
04-10 17:09:54.024: D/ConnectivityService(136): ConnectivityChange for WIFI: DISCONNECTED/DISCONNECTED
04-10 17:09:54.028: D/ConnectivityService(136): Attempting to switch to mobile
04-10 17:09:54.028: D/ConnectivityService(136): Attempting to switch to BLUETOOTH_TETHER
04-10 17:09:54.040: D/NetUtils(136): android_net_utils_resetConnections in env=0xc66120 clazz=0x59000001 iface=wlan0 mask=0x3
04-10 17:09:54.040: E/ConnectivityService(136): Exception trying to remove a route: java.lang.IllegalStateException: Unable to communicate with native dameon to add routes - com.android.server.NativeDaemonConnectorException: Cmd {interface route remove wlan0 default 172.16.0.6 32 0.0.0.0} failed with code 400 : {Failed to remove route from default table (No such process)}
04-10 17:09:54.040: E/ConnectivityService(136): Exception trying to remove a route: java.lang.IllegalStateException: Unable to communicate with native dameon to add routes - com.android.server.NativeDaemonConnectorException: Cmd {interface route remove wlan0 default 0.0.0.0 0 172.16.0.6} failed with code 400 : {Failed to remove route from default table (No such process)}
04-10 17:09:54.040: D/ConnectivityService(136): resetConnections(wlan0, 3)
04-10 17:09:54.060: W/Smack/Packet(273): notify conn break (IOEx), close connection
04-10 17:09:54.216: I/qtaguid(273): Failed write_ctrl(u 77) res=-1 errno=22
04-10 17:09:54.216: I/qtaguid(273): Untagging socket 77 failed errno=-22
04-10 17:09:54.216: W/NetworkManagementSocketTagger(273): untagSocket(77) failed with errno -22
04-10 17:09:54.259: D/ConnectivityService(136): handleInetConditionChange: no active default network - ignore
04-10 17:09:55.747: I/wpa_supplicant(269): wlan0: Trying to associate with c0:62:6b:67:1f:e2 (SSID='Appcelerator Guests' freq=2437 MHz)
04-10 17:09:55.786: I/wpa_supplicant(269): wlan0: Associated with c0:62:6b:67:1f:e2
04-10 17:09:55.802: I/wpa_supplicant(269): wlan0: WPA: Key negotiation completed with c0:62:6b:67:1f:e2 [PTK=CCMP GTK=CCMP]
04-10 17:09:55.802: I/wpa_supplicant(269): wlan0: CTRL-EVENT-CONNECTED - Connection to c0:62:6b:67:1f:e2 completed (reauth) [id=0 id_str=]
04-10 17:09:56.439: D/ConnectivityService(136): ConnectivityChange for WIFI: CONNECTED/CONNECTED
04-10 17:09:56.517: W/NetworkStats(136): dropping UID delta from unknown iface: iface=wlan0 uid=0 set=DEFAULT tag=0x0 rxBytes=175 rxPackets=1 txBytes=140 txPackets=2 operations=0
04-10 17:09:56.560: D/dalvikvm(316): GC_CONCURRENT freed 427K, 6% free 9500K/10055K, paused 2ms+5ms
04-10 17:09:56.610: D/dalvikvm(136): GC_CONCURRENT freed 889K, 29% free 12824K/17927K, paused 6ms+6ms
04-10 17:09:57.095: D/Tethering(136): MasterInitialState.processMessage what=3
04-10 17:09:57.130: I/GTalkService/c(273): [AndroidEndpoint@1094266232] connect: acct=1000000, state=CONNECTING
04-10 17:09:57.134: I/GTalkService/c(273): [GTalkConnection@1094526464] connect: acct=1, state=CONNECTING
04-10 17:09:57.165: I/ActivityManager(136): Start proc com.google.android.apps.uploader for broadcast com.google.android.apps.uploader/.ConnectivityBroadcastReceiver: pid=2162 uid=10024 gids={3003}
04-10 17:09:57.173: I/dalvikvm(2162): Turning on JNI app bug workarounds for target SDK version 11...
04-10 17:09:57.196: I/ActivityThread(2162): Pub com.google.android.apps.uploader: com.google.android.apps.uploader.UploadsContentProvider
04-10 17:09:57.196: I/ActivityThread(2162): Pub com.google.photos.provider.Album: com.google.android.apps.uploader.clients.picasa.AlbumProvider
04-10 17:09:57.200: D/MediaUploader(2162): UploaderApplication.onCreate
04-10 17:09:57.216: D/MediaUploader(2162): nonWifiLimit=20971520, default=20971520
04-10 17:09:57.220: I/MediaUploader(2162): No need to wake up
04-10 17:09:57.231: I/ActivityManager(136): No longer want com.google.android.apps.maps (pid 1128): hidden #16
04-10 17:09:57.251: D/PicasaSyncManager(915): active network: NetworkInfo: type: WIFI[], state: CONNECTED/CONNECTED, reason: (unspecified), extra: (none), roaming: false, failover: false, isAvailable: true
04-10 17:09:57.251: D/PicasaSyncManager(915): background data: true
04-10 17:09:57.314: D/dalvikvm(136): GC_EXPLICIT freed 142K, 29% free 12742K/17927K, paused 3ms+6ms
04-10 17:09:57.439: D/ConnectivityService(136): NetTransition Wakelock for WifiStateMachine released by timeout
04-10 17:09:59.228: I/ActivityManager(136): Start proc com.google.android.talk for broadcast com.google.android.talk/.ConnectionStateOnlineReceiver: pid=2182 uid=10000 gids={3003, 1015, 1006, 3002}
04-10 17:09:59.278: I/ActivityThread(2182): Pub com.google.android.talk.SuggestionProvider: com.google.android.talk.SuggestionsProvider
04-10 17:09:59.298: D/ConnectivityService(136): handleInetConditionHoldEnd: net=1, condition=100, published condition=0
04-10 17:09:59.314: D/vclib:CallStateClient(2182): startListening
04-10 17:09:59.349: I/ActivityManager(136): No longer want com.android.musicfx (pid 1167): hidden #16
04-10 17:09:59.446: D/dalvikvm(2182): GC_CONCURRENT freed 165K, 3% free 9351K/9607K, paused 2ms+4ms
04-10 17:09:59.462: D/dalvikvm(273): GC_CONCURRENT freed 410K, 6% free 9730K/10247K, paused 2ms+11ms
04-10 17:09:59.528: D/Tethering(136): MasterInitialState.processMessage what=3
04-10 17:09:59.591: I/MediaUploader(2162): No need to wake up
04-10 17:09:59.603: D/PicasaSyncManager(915): active network: NetworkInfo: type: WIFI[], state: CONNECTED/CONNECTED, reason: (unspecified), extra: (none), roaming: false, failover: false, isAvailable: true
04-10 17:09:59.603: D/PicasaSyncManager(915): background data: true
04-10 17:10:00.060: D/ConnectivityService(136): handleInetConditionHoldEnd: net=1, condition=100, published condition=100
04-10 17:10:44.989: D/AudioHardware(82): AudioHardware pcm playback is exiting standby.
04-10 17:10:44.989: D/AudioHardware(82): openPcmOut_l() mPcmOpenCnt: 0
04-10 17:10:47.325: W/PowerUI(203): unknown intent: Intent { act=android.intent.action.ACTION_POWER_CONNECTED flg=0x10000010 }
04-10 17:10:47.337: I/ActivityManager(136): Start proc com.google.android.apps.maps for broadcast com.google.android.apps.maps/com.google.googlenav.android.MapServiceReceiver: pid=2210 uid=10027 gids={3003, 1015}
04-10 17:10:47.454: D/dalvikvm(2210): GC_CONCURRENT freed 171K, 3% free 9363K/9607K, paused 3ms+3ms
04-10 17:10:47.548: I/ActivityThread(2210): Pub com.google.android.maps.LayerInfoProvider: com.google.googlenav.layer.LayerInfoProvider
04-10 17:10:47.556: I/StorageNotification(203): UMS connection changed to true (media state mounted)
04-10 17:10:47.564: I/ActivityThread(2210): Pub com.google.android.maps.TrafficAppWidgetProvider: com.google.googlenav.appwidget.traffic.TrafficAppWidgetProvider
04-10 17:10:47.571: I/ActivityThread(2210): Pub com.google.android.maps.SuggestionProvider: com.google.googlenav.suggest.android.SuggestProvider
04-10 17:10:47.583: I/ActivityThread(2210): Pub com.google.android.maps.LocalActivePlacesProvider: com.google.googlenav.provider.LocalActivePlacesProvider
04-10 17:10:47.583: I/ActivityThread(2210): Pub com.google.android.maps.StarredItemProvider: com.google.googlenav.provider.StarredItemProvider
04-10 17:10:47.634: D/dalvikvm(203): GC_FOR_ALLOC freed 236K, 17% free 10237K/12295K, paused 41ms
04-10 17:10:47.646: I/StorageNotification(203): UMS connection changed to true (media state mounted)
04-10 17:10:47.681: I/System.out(2210): VectorGlobalState: Server:https://mobilemaps.clients.google.com/glm/mmap Type:3
04-10 17:10:47.731: D/dalvikvm(2210): GC_CONCURRENT freed 240K, 4% free 9668K/9991K, paused 4ms+4ms
04-10 17:10:47.845: I/ActivityThread(2210): Pub com.google.android.maps.LocalSuggestionProvider: com.google.googlenav.provider.LocalSuggestionProvider
04-10 17:10:47.845: I/ActivityThread(2210): Pub com.google.android.maps.SearchHistoryProvider: com.google.googlenav.provider.SearchHistoryProvider
04-10 17:10:47.845: I/ActivityThread(2210): Pub com.google.android.maps.NavigationAvailabilityProvider: com.google.googlenav.provider.NavigationAvailabilityProvider
04-10 17:10:47.876: D/PicasaSyncManager(915): battery info: true
04-10 17:10:47.884: I/ActivityManager(136): No longer want com.google.android.apps.maps:LocationFriendService (pid 1932): hidden #16
04-10 17:10:47.899: D/dalvikvm(203): GC_CONCURRENT freed 221K, 16% free 10443K/12295K, paused 2ms+2ms
04-10 17:10:48.110: D/dalvikvm(203): GC_FOR_ALLOC freed 435K, 16% free 10369K/12295K, paused 27ms
04-10 17:10:48.126: D/AudioHardware(82): AudioHardware pcm playback is going to standby.
04-10 17:10:48.126: D/AudioHardware(82): closePcmOut_l() mPcmOpenCnt: 1
04-10 17:10:48.989: I/InputReader(136): Reconfiguring input devices. changes=0x00000004
04-10 17:10:48.989: I/InputReader(136): Device reconfigured: id=7, name='mxt224_ts_input', surface size is now 480x800, mode is 1
04-10 17:10:49.048: I/ActivityManager(136): Config changed: {1.0 310mcc260mnc en_US layoutdir=0 sw320dp w533dp h294dp nrml long land finger -keyb/v/h -nav/h s.13}
04-10 17:10:49.251: D/dalvikvm(203): GC_FOR_ALLOC freed 228K, 16% free 10379K/12295K, paused 18ms
04-10 17:10:49.274: D/dalvikvm(203): GC_FOR_ALLOC freed 204K, 15% free 10478K/12295K, paused 17ms
04-10 17:10:49.294: D/dalvikvm(203): GC_FOR_ALLOC freed 182K, 14% free 10599K/12295K, paused 17ms
04-10 17:10:49.317: D/dalvikvm(203): GC_FOR_ALLOC freed 182K, 13% free 10720K/12295K, paused 17ms
04-10 17:10:51.517: D/dalvikvm(136): GC_EXPLICIT freed 494K, 28% free 12936K/17927K, paused 35ms+6ms
04-10 17:10:53.646: D/dalvikvm(203): GC_CONCURRENT freed 20K, 10% free 11157K/12295K, paused 8ms+2ms
04-10 17:11:00.407: W/ThrottleService(136): unable to find stats for iface rmnet0
04-10 17:11:01.314: I/EventLogService(273): Aggregate from 1334101261206 (log), 1334101261206 (data)
04-10 17:11:02.087: I/ServiceDumpSys(273): dumping service [account]