04-10 16:54:41.392: W/System.err(1694): at libcore.io.IoBridge.recvfrom(IoBridge.java:503)
04-10 16:54:41.392: W/System.err(1694): at java.net.PlainSocketImpl.read(PlainSocketImpl.java:488)
04-10 16:54:41.396: W/System.err(1694): at java.net.PlainSocketImpl.access$000(PlainSocketImpl.java:46)
04-10 16:54:41.396: W/System.err(1694): at java.net.PlainSocketImpl$PlainSocketInputStream.read(PlainSocketImpl.java:240)
04-10 16:54:41.396: W/System.err(1694): at org.appcelerator.titanium.util.TiStreamHelper.read(TiStreamHelper.java:35)
04-10 16:54:41.396: W/System.err(1694): at ti.modules.titanium.network.socket.TCPProxy.read(TCPProxy.java:404)
04-10 16:54:41.396: W/System.err(1694): at ti.modules.titanium.stream.StreamModule.pump(StreamModule.java:518)
04-10 16:54:41.399: W/System.err(1694): at ti.modules.titanium.stream.StreamModule.access$400(StreamModule.java:27)
04-10 16:54:41.399: W/System.err(1694): at ti.modules.titanium.stream.StreamModule$9.run(StreamModule.java:499)
04-10 16:54:41.399: W/System.err(1694): at java.lang.Thread.run(Thread.java:856)
04-10 16:55:29.060: W/System.err(1694): java.net.ConnectException: failed to connect to /172.16.3.31 (port 50007): connect failed: ECONNREFUSED (Connection refused)
04-10 16:55:29.064: W/System.err(1694): at libcore.io.IoBridge.connect(IoBridge.java:114)
04-10 16:55:29.064: W/System.err(1694): at java.net.PlainSocketImpl.connect(PlainSocketImpl.java:192)
04-10 16:55:29.067: W/System.err(1694): at java.net.PlainSocketImpl.connect(PlainSocketImpl.java:172)
04-10 16:55:29.067: W/System.err(1694): at java.net.Socket.startupSocket(Socket.java:566)
04-10 16:55:29.067: W/System.err(1694): at java.net.Socket.tryAllAddresses(Socket.java:127)
04-10 16:55:29.067: W/System.err(1694): at java.net.Socket.(Socket.java:177)
04-10 16:55:29.071: W/System.err(1694): at java.net.Socket.(Socket.java:149)
04-10 16:55:29.071: W/System.err(1694): at ti.modules.titanium.network.socket.TCPProxy$ConnectedSocketThread.run(TCPProxy.java:211)
04-10 16:55:29.071: W/System.err(1694): Caused by: libcore.io.ErrnoException: connect failed: ECONNREFUSED (Connection refused)
04-10 16:55:29.075: W/System.err(1694): at libcore.io.Posix.connect(Native Method)
04-10 16:55:29.075: W/System.err(1694): at libcore.io.BlockGuardOs.connect(BlockGuardOs.java:85)
04-10 16:55:29.079: W/System.err(1694): at libcore.io.IoBridge.connectErrno(IoBridge.java:127)
04-10 16:55:29.083: W/System.err(1694): at libcore.io.IoBridge.connect(IoBridge.java:112)
04-10 16:55:29.087: W/System.err(1694): ... 7 more
04-10 16:55:35.423: I/dalvikvm(1694): Jit: resizing JitTable from 4096 to 8192
04-10 16:56:05.606: E/KrollMethod(1694): (kroll$6: app://examples/socket_connect.js) [346414,367381] Exception calling kroll method close, invocation: null ]
04-10 16:56:05.606: E/KrollMethod(1694): java.io.IOException: Socket is not connected or listening, unable to call close on socket in <5> state
04-10 16:56:05.606: E/KrollMethod(1694): at ti.modules.titanium.network.socket.TCPProxy.close(TCPProxy.java:490)
04-10 16:56:05.606: E/KrollMethod(1694): at ti.modules.titanium.network.socket.TCPProxyBindingGen$16.invoke(TCPProxyBindingGen.java:659)
04-10 16:56:05.606: E/KrollMethod(1694): at org.appcelerator.kroll.KrollMethod.call(KrollMethod.java:51)
04-10 16:56:05.606: E/KrollMethod(1694): at org.mozilla.javascript.Interpreter.interpretLoop(Interpreter.java:1701)
04-10 16:56:05.606: E/KrollMethod(1694): at org.mozilla.javascript.Interpreter.interpret(Interpreter.java:854)
04-10 16:56:05.606: E/KrollMethod(1694): at org.mozilla.javascript.InterpretedFunction.call(InterpretedFunction.java:164)
04-10 16:56:05.606: E/KrollMethod(1694): at org.mozilla.javascript.ContextFactory.doTopCall(ContextFactory.java:426)
04-10 16:56:05.606: E/KrollMethod(1694): at org.mozilla.javascript.ScriptRuntime.doTopCall(ScriptRuntime.java:3177)
04-10 16:56:05.606: E/KrollMethod(1694): at org.mozilla.javascript.InterpretedFunction.call(InterpretedFunction.java:162)
04-10 16:56:05.606: E/KrollMethod(1694): at org.appcelerator.titanium.kroll.KrollCallback.callSync(KrollCallback.java:139)
04-10 16:56:05.606: E/KrollMethod(1694): at org.appcelerator.titanium.kroll.KrollCallback$1.run(KrollCallback.java:164)
04-10 16:56:05.606: E/KrollMethod(1694): at android.os.Handler.handleCallback(Handler.java:605)
04-10 16:56:05.606: E/KrollMethod(1694): at android.os.Handler.dispatchMessage(Handler.java:92)
04-10 16:56:05.606: E/KrollMethod(1694): at android.os.Looper.loop(Looper.java:137)
04-10 16:56:05.606: E/KrollMethod(1694): at org.appcelerator.titanium.kroll.KrollHandlerThread.run(KrollHandlerThread.java:86)
04-10 16:56:09.774: V/PhoneStatusBar(203): setLightsOn(true)
04-10 16:56:10.048: E/TiBaseActivity(1694): (main) [4447,371828] Layout cleanup.
04-10 16:56:11.263: I/ActivityManager(136): START {cmp=com.appcelerator.titanium/org.appcelerator.titanium.TiActivity (has extras)} from pid 1694
04-10 16:56:11.302: D/KrollContext(1694): (kroll$7: app://examples/socket_connect.js) [1257,373085] Running evaluated script: app://examples/socket_connect.js
04-10 16:56:11.396: D/dalvikvm(1694): GC_CONCURRENT freed 652K, 14% free 11800K/13703K, paused 2ms+4ms
04-10 16:56:11.481: V/PhoneStatusBar(203): setLightsOn(true)
04-10 16:56:11.540: D/dalvikvm(297): GC_CONCURRENT freed 756K, 14% free 10565K/12167K, paused 2ms+18ms
04-10 16:56:11.560: I/ActivityManager(136): Displayed com.appcelerator.titanium/org.appcelerator.titanium.TiActivity: +266ms
04-10 16:56:13.079: W/dalvikvm(1694): threadid=18: thread exiting with uncaught exception (group=0x40a541f8)
04-10 16:56:13.079: E/TiUncaughtHandler(1694): (ConnectedSocketThread) [1776,374861] Sending event: exception on thread: ConnectedSocketThread msg:java.lang.NumberFormatException: Invalid int: "PORT"; Titanium 1.7.5,2011/11/02 17:00,ab20af7
04-10 16:56:13.079: E/TiUncaughtHandler(1694): java.lang.NumberFormatException: Invalid int: "PORT"
04-10 16:56:13.079: E/TiUncaughtHandler(1694): at java.lang.Integer.invalidInt(Integer.java:138)
04-10 16:56:13.079: E/TiUncaughtHandler(1694): at java.lang.Integer.parse(Integer.java:375)
04-10 16:56:13.079: E/TiUncaughtHandler(1694): at java.lang.Integer.parseInt(Integer.java:366)
04-10 16:56:13.079: E/TiUncaughtHandler(1694): at java.lang.Integer.parseInt(Integer.java:332)
04-10 16:56:13.079: E/TiUncaughtHandler(1694): at org.appcelerator.titanium.util.TiConvert.toInt(TiConvert.java:253)
04-10 16:56:13.079: E/TiUncaughtHandler(1694): at ti.modules.titanium.network.socket.TCPProxy$ConnectedSocketThread.run(TCPProxy.java:211)
04-10 16:56:13.118: E/AndroidRuntime(1694): FATAL EXCEPTION: ConnectedSocketThread
04-10 16:56:13.118: E/AndroidRuntime(1694): java.lang.NumberFormatException: Invalid int: "PORT"
04-10 16:56:13.118: E/AndroidRuntime(1694): at java.lang.Integer.invalidInt(Integer.java:138)
04-10 16:56:13.118: E/AndroidRuntime(1694): at java.lang.Integer.parse(Integer.java:375)
04-10 16:56:13.118: E/AndroidRuntime(1694): at java.lang.Integer.parseInt(Integer.java:366)
04-10 16:56:13.118: E/AndroidRuntime(1694): at java.lang.Integer.parseInt(Integer.java:332)
04-10 16:56:13.118: E/AndroidRuntime(1694): at org.appcelerator.titanium.util.TiConvert.toInt(TiConvert.java:253)
04-10 16:56:13.118: E/AndroidRuntime(1694): at ti.modules.titanium.network.socket.TCPProxy$ConnectedSocketThread.run(TCPProxy.java:211)
04-10 16:56:13.118: W/ActivityManager(136): Force finishing activity com.appcelerator.titanium/org.appcelerator.titanium.TiActivity
04-10 16:56:13.126: W/TiAnalyticsSvc(1694): (Thread-226) [45,374906] Analytics Service Started
04-10 16:56:13.165: V/PhoneStatusBar(203): setLightsOn(true)
04-10 16:56:13.255: I/TiAnalyticsSvc(1694): (Thread-226) [129,375035] Sending 1 analytics events.
04-10 16:56:13.450: E/TiBaseActivity(1694): (main) [195,375230] Layout cleanup.
04-10 16:56:13.966: W/TiAnalyticsSvc(1694): (Thread-226) [519,375749] Stopping Analytics Service
04-10 16:56:18.146: I/Process(1694): Sending signal. PID: 1694 SIG: 9
04-10 16:56:18.212: V/PhoneStatusBar(203): setLightsOn(true)
04-10 16:56:18.220: I/WindowManager(136): WIN DEATH: Window{417476a8 com.appcelerator.titanium/com.appcelerator.titanium.KitchensinkActivity paused=false}
04-10 16:56:18.220: I/ActivityManager(136): Process com.appcelerator.titanium (pid 1694) has died.
04-10 16:56:18.220: W/ActivityManager(136): Force removing ActivityRecord{415ad8e0 com.appcelerator.titanium/org.appcelerator.titanium.TiActivity}: app died, no saved state
04-10 16:56:18.228: I/WindowManager(136): WIN DEATH: Window{41844fe8 com.appcelerator.titanium/ti.modules.titanium.ui.TiTabActivity paused=false}
04-10 16:56:18.231: I/WindowManager(136): WIN DEATH: Window{4178f4b8 com.appcelerator.titanium/org.appcelerator.titanium.TiActivity paused=false}
04-10 16:56:18.286: I/ActivityManager(136): Start proc com.appcelerator.titanium for activity com.appcelerator.titanium/ti.modules.titanium.ui.TiTabActivity: pid=1835 uid=10009 gids={1015, 1006, 3003}
04-10 16:56:18.302: I/dalvikvm(1835): Turning on JNI app bug workarounds for target SDK version 7...
04-10 16:56:18.435: D/dalvikvm(136): GC_CONCURRENT freed 767K, 29% free 12833K/17927K, paused 2ms+13ms
04-10 16:56:18.470: I/TiApplication(1835): (main) [0,0] checkpoint, app created.
04-10 16:56:18.544: D/dalvikvm(1835): GC_CONCURRENT freed 197K, 3% free 9337K/9607K, paused 3ms+2ms
04-10 16:56:18.571: D/dalvikvm(1835): GC_FOR_ALLOC freed 267K, 5% free 9452K/9927K, paused 17ms
04-10 16:56:18.681: D/dalvikvm(1835): GC_CONCURRENT freed 172K, 3% free 9764K/10055K, paused 2ms+2ms
04-10 16:56:18.810: D/dalvikvm(1835): GC_CONCURRENT freed 240K, 4% free 10033K/10375K, paused 1ms+3ms
04-10 16:56:18.841: I/TiApplication(1835): (main) [370,370] Titanium 1.7.5 (2011/11/02 17:00 ab20af7)
04-10 16:56:19.075: D/dalvikvm(1835): GC_CONCURRENT freed 452K, 6% free 10032K/10631K, paused 9ms+2ms
04-10 16:56:19.114: W/PhoneWindow(1835): Previously focused view reported id 101 during save, but can't be found during restore.
04-10 16:56:19.251: D/dalvikvm(136): GC_FOR_ALLOC freed 200K, 26% free 13383K/17927K, paused 50ms
04-10 16:56:19.255: I/dalvikvm-heap(136): Grow heap (frag case) to 14.463MB for 1382416-byte allocation
04-10 16:56:19.310: D/dalvikvm(136): GC_FOR_ALLOC freed 9K, 18% free 14723K/17927K, paused 44ms
04-10 16:56:19.329: I/TiRootActivity(1835): (main) [0,0] checkpoint, on root activity create, savedInstanceState: Bundle[mParcelledData.dataSize=204]
04-10 16:56:19.376: I/ActivityManager(136): Displayed com.appcelerator.titanium/ti.modules.titanium.ui.TiTabActivity: +1s131ms
04-10 16:56:19.521: D/dalvikvm(136): GC_CONCURRENT freed 609K, 22% free 14143K/17927K, paused 3ms+13ms
04-10 16:56:19.560: E/TiApplication(1835): (main) [232,232] APP PROXY: [Ti.App]
04-10 16:56:19.575: D/TiCommonContactsApi(1835): (main) [13,245] Using newer contacts api. Android SDK level: 15
04-10 16:56:19.649: D/dalvikvm(1835): GC_CONCURRENT freed 218K, 3% free 10326K/10631K, paused 3ms+5ms
04-10 16:56:19.817: D/KrollContext(1835): (kroll$1: app://app.js) [242,487] Running evaluated script: file:///android_asset/Resources/app.js
04-10 16:56:19.849: D/dalvikvm(1835): GC_CONCURRENT freed 265K, 4% free 10608K/10951K, paused 2ms+3ms
04-10 16:56:20.036: D/dalvikvm(1835): GC_CONCURRENT freed 616K, 7% free 10512K/11207K, paused 2ms+3ms
04-10 16:56:20.345: W/iPhone(1835): (kroll$1: app://app.js) [528,1015] UI.iPhone.AnimationStyle.FLIP_FROM_LEFT property isn't supported on Android
04-10 16:56:20.392: I/ActivityManager(136): START {cmp=com.appcelerator.titanium/ti.modules.titanium.ui.TiTabActivity (has extras)} from pid 1835
04-10 16:56:20.435: D/KrollContext(1835): (kroll$1: app://app.js) [89,1104] Running evaluated script: file:///android_asset/Resources/welcome.js
04-10 16:56:20.446: I/TiAPI(1835): (kroll$1: app://app.js) [12,1116] Welcome to Kitchen Sink for Titanium/1.7.5
04-10 16:56:20.446: D/TiAPI(1835): (kroll$1: app://app.js) [1,1117] user agent set to Dalvik/1.6.0 (Linux; U; Android 4.0.4; Nexus S Build/IMM76D) Titanium/1.7.5
04-10 16:56:20.446: D/TiAPI(1835): (kroll$1: app://app.js) [2,1119] locale specific date is 4/10/12
04-10 16:56:20.450: D/TiAPI(1835): (kroll$1: app://app.js) [1,1120] locale specific date (medium) is Apr 10, 2012
04-10 16:56:20.450: D/TiAPI(1835): (kroll$1: app://app.js) [1,1121] locale specific date (long) is April 10, 2012
04-10 16:56:20.450: D/TiAPI(1835): (kroll$1: app://app.js) [1,1122] locale specific time is 4:56 PM
04-10 16:56:20.454: D/TiAPI(1835): (kroll$1: app://app.js) [2,1124] locale specific currency is $12.99
04-10 16:56:20.454: D/TiAPI(1835): (kroll$1: app://app.js) [1,1125] locale specific decimal is 12.99
04-10 16:56:20.454: I/TiAPI(1835): (kroll$1: app://app.js) [1,1126] should be en, was = en
04-10 16:56:20.454: I/TiAPI(1835): (kroll$1: app://app.js) [0,1126] welcome_message = Welcome to Kitchen Sink for Titanium/
04-10 16:56:20.454: I/TiAPI(1835): (kroll$1: app://app.js) [1,1127] should be def, was = def
04-10 16:56:20.454: I/TiAPI(1835): (kroll$1: app://app.js) [0,1127] welcome_message = Welcome to Kitchen Sink for Titanium/
04-10 16:56:20.454: I/TiAPI(1835): (kroll$1: app://app.js) [0,1127] should be def, was = def
04-10 16:56:20.458: I/TiAPI(1835): (kroll$1: app://app.js) [1,1128] should be 1, was = 1
04-10 16:56:20.458: I/TiAPI(1835): (kroll$1: app://app.js) [1,1129] should be 1.0, was = 1.0
04-10 16:56:20.458: I/TiAPI(1835): (kroll$1: app://app.js) [0,1129] should be hello, was = hello
04-10 16:56:20.458: I/TiAPI(1835): (kroll$1: app://app.js) [1,1130] you should see a list of properties (3 or more) below this line
04-10 16:56:20.458: I/TiAPI(1835): (kroll$1: app://app.js) [0,1130] ---------------------------------------------------------------
04-10 16:56:20.458: I/TiAPI(1835): (kroll$1: app://app.js) [0,1130] win1 property: titleid
04-10 16:56:20.458: I/TiAPI(1835): (kroll$1: app://app.js) [1,1131] win1 property: title
04-10 16:56:20.458: I/TiAPI(1835): (kroll$1: app://app.js) [0,1131] win1 property: className
04-10 16:56:20.458: I/TiAPI(1835): (kroll$1: app://app.js) [0,1131] win1 property: titleImage
04-10 16:56:20.458: I/TiAPI(1835): (kroll$1: app://app.js) [0,1131] win1 property: url
04-10 16:56:20.458: I/TiAPI(1835): (kroll$1: app://app.js) [0,1131] Did you see properties? ^^^^^
04-10 16:56:20.462: I/TiAPI(1835): (kroll$1: app://app.js) [0,1131] ---------------------------------------------------------------
04-10 16:56:20.462: I/TiAPI(1835): (kroll$1: app://app.js) [1,1132] you should see a list of modules (3 or more) below this line
04-10 16:56:20.462: I/TiAPI(1835): (kroll$1: app://app.js) [0,1132] ---------------------------------------------------------------
04-10 16:56:20.462: I/TiAPI(1835): (kroll$1: app://app.js) [0,1132] module: userAgent
04-10 16:56:20.462: I/TiAPI(1835): (kroll$1: app://app.js) [0,1132] module: version
04-10 16:56:20.462: I/TiAPI(1835): (kroll$1: app://app.js) [0,1132] Did you see modules? ^^^^^
04-10 16:56:20.462: I/TiAPI(1835): (kroll$1: app://app.js) [1,1133] ---------------------------------------------------------------
04-10 16:56:20.462: D/KrollContext(1835): (kroll$1: app://app.js) [0,1133] Running evaluated script: file:///android_asset/Resources/examples/version.js
04-10 16:56:20.481: I/TiRootActivity(1835): (main) [0,0] checkpoint, on root activity resume. context = org.appcelerator.titanium.TiContext@41481350
04-10 16:56:20.505: W/TiAnalyticsSvc(1835): (Thread-227) [26,26] Analytics Service Started
04-10 16:56:20.603: D/dalvikvm(1835): GC_CONCURRENT freed 264K, 5% free 10647K/11207K, paused 3ms+3ms
04-10 16:56:20.630: D/dalvikvm(1835): GC_FOR_ALLOC freed 12K, 6% free 10635K/11207K, paused 25ms
04-10 16:56:20.630: I/dalvikvm-heap(1835): Grow heap (frag case) to 10.606MB for 157456-byte allocation
04-10 16:56:20.657: D/dalvikvm(1835): GC_FOR_ALLOC freed <1K, 6% free 10789K/11399K, paused 25ms
04-10 16:56:20.677: V/PhoneStatusBar(203): setLightsOn(true)
04-10 16:56:20.677: W/TiTabActivity(1835): (main) [173,199] Notifying TiTabGroup, activity is created
04-10 16:56:21.013: D/KrollContext(1835): (kroll$2: app://main_windows/base_ui.js) [335,534] Running evaluated script: app://main_windows/base_ui.js
04-10 16:56:21.091: D/dalvikvm(1835): GC_CONCURRENT freed 401K, 5% free 10966K/11463K, paused 2ms+3ms
04-10 16:56:21.192: I/TiAnalyticsSvc(1835): (Thread-227) [180,714] Sending 1 analytics events.
04-10 16:56:21.384: D/dalvikvm(1835): GC_CONCURRENT freed 392K, 5% free 11251K/11719K, paused 2ms+4ms
04-10 16:56:21.419: D/KrollContext(1835): (kroll$3: app://main_windows/controls.js) [225,939] Running evaluated script: app://main_windows/controls.js
04-10 16:56:21.610: I/ActivityManager(136): Displayed com.appcelerator.titanium/ti.modules.titanium.ui.TiTabActivity: +1s113ms
04-10 16:56:21.958: D/dalvikvm(1835): GC_CONCURRENT freed 631K, 7% free 11319K/12103K, paused 3ms+5ms
04-10 16:56:21.993: D/dalvikvm(1835): GC_FOR_ALLOC freed 20K, 7% free 11298K/12103K, paused 36ms
04-10 16:56:21.993: I/dalvikvm-heap(1835): Grow heap (frag case) to 11.182MB for 82816-byte allocation
04-10 16:56:22.040: D/dalvikvm(1835): GC_FOR_ALLOC freed 0K, 7% free 11379K/12231K, paused 34ms
04-10 16:56:22.614: W/TiAnalyticsSvc(1835): (Thread-227) [1195,2134] Stopping Analytics Service
04-10 16:56:22.626: I/TiAPI(1835): (kroll$1: app://app.js) [13,2147] tab Controls prevTab = Base UI
04-10 16:56:22.939: W/InputManagerService(136): Got RemoteException sending setActive(false) notification to pid 1694 uid 10009
04-10 16:56:50.856: I/Gmail(1743): MainSyncRequestProto: lowestBkwdConvoId: 0, highestHandledServerOp: 36160, normalSync: true
04-10 16:56:52.126: D/dalvikvm(1743): GC_CONCURRENT freed 378K, 6% free 9548K/10055K, paused 20ms+3ms
04-10 16:56:52.235: D/dalvikvm(1743): GC_EXPLICIT freed 231K, 6% free 9520K/10055K, paused 2ms+2ms
04-10 16:56:52.239: I/Gmail(1743): MainSyncRequestProto: lowestBkwdConvoId: 0, highestHandledServerOp: 36191, normalSync: true
04-10 16:56:52.251: W/Gmail(1743): Scheduling index for 300000 ms from now
04-10 16:56:52.274: I/Gmail(1743): Sending notification intent: Intent { act=android.intent.action.PROVIDER_CHANGED dat=content://gmail-ls/unread/^i (has extras) }
04-10 16:56:52.302: W/Gmail(1743): Showing notification with unreadCount of 214 and unseenCount of 40
04-10 16:56:52.372: I/Gmail(1743): Sending notification intent: Intent { act=android.intent.action.PROVIDER_CHANGED dat=content://gmail-ls/unread/^iim (has extras) }
04-10 16:57:11.446: D/AndroidRuntime(1868): >>>>>> AndroidRuntime START com.android.internal.os.RuntimeInit <<<<<<
04-10 16:57:11.446: D/AndroidRuntime(1868): CheckJNI is OFF
04-10 16:57:11.657: D/AndroidRuntime(1868): Calling main entry com.android.commands.pm.Pm
04-10 16:57:11.677: I/ActivityManager(136): Start proc com.android.defcontainer for service com.android.defcontainer/.DefaultContainerService: pid=1877 uid=10044 gids={1015, 2001}
04-10 16:57:11.720: W/ActivityManager(136): No content provider found for permission revoke: file:///data/local/tmp/app.apk
04-10 16:57:11.880: W/ActivityManager(136): No content provider found for permission revoke: file:///data/local/tmp/app.apk
04-10 16:57:12.032: D/dalvikvm(136): JIT code cache reset in 4 ms (1048548 bytes 1/0)
04-10 16:57:12.052: D/dalvikvm(136): GC_CONCURRENT freed 2077K, 27% free 13238K/17927K, paused 4ms+11ms
04-10 16:57:12.314: D/dalvikvm(136): GC_CONCURRENT freed 618K, 25% free 13575K/17927K, paused 2ms+4ms
04-10 16:57:12.481: D/dalvikvm(136): GC_CONCURRENT freed 1014K, 25% free 13603K/17927K, paused 3ms+5ms
04-10 16:57:12.649: D/dalvikvm(136): GC_CONCURRENT freed 1062K, 25% free 13601K/17927K, paused 3ms+5ms
04-10 16:57:12.806: D/dalvikvm(136): GC_CONCURRENT freed 1061K, 25% free 13605K/17927K, paused 3ms+5ms
04-10 16:57:13.001: D/dalvikvm(136): GC_CONCURRENT freed 1021K, 25% free 13622K/17927K, paused 2ms+5ms
04-10 16:57:13.411: D/dalvikvm(136): GC_CONCURRENT freed 1057K, 25% free 13616K/17927K, paused 3ms+5ms
04-10 16:57:13.864: I/PackageManager(136): Removing non-system package:com.appcelerator.titanium
04-10 16:57:13.864: I/ActivityManager(136): Force stopping package com.appcelerator.titanium uid=10009
04-10 16:57:13.864: I/ActivityManager(136): Killing proc 1835:com.appcelerator.titanium/10009: force stop
04-10 16:57:13.864: W/ActivityManager(136): Force removing ActivityRecord{41568938 com.appcelerator.titanium/ti.modules.titanium.ui.TiTabActivity}: app died, no saved state
04-10 16:57:13.876: I/ActivityManager(136): Force finishing activity ActivityRecord{41582d18 com.appcelerator.titanium/.KitchensinkActivity}
04-10 16:57:13.911: W/InputDispatcher(136): channel '417476a8 com.appcelerator.titanium/com.appcelerator.titanium.KitchensinkActivity (server)' ~ Consumer closed input channel or an error occurred. events=0x8
04-10 16:57:13.911: E/InputDispatcher(136): channel '417476a8 com.appcelerator.titanium/com.appcelerator.titanium.KitchensinkActivity (server)' ~ Channel is unrecoverably broken and will be disposed!
04-10 16:57:13.915: W/InputDispatcher(136): Attempted to unregister already unregistered input channel '417476a8 com.appcelerator.titanium/com.appcelerator.titanium.KitchensinkActivity (server)'
04-10 16:57:13.915: I/WindowManager(136): WIN DEATH: Window{417809f0 com.appcelerator.titanium/ti.modules.titanium.ui.TiTabActivity paused=false}
04-10 16:57:13.915: I/WindowManager(136): WIN DEATH: Window{417476a8 com.appcelerator.titanium/com.appcelerator.titanium.KitchensinkActivity paused=true}
04-10 16:57:13.915: I/WindowManager(136): WINDOW DIED Window{417476a8 com.appcelerator.titanium/com.appcelerator.titanium.KitchensinkActivity paused=true}
04-10 16:57:14.079: I/PackageManager(136): Package com.appcelerator.titanium codePath changed from /data/app/com.appcelerator.titanium-2.apk to /data/app/com.appcelerator.titanium-1.apk; Retaining data and using new
04-10 16:57:14.239: W/InputManagerService(136): Got RemoteException sending setActive(false) notification to pid 1835 uid 10009
04-10 16:57:14.345: D/dalvikvm(344): GC_FOR_ALLOC freed 4125K, 33% free 11563K/17095K, paused 27ms
04-10 16:57:14.349: I/dalvikvm-heap(344): Grow heap (frag case) to 12.241MB for 925072-byte allocation
04-10 16:57:14.388: D/dalvikvm(344): GC_FOR_ALLOC freed 71K, 28% free 12395K/17095K, paused 24ms
04-10 16:57:14.470: D/dalvikvm(344): GC_CONCURRENT freed <1K, 28% free 12395K/17095K, paused 2ms+9ms
04-10 16:57:14.610: I/PackageManager(136): Running dexopt on: com.appcelerator.titanium
04-10 16:57:14.716: D/dalvikvm(344): GC_FOR_ALLOC freed 1314K, 32% free 11724K/17095K, paused 71ms
04-10 16:57:14.888: D/dalvikvm(344): GC_FOR_ALLOC freed 91K, 28% free 12383K/17095K, paused 63ms
04-10 16:57:14.896: I/dalvikvm-heap(344): Grow heap (frag case) to 13.386MB for 1286224-byte allocation
04-10 16:57:14.950: D/dalvikvm(344): GC_FOR_ALLOC freed 2K, 21% free 13636K/17095K, paused 39ms
04-10 16:57:15.106: D/dalvikvm(344): GC_CONCURRENT freed 197K, 17% free 14331K/17095K, paused 3ms+18ms
04-10 16:57:15.239: D/dalvikvm(344): GC_FOR_ALLOC freed 2425K, 24% free 13114K/17095K, paused 46ms
04-10 16:57:15.341: D/dalvikvm(344): GC_CONCURRENT freed 327K, 18% free 14138K/17095K, paused 2ms+13ms
04-10 16:57:15.392: D/dalvikvm(1891): DexOpt: 'Lorg/apache/commons/codec/binary/Base64;' has an earlier definition; blocking out
04-10 16:57:15.392: D/dalvikvm(1891): DexOpt: 'Lorg/apache/commons/codec/binary/Hex;' has an earlier definition; blocking out
04-10 16:57:15.466: D/dalvikvm(1891): DexOpt: 'Lorg/w3c/dom/UserDataHandler;' has an earlier definition; blocking out
04-10 16:57:15.497: D/dalvikvm(344): GC_FOR_ALLOC freed 1991K, 24% free 13019K/17095K, paused 54ms
04-10 16:57:15.501: I/dalvikvm-heap(344): Grow heap (frag case) to 14.442MB for 1742416-byte allocation
04-10 16:57:15.560: D/dalvikvm(344): GC_CONCURRENT freed 1K, 14% free 14719K/17095K, paused 2ms+8ms
04-10 16:57:16.567: D/dalvikvm(1891): DexOpt: not verifying/optimizing 'Lorg/apache/commons/codec/binary/Base64;': multiple definitions
04-10 16:57:16.567: D/dalvikvm(1891): DexOpt: not verifying/optimizing 'Lorg/apache/commons/codec/binary/Hex;': multiple definitions
04-10 16:57:16.567: I/dalvikvm(1891): DexOpt: not resolving ambiguous class 'Lorg/apache/commons/codec/binary/Hex;'
04-10 16:57:16.720: I/dalvikvm(1891): DexOpt: not resolving ambiguous class 'Lorg/apache/commons/codec/binary/Base64;'
04-10 16:57:16.728: I/dalvikvm(1891): DexOpt: not resolving ambiguous class 'Lorg/apache/commons/codec/binary/Base64;'
04-10 16:57:16.899: D/dalvikvm(1891): DexOpt: not verifying/optimizing 'Lorg/w3c/dom/UserDataHandler;': multiple definitions
04-10 16:57:16.989: I/dalvikvm(1891): DexOpt: not resolving ambiguous class 'Lorg/apache/commons/codec/binary/Hex;'
04-10 16:57:17.134: I/dalvikvm(1891): DexOpt: not resolving ambiguous class 'Lorg/apache/commons/codec/binary/Base64;'
04-10 16:57:17.142: D/dalvikvm(1891): DexOpt: load 330ms, verify+opt 1533ms
04-10 16:57:17.767: I/ActivityManager(136): Force stopping package com.appcelerator.titanium uid=10009
04-10 16:57:17.782: W/PackageManager(136): Code path for pkg : com.appcelerator.titanium changing from /data/app/com.appcelerator.titanium-2.apk to /data/app/com.appcelerator.titanium-1.apk
04-10 16:57:17.782: W/PackageManager(136): Resource path for pkg : com.appcelerator.titanium changing from /data/app/com.appcelerator.titanium-2.apk to /data/app/com.appcelerator.titanium-1.apk
04-10 16:57:17.884: D/PackageManager(136): New package installed in /data/app/com.appcelerator.titanium-1.apk
04-10 16:57:18.231: I/ActivityManager(136): Force stopping package com.appcelerator.titanium uid=10009
04-10 16:57:18.271: I/RegisteredComponentCache(333): ComponentInfo: ResolveInfo{41376f20 com.android.apps.tag.TagViewer p=0 o=0 m=0x108000}, techs: android.nfc.tech.Ndef,
04-10 16:57:18.376: D/dalvikvm(136): GC_EXPLICIT freed 738K, 25% free 13483K/17927K, paused 4ms+12ms
04-10 16:57:18.380: D/PackageManager(136): generateServicesMap(android.accounts.AccountAuthenticator): 3 services unchanged
04-10 16:57:18.407: D/PackageManager(136): generateServicesMap(android.content.SyncAdapter): 14 services unchanged
04-10 16:57:18.407: D/BackupManagerService(136): Received broadcast Intent { act=android.intent.action.PACKAGE_REMOVED dat=package:com.appcelerator.titanium flg=0x10000010 (has extras) }
04-10 16:57:18.415: D/PackageManager(136): generateServicesMap(android.accounts.AccountAuthenticator): 3 services unchanged
04-10 16:57:18.423: I/RegisteredComponentCache(333): ComponentInfo: ResolveInfo{41378358 com.android.apps.tag.TagViewer p=0 o=0 m=0x108000}, techs: android.nfc.tech.Ndef,
04-10 16:57:18.431: D/PackageManager(136): generateServicesMap(android.content.SyncAdapter): 14 services unchanged
04-10 16:57:18.458: D/SyncManager(136): setIsSyncable: Account {name=appcel123@gmail.com, type=com.google}, provider com.google.android.gallery3d.GooglePhotoProvider -> 0
04-10 16:57:18.458: D/SyncManager(136): setIsSyncable: already set to 0, doing nothing
04-10 16:57:18.505: D/BackupManagerService(136): Received broadcast Intent { act=android.intent.action.PACKAGE_ADDED dat=package:com.appcelerator.titanium flg=0x10000010 (has extras) }
04-10 16:57:18.505: V/BackupManagerService(136): updatePackageParticipantsLocked: #1
04-10 16:57:18.521: I/ActivityManager(136): Start proc com.android.keychain for broadcast com.android.keychain/.KeyChainBroadcastReceiver: pid=1892 uid=1000 gids={1015, 3002, 3001, 3003, 3007}
04-10 16:57:18.845: I/ActivityManager(136): Start proc com.google.android.partnersetup for broadcast com.google.android.partnersetup/.RlzPingBroadcastReceiver: pid=1906 uid=10036 gids={3003}
04-10 16:57:18.927: I/ActivityManager(136): No longer want com.google.android.apps.maps:FriendService (pid 1649): hidden #16
04-10 16:57:18.939: D/BackupManagerService(136): Received broadcast Intent { act=android.intent.action.PACKAGE_REPLACED dat=package:com.appcelerator.titanium flg=0x10000010 (has extras) }
04-10 16:57:18.939: V/BackupManagerService(136): updatePackageParticipantsLocked: #1
04-10 16:57:18.950: I/ActivityThread(1906): Pub com.google.android.partnersetup.rlzprovider: com.google.android.partnersetup.RlzProvider
04-10 16:57:18.962: I/ActivityThread(1906): Pub com.google.android.partnersetup.rlzappprovider: com.google.android.partnersetup.RlzAppProvider
04-10 16:57:19.130: D/SyncManager(136): setIsSyncable: Account {name=appcel123@gmail.com, type=com.google}, provider com.google.android.gallery3d.GooglePhotoProvider -> 0
04-10 16:57:19.130: D/SyncManager(136): setIsSyncable: already set to 0, doing nothing
04-10 16:57:19.224: D/dalvikvm(344): GC_FOR_ALLOC freed 4220K, 32% free 11672K/17095K, paused 28ms
04-10 16:57:19.224: I/dalvikvm-heap(344): Grow heap (frag case) to 12.347MB for 925072-byte allocation
04-10 16:57:19.278: I/ActivityManager(136): Start proc com.google.android.apps.maps:FriendService for broadcast com.google.android.apps.maps/com.google.googlenav.friend.android.ServiceReceiver: pid=1919 uid=10027 gids={3003, 1015}
04-10 16:57:19.278: I/ActivityManager(136): No longer want com.google.android.apps.maps:LocationFriendService (pid 1676): hidden #16
04-10 16:57:19.306: D/dalvikvm(344): GC_FOR_ALLOC freed 67K, 27% free 12508K/17095K, paused 57ms
04-10 16:57:19.431: D/dalvikvm(344): GC_CONCURRENT freed 26K, 27% free 12537K/17095K, paused 2ms+21ms
04-10 16:57:19.564: D/dalvikvm(1919): GC_CONCURRENT freed 173K, 3% free 9362K/9607K, paused 2ms+3ms
04-10 16:57:19.599: D/dalvikvm(344): GC_FOR_ALLOC freed 1025K, 31% free 11931K/17095K, paused 67ms
04-10 16:57:19.603: I/dalvikvm-heap(344): Grow heap (frag case) to 12.944MB for 1286224-byte allocation
04-10 16:57:19.669: D/dalvikvm(344): GC_FOR_ALLOC freed 4K, 23% free 13182K/17095K, paused 37ms
04-10 16:57:19.817: D/dalvikvm(344): GC_CONCURRENT freed 1K, 21% free 13612K/17095K, paused 2ms+11ms
04-10 16:57:19.864: I/ActivityManager(136): Start proc com.google.android.apps.maps:LocationFriendService for broadcast com.google.android.apps.maps/com.google.googlenav.friend.reporting.LocationReportingIntentReceiver: pid=1932 uid=10027 gids={3003, 1015}
04-10 16:57:19.868: I/ActivityManager(136): No longer want android.process.media (pid 1784): hidden #16
04-10 16:57:19.989: D/dalvikvm(1932): GC_CONCURRENT freed 175K, 3% free 9359K/9607K, paused 2ms+2ms
04-10 16:57:20.083: D/dalvikvm(1919): GC_CONCURRENT freed 197K, 4% free 9596K/9927K, paused 2ms+21ms
04-10 16:57:20.110: I/System.out(1932): VectorGlobalState: Server:https://mobilemaps.clients.google.com/glm/mmap Type:3
04-10 16:57:20.149: D/dalvikvm(1932): GC_CONCURRENT freed 231K, 4% free 9641K/9991K, paused 2ms+4ms
04-10 16:57:20.310: I/ActivityManager(136): No longer want com.google.android.inputmethod.latin.dictionarypack (pid 1721): hidden #16
04-10 16:57:20.329: D/dalvikvm(344): GC_CONCURRENT freed 1887K, 23% free 13211K/17095K, paused 3ms+6ms
04-10 16:57:20.552: D/dalvikvm(344): GC_FOR_ALLOC freed 2043K, 30% free 11991K/17095K, paused 25ms
04-10 16:57:20.630: D/dalvikvm(344): GC_CONCURRENT freed 22K, 25% free 12872K/17095K, paused 2ms+9ms
04-10 16:57:20.735: D/dalvikvm(344): GC_FOR_ALLOC freed 1711K, 30% free 11968K/17095K, paused 26ms
04-10 16:57:20.739: I/dalvikvm-heap(344): Grow heap (frag case) to 12.981MB for 1286224-byte allocation
04-10 16:57:20.814: D/dalvikvm(344): GC_CONCURRENT freed 6K, 23% free 13218K/17095K, paused 2ms+11ms
04-10 16:57:20.899: D/dalvikvm(203): GC_CONCURRENT freed 429K, 15% free 10573K/12295K, paused 1ms+3ms
04-10 16:57:20.942: D/dalvikvm(1326): GC_CONCURRENT freed 371K, 6% free 9420K/9927K, paused 19ms+2ms
04-10 16:57:21.067: D/dalvikvm(344): GC_FOR_ALLOC freed 2076K, 28% free 12325K/17095K, paused 25ms
04-10 16:57:21.122: D/dalvikvm(344): GC_FOR_ALLOC freed 596K, 27% free 12495K/17095K, paused 24ms
04-10 16:57:21.157: D/dalvikvm(344): GC_FOR_ALLOC freed <1K, 23% free 13224K/17095K, paused 25ms
04-10 16:57:21.247: D/dalvikvm(344): GC_CONCURRENT freed 328K, 17% free 14246K/17095K, paused 1ms+7ms
04-10 16:57:21.329: D/dalvikvm(344): GC_FOR_ALLOC freed 1990K, 24% free 13129K/17095K, paused 26ms
04-10 16:57:21.329: I/dalvikvm-heap(344): Grow heap (frag case) to 14.549MB for 1742416-byte allocation
04-10 16:57:21.368: D/dalvikvm(344): GC_CONCURRENT freed 1K, 22% free 14829K/18823K, paused 2ms+3ms
04-10 16:57:21.462: D/dalvikvm(136): GC_EXPLICIT freed 1803K, 30% free 12728K/17927K, paused 7ms+92ms
04-10 16:57:21.493: D/AndroidRuntime(1868): Shutting down VM
04-10 16:57:21.497: D/dalvikvm(1868): GC_CONCURRENT freed 97K, 83% free 451K/2560K, paused 1ms+1ms
04-10 16:57:21.501: I/AndroidRuntime(1868): NOTE: attach of thread 'Binder Thread #3' failed
04-10 16:57:21.888: I/ActivityManager(136): No longer want com.google.android.gsf.login (pid 1763): hidden #16
04-10 16:58:20.560: I/wpa_supplicant(269): wlan0: WPA: Group rekeying completed with c0:62:6b:67:1f:e2 [GTK=CCMP]
04-10 16:58:36.212: I/ActivityManager(136): START {act=android.intent.action.MAIN cat=[android.intent.category.LAUNCHER] flg=0x10200000 cmp=com.appcelerator.titanium/.KitchensinkActivity} from pid 344
04-10 16:58:36.294: I/ActivityManager(136): Start proc com.appcelerator.titanium for activity com.appcelerator.titanium/.KitchensinkActivity: pid=1955 uid=10009 gids={1015, 1006, 3003}
04-10 16:58:36.337: I/dalvikvm(1955): Turning on JNI app bug workarounds for target SDK version 8...
04-10 16:58:36.368: D/OpenGLRenderer(344): Flushing caches (mode 1)
04-10 16:58:36.396: D/dalvikvm(80): GC_EXPLICIT freed 38K, 4% free 9030K/9347K, paused 2ms+3ms
04-10 16:58:36.454: D/dalvikvm(136): GC_CONCURRENT freed 218K, 26% free 13383K/17927K, paused 3ms+13ms
04-10 16:58:36.481: D/dalvikvm(80): GC_EXPLICIT freed <1K, 4% free 9030K/9347K, paused 3ms+4ms
04-10 16:58:36.524: D/dalvikvm(136): GC_FOR_ALLOC freed 31K, 26% free 13351K/17927K, paused 67ms
04-10 16:58:36.528: I/dalvikvm-heap(136): Grow heap (frag case) to 14.431MB for 1382416-byte allocation
04-10 16:58:36.595: D/dalvikvm(136): GC_FOR_ALLOC freed <1K, 18% free 14701K/17927K, paused 46ms
04-10 16:58:36.603: I/TiApplication(1955): (main) [0,0] checkpoint, app created.
04-10 16:58:36.626: D/dalvikvm(80): GC_EXPLICIT freed <1K, 4% free 9030K/9347K, paused 1ms+36ms
04-10 16:58:36.759: D/dalvikvm(1955): GC_CONCURRENT freed 194K, 3% free 9341K/9607K, paused 5ms+3ms
04-10 16:58:36.821: D/dalvikvm(1955): GC_CONCURRENT freed 294K, 5% free 9454K/9927K, paused 2ms+2ms
04-10 16:58:36.853: D/OpenGLRenderer(344): Flushing caches (mode 0)
04-10 16:58:36.962: D/dalvikvm(1955): GC_CONCURRENT freed 180K, 3% free 9783K/10055K, paused 2ms+5ms
04-10 16:58:37.138: D/dalvikvm(1955): GC_CONCURRENT freed 239K, 4% free 10060K/10375K, paused 2ms+2ms
04-10 16:58:37.173: I/TiApplication(1955): (main) [568,568] Titanium 2.0.1 (2012/04/10 10:34 b11cc3e)
04-10 16:58:37.349: I/TiApplication(1955): (main) [177,745] Titanium Javascript runtime: v8
04-10 16:58:37.356: D/dalvikvm(1955): Trying to load lib /data/data/com.appcelerator.titanium/lib/libstlport_shared.so 0x4133ad20
04-10 16:58:37.372: D/dalvikvm(1955): Added shared lib /data/data/com.appcelerator.titanium/lib/libstlport_shared.so 0x4133ad20
04-10 16:58:37.372: D/dalvikvm(1955): No JNI_OnLoad found in /data/data/com.appcelerator.titanium/lib/libstlport_shared.so 0x4133ad20, skipping init
04-10 16:58:37.376: D/dalvikvm(1955): Trying to load lib /data/data/com.appcelerator.titanium/lib/libkroll-v8.so 0x4133ad20
04-10 16:58:37.423: D/dalvikvm(1955): Added shared lib /data/data/com.appcelerator.titanium/lib/libkroll-v8.so 0x4133ad20
04-10 16:58:37.423: I/TiRootActivity(1955): (main) [0,0] checkpoint, on root activity create, savedInstanceState: null
04-10 16:58:37.474: D/dalvikvm(1955): GC_CONCURRENT freed 493K, 6% free 10046K/10631K, paused 3ms+3ms
04-10 16:58:37.884: E/TiApplication(1955): (KrollRuntimeThread) [458,458] APP PROXY: ti.modules.titanium.app.AppModule@413b12a0
04-10 16:58:37.907: W/V8Object(1955): Runtime disposed, cannot set property 'userAgent'
04-10 16:58:38.310: E/TiAPI(1955): !!!
04-10 16:58:38.314: E/TiAPI(1955): !!! WARNING : Use of unsupported constant Ti.UI.iPhone.AnimationStyle.FLIP_FROM_LEFT !!!
04-10 16:58:38.314: E/TiAPI(1955): !!!
04-10 16:58:38.372: I/ActivityManager(136): START {cmp=com.appcelerator.titanium/ti.modules.titanium.ui.TiTabActivity (has extras)} from pid 1955
04-10 16:58:38.450: I/TiAPI(1955): Welcome to Kitchen Sink for Titanium/2.0.1
04-10 16:58:38.450: D/TiAPI(1955): user agent set to Dalvik/1.6.0 (Linux; U; Android 4.0.4; Nexus S Build/IMM76D) Titanium/2.0.1
04-10 16:58:38.454: D/TiAPI(1955): locale specific date is 4/10/12
04-10 16:58:38.454: D/TiAPI(1955): locale specific date (medium) is Apr 10, 2012
04-10 16:58:38.454: D/TiAPI(1955): locale specific date (long) is April 10, 2012
04-10 16:58:38.454: D/TiAPI(1955): locale specific time is 4:58 PM
04-10 16:58:38.458: D/TiAPI(1955): locale specific currency is $12.99
04-10 16:58:38.458: D/TiAPI(1955): locale specific decimal is 12.99
04-10 16:58:38.462: I/TiAPI(1955): should be en, was = en
04-10 16:58:38.462: I/TiAPI(1955): welcome_message = Welcome to Kitchen Sink for Titanium/
04-10 16:58:38.462: I/TiAPI(1955): should be def, was = def
04-10 16:58:38.462: I/TiAPI(1955): welcome_message = Welcome to Kitchen Sink for Titanium/
04-10 16:58:38.462: I/TiAPI(1955): should be def, was = def
04-10 16:58:38.462: I/TiAPI(1955): should be 1, was = 1
04-10 16:58:38.466: E/TitaniumModule(1955): (KrollRuntimeThread) [583,1041] Error in string format
04-10 16:58:38.466: E/TitaniumModule(1955): java.util.IllegalFormatConversionException: %f can't format java.lang.Integer arguments
04-10 16:58:38.466: E/TitaniumModule(1955): at java.util.Formatter.badArgumentType(Formatter.java:1487)
04-10 16:58:38.466: E/TitaniumModule(1955): at java.util.Formatter.transformFromFloat(Formatter.java:2036)
04-10 16:58:38.466: E/TitaniumModule(1955): at java.util.Formatter.transform(Formatter.java:1463)
04-10 16:58:38.466: E/TitaniumModule(1955): at java.util.Formatter.doFormat(Formatter.java:1079)
04-10 16:58:38.466: E/TitaniumModule(1955): at java.util.Formatter.format(Formatter.java:1040)
04-10 16:58:38.466: E/TitaniumModule(1955): at java.util.Formatter.format(Formatter.java:1009)
04-10 16:58:38.466: E/TitaniumModule(1955): at java.lang.String.format(String.java:1998)
04-10 16:58:38.466: E/TitaniumModule(1955): at java.lang.String.format(String.java:1972)
04-10 16:58:38.466: E/TitaniumModule(1955): at ti.modules.titanium.TitaniumModule.stringFormat(TitaniumModule.java:299)
04-10 16:58:38.466: E/TitaniumModule(1955): at org.appcelerator.kroll.runtime.v8.V8Runtime.nativeRunModule(Native Method)
04-10 16:58:38.466: E/TitaniumModule(1955): at org.appcelerator.kroll.runtime.v8.V8Runtime.doRunModule(V8Runtime.java:134)
04-10 16:58:38.466: E/TitaniumModule(1955): at org.appcelerator.kroll.KrollRuntime.handleMessage(KrollRuntime.java:267)
04-10 16:58:38.466: E/TitaniumModule(1955): at org.appcelerator.kroll.runtime.v8.V8Runtime.handleMessage(V8Runtime.java:160)
04-10 16:58:38.466: E/TitaniumModule(1955): at android.os.Handler.dispatchMessage(Handler.java:95)
04-10 16:58:38.466: E/TitaniumModule(1955): at android.os.Looper.loop(Looper.java:137)
04-10 16:58:38.466: E/TitaniumModule(1955): at org.appcelerator.kroll.KrollRuntime$KrollRuntimeThread.run(KrollRuntime.java:104)
04-10 16:58:38.466: I/TiAPI(1955): should be 1.0, was = null
04-10 16:58:38.466: I/TiAPI(1955): should be hello, was = hello
04-10 16:58:38.470: I/TiAPI(1955): you should see a list of properties (3 or more) below this line
04-10 16:58:38.470: I/TiAPI(1955): ---------------------------------------------------------------
04-10 16:58:38.470: I/TiAPI(1955): win1 property: children
04-10 16:58:38.470: I/TiAPI(1955): win1 property: size
04-10 16:58:38.470: I/TiAPI(1955): win1 property: center
04-10 16:58:38.470: I/TiAPI(1955): win1 property: borderRadius
04-10 16:58:38.470: I/TiAPI(1955): win1 property: keepScreenOn
04-10 16:58:38.470: I/TiAPI(1955): win1 property: tab
04-10 16:58:38.470: I/TiAPI(1955): win1 property: backgroundSelectedImage
04-10 16:58:38.470: I/TiAPI(1955): win1 property: borderColor
04-10 16:58:38.470: I/TiAPI(1955): win1 property: backgroundSelectedColor
04-10 16:58:38.470: I/TiAPI(1955): win1 property: backgroundPadding
04-10 16:58:38.470: I/TiAPI(1955): win1 property: _hasJavaListener
04-10 16:58:38.470: I/TiAPI(1955): win1 property: top
04-10 16:58:38.470: I/TiAPI(1955): win1 property: width
04-10 16:58:38.470: I/TiAPI(1955): win1 property: visible
04-10 16:58:38.470: I/TiAPI(1955): win1 property: touchEnabled
04-10 16:58:38.470: I/TiAPI(1955): win1 property: softKeyboardOnFocus
04-10 16:58:38.470: I/TiAPI(1955): win1 property: opacity
04-10 16:58:38.470: I/TiAPI(1955): win1 property: backgroundFocusedImage
04-10 16:58:38.470: I/TiAPI(1955): win1 property: backgroundRepeat
04-10 16:58:38.470: I/TiAPI(1955): win1 property: backgroundFocusedColor
04-10 16:58:38.470: I/TiAPI(1955): win1 property: enabled
04-10 16:58:38.470: I/TiAPI(1955): win1 property: exitOnClose
04-10 16:58:38.470: I/TiAPI(1955): win1 property: backgroundColor
04-10 16:58:38.470: I/TiAPI(1955): win1 property: backgroundDisabledColor
04-10 16:58:38.470: I/TiAPI(1955): win1 property: transform
04-10 16:58:38.470: I/TiAPI(1955): win1 property: windowSoftInputMode
04-10 16:58:38.470: I/TiAPI(1955): win1 property: zIndex
04-10 16:58:38.470: I/TiAPI(1955): win1 property: borderWidth
04-10 16:58:38.470: I/TiAPI(1955): win1 property: parent
04-10 16:58:38.470: I/TiAPI(1955): win1 property: tabGroup
04-10 16:58:38.470: I/TiAPI(1955): win1 property: titleid
04-10 16:58:38.470: I/TiAPI(1955): win1 property: leftNavButton
04-10 16:58:38.470: I/TiAPI(1955): win1 property: navBarHidden
04-10 16:58:38.470: I/TiAPI(1955): win1 property: right
04-10 16:58:38.470: I/TiAPI(1955): win1 property: bottom
04-10 16:58:38.470: I/TiAPI(1955): win1 property: layout
04-10 16:58:38.470: I/TiAPI(1955): win1 property: focusable
04-10 16:58:38.470: I/TiAPI(1955): win1 property: left
04-10 16:58:38.470: I/TiAPI(1955): win1 property: fullscreen
04-10 16:58:38.470: I/TiAPI(1955): win1 property: backgroundDisabledImage
04-10 16:58:38.470: I/TiAPI(1955): win1 property: title
04-10 16:58:38.470: I/TiAPI(1955): win1 property: backgroundImage
04-10 16:58:38.470: I/TiAPI(1955): win1 property: _internalActivity
04-10 16:58:38.470: I/TiAPI(1955): win1 property: rect
04-10 16:58:38.470: I/TiAPI(1955): win1 property: url
04-10 16:58:38.470: I/TiAPI(1955): win1 property: modal
04-10 16:58:38.470: I/TiAPI(1955): win1 property: height
04-10 16:58:38.470: I/TiAPI(1955): win1 property: className
04-10 16:58:38.470: I/TiAPI(1955): win1 property: currentState
04-10 16:58:38.470: I/TiAPI(1955): win1 property: _sourceUrl
04-10 16:58:38.470: I/TiAPI(1955): win1 property: _currentActivity
04-10 16:58:38.470: I/TiAPI(1955): win1 property: _module
04-10 16:58:38.470: I/TiAPI(1955): win1 property: _children
04-10 16:58:38.470: I/TiAPI(1955): win1 property: _postOpenChildren
04-10 16:58:38.470: I/TiAPI(1955): win1 property: _events
04-10 16:58:38.470: I/TiAPI(1955): win1 property: isActivity
04-10 16:58:38.470: I/TiAPI(1955): win1 property: state
04-10 16:58:38.470: I/TiAPI(1955): win1 property: cachedOrientationModes
04-10 16:58:38.470: I/TiAPI(1955): win1 property: cachedActivityProxy
04-10 16:58:38.470: I/TiAPI(1955): win1 property: getActivityDecorView
04-10 16:58:38.470: I/TiAPI(1955): win1 property: setCachedProperty
04-10 16:58:38.470: I/TiAPI(1955): win1 property: getCachedProperty
04-10 16:58:38.470: I/TiAPI(1955): win1 property: getOrientation
04-10 16:58:38.470: I/TiAPI(1955): win1 property: getOrientationModes
04-10 16:58:38.470: I/TiAPI(1955): win1 property: setOrientationModes
04-10 16:58:38.470: I/TiAPI(1955): win1 property: getActivity
04-10 16:58:38.470: I/TiAPI(1955): win1 property: getWindowPixelFormat
04-10 16:58:38.470: I/TiAPI(1955): win1 property: setWindowPixelFormat
04-10 16:58:38.470: I/TiAPI(1955): win1 property: open
04-10 16:58:38.470: I/TiAPI(1955): win1 property: setWindow
04-10 16:58:38.470: I/TiAPI(1955): win1 property: postOpen
04-10 16:58:38.470: I/TiAPI(1955): win1 property: runWindowUrl
04-10 16:58:38.470: I/TiAPI(1955): win1 property: loadUrl
04-10 16:58:38.470: I/TiAPI(1955): win1 property: close
04-10 16:58:38.470: I/TiAPI(1955): win1 property: add
04-10 16:58:38.470: I/TiAPI(1955): win1 property: addChildren
04-10 16:58:38.470: I/TiAPI(1955): win1 property: addPostOpenChildren
04-10 16:58:38.470: I/TiAPI(1955): win1 property: remove
04-10 16:58:38.470: I/TiAPI(1955): win1 property: removeChildren
04-10 16:58:38.470: I/TiAPI(1955): win1 property: animate
04-10 16:58:38.470: I/TiAPI(1955): win1 property: addEventListener
04-10 16:58:38.470: I/TiAPI(1955): win1 property: removeEventListener
04-10 16:58:38.470: I/TiAPI(1955): win1 property: fireEvent
04-10 16:58:38.470: I/TiAPI(1955): win1 property: setPropertyAndFire
04-10 16:58:38.470: I/TiAPI(1955): Did you see properties? ^^^^^
04-10 16:58:38.470: I/TiAPI(1955): ---------------------------------------------------------------
04-10 16:58:38.470: I/TiAPI(1955): you should see a list of modules (3 or more) below this line
04-10 16:58:38.470: I/TiAPI(1955): ---------------------------------------------------------------
04-10 16:58:38.470: I/TiAPI(1955): module: sourceUrl
04-10 16:58:38.470: I/TiAPI(1955): module: global
04-10 16:58:38.470: I/TiAPI(1955): module: include
04-10 16:58:38.470: I/TiAPI(1955): module: Android
04-10 16:58:38.470: I/TiAPI(1955): module: UI
04-10 16:58:38.470: I/TiAPI(1955): module: Network
04-10 16:58:38.470: I/TiAPI(1955): module: Map
04-10 16:58:38.470: I/TiAPI(1955): module: Media
04-10 16:58:38.470: I/TiAPI(1955): module: Database
04-10 16:58:38.470: I/TiAPI(1955): module: Filesystem
04-10 16:58:38.470: I/TiAPI(1955): module: createBuffer
04-10 16:58:38.470: I/TiAPI(1955): module: Service
04-10 16:58:38.470: I/TiAPI(1955): module: Locale
04-10 16:58:38.470: I/TiAPI(1955): module: buildDate
04-10 16:58:38.470: I/TiAPI(1955): module: userAgent
04-10 16:58:38.470: I/TiAPI(1955): module: _hasJavaListener
04-10 16:58:38.470: I/TiAPI(1955): module: invocationAPIs
04-10 16:58:38.470: I/TiAPI(1955): module: externalModules
04-10 16:58:38.470: I/TiAPI(1955): module: buildHash
04-10 16:58:38.470: I/TiAPI(1955): module: version
04-10 16:58:38.470: I/TiAPI(1955): module: buildTimestamp
04-10 16:58:38.470: I/TiAPI(1955): module: __propertiesDefined__
04-10 16:58:38.470: I/TiAPI(1955): module: TiBaseWindow
04-10 16:58:38.474: I/TiAPI(1955): module: TiWindow
04-10 16:58:38.474: I/TiAPI(1955): module: TiView
04-10 16:58:38.474: I/TiAPI(1955): module: App
04-10 16:58:38.474: I/TiAPI(1955): module: Wrapper
04-10 16:58:38.474: I/TiAPI(1955): module: initScopeVars
04-10 16:58:38.474: I/TiAPI(1955): module: getUrlSource
04-10 16:58:38.474: I/TiAPI(1955): module: bindInvocationAPIs
04-10 16:58:38.474: I/TiAPI(1955): module: Proxy
04-10 16:58:38.474: I/TiAPI(1955): module: Activity
04-10 16:58:38.474: I/TiAPI(1955): module: API
04-10 16:58:38.474: I/TiAPI(1955): Did you see modules? ^^^^^
04-10 16:58:38.474: I/TiAPI(1955): ---------------------------------------------------------------
04-10 16:58:38.536: D/dalvikvm(1955): GC_CONCURRENT freed 290K, 5% free 10176K/10631K, paused 2ms+2ms
04-10 16:58:38.556: D/dalvikvm(1955): GC_FOR_ALLOC freed 36K, 5% free 10140K/10631K, paused 19ms
04-10 16:58:38.560: I/dalvikvm-heap(1955): Grow heap (frag case) to 10.558MB for 614416-byte allocation
04-10 16:58:38.606: D/dalvikvm(1955): GC_FOR_ALLOC freed <1K, 5% free 10740K/11271K, paused 19ms
04-10 16:58:38.614: I/TiRootActivity(1955): (main) [0,0] checkpoint, on root activity resume. activity = com.appcelerator.titanium.KitchensinkActivity@4149fc78
04-10 16:58:38.661: D/TiUIView(1955): (main) [49,49] Nativeview is null
04-10 16:58:38.661: D/TiUIView(1955): (main) [0,49] Nativeview is null
04-10 16:58:38.696: D/dalvikvm(1955): GC_FOR_ALLOC freed 631K, 10% free 10250K/11271K, paused 22ms
04-10 16:58:38.708: V/PhoneStatusBar(203): setLightsOn(true)
04-10 16:58:38.708: W/TiTabActivity(1955): (main) [45,94] Notifying TiTabGroup, activity is created
04-10 16:58:38.860: D/TiUIView(1955): (main) [153,247] Nativeview is null
04-10 16:58:38.864: D/Window(1955): Loading window with URL: main_windows/base_ui.js
04-10 16:58:38.892: D/Module(1955): Loading module: main_windows/base_ui -> Resources/main_windows/base_ui.js
04-10 16:58:38.919: D/dalvikvm(1955): GC_CONCURRENT freed 154K, 7% free 10566K/11271K, paused 2ms+5ms
04-10 16:58:39.368: D/TiUIView(1955): (main) [508,755] Nativeview is null
04-10 16:58:39.368: D/Window(1955): Loading window with URL: main_windows/controls.js
04-10 16:58:39.372: D/Module(1955): Loading module: main_windows/controls -> Resources/main_windows/controls.js
04-10 16:58:39.442: I/TiAPI(1955): tab blur - new index 0 old index -1
04-10 16:58:39.450: D/Window(1955): unable to open, window is not closed
04-10 16:58:39.458: D/Window(1955): unable to open, window is not closed
04-10 16:58:39.564: D/dalvikvm(1955): GC_CONCURRENT freed 391K, 6% free 10689K/11271K, paused 2ms+3ms
04-10 16:58:39.665: I/ActivityManager(136): Displayed com.appcelerator.titanium/ti.modules.titanium.ui.TiTabActivity: +1s40ms (total +3s406ms)
04-10 16:58:39.677: D/TiUIView(1955): (main) [307,1062] Nativeview is null
04-10 16:58:39.677: D/TiUIView(1955): (main) [1,1063] Nativeview is null
04-10 16:58:39.829: D/dalvikvm(1955): GC_FOR_ALLOC freed 78K, 5% free 10734K/11271K, paused 32ms
04-10 16:58:39.829: I/dalvikvm-heap(1955): Grow heap (frag case) to 10.690MB for 144016-byte allocation
04-10 16:58:39.868: D/dalvikvm(1955): GC_FOR_ALLOC freed 13K, 6% free 10861K/11463K, paused 37ms
04-10 16:58:40.341: I/TiAPI(1955): tab Base UI prevTab = no tab
04-10 16:58:40.450: I/TiAPI(1955): tab Controls prevTab = Base UI
04-10 16:58:41.341: D/Window(1955): unable to close, window is not opened
04-10 16:58:41.356: W/InputManagerService(136): Starting input on non-focused client com.android.internal.view.IInputMethodClient$Stub$Proxy@417660f8 (uid=10031 pid=344)
