04-10 16:09:55.810: D/UploadsManager(915): fsid not changed
04-10 16:09:55.825: D/MediaProvider(382): object removed 258
04-10 16:09:55.860: D/UploadsManager(915): FsId changed! -1
04-10 16:09:55.868: D/UploadsManager(915): fsid not changed
04-10 16:09:55.884: D/MediaProvider(382): object removed 284
04-10 16:09:55.946: D/MediaProvider(382): object removed 159
04-10 16:09:55.993: D/dalvikvm(915): GC_EXPLICIT freed 340K, 5% free 9640K/10055K, paused 6ms+12ms
04-10 16:09:56.017: D/UploadsManager(915): FsId changed! -1
04-10 16:09:56.024: D/UploadsManager(915): fsid not changed
04-10 16:09:57.810: D/UploadsManager(915): FsId changed! -1
04-10 16:09:57.825: D/UploadsManager(915): fsid not changed
04-10 16:09:57.845: D/MediaProvider(382): object removed 266
04-10 16:09:57.892: D/UploadsManager(915): FsId changed! -1
04-10 16:09:57.899: D/UploadsManager(915): fsid not changed
04-10 16:09:57.919: D/MediaProvider(382): object removed 259
04-10 16:09:57.950: D/UploadsManager(915): FsId changed! -1
04-10 16:09:57.966: D/UploadsManager(915): fsid not changed
04-10 16:09:57.974: D/MediaProvider(382): object removed 157
04-10 16:09:58.021: D/UploadsManager(915): FsId changed! -1
04-10 16:09:58.024: D/UploadsManager(915): fsid not changed
04-10 16:09:58.044: D/MediaProvider(382): object removed 137
04-10 16:09:58.079: D/UploadsManager(915): FsId changed! -1
04-10 16:09:58.087: D/UploadsManager(915): fsid not changed
04-10 16:09:58.106: D/MediaProvider(382): object removed 127
04-10 16:09:58.149: D/UploadsManager(915): FsId changed! -1
04-10 16:09:58.157: D/UploadsManager(915): fsid not changed
04-10 16:09:58.181: D/MediaProvider(382): object removed 132
04-10 16:09:58.216: D/UploadsManager(915): FsId changed! -1
04-10 16:09:58.228: D/UploadsManager(915): fsid not changed
04-10 16:09:58.255: D/MediaProvider(382): object removed 134
04-10 16:09:58.290: D/UploadsManager(915): FsId changed! -1
04-10 16:09:58.298: D/UploadsManager(915): fsid not changed
04-10 16:09:58.317: D/MediaProvider(382): object removed 133
04-10 16:09:58.349: D/UploadsManager(915): FsId changed! -1
04-10 16:09:58.364: D/UploadsManager(915): fsid not changed
04-10 16:09:58.388: D/MediaProvider(382): object removed 155
04-10 16:09:58.419: D/UploadsManager(915): FsId changed! -1
04-10 16:09:58.427: D/UploadsManager(915): fsid not changed
04-10 16:09:58.442: D/MediaProvider(382): object removed 140
04-10 16:09:58.478: D/UploadsManager(915): FsId changed! -1
04-10 16:09:58.493: D/UploadsManager(915): fsid not changed
04-10 16:09:58.501: D/MediaProvider(382): object removed 260
04-10 16:09:58.532: D/UploadsManager(915): FsId changed! -1
04-10 16:09:58.548: D/UploadsManager(915): fsid not changed
04-10 16:09:58.571: D/MediaProvider(382): object removed 126
04-10 16:09:58.606: D/UploadsManager(915): FsId changed! -1
04-10 16:09:58.610: D/UploadsManager(915): fsid not changed
04-10 16:09:58.630: D/MediaProvider(382): object removed 281
04-10 16:09:58.661: D/UploadsManager(915): FsId changed! -1
04-10 16:09:58.669: D/UploadsManager(915): fsid not changed
04-10 16:09:58.685: D/MediaProvider(382): object removed 276
04-10 16:09:58.759: D/UploadsManager(915): FsId changed! -1
04-10 16:09:58.771: D/UploadsManager(915): fsid not changed
04-10 16:09:58.892: D/dalvikvm(136): GC_EXPLICIT freed 454K, 9% free 13036K/14279K, paused 3ms+5ms
04-10 16:09:58.946: I/MediaStoreImporter(998): Update: incremental Added music: 0 Updated music: 0 Deleted music: 0 Created playlists: 0 Updated playlists: 0 Deleted playlists: 0 Inserted playlist items: 0 Deleted playlist items: 0 Removed orphaned playlist items: 0
04-10 16:09:58.950: I/ActivityManager(136): No longer want com.google.android.googlequicksearchbox (pid 562): hidden #16
04-10 16:11:00.099: W/ThrottleService(136): unable to find stats for iface rmnet0
04-10 16:11:00.880: I/EventLogService(273): Aggregate from 1334097660798 (log), 1334097660798 (data)
04-10 16:11:00.993: D/dalvikvm(273): GC_CONCURRENT freed 285K, 5% free 9635K/10055K, paused 3ms+3ms
04-10 16:11:01.106: I/ServiceDumpSys(273): dumping service [account]
04-10 16:11:16.337: D/PhoneStatusBar(203): disable: < expand icons alerts ticker system_info BACK HOME recent* CLOCK
> 04-10 16:11:16.372: D/PhoneStatusBar(203): disable: < expand icons alerts ticker system_info back* home* recent clock*
> 04-10 16:11:16.396: D/NfcService(333): NFC-C ON
04-10 16:11:16.622: I/dalvikvm(136): Jit: resizing JitTable from 4096 to 8192
04-10 16:12:29.208: D/AndroidRuntime(1046): >>>>>> AndroidRuntime START com.android.internal.os.RuntimeInit <<<<<<
04-10 16:12:29.208: D/AndroidRuntime(1046): CheckJNI is OFF
04-10 16:12:29.653: D/AndroidRuntime(1046): Calling main entry com.android.commands.pm.Pm
04-10 16:12:29.681: I/ActivityManager(136): Start proc com.android.defcontainer for service com.android.defcontainer/.DefaultContainerService: pid=1056 uid=10044 gids={1015, 2001}
04-10 16:12:29.743: W/ActivityManager(136): No content provider found for permission revoke: file:///data/local/tmp/app.apk
04-10 16:12:29.942: W/ActivityManager(136): No content provider found for permission revoke: file:///data/local/tmp/app.apk
04-10 16:12:30.095: D/dalvikvm(136): GC_FOR_ALLOC freed 585K, 7% free 13293K/14279K, paused 65ms
04-10 16:12:30.337: D/dalvikvm(136): GC_FOR_ALLOC freed 1171K, 11% free 12950K/14471K, paused 67ms
04-10 16:12:30.564: D/dalvikvm(136): GC_CONCURRENT freed 716K, 10% free 13118K/14471K, paused 2ms+10ms
04-10 16:12:30.747: D/dalvikvm(136): GC_CONCURRENT freed 905K, 10% free 13164K/14471K, paused 2ms+5ms
04-10 16:12:30.962: D/dalvikvm(136): GC_CONCURRENT freed 944K, 10% free 13151K/14471K, paused 7ms+12ms
04-10 16:12:31.146: D/dalvikvm(136): GC_CONCURRENT freed 943K, 10% free 13153K/14471K, paused 2ms+4ms
04-10 16:12:31.349: D/dalvikvm(136): GC_CONCURRENT freed 931K, 10% free 13154K/14471K, paused 3ms+4ms
04-10 16:12:31.767: D/dalvikvm(136): GC_CONCURRENT freed 922K, 10% free 13169K/14471K, paused 2ms+4ms
04-10 16:12:32.556: D/dalvikvm(136): GC_EXPLICIT freed 321K, 10% free 13136K/14471K, paused 2ms+19ms
04-10 16:12:32.567: D/AndroidRuntime(1046): Shutting down VM
04-10 16:12:32.579: D/dalvikvm(1046): GC_CONCURRENT freed 120K, 82% free 461K/2560K, paused 0ms+6ms
04-10 16:12:32.579: D/dalvikvm(1046): Compiler shutdown in progress - discarding request
04-10 16:12:32.579: D/dalvikvm(1046): Compiler shutdown in progress - discarding request
04-10 16:12:32.579: D/dalvikvm(1046): Compiler shutdown in progress - discarding request
04-10 16:12:32.579: D/dalvikvm(1046): Compiler shutdown in progress - discarding request
04-10 16:12:32.579: D/dalvikvm(1046): Compiler shutdown in progress - discarding request
04-10 16:12:32.579: D/dalvikvm(1046): Compiler shutdown in progress - discarding request
04-10 16:12:32.579: D/dalvikvm(1046): Compiler shutdown in progress - discarding request
04-10 16:12:32.579: D/dalvikvm(1046): Compiler shutdown in progress - discarding request
04-10 16:12:32.579: D/dalvikvm(1046): Compiler shutdown in progress - discarding request
04-10 16:12:32.579: I/AndroidRuntime(1046): NOTE: attach of thread 'Binder Thread #3' failed
04-10 16:12:39.985: I/ActivityManager(136): No longer want com.android.settings (pid 446): hidden #16
04-10 16:12:53.239: D/AndroidRuntime(1075): >>>>>> AndroidRuntime START com.android.internal.os.RuntimeInit <<<<<<
04-10 16:12:53.239: D/AndroidRuntime(1075): CheckJNI is OFF
04-10 16:12:53.528: D/AndroidRuntime(1075): Calling main entry com.android.commands.pm.Pm
04-10 16:12:53.790: D/AndroidRuntime(1075): Shutting down VM
04-10 16:12:53.794: D/dalvikvm(1075): GC_CONCURRENT freed 219K, 83% free 459K/2560K, paused 0ms+0ms
04-10 16:12:53.794: I/AndroidRuntime(1075): NOTE: attach of thread 'Binder Thread #3' failed
04-10 16:12:54.255: D/AndroidRuntime(1088): >>>>>> AndroidRuntime START com.android.internal.os.RuntimeInit <<<<<<
04-10 16:12:54.255: D/AndroidRuntime(1088): CheckJNI is OFF
04-10 16:12:54.540: D/AndroidRuntime(1088): Calling main entry com.android.commands.pm.Pm
04-10 16:12:54.544: I/PackageManager(136): Removing non-system package:com.appcelerator.titanium
04-10 16:12:54.544: I/ActivityManager(136): Force stopping package com.appcelerator.titanium uid=10009
04-10 16:12:54.962: I/ActivityManager(136): Force stopping package com.appcelerator.titanium uid=10009
04-10 16:12:55.001: I/RegisteredComponentCache(333): ComponentInfo: ResolveInfo{4136ffb8 com.android.apps.tag.TagViewer p=0 o=0 m=0x108000}, techs: android.nfc.tech.Ndef,
04-10 16:12:55.036: D/PackageManager(136): generateServicesMap(android.accounts.AccountAuthenticator): 3 services unchanged
04-10 16:12:55.060: D/VoicemailCleanupService(415): Cleaning up data for package: com.appcelerator.titanium
04-10 16:12:55.071: I/ActivityManager(136): Start proc com.google.android.gallery3d for broadcast com.google.android.gallery3d/com.android.gallery3d.app.PackagesMonitor: pid=1100 uid=10041 gids={3003, 1015}
04-10 16:12:55.122: D/PackageManager(136): generateServicesMap(android.content.SyncAdapter): 14 services unchanged
04-10 16:12:55.149: D/dalvikvm(344): GC_CONCURRENT freed 703K, 8% free 11014K/11847K, paused 2ms+16ms
04-10 16:12:55.196: D/BackupManagerService(136): Received broadcast Intent { act=android.intent.action.PACKAGE_REMOVED dat=package:com.appcelerator.titanium flg=0x10000010 (has extras) }
04-10 16:12:55.196: V/BackupManagerService(136): removePackageParticipantsLocked: #1
04-10 16:12:55.251: I/ActivityThread(1100): Pub com.google.android.gallery3d.GooglePhotoProvider: com.google.android.picasasync.PicasaContentProvider
04-10 16:12:55.353: I/ActivityManager(136): Start proc com.google.android.inputmethod.latin.dictionarypack for content provider com.google.android.inputmethod.latin.dictionarypack/.DictionaryProvider: pid=1112 uid=10074 gids={3003, 1015}
04-10 16:12:55.478: D/dalvikvm(1100): GC_CONCURRENT freed 421K, 6% free 9114K/9607K, paused 2ms+4ms
04-10 16:12:55.513: I/ActivityThread(1112): Pub com.android.inputmethod.latin.dictionarypack: com.google.android.inputmethod.latin.dictionarypack.DictionaryProvider
04-10 16:12:55.587: I/ActivityThread(1100): Pub com.google.android.gallery3d.provider: com.android.gallery3d.provider.GalleryProvider
04-10 16:12:55.685: D/SyncManager(136): setIsSyncable: Account {name=appcel123@gmail.com, type=com.google}, provider com.google.android.gallery3d.GooglePhotoProvider -> 0
04-10 16:12:55.685: D/SyncManager(136): setIsSyncable: already set to 0, doing nothing
04-10 16:12:55.798: D/dalvikvm(1100): GC_CONCURRENT freed 409K, 6% free 9220K/9735K, paused 2ms+10ms
04-10 16:12:55.880: D/SyncManager(136): setIsSyncable: Account {name=appcel123@gmail.com, type=com.google}, provider com.google.android.gallery3d.GooglePhotoProvider -> 0
04-10 16:12:55.903: D/SyncManager(136): setIsSyncable: already set to 0, doing nothing
04-10 16:12:55.927: D/dalvikvm(136): GC_CONCURRENT freed 1673K, 15% free 12441K/14471K, paused 2ms+8ms
04-10 16:12:55.954: I/ActivityManager(136): Start proc com.google.android.apps.maps for broadcast com.google.android.apps.maps/com.google.android.location.internal.NlpPackageUpdateReceiver: pid=1128 uid=10027 gids={3003, 1015}
04-10 16:12:55.954: I/ActivityManager(136): No longer want com.android.vending (pid 532): hidden #16
04-10 16:12:56.114: D/dalvikvm(1128): GC_CONCURRENT freed 169K, 3% free 9366K/9607K, paused 2ms+3ms
04-10 16:12:56.173: I/ActivityThread(1128): Pub com.google.android.maps.LayerInfoProvider: com.google.googlenav.layer.LayerInfoProvider
04-10 16:12:56.189: I/ActivityThread(1128): Pub com.google.android.maps.TrafficAppWidgetProvider: com.google.googlenav.appwidget.traffic.TrafficAppWidgetProvider
04-10 16:12:56.189: I/ActivityThread(1128): Pub com.google.android.maps.SuggestionProvider: com.google.googlenav.suggest.android.SuggestProvider
04-10 16:12:56.200: I/ActivityThread(1128): Pub com.google.android.maps.LocalActivePlacesProvider: com.google.googlenav.provider.LocalActivePlacesProvider
04-10 16:12:56.200: I/ActivityThread(1128): Pub com.google.android.maps.StarredItemProvider: com.google.googlenav.provider.StarredItemProvider
04-10 16:12:56.271: I/System.out(1128): VectorGlobalState: Server:https://mobilemaps.clients.google.com/glm/mmap Type:3
04-10 16:12:56.321: D/dalvikvm(1128): GC_CONCURRENT freed 241K, 4% free 9666K/9991K, paused 2ms+3ms
04-10 16:12:56.392: I/ActivityThread(1128): Pub com.google.android.maps.LocalSuggestionProvider: com.google.googlenav.provider.LocalSuggestionProvider
04-10 16:12:56.392: I/ActivityThread(1128): Pub com.google.android.maps.SearchHistoryProvider: com.google.googlenav.provider.SearchHistoryProvider
04-10 16:12:56.392: I/ActivityThread(1128): Pub com.google.android.maps.NavigationAvailabilityProvider: com.google.googlenav.provider.NavigationAvailabilityProvider
04-10 16:12:56.431: I/ActivityManager(136): Start proc com.android.keychain for broadcast com.android.keychain/.KeyChainBroadcastReceiver: pid=1142 uid=1000 gids={1015, 3002, 3001, 3003, 3007}
04-10 16:12:56.431: I/ActivityManager(136): No longer want com.google.android.deskclock (pid 948): hidden #16
04-10 16:12:56.505: I/ActivityManager(136): Start proc com.android.voicedialer for broadcast com.android.voicedialer/.VoiceDialerReceiver: pid=1155 uid=10005 gids={3002}
04-10 16:12:56.567: D/dalvikvm(80): GC_EXPLICIT freed 37K, 4% free 9030K/9347K, paused 3ms+5ms
04-10 16:12:56.610: D/dalvikvm(80): GC_EXPLICIT freed <1K, 4% free 9030K/9347K, paused 2ms+8ms
04-10 16:12:56.642: D/dalvikvm(80): GC_EXPLICIT freed <1K, 4% free 9030K/9347K, paused 1ms+2ms
04-10 16:12:56.661: I/ActivityManager(136): Start proc com.android.musicfx for broadcast com.android.musicfx/.Compatibility$Receiver: pid=1167 uid=10075 gids={3003, 3002}
04-10 16:12:56.661: I/ActivityManager(136): No longer want com.google.android.apps.maps:LocationFriendService (pid 977): hidden #16
04-10 16:12:56.724: I/ActivityManager(136): Start proc com.android.vending for broadcast com.android.vending/com.google.android.finsky.receivers.PersistentPackageMonitorReceiver: pid=1180 uid=10007 gids={3003, 1015}
04-10 16:12:56.806: I/ActivityThread(1180): Pub com.google.android.finsky.RecentSuggestionsProvider: com.google.android.finsky.providers.RecentSuggestionsProvider
04-10 16:12:56.954: D/dalvikvm(1180): GC_CONCURRENT freed 201K, 3% free 9334K/9607K, paused 3ms+3ms
04-10 16:12:57.032: D/Finsky(1180): [1] SanityChecker.run: # LocalAssets corrected : 0
04-10 16:12:57.032: D/Finsky(1180): Sanity check took : 14 ms
04-10 16:12:57.052: I/ActivityManager(136): No longer want com.android.providers.calendar (pid 960): hidden #16
04-10 16:12:57.079: I/ActivityManager(136): Start proc com.google.android.googlequicksearchbox for broadcast com.google.android.googlequicksearchbox/.SourceUpdateReceiver: pid=1208 uid=10035 gids={3003}
04-10 16:12:57.083: I/ActivityManager(136): No longer want com.google.android.gm (pid 703): hidden #16
04-10 16:12:57.122: I/ActivityThread(1208): Pub com.google.android.googlequicksearchbox.shortcuts: com.google.android.googlequicksearchbox.WebHistoryProvider
04-10 16:12:57.130: I/ActivityThread(1208): Pub com.google.android.googlequicksearchbox.google: com.google.android.googlequicksearchbox.google.GoogleSuggestionProvider
04-10 16:12:57.169: I/QSB.GservicesConfig(1208): Waited 21ms for gservices cache
04-10 16:12:57.185: I/ActivityManager(136): No longer want com.google.android.calendar (pid 933): hidden #16
04-10 16:12:57.228: I/ActivityManager(136): No longer want com.google.android.apps.uploader (pid 896): hidden #16
04-10 16:12:57.247: I/ActivityManager(136): No longer want com.google.android.apps.genie.geniewidget (pid 603): hidden #16
04-10 16:12:57.271: D/Finsky(1180): [160] DownloadRecords.initializeAndPrune: Pruned 0 old downloads from the cursor.
04-10 16:12:57.481: D/dalvikvm(136): GC_EXPLICIT freed 273K, 15% free 12348K/14471K, paused 3ms+24ms
04-10 16:12:57.509: D/AndroidRuntime(1088): Shutting down VM
04-10 16:12:57.513: D/dalvikvm(1088): GC_CONCURRENT freed 96K, 83% free 448K/2560K, paused 1ms+1ms
04-10 16:12:57.517: I/AndroidRuntime(1088): NOTE: attach of thread 'Binder Thread #3' failed
04-10 16:15:38.630: I/ActivityManager(136): Start proc com.google.android.gm for service com.google.android.gm/.provider.MailSyncAdapterService: pid=1226 uid=10039 gids={3003, 1015}
04-10 16:15:38.685: I/ActivityThread(1226): Pub gmail-ls: com.google.android.gm.provider.MailProvider
04-10 16:15:38.692: I/ActivityThread(1226): Pub com.google.android.gmail.SuggestionProvider: com.google.android.gm.SuggestionsProvider
04-10 16:15:38.692: I/ActivityThread(1226): Pub com.google.android.gm: com.google.android.gm.provider.PublicContentProvider
04-10 16:15:38.970: D/dalvikvm(1226): GC_CONCURRENT freed 217K, 4% free 9270K/9607K, paused 4ms+4ms
04-10 16:15:39.048: I/Gmail(1226): calculateUnknownSyncRationalesAndPurgeInBackground: queueing
04-10 16:15:39.067: I/Gmail(1226): calculateUnknownSyncRationalesAndPurgeInBackground: queueing
04-10 16:15:39.110: I/Gmail(1226): MainSyncRequestProto: lowestBkwdConvoId: 0, highestHandledServerOp: 35982, normalSync: true
04-10 16:15:39.142: I/Gmail(1226): calculateUnknownSyncRationalesAndPurgeInBackground: running
04-10 16:15:39.142: I/Gmail(1226): calculateUnknownSyncRationalesAndPurgeInBackground: running
04-10 16:15:39.228: I/ActivityManager(136): Start proc com.google.android.gsf.login for service com.google.android.gsf.login/com.google.android.gsf.loginservice.GoogleLoginService: pid=1246 uid=10020 gids={3003, 1015, 1007, 2001, 3006}
04-10 16:15:39.353: I/ActivityManager(136): No longer want com.google.android.talk (pid 818): hidden #16
04-10 16:15:39.778: D/dalvikvm(1226): GC_CONCURRENT freed 240K, 4% free 9428K/9799K, paused 2ms+3ms
04-10 16:15:40.833: D/dalvikvm(1226): GC_CONCURRENT freed 412K, 6% free 9447K/9991K, paused 2ms+3ms
04-10 16:15:40.954: D/dalvikvm(1226): GC_EXPLICIT freed 35K, 6% free 9439K/9991K, paused 10ms+3ms
04-10 16:15:40.966: I/Gmail(1226): MainSyncRequestProto: lowestBkwdConvoId: 0, highestHandledServerOp: 36055, normalSync: true
04-10 16:15:41.493: D/dalvikvm(1226): GC_EXPLICIT freed 209K, 5% free 9493K/9991K, paused 2ms+3ms
04-10 16:15:41.505: I/Gmail(1226): MainSyncRequestProto: lowestBkwdConvoId: 0, highestHandledServerOp: 36055, normalSync: true
04-10 16:15:41.536: W/Gmail(1226): Scheduling index for 300000 ms from now
04-10 16:15:41.567: I/Gmail(1226): Sending notification intent: Intent { act=android.intent.action.PROVIDER_CHANGED dat=content://gmail-ls/unread/^i (has extras) }
04-10 16:15:41.649: I/Gmail(1226): Sending notification intent: Intent { act=android.intent.action.PROVIDER_CHANGED dat=content://gmail-ls/unread/^iim (has extras) }
04-10 16:15:41.653: W/Gmail(1226): Showing notification with unreadCount of 215 and unseenCount of 41
04-10 16:15:41.798: D/dalvikvm(203): GC_FOR_ALLOC freed 242K, 5% free 10661K/11143K, paused 27ms
04-10 16:15:41.872: I/ActivityManager(136): No longer want com.google.android.music:main (pid 998): hidden #16
04-10 16:15:42.052: D/dalvikvm(203): GC_FOR_ALLOC freed 607K, 9% free 10415K/11335K, paused 30ms
04-10 16:15:42.259: I/DownloadManager(382): Initiating request for download 70
04-10 16:15:42.427: D/dalvikvm(382): GC_CONCURRENT freed 415K, 6% free 9317K/9863K, paused 2ms+3ms
04-10 16:15:45.454: D/dalvikvm(382): GC_CONCURRENT freed 433K, 6% free 9296K/9863K, paused 5ms+3ms
04-10 16:15:48.224: I/DownloadManager(382): deleting /data/data/com.android.providers.downloads/cache/downloadfile.apk
04-10 16:15:57.864: D/dalvikvm(136): GC_CONCURRENT freed 660K, 15% free 12393K/14471K, paused 11ms+5ms
04-10 16:18:38.489: I/Gmail(1226): MainSyncRequestProto: lowestBkwdConvoId: 0, highestHandledServerOp: 36055, normalSync: true
04-10 16:18:39.454: D/dalvikvm(1226): GC_CONCURRENT freed 367K, 5% free 9556K/10055K, paused 2ms+3ms
04-10 16:18:40.548: D/dalvikvm(1226): GC_EXPLICIT freed 230K, 6% free 9521K/10055K, paused 17ms+2ms
04-10 16:18:40.556: I/Gmail(1226): MainSyncRequestProto: lowestBkwdConvoId: 0, highestHandledServerOp: 36098, normalSync: true
04-10 16:18:40.567: W/Gmail(1226): Scheduling index for 300000 ms from now
04-10 16:18:40.638: I/Gmail(1226): Sending notification intent: Intent { act=android.intent.action.PROVIDER_CHANGED dat=content://gmail-ls/unread/^i (has extras) }
04-10 16:18:40.685: W/Gmail(1226): Showing notification with unreadCount of 214 and unseenCount of 40
04-10 16:18:40.743: I/Gmail(1226): Sending notification intent: Intent { act=android.intent.action.PROVIDER_CHANGED dat=content://gmail-ls/unread/^iim (has extras) }
04-10 16:18:40.817: D/dalvikvm(203): GC_CONCURRENT freed 226K, 7% free 10631K/11335K, paused 2ms+2ms
04-10 16:20:37.899: D/dalvikvm(136): GC_EXPLICIT freed 465K, 15% free 12378K/14471K, paused 9ms+6ms
04-10 16:21:00.103: W/ThrottleService(136): unable to find stats for iface rmnet0
04-10 16:24:07.474: I/ActivityManager(136): Start proc com.google.android.apps.genie.geniewidget for broadcast com.google.android.apps.genie.geniewidget/.miniwidget.UpdateReceiver: pid=1285 uid=10040 gids={3003, 1015}
04-10 16:24:07.489: I/dalvikvm(1285): Turning on JNI app bug workarounds for target SDK version 11...
04-10 16:24:07.524: I/ActivityThread(1285): Pub com.google.android.apps.genie.geniewidget.weather: com.google.android.apps.genie.geniewidget.providers.WeatherProvider
04-10 16:24:07.532: I/ActivityThread(1285): Pub com.google.android.apps.genie.geniewidget.newsimage: com.google.android.apps.genie.geniewidget.providers.NewsImageProvider
04-10 16:24:07.560: W/Genie(1285): Cache file not found: java.io.FileNotFoundException: /data/data/com.google.android.apps.genie.geniewidget/cache/genie_iconcache: open failed: ENOENT (No such file or directory)
04-10 16:24:07.630: I/Genie(1285): refresh service retry #0, ignoreMASFCache = false
04-10 16:24:07.692: D/dalvikvm(1285): GC_CONCURRENT freed 252K, 4% free 9253K/9607K, paused 3ms+2ms
04-10 16:24:07.692: W/CursorWrapperInner(1285): Cursor finalized without prior close()
04-10 16:24:07.935: W/Gmail(1226): Successful index run, cancel next scheduled index run
04-10 16:24:48.364: D/dalvikvm(1285): GC_CONCURRENT freed 314K, 5% free 9371K/9799K, paused 2ms+2ms
04-10 16:24:48.892: I/ActivityManager(136): No longer want android.process.acore (pid 415): hidden #16
04-10 16:24:48.896: D/dalvikvm(1285): GC_CONCURRENT freed 409K, 6% free 9421K/9927K, paused 5ms+3ms
04-10 16:25:00.142: D/dalvikvm(136): GC_CONCURRENT freed 679K, 15% free 12414K/14471K, paused 5ms+5ms
04-10 16:25:23.622: D/dalvikvm(344): GC_CONCURRENT freed 414K, 6% free 11137K/11847K, paused 4ms+4ms
04-10 16:28:31.278: D/AndroidRuntime(1314): >>>>>> AndroidRuntime START com.android.internal.os.RuntimeInit <<<<<<
04-10 16:28:31.278: D/AndroidRuntime(1314): CheckJNI is OFF
04-10 16:28:31.567: D/AndroidRuntime(1314): Calling main entry com.android.commands.pm.Pm
04-10 16:28:31.591: W/ActivityManager(136): No content provider found for permission revoke: file:///data/local/tmp/app.apk
04-10 16:28:31.767: W/ActivityManager(136): No content provider found for permission revoke: file:///data/local/tmp/app.apk
04-10 16:28:31.903: D/dalvikvm(136): GC_CONCURRENT freed 561K, 13% free 12631K/14471K, paused 4ms+4ms
04-10 16:28:32.095: D/dalvikvm(136): GC_CONCURRENT freed 406K, 11% free 13007K/14471K, paused 5ms+4ms
04-10 16:28:32.337: D/dalvikvm(136): GC_CONCURRENT freed 716K, 9% free 13212K/14471K, paused 6ms+11ms
04-10 16:28:32.524: D/dalvikvm(136): GC_CONCURRENT freed 981K, 9% free 13201K/14471K, paused 3ms+5ms
04-10 16:28:32.720: D/dalvikvm(136): GC_CONCURRENT freed 936K, 9% free 13216K/14471K, paused 2ms+10ms
04-10 16:28:32.915: D/dalvikvm(136): GC_CONCURRENT freed 951K, 9% free 13201K/14471K, paused 2ms+5ms
04-10 16:28:33.130: D/dalvikvm(136): GC_CONCURRENT freed 921K, 9% free 13210K/14471K, paused 3ms+4ms
04-10 16:28:33.634: D/dalvikvm(136): GC_CONCURRENT freed 943K, 9% free 13219K/14471K, paused 2ms+4ms
04-10 16:28:34.564: I/PackageManager(136): Running dexopt on: com.appcelerator.titanium
04-10 16:28:34.856: D/dalvikvm(1325): DexOpt: 'Lorg/apache/commons/codec/binary/Base64;' has an earlier definition; blocking out
04-10 16:28:34.856: D/dalvikvm(1325): DexOpt: 'Lorg/apache/commons/codec/binary/Hex;' has an earlier definition; blocking out
04-10 16:28:34.899: D/dalvikvm(1325): DexOpt: 'Lorg/w3c/dom/UserDataHandler;' has an earlier definition; blocking out
04-10 16:28:35.192: D/dalvikvm(1325): DexOpt: not verifying/optimizing 'Lorg/apache/commons/codec/binary/Base64;': multiple definitions
04-10 16:28:35.192: D/dalvikvm(1325): DexOpt: not verifying/optimizing 'Lorg/apache/commons/codec/binary/Hex;': multiple definitions
04-10 16:28:35.196: I/dalvikvm(1325): DexOpt: not resolving ambiguous class 'Lorg/apache/commons/codec/binary/Hex;'
04-10 16:28:35.392: I/dalvikvm(1325): DexOpt: not resolving ambiguous class 'Lorg/apache/commons/codec/binary/Base64;'
04-10 16:28:35.407: I/dalvikvm(1325): DexOpt: not resolving ambiguous class 'Lorg/apache/commons/codec/binary/Base64;'
04-10 16:28:35.649: D/dalvikvm(1325): DexOpt: not verifying/optimizing 'Lorg/w3c/dom/UserDataHandler;': multiple definitions
04-10 16:28:35.763: I/dalvikvm(1325): DexOpt: not resolving ambiguous class 'Lorg/apache/commons/codec/binary/Hex;'
04-10 16:28:35.958: I/dalvikvm(1325): DexOpt: not resolving ambiguous class 'Lorg/apache/commons/codec/binary/Base64;'
04-10 16:28:35.970: D/dalvikvm(1325): DexOpt: load 207ms, verify+opt 965ms
04-10 16:28:36.728: I/ActivityManager(136): Force stopping package com.appcelerator.titanium uid=10009
04-10 16:28:38.571: D/PackageManager(136): New package installed in /data/app/com.appcelerator.titanium-1.apk
04-10 16:28:38.919: I/RegisteredComponentCache(333): ComponentInfo: ResolveInfo{413713d8 com.android.apps.tag.TagViewer p=0 o=0 m=0x108000}, techs: android.nfc.tech.Ndef,
04-10 16:28:38.946: D/PackageManager(136): generateServicesMap(android.accounts.AccountAuthenticator): 3 services unchanged
04-10 16:28:39.001: D/dalvikvm(344): GC_FOR_ALLOC freed 111K, 6% free 11175K/11847K, paused 50ms
04-10 16:28:39.001: I/dalvikvm-heap(344): Grow heap (frag case) to 11.121MB for 147472-byte allocation
04-10 16:28:39.028: D/dalvikvm(344): GC_FOR_ALLOC freed 12K, 7% free 11306K/12039K, paused 27ms
04-10 16:28:39.040: I/ActivityManager(136): Start proc android.process.acore for broadcast com.android.providers.contacts/.PackageIntentReceiver: pid=1326 uid=10008 gids={3003, 1015}
04-10 16:28:39.079: I/ActivityThread(1326): Pub com.android.voicemail: com.android.providers.contacts.VoicemailContentProvider
04-10 16:28:39.095: D/PackageManager(136): generateServicesMap(android.content.SyncAdapter): 14 services unchanged
04-10 16:28:39.099: I/ActivityThread(1326): Pub user_dictionary: com.android.providers.userdictionary.UserDictionaryProvider
04-10 16:28:39.126: I/ActivityThread(1326): Pub com.android.social: com.android.providers.contacts.SocialProvider
04-10 16:28:39.126: I/ActivityThread(1326): Pub applications: com.android.providers.applications.ApplicationsProvider
04-10 16:28:39.138: D/BackupManagerService(136): Received broadcast Intent { act=android.intent.action.PACKAGE_ADDED dat=package:com.appcelerator.titanium flg=0x10000010 (has extras) }
04-10 16:28:39.208: I/ActivityThread(1326): Pub contacts;com.android.contacts: com.android.providers.contacts.ContactsProvider2
04-10 16:28:39.302: V/BackupManagerService(136): addPackageParticipantsLocked: #1
04-10 16:28:39.356: I/ActivityThread(1326): Pub call_log: com.android.providers.contacts.CallLogProvider
04-10 16:28:39.540: D/dalvikvm(1326): GC_CONCURRENT freed 191K, 3% free 9277K/9543K, paused 2ms+2ms
04-10 16:28:39.595: D/dalvikvm(136): GC_EXPLICIT freed 984K, 9% free 13288K/14471K, paused 80ms+38ms
04-10 16:28:39.599: I/ActivityManager(136): Start proc com.google.android.partnersetup for broadcast com.google.android.partnersetup/.RlzPingBroadcastReceiver: pid=1340 uid=10036 gids={3003}
04-10 16:28:39.634: D/AndroidRuntime(1314): Shutting down VM
04-10 16:28:39.638: D/dalvikvm(1314): GC_CONCURRENT freed 97K, 83% free 451K/2560K, paused 0ms+1ms
04-10 16:28:39.642: I/ActivityThread(1340): Pub com.google.android.partnersetup.rlzprovider: com.google.android.partnersetup.RlzProvider
04-10 16:28:39.649: I/AndroidRuntime(1314): NOTE: attach of thread 'Binder Thread #3' failed
04-10 16:28:39.653: I/ActivityThread(1340): Pub com.google.android.partnersetup.rlzappprovider: com.google.android.partnersetup.RlzAppProvider
04-10 16:28:39.708: D/SyncManager(136): setIsSyncable: Account {name=appcel123@gmail.com, type=com.google}, provider com.google.android.gallery3d.GooglePhotoProvider -> 0
04-10 16:28:39.708: D/SyncManager(136): setIsSyncable: already set to 0, doing nothing
04-10 16:28:39.794: I/ActivityManager(136): No longer want com.google.android.inputmethod.latin.dictionarypack (pid 1112): hidden #16
04-10 16:28:41.782: I/ActivityManager(136): No longer want com.android.keychain (pid 1142): hidden #16
04-10 16:29:00.118: D/dalvikvm(203): GC_CONCURRENT freed 485K, 7% free 10554K/11335K, paused 2ms+11ms
04-10 16:31:00.106: W/ThrottleService(136): unable to find stats for iface rmnet0
04-10 16:37:15.763: D/dalvikvm(344): GC_CONCURRENT freed 589K, 6% free 11429K/12103K, paused 2ms+5ms
04-10 16:37:15.954: D/dalvikvm(344): GC_FOR_ALLOC freed 429K, 7% free 11574K/12359K, paused 27ms
04-10 16:37:15.958: I/dalvikvm-heap(344): Grow heap (frag case) to 12.251MB for 925072-byte allocation
04-10 16:37:15.993: D/dalvikvm(344): GC_FOR_ALLOC freed 10K, 7% free 12467K/13319K, paused 22ms
04-10 16:37:16.079: D/dalvikvm(344): GC_CONCURRENT freed 0K, 7% free 12489K/13319K, paused 1ms+12ms
04-10 16:37:16.192: D/dalvikvm(344): GC_FOR_ALLOC freed 995K, 11% free 11915K/13319K, paused 31ms
04-10 16:37:16.192: I/dalvikvm-heap(344): Grow heap (frag case) to 12.929MB for 1286224-byte allocation
04-10 16:37:16.231: D/dalvikvm(344): GC_FOR_ALLOC freed 3K, 10% free 13167K/14599K, paused 22ms
04-10 16:37:16.298: D/dalvikvm(344): GC_CONCURRENT freed 155K, 11% free 13078K/14599K, paused 2ms+10ms
04-10 16:37:16.360: D/dalvikvm(344): GC_FOR_ALLOC freed 1268K, 19% free 11930K/14599K, paused 23ms
04-10 16:37:16.360: I/dalvikvm-heap(344): Grow heap (frag case) to 12.944MB for 1286224-byte allocation
04-10 16:37:16.399: D/dalvikvm(344): GC_FOR_ALLOC freed 2K, 10% free 13184K/14599K, paused 23ms
04-10 16:37:16.505: D/dalvikvm(344): GC_CONCURRENT freed 5K, 8% free 13487K/14599K, paused 2ms+12ms
04-10 16:37:16.567: D/dalvikvm(344): GC_FOR_ALLOC freed 1507K, 18% free 12097K/14599K, paused 27ms
04-10 16:37:16.677: D/dalvikvm(344): GC_FOR_ALLOC freed 777K, 17% free 12205K/14599K, paused 25ms
04-10 16:37:16.794: D/dalvikvm(344): GC_CONCURRENT freed 593K, 14% free 12562K/14599K, paused 2ms+4ms
04-10 16:37:16.821: D/dalvikvm(344): GC_FOR_ALLOC freed <1K, 14% free 12562K/14599K, paused 25ms
04-10 16:37:16.821: I/dalvikvm-heap(344): Grow heap (frag case) to 13.045MB for 746512-byte allocation
04-10 16:37:16.853: D/dalvikvm(344): GC_FOR_ALLOC freed 0K, 14% free 13291K/15367K, paused 22ms
04-10 16:37:16.927: D/dalvikvm(344): GC_FOR_ALLOC freed 1059K, 20% free 12327K/15367K, paused 26ms
04-10 16:37:16.997: D/dalvikvm(344): GC_FOR_ALLOC freed 2K, 15% free 13083K/15367K, paused 24ms
04-10 16:37:17.001: I/dalvikvm-heap(344): Grow heap (frag case) to 14.504MB for 1742416-byte allocation
04-10 16:37:17.032: D/dalvikvm(344): GC_FOR_ALLOC freed 0K, 14% free 14785K/17095K, paused 22ms
04-10 16:37:17.095: D/dalvikvm(344): GC_CONCURRENT freed <1K, 14% free 14785K/17095K, paused 2ms+5ms
04-10 16:37:20.298: I/ActivityManager(136): START {act=android.intent.action.MAIN cat=[android.intent.category.LAUNCHER] flg=0x10200000 cmp=com.appcelerator.titanium/.KitchensinkActivity} from pid 344
04-10 16:37:20.372: D/dalvikvm(136): GC_FOR_ALLOC freed 1674K, 14% free 12479K/14471K, paused 59ms
04-10 16:37:20.372: I/dalvikvm-heap(136): Grow heap (frag case) to 12.847MB for 614416-byte allocation
04-10 16:37:20.442: D/dalvikvm(136): GC_FOR_ALLOC freed 86K, 15% free 12992K/15111K, paused 44ms
04-10 16:37:20.509: D/dalvikvm(136): GC_FOR_ALLOC freed 4K, 15% free 12989K/15111K, paused 45ms
04-10 16:37:20.509: I/dalvikvm-heap(136): Grow heap (frag case) to 14.079MB for 1382416-byte allocation
04-10 16:37:20.564: D/dalvikvm(136): GC_FOR_ALLOC freed 0K, 14% free 14339K/16519K, paused 42ms
04-10 16:37:20.653: I/ActivityManager(136): Start proc com.appcelerator.titanium for activity com.appcelerator.titanium/.KitchensinkActivity: pid=1363 uid=10009 gids={1015, 1006, 3003}
04-10 16:37:20.700: I/dalvikvm(1363): Turning on JNI app bug workarounds for target SDK version 8...
04-10 16:37:20.806: D/dalvikvm(136): GC_CONCURRENT freed 608K, 16% free 13890K/16519K, paused 3ms+16ms
04-10 16:37:20.853: I/TiApplication(1363): (main) [0,0] checkpoint, app created.
04-10 16:37:20.923: D/OpenGLRenderer(344): Flushing caches (mode 1)
04-10 16:37:20.931: D/dalvikvm(1363): GC_CONCURRENT freed 197K, 3% free 9337K/9607K, paused 2ms+2ms
04-10 16:37:20.978: D/dalvikvm(1363): GC_FOR_ALLOC freed 282K, 5% free 9451K/9927K, paused 21ms
04-10 16:37:21.052: D/dalvikvm(1363): GC_CONCURRENT freed 61K, 3% free 9645K/9927K, paused 2ms+4ms
04-10 16:37:21.208: D/dalvikvm(1363): GC_CONCURRENT freed 237K, 4% free 9937K/10247K, paused 2ms+4ms
04-10 16:37:21.302: I/TiApplication(1363): (main) [446,446] Titanium 2.0.1 (2012/04/10 10:34 b11cc3e)
04-10 16:37:21.349: D/OpenGLRenderer(344): Flushing caches (mode 0)
04-10 16:37:21.388: D/dalvikvm(1363): GC_CONCURRENT freed 410K, 5% free 10010K/10503K, paused 2ms+2ms
04-10 16:37:21.653: I/TiDbHelper(1363): (main) [352,798] No value in database for platform key: 'unique_machine_id' returning supplied default ''
04-10 16:37:21.696: I/TiDbHelper(1363): (main) [42,840] No value in database for platform key: 'hardware_machine_id' returning supplied default ''
04-10 16:37:21.767: I/TiApplication(1363): (main) [72,912] Titanium Javascript runtime: v8
04-10 16:37:21.771: D/dalvikvm(1363): Trying to load lib /data/data/com.appcelerator.titanium/lib/libstlport_shared.so 0x413391e0
04-10 16:37:21.771: D/dalvikvm(1363): Added shared lib /data/data/com.appcelerator.titanium/lib/libstlport_shared.so 0x413391e0
04-10 16:37:21.771: D/dalvikvm(1363): No JNI_OnLoad found in /data/data/com.appcelerator.titanium/lib/libstlport_shared.so 0x413391e0, skipping init
04-10 16:37:21.774: D/dalvikvm(1363): Trying to load lib /data/data/com.appcelerator.titanium/lib/libkroll-v8.so 0x413391e0
04-10 16:37:21.782: D/dalvikvm(1363): Added shared lib /data/data/com.appcelerator.titanium/lib/libkroll-v8.so 0x413391e0
04-10 16:37:21.794: I/TiRootActivity(1363): (main) [0,0] checkpoint, on root activity create, savedInstanceState: null
04-10 16:37:21.837: D/TiAnalyticsDb(1363): (main) [41,41] Creating Database tianalytics.db
04-10 16:37:21.837: I/TiAnalyticsDb(1363): (main) [1,42] Upgrading Database from 1 to 4
04-10 16:37:22.204: D/dalvikvm(1363): GC_CONCURRENT freed 348K, 5% free 10093K/10567K, paused 2ms+4ms
04-10 16:37:22.306: E/TiApplication(1363): (KrollRuntimeThread) [470,512] APP PROXY: ti.modules.titanium.app.AppModule@41431f68
04-10 16:37:22.333: W/V8Object(1363): Runtime disposed, cannot set property 'userAgent'
04-10 16:37:22.735: E/TiAPI(1363): !!!
04-10 16:37:22.739: E/TiAPI(1363): !!! WARNING : Use of unsupported constant Ti.UI.iPhone.AnimationStyle.FLIP_FROM_LEFT !!!
04-10 16:37:22.739: E/TiAPI(1363): !!!
04-10 16:37:22.798: I/ActivityManager(136): START {cmp=com.appcelerator.titanium/ti.modules.titanium.ui.TiTabActivity (has extras)} from pid 1363
04-10 16:37:22.896: I/TiAPI(1363): Welcome to Kitchen Sink for Titanium/2.0.1
04-10 16:37:22.896: D/TiAPI(1363): user agent set to Dalvik/1.6.0 (Linux; U; Android 4.0.4; Nexus S Build/IMM76D) Titanium/2.0.1
04-10 16:37:22.896: D/TiAPI(1363): locale specific date is 4/10/12
04-10 16:37:22.896: D/TiAPI(1363): locale specific date (medium) is Apr 10, 2012
04-10 16:37:22.896: D/TiAPI(1363): locale specific date (long) is April 10, 2012
04-10 16:37:22.899: D/TiAPI(1363): locale specific time is 4:37 PM
04-10 16:37:22.911: D/TiAPI(1363): locale specific currency is $12.99
04-10 16:37:22.911: D/TiAPI(1363): locale specific decimal is 12.99
04-10 16:37:22.915: I/TiAPI(1363): should be en, was = en
04-10 16:37:22.915: I/TiAPI(1363): welcome_message = Welcome to Kitchen Sink for Titanium/
04-10 16:37:22.923: I/TiAPI(1363): should be def, was = def
04-10 16:37:22.923: I/TiAPI(1363): welcome_message = Welcome to Kitchen Sink for Titanium/
04-10 16:37:22.923: I/TiAPI(1363): should be def, was = def
04-10 16:37:22.923: I/TiAPI(1363): should be 1, was = 1
04-10 16:37:22.927: E/TitaniumModule(1363): (KrollRuntimeThread) [619,1131] Error in string format
04-10 16:37:22.927: E/TitaniumModule(1363): java.util.IllegalFormatConversionException: %f can't format java.lang.Integer arguments
04-10 16:37:22.927: E/TitaniumModule(1363): at java.util.Formatter.badArgumentType(Formatter.java:1487)
04-10 16:37:22.927: E/TitaniumModule(1363): at java.util.Formatter.transformFromFloat(Formatter.java:2036)
04-10 16:37:22.927: E/TitaniumModule(1363): at java.util.Formatter.transform(Formatter.java:1463)
04-10 16:37:22.927: E/TitaniumModule(1363): at java.util.Formatter.doFormat(Formatter.java:1079)
04-10 16:37:22.927: E/TitaniumModule(1363): at java.util.Formatter.format(Formatter.java:1040)
04-10 16:37:22.927: E/TitaniumModule(1363): at java.util.Formatter.format(Formatter.java:1009)
04-10 16:37:22.927: E/TitaniumModule(1363): at java.lang.String.format(String.java:1998)
04-10 16:37:22.927: E/TitaniumModule(1363): at java.lang.String.format(String.java:1972)
04-10 16:37:22.927: E/TitaniumModule(1363): at ti.modules.titanium.TitaniumModule.stringFormat(TitaniumModule.java:299)
04-10 16:37:22.927: E/TitaniumModule(1363): at org.appcelerator.kroll.runtime.v8.V8Runtime.nativeRunModule(Native Method)
04-10 16:37:22.927: E/TitaniumModule(1363): at org.appcelerator.kroll.runtime.v8.V8Runtime.doRunModule(V8Runtime.java:134)
04-10 16:37:22.927: E/TitaniumModule(1363): at org.appcelerator.kroll.KrollRuntime.handleMessage(KrollRuntime.java:267)
04-10 16:37:22.927: E/TitaniumModule(1363): at org.appcelerator.kroll.runtime.v8.V8Runtime.handleMessage(V8Runtime.java:160)
04-10 16:37:22.927: E/TitaniumModule(1363): at android.os.Handler.dispatchMessage(Handler.java:95)
04-10 16:37:22.927: E/TitaniumModule(1363): at android.os.Looper.loop(Looper.java:137)
04-10 16:37:22.927: E/TitaniumModule(1363): at org.appcelerator.kroll.KrollRuntime$KrollRuntimeThread.run(KrollRuntime.java:104)
04-10 16:37:22.927: I/TiAPI(1363): should be 1.0, was = null
04-10 16:37:22.927: I/TiAPI(1363): should be hello, was = hello
04-10 16:37:22.927: I/TiAPI(1363): you should see a list of properties (3 or more) below this line
04-10 16:37:22.927: I/TiAPI(1363): ---------------------------------------------------------------
04-10 16:37:22.927: I/TiAPI(1363): win1 property: children
04-10 16:37:22.927: I/TiAPI(1363): win1 property: size
04-10 16:37:22.927: I/TiAPI(1363): win1 property: center
04-10 16:37:22.927: I/TiAPI(1363): win1 property: borderRadius
04-10 16:37:22.927: I/TiAPI(1363): win1 property: keepScreenOn
04-10 16:37:22.927: I/TiAPI(1363): win1 property: tab
04-10 16:37:22.927: I/TiAPI(1363): win1 property: backgroundSelectedImage
04-10 16:37:22.927: I/TiAPI(1363): win1 property: borderColor
04-10 16:37:22.927: I/TiAPI(1363): win1 property: backgroundSelectedColor
04-10 16:37:22.927: I/TiAPI(1363): win1 property: backgroundPadding
04-10 16:37:22.927: I/TiAPI(1363): win1 property: _hasJavaListener
04-10 16:37:22.927: I/TiAPI(1363): win1 property: top
04-10 16:37:22.927: I/TiAPI(1363): win1 property: width
04-10 16:37:22.927: I/TiAPI(1363): win1 property: visible
04-10 16:37:22.927: I/TiAPI(1363): win1 property: touchEnabled
04-10 16:37:22.927: I/TiAPI(1363): win1 property: softKeyboardOnFocus
04-10 16:37:22.927: I/TiAPI(1363): win1 property: opacity
04-10 16:37:22.927: I/TiAPI(1363): win1 property: backgroundFocusedImage
04-10 16:37:22.927: I/TiAPI(1363): win1 property: backgroundRepeat
04-10 16:37:22.927: I/TiAPI(1363): win1 property: backgroundFocusedColor
04-10 16:37:22.927: I/TiAPI(1363): win1 property: enabled
04-10 16:37:22.927: I/TiAPI(1363): win1 property: exitOnClose
04-10 16:37:22.927: I/TiAPI(1363): win1 property: backgroundColor
04-10 16:37:22.927: I/TiAPI(1363): win1 property: backgroundDisabledColor
04-10 16:37:22.927: I/TiAPI(1363): win1 property: transform
04-10 16:37:22.927: I/TiAPI(1363): win1 property: windowSoftInputMode
04-10 16:37:22.927: I/TiAPI(1363): win1 property: zIndex
04-10 16:37:22.927: I/TiAPI(1363): win1 property: borderWidth
04-10 16:37:22.927: I/TiAPI(1363): win1 property: parent
04-10 16:37:22.927: I/TiAPI(1363): win1 property: tabGroup
04-10 16:37:22.927: I/TiAPI(1363): win1 property: titleid
04-10 16:37:22.927: I/TiAPI(1363): win1 property: leftNavButton
04-10 16:37:22.927: I/TiAPI(1363): win1 property: navBarHidden
04-10 16:37:22.927: I/TiAPI(1363): win1 property: right
04-10 16:37:22.927: I/TiAPI(1363): win1 property: bottom
04-10 16:37:22.927: I/TiAPI(1363): win1 property: layout
04-10 16:37:22.927: I/TiAPI(1363): win1 property: focusable
04-10 16:37:22.927: I/TiAPI(1363): win1 property: left
04-10 16:37:22.927: I/TiAPI(1363): win1 property: fullscreen
04-10 16:37:22.927: I/TiAPI(1363): win1 property: backgroundDisabledImage
04-10 16:37:22.927: I/TiAPI(1363): win1 property: title
04-10 16:37:22.927: I/TiAPI(1363): win1 property: backgroundImage
04-10 16:37:22.927: I/TiAPI(1363): win1 property: _internalActivity
04-10 16:37:22.927: I/TiAPI(1363): win1 property: rect
04-10 16:37:22.927: I/TiAPI(1363): win1 property: url
04-10 16:37:22.927: I/TiAPI(1363): win1 property: modal
04-10 16:37:22.931: I/TiAPI(1363): win1 property: height
04-10 16:37:22.931: I/TiAPI(1363): win1 property: className
04-10 16:37:22.931: I/TiAPI(1363): win1 property: currentState
04-10 16:37:22.931: I/TiAPI(1363): win1 property: _sourceUrl
04-10 16:37:22.931: I/TiAPI(1363): win1 property: _currentActivity
04-10 16:37:22.931: I/TiAPI(1363): win1 property: _module
04-10 16:37:22.931: I/TiAPI(1363): win1 property: _children
04-10 16:37:22.931: I/TiAPI(1363): win1 property: _postOpenChildren
04-10 16:37:22.931: I/TiAPI(1363): win1 property: _events
04-10 16:37:22.931: I/TiAPI(1363): win1 property: isActivity
04-10 16:37:22.931: I/TiAPI(1363): win1 property: state
04-10 16:37:22.931: I/TiAPI(1363): win1 property: cachedOrientationModes
04-10 16:37:22.931: I/TiAPI(1363): win1 property: cachedActivityProxy
04-10 16:37:22.931: I/TiAPI(1363): win1 property: getActivityDecorView
04-10 16:37:22.931: I/TiAPI(1363): win1 property: setCachedProperty
04-10 16:37:22.931: I/TiAPI(1363): win1 property: getCachedProperty
04-10 16:37:22.931: I/TiAPI(1363): win1 property: getOrientation
04-10 16:37:22.931: I/TiAPI(1363): win1 property: getOrientationModes
04-10 16:37:22.931: I/TiAPI(1363): win1 property: setOrientationModes
04-10 16:37:22.931: I/TiAPI(1363): win1 property: getActivity
04-10 16:37:22.931: I/TiAPI(1363): win1 property: getWindowPixelFormat
04-10 16:37:22.931: I/TiAPI(1363): win1 property: setWindowPixelFormat
04-10 16:37:22.931: I/TiAPI(1363): win1 property: open
04-10 16:37:22.931: I/TiAPI(1363): win1 property: setWindow
04-10 16:37:22.931: I/TiAPI(1363): win1 property: postOpen
04-10 16:37:22.931: I/TiAPI(1363): win1 property: runWindowUrl
04-10 16:37:22.931: I/TiAPI(1363): win1 property: loadUrl
04-10 16:37:22.931: I/TiAPI(1363): win1 property: close
04-10 16:37:22.931: I/TiAPI(1363): win1 property: add
04-10 16:37:22.931: I/TiAPI(1363): win1 property: addChildren
04-10 16:37:22.931: I/TiAPI(1363): win1 property: addPostOpenChildren
04-10 16:37:22.931: I/TiAPI(1363): win1 property: remove
04-10 16:37:22.931: I/TiAPI(1363): win1 property: removeChildren
04-10 16:37:22.931: I/TiAPI(1363): win1 property: animate
04-10 16:37:22.931: I/TiAPI(1363): win1 property: addEventListener
04-10 16:37:22.931: I/TiAPI(1363): win1 property: removeEventListener
04-10 16:37:22.931: I/TiAPI(1363): win1 property: fireEvent
04-10 16:37:22.931: I/TiAPI(1363): win1 property: setPropertyAndFire
04-10 16:37:22.931: I/TiAPI(1363): Did you see properties? ^^^^^
04-10 16:37:22.931: I/TiAPI(1363): ---------------------------------------------------------------
04-10 16:37:22.931: I/TiAPI(1363): you should see a list of modules (3 or more) below this line
04-10 16:37:22.931: I/TiAPI(1363): ---------------------------------------------------------------
04-10 16:37:22.931: I/TiAPI(1363): module: sourceUrl
04-10 16:37:22.931: I/TiAPI(1363): module: global
04-10 16:37:22.931: I/TiAPI(1363): module: include
04-10 16:37:22.931: I/TiAPI(1363): module: Android
04-10 16:37:22.931: I/TiAPI(1363): module: UI
04-10 16:37:22.931: I/TiAPI(1363): module: Network
04-10 16:37:22.931: I/TiAPI(1363): module: Map
04-10 16:37:22.931: I/TiAPI(1363): module: Media
04-10 16:37:22.931: I/TiAPI(1363): module: Database
04-10 16:37:22.931: I/TiAPI(1363): module: Filesystem
04-10 16:37:22.931: I/TiAPI(1363): module: createBuffer
04-10 16:37:22.931: I/TiAPI(1363): module: Service
04-10 16:37:22.931: I/TiAPI(1363): module: Locale
04-10 16:37:22.931: I/TiAPI(1363): module: buildDate
04-10 16:37:22.931: I/TiAPI(1363): module: userAgent
04-10 16:37:22.931: I/TiAPI(1363): module: _hasJavaListener
04-10 16:37:22.931: I/TiAPI(1363): module: invocationAPIs
04-10 16:37:22.931: I/TiAPI(1363): module: externalModules
04-10 16:37:22.931: I/TiAPI(1363): module: buildHash
04-10 16:37:22.931: I/TiAPI(1363): module: version
04-10 16:37:22.931: I/TiAPI(1363): module: buildTimestamp
04-10 16:37:22.931: I/TiAPI(1363): module: __propertiesDefined__
04-10 16:37:22.931: I/TiAPI(1363): module: TiBaseWindow
04-10 16:37:22.931: I/TiAPI(1363): module: TiWindow
04-10 16:37:22.931: I/TiAPI(1363): module: TiView
04-10 16:37:22.931: I/TiAPI(1363): module: App
04-10 16:37:22.931: I/TiAPI(1363): module: Wrapper
04-10 16:37:22.931: I/TiAPI(1363): module: initScopeVars
04-10 16:37:22.931: I/TiAPI(1363): module: getUrlSource
04-10 16:37:22.931: I/TiAPI(1363): module: bindInvocationAPIs
04-10 16:37:22.931: I/TiAPI(1363): module: Proxy
04-10 16:37:22.931: I/TiAPI(1363): module: Activity
04-10 16:37:22.931: I/TiAPI(1363): module: API
04-10 16:37:22.931: I/TiAPI(1363): Did you see modules? ^^^^^
04-10 16:37:22.931: I/TiAPI(1363): ---------------------------------------------------------------
04-10 16:37:22.989: D/dalvikvm(1363): GC_FOR_ALLOC freed 303K, 4% free 10152K/10567K, paused 23ms
04-10 16:37:22.989: I/dalvikvm-heap(1363): Grow heap (frag case) to 10.570MB for 614416-byte allocation
04-10 16:37:23.036: D/dalvikvm(1363): GC_CONCURRENT freed 5K, 5% free 10746K/11207K, paused 2ms+5ms
04-10 16:37:23.060: I/TiRootActivity(1363): (main) [0,0] checkpoint, on root activity resume. activity = com.appcelerator.titanium.KitchensinkActivity@413c5b18
04-10 16:37:23.110: D/TiUIView(1363): (main) [50,50] Nativeview is null
04-10 16:37:23.110: D/TiUIView(1363): (main) [0,50] Nativeview is null
04-10 16:37:23.130: V/PhoneStatusBar(203): setLightsOn(true)
04-10 16:37:23.134: W/TiTabActivity(1363): (main) [25,75] Notifying TiTabGroup, activity is created
04-10 16:37:23.282: D/TiUIView(1363): (main) [148,223] Nativeview is null
04-10 16:37:23.286: D/Window(1363): Loading window with URL: main_windows/base_ui.js
04-10 16:37:23.325: D/dalvikvm(1363): GC_CONCURRENT freed 700K, 8% free 10589K/11399K, paused 2ms+2ms
04-10 16:37:23.329: D/Module(1363): Loading module: main_windows/base_ui -> Resources/main_windows/base_ui.js
04-10 16:37:23.860: D/TiUIView(1363): (main) [577,800] Nativeview is null
04-10 16:37:23.860: D/Window(1363): Loading window with URL: main_windows/controls.js
04-10 16:37:23.864: D/Module(1363): Loading module: main_windows/controls -> Resources/main_windows/controls.js
04-10 16:37:23.954: I/TiAPI(1363): tab blur - new index 0 old index -1
04-10 16:37:23.966: D/Window(1363): unable to open, window is not closed
04-10 16:37:23.978: D/Window(1363): unable to open, window is not closed
04-10 16:37:24.040: D/dalvikvm(1363): GC_CONCURRENT freed 396K, 7% free 10649K/11399K, paused 3ms+3ms
04-10 16:37:24.165: I/ActivityManager(136): Displayed com.appcelerator.titanium/ti.modules.titanium.ui.TiTabActivity: +1s91ms (total +3s555ms)
04-10 16:37:24.177: D/TiUIView(1363): (main) [316,1116] Nativeview is null
04-10 16:37:24.177: D/TiUIView(1363): (main) [1,1117] Nativeview is null
04-10 16:37:24.353: D/dalvikvm(1363): GC_FOR_ALLOC freed 300K, 6% free 10743K/11399K, paused 34ms
04-10 16:37:24.388: D/dalvikvm(1363): GC_FOR_ALLOC freed 15K, 5% free 10868K/11399K, paused 33ms
04-10 16:37:24.833: I/TiAPI(1363): tab Base UI prevTab = no tab
04-10 16:37:24.966: I/TiAPI(1363): tab Controls prevTab = Base UI
04-10 16:37:25.833: D/Window(1363): unable to close, window is not opened
04-10 16:37:25.966: D/Window(1363): unable to close, window is not opened
04-10 16:37:26.880: D/Window(1363): Unable to release window reference.
04-10 16:37:27.880: W/InputManagerService(136): Starting input on non-focused client com.android.internal.view.IInputMethodClient$Stub$Proxy@417660f8 (uid=10031 pid=344)
04-10 16:37:29.067: D/TiUIView(1363): (main) [4892,6009] Nativeview is null
04-10 16:37:29.087: D/Window(1363): Loading window with URL: main_windows/mashups.js
04-10 16:37:29.091: D/Module(1363): Loading module: main_windows/mashups -> Resources/main_windows/mashups.js
04-10 16:37:29.360: I/TiAPI(1363): tab blur - new index 1 old index 0
04-10 16:37:29.403: D/TiUIView(1363): (main) [333,6342] Nativeview is null
04-10 16:37:29.450: D/dalvikvm(1363): GC_FOR_ALLOC freed 496K, 8% free 10691K/11527K, paused 24ms
04-10 16:37:30.415: I/TiAPI(1363): tab Mashups prevTab = Controls
04-10 16:37:31.368: I/ActivityManager(136): START {cmp=com.appcelerator.titanium/org.appcelerator.titanium.TiActivity (has extras)} from pid 1363
04-10 16:37:31.399: D/Window(1363): Loading window with URL: ../examples/foursquare.js
04-10 16:37:31.403: D/Module(1363): Loading module: ../examples/foursquare -> Resources/examples/foursquare.js
