04-10 16:37:31.517: W/TiUIScrollView(1363): (main) [2116,8458] Scroll direction could not be determined based on the provided view properties. Default VERTICAL scroll direction being used. Use the 'scrollType' property to explicitly set the scrolling direction.
04-10 16:37:31.540: D/Window(1363): Unable to release window reference.
04-10 16:37:31.564: D/TiUIView(1363): (main) [45,8503] Nativeview is null
04-10 16:37:31.614: V/PhoneStatusBar(203): setLightsOn(true)
04-10 16:37:31.626: D/TiUIView(1363): (main) [62,8565] Nativeview is null
04-10 16:37:31.739: D/dalvikvm(1363): GC_FOR_ALLOC freed 253K, 8% free 10703K/11527K, paused 52ms
04-10 16:37:31.739: I/dalvikvm-heap(1363): Grow heap (frag case) to 11.037MB for 540016-byte allocation
04-10 16:37:31.817: D/dalvikvm(297): GC_CONCURRENT freed 173K, 3% free 9586K/9863K, paused 2ms+3ms
04-10 16:37:31.825: D/dalvikvm(1363): GC_CONCURRENT freed 7K, 8% free 11223K/12103K, paused 2ms+18ms
04-10 16:37:31.837: I/ActivityManager(136): Displayed com.appcelerator.titanium/org.appcelerator.titanium.TiActivity: +446ms
04-10 16:37:32.142: D/dalvikvm(297): GC_CONCURRENT freed 115K, 3% free 9944K/10183K, paused 1ms+7ms
04-10 16:37:32.317: D/dalvikvm(297): GC_FOR_ALLOC freed 148K, 4% free 9856K/10183K, paused 37ms
04-10 16:37:32.321: I/dalvikvm-heap(297): Grow heap (frag case) to 10.243MB for 577936-byte allocation
04-10 16:37:32.360: D/dalvikvm(297): GC_CONCURRENT freed <1K, 4% free 10420K/10759K, paused 2ms+3ms
04-10 16:37:43.009: I/ActivityManager(136): Start proc com.google.android.inputmethod.latin.dictionarypack for content provider com.google.android.inputmethod.latin.dictionarypack/.DictionaryProvider: pid=1383 uid=10074 gids={3003, 1015}
04-10 16:37:43.052: I/ActivityThread(1383): Pub com.android.inputmethod.latin.dictionarypack: com.google.android.inputmethod.latin.dictionarypack.DictionaryProvider
04-10 16:37:43.075: I/ActivityManager(136): No longer want android.process.media (pid 382): hidden #16
04-10 16:37:43.169: D/dalvikvm(297): GC_CONCURRENT freed 316K, 4% free 10537K/10951K, paused 2ms+4ms
04-10 16:37:43.169: D/dalvikvm(1326): GC_CONCURRENT freed 295K, 5% free 9375K/9799K, paused 2ms+3ms
04-10 16:37:52.028: W/TiAnalyticsSvc(1363): (Thread-172) [20403,28968] Analytics Service Started
04-10 16:37:52.106: I/TiAnalyticsSvc(1363): (Thread-172) [79,29047] Sending 2 analytics events.
04-10 16:37:53.040: W/TiAnalyticsSvc(1363): (Thread-172) [933,29980] Stopping Analytics Service
04-10 16:37:55.556: D/dalvikvm(297): GC_CONCURRENT freed 340K, 5% free 10692K/11143K, paused 2ms+3ms
04-10 16:37:55.704: D/dalvikvm(136): GC_CONCURRENT freed 2424K, 24% free 12608K/16519K, paused 3ms+5ms
04-10 16:37:59.798: D/dalvikvm(1363): GC_CONCURRENT freed 454K, 6% free 11377K/12103K, paused 4ms+4ms
04-10 16:38:06.817: I/TiAPI(1363): starting geo
04-10 16:38:06.829: D/TiUIView(1363): (main) [13791,43771] Nativeview is null
04-10 16:38:06.849: E/GeolocationModule(1363): (KrollRuntimeThread) [20,43791] unable to get current position, location is null
04-10 16:38:06.853: I/TiAPI(1363): received geo response
04-10 16:38:06.853: I/ALERT(1363): (KrollRuntimeThread) [2,43793] {message=location is currently unavailable., code=2}
04-10 16:38:08.321: W/InputManagerService(136): Window already focused, ignoring focus gain of: com.android.internal.view.IInputMethodClient$Stub$Proxy@41769b40
04-10 16:38:09.634: D/PicasaSyncManager(915): battery info: false
04-10 16:38:10.661: I/StorageNotification(203): UMS connection changed to false (media state mounted)
04-10 16:38:10.681: I/ActivityManager(136): Start proc android.process.media for broadcast com.android.providers.media/.UsbReceiver: pid=1408 uid=10025 gids={1015, 1023, 1024, 2001, 3003, 3007}
04-10 16:38:10.755: I/ActivityThread(1408): Pub media: com.android.providers.media.MediaProvider
04-10 16:38:10.759: D/dalvikvm(80): GC_EXPLICIT freed 37K, 4% free 9030K/9347K, paused 2ms+7ms
04-10 16:38:10.794: D/dalvikvm(203): GC_CONCURRENT freed 675K, 9% free 10363K/11335K, paused 2ms+10ms
04-10 16:38:10.849: D/dalvikvm(80): GC_EXPLICIT freed <1K, 4% free 9030K/9347K, paused 5ms+11ms
04-10 16:38:10.876: D/dalvikvm(203): GC_FOR_ALLOC freed 371K, 10% free 10275K/11335K, paused 48ms
04-10 16:38:10.899: D/dalvikvm(80): GC_EXPLICIT freed <1K, 4% free 9030K/9347K, paused 2ms+5ms
04-10 16:38:10.966: I/ActivityThread(1408): Pub downloads: com.android.providers.downloads.DownloadProvider
04-10 16:38:10.978: I/ActivityThread(1408): Pub drm: com.android.providers.drm.DrmProvider
04-10 16:38:10.981: I/DownloadManager(1408): in removeSpuriousFiles
04-10 16:38:10.997: I/DownloadManager(1408): in removeSpuriousFiles, preserving file /mnt/sdcard/download/app.apk
04-10 16:38:10.997: I/DownloadManager(1408): in removeSpuriousFiles, preserving file /data/data/com.android.providers.downloads/cache/metadata.json
04-10 16:38:10.997: I/DownloadManager(1408): in removeSpuriousFiles, preserving file /data/data/com.android.providers.downloads/cache/en_general.htm
04-10 16:38:10.997: I/DownloadManager(1408): in removeSpuriousFiles, preserving file /data/data/com.android.providers.downloads/cache/metadata-1.json
04-10 16:38:11.001: I/DownloadManager(1408): deleting spurious file /cache/@pm@.data
04-10 16:38:11.036: I/ActivityManager(136): No longer want com.google.android.gsf.login (pid 1246): hidden #16
04-10 16:38:11.099: I/InputReader(136): Reconfiguring input devices. changes=0x00000004
04-10 16:38:11.099: I/InputReader(136): Device reconfigured: id=7, name='mxt224_ts_input', surface size is now 480x800, mode is 1
04-10 16:38:11.134: I/ActivityManager(136): Config changed: {1.0 310mcc260mnc en_US layoutdir=0 sw320dp w533dp h294dp nrml long land finger -keyb/v/h -nav/h s.5}
04-10 16:38:11.356: D/dalvikvm(203): GC_FOR_ALLOC freed 511K, 13% free 9941K/11335K, paused 32ms
04-10 16:38:11.360: I/dalvikvm-heap(203): Grow heap (frag case) to 10.071MB for 310416-byte allocation
04-10 16:38:11.376: D/dalvikvm(203): GC_FOR_ALLOC freed 28K, 13% free 10216K/11655K, paused 16ms
04-10 16:38:11.396: D/dalvikvm(203): GC_FOR_ALLOC freed 181K, 14% free 10034K/11655K, paused 15ms
04-10 16:38:13.606: D/dalvikvm(136): GC_EXPLICIT freed 558K, 24% free 12580K/16519K, paused 11ms+6ms
04-10 16:38:14.696: I/InputReader(136): Reconfiguring input devices. changes=0x00000004
04-10 16:38:14.696: I/InputReader(136): Device reconfigured: id=7, name='mxt224_ts_input', surface size is now 480x800, mode is 1
04-10 16:38:14.724: I/ActivityManager(136): Config changed: {1.0 310mcc260mnc en_US layoutdir=0 sw320dp w320dp h508dp nrml long port finger -keyb/v/h -nav/h s.6}
04-10 16:38:14.899: D/dalvikvm(203): GC_FOR_ALLOC freed 342K, 14% free 10051K/11655K, paused 18ms
04-10 16:38:15.728: D/dalvikvm(203): GC_CONCURRENT freed 332K, 14% free 10102K/11655K, paused 15ms+2ms
04-10 16:38:17.110: D/dalvikvm(136): GC_EXPLICIT freed 82K, 25% free 12532K/16519K, paused 11ms+4ms
04-10 16:38:27.755: D/Window(1363): Unable to release window reference.
04-10 16:38:27.794: V/PhoneStatusBar(203): setLightsOn(true)
04-10 16:38:28.083: E/TiBaseActivity(1363): (main) [21231,65024] Layout cleanup.
04-10 16:38:54.013: I/ActivityManager(136): START {cmp=com.appcelerator.titanium/org.appcelerator.titanium.TiActivity (has extras)} from pid 1363
04-10 16:38:54.048: D/Window(1363): Loading window with URL: ../examples/yql.js
04-10 16:38:54.052: D/Module(1363): Loading module: ../examples/yql -> Resources/examples/yql.js
04-10 16:38:54.302: D/TiUIView(1363): (main) [26217,91241] Nativeview is null
04-10 16:38:54.306: V/PhoneStatusBar(203): setLightsOn(true)
04-10 16:38:54.317: D/TiUIView(1363): (main) [18,91259] Nativeview is null
04-10 16:38:54.349: I/ActivityManager(136): Displayed com.appcelerator.titanium/org.appcelerator.titanium.TiActivity: +312ms
04-10 16:38:55.767: I/ActivityManager(136): START {cmp=com.appcelerator.titanium/org.appcelerator.titanium.TiActivity (has extras)} from pid 1363
04-10 16:38:55.806: D/Window(1363): Loading window with URL: ../examples/yql_local_search.js
04-10 16:38:55.810: D/Module(1363): Loading module: ../examples/yql_local_search -> Resources/examples/yql_local_search.js
04-10 16:38:55.981: I/TiAPI(1363): IN SHOW INDICATOR
04-10 16:38:55.985: E/TiAPI(1363): !!!
04-10 16:38:55.985: E/TiAPI(1363): !!! WARNING : Use of unsupported constant Ti.UI.iPhone.ActivityIndicatorStyle.BIG !!!
04-10 16:38:55.985: E/TiAPI(1363): !!!
04-10 16:38:56.067: I/TiAPI(1363): RS:1
04-10 16:38:56.130: D/TiUIView(1363): (main) [1809,93068] Nativeview is null
04-10 16:38:56.142: V/PhoneStatusBar(203): setLightsOn(true)
04-10 16:38:56.149: D/TiUIView(1363): (main) [22,93090] Nativeview is null
04-10 16:38:56.200: I/ActivityManager(136): Displayed com.appcelerator.titanium/org.appcelerator.titanium.TiActivity: +403ms
04-10 16:38:56.204: D/TiUIView(1363): (main) [53,93143] Nativeview is null
04-10 16:38:56.360: D/dalvikvm(1363): GC_CONCURRENT freed 900K, 9% free 11306K/12295K, paused 2ms+5ms
04-10 16:38:56.384: I/dalvikvm(136): Jit: resizing JitTable from 8192 to 16384
04-10 16:38:56.540: I/TiAPI(1363): RS:2
04-10 16:38:56.544: I/TiAPI(1363): RS:3
04-10 16:38:56.567: I/TiAPI(1363): RS:4
04-10 16:38:56.579: I/TiAPI(1363): YQL: {"query":{"count":10,"created":"2012-04-10T23:38:57Z","lang":"en-US","results":{"Result":[{"id":"21335949","xmlns":"urn:yahoo:lcl","Title":"TGI Sushi Sunnyvale","Address":"903 E Duane Ave","City":"Sunnyvale","State":"CA","Phone":"(408) 737-7183","Latitude":"37.388519","Longitude":"-122.004981","Rating":{"AverageRating":"5","TotalRatings":"1","TotalReviews":"1","LastReviewDate":"1151786405","LastReviewIntro":"Some of the best sushi I've ever had. Very friendly attentive service. Extensive menu. Not a whole lot of vegetarian sushi but plenty of vegetarian food throughout the menu. The food comes quickly making it a great place for work lunches. Prices are very reasonable--my mom and I each had good-sized (and delicious!) meals and the total bill only came to $17. Can't wait to go back."},"Distance":"0.69","Url":"http://local.yahoo.com/info-21335949-tgi-sushi-sunnyvale-sunnyvale","ClickUrl":"http://local.yahoo.com/info-21335949-tgi-sushi-sunnyvale-sunnyvale","MapUrl":"http://maps.yahoo.com/maps_result?q1=903+E+Duane+Ave+Sunnyvale+CA&gid1=21335949","BusinessUrl":"http://www.tgisushi.com/","BusinessClickUrl":"http://www.tgisushi.com/","Categories":{"Category":[{"id":"96926210","content":"Japanese Restaurants"},{"id":"96926236","content":"Restaurants"}]}},{"id":"21327112","xmlns":"urn:yahoo:lcl","Title":"Sushi Club","Address":"415 N Mary Ave, #104","City":"Sunnyvale","State":"CA","Phone":"(408) 738-0408","Latitude":"37.390247","Longitude":"-122.041498","Rating":{"AverageRating":"4","TotalRatings":"1","TotalReviews":"1","LastReviewDate":"1224960493","LastReviewIntro":"The establishment is small and quaint! The hostess is very cordial and has an open ear. The salmon meals are worth the visit in addition to the other meals. Give them a try and you will NOT be disappointed."},"Distance":"1.32","Url":"http://local.yahoo.com/info-21327112-sushi-club-sunnyvale","ClickUrl":"http://local.yahoo.com/info-21327112-sushi-club-sunnyvale","MapUrl":"http://maps.yahoo.com/maps_result?q1=415+N+Mary+Ave%2C+%23104+Sunnyvale+CA&gid1=21327112","BusinessUrl":"http://sushiclubsunnyvale.com/","BusinessClickUrl":"http://sushiclubsunnyvale.com/","Categories":{"Category":[{"id":"96926210","content":"Japanese Restaurants"},{"id":"96926236","content":"Restaurants"}]}},{"id":"38772042","xmlns":"urn:yahoo:lcl","Title":"Sushi 85","Address":"1350 Grant Rd, #6","City":"Mountain View","State":"CA","Phone":"(650) 965-8898","Latitude":"37.37749","Longitude":"-122.075537","Rating":{"AverageRating":"4","TotalRatings":"5","TotalReviews":"5","LastReviewDate":"1275581159","LastReviewIntro":"I do not want talk about quality of food at all! With bad service quality - nothing! Will never attend this place in the future and do not recommend to other people. My story in brief. Lovely evening with family was completely destroyed by the person who took the order and cashier."},"Distance":"3.28","Url":"http://local.yahoo.com/info-38772042-sushi-85-mountain-view","ClickUrl":"http://local.yahoo.com/info-38772042-sushi-85-mountain-view","MapUrl":"http://maps.yahoo.com/maps_result?q1=1350+Grant+Rd%2C+%236+Mountain+View+CA&gid1=38772042","BusinessUrl":"http://www.sushi85.com/","BusinessClickUrl":"http://www.sushi85.com/","Categories":{"Category":{"id":"96926205","content":"Sushi Restaurants"}}},{"id":"28778835","xmlns":"urn:yahoo:lcl","Title":"Tsunami Sushi","Address":"209 Castro St","City":"Mountain View","State":"CA","Phone":"(650) 965-0114","Latitude":"37.393613","Longitude":"-122.078916","Rating":{"AverageRating":"4.5","TotalRatings":"8","TotalReviews":"8","LastReviewDate":"1238970898","LastReviewIntro":"Great Sushi. Small bar in back. They have a great selection on vegetarian sushi. Their Agadashi Tufu is delicious. Also they are the only sushi restaurant I've found that has asparagus tempura rolls. They are little bit pricey but it is worth it. Try the plum wine. :)"},"Distance":"3.39","Url":"http://local.yahoo.com/info-28778835-tsunami-sushi-mountain-view","ClickUrl":"http://local.yahoo.com/info-28778835-tsunami-sushi-mountain-vie
04-10 16:38:56.653: I/TiAPI(1363): IN HIDE INDICATOR
04-10 16:38:56.751: W/InputManagerService(136): Window already focused, ignoring focus gain of: com.android.internal.view.IInputMethodClient$Stub$Proxy@416fe928
04-10 16:38:58.220: V/PhoneStatusBar(203): setLightsOn(true)
04-10 16:38:58.489: E/TiBaseActivity(1363): (main) [2287,95430] Layout cleanup.
04-10 16:38:59.567: V/PhoneStatusBar(203): setLightsOn(true)
04-10 16:38:59.618: D/dalvikvm(136): GC_CONCURRENT freed 649K, 24% free 12700K/16519K, paused 2ms+20ms
04-10 16:38:59.915: E/TiBaseActivity(1363): (main) [1426,96856] Layout cleanup.
04-10 16:39:00.626: I/ActivityManager(136): START {cmp=com.appcelerator.titanium/org.appcelerator.titanium.TiActivity (has extras)} from pid 1363
04-10 16:39:00.657: D/Window(1363): Loading window with URL: ../examples/soap.js
04-10 16:39:00.657: D/Module(1363): Loading module: ../examples/soap -> Resources/examples/soap.js
04-10 16:39:00.884: D/TiUIView(1363): (main) [966,97822] Nativeview is null
04-10 16:39:00.896: V/PhoneStatusBar(203): setLightsOn(true)
04-10 16:39:00.919: D/TiUIView(1363): (main) [36,97858] Nativeview is null
04-10 16:39:00.950: I/ActivityManager(136): Displayed com.appcelerator.titanium/org.appcelerator.titanium.TiActivity: +304ms
04-10 16:39:07.595: D/dalvikvm(1128): GC_CONCURRENT freed 329K, 4% free 9909K/10311K, paused 3ms+4ms
04-10 16:39:41.989: I/wpa_supplicant(269): wlan0: CTRL-EVENT-DISCONNECTED bssid=c0:62:6b:66:cd:d2 reason=0
04-10 16:39:42.001: D/CommandListener(76): Clearing all IP addresses on wlan0
04-10 16:39:42.056: D/NetUtils(136): android_net_utils_resetConnections in env=0xc66120 clazz=0x35e00001 iface=wlan0 mask=0x3
04-10 16:39:42.056: D/ConnectivityService(136): ConnectivityChange for WIFI: DISCONNECTED/DISCONNECTED
04-10 16:39:42.056: D/ConnectivityService(136): Attempting to switch to mobile
04-10 16:39:42.056: D/ConnectivityService(136): Attempting to switch to BLUETOOTH_TETHER
04-10 16:39:42.056: D/ConnectivityService(136): resetConnections(wlan0, 3)
04-10 16:39:42.091: W/Smack/Packet(273): notify conn break (IOEx), close connection
04-10 16:39:42.095: W/IdleConnectionHandler(1363): Removing a connection that never existed!
04-10 16:39:42.103: E/TiHttpClient(1363): (TiHttpClient-2) [41177,139035] HTTP Error (java.net.SocketException): recvfrom failed: ETIMEDOUT (Connection timed out)
04-10 16:39:42.103: E/TiHttpClient(1363): java.net.SocketException: recvfrom failed: ETIMEDOUT (Connection timed out)
04-10 16:39:42.103: E/TiHttpClient(1363): at libcore.io.IoBridge.maybeThrowAfterRecvfrom(IoBridge.java:542)
04-10 16:39:42.103: E/TiHttpClient(1363): at libcore.io.IoBridge.recvfrom(IoBridge.java:506)
04-10 16:39:42.103: E/TiHttpClient(1363): at java.net.PlainSocketImpl.read(PlainSocketImpl.java:488)
04-10 16:39:42.103: E/TiHttpClient(1363): at java.net.PlainSocketImpl.access$000(PlainSocketImpl.java:46)
04-10 16:39:42.103: E/TiHttpClient(1363): at java.net.PlainSocketImpl$PlainSocketInputStream.read(PlainSocketImpl.java:240)
04-10 16:39:42.103: E/TiHttpClient(1363): at org.apache.http.impl.io.AbstractSessionInputBuffer.fillBuffer(AbstractSessionInputBuffer.java:103)
04-10 16:39:42.103: E/TiHttpClient(1363): at org.apache.http.impl.io.AbstractSessionInputBuffer.readLine(AbstractSessionInputBuffer.java:191)
04-10 16:39:42.103: E/TiHttpClient(1363): at org.apache.http.impl.conn.DefaultResponseParser.parseHead(DefaultResponseParser.java:82)
04-10 16:39:42.103: E/TiHttpClient(1363): at org.apache.http.impl.io.AbstractMessageParser.parse(AbstractMessageParser.java:174)
04-10 16:39:42.103: E/TiHttpClient(1363): at org.apache.http.impl.AbstractHttpClientConnection.receiveResponseHeader(AbstractHttpClientConnection.java:180)
04-10 16:39:42.103: E/TiHttpClient(1363): at org.apache.http.impl.conn.DefaultClientConnection.receiveResponseHeader(DefaultClientConnection.java:235)
04-10 16:39:42.103: E/TiHttpClient(1363): at org.apache.http.impl.conn.AbstractClientConnAdapter.receiveResponseHeader(AbstractClientConnAdapter.java:259)
04-10 16:39:42.103: E/TiHttpClient(1363): at org.apache.http.protocol.HttpRequestExecutor.doReceiveResponse(HttpRequestExecutor.java:279)
04-10 16:39:42.103: E/TiHttpClient(1363): at org.apache.http.protocol.HttpRequestExecutor.execute(HttpRequestExecutor.java:121)
04-10 16:39:42.103: E/TiHttpClient(1363): at org.apache.http.impl.client.DefaultRequestDirector.execute(DefaultRequestDirector.java:428)
04-10 16:39:42.103: E/TiHttpClient(1363): at org.apache.http.impl.client.AbstractHttpClient.execute(AbstractHttpClient.java:555)
04-10 16:39:42.103: E/TiHttpClient(1363): at org.apache.http.impl.client.AbstractHttpClient.execute(AbstractHttpClient.java:653)
04-10 16:39:42.103: E/TiHttpClient(1363): at org.apache.http.impl.client.AbstractHttpClient.execute(AbstractHttpClient.java:637)
04-10 16:39:42.103: E/TiHttpClient(1363): at ti.modules.titanium.network.TiHTTPClient$ClientRunnable.run(TiHTTPClient.java:1152)
04-10 16:39:42.103: E/TiHttpClient(1363): at java.lang.Thread.run(Thread.java:856)
04-10 16:39:42.103: E/TiHttpClient(1363): Caused by: libcore.io.ErrnoException: recvfrom failed: ETIMEDOUT (Connection timed out)
04-10 16:39:42.103: E/TiHttpClient(1363): at libcore.io.Posix.recvfromBytes(Native Method)
04-10 16:39:42.103: E/TiHttpClient(1363): at libcore.io.Posix.recvfrom(Posix.java:131)
04-10 16:39:42.103: E/TiHttpClient(1363): at libcore.io.BlockGuardOs.recvfrom(BlockGuardOs.java:164)
04-10 16:39:42.103: E/TiHttpClient(1363): at libcore.io.IoBridge.recvfrom(IoBridge.java:503)
04-10 16:39:42.103: E/TiHttpClient(1363): ... 18 more
04-10 16:39:42.103: I/TiHttpClient(1363): (TiHttpClient-2) [8,139043] Sending error recvfrom failed: ETIMEDOUT (Connection timed out)
04-10 16:39:42.103: W/TiHttpClient(1363): (TiHttpClient-2) [0,139043] No onerror callback specified; it would be called if it were.
04-10 16:39:42.251: I/qtaguid(273): Failed write_ctrl(u 77) res=-1 errno=22
04-10 16:39:42.251: I/qtaguid(273): Untagging socket 77 failed errno=-22
04-10 16:39:42.251: W/NetworkManagementSocketTagger(273): untagSocket(77) failed with errno -22
04-10 16:39:42.294: D/ConnectivityService(136): handleInetConditionChange: no active default network - ignore
04-10 16:39:43.782: I/wpa_supplicant(269): wlan0: Trying to associate with c0:62:6b:67:1f:e2 (SSID='Appcelerator Guests' freq=2437 MHz)
04-10 16:39:43.950: I/wpa_supplicant(269): wlan0: Associated with c0:62:6b:67:1f:e2
04-10 16:39:43.978: I/wpa_supplicant(269): wlan0: WPA: Key negotiation completed with c0:62:6b:67:1f:e2 [PTK=CCMP GTK=CCMP]
04-10 16:39:43.978: I/wpa_supplicant(269): wlan0: CTRL-EVENT-CONNECTED - Connection to c0:62:6b:67:1f:e2 completed (reauth) [id=0 id_str=]
04-10 16:39:44.630: D/ConnectivityService(136): ConnectivityChange for WIFI: CONNECTED/CONNECTED
04-10 16:39:44.685: W/NetworkStats(136): dropping UID delta from unknown iface: iface=wlan0 uid=0 set=DEFAULT tag=0x0 rxBytes=0 rxPackets=0 txBytes=140 txPackets=2 operations=0
04-10 16:39:45.087: D/Tethering(136): MasterInitialState.processMessage what=3
04-10 16:39:45.165: I/GTalkService/c(273): [AndroidEndpoint@1094266232] connect: acct=1000000, state=CONNECTING
04-10 16:39:45.169: I/GTalkService/c(273): [GTalkConnection@1094526464] connect: acct=1, state=CONNECTING
04-10 16:39:45.278: D/dalvikvm(136): GC_EXPLICIT freed 800K, 24% free 12624K/16519K, paused 3ms+6ms
04-10 16:39:45.298: I/ActivityManager(136): Start proc com.google.android.apps.uploader for broadcast com.google.android.apps.uploader/.ConnectivityBroadcastReceiver: pid=1481 uid=10024 gids={3003}
04-10 16:39:45.306: I/dalvikvm(1481): Turning on JNI app bug workarounds for target SDK version 11...
04-10 16:39:45.329: I/ActivityThread(1481): Pub com.google.android.apps.uploader: com.google.android.apps.uploader.UploadsContentProvider
04-10 16:39:45.333: I/ActivityThread(1481): Pub com.google.photos.provider.Album: com.google.android.apps.uploader.clients.picasa.AlbumProvider
04-10 16:39:45.333: D/MediaUploader(1481): UploaderApplication.onCreate
04-10 16:39:45.349: D/MediaUploader(1481): nonWifiLimit=20971520, default=20971520
04-10 16:39:45.353: I/MediaUploader(1481): No need to wake up
04-10 16:39:45.360: I/ActivityManager(136): No longer want com.google.android.gm (pid 1226): hidden #16
04-10 16:39:45.368: D/PicasaSyncManager(915): active network: NetworkInfo: type: WIFI[], state: CONNECTED/CONNECTED, reason: (unspecified), extra: (none), roaming: false, failover: false, isAvailable: true
04-10 16:39:45.368: D/PicasaSyncManager(915): background data: true
04-10 16:39:45.431: D/dalvikvm(273): GC_CONCURRENT freed 345K, 5% free 9712K/10183K, paused 2ms+4ms
04-10 16:39:45.630: D/ConnectivityService(136): NetTransition Wakelock for WifiStateMachine released by timeout
04-10 16:39:45.903: D/dalvikvm(273): GC_EXPLICIT freed 274K, 6% free 9631K/10183K, paused 12ms+3ms
04-10 16:39:46.314: I/ActivityManager(136): Start proc com.google.android.talk for broadcast com.google.android.talk/.ConnectionStateOnlineReceiver: pid=1500 uid=10000 gids={3003, 1015, 1006, 3002}
04-10 16:39:46.360: I/ActivityThread(1500): Pub com.google.android.talk.SuggestionProvider: com.google.android.talk.SuggestionsProvider
04-10 16:39:46.388: D/vclib:CallStateClient(1500): startListening
04-10 16:39:46.407: D/ConnectivityService(136): handleInetConditionHoldEnd: net=1, condition=100, published condition=0
04-10 16:39:46.407: I/ActivityManager(136): No longer want com.google.android.apps.genie.geniewidget (pid 1285): hidden #16
04-10 16:39:46.497: D/dalvikvm(1500): GC_CONCURRENT freed 166K, 3% free 9321K/9607K, paused 2ms+9ms
04-10 16:39:47.696: D/Tethering(136): MasterInitialState.processMessage what=3
04-10 16:39:47.739: I/MediaUploader(1481): No need to wake up
04-10 16:39:47.751: D/PicasaSyncManager(915): active network: NetworkInfo: type: WIFI[], state: CONNECTED/CONNECTED, reason: (unspecified), extra: (none), roaming: false, failover: false, isAvailable: true
04-10 16:39:47.751: D/PicasaSyncManager(915): background data: true
04-10 16:39:47.931: D/dalvikvm(316): GC_CONCURRENT freed 417K, 6% free 9506K/10055K, paused 10ms+3ms
04-10 16:39:48.216: D/ConnectivityService(136): handleInetConditionHoldEnd: net=1, condition=100, published condition=100
04-10 16:40:08.798: I/InputReader(136): Reconfiguring input devices. changes=0x00000004
04-10 16:40:08.798: I/InputReader(136): Device reconfigured: id=7, name='mxt224_ts_input', surface size is now 480x800, mode is 1
04-10 16:40:08.821: I/ActivityManager(136): Config changed: {1.0 310mcc260mnc en_US layoutdir=0 sw320dp w533dp h294dp nrml long land finger -keyb/v/h -nav/h s.7}
04-10 16:40:08.978: D/dalvikvm(203): GC_CONCURRENT freed 503K, 14% free 10048K/11655K, paused 2ms+2ms
04-10 16:40:11.181: D/dalvikvm(136): GC_EXPLICIT freed 318K, 24% free 12577K/16519K, paused 24ms+5ms
04-10 16:40:11.669: I/InputReader(136): Reconfiguring input devices. changes=0x00000004
04-10 16:40:11.669: I/InputReader(136): Device reconfigured: id=7, name='mxt224_ts_input', surface size is now 480x800, mode is 1
04-10 16:40:11.700: I/ActivityManager(136): Config changed: {1.0 310mcc260mnc en_US layoutdir=0 sw320dp w320dp h508dp nrml long port finger -keyb/v/h -nav/h s.8}
04-10 16:40:11.817: D/dalvikvm(203): GC_FOR_ALLOC freed 354K, 14% free 10052K/11655K, paused 17ms
04-10 16:40:12.677: D/dalvikvm(203): GC_CONCURRENT freed 332K, 14% free 10104K/11655K, paused 29ms+2ms
04-10 16:40:14.001: D/dalvikvm(136): GC_EXPLICIT freed 66K, 25% free 12539K/16519K, paused 7ms+5ms
04-10 16:40:20.704: V/PhoneStatusBar(203): setLightsOn(true)
04-10 16:40:21.118: E/TiBaseActivity(1363): (main) [39016,178059] Layout cleanup.
04-10 16:40:24.044: D/TiUIView(1363): (main) [2926,180985] Nativeview is null
04-10 16:40:24.044: D/Window(1363): Loading window with URL: main_windows/platform.js
04-10 16:40:24.048: D/Module(1363): Loading module: main_windows/platform -> Resources/main_windows/platform.js
04-10 16:40:24.282: D/dalvikvm(1363): GC_CONCURRENT freed 903K, 10% free 11128K/12295K, paused 2ms+5ms
04-10 16:40:24.396: I/TiAPI(1363): tab blur - new index 4 old index 1
04-10 16:40:24.423: D/TiUIView(1363): (main) [377,181362] Nativeview is null
04-10 16:40:25.435: I/TiAPI(1363): tab Platform prevTab = Mashups
04-10 16:40:26.513: D/Window(1363): Unable to release window reference.
04-10 16:40:26.513: D/Window(1363): Unable to release window reference.
04-10 16:40:30.024: D/dalvikvm(1363): GC_FOR_ALLOC freed 367K, 9% free 11203K/12295K, paused 50ms
04-10 16:40:30.024: I/dalvikvm-heap(1363): Grow heap (frag case) to 11.142MB for 138256-byte allocation
04-10 16:40:30.060: D/dalvikvm(1363): GC_FOR_ALLOC freed 5K, 10% free 11333K/12487K, paused 27ms
04-10 16:40:30.106: D/dalvikvm(1363): GC_FOR_ALLOC freed 0K, 10% free 11333K/12487K, paused 32ms
04-10 16:40:30.106: I/dalvikvm-heap(1363): Grow heap (frag case) to 11.269MB for 138256-byte allocation
04-10 16:40:30.149: D/dalvikvm(1363): GC_FOR_ALLOC freed 0K, 10% free 11468K/12679K, paused 32ms
04-10 16:40:30.192: D/dalvikvm(1363): GC_FOR_ALLOC freed 0K, 10% free 11468K/12679K, paused 32ms
04-10 16:40:30.192: I/dalvikvm-heap(1363): Grow heap (frag case) to 11.401MB for 138256-byte allocation
04-10 16:40:30.235: D/dalvikvm(1363): GC_FOR_ALLOC freed 0K, 10% free 11603K/12871K, paused 32ms
04-10 16:40:30.282: D/dalvikvm(1363): GC_FOR_ALLOC freed <1K, 9% free 11738K/12871K, paused 32ms
04-10 16:40:30.282: I/dalvikvm-heap(1363): Grow heap (frag case) to 11.665MB for 138256-byte allocation
04-10 16:40:30.325: D/dalvikvm(1363): GC_FOR_ALLOC freed 0K, 10% free 11873K/13063K, paused 33ms
04-10 16:40:30.368: D/dalvikvm(1363): GC_FOR_ALLOC freed 0K, 10% free 11873K/13063K, paused 32ms
04-10 16:40:30.368: I/dalvikvm-heap(1363): Grow heap (frag case) to 11.796MB for 138256-byte allocation
04-10 16:40:30.411: D/dalvikvm(1363): GC_FOR_ALLOC freed <1K, 10% free 12008K/13255K, paused 33ms
04-10 16:40:30.458: D/dalvikvm(1363): GC_FOR_ALLOC freed 0K, 9% free 12144K/13255K, paused 32ms
04-10 16:40:30.458: I/dalvikvm-heap(1363): Grow heap (frag case) to 12.061MB for 138256-byte allocation
04-10 16:40:30.501: D/dalvikvm(1363): GC_FOR_ALLOC freed 0K, 9% free 12279K/13447K, paused 32ms
04-10 16:40:30.544: D/dalvikvm(1363): GC_FOR_ALLOC freed 0K, 9% free 12279K/13447K, paused 33ms
04-10 16:40:30.548: I/dalvikvm-heap(1363): Grow heap (frag case) to 12.193MB for 138256-byte allocation
04-10 16:40:30.591: D/dalvikvm(1363): GC_FOR_ALLOC freed 0K, 9% free 12414K/13639K, paused 32ms
04-10 16:40:32.571: I/TiAPI(1363): tab blur - new index 3 old index 4
04-10 16:40:33.610: I/TiAPI(1363): tab Mashups prevTab = Platform
04-10 16:40:34.677: D/Window(1363): Unable to release window reference.
04-10 16:40:34.677: D/Window(1363): Unable to release window reference.
04-10 16:40:34.677: D/Window(1363): Unable to release window reference.
04-10 16:40:37.927: I/TiAPI(1363): tab blur - new index 4 old index 3
04-10 16:40:39.024: I/TiAPI(1363): tab Platform prevTab = Mashups
04-10 16:40:39.962: I/ActivityManager(136): START {cmp=com.appcelerator.titanium/org.appcelerator.titanium.TiActivity (has extras)} from pid 1363
04-10 16:40:39.997: D/Window(1363): Loading window with URL: ../examples/sockets.js
04-10 16:40:40.001: D/Module(1363): Loading module: ../examples/sockets -> Resources/examples/sockets.js
04-10 16:40:40.372: D/Window(1363): Unable to release window reference.
04-10 16:40:40.376: D/Window(1363): Unable to release window reference.
04-10 16:40:40.376: D/Window(1363): Unable to release window reference.
04-10 16:40:40.376: D/Window(1363): Unable to release window reference.
04-10 16:40:40.446: D/TiUIView(1363): (main) [16025,197387] Nativeview is null
04-10 16:40:40.466: V/PhoneStatusBar(203): setLightsOn(true)
04-10 16:40:40.489: D/TiUIView(1363): (main) [42,197429] Nativeview is null
04-10 16:40:40.521: I/ActivityManager(136): Displayed com.appcelerator.titanium/org.appcelerator.titanium.TiActivity: +534ms
04-10 16:41:00.106: W/ThrottleService(136): unable to find stats for iface rmnet0
04-10 16:41:01.204: I/EventLogService(273): Aggregate from 1334099461050 (log), 1334099461050 (data)
04-10 16:41:01.235: I/ServiceDumpSys(273): dumping service [account]
04-10 16:41:50.388: D/Window(1363): Unable to release window reference.
04-10 16:41:50.446: V/PhoneStatusBar(203): setLightsOn(true)
04-10 16:41:50.747: E/TiBaseActivity(1363): (main) [70257,267686] Layout cleanup.
04-10 16:41:51.286: E/TiBaseActivity(1363): (main) [541,268227] Layout cleanup.
04-10 16:41:51.341: D/dalvikvm(136): GC_CONCURRENT freed 665K, 24% free 12702K/16519K, paused 2ms+7ms
04-10 16:41:51.497: W/InputManagerService(136): Starting input on non-focused client com.android.internal.view.IInputMethodClient$Stub$Proxy@41585b40 (uid=10009 pid=1363)
04-10 16:41:51.696: D/dalvikvm(344): GC_CONCURRENT freed 4057K, 26% free 12766K/17095K, paused 2ms+23ms
04-10 16:41:51.856: D/dalvikvm(344): GC_FOR_ALLOC freed 1178K, 30% free 12074K/17095K, paused 75ms
04-10 16:41:51.860: I/dalvikvm-heap(344): Grow heap (frag case) to 13.084MB for 1286224-byte allocation
04-10 16:41:51.915: D/dalvikvm(344): GC_FOR_ALLOC freed 3K, 23% free 13326K/17095K, paused 38ms
04-10 16:41:52.017: D/dalvikvm(344): GC_CONCURRENT freed 22K, 22% free 13381K/17095K, paused 2ms+13ms
04-10 16:41:52.204: D/dalvikvm(344): GC_CONCURRENT freed 1509K, 23% free 13254K/17095K, paused 1ms+3ms
04-10 16:41:52.333: I/ActivityManager(136): No longer want com.google.android.partnersetup (pid 1340): hidden #16
04-10 16:41:52.345: E/TiBaseActivity(1363): (main) [1056,269283] Layout cleanup.
04-10 16:41:52.388: E/TiBaseActivity(1363): (main) [43,269326] Layout cleanup.
04-10 16:41:52.392: E/TiBaseActivity(1363): (main) [4,269330] Layout cleanup.
04-10 16:41:52.392: E/TiBaseActivity(1363): (main) [2,269332] Layout cleanup.
04-10 16:41:52.724: D/dalvikvm(344): GC_FOR_ALLOC freed 2160K, 29% free 12273K/17095K, paused 23ms
04-10 16:41:52.774: D/dalvikvm(344): GC_FOR_ALLOC freed 622K, 28% free 12418K/17095K, paused 22ms
04-10 16:41:52.817: D/dalvikvm(344): GC_FOR_ALLOC freed 1057K, 29% free 12183K/17095K, paused 23ms
04-10 16:41:52.868: D/dalvikvm(344): GC_FOR_ALLOC freed 1K, 25% free 12939K/17095K, paused 22ms
04-10 16:41:52.868: I/dalvikvm-heap(344): Grow heap (frag case) to 14.364MB for 1742416-byte allocation
04-10 16:41:52.907: D/dalvikvm(344): GC_CONCURRENT freed 0K, 15% free 14640K/17095K, paused 1ms+4ms
04-10 16:42:01.153: I/ActivityManager(136): START {act=android.intent.action.MAIN cat=[android.intent.category.HOME] flg=0x10200000 cmp=com.android.launcher/com.android.launcher2.Launcher} from pid 136
04-10 16:42:03.583: W/InputManagerService(136): Window already focused, ignoring focus gain of: com.android.internal.view.IInputMethodClient$Stub$Proxy@416cb058
04-10 16:42:04.185: I/ActivityManager(136): START {act=android.intent.action.MAIN cat=[android.intent.category.LAUNCHER] flg=0x10200000 cmp=com.android.settings/.Settings bnds=[360,556][480,706]} from pid 344
04-10 16:42:04.325: I/ActivityManager(136): Start proc com.android.settings for activity com.android.settings/.Settings: pid=1539 uid=1000 gids={1015, 3002, 3001, 3003, 3007}
04-10 16:42:04.384: D/OpenGLRenderer(344): Flushing caches (mode 1)
04-10 16:42:04.540: D/OpenGLRenderer(344): Flushing caches (mode 0)
04-10 16:42:04.606: W/System.err(1539): Removed 2131231170
04-10 16:42:04.606: W/System.err(1539): Removed 2131231177
04-10 16:42:04.665: D/LocalBluetoothProfileManager(1539): LocalBluetoothProfileManager construction complete
04-10 16:42:04.728: D/dalvikvm(1539): GC_CONCURRENT freed 131K, 3% free 9366K/9607K, paused 2ms+4ms
04-10 16:42:04.774: D/libEGL(1539): loaded /system/lib/egl/libGLES_android.so
04-10 16:42:04.782: D/libEGL(1539): loaded /vendor/lib/egl/libEGL_POWERVR_SGX540_120.so
04-10 16:42:04.794: D/libEGL(1539): loaded /vendor/lib/egl/libGLESv1_CM_POWERVR_SGX540_120.so
04-10 16:42:04.802: D/libEGL(1539): loaded /vendor/lib/egl/libGLESv2_POWERVR_SGX540_120.so
04-10 16:42:04.872: D/OpenGLRenderer(1539): Enabling debug mode 0
04-10 16:42:05.173: I/ActivityManager(136): Displayed com.android.settings/.Settings: +894ms
04-10 16:42:06.939: I/ActivityManager(136): START {act=android.intent.action.MAIN cmp=com.android.settings/.SubSettings (has extras)} from pid 1539
04-10 16:42:07.216: D/dalvikvm(1539): GC_CONCURRENT freed 116K, 3% free 9688K/9927K, paused 2ms+3ms
04-10 16:42:07.392: I/ActivityManager(136): Displayed com.android.settings/.SubSettings: +360ms
04-10 16:42:07.423: D/OpenGLRenderer(1539): Flushing caches (mode 0)
04-10 16:42:09.681: D/OpenGLRenderer(1539): Flushing caches (mode 0)
04-10 16:42:10.384: W/InputManagerService(136): Starting input on non-focused client com.android.internal.view.IInputMethodClient$Stub$Proxy@416f0520 (uid=1000 pid=1539)
04-10 16:42:10.419: D/OpenGLRenderer(1539): Flushing caches (mode 0)
04-10 16:42:10.478: D/dalvikvm(136): GC_CONCURRENT freed 796K, 23% free 12761K/16519K, paused 2ms+13ms
04-10 16:42:10.935: I/ActivityManager(136): No longer want com.google.android.gallery3d (pid 1100): hidden #16
04-10 16:42:10.962: D/OpenGLRenderer(1539): Flushing caches (mode 1)
04-10 16:42:11.946: D/dalvikvm(344): GC_FOR_ALLOC freed 4678K, 33% free 11522K/17095K, paused 32ms
04-10 16:42:11.946: I/dalvikvm-heap(344): Grow heap (frag case) to 12.201MB for 925072-byte allocation
04-10 16:42:12.017: D/dalvikvm(344): GC_CONCURRENT freed 50K, 28% free 12374K/17095K, paused 2ms+8ms
04-10 16:42:12.153: D/dalvikvm(344): GC_FOR_ALLOC freed 1129K, 30% free 12049K/17095K, paused 36ms
04-10 16:42:12.161: I/dalvikvm-heap(344): Grow heap (frag case) to 13.060MB for 1286224-byte allocation
04-10 16:42:12.212: D/dalvikvm(344): GC_FOR_ALLOC freed 3K, 23% free 13302K/17095K, paused 33ms
04-10 16:42:12.290: D/dalvikvm(344): GC_CONCURRENT freed <1K, 22% free 13384K/17095K, paused 2ms+3ms
04-10 16:42:12.450: D/dalvikvm(344): GC_CONCURRENT freed 1526K, 23% free 13266K/17095K, paused 2ms+7ms
04-10 16:42:12.599: D/dalvikvm(344): GC_FOR_ALLOC freed 2035K, 27% free 12490K/17095K, paused 31ms
04-10 16:42:12.669: D/dalvikvm(344): GC_FOR_ALLOC freed 591K, 26% free 12670K/17095K, paused 37ms
04-10 16:42:12.735: D/dalvikvm(344): GC_FOR_ALLOC freed 1058K, 27% free 12497K/17095K, paused 33ms
04-10 16:42:12.837: D/dalvikvm(344): GC_FOR_ALLOC freed 52K, 23% free 13203K/17095K, paused 30ms
04-10 16:42:12.837: I/dalvikvm-heap(344): Grow heap (frag case) to 14.622MB for 1742416-byte allocation
04-10 16:42:12.876: D/dalvikvm(344): GC_CONCURRENT freed <1K, 13% free 14904K/17095K, paused 2ms+4ms
04-10 16:42:13.716: D/dalvikvm(344): GC_FOR_ALLOC freed 4240K, 33% free 11484K/17095K, paused 27ms
04-10 16:42:13.716: I/dalvikvm-heap(344): Grow heap (frag case) to 12.163MB for 925072-byte allocation
04-10 16:42:13.751: D/dalvikvm(344): GC_FOR_ALLOC freed 16K, 28% free 12370K/17095K, paused 23ms
04-10 16:42:13.829: D/dalvikvm(344): GC_CONCURRENT freed 1K, 28% free 12371K/17095K, paused 2ms+7ms
04-10 16:42:13.939: D/dalvikvm(344): GC_FOR_ALLOC freed 998K, 31% free 11816K/17095K, paused 24ms
04-10 16:42:13.939: I/dalvikvm-heap(344): Grow heap (frag case) to 12.833MB for 1286224-byte allocation
04-10 16:42:13.981: D/dalvikvm(344): GC_FOR_ALLOC freed 3K, 24% free 13068K/17095K, paused 27ms
04-10 16:42:14.083: D/dalvikvm(344): GC_CONCURRENT freed 252K, 23% free 13188K/17095K, paused 3ms+13ms
04-10 16:42:14.216: D/dalvikvm(344): GC_CONCURRENT freed 1418K, 24% free 13150K/17095K, paused 3ms+11ms
04-10 16:42:14.364: D/dalvikvm(344): GC_FOR_ALLOC freed 2036K, 29% free 12293K/17095K, paused 28ms
04-10 16:42:14.423: D/dalvikvm(344): GC_FOR_ALLOC freed 592K, 28% free 12469K/17095K, paused 22ms
04-10 16:42:14.493: D/dalvikvm(344): GC_FOR_ALLOC freed 1060K, 29% free 12234K/17095K, paused 29ms
04-10 16:42:14.505: I/ActivityManager(136): START {act=android.intent.action.MAIN cat=[android.intent.category.LAUNCHER] flg=0x10200000 cmp=com.appcelerator.titanium/.KitchensinkActivity} from pid 344
04-10 16:42:14.536: I/TiRootActivity(1363): (main) [0,0] checkpoint, on root activity create, savedInstanceState: null
04-10 16:42:14.638: D/dalvikvm(136): GC_FOR_ALLOC freed 257K, 20% free 13282K/16519K, paused 65ms
04-10 16:42:14.642: I/dalvikvm-heap(136): Grow heap (frag case) to 14.364MB for 1382416-byte allocation
04-10 16:42:14.747: D/dalvikvm(136): GC_CONCURRENT freed 9K, 19% free 14623K/17927K, paused 2ms+10ms
04-10 16:42:14.981: D/OpenGLRenderer(344): Flushing caches (mode 1)
04-10 16:42:15.259: W/TiApplication(1363): (KrollRuntimeThread) [722,722] Registering module with name already in use.
04-10 16:42:15.259: E/TiApplication(1363): (KrollRuntimeThread) [1,723] APP PROXY: ti.modules.titanium.app.AppModule@4150f6a8
04-10 16:42:15.282: W/V8Object(1363): Runtime disposed, cannot set property 'userAgent'
04-10 16:42:15.423: D/OpenGLRenderer(344): Flushing caches (mode 0)
04-10 16:42:15.485: D/dalvikvm(344): GC_FOR_ALLOC freed 787K, 29% free 12247K/17095K, paused 39ms
04-10 16:42:15.485: I/dalvikvm-heap(344): Grow heap (frag case) to 13.688MB for 1742416-byte allocation
04-10 16:42:15.528: D/dalvikvm(344): GC_CONCURRENT freed 27K, 19% free 13922K/17095K, paused 2ms+3ms
04-10 16:42:15.700: E/TiAPI(1363): !!!
04-10 16:42:15.700: E/TiAPI(1363): !!! WARNING : Use of unsupported constant Ti.UI.iPhone.AnimationStyle.FLIP_FROM_LEFT !!!
04-10 16:42:15.700: E/TiAPI(1363): !!!
04-10 16:42:15.747: I/ActivityManager(136): START {cmp=com.appcelerator.titanium/ti.modules.titanium.ui.TiTabActivity (has extras)} from pid 1363
04-10 16:42:15.821: I/TiAPI(1363): Welcome to Kitchen Sink for Titanium/2.0.1
04-10 16:42:15.821: D/TiAPI(1363): user agent set to Dalvik/1.6.0 (Linux; U; Android 4.0.4; Nexus S Build/IMM76D) Titanium/2.0.1
04-10 16:42:15.825: D/TiAPI(1363): locale specific date is 4/10/12
04-10 16:42:15.825: D/TiAPI(1363): locale specific date (medium) is Apr 10, 2012
04-10 16:42:15.829: D/TiAPI(1363): locale specific date (long) is April 10, 2012
04-10 16:42:15.829: D/TiAPI(1363): locale specific time is 4:42 PM
04-10 16:42:15.833: D/TiAPI(1363): locale specific currency is $12.99
04-10 16:42:15.833: D/TiAPI(1363): locale specific decimal is 12.99
04-10 16:42:15.837: I/TiAPI(1363): should be en, was = en
04-10 16:42:15.837: I/TiAPI(1363): welcome_message = Welcome to Kitchen Sink for Titanium/
04-10 16:42:15.837: I/TiAPI(1363): should be def, was = def
04-10 16:42:15.837: I/TiAPI(1363): welcome_message = Welcome to Kitchen Sink for Titanium/
04-10 16:42:15.837: I/TiAPI(1363): should be def, was = def
04-10 16:42:15.837: I/TiAPI(1363): should be 1, was = 1
04-10 16:42:15.841: E/TitaniumModule(1363): (KrollRuntimeThread) [578,1301] Error in string format
04-10 16:42:15.841: E/TitaniumModule(1363): java.util.IllegalFormatConversionException: %f can't format java.lang.Integer arguments
04-10 16:42:15.841: E/TitaniumModule(1363): at java.util.Formatter.badArgumentType(Formatter.java:1487)
04-10 16:42:15.841: E/TitaniumModule(1363): at java.util.Formatter.transformFromFloat(Formatter.java:2036)
04-10 16:42:15.841: E/TitaniumModule(1363): at java.util.Formatter.transform(Formatter.java:1463)
04-10 16:42:15.841: E/TitaniumModule(1363): at java.util.Formatter.doFormat(Formatter.java:1079)
04-10 16:42:15.841: E/TitaniumModule(1363): at java.util.Formatter.format(Formatter.java:1040)
04-10 16:42:15.841: E/TitaniumModule(1363): at java.util.Formatter.format(Formatter.java:1009)
04-10 16:42:15.841: E/TitaniumModule(1363): at java.lang.String.format(String.java:1998)
04-10 16:42:15.841: E/TitaniumModule(1363): at java.lang.String.format(String.java:1972)
04-10 16:42:15.841: E/TitaniumModule(1363): at ti.modules.titanium.TitaniumModule.stringFormat(TitaniumModule.java:299)
04-10 16:42:15.841: E/TitaniumModule(1363): at org.appcelerator.kroll.runtime.v8.V8Runtime.nativeRunModule(Native Method)
04-10 16:42:15.841: E/TitaniumModule(1363): at org.appcelerator.kroll.runtime.v8.V8Runtime.doRunModule(V8Runtime.java:134)
04-10 16:42:15.841: E/TitaniumModule(1363): at org.appcelerator.kroll.KrollRuntime.handleMessage(KrollRuntime.java:267)
04-10 16:42:15.841: E/TitaniumModule(1363): at org.appcelerator.kroll.runtime.v8.V8Runtime.handleMessage(V8Runtime.java:160)
04-10 16:42:15.841: E/TitaniumModule(1363): at android.os.Handler.dispatchMessage(Handler.java:95)
04-10 16:42:15.841: E/TitaniumModule(1363): at android.os.Looper.loop(Looper.java:137)
04-10 16:42:15.841: E/TitaniumModule(1363): at org.appcelerator.kroll.KrollRuntime$KrollRuntimeThread.run(KrollRuntime.java:104)
04-10 16:42:15.841: I/TiAPI(1363): should be 1.0, was = null
04-10 16:42:15.841: I/TiAPI(1363): should be hello, was = hello
04-10 16:42:15.841: I/TiAPI(1363): you should see a list of properties (3 or more) below this line
04-10 16:42:15.841: I/TiAPI(1363): ---------------------------------------------------------------
04-10 16:42:15.845: I/TiAPI(1363): win1 property: children
04-10 16:42:15.845: I/TiAPI(1363): win1 property: size
04-10 16:42:15.845: I/TiAPI(1363): win1 property: center
04-10 16:42:15.845: I/TiAPI(1363): win1 property: borderRadius
04-10 16:42:15.845: I/TiAPI(1363): win1 property: keepScreenOn
04-10 16:42:15.845: I/TiAPI(1363): win1 property: tab
04-10 16:42:15.845: I/TiAPI(1363): win1 property: backgroundSelectedImage
04-10 16:42:15.845: I/TiAPI(1363): win1 property: borderColor
04-10 16:42:15.845: I/TiAPI(1363): win1 property: backgroundSelectedColor
04-10 16:42:15.845: I/TiAPI(1363): win1 property: backgroundPadding
04-10 16:42:15.845: I/TiAPI(1363): win1 property: _hasJavaListener
04-10 16:42:15.845: I/TiAPI(1363): win1 property: top
04-10 16:42:15.845: I/TiAPI(1363): win1 property: width
04-10 16:42:15.845: I/TiAPI(1363): win1 property: visible
04-10 16:42:15.845: I/TiAPI(1363): win1 property: touchEnabled
04-10 16:42:15.845: I/TiAPI(1363): win1 property: softKeyboardOnFocus
04-10 16:42:15.845: I/TiAPI(1363): win1 property: opacity
04-10 16:42:15.845: I/TiAPI(1363): win1 property: backgroundFocusedImage
04-10 16:42:15.845: I/TiAPI(1363): win1 property: backgroundRepeat
04-10 16:42:15.845: I/TiAPI(1363): win1 property: backgroundFocusedColor
04-10 16:42:15.845: I/TiAPI(1363): win1 property: enabled
04-10 16:42:15.845: I/TiAPI(1363): win1 property: exitOnClose
04-10 16:42:15.845: I/TiAPI(1363): win1 property: backgroundColor
04-10 16:42:15.845: I/TiAPI(1363): win1 property: backgroundDisabledColor
04-10 16:42:15.845: I/TiAPI(1363): win1 property: transform
04-10 16:42:15.845: I/TiAPI(1363): win1 property: windowSoftInputMode
04-10 16:42:15.845: I/TiAPI(1363): win1 property: zIndex
04-10 16:42:15.845: I/TiAPI(1363): win1 property: borderWidth
04-10 16:42:15.845: I/TiAPI(1363): win1 property: parent
04-10 16:42:15.845: I/TiAPI(1363): win1 property: tabGroup
04-10 16:42:15.845: I/TiAPI(1363): win1 property: titleid
04-10 16:42:15.845: I/TiAPI(1363): win1 property: leftNavButton
04-10 16:42:15.845: I/TiAPI(1363): win1 property: navBarHidden
04-10 16:42:15.845: I/TiAPI(1363): win1 property: right
04-10 16:42:15.845: I/TiAPI(1363): win1 property: bottom
04-10 16:42:15.845: I/TiAPI(1363): win1 property: layout
04-10 16:42:15.845: I/TiAPI(1363): win1 property: focusable
04-10 16:42:15.845: I/TiAPI(1363): win1 property: left
04-10 16:42:15.845: I/TiAPI(1363): win1 property: fullscreen
04-10 16:42:15.845: I/TiAPI(1363): win1 property: backgroundDisabledImage
04-10 16:42:15.845: I/TiAPI(1363): win1 property: title
04-10 16:42:15.845: I/TiAPI(1363): win1 property: backgroundImage
04-10 16:42:15.845: I/TiAPI(1363): win1 property: _internalActivity
04-10 16:42:15.845: I/TiAPI(1363): win1 property: rect
04-10 16:42:15.845: I/TiAPI(1363): win1 property: url
04-10 16:42:15.845: I/TiAPI(1363): win1 property: modal
04-10 16:42:15.845: I/TiAPI(1363): win1 property: height
04-10 16:42:15.845: I/TiAPI(1363): win1 property: className
04-10 16:42:15.845: I/TiAPI(1363): win1 property: currentState
04-10 16:42:15.845: I/TiAPI(1363): win1 property: _sourceUrl
04-10 16:42:15.845: I/TiAPI(1363): win1 property: _currentActivity
04-10 16:42:15.845: I/TiAPI(1363): win1 property: _module
04-10 16:42:15.845: I/TiAPI(1363): win1 property: _children
04-10 16:42:15.845: I/TiAPI(1363): win1 property: _postOpenChildren
04-10 16:42:15.845: I/TiAPI(1363): win1 property: _events
04-10 16:42:15.845: I/TiAPI(1363): win1 property: isActivity
04-10 16:42:15.845: I/TiAPI(1363): win1 property: state
04-10 16:42:15.845: I/TiAPI(1363): win1 property: cachedOrientationModes
04-10 16:42:15.845: I/TiAPI(1363): win1 property: cachedActivityProxy
04-10 16:42:15.845: I/TiAPI(1363): win1 property: getActivityDecorView
04-10 16:42:15.845: I/TiAPI(1363): win1 property: setCachedProperty
04-10 16:42:15.845: I/TiAPI(1363): win1 property: getCachedProperty
04-10 16:42:15.845: I/TiAPI(1363): win1 property: getOrientation
04-10 16:42:15.845: I/TiAPI(1363): win1 property: getOrientationModes
04-10 16:42:15.845: I/TiAPI(1363): win1 property: setOrientationModes
04-10 16:42:15.845: I/TiAPI(1363): win1 property: getActivity
04-10 16:42:15.845: I/TiAPI(1363): win1 property: getWindowPixelFormat
04-10 16:42:15.845: I/TiAPI(1363): win1 property: setWindowPixelFormat
04-10 16:42:15.845: I/TiAPI(1363): win1 property: open
04-10 16:42:15.845: I/TiAPI(1363): win1 property: setWindow
04-10 16:42:15.845: I/TiAPI(1363): win1 property: postOpen
04-10 16:42:15.845: I/TiAPI(1363): win1 property: runWindowUrl
04-10 16:42:15.845: I/TiAPI(1363): win1 property: loadUrl
04-10 16:42:15.845: I/TiAPI(1363): win1 property: close
04-10 16:42:15.845: I/TiAPI(1363): win1 property: add
04-10 16:42:15.845: I/TiAPI(1363): win1 property: addChildren
04-10 16:42:15.845: I/TiAPI(1363): win1 property: addPostOpenChildren
04-10 16:42:15.845: I/TiAPI(1363): win1 property: remove
04-10 16:42:15.845: I/TiAPI(1363): win1 property: removeChildren
04-10 16:42:15.845: I/TiAPI(1363): win1 property: animate
04-10 16:42:15.845: I/TiAPI(1363): win1 property: addEventListener
04-10 16:42:15.845: I/TiAPI(1363): win1 property: removeEventListener
04-10 16:42:15.845: I/TiAPI(1363): win1 property: fireEvent
04-10 16:42:15.845: I/TiAPI(1363): win1 property: setPropertyAndFire
04-10 16:42:15.845: I/TiAPI(1363): Did you see properties? ^^^^^
04-10 16:42:15.845: I/TiAPI(1363): ---------------------------------------------------------------
04-10 16:42:15.845: I/TiAPI(1363): you should see a list of modules (3 or more) below this line
04-10 16:42:15.845: I/TiAPI(1363): ---------------------------------------------------------------
04-10 16:42:15.845: I/TiAPI(1363): module: sourceUrl
04-10 16:42:15.845: I/TiAPI(1363): module: global
04-10 16:42:15.845: I/TiAPI(1363): module: include
04-10 16:42:15.845: I/TiAPI(1363): module: Android
04-10 16:42:15.845: I/TiAPI(1363): module: UI
04-10 16:42:15.845: I/TiAPI(1363): module: Network
04-10 16:42:15.845: I/TiAPI(1363): module: Map
04-10 16:42:15.845: I/TiAPI(1363): module: Media
04-10 16:42:15.845: I/TiAPI(1363): module: Database
04-10 16:42:15.845: I/TiAPI(1363): module: Filesystem
04-10 16:42:15.845: I/TiAPI(1363): module: createBuffer
04-10 16:42:15.845: I/TiAPI(1363): module: Service
04-10 16:42:15.845: I/TiAPI(1363): module: Locale
04-10 16:42:15.845: I/TiAPI(1363): module: buildDate
04-10 16:42:15.845: I/TiAPI(1363): module: userAgent
04-10 16:42:15.845: I/TiAPI(1363): module: _hasJavaListener
04-10 16:42:15.845: I/TiAPI(1363): module: invocationAPIs
04-10 16:42:15.845: I/TiAPI(1363): module: externalModules
04-10 16:42:15.845: I/TiAPI(1363): module: buildHash
04-10 16:42:15.845: I/TiAPI(1363): module: version
04-10 16:42:15.845: I/TiAPI(1363): module: buildTimestamp
04-10 16:42:15.845: I/TiAPI(1363): module: __propertiesDefined__
04-10 16:42:15.845: I/TiAPI(1363): module: TiBaseWindow
04-10 16:42:15.845: I/TiAPI(1363): module: TiWindow
04-10 16:42:15.845: I/TiAPI(1363): module: TiView
04-10 16:42:15.845: I/TiAPI(1363): module: App
04-10 16:42:15.845: I/TiAPI(1363): module: Wrapper
04-10 16:42:15.845: I/TiAPI(1363): module: initScopeVars
04-10 16:42:15.845: I/TiAPI(1363): module: getUrlSource
04-10 16:42:15.845: I/TiAPI(1363): module: bindInvocationAPIs
04-10 16:42:15.845: I/TiAPI(1363): module: Proxy
04-10 16:42:15.845: I/TiAPI(1363): module: Activity
04-10 16:42:15.845: I/TiAPI(1363): module: API
04-10 16:42:15.845: I/TiAPI(1363): Did you see modules? ^^^^^
04-10 16:42:15.845: I/TiAPI(1363): ---------------------------------------------------------------
04-10 16:42:15.931: D/dalvikvm(1363): GC_FOR_ALLOC freed 2388K, 20% free 10969K/13639K, paused 31ms
04-10 16:42:16.021: D/dalvikvm(1363): GC_CONCURRENT freed 98K, 16% free 11470K/13639K, paused 2ms+9ms
04-10 16:42:16.064: I/TiRootActivity(1363): (main) [0,0] checkpoint, on root activity resume. activity = com.appcelerator.titanium.KitchensinkActivity@4150d570
04-10 16:42:16.103: D/TiUIView(1363): (main) [40,40] Nativeview is null
04-10 16:42:16.103: D/TiUIView(1363): (main) [0,40] Nativeview is null
