04-11 12:22:13.550: D/IconMerger(1466): notification for com.android.systemui (1)
04-11 12:22:13.550: D/IconMerger(1466): sum of notifications: 1
04-11 12:22:16.284: D/ActivityManager(1403): Starting: Intent { act=android.intent.action.PICK cat=[android.intent.category.DEFAULT] typ=image/* cmp=com.cooliris.media/.Gallery (has extras) } from pid 3044
04-11 12:22:16.284: W/ActivityManager(1403): Activity is launching as a new task, so cancelling activity result.
04-11 12:22:16.315: E/TiMedia(3044): (main) [5941,3323079] OnResult called: 0
04-11 12:22:16.323: I/Gallery3D(3754): sending softkey config intent, config: 2, key com.cooliris.media/com.cooliris.media.Gallery
04-11 12:22:16.331: I/LAB126(1466): StatusBarService hears softkey intent. action: com.lab126.intent.ACTION_CONFIG_SOFTKEYS
04-11 12:22:16.526: D/dalvikvm(3754): GC_CONCURRENT freed 556K, 51% free 2929K/5959K, external 1021K/1181K, paused 1ms+85ms
04-11 12:22:16.542: E/GridDrawManager(3754): There are 3072 display items.
04-11 12:22:16.573: D/dalvikvm(3754): GC_EXTERNAL_ALLOC freed 35K, 50% free 3031K/5959K, external 1169K/1181K, paused 25ms
04-11 12:22:16.581: E/GridDrawManager(3754): There are 3072 display items.
04-11 12:22:16.581: I/Gallery(3754): onCreate
04-11 12:22:16.581: I/Gallery(3754): request media scan
04-11 12:22:16.589: I/TiApplication(3044): (main) [268,3323347] SD card has been mounted. Enabling cache for http responses.
04-11 12:22:16.589: D/Gallery(3754): onStart
04-11 12:22:16.589: D/Gallery(3754): onResume
04-11 12:22:16.612: I/BootReceiver(3754): Got intent with action android.intent.action.MEDIA_MOUNTED
04-11 12:22:16.612: D/Gallery(3754): initializeDataSource
04-11 12:22:16.612: I/AmazonEmail(3800): storage path "/mnt/sdcard" mounted readOnly=true
04-11 12:22:16.636: D/AccountManagerService(1403): bind attempt failed for Session: expectLaunch false, connected false, stats (0/0/0), lifetime 0.0, getAccountsByTypeAndFeatures, service_lh2
04-11 12:22:16.675: D/libEGL(3754): loaded /system/lib/egl/libGLES_android.so
04-11 12:22:16.683: I/LAB126(1466): StatusBarService hears intent. action: com.lab126.intent.TOP_WINDOW_CHANGED
04-11 12:22:16.683: I/LAB126(1466): window changed
04-11 12:22:16.690: I/ActivityManager(1403): Displayed com.cooliris.media/.Gallery: +371ms
04-11 12:22:16.698: D/libEGL(3754): loaded /vendor/lib/egl/libEGL_POWERVR_SGX540_120.so
04-11 12:22:16.698: D/MediaScannerService(2272): start scanning volume external
04-11 12:22:16.706: D/libEGL(3754): loaded /vendor/lib/egl/libGLESv1_CM_POWERVR_SGX540_120.so
04-11 12:22:16.714: D/libEGL(3754): loaded /vendor/lib/egl/libGLESv2_POWERVR_SGX540_120.so
04-11 12:22:16.808: D/MediaScanner(2272): found .nomedia, skipping directory
04-11 12:22:16.808: I/RenderView(3754): First Draw
04-11 12:22:16.808: D/MediaScanner(2272): found .nomedia, skipping directory
04-11 12:22:16.815: D/MediaScanner(2272): prescan time: 17ms
04-11 12:22:16.815: D/MediaScanner(2272): scan time: 58ms
04-11 12:22:16.815: D/MediaScanner(2272): postscan time: 1ms
04-11 12:22:16.815: D/MediaScanner(2272): total time: 76ms
04-11 12:22:16.815: I/BootReceiver(3754): Got intent with action android.intent.action.MEDIA_SCANNER_FINISHED
04-11 12:22:16.823: D/MediaScannerService(2272): done scanning volume external
04-11 12:22:16.987: D/AccountManagerService(1403): bind attempt failed for Session: expectLaunch false, connected false, stats (0/0/0), lifetime 0.0, getAccountsByTypeAndFeatures, service_lh2
04-11 12:22:16.987: D/AccountManagerService(1403): bind attempt failed for Session: expectLaunch false, connected false, stats (0/0/0), lifetime 0.0, getAccountsByTypeAndFeatures, service_lh2
04-11 12:22:17.073: I/MediaFeed(3754): Replacing media set -1928128949
04-11 12:22:17.073: I/MediaFeed(3754): Replacing media set 208900344
04-11 12:22:17.167: D/dalvikvm(2272): GC_EXPLICIT freed 171K, 47% free 2964K/5575K, external 847K/1181K, paused 40ms
04-11 12:22:17.347: I/GridLayer(3754): Slot changing from -1 to -1
04-11 12:22:17.386: I/MediaFeed(3754): Replacing media set -1928128949
04-11 12:22:17.386: I/MediaFeed(3754): Replacing media set 208900344
04-11 12:22:17.612: I/GridLayer(3754): Slot changing from -1 to -1
04-11 12:22:17.651: D/skia(3754): Loading ARM decoder...
04-11 12:22:17.659: D/skia(3754): Loading ARM decoder...
04-11 12:22:17.667: D/dalvikvm(3754): GC_CONCURRENT freed 171K, 48% free 3151K/5959K, external 1626K/1695K, paused 1ms+3ms
04-11 12:22:17.667: D/skia(3754): Loading ARM decoder...
04-11 12:22:17.667: D/skia(3754): Loading ARM decoder...
04-11 12:22:17.729: D/skia(3754): Loading ARM decoder...
04-11 12:22:17.761: D/dalvikvm(3754): GC_EXTERNAL_ALLOC freed 59K, 48% free 3109K/5959K, external 1639K/1695K, paused 27ms
04-11 12:22:19.620: I/GridLayer(3754): Slot changing from 0 to 0
04-11 12:22:20.800: D/Gallery(3754): onPause
04-11 12:22:20.815: I/LAB126(1466): StatusBarService hears intent. action: com.lab126.intent.TOP_WINDOW_CHANGED
04-11 12:22:20.815: I/LAB126(1466): window changed
04-11 12:22:20.933: I/RenderView(3754): OnPause RenderView com.cooliris.media.RenderView@405b1b08
04-11 12:22:20.972: D/Gallery(3754): onStop
04-11 12:22:21.042: I/Gallery(3754): onDestroy
04-11 12:22:26.237: V/DeviceStorageMonitorService(1403): mTotalMemory is 11734999
04-11 12:22:31.222: D/dalvikvm(2272): GC_EXPLICIT freed 156K, 49% free 2865K/5575K, external 847K/1181K, paused 31ms