04-12 13:55:54.674: I/ActivityManager(183): No longer want com.android.keychain (pid 3051): hidden #16
04-12 13:55:55.744: I/ActivityManager(183): START {act=android.intent.action.MAIN cat=[android.intent.category.LAUNCHER] flg=0x10200000 cmp=com.appcelerator.newproject/.NewprojectActivity} from pid 488
04-12 13:55:55.955: I/ActivityManager(183): Start proc com.appcelerator.newproject for activity com.appcelerator.newproject/.NewprojectActivity: pid=3498 uid=10070 gids={1015, 3003}
04-12 13:55:56.135: I/WindowManager(183): createSurface Window{41d90450 Starting com.appcelerator.newproject paused=false}: DRAW NOW PENDING
04-12 13:55:57.604: I/ActivityManager(183): START {cmp=com.appcelerator.newproject/ti.modules.titanium.ui.TiTabActivity (has extras)} from pid 3498
04-12 13:55:57.893: I/WindowManager(183): createSurface Window{41cd80e0 com.appcelerator.newproject/ti.modules.titanium.ui.TiTabActivity paused=false}: DRAW NOW PENDING
04-12 13:55:58.127: W/InputManagerService(183): Starting input on non-focused client com.android.internal.view.IInputMethodClient$Stub$Proxy@41c5be10 (uid=10031 pid=488)
04-12 13:56:03.127: I/WindowManager(183): createSurface Window{41d50d80 com.android.launcher/com.android.launcher2.Launcher paused=false}: DRAW NOW PENDING
04-12 13:56:03.565: W/InputManagerService(183): Starting input on non-focused client com.android.internal.view.IInputMethodClient$Stub$Proxy@41caa6d8 (uid=10070 pid=3498)
04-12 13:56:03.940: I/ActivityManager(183): No longer want com.google.android.apps.maps:FriendService (pid 3244): hidden #16
04-12 13:56:05.174: I/ActivityManager(183): START {act=android.intent.action.MAIN cat=[android.intent.category.LAUNCHER] flg=0x10200000 cmp=com.appcelerator.singlewindow/.SinglewindowActivity} from pid 488
04-12 13:56:05.448: I/ActivityManager(183): Start proc com.appcelerator.singlewindow for activity com.appcelerator.singlewindow/.SinglewindowActivity: pid=3529 uid=10071 gids={1015, 3003}
04-12 13:56:05.455: I/WindowManager(183): createSurface Window{41d309b0 Starting com.appcelerator.singlewindow paused=false}: DRAW NOW PENDING
04-12 13:56:07.362: I/WindowManager(183): createSurface Window{41cef880 com.appcelerator.singlewindow/com.appcelerator.singlewindow.SinglewindowActivity paused=false}: DRAW NOW PENDING
04-12 13:56:07.362: W/InputManagerService(183): Starting input on non-focused client com.android.internal.view.IInputMethodClient$Stub$Proxy@41c5be10 (uid=10031 pid=488)
04-12 13:56:10.494: I/WindowManager(183): createSurface Window{41b258c0 com.appcelerator.singlewindow/com.appcelerator.singlewindow.SinglewindowActivity paused=false}: DRAW NOW PENDING
04-12 13:56:11.291: W/InputManagerService(183): Window already focused, ignoring focus gain of: com.android.internal.view.IInputMethodClient$Stub$Proxy@41b26218
04-12 13:56:12.065: I/WindowManager(183): createSurface Window{41d50d80 com.android.launcher/com.android.launcher2.Launcher paused=false}: DRAW NOW PENDING
04-12 13:56:13.159: I/ActivityManager(183): No longer want com.google.android.apps.maps:LocationFriendService (pid 3264): hidden #16
04-12 13:56:14.198: I/ActivityManager(183): START {act=android.intent.action.MAIN cat=[android.intent.category.LAUNCHER] flg=0x10200000 cmp=com.appcelerator.tabbed/.TabbedActivity} from pid 488
04-12 13:56:14.487: I/ActivityManager(183): Start proc com.appcelerator.tabbed for activity com.appcelerator.tabbed/.TabbedActivity: pid=3556 uid=10072 gids={1015, 3003}
04-12 13:56:14.502: I/WindowManager(183): createSurface Window{41ccae28 Starting com.appcelerator.tabbed paused=false}: DRAW NOW PENDING
04-12 13:56:16.869: I/ActivityManager(183): START {cmp=com.appcelerator.tabbed/ti.modules.titanium.ui.TiTabActivity (has extras)} from pid 3556
04-12 13:56:17.119: I/WindowManager(183): createSurface Window{41cd80e0 com.appcelerator.tabbed/ti.modules.titanium.ui.TiTabActivity paused=false}: DRAW NOW PENDING
04-12 13:56:17.276: W/InputManagerService(183): Starting input on non-focused client com.android.internal.view.IInputMethodClient$Stub$Proxy@41c5be10 (uid=10031 pid=488)
04-12 13:56:18.588: I/ActivityManager(183): START {cmp=com.appcelerator.tabbed/org.appcelerator.titanium.TiActivity (has extras)} from pid 3556
04-12 13:56:18.713: I/WindowManager(183): createSurface Window{41d309b0 com.appcelerator.tabbed/org.appcelerator.titanium.TiActivity paused=false}: DRAW NOW PENDING
04-12 13:56:20.057: I/WindowManager(183): createSurface Window{41cd80e0 com.appcelerator.tabbed/ti.modules.titanium.ui.TiTabActivity paused=false}: DRAW NOW PENDING
04-12 13:56:21.244: I/ActivityManager(183): START {cmp=com.appcelerator.tabbed/org.appcelerator.titanium.TiActivity (has extras)} from pid 3556
04-12 13:56:21.393: I/WindowManager(183): createSurface Window{41ab0e90 com.appcelerator.tabbed/org.appcelerator.titanium.TiActivity paused=false}: DRAW NOW PENDING
04-12 13:56:22.409: I/WindowManager(183): createSurface Window{41cd80e0 com.appcelerator.tabbed/ti.modules.titanium.ui.TiTabActivity paused=false}: DRAW NOW PENDING
04-12 13:56:23.463: I/WindowManager(183): createSurface Window{41d50d80 com.android.launcher/com.android.launcher2.Launcher paused=false}: DRAW NOW PENDING
04-12 13:56:23.830: W/InputManagerService(183): Starting input on non-focused client com.android.internal.view.IInputMethodClient$Stub$Proxy@41ad6378 (uid=10072 pid=3556)
04-12 13:56:24.299: I/ActivityManager(183): No longer want com.android.contacts (pid 2996): hidden #16
04-12 13:58:39.627: I/ActivityManager(183): START {act=android.intent.action.MAIN cat=[android.intent.category.LAUNCHER] flg=0x10200000 cmp=com.appcelerator.singlewindow/.SinglewindowActivity} from pid 488
04-12 13:58:39.901: I/WindowManager(183): createSurface Window{41b258c0 Starting com.appcelerator.singlewindow paused=false}: DRAW NOW PENDING
04-12 13:58:40.424: I/WindowManager(183): createSurface Window{41b4e610 com.appcelerator.singlewindow/com.appcelerator.singlewindow.SinglewindowActivity paused=false}: DRAW NOW PENDING
04-12 13:58:40.471: W/InputManagerService(183): Starting input on non-focused client com.android.internal.view.IInputMethodClient$Stub$Proxy@41c5be10 (uid=10031 pid=488)
04-12 13:58:41.854: I/WindowManager(183): createSurface Window{41cd4eb0 com.appcelerator.singlewindow/com.appcelerator.singlewindow.SinglewindowActivity paused=false}: DRAW NOW PENDING
04-12 13:58:42.799: W/InputManagerService(183): Window already focused, ignoring focus gain of: com.android.internal.view.IInputMethodClient$Stub$Proxy@41b55f10
04-12 13:58:43.494: I/WindowManager(183): createSurface Window{41d50d80 com.android.launcher/com.android.launcher2.Launcher paused=false}: DRAW NOW PENDING
04-12 13:58:45.198: I/ActivityManager(183): START {act=android.intent.action.MAIN cat=[android.intent.category.LAUNCHER] flg=0x10200000 cmp=com.appcelerator.tabbed/.TabbedActivity} from pid 488
04-12 13:58:45.518: I/WindowManager(183): createSurface Window{41cef880 Starting com.appcelerator.tabbed paused=false}: DRAW NOW PENDING
04-12 13:58:45.994: I/ActivityManager(183): START {cmp=com.appcelerator.tabbed/ti.modules.titanium.ui.TiTabActivity (has extras)} from pid 3556
04-12 13:58:46.104: I/WindowManager(183): createSurface Window{41d90450 com.appcelerator.tabbed/ti.modules.titanium.ui.TiTabActivity paused=false}: DRAW NOW PENDING
04-12 13:58:46.213: W/InputManagerService(183): Starting input on non-focused client com.android.internal.view.IInputMethodClient$Stub$Proxy@41c5be10 (uid=10031 pid=488)
04-12 13:58:47.604: I/ActivityManager(183): START {cmp=com.appcelerator.tabbed/org.appcelerator.titanium.TiActivity (has extras)} from pid 3556
04-12 13:58:47.830: I/WindowManager(183): createSurface Window{41b258c0 com.appcelerator.tabbed/org.appcelerator.titanium.TiActivity paused=false}: DRAW NOW PENDING
04-12 13:58:49.705: I/WindowManager(183): createSurface Window{41d90450 com.appcelerator.tabbed/ti.modules.titanium.ui.TiTabActivity paused=false}: DRAW NOW PENDING
04-12 13:58:51.096: I/ActivityManager(183): START {cmp=com.appcelerator.tabbed/org.appcelerator.titanium.TiActivity (has extras)} from pid 3556
04-12 13:58:51.276: I/WindowManager(183): createSurface Window{41ccae28 com.appcelerator.tabbed/org.appcelerator.titanium.TiActivity paused=false}: DRAW NOW PENDING
04-12 13:58:52.323: I/WindowManager(183): createSurface Window{41d90450 com.appcelerator.tabbed/ti.modules.titanium.ui.TiTabActivity paused=false}: DRAW NOW PENDING
04-12 13:58:53.862: I/WindowManager(183): createSurface Window{41d50d80 com.android.launcher/com.android.launcher2.Launcher paused=false}: DRAW NOW PENDING
04-12 13:58:54.221: W/InputManagerService(183): Starting input on non-focused client com.android.internal.view.IInputMethodClient$Stub$Proxy@41ad6378 (uid=10072 pid=3556)
04-12 13:59:14.971: I/ActivityManager(183): No longer want com.google.android.gallery3d (pid 3024): hidden #16
04-12 13:59:25.698: D/ConnectivityService(183): ConnectivityChange for WIFI: DISCONNECTED/DISCONNECTED
04-12 13:59:25.698: D/ConnectivityService(183): Attempting to switch to mobile
04-12 13:59:25.698: D/ConnectivityService(183): Attempting to switch to BLUETOOTH_TETHER
04-12 13:59:25.713: D/ConnectivityService(183): resetConnections(wlan0, 3)
04-12 13:59:25.893: D/ConnectivityService(183): handleInetConditionChange: no active default network - ignore
04-12 13:59:26.744: D/NetlinkEvent(112): Unexpected netlink message. type=0xf
04-12 13:59:26.823: D/ConnectivityService(183): ConnectivityChange for mobile: CONNECTED/CONNECTED
04-12 13:59:26.955: D/NetworkPolicy(183): applying policy NetworkPolicy[NetworkTemplate: matchRule=MOBILE_ALL, subscriberId=valid]: cycleDay=19, warningBytes=2147483648, limitBytes=-1, lastSnooze=-1 to ifaces [rmnet1]
04-12 13:59:28.135: D/ConnectivityService(183): ConnectivityChange for WIFI: CONNECTED/CONNECTED
04-12 13:59:28.135: D/ConnectivityService(183): Policy requires mobile teardown
04-12 13:59:28.198: D/NetworkPolicy(183): applying policy NetworkPolicy[NetworkTemplate: matchRule=MOBILE_ALL, subscriberId=valid]: cycleDay=19, warningBytes=2147483648, limitBytes=-1, lastSnooze=-1 to ifaces [rmnet1]
04-12 13:59:28.463: D/NetlinkEvent(112): Unexpected netlink message. type=0x11
04-12 13:59:28.487: D/ConnectivityService(183): ConnectivityChange for mobile: DISCONNECTED/DISCONNECTED
04-12 13:59:28.487: D/ConnectivityService(183): Attempting to switch to WIFI
04-12 13:59:28.487: D/ConnectivityService(183): Attempting to switch to BLUETOOTH_TETHER
04-12 13:59:28.502: D/ConnectivityService(183): resetConnections(rmnet1, 3)
04-12 13:59:28.807: I/ActivityManager(183): Start proc com.google.android.apps.uploader for broadcast com.google.android.apps.uploader/.ConnectivityBroadcastReceiver: pid=3651 uid=10036 gids={3003}
04-12 13:59:30.869: D/ConnectivityService(183): handleInetConditionHoldEnd: net=1, condition=100, published condition=0
04-12 13:59:30.885: I/ActivityManager(183): Start proc com.google.android.talk for broadcast com.google.android.talk/.ConnectionStateOnlineReceiver: pid=3676 uid=10054 gids={3003, 1015, 1006, 3002}
04-12 13:59:31.026: I/ActivityManager(183): No longer want com.google.android.partnersetup (pid 3311): hidden #16
04-12 13:59:31.698: D/ConnectivityService(183): handleInetConditionHoldEnd: net=1, condition=100, published condition=100
04-12 14:01:08.760: I/ActivityManager(183): Force stopping package com.appcelerator.html uid=10067
04-12 14:01:08.916: I/ActivityManager(183): Force stopping package com.appcelerator.html uid=10067
04-12 14:01:09.018: I/ActivityManager(183): Start proc com.android.contacts for broadcast com.android.contacts/.quickcontact.PackageIntentReceiver: pid=3726 uid=10000 gids={3003, 1015}
04-12 14:01:09.065: I/ActivityManager(183): Start proc com.google.android.inputmethod.latin.dictionarypack for content provider com.google.android.inputmethod.latin.dictionarypack/.DictionaryProvider: pid=3735 uid=10029 gids={3003, 1015}
04-12 14:01:09.127: D/BackupManagerService(183): Received broadcast Intent { act=android.intent.action.PACKAGE_REMOVED dat=package:com.appcelerator.html flg=0x10000010 (has extras) }
04-12 14:01:09.127: V/BackupManagerService(183): removePackageParticipantsLocked: com.appcelerator.html
04-12 14:01:09.166: I/ActivityManager(183): No longer want com.google.android.apps.maps (pid 1687): hidden #16
04-12 14:01:09.244: I/ActivityManager(183): Start proc com.google.android.gallery3d for broadcast com.google.android.gallery3d/com.android.gallery3d.app.PackagesMonitor: pid=3756 uid=10018 gids={3003, 1015}
04-12 14:01:09.557: I/ActivityManager(183): Start proc com.android.keychain for broadcast com.android.keychain/.KeyChainBroadcastReceiver: pid=3771 uid=1000 gids={1015, 3002, 3001, 3003, 3007}
04-12 14:01:09.557: I/ActivityManager(183): No longer want com.android.musicfx (pid 3065): hidden #16
04-12 14:01:09.643: I/ActivityManager(183): Start proc com.google.android.apps.maps for broadcast com.google.android.apps.maps/com.google.android.location.internal.NlpPackageUpdateReceiver: pid=3784 uid=10034 gids={3003, 1015}
04-12 14:01:09.674: I/ActivityManager(183): No longer want com.android.voicedialer (pid 3080): hidden #16
04-12 14:01:09.971: I/ActivityManager(183): Start proc com.android.musicfx for broadcast com.android.musicfx/.Compatibility$Receiver: pid=3808 uid=10040 gids={3003, 3002}
04-12 14:01:09.971: I/ActivityManager(183): No longer want com.google.android.googlequicksearchbox (pid 3134): hidden #16
04-12 14:01:10.034: I/ActivityManager(183): Start proc com.android.voicedialer for broadcast com.android.voicedialer/.VoiceDialerReceiver: pid=3821 uid=10062 gids={3002}
04-12 14:01:10.049: I/ActivityManager(183): Force stopping package com.appcelerator.masterdetail uid=10069
04-12 14:01:10.182: I/ActivityManager(183): Force stopping package com.appcelerator.masterdetail uid=10069
04-12 14:01:10.362: I/ActivityManager(183): Start proc com.google.android.googlequicksearchbox for broadcast com.google.android.googlequicksearchbox/.SourceUpdateReceiver: pid=3839 uid=10024 gids={3003}
04-12 14:01:10.362: I/ActivityManager(183): No longer want com.appcelerator.newproject (pid 3498): hidden #16
04-12 14:01:10.432: I/ActivityManager(183): No longer want com.appcelerator.singlewindow (pid 3529): hidden #16
04-12 14:01:10.448: D/BackupManagerService(183): Received broadcast Intent { act=android.intent.action.PACKAGE_REMOVED dat=package:com.appcelerator.masterdetail flg=0x10000010 (has extras) }
04-12 14:01:10.448: V/BackupManagerService(183): removePackageParticipantsLocked: com.appcelerator.masterdetail
04-12 14:01:11.190: I/ActivityManager(183): Force stopping package com.appcelerator.newproject uid=10070
04-12 14:01:11.323: I/ActivityManager(183): Force stopping package com.appcelerator.newproject uid=10070
04-12 14:01:11.440: D/BackupManagerService(183): Received broadcast Intent { act=android.intent.action.PACKAGE_REMOVED dat=package:com.appcelerator.newproject flg=0x10000010 (has extras) }
04-12 14:01:11.440: V/BackupManagerService(183): removePackageParticipantsLocked: com.appcelerator.newproject
04-12 14:01:12.252: I/ActivityManager(183): Force stopping package com.appcelerator.singlewindow uid=10071
04-12 14:01:12.369: I/ActivityManager(183): Force stopping package com.appcelerator.singlewindow uid=10071
04-12 14:01:12.479: D/BackupManagerService(183): Received broadcast Intent { act=android.intent.action.PACKAGE_REMOVED dat=package:com.appcelerator.singlewindow flg=0x10000010 (has extras) }
04-12 14:01:12.479: V/BackupManagerService(183): removePackageParticipantsLocked: com.appcelerator.singlewindow
04-12 14:01:13.346: I/ActivityManager(183): Force stopping package com.appcelerator.tabbed uid=10072
04-12 14:01:13.487: I/ActivityManager(183): Force stopping package com.appcelerator.tabbed uid=10072
04-12 14:01:13.635: D/BackupManagerService(183): Received broadcast Intent { act=android.intent.action.PACKAGE_REMOVED dat=package:com.appcelerator.tabbed flg=0x10000010 (has extras) }
04-12 14:01:13.635: V/BackupManagerService(183): removePackageParticipantsLocked: com.appcelerator.tabbed
04-12 14:01:14.166: W/ProcessStats(183): Skipping unknown process pid 3897
04-12 14:01:14.166: W/ProcessStats(183): Skipping unknown process pid 3899
04-12 14:02:52.080: I/ActivityManager(183): Start proc com.google.android.calendar for service com.google.android.calendar/com.google.android.syncadapters.calendar.CalendarSyncAdapterService: pid=3917 uid=10007 gids={3003}
04-12 14:02:52.205: I/ActivityManager(183): Start proc com.android.providers.calendar for content provider com.android.providers.calendar/.CalendarProvider2: pid=3934 uid=10008 gids={3003, 1015}
04-12 14:02:52.237: I/ActivityManager(183): Start proc com.google.android.browser for content provider com.google.android.browser/com.android.browser.provider.BrowserProvider2: pid=3946 uid=10005 gids={3003, 1015}
04-12 14:02:52.354: I/ActivityManager(183): Start proc com.google.android.gsf.login for service com.google.android.gsf.login/com.google.android.gsf.loginservice.GoogleLoginService: pid=3962 uid=10011 gids={3003, 1015, 1007, 2001, 3006}
04-12 14:02:53.096: I/ActivityManager(183): No longer want com.google.android.talk (pid 3676): hidden #16
04-12 14:02:53.119: I/ActivityManager(183): Start proc com.google.android.gm for service com.google.android.gm/.provider.MailSyncAdapterService: pid=3991 uid=10020 gids={3003, 1015}
04-12 14:02:53.221: I/ActivityManager(183): No longer want com.google.android.apps.uploader (pid 3651): hidden #16
04-12 14:02:54.315: I/ActivityManager(183): No longer want com.android.contacts (pid 3726): hidden #16
04-12 14:02:55.252: I/ActivityManager(183): Start proc com.google.android.apps.books for service com.google.android.apps.books/.service.SyncService: pid=4022 uid=10004 gids={3003, 1015}
04-12 14:02:55.338: I/ActivityManager(183): No longer want com.google.android.inputmethod.latin.dictionarypack (pid 3735): hidden #16
04-12 14:02:59.073: I/ActivityManager(183): No longer want com.android.keychain (pid 3771): hidden #16
04-12 14:07:14.838: I/ActivityManager(183): No longer want com.google.android.gallery3d (pid 3756): hidden #16
04-12 14:10:17.776: I/WindowManager(183): createSurface Window{41a429e0 TrackingView paused=false}: DRAW NOW PENDING
04-12 14:10:18.041: W/InputManagerService(183): Window already focused, ignoring focus gain of: com.android.internal.view.IInputMethodClient$Stub$Proxy@41c41550
04-12 14:10:19.807: I/WindowManager(183): createSurface Window{41a429e0 TrackingView paused=false}: DRAW NOW PENDING
04-12 14:10:20.057: W/InputManagerService(183): Window already focused, ignoring focus gain of: com.android.internal.view.IInputMethodClient$Stub$Proxy@41c19160
04-12 14:10:20.424: I/WindowManager(183): createSurface Window{41a429e0 TrackingView paused=false}: DRAW NOW PENDING
04-12 14:10:20.666: W/InputManagerService(183): Window already focused, ignoring focus gain of: com.android.internal.view.IInputMethodClient$Stub$Proxy@41b1d5b0
04-12 14:10:20.994: I/WindowManager(183): createSurface Window{41a429e0 TrackingView paused=false}: DRAW NOW PENDING
04-12 14:10:21.213: W/InputManagerService(183): Window already focused, ignoring focus gain of: com.android.internal.view.IInputMethodClient$Stub$Proxy@41af9838
04-12 14:10:23.284: I/ActivityManager(183): START {act=android.intent.action.MAIN cat=[android.intent.category.LAUNCHER] flg=0x10200000 cmp=com.android.settings/.Settings} from pid 488
04-12 14:10:23.338: I/WindowManager(183): createSurface Window{41c28d28 Starting com.android.settings paused=false}: DRAW NOW PENDING
04-12 14:10:23.401: I/ActivityManager(183): Start proc com.android.settings for activity com.android.settings/.Settings: pid=4064 uid=1000 gids={1015, 3002, 3001, 3003, 3007}
04-12 14:10:23.815: I/WindowManager(183): createSurface Window{41de6e08 com.android.settings/com.android.settings.Settings paused=false}: DRAW NOW PENDING
04-12 14:10:24.057: W/InputManagerService(183): Starting input on non-focused client com.android.internal.view.IInputMethodClient$Stub$Proxy@41c5be10 (uid=10031 pid=488)
04-12 14:10:25.385: I/ActivityManager(183): START {act=android.intent.action.MAIN cmp=com.android.settings/.SubSettings (has extras)} from pid 4064
04-12 14:10:25.721: I/WindowManager(183): createSurface Window{41a66ce8 com.android.settings/com.android.settings.SubSettings paused=false}: DRAW NOW PENDING
04-12 14:10:29.221: I/WindowManager(183): createSurface Window{41de6e08 com.android.settings/com.android.settings.Settings paused=false}: DRAW NOW PENDING
04-12 14:10:30.291: I/WindowManager(183): createSurface Window{41d50d80 com.android.launcher/com.android.launcher2.Launcher paused=false}: DRAW NOW PENDING
04-12 14:10:30.698: W/InputManagerService(183): Starting input on non-focused client com.android.internal.view.IInputMethodClient$Stub$Proxy@4195bdc8 (uid=1000 pid=4064)
04-12 14:10:41.213: I/ActivityManager(183): No longer want com.android.musicfx (pid 3808): hidden #16
04-12 14:11:03.643: I/ActivityManager(183): START {act=android.intent.action.MAIN cat=[android.intent.category.LAUNCHER] flg=0x10200000 cmp=com.google.android.browser/com.android.browser.BrowserActivity} from pid 488
04-12 14:11:03.713: I/WindowManager(183): createSurface Window{41b22600 Starting com.google.android.browser paused=false}: DRAW NOW PENDING
04-12 14:11:04.135: I/WindowManager(183): createSurface Window{41b4e610 com.google.android.browser/com.android.browser.BrowserActivity paused=false}: DRAW NOW PENDING
04-12 14:11:04.323: W/InputManagerService(183): Starting input on non-focused client com.android.internal.view.IInputMethodClient$Stub$Proxy@41c5be10 (uid=10031 pid=488)
04-12 14:11:06.682: I/WindowManager(183): createSurface Window{41af48b0 InputMethod paused=false}: DRAW NOW PENDING
04-12 14:11:11.807: I/WindowManager(183): createSurface Window{41c88d48 PopupWindow:418736d8 paused=false}: DRAW NOW PENDING
04-12 14:12:28.166: W/PowerUI(267): unknown intent: Intent { act=android.intent.action.ACTION_POWER_CONNECTED flg=0x10000010 }
04-12 14:13:22.065: I/WindowManager(183): createSurface Window{41dc5010 com.google.android.browser/com.android.browser.BrowserActivity paused=false}: DRAW NOW PENDING
04-12 14:13:23.760: W/InputManagerService(183): Window already focused, ignoring focus gain of: com.android.internal.view.IInputMethodClient$Stub$Proxy@41fe0390
04-12 14:13:25.948: I/WindowManager(183): createSurface Window{41cc18c0 com.google.android.browser/com.android.browser.BrowserActivity paused=false}: DRAW NOW PENDING
04-12 14:13:27.354: W/InputManagerService(183): Window already focused, ignoring focus gain of: com.android.internal.view.IInputMethodClient$Stub$Proxy@41c3d1e8
04-12 14:20:25.619: I/WindowManager(183): createSurface Window{41d1d640 Volume control paused=false}: DRAW NOW PENDING
04-12 14:20:49.229: I/ActivityManager(183): Start proc com.vzw.hss.myverizonged for broadcast com.vzw.hss.myverizonged/com.vzw.hss.datameter.receiver.NetMeterReceiver: pid=4228 uid=10041 gids={3003}
04-12 14:20:49.416: W/ActivityManager(183): Unable to start service Intent { act=com.vzw.push.vzwservice.service.CometService }: not found
04-12 14:20:49.565: W/AppWidgetService(183): updateAppWidgetProvider: provider doesn't exist: ComponentInfo{com.vzw.hss.myverizonged/com.vzw.hss.datameter.widget.DataMeterWidget}
04-12 14:23:26.877: I/ActivityManager(183): No longer want com.android.bip (pid 3215): hidden #16
04-12 14:23:26.893: W/ActivityManager(183): Scheduling restart of crashed service com.android.bip/.BIPService in 5000ms
04-12 14:23:31.909: I/ActivityManager(183): Start proc com.android.bip for service com.android.bip/.BIPService: pid=4244 uid=10001 gids={3003}
04-12 14:23:49.385: I/ActivityManager(183): No longer want com.google.android.apps.maps:NetworkLocationService (pid 3231): hidden #16
04-12 14:23:49.424: W/ActivityManager(183): Scheduling restart of crashed service com.google.android.apps.maps/com.google.android.location.internal.server.NetworkLocationService in 5000ms
04-12 14:23:49.518: W/AppWidgetService(183): updateAppWidgetProvider: provider doesn't exist: ComponentInfo{com.vzw.hss.myverizonged/com.vzw.hss.datameter.widget.DataMeterWidget}
04-12 14:23:54.440: I/ActivityManager(183): Start proc com.google.android.apps.maps:NetworkLocationService for service com.google.android.apps.maps/com.google.android.location.internal.server.NetworkLocationService: pid=4261 uid=10034 gids={3003, 1015}
04-12 14:23:54.666: I/ActivityManager(183): Start proc com.google.android.apps.maps:FriendService for broadcast com.google.android.apps.maps/com.google.googlenav.friend.android.ServiceReceiver: pid=4274 uid=10034 gids={3003, 1015}
04-12 14:23:54.955: I/ActivityManager(183): Start proc com.google.android.apps.maps:LocationFriendService for broadcast com.google.android.apps.maps/com.google.googlenav.friend.reporting.LocationReportingIntentReceiver: pid=4287 uid=10034 gids={3003, 1015}
04-12 14:23:54.955: I/ActivityManager(183): No longer want com.android.voicedialer (pid 3821): hidden #16
04-12 14:23:55.237: I/ActivityManager(183): No longer want com.android.defcontainer (pid 3039): hidden #16
04-12 14:29:26.885: I/ActivityManager(183): No longer want com.fusionone.android.sync.sprimebaclient (pid 785): hidden #16
04-12 14:29:26.893: W/ActivityManager(183): Scheduling restart of crashed service com.fusionone.android.sync.sprimebaclient/com.fusionone.android.sync.service.SyncService in 5000ms
04-12 14:29:31.440: I/ActivityManager(183): No longer want com.samsung.syncservice (pid 3282): hidden #16
04-12 14:29:31.455: W/ActivityManager(183): Scheduling restart of crashed service com.samsung.syncservice/.SyncmlService in 10436ms
04-12 14:29:31.909: I/ActivityManager(183): Start proc com.fusionone.android.sync.sprimebaclient for service com.fusionone.android.sync.sprimebaclient/com.fusionone.android.sync.service.SyncService: pid=4312 uid=10057 gids={1015, 3003, 1006}
04-12 14:29:37.401: D/ConnectivityService(183): ConnectivityChange for WIFI: DISCONNECTED/DISCONNECTED
04-12 14:29:37.401: D/ConnectivityService(183): Attempting to switch to mobile
04-12 14:29:37.401: D/ConnectivityService(183): Attempting to switch to BLUETOOTH_TETHER
04-12 14:29:37.409: D/ConnectivityService(183): resetConnections(wlan0, 3)
04-12 14:29:37.705: D/ConnectivityService(183): handleInetConditionChange: no active default network - ignore
04-12 14:29:38.346: D/NetlinkEvent(112): Unexpected netlink message. type=0xf
04-12 14:29:38.401: D/ConnectivityService(183): ConnectivityChange for mobile: CONNECTED/CONNECTED
04-12 14:29:38.526: D/NetworkPolicy(183): applying policy NetworkPolicy[NetworkTemplate: matchRule=MOBILE_ALL, subscriberId=valid]: cycleDay=19, warningBytes=2147483648, limitBytes=-1, lastSnooze=-1 to ifaces [rmnet1]
04-12 14:29:39.791: D/ConnectivityService(183): ConnectivityChange for WIFI: CONNECTED/CONNECTED
04-12 14:29:39.791: D/ConnectivityService(183): Policy requires mobile teardown
04-12 14:29:39.901: D/NetworkPolicy(183): applying policy NetworkPolicy[NetworkTemplate: matchRule=MOBILE_ALL, subscriberId=valid]: cycleDay=19, warningBytes=2147483648, limitBytes=-1, lastSnooze=-1 to ifaces [rmnet1]
04-12 14:29:40.323: D/NetlinkEvent(112): Unexpected netlink message. type=0x11
04-12 14:29:40.338: D/ConnectivityService(183): ConnectivityChange for mobile: DISCONNECTED/DISCONNECTED
04-12 14:29:40.338: D/ConnectivityService(183): Attempting to switch to WIFI
04-12 14:29:40.338: D/ConnectivityService(183): Attempting to switch to BLUETOOTH_TETHER
04-12 14:29:40.354: D/ConnectivityService(183): resetConnections(rmnet1, 3)
04-12 14:29:40.573: I/ActivityManager(183): Start proc com.google.android.apps.uploader for broadcast com.google.android.apps.uploader/.ConnectivityBroadcastReceiver: pid=4354 uid=10036 gids={3003}
04-12 14:29:40.674: I/ActivityManager(183): Start proc com.samsung.syncservice for broadcast com.samsung.sdm/.logic.DMBootReceiver: pid=4370 uid=1000 gids={1015, 3002, 3001, 3003, 3007}
04-12 14:29:40.674: I/ActivityManager(183): No longer want com.android.vending (pid 3093): hidden #16
04-12 14:29:41.784: D/ConnectivityService(183): handleInetConditionHoldEnd: net=1, condition=100, published condition=0
04-12 14:29:41.869: I/ActivityManager(183): Start proc com.google.android.talk for broadcast com.google.android.talk/.ConnectionStateOnlineReceiver: pid=4395 uid=10054 gids={3003, 1015, 1006, 3002}
04-12 14:29:42.034: I/ActivityManager(183): No longer want com.google.android.calendar (pid 3917): hidden #16
04-12 14:29:43.354: D/ConnectivityService(183): handleInetConditionHoldEnd: net=1, condition=100, published condition=100
04-12 14:29:43.909: D/ConnectivityService(183): handleInetConditionHoldEnd: net=1, condition=100, published condition=100
04-12 14:29:43.909: D/ConnectivityService(183): --------- beginning of /dev/log/main
04-12 14:29:53.143: D/dalvikvm(3946): GC_CONCURRENT freed 2851K, 13% free 20637K/23687K, paused 2ms+2ms
04-12 14:31:54.573: D/dalvikvm(3946): GC_CONCURRENT freed 2017K, 14% free 20541K/23687K, paused 2ms+2ms
04-12 14:32:16.807: D/dalvikvm(267): GC_CONCURRENT freed 519K, 6% free 15874K/16839K, paused 1ms+3ms
04-12 14:32:20.651: I/WindowManager(183): createSurface Window{41a429e0 TrackingView paused=false}: DRAW NOW PENDING
04-12 14:32:20.838: D/OpenGLRenderer(267): Flushing caches (mode 0)
04-12 14:32:20.924: W/InputManagerService(183): Window already focused, ignoring focus gain of: com.android.internal.view.IInputMethodClient$Stub$Proxy@41cd9c88
04-12 14:32:21.682: I/WindowManager(183): createSurface Window{41a429e0 TrackingView paused=false}: DRAW NOW PENDING
04-12 14:32:21.846: D/OpenGLRenderer(267): Flushing caches (mode 0)
04-12 14:32:21.877: W/InputManagerService(183): Window already focused, ignoring focus gain of: com.android.internal.view.IInputMethodClient$Stub$Proxy@41d55448
04-12 14:32:25.159: I/ActivityManager(183): START {act=android.intent.action.MAIN cat=[android.intent.category.HOME] flg=0x10200000 cmp=com.android.launcher/com.android.launcher2.Launcher} from pid 183
04-12 14:32:25.213: D/WebViewTimersControl(3946): onBrowserActivityPause
04-12 14:32:25.213: D/WebViewTimersControl(3946): Pausing webview timers, view=com.android.browser.BrowserWebView@418a8d80
04-12 14:32:25.252: I/WindowManager(183): createSurface Window{41d50d80 com.android.launcher/com.android.launcher2.Launcher paused=false}: DRAW NOW PENDING
04-12 14:32:25.612: D/OpenGLRenderer(3946): Flushing caches (mode 0)
04-12 14:32:25.705: D/OpenGLRenderer(3946): Flushing caches (mode 1)
04-12 14:32:26.237: D/dalvikvm(3946): GC_FOR_ALLOC freed 3487K, 23% free 18475K/23687K, paused 93ms
04-12 14:32:26.252: I/ActivityManager(183): No longer want com.android.providers.calendar (pid 3934): hidden #16
04-12 14:32:30.276: I/ActivityManager(183): START {act=android.intent.action.MAIN cat=[android.intent.category.LAUNCHER] flg=0x10200000 cmp=com.google.android.browser/com.android.browser.BrowserActivity bnds=[552,1040][680,1168]} from pid 488
04-12 14:32:30.440: D/WebViewTimersControl(3946): onBrowserActivityResume
04-12 14:32:30.440: D/WebViewTimersControl(3946): Resuming webview timers, view=com.android.browser.BrowserWebView@418a8d80
04-12 14:32:30.440: W/BaseUi(3946): mMainView is already attached to wrapper in attachTabToContentView!
04-12 14:32:30.440: W/BaseUi(3946): mContainer is already attached to content in attachTabToContentView!
04-12 14:32:30.448: I/WindowManager(183): createSurface Window{41b4e610 com.google.android.browser/com.android.browser.BrowserActivity paused=false}: DRAW NOW PENDING
04-12 14:32:30.612: D/OpenGLRenderer(488): Flushing caches (mode 0)
04-12 14:32:31.487: D/OpenGLRenderer(488): Flushing caches (mode 1)
04-12 14:32:32.229: W/webview(3946): java.lang.Throwable: Warning: A WebView method was called on thread 'WebViewCoreThread'. All WebView methods must be called on the UI thread. Future versions of WebView may not support use on other threads.
04-12 14:32:32.229: W/webview(3946): at android.webkit.WebView.checkThread(WebView.java:9355)
04-12 14:32:32.229: W/webview(3946): at android.webkit.WebView.getSettings(WebView.java:4053)
04-12 14:32:32.229: W/webview(3946): at android.webkit.ZoomManager.getReadingLevelScale(ZoomManager.java:317)
04-12 14:32:32.229: W/webview(3946): at android.webkit.WebView.getReadingLevelScale(WebView.java:2448)
04-12 14:32:32.229: W/webview(3946): at android.webkit.WebViewCore.setupViewport(WebViewCore.java:2487)
04-12 14:32:32.229: W/webview(3946): at android.webkit.WebViewCore.updateViewport(WebViewCore.java:2280)
04-12 14:32:32.229: W/webview(3946): at android.webkit.BrowserFrame.nativeGoBackOrForward(Native Method)
04-12 14:32:32.229: W/webview(3946): at android.webkit.BrowserFrame.goBackOrForward(BrowserFrame.java:341)
04-12 14:32:32.229: W/webview(3946): at android.webkit.WebViewCore$EventHub$1.handleMessage(WebViewCore.java:1252)
04-12 14:32:32.229: W/webview(3946): at android.os.Handler.dispatchMessage(Handler.java:99)
04-12 14:32:32.229: W/webview(3946): at android.os.Looper.loop(Looper.java:137)
04-12 14:32:32.229: W/webview(3946): at android.webkit.WebViewCore$WebCoreThread.run(WebViewCore.java:722)
04-12 14:32:32.229: W/webview(3946): at java.lang.Thread.run(Thread.java:856)
04-12 14:32:32.471: W/webview(3946): java.lang.Throwable: Warning: A WebView method was called on thread 'WebViewCoreThread'. All WebView methods must be called on the UI thread. Future versions of WebView may not support use on other threads.
04-12 14:32:32.471: W/webview(3946): at android.webkit.WebView.checkThread(WebView.java:9355)
04-12 14:32:32.471: W/webview(3946): at android.webkit.WebView.getSettings(WebView.java:4053)
04-12 14:32:32.471: W/webview(3946): at android.webkit.ZoomManager.getReadingLevelScale(ZoomManager.java:317)
04-12 14:32:32.471: W/webview(3946): at android.webkit.WebView.getReadingLevelScale(WebView.java:2448)
04-12 14:32:32.471: W/webview(3946): at android.webkit.WebViewCore.setupViewport(WebViewCore.java:2487)
04-12 14:32:32.471: W/webview(3946): at android.webkit.WebViewCore.updateViewport(WebViewCore.java:2280)
04-12 14:32:32.471: W/webview(3946): at android.webkit.JWebCoreJavaBridge.sharedTimerFired(Native Method)
04-12 14:32:32.471: W/webview(3946): at android.webkit.JWebCoreJavaBridge.fireSharedTimer(JWebCoreJavaBridge.java:93)
04-12 14:32:32.471: W/webview(3946): at android.webkit.JWebCoreJavaBridge.handleMessage(JWebCoreJavaBridge.java:110)
04-12 14:32:32.471: W/webview(3946): at android.os.Handler.dispatchMessage(Handler.java:99)
04-12 14:32:32.471: W/webview(3946): at android.os.Looper.loop(Looper.java:137)
04-12 14:32:32.471: W/webview(3946): at android.webkit.WebViewCore$WebCoreThread.run(WebViewCore.java:722)
04-12 14:32:32.471: W/webview(3946): at java.lang.Thread.run(Thread.java:856)
04-12 14:32:32.635: D/dalvikvm(422): GC_CONCURRENT freed 559K, 4% free 16496K/17159K, paused 2ms+3ms
04-12 14:32:32.659: I/WindowManager(183): createSurface Window{41af48b0 InputMethod paused=false}: DRAW NOW PENDING
04-12 14:32:33.291: D/dalvikvm(3946): GC_CONCURRENT freed 2849K, 29% free 17007K/23687K, paused 2ms+3ms
04-12 14:32:34.088: D/dalvikvm(3946): GC_FOR_ALLOC freed 154K, 29% free 16962K/23687K, paused 17ms
04-12 14:32:34.088: I/dalvikvm-heap(3946): Grow heap (frag case) to 16.854MB for 230416-byte allocation
04-12 14:32:34.104: D/dalvikvm(3946): GC_FOR_ALLOC freed 6K, 29% free 17181K/23943K, paused 15ms
04-12 14:32:34.573: W/webview(3946): Got ACTION_DOWN but still waiting on stale event. Catching up.
04-12 14:32:34.580: D/androidNetworkLocationListeners(322): Still have listener com.google.android.location.internal.client.NetworkLocationClient$1@41852470
04-12 14:32:34.588: D/androidNetworkLocationListeners(322): Still have listener com.google.android.location.internal.client.NetworkLocationClient$1@41852470
04-12 14:32:35.198: D/androidNetworkLocationListeners(322): Still have listener com.google.android.location.internal.client.NetworkLocationClient$1@41852470
04-12 14:32:35.221: W/webview(3946): java.lang.Throwable: Warning: A WebView method was called on thread 'WebViewCoreThread'. All WebView methods must be called on the UI thread. Future versions of WebView may not support use on other threads.
04-12 14:32:35.221: W/webview(3946): at android.webkit.WebView.checkThread(WebView.java:9355)
04-12 14:32:35.221: W/webview(3946): at android.webkit.WebView.getSettings(WebView.java:4053)
04-12 14:32:35.221: W/webview(3946): at android.webkit.ZoomManager.getReadingLevelScale(ZoomManager.java:317)
04-12 14:32:35.221: W/webview(3946): at android.webkit.WebView.getReadingLevelScale(WebView.java:2448)
04-12 14:32:35.221: W/webview(3946): at android.webkit.WebViewCore.setupViewport(WebViewCore.java:2487)
04-12 14:32:35.221: W/webview(3946): at android.webkit.WebViewCore.updateViewport(WebViewCore.java:2280)
04-12 14:32:35.221: W/webview(3946): at android.webkit.JWebCoreJavaBridge.nativeServiceFuncPtrQueue(Native Method)
04-12 14:32:35.221: W/webview(3946): at android.webkit.JWebCoreJavaBridge.handleMessage(JWebCoreJavaBridge.java:115)
04-12 14:32:35.221: W/webview(3946): at android.os.Handler.dispatchMessage(Handler.java:99)
04-12 14:32:35.221: W/webview(3946): at android.os.Looper.loop(Looper.java:137)
04-12 14:32:35.221: W/webview(3946): at android.webkit.WebViewCore$WebCoreThread.run(WebViewCore.java:722)
04-12 14:32:35.221: W/webview(3946): at java.lang.Thread.run(Thread.java:856)
04-12 14:32:35.221: W/webview(3946): java.lang.Throwable: Warning: A WebView method was called on thread 'WebViewCoreThread'. All WebView methods must be called on the UI thread. Future versions of WebView may not support use on other threads.
04-12 14:32:35.221: W/webview(3946): at android.webkit.WebView.checkThread(WebView.java:9355)
04-12 14:32:35.221: W/webview(3946): at android.webkit.WebView.getSettings(WebView.java:4053)
04-12 14:32:35.221: W/webview(3946): at android.webkit.ZoomManager.getReadingLevelScale(ZoomManager.java:317)
04-12 14:32:35.221: W/webview(3946): at android.webkit.WebView.getReadingLevelScale(WebView.java:2448)
04-12 14:32:35.221: W/webview(3946): at android.webkit.WebViewCore.setupViewport(WebViewCore.java:2487)
04-12 14:32:35.221: W/webview(3946): at android.webkit.WebViewCore.didFirstLayout(WebViewCore.java:2258)
04-12 14:32:35.221: W/webview(3946): at android.webkit.WebViewCore.nativeSetSize(Native Method)
04-12 14:32:35.221: W/webview(3946): at android.webkit.WebViewCore.viewSizeChanged(WebViewCore.java:1892)
04-12 14:32:35.221: W/webview(3946): at android.webkit.WebViewCore.setupViewport(WebViewCore.java:2520)
04-12 14:32:35.221: W/webview(3946): at android.webkit.WebViewCore.updateViewport(WebViewCore.java:2280)
04-12 14:32:35.221: W/webview(3946): at android.webkit.JWebCoreJavaBridge.nativeServiceFuncPtrQueue(Native Method)
04-12 14:32:35.221: W/webview(3946): at android.webkit.JWebCoreJavaBridge.handleMessage(JWebCoreJavaBridge.java:115)
04-12 14:32:35.221: W/webview(3946): at android.os.Handler.dispatchMessage(Handler.java:99)
04-12 14:32:35.221: W/webview(3946): at android.os.Looper.loop(Looper.java:137)
04-12 14:32:35.221: W/webview(3946): at android.webkit.WebViewCore$WebCoreThread.run(WebViewCore.java:722)
04-12 14:32:35.221: W/webview(3946): at java.lang.Thread.run(Thread.java:856)
04-12 14:32:36.237: D/dalvikvm(3946): GC_EXPLICIT freed 468K, 29% free 17218K/23943K, paused 4ms+4ms
04-12 14:32:36.252: I/WindowManager(183): createSurface Window{41af48b0 InputMethod paused=false}: DRAW NOW PENDING
04-12 14:32:36.455: D/dalvikvm(322): GC_CONCURRENT freed 511K, 4% free 15530K/16135K, paused 2ms+2ms
04-12 14:32:37.291: D/androidNetworkLocationListeners(322): Still have listener com.google.android.location.internal.client.NetworkLocationClient$1@41852470
04-12 14:32:37.291: D/androidNetworkLocationListeners(322): Still have listener com.google.android.location.internal.client.NetworkLocationClient$1@41852470
04-12 14:32:37.924: D/dalvikvm(183): GC_CONCURRENT freed 1642K, 28% free 21098K/28999K, paused 5ms+6ms
04-12 14:32:38.948: D/dalvikvm(4261): GC_CONCURRENT freed 388K, 4% free 15240K/15751K, paused 1ms+3ms
04-12 14:32:39.026: W/TextLayoutCache(3946): computeValuesWithHarfbuzz -- need to force to single run
04-12 14:32:41.354: I/QSB.QsbApplication(3839): allowSuggestionLoginCreation
04-12 14:32:41.362: D/androidNetworkLocationListeners(322): Still have listener com.google.android.location.internal.client.NetworkLocationClient$1@41852470
04-12 14:32:41.362: D/androidNetworkLocationListeners(322): Still have listener com.google.android.location.internal.client.NetworkLocationClient$1@41852470
04-12 14:32:41.377: I/QSB.GenieClient(3839): request: chars=1;feeds=[qs, ns];loc=true;auth=false
04-12 14:32:41.416: I/WindowManager(183): createSurface Window{41c573f8 PopupWindow:418736d8 paused=false}: DRAW NOW PENDING
04-12 14:32:41.682: I/QSB.GenieClient(3839): response: suggestions=0;0;0;0;0;0;0;
04-12 14:32:43.088: D/dalvikvm(322): GC_CONCURRENT freed 436K, 4% free 15549K/16135K, paused 2ms+5ms
04-12 14:32:47.893: D/androidNetworkLocationListeners(322): Still have listener com.google.android.location.internal.client.NetworkLocationClient$1@41852470
04-12 14:32:47.893: W/webview(3946): java.lang.Throwable: Warning: A WebView method was called on thread 'WebViewCoreThread'. All WebView methods must be called on the UI thread. Future versions of WebView may not support use on other threads.
04-12 14:32:47.893: W/webview(3946): at android.webkit.WebView.checkThread(WebView.java:9355)
04-12 14:32:47.893: W/webview(3946): at android.webkit.WebView.getSettings(WebView.java:4053)
04-12 14:32:47.893: W/webview(3946): at android.webkit.ZoomManager.getReadingLevelScale(ZoomManager.java:317)
04-12 14:32:47.893: W/webview(3946): at android.webkit.WebView.getReadingLevelScale(WebView.java:2448)
04-12 14:32:47.893: W/webview(3946): at android.webkit.WebViewCore.setupViewport(WebViewCore.java:2487)
04-12 14:32:47.893: W/webview(3946): at android.webkit.WebViewCore.updateViewport(WebViewCore.java:2280)
04-12 14:32:47.893: W/webview(3946): at android.webkit.JWebCoreJavaBridge.nativeServiceFuncPtrQueue(Native Method)
04-12 14:32:47.893: W/webview(3946): at android.webkit.JWebCoreJavaBridge.handleMessage(JWebCoreJavaBridge.java:115)
04-12 14:32:47.893: W/webview(3946): at android.os.Handler.dispatchMessage(Handler.java:99)
04-12 14:32:47.893: W/webview(3946): at android.os.Looper.loop(Looper.java:137)
04-12 14:32:47.893: W/webview(3946): at android.webkit.WebViewCore$WebCoreThread.run(WebViewCore.java:722)
04-12 14:32:47.893: W/webview(3946): at java.lang.Thread.run(Thread.java:856)
04-12 14:32:47.893: W/webview(3946): java.lang.Throwable: Warning: A WebView method was called on thread 'WebViewCoreThread'. All WebView methods must be called on the UI thread. Future versions of WebView may not support use on other threads.
04-12 14:32:47.893: W/webview(3946): at android.webkit.WebView.checkThread(WebView.java:9355)
04-12 14:32:47.893: W/webview(3946): at android.webkit.WebView.getSettings(WebView.java:4053)
04-12 14:32:47.893: W/webview(3946): at android.webkit.ZoomManager.getReadingLevelScale(ZoomManager.java:317)
04-12 14:32:47.893: W/webview(3946): at android.webkit.WebView.getReadingLevelScale(WebView.java:2448)
04-12 14:32:47.893: W/webview(3946): at android.webkit.WebViewCore.setupViewport(WebViewCore.java:2487)
04-12 14:32:47.893: W/webview(3946): at android.webkit.WebViewCore.didFirstLayout(WebViewCore.java:2258)
04-12 14:32:47.893: W/webview(3946): at android.webkit.WebViewCore.nativeSetSize(Native Method)
04-12 14:32:47.893: W/webview(3946): at android.webkit.WebViewCore.viewSizeChanged(WebViewCore.java:1892)
04-12 14:32:47.893: W/webview(3946): at android.webkit.WebViewCore.setupViewport(WebViewCore.java:2520)
04-12 14:32:47.893: W/webview(3946): at android.webkit.WebViewCore.updateViewport(WebViewCore.java:2280)
04-12 14:32:47.893: W/webview(3946): at android.webkit.JWebCoreJavaBridge.nativeServiceFuncPtrQueue(Native Method)
04-12 14:32:47.893: W/webview(3946): at android.webkit.JWebCoreJavaBridge.handleMessage(JWebCoreJavaBridge.java:115)
04-12 14:32:47.893: W/webview(3946): at android.os.Handler.dispatchMessage(Handler.java:99)
04-12 14:32:47.893: W/webview(3946): at android.os.Looper.loop(Looper.java:137)
04-12 14:32:47.893: W/webview(3946): at android.webkit.WebViewCore$WebCoreThread.run(WebViewCore.java:722)
04-12 14:32:47.893: W/webview(3946): at java.lang.Thread.run(Thread.java:856)
04-12 14:32:48.244: D/dalvikvm(3946): GC_CONCURRENT freed 810K, 28% free 17357K/23943K, paused 2ms+5ms
04-12 14:32:48.315: I/browser(3946): Console: [INFO] Appcelerator Titanium 1.8.0.1 Mobile Web http://172.16.3.111/HTML/:1376
04-12 14:32:48.541: E/browser(3946): Console: Uncaught Error: NOT_FOUND_ERR: DOM Exception 8 http://172.16.3.111/HTML/:1709
04-12 14:32:48.549: E/browser(3946): Console: Uncaught Error: NOT_FOUND_ERR: DOM Exception 8 http://172.16.3.111/HTML/:1709
04-12 14:32:49.674: E/browser(3946): Console: Uncaught TypeError: Object # has no method 'pushState' http://172.16.3.111/HTML/:1878
04-12 14:32:49.682: E/browser(3946): Console: Uncaught ReferenceError: repeat is not defined http://172.16.3.111/HTML/:3696
04-12 14:32:49.682: E/browser(3946): Console: Uncaught ReferenceError: repeat is not defined http://172.16.3.111/HTML/:3696
04-12 14:32:49.752: D/dalvikvm(322): GC_CONCURRENT freed 525K, 4% free 15529K/16135K, paused 2ms+3ms
04-12 14:32:49.893: E/browser(3946): Console: Viewport argument value "device-width;" for key "width" not recognized. Content ignored. http://172.16.3.111/HTML/HTML/index.html:12
04-12 14:32:59.229: D/dalvikvm(3946): GC_CONCURRENT freed 1011K, 28% free 17335K/23943K, paused 5ms+9ms
04-12 14:33:33.737: D/dalvikvm(3946): GC_CONCURRENT freed 1092K, 29% free 17224K/23943K, paused 6ms+4ms
04-12 14:34:04.838: D/dalvikvm(3946): GC_CONCURRENT freed 944K, 29% free 17224K/23943K, paused 5ms+4ms
04-12 14:34:37.385: D/dalvikvm(3946): GC_CONCURRENT freed 944K, 29% free 17224K/23943K, paused 6ms+4ms
04-12 14:35:09.752: D/dalvikvm(3946): GC_CONCURRENT freed 944K, 29% free 17224K/23943K, paused 6ms+3ms
04-12 14:35:31.237: D/dalvikvm(439): GC_CONCURRENT freed 376K, 5% free 14560K/15175K, paused 5ms+3ms
04-12 14:35:42.377: D/dalvikvm(3946): GC_CONCURRENT freed 944K, 29% free 17225K/23943K, paused 5ms+4ms
04-12 14:36:14.612: D/dalvikvm(3946): GC_CONCURRENT freed 945K, 29% free 17224K/23943K, paused 6ms+3ms
04-12 14:36:46.830: D/dalvikvm(3946): GC_CONCURRENT freed 944K, 29% free 17224K/23943K, paused 5ms+4ms
04-12 14:37:13.604: E/browser(3946): Console: Uncaught Error: NOT_FOUND_ERR: DOM Exception 8 http://172.16.3.111/HTML/:1709
04-12 14:37:13.674: W/webview(3946): java.lang.Throwable: Warning: A WebView method was called on thread 'WebViewCoreThread'. All WebView methods must be called on the UI thread. Future versions of WebView may not support use on other threads.
04-12 14:37:13.674: W/webview(3946): at android.webkit.WebView.checkThread(WebView.java:9355)
04-12 14:37:13.674: W/webview(3946): at android.webkit.WebView.getSettings(WebView.java:4053)
04-12 14:37:13.674: W/webview(3946): at android.webkit.ZoomManager.getReadingLevelScale(ZoomManager.java:317)
04-12 14:37:13.674: W/webview(3946): at android.webkit.WebView.getReadingLevelScale(WebView.java:2448)
04-12 14:37:13.674: W/webview(3946): at android.webkit.WebViewCore.setupViewport(WebViewCore.java:2487)
04-12 14:37:13.674: W/webview(3946): at android.webkit.WebViewCore.updateViewport(WebViewCore.java:2280)
04-12 14:37:13.674: W/webview(3946): at android.webkit.JWebCoreJavaBridge.sharedTimerFired(Native Method)
04-12 14:37:13.674: W/webview(3946): at android.webkit.JWebCoreJavaBridge.fireSharedTimer(JWebCoreJavaBridge.java:93)
04-12 14:37:13.674: W/webview(3946): at android.webkit.JWebCoreJavaBridge.handleMessage(JWebCoreJavaBridge.java:110)
04-12 14:37:13.674: W/webview(3946): at android.os.Handler.dispatchMessage(Handler.java:99)
04-12 14:37:13.674: W/webview(3946): at android.os.Looper.loop(Looper.java:137)
04-12 14:37:13.674: W/webview(3946): at android.webkit.WebViewCore$WebCoreThread.run(WebViewCore.java:722)
04-12 14:37:13.674: W/webview(3946): at java.lang.Thread.run(Thread.java:856)
04-12 14:37:13.909: D/dalvikvm(3946): GC_CONCURRENT freed 937K, 28% free 17259K/23943K, paused 2ms+8ms
04-12 14:37:14.666: D/androidNetworkLocationListeners(322): Still have listener com.google.android.location.internal.client.NetworkLocationClient$1@41852470
04-12 14:37:14.674: D/androidNetworkLocationListeners(322): Still have listener com.google.android.location.internal.client.NetworkLocationClient$1@41852470
04-12 14:37:16.643: W/webview(3946): java.lang.Throwable: Warning: A WebView method was called on thread 'WebViewCoreThread'. All WebView methods must be called on the UI thread. Future versions of WebView may not support use on other threads.
04-12 14:37:16.643: W/webview(3946): at android.webkit.WebView.checkThread(WebView.java:9355)
04-12 14:37:16.643: W/webview(3946): at android.webkit.WebView.getSettings(WebView.java:4053)
04-12 14:37:16.643: W/webview(3946): at android.webkit.ZoomManager.getReadingLevelScale(ZoomManager.java:317)
04-12 14:37:16.643: W/webview(3946): at android.webkit.WebView.getReadingLevelScale(WebView.java:2448)
04-12 14:37:16.643: W/webview(3946): at android.webkit.WebViewCore.setupViewport(WebViewCore.java:2487)
04-12 14:37:16.643: W/webview(3946): at android.webkit.WebViewCore.updateViewport(WebViewCore.java:2280)
04-12 14:37:16.643: W/webview(3946): at android.webkit.JWebCoreJavaBridge.sharedTimerFired(Native Method)
04-12 14:37:16.643: W/webview(3946): at android.webkit.JWebCoreJavaBridge.fireSharedTimer(JWebCoreJavaBridge.java:93)
04-12 14:37:16.643: W/webview(3946): at android.webkit.JWebCoreJavaBridge.handleMessage(JWebCoreJavaBridge.java:110)
04-12 14:37:16.643: W/webview(3946): at android.os.Handler.dispatchMessage(Handler.java:99)
04-12 14:37:16.643: W/webview(3946): at android.os.Looper.loop(Looper.java:137)
