04-12 15:43:30.799: I/TiAPI(5727): win1 property: backgroundColor
04-12 15:43:30.799: I/TiAPI(5727): win1 property: backgroundDisabledColor
04-12 15:43:30.799: I/TiAPI(5727): win1 property: transform
04-12 15:43:30.799: I/TiAPI(5727): win1 property: windowSoftInputMode
04-12 15:43:30.799: I/TiAPI(5727): win1 property: zIndex
04-12 15:43:30.799: I/TiAPI(5727): win1 property: borderWidth
04-12 15:43:30.799: I/TiAPI(5727): win1 property: parent
04-12 15:43:30.799: I/TiAPI(5727): win1 property: tabGroup
04-12 15:43:30.799: I/TiAPI(5727): win1 property: titleid
04-12 15:43:30.799: I/TiAPI(5727): win1 property: leftNavButton
04-12 15:43:30.799: I/TiAPI(5727): win1 property: navBarHidden
04-12 15:43:30.799: I/TiAPI(5727): win1 property: right
04-12 15:43:30.799: I/TiAPI(5727): win1 property: bottom
04-12 15:43:30.799: I/TiAPI(5727): win1 property: layout
04-12 15:43:30.799: I/TiAPI(5727): win1 property: focusable
04-12 15:43:30.799: I/TiAPI(5727): win1 property: left
04-12 15:43:30.799: I/TiAPI(5727): win1 property: fullscreen
04-12 15:43:30.799: I/TiAPI(5727): win1 property: backgroundDisabledImage
04-12 15:43:30.799: I/TiAPI(5727): win1 property: title
04-12 15:43:30.799: I/TiAPI(5727): win1 property: backgroundImage
04-12 15:43:30.799: I/TiAPI(5727): win1 property: _internalActivity
04-12 15:43:30.799: I/TiAPI(5727): win1 property: rect
04-12 15:43:30.799: I/TiAPI(5727): win1 property: url
04-12 15:43:30.799: I/TiAPI(5727): win1 property: modal
04-12 15:43:30.799: I/TiAPI(5727): win1 property: height
04-12 15:43:30.799: I/TiAPI(5727): win1 property: className
04-12 15:43:30.799: I/TiAPI(5727): win1 property: currentState
04-12 15:43:30.799: I/TiAPI(5727): win1 property: _sourceUrl
04-12 15:43:30.799: I/TiAPI(5727): win1 property: _currentActivity
04-12 15:43:30.799: I/TiAPI(5727): win1 property: _module
04-12 15:43:30.799: I/TiAPI(5727): win1 property: _children
04-12 15:43:30.799: I/TiAPI(5727): win1 property: _postOpenChildren
04-12 15:43:30.799: I/TiAPI(5727): win1 property: _events
04-12 15:43:30.799: I/TiAPI(5727): win1 property: isActivity
04-12 15:43:30.799: I/TiAPI(5727): win1 property: state
04-12 15:43:30.799: I/TiAPI(5727): win1 property: cachedOrientationModes
04-12 15:43:30.799: I/TiAPI(5727): win1 property: cachedActivityProxy
04-12 15:43:30.799: I/TiAPI(5727): win1 property: getActivityDecorView
04-12 15:43:30.799: I/TiAPI(5727): win1 property: setCachedProperty
04-12 15:43:30.799: I/TiAPI(5727): win1 property: getCachedProperty
04-12 15:43:30.799: I/TiAPI(5727): win1 property: getOrientation
04-12 15:43:30.799: I/TiAPI(5727): win1 property: getOrientationModes
04-12 15:43:30.799: I/TiAPI(5727): win1 property: setOrientationModes
04-12 15:43:30.799: I/TiAPI(5727): win1 property: getActivity
04-12 15:43:30.799: I/TiAPI(5727): win1 property: getWindowPixelFormat
04-12 15:43:30.799: I/TiAPI(5727): win1 property: setWindowPixelFormat
04-12 15:43:30.799: I/TiAPI(5727): win1 property: open
04-12 15:43:30.799: I/TiAPI(5727): win1 property: setWindow
04-12 15:43:30.799: I/TiAPI(5727): win1 property: postOpen
04-12 15:43:30.799: I/TiAPI(5727): win1 property: runWindowUrl
04-12 15:43:30.799: I/TiAPI(5727): win1 property: loadUrl
04-12 15:43:30.799: I/TiAPI(5727): win1 property: close
04-12 15:43:30.799: I/TiAPI(5727): win1 property: add
04-12 15:43:30.799: I/TiAPI(5727): win1 property: addChildren
04-12 15:43:30.799: I/TiAPI(5727): win1 property: addPostOpenChildren
04-12 15:43:30.799: I/TiAPI(5727): win1 property: remove
04-12 15:43:30.799: I/TiAPI(5727): win1 property: removeChildren
04-12 15:43:30.799: I/TiAPI(5727): win1 property: animate
04-12 15:43:30.799: I/TiAPI(5727): win1 property: addEventListener
04-12 15:43:30.799: I/TiAPI(5727): win1 property: removeEventListener
04-12 15:43:30.799: I/TiAPI(5727): win1 property: fireEvent
04-12 15:43:30.799: I/TiAPI(5727): win1 property: setPropertyAndFire
04-12 15:43:30.799: I/TiAPI(5727): Did you see properties? ^^^^^
04-12 15:43:30.799: I/TiAPI(5727): ---------------------------------------------------------------
04-12 15:43:30.799: I/TiAPI(5727): you should see a list of modules (3 or more) below this line
04-12 15:43:30.799: I/TiAPI(5727): ---------------------------------------------------------------
04-12 15:43:30.799: I/TiAPI(5727): module: sourceUrl
04-12 15:43:30.799: I/TiAPI(5727): module: global
04-12 15:43:30.799: I/TiAPI(5727): module: include
04-12 15:43:30.799: I/TiAPI(5727): module: Android
04-12 15:43:30.799: I/TiAPI(5727): module: UI
04-12 15:43:30.799: I/TiAPI(5727): module: Network
04-12 15:43:30.799: I/TiAPI(5727): module: Map
04-12 15:43:30.799: I/TiAPI(5727): module: Media
04-12 15:43:30.799: I/TiAPI(5727): module: Database
04-12 15:43:30.799: I/TiAPI(5727): module: Filesystem
04-12 15:43:30.799: I/TiAPI(5727): module: createBuffer
04-12 15:43:30.799: I/TiAPI(5727): module: Service
04-12 15:43:30.799: I/TiAPI(5727): module: Locale
04-12 15:43:30.799: I/TiAPI(5727): module: buildDate
04-12 15:43:30.799: I/TiAPI(5727): module: userAgent
04-12 15:43:30.799: I/TiAPI(5727): module: _hasJavaListener
04-12 15:43:30.799: I/TiAPI(5727): module: invocationAPIs
04-12 15:43:30.799: I/TiAPI(5727): module: externalModules
04-12 15:43:30.799: I/TiAPI(5727): module: buildHash
04-12 15:43:30.799: I/TiAPI(5727): module: version
04-12 15:43:30.799: I/TiAPI(5727): module: buildTimestamp
04-12 15:43:30.799: I/TiAPI(5727): module: __propertiesDefined__
04-12 15:43:30.799: I/TiAPI(5727): module: TiBaseWindow
04-12 15:43:30.799: I/TiAPI(5727): module: TiWindow
04-12 15:43:30.799: I/TiAPI(5727): module: TiView
04-12 15:43:30.799: I/TiAPI(5727): module: App
04-12 15:43:30.799: I/TiAPI(5727): module: Wrapper
04-12 15:43:30.799: I/TiAPI(5727): module: initScopeVars
04-12 15:43:30.799: I/TiAPI(5727): module: getUrlSource
04-12 15:43:30.799: I/TiAPI(5727): module: bindInvocationAPIs
04-12 15:43:30.799: I/TiAPI(5727): module: Proxy
04-12 15:43:30.799: I/TiAPI(5727): module: Activity
04-12 15:43:30.799: I/TiAPI(5727): module: API
04-12 15:43:30.799: I/TiAPI(5727): Did you see modules? ^^^^^
04-12 15:43:30.799: I/TiAPI(5727): ---------------------------------------------------------------
04-12 15:43:30.838: D/dalvikvm(5727): GC_FOR_ALLOC freed 3388K, 20% free 15545K/19271K, paused 18ms
04-12 15:43:30.838: I/dalvikvm-heap(5727): Grow heap (frag case) to 15.835MB for 614416-byte allocation
04-12 15:43:30.885: D/dalvikvm(5727): GC_CONCURRENT freed 37K, 17% free 16107K/19271K, paused 2ms+2ms
04-12 15:43:30.901: I/TiRootActivity(5727): (main) [0,0] checkpoint, on root activity resume. activity = com.appcelerator.titanium.KitchensinkActivity@4193f840
04-12 15:43:31.034: D/TiUIView(5727): (main) [129,129] Nativeview is null
04-12 15:43:31.034: D/TiUIView(5727): (main) [0,129] Nativeview is null
04-12 15:43:31.057: W/TiTabActivity(5727): (main) [23,152] Notifying TiTabGroup, activity is created
04-12 15:43:31.057: I/WindowManager(183): createSurface Window{41c3ee18 com.appcelerator.titanium/ti.modules.titanium.ui.TiTabActivity paused=false}: DRAW NOW PENDING
04-12 15:43:31.112: I/WindowManager(183): createSurface Window{41c87d60 com.appcelerator.titanium/ti.modules.titanium.ui.TiTabActivity paused=false}: DRAW NOW PENDING
04-12 15:43:31.151: D/TiUIView(5727): (main) [93,245] Nativeview is null
04-12 15:43:31.151: D/Window(5727): Loading window with URL: main_windows/base_ui.js
04-12 15:43:31.159: D/dalvikvm(439): GC_CONCURRENT freed 392K, 5% free 14550K/15175K, paused 6ms+1ms
04-12 15:43:31.174: D/Module(5727): Loading module: main_windows/base_ui -> Resources/main_windows/base_ui.js
04-12 15:43:31.198: D/dalvikvm(5727): GC_CONCURRENT freed 753K, 17% free 16006K/19271K, paused 2ms+4ms
04-12 15:43:31.448: D/TiUIView(5727): (main) [300,545] Nativeview is null
04-12 15:43:31.448: D/Window(5727): Loading window with URL: main_windows/controls.js
04-12 15:43:31.455: D/Module(5727): Loading module: main_windows/controls -> Resources/main_windows/controls.js
04-12 15:43:31.573: I/TiAPI(5727): tab blur - new index 0 old index -1
04-12 15:43:31.580: D/Window(5727): unable to open, window is not closed
04-12 15:43:31.588: D/Window(5727): unable to open, window is not closed
04-12 15:43:31.784: I/ActivityManager(183): Displayed com.appcelerator.titanium/ti.modules.titanium.ui.TiTabActivity: +772ms (total +1s903ms)
04-12 15:43:31.784: D/TiUIView(5727): (main) [337,882] Nativeview is null
04-12 15:43:31.784: D/TiUIView(5727): (main) [1,883] Nativeview is null
04-12 15:43:31.784: V/PhoneStatusBar(267): setLightsOn(true)
04-12 15:43:31.940: D/dalvikvm(5727): GC_FOR_ALLOC freed 327K, 17% free 16166K/19271K, paused 48ms
04-12 15:43:32.112: D/dalvikvm(5727): GC_CONCURRENT freed 314K, 15% free 16554K/19271K, paused 6ms+3ms
04-12 15:43:32.409: I/TiAPI(5727): tab Base UI prevTab = no tab
04-12 15:43:32.580: I/TiAPI(5727): tab Controls prevTab = Base UI
04-12 15:43:33.018: V/PhoneStatusBar(267): setLightsOn(true)
04-12 15:43:33.041: W/InputManagerService(183): Starting input on non-focused client com.android.internal.view.IInputMethodClient$Stub$Proxy@41c5be10 (uid=10031 pid=488)
04-12 15:43:33.401: D/Window(5727): unable to close, window is not opened
04-12 15:43:33.580: D/Window(5727): unable to close, window is not opened
04-12 15:43:34.448: I/ActivityManager(183): START {cmp=com.appcelerator.titanium/org.appcelerator.titanium.TiActivity (has extras)} from pid 5727
04-12 15:43:34.682: D/Window(5727): Loading window with URL: ../examples/activity_indicator.js
04-12 15:43:34.690: D/Module(5727): Loading module: ../examples/activity_indicator -> Resources/examples/activity_indicator.js
04-12 15:43:34.877: D/TiUIView(5727): (main) [3089,3972] Nativeview is null
04-12 15:43:35.057: D/TiUIView(5727): (main) [186,4158] Nativeview is null
04-12 15:43:35.065: I/WindowManager(183): createSurface Window{41c88d48 com.appcelerator.titanium/org.appcelerator.titanium.TiActivity paused=false}: DRAW NOW PENDING
04-12 15:43:35.088: D/Window(5727): Unable to release window reference.
04-12 15:43:35.088: D/TiUIView(5727): (main) [30,4188] Nativeview is null
04-12 15:43:35.166: V/PhoneStatusBar(267): setLightsOn(true)
04-12 15:43:35.244: I/WindowManager(183): createSurface Window{41cb4370 com.appcelerator.titanium/org.appcelerator.titanium.TiActivity paused=false}: DRAW NOW PENDING
04-12 15:43:35.260: V/PhoneStatusBar(267): setLightsOn(true)
04-12 15:43:35.612: I/ActivityManager(183): Displayed com.appcelerator.titanium/org.appcelerator.titanium.TiActivity: +1s25ms
04-12 15:43:36.823: V/PhoneStatusBar(267): setLightsOn(true)
04-12 15:43:36.823: W/InputManagerService(183): Window already focused, ignoring focus gain of: com.android.internal.view.IInputMethodClient$Stub$Proxy@41a3ee20
04-12 15:43:38.041: I/WindowManager(183): createSurface Window{41c3ee18 com.appcelerator.titanium/ti.modules.titanium.ui.TiTabActivity paused=false}: DRAW NOW PENDING
04-12 15:43:38.143: V/PhoneStatusBar(267): setLightsOn(true)
04-12 15:43:38.377: E/TiBaseActivity(5727): (main) [3286,7474] Layout cleanup.
04-12 15:43:39.065: E/TiBaseActivity(5727): (main) [691,8165] Layout cleanup.
04-12 15:43:39.221: I/WindowManager(183): createSurface Window{41d50d80 com.android.launcher/com.android.launcher2.Launcher paused=false}: DRAW NOW PENDING
04-12 15:43:39.596: W/InputManagerService(183): Starting input on non-focused client com.android.internal.view.IInputMethodClient$Stub$Proxy@419c9290 (uid=10069 pid=5727)
04-12 15:43:39.971: E/TiBaseActivity(5727): (main) [905,9070] Layout cleanup.
04-12 15:43:39.971: E/TiBaseActivity(5727): (main) [3,9073] Layout cleanup.
04-12 15:43:40.705: I/ActivityManager(183): START {act=android.intent.action.MAIN cat=[android.intent.category.LAUNCHER] flg=0x10200000 cmp=com.appcelerator.kitchensinknook/.KitchensinkNookActivity} from pid 488
04-12 15:43:40.784: D/dalvikvm(183): GC_FOR_ALLOC freed 4187K, 31% free 22047K/31687K, paused 57ms
04-12 15:43:40.807: I/dalvikvm(5762): Turning on JNI app bug workarounds for target SDK version 8...
04-12 15:43:40.815: I/ActivityManager(183): Start proc com.appcelerator.kitchensinknook for activity com.appcelerator.kitchensinknook/.KitchensinkNookActivity: pid=5762 uid=10070 gids={1015, 3003}
04-12 15:43:40.854: D/OpenGLRenderer(488): Flushing caches (mode 1)
04-12 15:43:40.885: D/dalvikvm(183): GC_FOR_ALLOC freed 120K, 26% free 23663K/31687K, paused 47ms
04-12 15:43:40.893: I/dalvikvm-heap(183): Grow heap (frag case) to 25.789MB for 2731536-byte allocation
04-12 15:43:40.940: D/dalvikvm(183): GC_FOR_ALLOC freed <1K, 24% free 26330K/34375K, paused 44ms
04-12 15:43:40.994: I/TiApplication(5762): (main) [0,0] checkpoint, app created.
04-12 15:43:41.026: I/WindowManager(183): createSurface Window{41cef880 Starting com.appcelerator.kitchensinknook paused=false}: DRAW NOW PENDING
04-12 15:43:41.065: D/dalvikvm(183): GC_CONCURRENT freed 1K, 24% free 26337K/34375K, paused 3ms+16ms
04-12 15:43:41.096: D/dalvikvm(5762): GC_CONCURRENT freed 201K, 2% free 14325K/14599K, paused 2ms+2ms
04-12 15:43:41.104: D/OpenGLRenderer(488): Flushing caches (mode 0)
04-12 15:43:41.112: V/PhoneStatusBar(267): setLightsOn(true)
04-12 15:43:41.119: D/dalvikvm(5762): GC_FOR_ALLOC freed 262K, 4% free 14454K/14919K, paused 13ms
04-12 15:43:41.198: D/dalvikvm(5762): GC_CONCURRENT freed 177K, 2% free 14781K/15047K, paused 2ms+2ms
04-12 15:43:41.323: D/dalvikvm(5762): GC_CONCURRENT freed 227K, 3% free 15027K/15367K, paused 1ms+2ms
04-12 15:43:41.377: I/TiApplication(5762): (main) [395,395] Titanium 2.0.1 (2012/04/10 13:18 0234887)
04-12 15:43:41.768: I/TiDbHelper(5762): (main) [390,785] No value in database for platform key: 'unique_machine_id' returning supplied default ''
04-12 15:43:41.776: I/TiDbHelper(5762): (main) [10,795] No value in database for platform key: 'hardware_machine_id' returning supplied default ''
04-12 15:43:42.291: D/dalvikvm(5762): Trying to load lib /data/data/com.appcelerator.kitchensinknook/lib/libstlport_shared.so 0x4180ca00
04-12 15:43:42.291: I/TiApplication(5762): (main) [512,1307] Titanium Javascript runtime: v8
04-12 15:43:42.299: D/dalvikvm(5762): Added shared lib /data/data/com.appcelerator.kitchensinknook/lib/libstlport_shared.so 0x4180ca00
04-12 15:43:42.299: D/dalvikvm(5762): No JNI_OnLoad found in /data/data/com.appcelerator.kitchensinknook/lib/libstlport_shared.so 0x4180ca00, skipping init
04-12 15:43:42.299: D/dalvikvm(5762): Trying to load lib /data/data/com.appcelerator.kitchensinknook/lib/libkroll-v8.so 0x4180ca00
04-12 15:43:42.315: I/TiRootActivity(5762): (main) [0,0] checkpoint, on root activity create, savedInstanceState: null
04-12 15:43:42.315: D/dalvikvm(5762): Added shared lib /data/data/com.appcelerator.kitchensinknook/lib/libkroll-v8.so 0x4180ca00
04-12 15:43:42.448: D/TiAnalyticsDb(5762): (main) [134,134] Creating Database tianalytics.db
04-12 15:43:42.448: I/TiAnalyticsDb(5762): (main) [2,136] Upgrading Database from 1 to 4
04-12 15:43:42.573: D/dalvikvm(5762): GC_CONCURRENT freed 416K, 4% free 15079K/15623K, paused 1ms+2ms
04-12 15:43:42.627: E/TiApplication(5762): (KrollRuntimeThread) [173,309] APP PROXY: ti.modules.titanium.app.AppModule@419717e0
04-12 15:43:42.643: W/V8Object(5762): Runtime disposed, cannot set property 'userAgent'
04-12 15:43:43.096: I/ActivityManager(183): START {cmp=com.appcelerator.kitchensinknook/ti.modules.titanium.ui.TiTabActivity (has extras)} from pid 5762
04-12 15:43:43.151: D/dalvikvm(5762): GC_FOR_ALLOC freed 167K, 4% free 15115K/15623K, paused 22ms
04-12 15:43:43.159: I/dalvikvm-heap(5762): Grow heap (frag case) to 16.295MB for 1536016-byte allocation
04-12 15:43:43.205: D/dalvikvm(5762): GC_CONCURRENT freed 8K, 4% free 16607K/17159K, paused 3ms+3ms
04-12 15:43:43.252: D/dalvikvm(5762): GC_FOR_ALLOC freed 0K, 4% free 16607K/17159K, paused 16ms
04-12 15:43:43.260: I/dalvikvm-heap(5762): Grow heap (frag case) to 18.892MB for 2731536-byte allocation
04-12 15:43:43.291: D/dalvikvm(5762): GC_CONCURRENT freed 0K, 3% free 19275K/19847K, paused 2ms+3ms
04-12 15:43:43.369: I/TiRootActivity(5762): (main) [0,0] checkpoint, on root activity resume. activity = com.appcelerator.kitchensinknook.KitchensinkNookActivity@41950fa8
04-12 15:43:43.409: W/TiTabActivity(5762): (main) [40,40] Notifying TiTabGroup, activity is created
04-12 15:43:43.409: I/WindowManager(183): createSurface Window{41d538a0 com.appcelerator.kitchensinknook/ti.modules.titanium.ui.TiTabActivity paused=false}: DRAW NOW PENDING
04-12 15:43:43.494: D/TiUIView(5762): (main) [88,128] Nativeview is null
04-12 15:43:43.502: D/Window(5762): Loading window with URL: main_windows/base_ui.js
04-12 15:43:43.510: D/Module(5762): Loading module: main_windows/base_ui -> Resources/main_windows/base_ui.js
04-12 15:43:43.752: W/InputManagerService(183): Starting input on non-focused client com.android.internal.view.IInputMethodClient$Stub$Proxy@41c5be10 (uid=10031 pid=488)
04-12 15:43:43.854: I/ActivityManager(183): Displayed com.appcelerator.kitchensinknook/ti.modules.titanium.ui.TiTabActivity: +475ms (total +3s61ms)
04-12 15:43:43.854: V/PhoneStatusBar(267): setLightsOn(true)
04-12 15:43:43.854: D/TiUIView(5762): (main) [359,487] Nativeview is null
04-12 15:43:44.862: I/ActivityManager(183): START {cmp=com.appcelerator.kitchensinknook/org.appcelerator.titanium.TiActivity (has extras)} from pid 5762
04-12 15:43:44.948: D/Window(5762): Loading window with URL: ../examples/horizontal_layout.js
04-12 15:43:44.963: D/Module(5762): Loading module: ../examples/horizontal_layout -> Resources/examples/horizontal_layout.js
04-12 15:43:45.284: D/dalvikvm(5762): GC_CONCURRENT freed 5104K, 25% free 15899K/21127K, paused 3ms+3ms
04-12 15:43:45.432: D/TiUIView(5762): (main) [1579,2066] Nativeview is null
04-12 15:43:45.479: I/WindowManager(183): createSurface Window{41d6d6d0 com.appcelerator.kitchensinknook/org.appcelerator.titanium.TiActivity paused=false}: DRAW NOW PENDING
04-12 15:43:45.502: D/dalvikvm(5762): GC_CONCURRENT freed 174K, 24% free 16236K/21127K, paused 3ms+4ms
04-12 15:43:45.534: D/TiUIView(5762): (main) [98,2164] Nativeview is null
04-12 15:43:45.635: V/PhoneStatusBar(267): setLightsOn(true)
04-12 15:43:45.869: I/ActivityManager(183): Displayed com.appcelerator.kitchensinknook/org.appcelerator.titanium.TiActivity: +951ms
04-12 15:43:46.494: I/WindowManager(183): createSurface Window{41d538a0 com.appcelerator.kitchensinknook/ti.modules.titanium.ui.TiTabActivity paused=false}: DRAW NOW PENDING
04-12 15:43:46.635: V/PhoneStatusBar(267): setLightsOn(true)
04-12 15:43:46.924: E/TiBaseActivity(5762): (main) [1387,3551] Layout cleanup.
04-12 15:43:47.401: E/TiBaseActivity(5762): (main) [481,4032] Layout cleanup.
04-12 15:43:47.432: I/WindowManager(183): createSurface Window{41d50d80 com.android.launcher/com.android.launcher2.Launcher paused=false}: DRAW NOW PENDING
04-12 15:43:47.916: W/InputManagerService(183): Starting input on non-focused client com.android.internal.view.IInputMethodClient$Stub$Proxy@41cd67b8 (uid=10070 pid=5762)
04-12 15:43:48.268: I/ActivityManager(183): No longer want com.google.android.partnersetup (pid 5264): hidden #16
04-12 15:43:48.315: E/TiBaseActivity(5762): (main) [911,4943] Layout cleanup.
04-12 15:43:49.807: D/dalvikvm(488): GC_FOR_ALLOC freed 2536K, 23% free 28460K/36935K, paused 23ms
04-12 15:43:49.924: D/dalvikvm(488): GC_CONCURRENT freed 66K, 18% free 30343K/36935K, paused 2ms+7ms
04-12 15:43:51.166: I/ActivityManager(183): START {act=android.intent.action.MAIN cat=[android.intent.category.LAUNCHER] flg=0x10200000 cmp=com.appcelerator.sample.mapping/.SampleMappingActivity} from pid 488
04-12 15:43:51.252: D/dalvikvm(183): GC_FOR_ALLOC freed 5022K, 34% free 22823K/34375K, paused 42ms
04-12 15:43:51.260: I/dalvikvm-heap(183): Grow heap (frag case) to 24.707MB for 2457616-byte allocation
04-12 15:43:51.315: D/dalvikvm(183): GC_FOR_ALLOC freed 12K, 27% free 25211K/34375K, paused 45ms
04-12 15:43:51.377: I/ActivityManager(183): Start proc com.appcelerator.sample.mapping for activity com.appcelerator.sample.mapping/.SampleMappingActivity: pid=5790 uid=10067 gids={1015, 3003}
04-12 15:43:51.385: I/WindowManager(183): createSurface Window{41da6a28 Starting com.appcelerator.sample.mapping paused=false}: DRAW NOW PENDING
04-12 15:43:51.393: I/dalvikvm(5790): Turning on JNI app bug workarounds for target SDK version 8...
04-12 15:43:51.432: I/TiApplication(5790): (main) [0,0] checkpoint, app created.
04-12 15:43:51.432: D/OpenGLRenderer(488): Flushing caches (mode 1)
04-12 15:43:51.455: I/TiApplication(5790): (main) [24,24] Titanium 2.0.1 (2012/04/10 13:18 0234887)
04-12 15:43:51.463: D/dalvikvm(183): GC_CONCURRENT freed 42K, 27% free 25414K/34375K, paused 2ms+21ms
04-12 15:43:51.502: D/OpenGLRenderer(488): Flushing caches (mode 0)
04-12 15:43:51.502: V/PhoneStatusBar(267): setLightsOn(true)
04-12 15:43:51.854: I/TiDbHelper(5790): (main) [398,422] No value in database for platform key: 'unique_machine_id' returning supplied default ''
04-12 15:43:51.862: I/TiDbHelper(5790): (main) [8,430] No value in database for platform key: 'hardware_machine_id' returning supplied default ''
04-12 15:43:51.877: D/dalvikvm(5790): GC_CONCURRENT freed 329K, 4% free 14157K/14599K, paused 7ms+1ms
04-12 15:43:52.135: D/dalvikvm(5790): Trying to load lib /data/data/com.appcelerator.sample.mapping/lib/libstlport_shared.so 0x4180e138
04-12 15:43:52.135: I/TiApplication(5790): (main) [275,705] Titanium Javascript runtime: v8
04-12 15:43:52.143: D/dalvikvm(5790): Added shared lib /data/data/com.appcelerator.sample.mapping/lib/libstlport_shared.so 0x4180e138
04-12 15:43:52.143: D/dalvikvm(5790): No JNI_OnLoad found in /data/data/com.appcelerator.sample.mapping/lib/libstlport_shared.so 0x4180e138, skipping init
04-12 15:43:52.143: D/dalvikvm(5790): Trying to load lib /data/data/com.appcelerator.sample.mapping/lib/libkroll-v8.so 0x4180e138
04-12 15:43:52.159: D/dalvikvm(5790): Added shared lib /data/data/com.appcelerator.sample.mapping/lib/libkroll-v8.so 0x4180e138
04-12 15:43:52.159: I/TiRootActivity(5790): (main) [0,0] checkpoint, on root activity create, savedInstanceState: null
04-12 15:43:52.268: D/TiAnalyticsDb(5790): (main) [106,106] Creating Database tianalytics.db
04-12 15:43:52.268: I/TiAnalyticsDb(5790): (main) [1,107] Upgrading Database from 1 to 4
04-12 15:43:52.455: E/TiApplication(5790): (KrollRuntimeThread) [191,298] APP PROXY: ti.modules.titanium.app.AppModule@4181f0b0
04-12 15:43:52.471: W/V8Object(5790): Runtime disposed, cannot set property 'userAgent'
04-12 15:43:52.580: D/Module(5790): Loading module: ui/ApplicationWindow -> Resources/ui/ApplicationWindow.js
04-12 15:43:52.635: D/Module(5790): Loading module: geo -> Resources/geo.js
04-12 15:43:52.666: I/ActivityManager(183): START {cmp=com.appcelerator.sample.mapping/org.appcelerator.titanium.TiActivity (has extras)} from pid 5790
04-12 15:43:52.690: D/dalvikvm(5790): GC_FOR_ALLOC freed 259K, 3% free 14309K/14663K, paused 15ms
04-12 15:43:52.698: I/dalvikvm-heap(5790): Grow heap (frag case) to 14.628MB for 614416-byte allocation
04-12 15:43:52.737: D/dalvikvm(5790): GC_CONCURRENT freed 34K, 3% free 14875K/15303K, paused 4ms+2ms
04-12 15:43:52.760: D/dalvikvm(5790): GC_FOR_ALLOC freed 0K, 3% free 14875K/15303K, paused 17ms
04-12 15:43:52.760: I/dalvikvm-heap(5790): Grow heap (frag case) to 16.939MB for 2457616-byte allocation
04-12 15:43:52.776: D/dalvikvm(5790): GC_FOR_ALLOC freed 0K, 3% free 17275K/17735K, paused 11ms
04-12 15:43:52.823: I/TiRootActivity(5790): (main) [0,0] checkpoint, on root activity resume. activity = com.appcelerator.sample.mapping.SampleMappingActivity@4183edb0
04-12 15:43:53.034: D/TiMapView(5790): (main) [207,207] Development mode using map api key ending with 'WE5TSgjJNg' retrieved from (Source Code)
04-12 15:43:53.159: D/dalvikvm(5790): GC_CONCURRENT freed 798K, 5% free 17539K/18439K, paused 3ms+3ms
04-12 15:43:53.159: W/CursorWrapperInner(5790): Cursor finalized without prior close()
04-12 15:43:53.338: D/dalvikvm(183): GC_EXPLICIT freed 625K, 28% free 24830K/34375K, paused 2ms+4ms
04-12 15:43:53.338: D/TiUIView(5790): (main) [305,512] Nativeview is null
04-12 15:43:53.354: I/WindowManager(183): createSurface Window{41e3dfd8 com.appcelerator.sample.mapping/org.appcelerator.titanium.TiActivity paused=false}: DRAW NOW PENDING
04-12 15:43:53.362: I/MapActivity(5790): Handling network change notification:CONNECTED
04-12 15:43:53.362: E/MapActivity(5790): Couldn't get connection factory client
04-12 15:43:53.362: D/TiUIView(5790): (main) [26,538] Nativeview is null
04-12 15:43:53.369: W/InputManagerService(183): Starting input on non-focused client com.android.internal.view.IInputMethodClient$Stub$Proxy@41c5be10 (uid=10031 pid=488)
04-12 15:43:53.455: I/ActivityManager(183): Displayed com.appcelerator.sample.mapping/org.appcelerator.titanium.TiActivity: +628ms (total +2s124ms)
04-12 15:43:53.463: V/PhoneStatusBar(267): setLightsOn(true)
04-12 15:43:55.291: I/WindowManager(183): createSurface Window{41f04828 Panel:com.appcelerator.sample.mapping/ti.modules.titanium.map.TiMapActivity paused=false}: DRAW NOW PENDING
04-12 15:43:55.369: D/dalvikvm(5790): GC_FOR_ALLOC freed 158K, 2% free 18374K/18631K, paused 16ms
04-12 15:43:55.369: I/dalvikvm-heap(5790): Grow heap (frag case) to 19.365MB for 1416976-byte allocation
04-12 15:43:55.424: D/dalvikvm(5790): GC_CONCURRENT freed 3K, 2% free 19755K/20039K, paused 3ms+3ms
04-12 15:43:57.432: D/dalvikvm(5790): GC_CONCURRENT freed 2837K, 14% free 18754K/21767K, paused 3ms+3ms
04-12 15:44:04.737: E/TiBaseActivity(5790): (main) [11377,11915] Layout cleanup.
04-12 15:44:04.776: I/WindowManager(183): createSurface Window{41d50d80 com.android.launcher/com.android.launcher2.Launcher paused=false}: DRAW NOW PENDING
04-12 15:44:05.205: W/IInputConnectionWrapper(5790): showStatusIcon on inactive InputConnection
04-12 15:44:05.205: W/InputManagerService(183): Starting input on non-focused client com.android.internal.view.IInputMethodClient$Stub$Proxy@41d545c0 (uid=10067 pid=5790)
04-12 15:44:05.604: I/ActivityManager(183): No longer want com.android.musicfx (pid 5057): hidden #16
04-12 15:44:05.619: E/TiBaseActivity(5790): (main) [881,12796] Layout cleanup.
04-12 15:44:05.627: W/WindowManager(183): Force-removing child win Window{41f04828 Panel:com.appcelerator.sample.mapping/ti.modules.titanium.map.TiMapActivity paused=false} from container Window{41e3dfd8 com.appcelerator.sample.mapping/org.appcelerator.titanium.TiActivity paused=false}
04-12 15:44:05.635: E/InputQueue-JNI(5790): channel '41f04828 Panel:com.appcelerator.sample.mapping/ti.modules.titanium.map.TiMapActivity (client)' ~ Publisher closed input channel or an error occurred. events=0x8
04-12 15:44:05.643: W/WindowManager(183): Failed looking up window
04-12 15:44:05.643: W/WindowManager(183): java.lang.IllegalArgumentException: Requested window android.os.BinderProxy@41c75680 does not exist
04-12 15:44:05.643: W/WindowManager(183): at com.android.server.wm.WindowManagerService.windowForClientLocked(WindowManagerService.java:7029)
04-12 15:44:05.643: W/WindowManager(183): at com.android.server.wm.WindowManagerService.windowForClientLocked(WindowManagerService.java:7020)
04-12 15:44:05.643: W/WindowManager(183): at com.android.server.wm.WindowManagerService.removeWindow(WindowManagerService.java:2180)
04-12 15:44:05.643: W/WindowManager(183): at com.android.server.wm.Session.remove(Session.java:149)
04-12 15:44:05.643: W/WindowManager(183): at android.view.IWindowSession$Stub.onTransact(IWindowSession.java:124)
04-12 15:44:05.643: W/WindowManager(183): at com.android.server.wm.Session.onTransact(Session.java:111)
04-12 15:44:05.643: W/WindowManager(183): at android.os.Binder.execTransact(Binder.java:338)
04-12 15:44:05.643: W/WindowManager(183): at dalvik.system.NativeStart.run(Native Method)
04-12 15:44:06.768: I/ActivityManager(183): START {act=android.intent.action.MAIN cat=[android.intent.category.LAUNCHER] flg=0x10200000 cmp=com.appcelerator.sample.rss/.SampleRssActivity} from pid 488
04-12 15:44:06.854: I/dalvikvm(5821): Turning on JNI app bug workarounds for target SDK version 8...
04-12 15:44:06.885: D/dalvikvm(183): GC_FOR_ALLOC freed 2809K, 33% free 23278K/34375K, paused 54ms
04-12 15:44:06.893: I/dalvikvm-heap(183): Grow heap (frag case) to 25.151MB for 2457616-byte allocation
04-12 15:44:06.948: D/dalvikvm(183): GC_FOR_ALLOC freed 40K, 26% free 25638K/34375K, paused 60ms
04-12 15:44:06.948: I/ActivityManager(183): Start proc com.appcelerator.sample.rss for activity com.appcelerator.sample.rss/.SampleRssActivity: pid=5821 uid=10071 gids={1015, 3003}
04-12 15:44:07.010: D/OpenGLRenderer(488): Flushing caches (mode 1)
04-12 15:44:07.018: I/TiApplication(5821): (main) [0,0] checkpoint, app created.
04-12 15:44:07.026: D/dalvikvm(183): GC_CONCURRENT freed 5K, 26% free 25639K/34375K, paused 3ms+5ms
04-12 15:44:07.041: I/WindowManager(183): createSurface Window{41cc8880 Starting com.appcelerator.sample.rss paused=false}: DRAW NOW PENDING
04-12 15:44:07.065: I/TiApplication(5821): (main) [45,45] Titanium 2.0.1 (2012/04/10 13:18 0234887)
04-12 15:44:07.119: D/OpenGLRenderer(488): Flushing caches (mode 0)
04-12 15:44:07.119: V/PhoneStatusBar(267): setLightsOn(true)
04-12 15:44:07.221: D/dalvikvm(5821): GC_CONCURRENT freed 312K, 3% free 14149K/14535K, paused 5ms+2ms
04-12 15:44:07.424: I/TiDbHelper(5821): (main) [359,404] No value in database for platform key: 'unique_machine_id' returning supplied default ''
04-12 15:44:07.432: I/TiDbHelper(5821): (main) [12,416] No value in database for platform key: 'hardware_machine_id' returning supplied default ''
04-12 15:44:07.705: D/dalvikvm(5821): Trying to load lib /data/data/com.appcelerator.sample.rss/lib/libstlport_shared.so 0x4180e770
04-12 15:44:07.705: I/TiApplication(5821): (main) [270,686] Titanium Javascript runtime: v8
04-12 15:44:07.721: D/dalvikvm(5821): Added shared lib /data/data/com.appcelerator.sample.rss/lib/libstlport_shared.so 0x4180e770
04-12 15:44:07.721: D/dalvikvm(5821): No JNI_OnLoad found in /data/data/com.appcelerator.sample.rss/lib/libstlport_shared.so 0x4180e770, skipping init
04-12 15:44:07.721: D/dalvikvm(5821): Trying to load lib /data/data/com.appcelerator.sample.rss/lib/libkroll-v8.so 0x4180e770
04-12 15:44:07.744: D/dalvikvm(5821): Added shared lib /data/data/com.appcelerator.sample.rss/lib/libkroll-v8.so 0x4180e770
04-12 15:44:07.744: I/TiRootActivity(5821): (main) [0,0] checkpoint, on root activity create, savedInstanceState: null
04-12 15:44:07.924: D/TiAnalyticsDb(5821): (main) [173,173] Creating Database tianalytics.db
04-12 15:44:07.924: I/TiAnalyticsDb(5821): (main) [1,174] Upgrading Database from 1 to 4
04-12 15:44:08.034: E/TiApplication(5821): (KrollRuntimeThread) [115,289] APP PROXY: ti.modules.titanium.app.AppModule@41826e38
04-12 15:44:08.049: W/V8Object(5821): Runtime disposed, cannot set property 'userAgent'
04-12 15:44:08.315: D/Module(5821): Loading module: ui/handheld/android/ApplicationWindow -> Resources/ui/handheld/android/ApplicationWindow.js
04-12 15:44:08.369: D/Module(5821): Loading module: services/rss -> Resources/services/rss.js
04-12 15:44:08.385: D/Module(5821): Loading module: ui/common/MasterView -> Resources/ui/common/MasterView.js
04-12 15:44:08.401: D/Module(5821): Loading module: ui/common/DetailView -> Resources/ui/common/DetailView.js
04-12 15:44:08.487: I/ActivityManager(183): START {cmp=com.appcelerator.sample.rss/org.appcelerator.titanium.TiActivity (has extras)} from pid 5821
04-12 15:44:08.557: D/dalvikvm(5821): GC_CONCURRENT freed 285K, 3% free 14328K/14727K, paused 6ms+3ms
04-12 15:44:08.573: D/dalvikvm(5821): GC_FOR_ALLOC freed 25K, 3% free 14302K/14727K, paused 10ms
04-12 15:44:08.580: I/dalvikvm-heap(5821): Grow heap (frag case) to 14.622MB for 614416-byte allocation
04-12 15:44:08.627: D/dalvikvm(5821): GC_FOR_ALLOC freed 19K, 4% free 14883K/15367K, paused 15ms
04-12 15:44:08.635: I/TiRootActivity(5821): (main) [0,0] checkpoint, on root activity resume. activity = com.appcelerator.sample.rss.SampleRssActivity@41861490
04-12 15:44:08.721: D/TiUIView(5821): (main) [83,83] Nativeview is null
04-12 15:44:08.721: I/WindowManager(183): createSurface Window{41ccada0 com.appcelerator.sample.rss/org.appcelerator.titanium.TiActivity paused=false}: DRAW NOW PENDING
04-12 15:44:08.729: D/TiUIView(5821): (main) [11,94] Nativeview is null
04-12 15:44:08.729: W/InputManagerService(183): Starting input on non-focused client com.android.internal.view.IInputMethodClient$Stub$Proxy@41c5be10 (uid=10031 pid=488)
04-12 15:44:08.768: I/ActivityManager(183): Displayed com.appcelerator.sample.rss/org.appcelerator.titanium.TiActivity: +132ms (total +1s945ms)
04-12 15:44:08.776: V/PhoneStatusBar(267): setLightsOn(true)
04-12 15:44:08.823: D/TiUIView(5821): (main) [94,188] Nativeview is null
04-12 15:44:08.854: D/dalvikvm(5821): GC_FOR_ALLOC freed 123K, 3% free 15058K/15367K, paused 14ms
04-12 15:44:08.869: I/WindowManager(183): createSurface Window{41a66ce8 com.appcelerator.sample.rss/org.appcelerator.titanium.TiActivity paused=false}: DRAW NOW PENDING
04-12 15:44:08.877: V/PhoneStatusBar(267): setLightsOn(true)
04-12 15:44:08.994: D/dalvikvm(5821): GC_FOR_ALLOC freed 34K, 2% free 15418K/15687K, paused 33ms
04-12 15:44:09.104: D/dalvikvm(5821): GC_FOR_ALLOC freed 122K, 3% free 15546K/16007K, paused 33ms
04-12 15:44:09.104: I/dalvikvm-heap(5821): Grow heap (frag case) to 15.584MB for 349508-byte allocation
04-12 15:44:09.112: W/TiAnalyticsSvc(5727): (Thread-582) [29133,38206] Analytics Service Started
04-12 15:44:09.119: D/dalvikvm(5821): GC_FOR_ALLOC freed 168K, 5% free 15719K/16391K, paused 17ms
04-12 15:44:09.143: D/dalvikvm(5821): GC_FOR_ALLOC freed 2K, 5% free 15719K/16391K, paused 15ms
04-12 15:44:09.143: I/dalvikvm-heap(5821): Grow heap (frag case) to 15.708MB for 302402-byte allocation
04-12 15:44:09.143: I/TiAnalyticsSvc(5727): (Thread-582) [38,38244] Sending 5 analytics events.
04-12 15:44:09.159: D/dalvikvm(5821): GC_FOR_ALLOC freed 0K, 5% free 16015K/16711K, paused 16ms
04-12 15:44:09.182: D/dalvikvm(5821): GC_FOR_ALLOC freed 349K, 7% free 15672K/16711K, paused 12ms
04-12 15:44:09.182: I/dalvikvm-heap(5821): Grow heap (frag case) to 15.951MB for 604788-byte allocation
04-12 15:44:09.205: D/dalvikvm(5821): GC_CONCURRENT freed 0K, 3% free 16263K/16711K, paused 2ms+2ms
04-12 15:44:09.229: D/dalvikvm(5821): GC_FOR_ALLOC freed 0K, 3% free 16263K/16711K, paused 23ms
04-12 15:44:09.229: I/dalvikvm-heap(5821): Grow heap (frag case) to 16.527MB for 604038-byte allocation
04-12 15:44:09.284: D/dalvikvm(5821): GC_FOR_ALLOC freed 590K, 7% free 16262K/17351K, paused 40ms
04-12 15:44:09.315: D/dalvikvm(5821): GC_FOR_ALLOC freed 1K, 5% free 16560K/17351K, paused 15ms
04-12 15:44:09.315: I/dalvikvm-heap(5821): Grow heap (frag case) to 16.817MB for 604038-byte allocation
04-12 15:44:09.330: D/dalvikvm(5821): GC_FOR_ALLOC freed 294K, 7% free 16855K/17991K, paused 13ms
04-12 15:44:09.440: D/dalvikvm(5821): GC_CONCURRENT freed 899K, 7% free 16889K/17991K, paused 2ms+3ms
04-12 15:44:09.565: D/dalvikvm(5821): GC_CONCURRENT freed 537K, 4% free 17344K/17991K, paused 2ms+2ms
04-12 15:44:09.659: W/Element(5821): (KrollRuntimeThread) [836,1024] The text property of Element is deprecated, use textContent instead.
04-12 15:44:09.659: W/Element(5821): (KrollRuntimeThread) [1,1025] The text property of Element is deprecated, use textContent instead.
04-12 15:44:09.659: W/Element(5821): (KrollRuntimeThread) [1,1026] The text property of Element is deprecated, use textContent instead.
04-12 15:44:09.666: W/Element(5821): (KrollRuntimeThread) [5,1031] The text property of Element is deprecated, use textContent instead.
04-12 15:44:09.666: W/Element(5821): (KrollRuntimeThread) [1,1032] The text property of Element is deprecated, use textContent instead.
04-12 15:44:09.666: W/Element(5821): (KrollRuntimeThread) [1,1033] The text property of Element is deprecated, use textContent instead.
04-12 15:44:09.674: W/Element(5821): (KrollRuntimeThread) [7,1040] The text property of Element is deprecated, use textContent instead.
04-12 15:44:09.674: W/Element(5821): (KrollRuntimeThread) [1,1041] The text property of Element is deprecated, use textContent instead.
04-12 15:44:09.674: W/Element(5821): (KrollRuntimeThread) [1,1042] The text property of Element is deprecated, use textContent instead.
04-12 15:44:09.682: W/Element(5821): (KrollRuntimeThread) [1,1043] The text property of Element is deprecated, use textContent instead.
04-12 15:44:09.682: W/Element(5821): (KrollRuntimeThread) [1,1044] The text property of Element is deprecated, use textContent instead.
04-12 15:44:09.682: W/Element(5821): (KrollRuntimeThread) [1,1045] The text property of Element is deprecated, use textContent instead.
04-12 15:44:09.682: W/Element(5821): (KrollRuntimeThread) [1,1046] The text property of Element is deprecated, use textContent instead.
04-12 15:44:09.682: W/Element(5821): (KrollRuntimeThread) [1,1047] The text property of Element is deprecated, use textContent instead.
04-12 15:44:09.682: W/Element(5821): (KrollRuntimeThread) [1,1048] The text property of Element is deprecated, use textContent instead.
04-12 15:44:09.682: W/Element(5821): (KrollRuntimeThread) [1,1049] The text property of Element is deprecated, use textContent instead.
04-12 15:44:09.682: W/Element(5821): (KrollRuntimeThread) [1,1050] The text property of Element is deprecated, use textContent instead.
04-12 15:44:09.682: W/Element(5821): (KrollRuntimeThread) [1,1051] The text property of Element is deprecated, use textContent instead.
04-12 15:44:09.690: W/Element(5821): (KrollRuntimeThread) [2,1053] The text property of Element is deprecated, use textContent instead.
04-12 15:44:09.690: W/Element(5821): (KrollRuntimeThread) [0,1053] The text property of Element is deprecated, use textContent instead.
04-12 15:44:09.690: W/Element(5821): (KrollRuntimeThread) [1,1054] The text property of Element is deprecated, use textContent instead.
04-12 15:44:09.690: W/Element(5821): (KrollRuntimeThread) [2,1056] The text property of Element is deprecated, use textContent instead.
04-12 15:44:09.690: W/Element(5821): (KrollRuntimeThread) [0,1056] The text property of Element is deprecated, use textContent instead.
04-12 15:44:09.690: W/Element(5821): (KrollRuntimeThread) [1,1057] The text property of Element is deprecated, use textContent instead.
04-12 15:44:09.698: W/Element(5821): (KrollRuntimeThread) [4,1061] The text property of Element is deprecated, use textContent instead.
04-12 15:44:09.698: W/Element(5821): (KrollRuntimeThread) [1,1062] The text property of Element is deprecated, use textContent instead.
04-12 15:44:09.698: W/Element(5821): (KrollRuntimeThread) [0,1062] The text property of Element is deprecated, use textContent instead.
04-12 15:44:09.698: W/Element(5821): (KrollRuntimeThread) [2,1064] The text property of Element is deprecated, use textContent instead.
04-12 15:44:09.698: W/Element(5821): (KrollRuntimeThread) [1,1065] The text property of Element is deprecated, use textContent instead.
04-12 15:44:09.698: W/Element(5821): (KrollRuntimeThread) [1,1066] The text property of Element is deprecated, use textContent instead.
04-12 15:44:09.705: W/Element(5821): (KrollRuntimeThread) [1,1067] The text property of Element is deprecated, use textContent instead.
04-12 15:44:09.705: W/Element(5821): (KrollRuntimeThread) [1,1068] The text property of Element is deprecated, use textContent instead.
04-12 15:44:09.705: W/Element(5821): (KrollRuntimeThread) [1,1069] The text property of Element is deprecated, use textContent instead.
04-12 15:44:09.705: W/Element(5821): (KrollRuntimeThread) [1,1070] The text property of Element is deprecated, use textContent instead.
04-12 15:44:09.705: W/Element(5821): (KrollRuntimeThread) [1,1071] The text property of Element is deprecated, use textContent instead.
04-12 15:44:09.705: W/Element(5821): (KrollRuntimeThread) [0,1071] The text property of Element is deprecated, use textContent instead.
04-12 15:44:09.705: W/Element(5821): (KrollRuntimeThread) [2,1073] The text property of Element is deprecated, use textContent instead.
04-12 15:44:09.705: W/Element(5821): (KrollRuntimeThread) [1,1074] The text property of Element is deprecated, use textContent instead.
04-12 15:44:09.705: W/Element(5821): (KrollRuntimeThread) [0,1074] The text property of Element is deprecated, use textContent instead.
04-12 15:44:09.713: W/Element(5821): (KrollRuntimeThread) [2,1076] The text property of Element is deprecated, use textContent instead.
04-12 15:44:09.713: W/Element(5821): (KrollRuntimeThread) [0,1076] The text property of Element is deprecated, use textContent instead.
04-12 15:44:09.713: W/Element(5821): (KrollRuntimeThread) [1,1077] The text property of Element is deprecated, use textContent instead.
04-12 15:44:09.713: W/Element(5821): (KrollRuntimeThread) [1,1078] The text property of Element is deprecated, use textContent instead.
04-12 15:44:09.713: W/Element(5821): (KrollRuntimeThread) [1,1079] The text property of Element is deprecated, use textContent instead.
04-12 15:44:09.713: W/Element(5821): (KrollRuntimeThread) [0,1079] The text property of Element is deprecated, use textContent instead.
04-12 15:44:09.713: W/Element(5821): (KrollRuntimeThread) [2,1081] The text property of Element is deprecated, use textContent instead.
04-12 15:44:09.713: W/Element(5821): (KrollRuntimeThread) [0,1081] The text property of Element is deprecated, use textContent instead.
04-12 15:44:09.713: W/Element(5821): (KrollRuntimeThread) [1,1082] The text property of Element is deprecated, use textContent instead.
04-12 15:44:09.721: W/Element(5821): (KrollRuntimeThread) [1,1083] The text property of Element is deprecated, use textContent instead.
04-12 15:44:09.721: W/Element(5821): (KrollRuntimeThread) [0,1083] The text property of Element is deprecated, use textContent instead.
04-12 15:44:09.721: W/Element(5821): (KrollRuntimeThread) [1,1084] The text property of Element is deprecated, use textContent instead.
04-12 15:44:09.721: W/Element(5821): (KrollRuntimeThread) [1,1085] The text property of Element is deprecated, use textContent instead.
04-12 15:44:09.721: W/Element(5821): (KrollRuntimeThread) [1,1086] The text property of Element is deprecated, use textContent instead.
04-12 15:44:09.721: W/Element(5821): (KrollRuntimeThread) [0,1086] The text property of Element is deprecated, use textContent instead.
04-12 15:44:09.721: W/Element(5821): (KrollRuntimeThread) [2,1088] The text property of Element is deprecated, use textContent instead.
04-12 15:44:09.721: W/Element(5821): (KrollRuntimeThread) [1,1089] The text property of Element is deprecated, use textContent instead.
04-12 15:44:09.721: W/Element(5821): (KrollRuntimeThread) [1,1090] The text property of Element is deprecated, use textContent instead.
04-12 15:44:09.729: W/Element(5821): (KrollRuntimeThread) [2,1092] The text property of Element is deprecated, use textContent instead.
04-12 15:44:09.729: W/Element(5821): (KrollRuntimeThread) [1,1093] The text property of Element is deprecated, use textContent instead.
04-12 15:44:09.729: W/Element(5821): (KrollRuntimeThread) [0,1093] The text property of Element is deprecated, use textContent instead.
04-12 15:44:09.729: W/Element(5821): (KrollRuntimeThread) [2,1095] The text property of Element is deprecated, use textContent instead.
04-12 15:44:09.729: W/Element(5821): (KrollRuntimeThread) [1,1096] The text property of Element is deprecated, use textContent instead.
04-12 15:44:09.729: W/Element(5821): (KrollRuntimeThread) [0,1096] The text property of Element is deprecated, use textContent instead.
04-12 15:44:09.737: W/Element(5821): (KrollRuntimeThread) [5,1101] The text property of Element is deprecated, use textContent instead.
04-12 15:44:09.737: W/Element(5821): (KrollRuntimeThread) [1,1102] The text property of Element is deprecated, use textContent instead.
04-12 15:44:09.737: W/Element(5821): (KrollRuntimeThread) [0,1102] The text property of Element is deprecated, use textContent instead.
04-12 15:44:09.737: W/Element(5821): (KrollRuntimeThread) [2,1104] The text property of Element is deprecated, use textContent instead.
04-12 15:44:09.737: W/Element(5821): (KrollRuntimeThread) [0,1104] The text property of Element is deprecated, use textContent instead.
04-12 15:44:09.737: W/Element(5821): (KrollRuntimeThread) [1,1105] The text property of Element is deprecated, use textContent instead.
04-12 15:44:09.737: D/dalvikvm(5727): GC_CONCURRENT freed 1382K, 18% free 15908K/19271K, paused 3ms+4ms
04-12 15:44:09.744: W/Element(5821): (KrollRuntimeThread) [2,1107] The text property of Element is deprecated, use textContent instead.
04-12 15:44:09.744: W/Element(5821): (KrollRuntimeThread) [1,1108] The text property of Element is deprecated, use textContent instead.
04-12 15:44:09.744: W/Element(5821): (KrollRuntimeThread) [1,1109] The text property of Element is deprecated, use textContent instead.
04-12 15:44:09.744: W/Element(5821): (KrollRuntimeThread) [1,1110] The text property of Element is deprecated, use textContent instead.
04-12 15:44:09.744: W/Element(5821): (KrollRuntimeThread) [1,1111] The text property of Element is deprecated, use textContent instead.
04-12 15:44:09.744: W/Element(5821): (KrollRuntimeThread) [1,1112] The text property of Element is deprecated, use textContent instead.
04-12 15:44:09.744: W/Element(5821): (KrollRuntimeThread) [2,1114] The text property of Element is deprecated, use textContent instead.
04-12 15:44:09.752: W/Element(5821): (KrollRuntimeThread) [0,1114] The text property of Element is deprecated, use textContent instead.
04-12 15:44:09.752: W/Element(5821): (KrollRuntimeThread) [2,1116] The text property of Element is deprecated, use textContent instead.
04-12 15:44:09.752: W/Element(5821): (KrollRuntimeThread) [1,1117] The text property of Element is deprecated, use textContent instead.
04-12 15:44:09.752: W/Element(5821): (KrollRuntimeThread) [1,1118] The text property of Element is deprecated, use textContent instead.
04-12 15:44:09.752: W/Element(5821): (KrollRuntimeThread) [0,1118] The text property of Element is deprecated, use textContent instead.
04-12 15:44:09.760: W/Element(5821): (KrollRuntimeThread) [3,1121] The text property of Element is deprecated, use textContent instead.
04-12 15:44:09.760: W/Element(5821): (KrollRuntimeThread) [1,1122] The text property of Element is deprecated, use textContent instead.
04-12 15:44:09.760: W/Element(5821): (KrollRuntimeThread) [1,1123] The text property of Element is deprecated, use textContent instead.
04-12 15:44:09.760: W/Element(5821): (KrollRuntimeThread) [2,1125] The text property of Element is deprecated, use textContent instead.
04-12 15:44:09.760: W/Element(5821): (KrollRuntimeThread) [1,1126] The text property of Element is deprecated, use textContent instead.
04-12 15:44:09.760: W/Element(5821): (KrollRuntimeThread) [0,1126] The text property of Element is deprecated, use textContent instead.
04-12 15:44:09.760: W/Element(5821): (KrollRuntimeThread) [2,1128] The text property of Element is deprecated, use textContent instead.
04-12 15:44:09.760: W/Element(5821): (KrollRuntimeThread) [0,1128] The text property of Element is deprecated, use textContent instead.
04-12 15:44:09.760: W/Element(5821): (KrollRuntimeThread) [1,1129] The text property of Element is deprecated, use textContent instead.
04-12 15:44:09.869: D/dalvikvm(5821): GC_CONCURRENT freed 1096K, 7% free 17399K/18567K, paused 1ms+3ms
04-12 15:44:10.065: D/dalvikvm(5821): GC_FOR_ALLOC freed 448K, 4% free 17940K/18631K, paused 24ms
04-12 15:44:10.073: W/TiAnalyticsSvc(5727): (Thread-582) [924,39168] Stopping Analytics Service
04-12 15:44:10.401: D/dalvikvm(5821): GC_CONCURRENT freed 692K, 4% free 18571K/19335K, paused 3ms+4ms
04-12 15:44:10.510: V/PhoneStatusBar(267): setLightsOn(true)
04-12 15:44:10.534: W/InputManagerService(183): Window already focused, ignoring focus gain of: com.android.internal.view.IInputMethodClient$Stub$Proxy@418ab1e8
04-12 15:44:11.112: D/dalvikvm(5821): GC_FOR_ALLOC freed 1241K, 9% free 18256K/19911K, paused 30ms
04-12 15:44:11.112: I/dalvikvm-heap(5821): Grow heap (frag case) to 18.282MB for 403216-byte allocation
04-12 15:44:11.159: D/dalvikvm(5821): GC_FOR_ALLOC freed 1K, 9% free 18649K/20359K, paused 38ms
04-12 15:44:11.213: D/dalvikvm(5821): GC_FOR_ALLOC freed 5K, 9% free 18644K/20359K, paused 39ms
04-12 15:44:11.213: I/dalvikvm-heap(5821): Grow heap (frag case) to 18.661MB for 403216-byte allocation
04-12 15:44:11.244: D/dalvikvm(5821): GC_FOR_ALLOC freed 2K, 9% free 19035K/20807K, paused 23ms
04-12 15:44:11.268: D/dalvikvm(5821): GC_FOR_ALLOC freed <1K, 9% free 19034K/20807K, paused 19ms
04-12 15:44:11.268: I/dalvikvm-heap(5821): Grow heap (frag case) to 19.042MB for 403216-byte allocation
04-12 15:44:11.284: D/dalvikvm(5821): GC_FOR_ALLOC freed 1K, 9% free 19427K/21255K, paused 19ms
04-12 15:44:11.330: D/dalvikvm(5821): GC_FOR_ALLOC freed 1K, 9% free 19427K/21255K, paused 35ms
04-12 15:44:11.338: I/dalvikvm-heap(5821): Grow heap (frag case) to 19.426MB for 403216-byte allocation
04-12 15:44:11.369: D/dalvikvm(5821): GC_FOR_ALLOC freed 0K, 9% free 19821K/21703K, paused 22ms
04-12 15:44:11.416: D/dalvikvm(5821): GC_FOR_ALLOC freed 1K, 9% free 19822K/21703K, paused 39ms
04-12 15:44:11.424: I/dalvikvm-heap(5821): Grow heap (frag case) to 19.811MB for 403216-byte allocation
04-12 15:44:11.471: D/dalvikvm(5821): GC_FOR_ALLOC freed 11K, 9% free 20204K/22151K, paused 35ms
04-12 15:44:11.502: D/dalvikvm(5821): GC_FOR_ALLOC freed 9K, 9% free 20195K/22151K, paused 21ms
04-12 15:44:11.502: I/dalvikvm-heap(5821): Grow heap (frag case) to 20.175MB for 403216-byte allocation
04-12 15:44:11.541: D/dalvikvm(5821): GC_FOR_ALLOC freed 1K, 9% free 20588K/22599K, paused 31ms
04-12 15:44:11.580: D/dalvikvm(5821): GC_FOR_ALLOC freed 23K, 9% free 20576K/22599K, paused 26ms
04-12 15:44:11.580: I/dalvikvm-heap(5821): Grow heap (frag case) to 20.548MB for 403216-byte allocation
