04-12 15:25:05.174: D/dalvikvm(5525): GC_CONCURRENT freed 160K, 2% free 14367K/14599K, paused 2ms+2ms
04-12 15:25:05.260: I/ActivityManager(183): Start proc com.google.android.apps.maps:FriendService for broadcast com.google.android.apps.maps/com.google.googlenav.friend.android.ServiceReceiver: pid=5538 uid=10034 gids={3003, 1015}
04-12 15:25:05.268: I/dalvikvm(5538): Turning on JNI app bug workarounds for target SDK version 13...
04-12 15:25:05.377: D/dalvikvm(5525): GC_CONCURRENT freed 195K, 2% free 14716K/14983K, paused 2ms+2ms
04-12 15:25:05.393: D/dalvikvm(5538): GC_CONCURRENT freed 162K, 2% free 14365K/14599K, paused 2ms+2ms
04-12 15:25:05.494: D/dalvikvm(5538): GC_CONCURRENT freed 129K, 2% free 14744K/14983K, paused 1ms+2ms
04-12 15:25:05.518: D/dalvikvm(5525): GC_CONCURRENT freed 121K, 2% free 15044K/15303K, paused 2ms+4ms
04-12 15:25:05.526: I/ActivityManager(183): Start proc com.google.android.apps.maps:LocationFriendService for broadcast com.google.android.apps.maps/com.google.googlenav.friend.reporting.LocationReportingIntentReceiver: pid=5557 uid=10034 gids={3003, 1015}
04-12 15:25:05.526: I/ActivityManager(183): No longer want com.google.android.talk (pid 5435): hidden #16
04-12 15:25:05.534: I/dalvikvm(5557): Turning on JNI app bug workarounds for target SDK version 13...
04-12 15:25:05.627: D/dalvikvm(5557): GC_CONCURRENT freed 165K, 2% free 14362K/14599K, paused 2ms+2ms
04-12 15:25:05.682: D/dalvikvm(5525): GC_CONCURRENT freed 664K, 5% free 14842K/15623K, paused 1ms+2ms
04-12 15:25:05.690: I/ActivityManager(183): No longer want android.process.media (pid 3348): hidden #16
04-12 15:25:05.698: W/ActivityManager(183): Scheduling restart of crashed service com.android.providers.media/.MtpService in 19328ms
04-12 15:25:05.752: I/dalvikvm(5525): Total arena pages for JIT: 11
04-12 15:25:05.752: I/dalvikvm(5525): Total arena pages for JIT: 12
04-12 15:25:05.752: I/dalvikvm(5525): Total arena pages for JIT: 13
04-12 15:25:05.752: I/dalvikvm(5525): Total arena pages for JIT: 14
04-12 15:25:05.752: I/dalvikvm(5525): Total arena pages for JIT: 15
04-12 15:25:05.752: I/dalvikvm(5525): Total arena pages for JIT: 16
04-12 15:25:05.752: I/dalvikvm(5525): Total arena pages for JIT: 17
04-12 15:25:05.799: D/dalvikvm(5525): GC_FOR_ALLOC freed 132K, 5% free 14953K/15623K, paused 18ms
04-12 15:25:05.909: D/dalvikvm(322): GC_EXPLICIT freed 170K, 4% free 15555K/16135K, paused 2ms+4ms
04-12 15:25:05.924: I/System.out(5525): [INFO:610]: c: Running flush
04-12 15:25:05.948: D/dalvikvm(5525): GC_FOR_ALLOC freed 134K, 5% free 14968K/15623K, paused 20ms
04-12 15:25:05.963: I/System.out(5525): [INFO:646]: c: Sending payload [bytes=468]
04-12 15:25:06.221: D/dalvikvm(5525): GC_FOR_ALLOC freed 221K, 4% free 15070K/15623K, paused 26ms
04-12 15:25:06.362: I/System.out(5525): [INFO:1050]: c: Response [http=200,length=798]
04-12 15:25:06.369: I/System.out(5525): [INFO:1052]: c: Read id 1, status code 200
04-12 15:25:07.502: I/System.out(5525): [INFO:2188]: c: Running flush
04-12 15:25:07.502: I/System.out(5525): [INFO:2190]: c: Sending payload [bytes=581]
04-12 15:25:07.526: D/dalvikvm(5525): GC_CONCURRENT freed 407K, 4% free 15151K/15687K, paused 2ms+4ms
04-12 15:25:07.557: I/System.out(5525): [INFO:2241]: c: Response [http=200,length=545]
04-12 15:25:07.557: I/System.out(5525): [INFO:2242]: c: Read id 2, status code 200
04-12 15:25:15.065: I/ActivityManager(183): Start proc com.android.bip for service com.android.bip/.BIPService: pid=5574 uid=10001 gids={3003}
04-12 15:25:25.057: I/ActivityManager(183): Start proc android.process.media for service com.android.providers.media/.MtpService: pid=5590 uid=10014 gids={1015, 1023, 1024, 2001, 3003, 3007}
04-12 15:25:25.104: I/ActivityThread(5590): Pub media: com.android.providers.media.MediaProvider
04-12 15:25:25.346: I/ActivityThread(5590): Pub downloads: com.android.providers.downloads.DownloadProvider
04-12 15:25:25.369: I/DownloadManager(5590): in removeSpuriousFiles
04-12 15:25:25.369: I/ActivityThread(5590): Pub drm: com.android.providers.drm.DrmProvider
04-12 15:25:25.393: D/MtpService(5590): addStorageLocked 65537 /mnt/sdcard
04-12 15:25:25.393: I/DownloadManager(5590): in removeSpuriousFiles, preserving file /data/data/com.android.providers.downloads/cache/metadata-1.json
04-12 15:25:25.393: I/DownloadManager(5590): in removeSpuriousFiles, preserving file /data/data/com.android.providers.downloads/cache/metadata.json
04-12 15:25:25.393: I/DownloadManager(5590): in removeSpuriousFiles, preserving file /data/data/com.android.providers.downloads/cache/metadata-2.json
04-12 15:25:25.393: I/DownloadManager(5590): in removeSpuriousFiles, preserving file /data/data/com.android.providers.downloads/cache/metadata-3.json
04-12 15:25:25.393: I/DownloadManager(5590): in removeSpuriousFiles, preserving file /data/data/com.android.providers.downloads/cache/de_general.htm
04-12 15:25:25.393: D/MtpService(5590): starting MTP server
04-12 15:25:25.393: I/DownloadManager(5590): in removeSpuriousFiles, preserving file /data/data/com.android.providers.downloads/cache/en_general.htm
04-12 15:25:25.393: I/DownloadManager(5590): in removeSpuriousFiles, preserving file /data/data/com.android.providers.downloads/cache/es_general.htm
04-12 15:25:25.393: I/DownloadManager(5590): in removeSpuriousFiles, preserving file /data/data/com.android.providers.downloads/cache/fr_general.htm
04-12 15:25:25.393: I/DownloadManager(5590): in removeSpuriousFiles, preserving file /data/data/com.android.providers.downloads/cache/it_general.htm
04-12 15:25:25.393: I/DownloadManager(5590): in removeSpuriousFiles, preserving file /data/data/com.android.providers.downloads/cache/metadata-4.json
04-12 15:25:25.393: I/DownloadManager(5590): in removeSpuriousFiles, preserving file /data/data/com.android.providers.downloads/cache/metadata-5.json
04-12 15:25:25.393: I/DownloadManager(5590): in removeSpuriousFiles, preserving file /data/data/com.android.providers.downloads/cache/metadata-6.json
04-12 15:25:25.393: I/DownloadManager(5590): in removeSpuriousFiles, preserving file /mnt/sdcard/Download/Mister.apk
04-12 15:25:25.401: I/DownloadManager(5590): in removeSpuriousFiles, preserving file /mnt/sdcard/Download/Mister-1.apk
04-12 15:25:25.401: I/DownloadManager(5590): in removeSpuriousFiles, preserving file /mnt/sdcard/Download/Mister-2.apk
04-12 15:25:25.401: I/DownloadManager(5590): in removeSpuriousFiles, preserving file /data/data/com.android.providers.downloads/cache/metadata-7.json
04-12 15:25:25.401: I/DownloadManager(5590): in removeSpuriousFiles, preserving file /data/data/com.android.providers.downloads/cache/downloadfile.jpeg
04-12 15:25:25.401: I/DownloadManager(5590): in removeSpuriousFiles, preserving file /data/data/com.android.providers.downloads/cache/downloadfile-1.jpeg
04-12 15:25:25.401: I/DownloadManager(5590): in removeSpuriousFiles, preserving file /data/data/com.android.providers.downloads/cache/downloadfile-2.jpeg
04-12 15:25:25.401: I/DownloadManager(5590): in removeSpuriousFiles, preserving file /data/data/com.android.providers.downloads/cache/downloadfile.png
04-12 15:25:25.401: I/DownloadManager(5590): in removeSpuriousFiles, preserving file /data/data/com.android.providers.downloads/cache/metadata-8.json
04-12 15:25:25.401: I/DownloadManager(5590): in removeSpuriousFiles, preserving file /mnt/sdcard/Download/tabs.png
04-12 15:25:25.401: I/DownloadManager(5590): in removeSpuriousFiles, preserving file /data/data/com.android.providers.downloads/cache/metadata-9.json
04-12 15:25:25.401: D/MtpService(5590): addStorageLocked 65537 /mnt/sdcard
04-12 15:25:25.401: I/DownloadManager(5590): in removeSpuriousFiles, preserving file /data/data/com.android.providers.downloads/cache/metadata-10.json
04-12 15:25:25.401: I/DownloadManager(5590): in removeSpuriousFiles, preserving file /data/data/com.android.providers.downloads/cache/metadata-11.json
04-12 15:25:25.401: I/DownloadManager(5590): in removeSpuriousFiles, preserving file /data/data/com.android.providers.downloads/cache/downloadfile-3.jpeg
04-12 15:25:25.401: I/DownloadManager(5590): in removeSpuriousFiles, preserving file /data/data/com.android.providers.downloads/cache/metadata-16.json
04-12 15:25:25.401: I/DownloadManager(5590): in removeSpuriousFiles, preserving file /data/data/com.android.providers.downloads/cache/metadata-18.json
04-12 15:25:25.526: D/dalvikvm(5590): GC_CONCURRENT freed 274K, 3% free 14217K/14599K, paused 2ms+3ms
04-12 15:26:49.588: I/ActivityManager(183): Start proc com.vzw.hss.myverizonged for broadcast com.vzw.hss.myverizonged/com.vzw.hss.datameter.receiver.NetMeterReceiver: pid=5609 uid=10041 gids={3003}
04-12 15:26:49.604: I/dalvikvm(5609): Turning on JNI app bug workarounds for target SDK version 4...
04-12 15:26:49.690: I/ActivityManager(183): No longer want com.google.android.apps.uploader (pid 5411): hidden #16
04-12 15:26:49.838: D/dalvikvm(5609): GC_CONCURRENT freed 264K, 3% free 14207K/14599K, paused 3ms+5ms
04-12 15:26:49.838: W/ActivityManager(183): Unable to start service Intent { act=com.vzw.push.vzwservice.service.CometService }: not found
04-12 15:26:50.041: W/AppWidgetService(183): updateAppWidgetProvider: provider doesn't exist: ComponentInfo{com.vzw.hss.myverizonged/com.vzw.hss.datameter.widget.DataMeterWidget}
04-12 15:29:49.955: W/AppWidgetService(183): updateAppWidgetProvider: provider doesn't exist: ComponentInfo{com.vzw.hss.myverizonged/com.vzw.hss.datameter.widget.DataMeterWidget}
04-12 15:29:50.229: I/ActivityManager(183): No longer want com.samsung.syncservice (pid 4370): hidden #16
04-12 15:29:50.252: W/ActivityManager(183): Scheduling restart of crashed service com.samsung.syncservice/.SyncmlService in 5000ms
04-12 15:29:53.471: I/com.appcelerator.cloud.push.PushService(1183): Service started with intent = Intent { act=CF.KEEP_ALIVE flg=0x4 cmp=com.cocoafish.pushnotifications/com.appcelerator.cloud.push.PushService (has extras) }
04-12 15:29:54.659: D/GTalkService/c(322): [HeartbeatAlarm] sent heartbeat to server
04-12 15:29:55.284: I/ActivityManager(183): Start proc com.samsung.syncservice for service com.samsung.syncservice/.SyncmlService: pid=5626 uid=1000 gids={1015, 3002, 3001, 3003, 3007}
04-12 15:29:55.323: I/SyncmlService(5626): onCreate
04-12 15:29:55.338: I/(5626): dm_register_ext_handler_connector
04-12 15:29:55.393: E/(5626): com.vzwdmserver
04-12 15:30:00.799: I/wpa_supplicant(252): wlan0: CTRL-EVENT-DISCONNECTED bssid=c0:62:6b:67:1f:ed reason=0
04-12 15:30:00.799: D/CommandListener(112): Clearing all IP addresses on wlan0
04-12 15:30:00.830: D/Tethering(183): interfaceLinkStateChanged wlan0, true
04-12 15:30:00.830: D/Tethering(183): interfaceStatusChanged wlan0, true
04-12 15:30:00.838: D/ConnectivityService(183): ConnectivityChange for WIFI: DISCONNECTED/DISCONNECTED
04-12 15:30:00.838: D/ConnectivityService(183): Attempting to switch to mobile
04-12 15:30:00.838: D/ConnectivityService(183): Attempting to switch to BLUETOOTH_TETHER
04-12 15:30:00.854: D/NetUtils(183): android_net_utils_resetConnections in env=0x135560 clazz=0xd6200001 iface=wlan0 mask=0x3
04-12 15:30:00.854: W/Smack/Packet(322): notify conn break (IOEx), close connection
04-12 15:30:00.854: D/ConnectivityService(183): resetConnections(wlan0, 3)
04-12 15:30:00.909: D/dalvikvm(439): GC_CONCURRENT freed 415K, 4% free 14573K/15175K, paused 3ms+3ms
04-12 15:30:01.010: D/Smack(322): [SSLXMPPConnection@1100118568] close socket
04-12 15:30:01.010: D/Smack/Packet(322): [parsePacketsFromProtoBufs] close connection's reader
04-12 15:30:01.010: D/ConnectivityService(183): handleInetConditionChange: no active default network - ignore
04-12 15:30:01.104: D/Smack/Packet(322): [writePackets] close writer
04-12 15:30:01.377: I/System.out(1183): WMQtt client:Lost connection...
04-12 15:30:01.377: I/com.appcelerator.cloud.push.PushService(1183): MQTT disonnected.
04-12 15:30:01.377: W/com.appcelerator.cloud.push.PushService(1183): MQTT disonnected, but MQTT Service is on.
04-12 15:30:01.393: E/com.appcelerator.cloud.push.PushService(1183): Failed to connect to MQTT Server. Exception Type: com.ibm.mqtt.MqttException; Exception Message: null
04-12 15:30:01.869: D/Tethering(183): interfaceLinkStateChanged lte_rmnet1, true
04-12 15:30:01.869: D/Tethering(183): interfaceStatusChanged lte_rmnet1, true
04-12 15:30:01.885: D/Tethering(183): interfaceLinkStateChanged rmnet1, false
04-12 15:30:01.885: D/Tethering(183): interfaceStatusChanged rmnet1, false
04-12 15:30:01.885: D/Tethering(183): interfaceLinkStateChanged lte_rmnet1, true
04-12 15:30:01.885: D/Tethering(183): interfaceStatusChanged lte_rmnet1, true
04-12 15:30:01.885: D/Tethering(183): interfaceLinkStateChanged lte_rmnet1, true
04-12 15:30:01.885: D/Tethering(183): interfaceStatusChanged lte_rmnet1, true
04-12 15:30:01.885: D/Tethering(183): interfaceLinkStateChanged lte_rmnet1, true
04-12 15:30:01.885: D/Tethering(183): interfaceStatusChanged lte_rmnet1, true
04-12 15:30:01.885: D/NetlinkEvent(112): Unexpected netlink message. type=0xf
04-12 15:30:01.893: D/Tethering(183): interfaceLinkStateChanged rmnet1, true
04-12 15:30:01.893: D/Tethering(183): interfaceStatusChanged rmnet1, true
04-12 15:30:01.893: D/Tethering(183): interfaceLinkStateChanged rmnet1, true
04-12 15:30:01.893: D/Tethering(183): interfaceStatusChanged rmnet1, true
04-12 15:30:01.963: D/ConnectivityService(183): ConnectivityChange for mobile: CONNECTED/CONNECTED
04-12 15:30:01.971: V/com.fusionone.android.sync.service.SyncService(4312): onStart() invoked
04-12 15:30:01.971: V/com.fusionone.android.sync.service.SyncService(4312): handleNotification invoked: Intent { act=com.fusionone.android.sync.rpc.ISyncManager (has extras) }
04-12 15:30:01.994: W/NetworkStats(183): dropping UID delta from unknown iface: iface=rmnet1 uid=0 set=DEFAULT tag=0x0 rxBytes=88 rxPackets=1 txBytes=56 txPackets=1 operations=0
04-12 15:30:02.010: D/NetworkPolicy(183): applying policy NetworkPolicy[NetworkTemplate: matchRule=MOBILE_ALL, subscriberId=valid]: cycleDay=19, warningBytes=2147483648, limitBytes=-1, lastSnooze=-1 to ifaces [rmnet1]
04-12 15:30:02.268: I/wpa_supplicant(252): wlan0: Trying to associate with c0:62:6b:67:1f:ed (SSID='Appcelerator Guests' freq=5180 MHz)
04-12 15:30:02.416: D/dalvikvm(183): GC_CONCURRENT freed 1814K, 33% free 21509K/31687K, paused 2ms+6ms
04-12 15:30:02.596: I/wpa_supplicant(252): wlan0: Associated with c0:62:6b:67:1f:ed
04-12 15:30:02.604: I/wpa_supplicant(252): wlan0: WPA: Key negotiation completed with c0:62:6b:67:1f:ed [PTK=CCMP GTK=CCMP]
04-12 15:30:02.604: I/wpa_supplicant(252): wlan0: CTRL-EVENT-CONNECTED - Connection to c0:62:6b:67:1f:ed completed (reauth) [id=4 id_str=]
04-12 15:30:02.604: D/Tethering(183): interfaceLinkStateChanged wlan0, true
04-12 15:30:02.604: D/Tethering(183): interfaceStatusChanged wlan0, true
04-12 15:30:03.213: D/ConnectivityService(183): ConnectivityChange for WIFI: CONNECTED/CONNECTED
04-12 15:30:03.213: D/ConnectivityService(183): Policy requires mobile teardown
04-12 15:30:03.244: W/NetworkStats(183): dropping UID delta from unknown iface: iface=wlan0 uid=0 set=DEFAULT tag=0x0 rxBytes=0 rxPackets=0 txBytes=76 txPackets=1 operations=0
04-12 15:30:03.260: D/NetworkPolicy(183): applying policy NetworkPolicy[NetworkTemplate: matchRule=MOBILE_ALL, subscriberId=valid]: cycleDay=19, warningBytes=2147483648, limitBytes=-1, lastSnooze=-1 to ifaces [rmnet1]
04-12 15:30:03.510: W/Netd(112): No subsystem found in netlink event
04-12 15:30:03.510: D/NetlinkEvent(112): Unexpected netlink message. type=0x11
04-12 15:30:03.518: D/Tethering(183): interfaceLinkStateChanged rmnet1, false
04-12 15:30:03.518: D/Tethering(183): interfaceStatusChanged rmnet1, false
04-12 15:30:03.518: D/Tethering(183): interfaceLinkStateChanged rmnet1, false
04-12 15:30:03.518: D/Tethering(183): interfaceStatusChanged rmnet1, false
04-12 15:30:03.526: D/Tethering(183): interfaceLinkStateChanged rmnet1, false
04-12 15:30:03.526: D/Tethering(183): interfaceStatusChanged rmnet1, false
04-12 15:30:03.526: D/Tethering(183): interfaceLinkStateChanged lte_rmnet1, false
04-12 15:30:03.526: D/Tethering(183): interfaceStatusChanged lte_rmnet1, false
04-12 15:30:03.541: D/ConnectivityService(183): ConnectivityChange for mobile: DISCONNECTED/DISCONNECTED
04-12 15:30:03.541: D/ConnectivityService(183): Attempting to switch to WIFI
04-12 15:30:03.541: D/ConnectivityService(183): Attempting to switch to BLUETOOTH_TETHER
04-12 15:30:03.549: D/NetUtils(183): android_net_utils_resetConnections in env=0x135560 clazz=0xf1a00001 iface=rmnet1 mask=0x3
04-12 15:30:03.549: D/ConnectivityService(183): resetConnections(rmnet1, 3)
04-12 15:30:03.877: D/Tethering(183): Tethering got CONNECTIVITY_ACTION
04-12 15:30:03.877: D/Tethering(183): MasterInitialState.processMessage what=3
04-12 15:30:03.885: I/com.appcelerator.cloud.push.PushService(1183): Connectivity changed: available tag:true; connected:false; type:WIFI; reason:null
04-12 15:30:03.893: I/com.appcelerator.cloud.push.PushService(1183): Reconnecting...
04-12 15:30:03.893: I/com.appcelerator.cloud.push.PushService(1183): Connecting...
04-12 15:30:03.909: D/Smack(322): [SSLXMPPConnection@1100215960] create socket connection(mtalk.google.com, 5228)
04-12 15:30:03.916: E/TelephonyManager(322): Hidden constructor called more than once per process!
04-12 15:30:03.916: E/TelephonyManager(322): Original: com.google.android.location, new: com.google.android.gsf
04-12 15:30:03.924: D/StatsUploadService(322): Upload disabled
04-12 15:30:03.940: I/dalvikvm(5672): Turning on JNI app bug workarounds for target SDK version 11...
04-12 15:30:03.940: I/ActivityManager(183): Start proc com.google.android.apps.uploader for broadcast com.google.android.apps.uploader/.ConnectivityBroadcastReceiver: pid=5672 uid=10036 gids={3003}
04-12 15:30:03.963: I/ActivityThread(5672): Pub com.google.android.apps.uploader: com.google.android.apps.uploader.UploadsContentProvider
04-12 15:30:03.963: I/ActivityThread(5672): Pub com.google.photos.provider.Album: com.google.android.apps.uploader.clients.picasa.AlbumProvider
04-12 15:30:03.971: D/MediaUploader(5672): UploaderApplication.onCreate
04-12 15:30:03.971: D/dalvikvm(116): GC_EXPLICIT freed 38K, 3% free 14022K/14339K, paused 1ms+2ms
04-12 15:30:03.979: D/MediaUploader(5672): nonWifiLimit=20971520, default=20971520
04-12 15:30:03.987: I/MediaUploader(5672): No need to wake up
04-12 15:30:03.994: D/dalvikvm(116): GC_EXPLICIT freed <1K, 3% free 14022K/14339K, paused 1ms+2ms
04-12 15:30:04.010: I/DMApp(5626): Constructor()
04-12 15:30:04.010: I/DMApp(5626): onCreate......
04-12 15:30:04.018: D/dalvikvm(116): GC_EXPLICIT freed <1K, 3% free 14022K/14339K, paused 2ms+2ms
04-12 15:30:04.026: I/SyncmlService(5626): onBind
04-12 15:30:05.026: D/Tethering(183): Tethering got CONNECTIVITY_ACTION
04-12 15:30:05.026: D/Tethering(183): MasterInitialState.processMessage what=3
04-12 15:30:05.057: D/StatsUploadService(322): Upload disabled
04-12 15:30:05.057: E/TelephonyManager(322): Hidden constructor called more than once per process!
04-12 15:30:05.057: E/TelephonyManager(322): Original: com.google.android.location, new: com.google.android.gsf
04-12 15:30:05.057: I/MediaUploader(5672): No need to wake up
04-12 15:30:05.096: D/dalvikvm(5070): GC_CONCURRENT freed 305K, 3% free 14542K/14983K, paused 2ms+3ms
04-12 15:30:05.104: D/dalvikvm(1183): GC_CONCURRENT freed 433K, 4% free 14654K/15175K, paused 3ms+2ms
04-12 15:30:05.151: D/dalvikvm(183): GC_EXPLICIT freed 1191K, 33% free 21461K/31687K, paused 2ms+5ms
04-12 15:30:05.166: D/Smack(322): [SSLXMPPConnection@1100215960] connected to mtalk.google.com, 5228
04-12 15:30:05.205: I/com.appcelerator.cloud.push.PushService(1183): initTopic: CF/d31ba041140c952485d22c3/com.cocoafish.pushnotifications Server:push-1.cloud.appcelerator.com
04-12 15:30:05.252: I/com.appcelerator.cloud.push.PushService(1183): MQTT connected.
04-12 15:30:05.268: I/com.appcelerator.cloud.push.PushService(1183): Connectivity changed: available tag:true; connected:true; type:mobile; reason:dataEnabled
04-12 15:30:05.284: D/Smack(322): [SSLXMPPConnection@1100215960] [XMPPConn] login: got servicename from response: mcs.android.com
04-12 15:30:05.284: D/Smack(322): [SSLXMPPConnection@1100215960] [XMPPConn] login: authenticated
04-12 15:30:05.940: D/ConnectivityService(183): handleInetConditionHoldEnd: net=1, condition=100, published condition=0
04-12 15:30:05.979: I/ActivityManager(183): Start proc com.google.android.talk for broadcast com.google.android.talk/.ConnectionStateOnlineReceiver: pid=5697 uid=10054 gids={3003, 1015, 1006, 3002}
04-12 15:30:06.041: I/ActivityThread(5697): Pub com.google.android.talk.SuggestionProvider: com.google.android.talk.SuggestionsProvider
04-12 15:30:06.096: D/dalvikvm(5697): GC_CONCURRENT freed 135K, 2% free 14370K/14599K, paused 2ms+1ms
04-12 15:30:06.104: D/vclib:CallStateClient(5697): startListening
04-12 15:30:06.119: I/ActivityManager(183): No longer want com.android.contacts (pid 4973): hidden #16
04-12 15:30:06.159: D/dalvikvm(322): GC_CONCURRENT freed 380K, 4% free 15624K/16135K, paused 3ms+3ms
04-12 15:30:06.237: D/Tethering(183): Tethering got CONNECTIVITY_ACTION
04-12 15:30:06.244: D/Tethering(183): MasterInitialState.processMessage what=3
04-12 15:30:06.252: I/com.appcelerator.cloud.push.PushService(1183): Connectivity changed: available tag:true; connected:true; type:WIFI; reason:null
04-12 15:30:06.565: D/Tethering(183): Tethering got CONNECTIVITY_ACTION
04-12 15:30:06.565: D/Tethering(183): MasterInitialState.processMessage what=3
04-12 15:30:06.580: D/Tethering(183): Tethering got CONNECTIVITY_ACTION
04-12 15:30:06.588: D/Tethering(183): MasterInitialState.processMessage what=3
04-12 15:30:06.744: D/ConnectivityService(183): handleInetConditionHoldEnd: net=1, condition=100, published condition=100
04-12 15:30:06.768: I/com.appcelerator.cloud.push.PushService(1183): Connectivity changed: available tag:true; connected:false; type:mobile; reason:dataDisabled
04-12 15:30:06.799: I/com.appcelerator.cloud.push.PushService(1183): Connectivity changed: available tag:true; connected:true; type:WIFI; reason:null
04-12 15:30:06.846: E/TelephonyManager(322): Hidden constructor called more than once per process!
04-12 15:30:06.846: E/TelephonyManager(322): Original: com.google.android.location, new: com.google.android.gsf
04-12 15:30:06.846: D/StatsUploadService(322): Upload disabled
04-12 15:30:06.854: I/MediaUploader(5672): No need to wake up
04-12 15:30:06.885: E/TelephonyManager(322): Hidden constructor called more than once per process!
04-12 15:30:06.885: E/TelephonyManager(322): Original: com.google.android.location, new: com.google.android.gsf
04-12 15:30:06.885: D/StatsUploadService(322): Upload disabled
04-12 15:30:06.893: I/MediaUploader(5672): No need to wake up
04-12 15:30:06.916: D/StatsUploadService(322): Upload disabled
04-12 15:30:06.916: E/TelephonyManager(322): Hidden constructor called more than once per process!
04-12 15:30:06.916: E/TelephonyManager(322): Original: com.google.android.location, new: com.google.android.gsf
04-12 15:30:06.924: I/MediaUploader(5672): No need to wake up
04-12 15:35:46.776: D/dalvikvm(439): GC_CONCURRENT freed 400K, 5% free 14558K/15175K, paused 5ms+2ms
04-12 15:40:56.323: I/wpa_supplicant(252): wlan0: WPA: Group rekeying completed with c0:62:6b:67:1f:ed [GTK=CCMP]
04-12 15:41:00.073: D/dalvikvm(267): GC_CONCURRENT freed 510K, 6% free 15955K/16839K, paused 3ms+5ms
04-12 15:41:01.510: D/dalvikvm(488): GC_CONCURRENT freed 2862K, 19% free 29987K/36935K, paused 5ms+8ms
04-12 15:41:21.260: I/EventLogService(322): Aggregate from 1334268681079 (log), 1334268681079 (data)
04-12 15:41:21.354: I/ServiceDumpSys(322): dumping service [account]
04-12 15:42:21.119: I/System.out(5525): [INFO:1035803]: c: Running flush
04-12 15:42:21.119: I/System.out(5525): [INFO:1035805]: c: Sending payload [bytes=575]
04-12 15:42:21.190: D/dalvikvm(5525): GC_CONCURRENT freed 411K, 4% free 15148K/15687K, paused 4ms+4ms
04-12 15:42:21.315: I/System.out(5525): [INFO:1035998]: c: Response [http=200,length=20]
04-12 15:42:21.315: I/System.out(5525): [INFO:1035999]: c: Read id 3, status code 200
04-12 15:43:18.174: I/ActivityManager(183): START {act=android.intent.action.MAIN cat=[android.intent.category.LAUNCHER] flg=0x10200000 cmp=com.appcelerator.titanium/.KitchensinkActivity} from pid 488
04-12 15:43:18.260: D/dalvikvm(183): GC_FOR_ALLOC freed 1388K, 33% free 21499K/31687K, paused 70ms
04-12 15:43:18.323: D/dalvikvm(183): GC_FOR_ALLOC freed 49K, 31% free 22050K/31687K, paused 41ms
04-12 15:43:18.323: I/dalvikvm-heap(183): Grow heap (frag case) to 23.952MB for 2457616-byte allocation
04-12 15:43:18.377: D/dalvikvm(183): GC_CONCURRENT freed 0K, 23% free 24450K/31687K, paused 3ms+4ms
04-12 15:43:18.424: I/dalvikvm(5727): Turning on JNI app bug workarounds for target SDK version 8...
04-12 15:43:18.424: I/WindowManager(183): createSurface Window{41a66ce8 Starting com.appcelerator.titanium paused=false}: DRAW NOW PENDING
04-12 15:43:18.432: I/ActivityManager(183): Start proc com.appcelerator.titanium for activity com.appcelerator.titanium/.KitchensinkActivity: pid=5727 uid=10069 gids={1015, 1006, 3003}
04-12 15:43:18.479: I/TiApplication(5727): (main) [0,0] checkpoint, app created.
04-12 15:43:18.510: V/PhoneStatusBar(267): setLightsOn(true)
04-12 15:43:18.549: D/dalvikvm(5727): GC_CONCURRENT freed 196K, 2% free 14332K/14599K, paused 3ms+2ms
04-12 15:43:18.549: D/OpenGLRenderer(488): Flushing caches (mode 1)
04-12 15:43:18.588: D/dalvikvm(5727): GC_FOR_ALLOC freed 259K, 4% free 14447K/14919K, paused 16ms
04-12 15:43:18.588: D/OpenGLRenderer(488): Flushing caches (mode 0)
04-12 15:43:18.635: D/dalvikvm(5727): GC_CONCURRENT freed 180K, 2% free 14758K/15047K, paused 1ms+3ms
04-12 15:43:18.729: D/dalvikvm(5727): GC_CONCURRENT freed 242K, 3% free 15041K/15367K, paused 1ms+2ms
04-12 15:43:18.760: I/TiApplication(5727): (main) [278,278] Titanium 2.0.1 (2012/04/10 13:18 0234887)
04-12 15:43:19.229: D/dalvikvm(5727): GC_CONCURRENT freed 501K, 5% free 14991K/15623K, paused 5ms+3ms
04-12 15:43:19.463: I/TiDbHelper(5727): (main) [706,984] No value in database for platform key: 'unique_machine_id' returning supplied default ''
04-12 15:43:19.471: I/TiDbHelper(5727): (main) [9,993] No value in database for platform key: 'hardware_machine_id' returning supplied default ''
04-12 15:43:19.698: D/dalvikvm(5727): Trying to load lib /data/data/com.appcelerator.titanium/lib/libstlport_shared.so 0x4180c000
04-12 15:43:19.698: I/TiApplication(5727): (main) [224,1217] Titanium Javascript runtime: v8
04-12 15:43:19.698: D/dalvikvm(5727): Added shared lib /data/data/com.appcelerator.titanium/lib/libstlport_shared.so 0x4180c000
04-12 15:43:19.698: D/dalvikvm(5727): No JNI_OnLoad found in /data/data/com.appcelerator.titanium/lib/libstlport_shared.so 0x4180c000, skipping init
04-12 15:43:19.698: D/dalvikvm(5727): Trying to load lib /data/data/com.appcelerator.titanium/lib/libkroll-v8.so 0x4180c000
04-12 15:43:19.721: D/dalvikvm(5727): Added shared lib /data/data/com.appcelerator.titanium/lib/libkroll-v8.so 0x4180c000
04-12 15:43:19.721: I/TiRootActivity(5727): (main) [0,0] checkpoint, on root activity create, savedInstanceState: null
04-12 15:43:19.862: D/TiAnalyticsDb(5727): (main) [136,136] Creating Database tianalytics.db
04-12 15:43:19.862: I/TiAnalyticsDb(5727): (main) [1,137] Upgrading Database from 1 to 4
04-12 15:43:19.994: E/TiApplication(5727): (KrollRuntimeThread) [137,274] APP PROXY: ti.modules.titanium.app.AppModule@41925938
04-12 15:43:20.010: W/V8Object(5727): Runtime disposed, cannot set property 'userAgent'
04-12 15:43:20.190: D/dalvikvm(5727): GC_CONCURRENT freed 236K, 3% free 15194K/15623K, paused 6ms+3ms
04-12 15:43:20.518: E/TiAPI(5727): !!!
04-12 15:43:20.518: E/TiAPI(5727): !!! WARNING : Use of unsupported constant Ti.UI.iPhone.AnimationStyle.FLIP_FROM_LEFT !!!
04-12 15:43:20.518: E/TiAPI(5727): !!!
04-12 15:43:20.573: I/ActivityManager(183): START {cmp=com.appcelerator.titanium/ti.modules.titanium.ui.TiTabActivity (has extras)} from pid 5727
04-12 15:43:20.635: I/TiAPI(5727): Welcome to Kitchen Sink for Titanium/2.0.1
04-12 15:43:20.635: D/TiAPI(5727): user agent set to Dalvik/1.6.0 (Linux; U; Android 4.0.2; Galaxy Nexus Build/ICL53F) Titanium/2.0.1
04-12 15:43:20.635: D/TiAPI(5727): locale specific date is 4/12/12
04-12 15:43:20.635: D/TiAPI(5727): locale specific date (medium) is Apr 12, 2012
04-12 15:43:20.635: D/TiAPI(5727): locale specific date (long) is April 12, 2012
04-12 15:43:20.635: D/TiAPI(5727): locale specific time is 3:43 PM
04-12 15:43:20.643: D/TiAPI(5727): locale specific currency is $12.99
04-12 15:43:20.643: D/TiAPI(5727): locale specific decimal is 12.99
04-12 15:43:20.643: I/TiAPI(5727): should be en, was = en
04-12 15:43:20.651: I/TiAPI(5727): welcome_message = Welcome to Kitchen Sink for Titanium/
04-12 15:43:20.651: I/TiAPI(5727): should be def, was = def
04-12 15:43:20.651: I/TiAPI(5727): welcome_message = Welcome to Kitchen Sink for Titanium/
04-12 15:43:20.651: I/TiAPI(5727): should be def, was = def
04-12 15:43:20.651: I/TiAPI(5727): should be 1, was = 1
04-12 15:43:20.651: E/TitaniumModule(5727): (KrollRuntimeThread) [654,928] Error in string format
04-12 15:43:20.651: E/TitaniumModule(5727): java.util.IllegalFormatConversionException: %f can't format java.lang.Integer arguments
04-12 15:43:20.651: E/TitaniumModule(5727): at java.util.Formatter.badArgumentType(Formatter.java:1487)
04-12 15:43:20.651: E/TitaniumModule(5727): at java.util.Formatter.transformFromFloat(Formatter.java:2036)
04-12 15:43:20.651: E/TitaniumModule(5727): at java.util.Formatter.transform(Formatter.java:1463)
04-12 15:43:20.651: E/TitaniumModule(5727): at java.util.Formatter.doFormat(Formatter.java:1079)
04-12 15:43:20.651: E/TitaniumModule(5727): at java.util.Formatter.format(Formatter.java:1040)
04-12 15:43:20.651: E/TitaniumModule(5727): at java.util.Formatter.format(Formatter.java:1009)
04-12 15:43:20.651: E/TitaniumModule(5727): at java.lang.String.format(String.java:1998)
04-12 15:43:20.651: E/TitaniumModule(5727): at java.lang.String.format(String.java:1972)
04-12 15:43:20.651: E/TitaniumModule(5727): at ti.modules.titanium.TitaniumModule.stringFormat(TitaniumModule.java:299)
04-12 15:43:20.651: E/TitaniumModule(5727): at org.appcelerator.kroll.runtime.v8.V8Runtime.nativeRunModule(Native Method)
04-12 15:43:20.651: E/TitaniumModule(5727): at org.appcelerator.kroll.runtime.v8.V8Runtime.doRunModule(V8Runtime.java:134)
04-12 15:43:20.651: E/TitaniumModule(5727): at org.appcelerator.kroll.KrollRuntime.handleMessage(KrollRuntime.java:267)
04-12 15:43:20.651: E/TitaniumModule(5727): at org.appcelerator.kroll.runtime.v8.V8Runtime.handleMessage(V8Runtime.java:160)
04-12 15:43:20.651: E/TitaniumModule(5727): at android.os.Handler.dispatchMessage(Handler.java:95)
04-12 15:43:20.651: E/TitaniumModule(5727): at android.os.Looper.loop(Looper.java:137)
04-12 15:43:20.651: E/TitaniumModule(5727): at org.appcelerator.kroll.KrollRuntime$KrollRuntimeThread.run(KrollRuntime.java:104)
04-12 15:43:20.651: I/TiAPI(5727): should be 1.0, was = null
04-12 15:43:20.659: I/TiAPI(5727): should be hello, was = hello
04-12 15:43:20.659: I/TiAPI(5727): you should see a list of properties (3 or more) below this line
04-12 15:43:20.659: I/TiAPI(5727): ---------------------------------------------------------------
04-12 15:43:20.659: I/TiAPI(5727): win1 property: children
04-12 15:43:20.659: I/TiAPI(5727): win1 property: size
04-12 15:43:20.659: I/TiAPI(5727): win1 property: center
04-12 15:43:20.659: I/TiAPI(5727): win1 property: borderRadius
04-12 15:43:20.659: I/TiAPI(5727): win1 property: keepScreenOn
04-12 15:43:20.659: I/TiAPI(5727): win1 property: tab
04-12 15:43:20.659: I/TiAPI(5727): win1 property: backgroundSelectedImage
04-12 15:43:20.659: I/TiAPI(5727): win1 property: borderColor
04-12 15:43:20.659: I/TiAPI(5727): win1 property: backgroundSelectedColor
04-12 15:43:20.659: I/TiAPI(5727): win1 property: backgroundPadding
04-12 15:43:20.659: I/TiAPI(5727): win1 property: _hasJavaListener
04-12 15:43:20.659: I/TiAPI(5727): win1 property: top
04-12 15:43:20.659: I/TiAPI(5727): win1 property: width
04-12 15:43:20.659: I/TiAPI(5727): win1 property: visible
04-12 15:43:20.659: I/TiAPI(5727): win1 property: touchEnabled
04-12 15:43:20.659: I/TiAPI(5727): win1 property: softKeyboardOnFocus
04-12 15:43:20.659: I/TiAPI(5727): win1 property: opacity
04-12 15:43:20.659: I/TiAPI(5727): win1 property: backgroundFocusedImage
04-12 15:43:20.659: I/TiAPI(5727): win1 property: backgroundRepeat
04-12 15:43:20.659: I/TiAPI(5727): win1 property: backgroundFocusedColor
04-12 15:43:20.659: I/TiAPI(5727): win1 property: enabled
04-12 15:43:20.659: I/TiAPI(5727): win1 property: exitOnClose
04-12 15:43:20.659: I/TiAPI(5727): win1 property: backgroundColor
04-12 15:43:20.659: I/TiAPI(5727): win1 property: backgroundDisabledColor
04-12 15:43:20.659: I/TiAPI(5727): win1 property: transform
04-12 15:43:20.659: I/TiAPI(5727): win1 property: windowSoftInputMode
04-12 15:43:20.659: I/TiAPI(5727): win1 property: zIndex
04-12 15:43:20.659: I/TiAPI(5727): win1 property: borderWidth
04-12 15:43:20.659: I/TiAPI(5727): win1 property: parent
04-12 15:43:20.659: I/TiAPI(5727): win1 property: tabGroup
04-12 15:43:20.659: I/TiAPI(5727): win1 property: titleid
04-12 15:43:20.659: I/TiAPI(5727): win1 property: leftNavButton
04-12 15:43:20.659: I/TiAPI(5727): win1 property: navBarHidden
04-12 15:43:20.659: I/TiAPI(5727): win1 property: right
04-12 15:43:20.659: I/TiAPI(5727): win1 property: bottom
04-12 15:43:20.659: I/TiAPI(5727): win1 property: layout
04-12 15:43:20.659: I/TiAPI(5727): win1 property: focusable
04-12 15:43:20.659: I/TiAPI(5727): win1 property: left
04-12 15:43:20.659: I/TiAPI(5727): win1 property: fullscreen
04-12 15:43:20.659: I/TiAPI(5727): win1 property: backgroundDisabledImage
04-12 15:43:20.659: I/TiAPI(5727): win1 property: title
04-12 15:43:20.659: I/TiAPI(5727): win1 property: backgroundImage
04-12 15:43:20.659: I/TiAPI(5727): win1 property: _internalActivity
04-12 15:43:20.659: I/TiAPI(5727): win1 property: rect
04-12 15:43:20.659: I/TiAPI(5727): win1 property: url
04-12 15:43:20.659: I/TiAPI(5727): win1 property: modal
04-12 15:43:20.659: I/TiAPI(5727): win1 property: height
04-12 15:43:20.659: I/TiAPI(5727): win1 property: className
04-12 15:43:20.659: I/TiAPI(5727): win1 property: currentState
04-12 15:43:20.659: I/TiAPI(5727): win1 property: _sourceUrl
04-12 15:43:20.659: I/TiAPI(5727): win1 property: _currentActivity
04-12 15:43:20.659: I/TiAPI(5727): win1 property: _module
04-12 15:43:20.659: I/TiAPI(5727): win1 property: _children
04-12 15:43:20.659: I/TiAPI(5727): win1 property: _postOpenChildren
04-12 15:43:20.659: I/TiAPI(5727): win1 property: _events
04-12 15:43:20.659: I/TiAPI(5727): win1 property: isActivity
04-12 15:43:20.659: I/TiAPI(5727): win1 property: state
04-12 15:43:20.659: I/TiAPI(5727): win1 property: cachedOrientationModes
04-12 15:43:20.659: I/TiAPI(5727): win1 property: cachedActivityProxy
04-12 15:43:20.659: I/TiAPI(5727): win1 property: getActivityDecorView
04-12 15:43:20.659: I/TiAPI(5727): win1 property: setCachedProperty
04-12 15:43:20.659: I/TiAPI(5727): win1 property: getCachedProperty
04-12 15:43:20.659: I/TiAPI(5727): win1 property: getOrientation
04-12 15:43:20.659: I/TiAPI(5727): win1 property: getOrientationModes
04-12 15:43:20.659: I/TiAPI(5727): win1 property: setOrientationModes
04-12 15:43:20.659: I/TiAPI(5727): win1 property: getActivity
04-12 15:43:20.659: I/TiAPI(5727): win1 property: getWindowPixelFormat
04-12 15:43:20.659: I/TiAPI(5727): win1 property: setWindowPixelFormat
04-12 15:43:20.659: I/TiAPI(5727): win1 property: open
04-12 15:43:20.659: I/TiAPI(5727): win1 property: setWindow
04-12 15:43:20.659: I/TiAPI(5727): win1 property: postOpen
04-12 15:43:20.659: I/TiAPI(5727): win1 property: runWindowUrl
04-12 15:43:20.659: I/TiAPI(5727): win1 property: loadUrl
04-12 15:43:20.659: I/TiAPI(5727): win1 property: close
04-12 15:43:20.659: I/TiAPI(5727): win1 property: add
04-12 15:43:20.659: I/TiAPI(5727): win1 property: addChildren
04-12 15:43:20.659: I/TiAPI(5727): win1 property: addPostOpenChildren
04-12 15:43:20.659: I/TiAPI(5727): win1 property: remove
04-12 15:43:20.659: I/TiAPI(5727): win1 property: removeChildren
04-12 15:43:20.659: I/TiAPI(5727): win1 property: animate
04-12 15:43:20.659: I/TiAPI(5727): win1 property: addEventListener
04-12 15:43:20.659: I/TiAPI(5727): win1 property: removeEventListener
04-12 15:43:20.659: I/TiAPI(5727): win1 property: fireEvent
04-12 15:43:20.659: I/TiAPI(5727): win1 property: setPropertyAndFire
04-12 15:43:20.659: I/TiAPI(5727): Did you see properties? ^^^^^
04-12 15:43:20.659: I/TiAPI(5727): ---------------------------------------------------------------
04-12 15:43:20.659: I/TiAPI(5727): you should see a list of modules (3 or more) below this line
04-12 15:43:20.659: I/TiAPI(5727): ---------------------------------------------------------------
04-12 15:43:20.659: I/TiAPI(5727): module: sourceUrl
04-12 15:43:20.659: I/TiAPI(5727): module: global
04-12 15:43:20.659: I/TiAPI(5727): module: include
04-12 15:43:20.659: I/TiAPI(5727): module: Android
04-12 15:43:20.659: I/TiAPI(5727): module: UI
04-12 15:43:20.659: I/TiAPI(5727): module: Network
04-12 15:43:20.659: I/TiAPI(5727): module: Map
04-12 15:43:20.659: I/TiAPI(5727): module: Media
04-12 15:43:20.659: I/TiAPI(5727): module: Database
04-12 15:43:20.659: I/TiAPI(5727): module: Filesystem
04-12 15:43:20.659: I/TiAPI(5727): module: createBuffer
04-12 15:43:20.659: I/TiAPI(5727): module: Service
04-12 15:43:20.659: I/TiAPI(5727): module: Locale
04-12 15:43:20.659: I/TiAPI(5727): module: buildDate
04-12 15:43:20.659: I/TiAPI(5727): module: userAgent
04-12 15:43:20.659: I/TiAPI(5727): module: _hasJavaListener
04-12 15:43:20.659: I/TiAPI(5727): module: invocationAPIs
04-12 15:43:20.666: I/TiAPI(5727): module: externalModules
04-12 15:43:20.666: I/TiAPI(5727): module: buildHash
04-12 15:43:20.666: I/TiAPI(5727): module: version
04-12 15:43:20.666: I/TiAPI(5727): module: buildTimestamp
04-12 15:43:20.666: I/TiAPI(5727): module: __propertiesDefined__
04-12 15:43:20.666: I/TiAPI(5727): module: TiBaseWindow
04-12 15:43:20.666: I/TiAPI(5727): module: TiWindow
04-12 15:43:20.666: I/TiAPI(5727): module: TiView
04-12 15:43:20.666: I/TiAPI(5727): module: App
04-12 15:43:20.666: I/TiAPI(5727): module: Wrapper
04-12 15:43:20.666: I/TiAPI(5727): module: initScopeVars
04-12 15:43:20.666: I/TiAPI(5727): module: getUrlSource
04-12 15:43:20.666: I/TiAPI(5727): module: bindInvocationAPIs
04-12 15:43:20.666: I/TiAPI(5727): module: Proxy
04-12 15:43:20.666: I/TiAPI(5727): module: Activity
04-12 15:43:20.666: I/TiAPI(5727): module: API
04-12 15:43:20.666: I/TiAPI(5727): Did you see modules? ^^^^^
04-12 15:43:20.666: I/TiAPI(5727): ---------------------------------------------------------------
04-12 15:43:20.721: D/dalvikvm(5727): GC_FOR_ALLOC freed 240K, 3% free 15158K/15623K, paused 19ms
04-12 15:43:20.721: I/dalvikvm-heap(5727): Grow heap (frag case) to 15.458MB for 614416-byte allocation
04-12 15:43:20.768: D/dalvikvm(5727): GC_CONCURRENT freed 5K, 4% free 15752K/16263K, paused 2ms+5ms
04-12 15:43:20.784: I/TiRootActivity(5727): (main) [0,0] checkpoint, on root activity resume. activity = com.appcelerator.titanium.KitchensinkActivity@418f4658
04-12 15:43:20.823: D/TiUIView(5727): (main) [38,38] Nativeview is null
04-12 15:43:20.823: D/TiUIView(5727): (main) [1,39] Nativeview is null
04-12 15:43:20.862: D/dalvikvm(5727): GC_FOR_ALLOC freed 632K, 6% free 15291K/16263K, paused 23ms
04-12 15:43:20.869: W/TiTabActivity(5727): (main) [49,88] Notifying TiTabGroup, activity is created
04-12 15:43:20.877: I/WindowManager(183): createSurface Window{41a8dd68 com.appcelerator.titanium/ti.modules.titanium.ui.TiTabActivity paused=false}: DRAW NOW PENDING
04-12 15:43:20.901: I/WindowManager(183): createSurface Window{41ac5698 com.appcelerator.titanium/ti.modules.titanium.ui.TiTabActivity paused=false}: DRAW NOW PENDING
04-12 15:43:21.026: D/TiUIView(5727): (main) [157,245] Nativeview is null
04-12 15:43:21.073: D/Window(5727): Loading window with URL: main_windows/base_ui.js
04-12 15:43:21.112: D/dalvikvm(5727): GC_CONCURRENT freed 91K, 4% free 15673K/16263K, paused 1ms+2ms
04-12 15:43:21.112: D/Module(5727): Loading module: main_windows/base_ui -> Resources/main_windows/base_ui.js
04-12 15:43:21.573: D/TiUIView(5727): (main) [548,793] Nativeview is null
04-12 15:43:21.909: I/ActivityManager(183): Displayed com.appcelerator.titanium/ti.modules.titanium.ui.TiTabActivity: +1s115ms (total +3s513ms)
04-12 15:43:21.909: D/TiUIView(5727): (main) [330,1123] Nativeview is null
04-12 15:43:21.909: V/PhoneStatusBar(267): setLightsOn(true)
04-12 15:43:22.010: D/Window(5727): Loading window with URL: main_windows/controls.js
04-12 15:43:22.010: D/Module(5727): Loading module: main_windows/controls -> Resources/main_windows/controls.js
04-12 15:43:22.135: D/TiUIView(5727): (main) [230,1353] Nativeview is null
04-12 15:43:22.166: D/dalvikvm(5727): GC_CONCURRENT freed 383K, 3% free 15798K/16263K, paused 3ms+9ms
04-12 15:43:22.174: I/TiAPI(5727): tab blur - new index 0 old index -1
04-12 15:43:22.190: D/Window(5727): unable to open, window is not closed
04-12 15:43:22.198: D/Window(5727): unable to open, window is not closed
04-12 15:43:22.385: D/dalvikvm(5727): GC_FOR_ALLOC freed 391K, 4% free 15904K/16519K, paused 29ms
04-12 15:43:22.409: D/dalvikvm(5727): GC_FOR_ALLOC freed 2K, 3% free 16151K/16519K, paused 17ms
04-12 15:43:23.010: I/TiAPI(5727): tab Base UI prevTab = no tab
04-12 15:43:23.119: V/PhoneStatusBar(267): setLightsOn(true)
04-12 15:43:23.159: W/InputManagerService(183): Starting input on non-focused client com.android.internal.view.IInputMethodClient$Stub$Proxy@41c5be10 (uid=10031 pid=488)
04-12 15:43:23.198: I/TiAPI(5727): tab Controls prevTab = Base UI
04-12 15:43:24.010: D/Window(5727): unable to close, window is not opened
04-12 15:43:24.198: D/Window(5727): unable to close, window is not opened
04-12 15:43:24.932: D/Window(5727): Unable to release window reference.
04-12 15:43:26.041: D/dalvikvm(5727): GC_FOR_ALLOC freed 735K, 7% free 15601K/16711K, paused 37ms
04-12 15:43:26.065: D/dalvikvm(5727): GC_FOR_ALLOC freed 14K, 6% free 15856K/16711K, paused 19ms
04-12 15:43:26.088: D/dalvikvm(5727): GC_FOR_ALLOC freed 0K, 4% free 16126K/16711K, paused 18ms
04-12 15:43:26.088: I/dalvikvm-heap(5727): Grow heap (frag case) to 16.082MB for 276496-byte allocation
04-12 15:43:26.104: D/dalvikvm(5727): GC_FOR_ALLOC freed 0K, 4% free 16396K/17031K, paused 20ms
04-12 15:43:26.127: D/dalvikvm(5727): GC_FOR_ALLOC freed 0K, 4% free 16397K/17031K, paused 17ms
04-12 15:43:26.127: I/dalvikvm-heap(5727): Grow heap (frag case) to 16.345MB for 276496-byte allocation
04-12 15:43:26.143: D/dalvikvm(5727): GC_FOR_ALLOC freed 0K, 4% free 16667K/17351K, paused 17ms
04-12 15:43:26.166: D/dalvikvm(5727): GC_FOR_ALLOC freed 0K, 3% free 17207K/17671K, paused 18ms
04-12 15:43:26.190: D/dalvikvm(5727): GC_FOR_ALLOC freed <1K, 4% free 17747K/18311K, paused 18ms
04-12 15:43:26.213: D/dalvikvm(5727): GC_FOR_ALLOC freed 0K, 4% free 18287K/18951K, paused 18ms
04-12 15:43:28.260: E/TiBaseActivity(5727): (main) [6121,7474] Layout cleanup.
04-12 15:43:28.299: I/WindowManager(183): createSurface Window{41d50d80 com.android.launcher/com.android.launcher2.Launcher paused=false}: DRAW NOW PENDING
04-12 15:43:28.619: W/InputManagerService(183): Starting input on non-focused client com.android.internal.view.IInputMethodClient$Stub$Proxy@419c9290 (uid=10069 pid=5727)
04-12 15:43:28.994: I/ActivityManager(183): No longer want com.google.android.gallery3d (pid 5003): hidden #16
04-12 15:43:29.010: E/TiBaseActivity(5727): (main) [757,8231] Layout cleanup.
04-12 15:43:29.018: E/TiBaseActivity(5727): (main) [4,8235] Layout cleanup.
04-12 15:43:29.807: I/ActivityManager(183): START {act=android.intent.action.MAIN cat=[android.intent.category.LAUNCHER] flg=0x10200000 cmp=com.appcelerator.titanium/.KitchensinkActivity} from pid 488
04-12 15:43:29.869: I/WindowManager(183): createSurface Window{41c2b270 Starting com.appcelerator.titanium paused=false}: DRAW NOW PENDING
04-12 15:43:29.893: I/TiRootActivity(5727): (main) [0,0] checkpoint, on root activity create, savedInstanceState: null
04-12 15:43:29.940: D/OpenGLRenderer(488): Flushing caches (mode 1)
04-12 15:43:29.948: D/OpenGLRenderer(488): Flushing caches (mode 0)
04-12 15:43:29.955: V/PhoneStatusBar(267): setLightsOn(true)
04-12 15:43:30.276: W/TiApplication(5727): (KrollRuntimeThread) [381,381] Registering module with name already in use.
04-12 15:43:30.276: E/TiApplication(5727): (KrollRuntimeThread) [0,381] APP PROXY: ti.modules.titanium.app.AppModule@41a09940
04-12 15:43:30.291: W/V8Object(5727): Runtime disposed, cannot set property 'userAgent'
04-12 15:43:30.666: E/TiAPI(5727): !!!
04-12 15:43:30.666: E/TiAPI(5727): !!! WARNING : Use of unsupported constant Ti.UI.iPhone.AnimationStyle.FLIP_FROM_LEFT !!!
04-12 15:43:30.666: E/TiAPI(5727): !!!
04-12 15:43:30.721: I/ActivityManager(183): START {cmp=com.appcelerator.titanium/ti.modules.titanium.ui.TiTabActivity (has extras)} from pid 5727
04-12 15:43:30.776: I/TiAPI(5727): Welcome to Kitchen Sink for Titanium/2.0.1
04-12 15:43:30.776: D/TiAPI(5727): user agent set to Dalvik/1.6.0 (Linux; U; Android 4.0.2; Galaxy Nexus Build/ICL53F) Titanium/2.0.1
04-12 15:43:30.784: D/TiAPI(5727): locale specific date is 4/12/12
04-12 15:43:30.784: D/TiAPI(5727): locale specific date (medium) is Apr 12, 2012
04-12 15:43:30.784: D/TiAPI(5727): locale specific date (long) is April 12, 2012
04-12 15:43:30.784: D/TiAPI(5727): locale specific time is 3:43 PM
04-12 15:43:30.791: D/TiAPI(5727): locale specific currency is $12.99
04-12 15:43:30.791: D/TiAPI(5727): locale specific decimal is 12.99
04-12 15:43:30.791: I/TiAPI(5727): should be en, was = en
04-12 15:43:30.791: I/TiAPI(5727): welcome_message = Welcome to Kitchen Sink for Titanium/
04-12 15:43:30.791: I/TiAPI(5727): should be def, was = def
04-12 15:43:30.791: I/TiAPI(5727): welcome_message = Welcome to Kitchen Sink for Titanium/
04-12 15:43:30.791: I/TiAPI(5727): should be def, was = def
04-12 15:43:30.791: I/TiAPI(5727): should be 1, was = 1
04-12 15:43:30.799: E/TitaniumModule(5727): (KrollRuntimeThread) [518,899] Error in string format
04-12 15:43:30.799: E/TitaniumModule(5727): java.util.IllegalFormatConversionException: %f can't format java.lang.Integer arguments
04-12 15:43:30.799: E/TitaniumModule(5727): at java.util.Formatter.badArgumentType(Formatter.java:1487)
04-12 15:43:30.799: E/TitaniumModule(5727): at java.util.Formatter.transformFromFloat(Formatter.java:2036)
04-12 15:43:30.799: E/TitaniumModule(5727): at java.util.Formatter.transform(Formatter.java:1463)
04-12 15:43:30.799: E/TitaniumModule(5727): at java.util.Formatter.doFormat(Formatter.java:1079)
04-12 15:43:30.799: E/TitaniumModule(5727): at java.util.Formatter.format(Formatter.java:1040)
04-12 15:43:30.799: E/TitaniumModule(5727): at java.util.Formatter.format(Formatter.java:1009)
04-12 15:43:30.799: E/TitaniumModule(5727): at java.lang.String.format(String.java:1998)
04-12 15:43:30.799: E/TitaniumModule(5727): at java.lang.String.format(String.java:1972)
04-12 15:43:30.799: E/TitaniumModule(5727): at ti.modules.titanium.TitaniumModule.stringFormat(TitaniumModule.java:299)
04-12 15:43:30.799: E/TitaniumModule(5727): at org.appcelerator.kroll.runtime.v8.V8Runtime.nativeRunModule(Native Method)
04-12 15:43:30.799: E/TitaniumModule(5727): at org.appcelerator.kroll.runtime.v8.V8Runtime.doRunModule(V8Runtime.java:134)
04-12 15:43:30.799: E/TitaniumModule(5727): at org.appcelerator.kroll.KrollRuntime.handleMessage(KrollRuntime.java:267)
04-12 15:43:30.799: E/TitaniumModule(5727): at org.appcelerator.kroll.runtime.v8.V8Runtime.handleMessage(V8Runtime.java:160)
04-12 15:43:30.799: E/TitaniumModule(5727): at android.os.Handler.dispatchMessage(Handler.java:95)
04-12 15:43:30.799: E/TitaniumModule(5727): at android.os.Looper.loop(Looper.java:137)
04-12 15:43:30.799: E/TitaniumModule(5727): at org.appcelerator.kroll.KrollRuntime$KrollRuntimeThread.run(KrollRuntime.java:104)
04-12 15:43:30.799: I/TiAPI(5727): should be 1.0, was = null
04-12 15:43:30.799: I/TiAPI(5727): should be hello, was = hello
04-12 15:43:30.799: I/TiAPI(5727): you should see a list of properties (3 or more) below this line
04-12 15:43:30.799: I/TiAPI(5727): ---------------------------------------------------------------
04-12 15:43:30.799: I/TiAPI(5727): win1 property: children
04-12 15:43:30.799: I/TiAPI(5727): win1 property: size
04-12 15:43:30.799: I/TiAPI(5727): win1 property: center
04-12 15:43:30.799: I/TiAPI(5727): win1 property: borderRadius
04-12 15:43:30.799: I/TiAPI(5727): win1 property: keepScreenOn
04-12 15:43:30.799: I/TiAPI(5727): win1 property: tab
04-12 15:43:30.799: I/TiAPI(5727): win1 property: backgroundSelectedImage
04-12 15:43:30.799: I/TiAPI(5727): win1 property: borderColor
04-12 15:43:30.799: I/TiAPI(5727): win1 property: backgroundSelectedColor
04-12 15:43:30.799: I/TiAPI(5727): win1 property: backgroundPadding
04-12 15:43:30.799: I/TiAPI(5727): win1 property: _hasJavaListener
04-12 15:43:30.799: I/TiAPI(5727): win1 property: top
04-12 15:43:30.799: I/TiAPI(5727): win1 property: width
04-12 15:43:30.799: I/TiAPI(5727): win1 property: visible
04-12 15:43:30.799: I/TiAPI(5727): win1 property: touchEnabled
04-12 15:43:30.799: I/TiAPI(5727): win1 property: softKeyboardOnFocus
04-12 15:43:30.799: I/TiAPI(5727): win1 property: opacity
04-12 15:43:30.799: I/TiAPI(5727): win1 property: backgroundFocusedImage
04-12 15:43:30.799: I/TiAPI(5727): win1 property: backgroundRepeat
04-12 15:43:30.799: I/TiAPI(5727): win1 property: backgroundFocusedColor
04-12 15:43:30.799: I/TiAPI(5727): win1 property: enabled
04-12 15:43:30.799: I/TiAPI(5727): win1 property: exitOnClose
