04-12 14:49:14.213: D/dalvikvm(4801): GC_CONCURRENT freed 428K, 4% free 14230K/14791K, paused 5ms+3ms
04-12 14:49:14.276: D/TiAnalyticsDb(4801): (main) [128,128] Creating Database tianalytics.db
04-12 14:49:14.276: I/TiAnalyticsDb(4801): (main) [1,129] Upgrading Database from 1 to 4
04-12 14:49:14.479: E/TiApplication(4801): (KrollRuntimeThread) [201,330] APP PROXY: ti.modules.titanium.app.AppModule@4182c350
04-12 14:49:14.541: D/Module(4801): Loading module: ui/ApplicationWindow -> Resources/ui/ApplicationWindow.js
04-12 14:49:14.627: D/Module(4801): Loading module: ui/ApplicationWindowPlatform -> Resources/ui/ApplicationWindowPlatform.js
04-12 14:49:14.690: I/ActivityManager(183): START {cmp=com.appcelerator.html/org.appcelerator.titanium.TiModalActivity (has extras)} from pid 4801
04-12 14:49:14.744: D/dalvikvm(4801): GC_FOR_ALLOC freed 243K, 4% free 14333K/14791K, paused 18ms
04-12 14:49:14.744: I/dalvikvm-heap(4801): Grow heap (frag case) to 15.532MB for 1536016-byte allocation
04-12 14:49:14.776: D/dalvikvm(4801): GC_CONCURRENT freed 19K, 4% free 15813K/16327K, paused 1ms+5ms
04-12 14:49:14.830: D/dalvikvm(4801): GC_FOR_ALLOC freed 0K, 4% free 15814K/16327K, paused 11ms
04-12 14:49:14.838: I/dalvikvm-heap(4801): Grow heap (frag case) to 18.118MB for 2731536-byte allocation
04-12 14:49:14.869: D/dalvikvm(4801): GC_CONCURRENT freed 0K, 3% free 18481K/19015K, paused 1ms+6ms
04-12 14:49:14.948: I/TiRootActivity(4801): (main) [0,0] checkpoint, on root activity resume. activity = com.appcelerator.html.HtmlActivity@41846148
04-12 14:49:14.963: I/WindowManager(183): createSurface Window{41cdb058 com.appcelerator.html/com.appcelerator.html.HtmlActivity paused=false}: DRAW NOW PENDING
04-12 14:49:15.190: D/dalvikvm(4801): GC_CONCURRENT freed 2590K, 14% free 17344K/20039K, paused 4ms+3ms
04-12 14:49:15.244: D/dalvikvm(4801): GC_CONCURRENT freed 817K, 12% free 17637K/20039K, paused 2ms+2ms
04-12 14:49:15.284: D/dalvikvm(4801): GC_FOR_ALLOC freed 272K, 12% free 17636K/20039K, paused 13ms
04-12 14:49:15.284: I/dalvikvm-heap(4801): Grow heap (frag case) to 18.077MB for 822104-byte allocation
04-12 14:49:15.299: D/dalvikvm(4801): GC_FOR_ALLOC freed 535K, 15% free 17904K/20871K, paused 12ms
04-12 14:49:15.299: D/Finsky(4618): [1] 5.onFinished: Installation state replication succeeded.
04-12 14:49:15.354: D/dalvikvm(4801): GC_CONCURRENT freed 402K, 11% free 18677K/20871K, paused 2ms+2ms
04-12 14:49:16.096: I/ActivityManager(183): Displayed com.appcelerator.html/.HtmlActivity: +3s120ms
04-12 14:49:16.284: D/TiUIView(4801): (main) [1337,1337] Nativeview is null
04-12 14:49:16.291: I/TiWebChromeClient.console(4801): (main) [7,1344] Viewport argument value "device-width;" for key "width" not recognized. Content ignored. (47:file:///android_asset/Resources/HTML/index.html)
04-12 14:49:16.291: I/WindowManager(183): createSurface Window{41d45e40 com.appcelerator.html/org.appcelerator.titanium.TiModalActivity paused=false}: DRAW NOW PENDING
04-12 14:49:16.401: D/TiUIView(4801): (main) [108,1452] Nativeview is null
04-12 14:49:16.409: W/InputManagerService(183): Starting input on non-focused client com.android.internal.view.IInputMethodClient$Stub$Proxy@41c5be10 (uid=10031 pid=488)
04-12 14:49:16.409: I/WindowManager(183): createSurface Window{41d45e40 com.appcelerator.html/org.appcelerator.titanium.TiModalActivity paused=false}: DRAW NOW PENDING
04-12 14:49:16.510: D/dalvikvm(4801): GC_FOR_ALLOC freed 1639K, 18% free 17289K/20871K, paused 12ms
04-12 14:49:16.510: I/dalvikvm-heap(4801): Grow heap (frag case) to 19.688MB for 2867344-byte allocation
04-12 14:49:16.541: D/dalvikvm(4801): GC_FOR_ALLOC freed 11K, 16% free 20078K/23687K, paused 20ms
04-12 14:49:16.588: D/dalvikvm(4801): GC_CONCURRENT freed <1K, 16% free 20079K/23687K, paused 1ms+2ms
04-12 14:49:16.596: I/ActivityManager(183): Displayed com.appcelerator.html/org.appcelerator.titanium.TiModalActivity: +1s640ms
04-12 14:49:16.596: V/PhoneStatusBar(267): setLightsOn(true)
04-12 14:49:17.682: D/TiWebViewBinding(4801): (KrollRuntimeThread) [1279,2731] getJSValue:javascript:_TiReturn.setValue((function(){try{return document.title+"";}catch(ti_eval_err){return '';}})());
04-12 14:49:17.682: W/webview(4801): java.lang.Throwable: Warning: A WebView method was called on thread 'KrollRuntimeThread'. All WebView methods must be called on the UI thread. Future versions of WebView may not support use on other threads.
04-12 14:49:17.682: W/webview(4801): at android.webkit.WebView.checkThread(WebView.java:9355)
04-12 14:49:17.682: W/webview(4801): at android.webkit.WebView.loadUrl(WebView.java:2032)
04-12 14:49:17.682: W/webview(4801): at ti.modules.titanium.ui.widget.webview.TiWebViewBinding.getJSValue(TiWebViewBinding.java:126)
04-12 14:49:17.682: W/webview(4801): at ti.modules.titanium.ui.widget.webview.TiUIWebView.getJSValue(TiUIWebView.java:436)
04-12 14:49:17.682: W/webview(4801): at ti.modules.titanium.ui.WebViewProxy.evalJS(WebViewProxy.java:95)
04-12 14:49:17.682: W/webview(4801): at org.appcelerator.kroll.runtime.v8.V8Object.nativeFireEvent(Native Method)
04-12 14:49:17.682: W/webview(4801): at org.appcelerator.kroll.runtime.v8.V8Object.fireEvent(V8Object.java:60)
04-12 14:49:17.682: W/webview(4801): at org.appcelerator.kroll.KrollProxy.doFireEvent(KrollProxy.java:494)
04-12 14:49:17.682: W/webview(4801): at org.appcelerator.kroll.KrollProxy.handleMessage(KrollProxy.java:675)
04-12 14:49:17.682: W/webview(4801): at org.appcelerator.titanium.proxy.TiViewProxy.handleMessage(TiViewProxy.java:395)
04-12 14:49:17.682: W/webview(4801): at ti.modules.titanium.ui.WebViewProxy.handleMessage(WebViewProxy.java:133)
04-12 14:49:17.682: W/webview(4801): at android.os.Handler.dispatchMessage(Handler.java:95)
04-12 14:49:17.682: W/webview(4801): at android.os.Looper.loop(Looper.java:137)
04-12 14:49:17.682: W/webview(4801): at org.appcelerator.kroll.KrollRuntime$KrollRuntimeThread.run(KrollRuntime.java:104)
04-12 14:49:20.643: W/webview(4801): java.lang.Throwable: Warning: A WebView method was called on thread 'KrollRuntimeThread'. All WebView methods must be called on the UI thread. Future versions of WebView may not support use on other threads.
04-12 14:49:20.643: W/webview(4801): at android.webkit.WebView.checkThread(WebView.java:9355)
04-12 14:49:20.643: W/webview(4801): at android.webkit.WebView.canGoBack(WebView.java:2220)
04-12 14:49:20.643: W/webview(4801): at ti.modules.titanium.ui.widget.webview.TiUIWebView.canGoBack(TiUIWebView.java:527)
04-12 14:49:20.643: W/webview(4801): at ti.modules.titanium.ui.WebViewProxy.canGoBack(WebViewProxy.java:170)
04-12 14:49:20.643: W/webview(4801): at org.appcelerator.kroll.runtime.v8.V8Object.nativeFireEvent(Native Method)
04-12 14:49:20.643: W/webview(4801): at org.appcelerator.kroll.runtime.v8.V8Object.fireEvent(V8Object.java:60)
04-12 14:49:20.643: W/webview(4801): at org.appcelerator.kroll.KrollProxy.doFireEvent(KrollProxy.java:494)
04-12 14:49:20.643: W/webview(4801): at org.appcelerator.kroll.KrollProxy.handleMessage(KrollProxy.java:675)
04-12 14:49:20.643: W/webview(4801): at org.appcelerator.titanium.proxy.TiViewProxy.handleMessage(TiViewProxy.java:395)
04-12 14:49:20.643: W/webview(4801): at org.appcelerator.titanium.proxy.TiWindowProxy.handleMessage(TiWindowProxy.java:110)
04-12 14:49:20.643: W/webview(4801): at ti.modules.titanium.ui.ActivityWindowProxy.handleMessage(ActivityWindowProxy.java:93)
04-12 14:49:20.643: W/webview(4801): at android.os.Handler.dispatchMessage(Handler.java:95)
04-12 14:49:20.643: W/webview(4801): at android.os.Looper.loop(Looper.java:137)
04-12 14:49:20.643: W/webview(4801): at org.appcelerator.kroll.KrollRuntime$KrollRuntimeThread.run(KrollRuntime.java:104)
04-12 14:49:21.002: E/TiBaseActivity(4801): (main) [3322,6053] Layout cleanup.
04-12 14:49:21.049: I/WindowManager(183): createSurface Window{41d50d80 com.android.launcher/com.android.launcher2.Launcher paused=false}: DRAW NOW PENDING
04-12 14:49:21.244: W/InputManagerService(183): Starting input on non-focused client com.android.internal.view.IInputMethodClient$Stub$Proxy@41d53fa0 (uid=10067 pid=4801)
04-12 14:49:21.494: I/ActivityManager(183): No longer want com.google.android.apps.uploader (pid 4354): hidden #16
04-12 14:49:21.541: D/webviewglue(4801): nativeDestroy view: 0x4028e0
04-12 14:49:21.549: E/TiBaseActivity(4801): (main) [544,6597] Layout cleanup.
04-12 14:49:23.377: D/dalvikvm(488): GC_FOR_ALLOC freed 3502K, 21% free 28426K/35655K, paused 21ms
04-12 14:49:23.494: D/dalvikvm(488): GC_CONCURRENT freed 34K, 15% free 30341K/35655K, paused 2ms+5ms
04-12 14:49:23.830: I/ActivityManager(183): START {act=android.intent.action.MAIN cat=[android.intent.category.LAUNCHER] flg=0x10200000 cmp=com.appcelerator.masterdetail/.MasterdetailActivity} from pid 488
04-12 14:49:23.916: D/dalvikvm(183): GC_FOR_ALLOC freed 4674K, 33% free 21467K/31687K, paused 65ms
04-12 14:49:23.940: I/dalvikvm(4831): Turning on JNI app bug workarounds for target SDK version 8...
04-12 14:49:23.948: I/ActivityManager(183): Start proc com.appcelerator.masterdetail for activity com.appcelerator.masterdetail/.MasterdetailActivity: pid=4831 uid=10069 gids={1015, 3003}
04-12 14:49:23.963: D/OpenGLRenderer(488): Flushing caches (mode 1)
04-12 14:49:23.971: I/TiApplication(4831): (main) [1,1] checkpoint, app created.
04-12 14:49:23.994: I/TiApplication(4831): (main) [26,27] Titanium 2.0.1 (2012/04/10 13:18 0234887)
04-12 14:49:24.010: D/dalvikvm(183): GC_FOR_ALLOC freed 267K, 28% free 22937K/31687K, paused 46ms
04-12 14:49:24.018: I/dalvikvm-heap(183): Grow heap (frag case) to 25.080MB for 2731536-byte allocation
04-12 14:49:24.073: D/dalvikvm(183): GC_CONCURRENT freed <1K, 20% free 25604K/31687K, paused 2ms+4ms
04-12 14:49:24.127: I/WindowManager(183): createSurface Window{41801dc8 Starting com.appcelerator.masterdetail paused=false}: DRAW NOW PENDING
04-12 14:49:24.159: D/dalvikvm(4831): GC_CONCURRENT freed 341K, 3% free 14163K/14599K, paused 2ms+2ms
04-12 14:49:24.213: D/OpenGLRenderer(488): Flushing caches (mode 0)
04-12 14:49:24.213: V/PhoneStatusBar(267): setLightsOn(true)
04-12 14:49:24.760: I/TiDbHelper(4831): (main) [764,791] No value in database for platform key: 'unique_machine_id' returning supplied default ''
04-12 14:49:24.776: I/TiDbHelper(4831): (main) [13,804] No value in database for platform key: 'hardware_machine_id' returning supplied default ''
04-12 14:49:25.010: D/dalvikvm(4831): Trying to load lib /data/data/com.appcelerator.masterdetail/lib/libstlport_shared.so 0x4180da00
04-12 14:49:25.010: I/TiApplication(4831): (main) [239,1043] Titanium Javascript runtime: v8
04-12 14:49:25.041: D/dalvikvm(4831): Added shared lib /data/data/com.appcelerator.masterdetail/lib/libstlport_shared.so 0x4180da00
04-12 14:49:25.041: D/dalvikvm(4831): No JNI_OnLoad found in /data/data/com.appcelerator.masterdetail/lib/libstlport_shared.so 0x4180da00, skipping init
04-12 14:49:25.041: D/dalvikvm(4831): Trying to load lib /data/data/com.appcelerator.masterdetail/lib/libkroll-v8.so 0x4180da00
04-12 14:49:25.080: D/dalvikvm(4831): Added shared lib /data/data/com.appcelerator.masterdetail/lib/libkroll-v8.so 0x4180da00
04-12 14:49:25.080: I/TiRootActivity(4831): (main) [0,0] checkpoint, on root activity create, savedInstanceState: null
04-12 14:49:25.088: D/dalvikvm(4831): GC_CONCURRENT freed 395K, 4% free 14221K/14727K, paused 5ms+6ms
04-12 14:49:25.213: D/TiAnalyticsDb(4831): (main) [136,136] Creating Database tianalytics.db
04-12 14:49:25.221: I/TiAnalyticsDb(4831): (main) [1,137] Upgrading Database from 1 to 4
04-12 14:49:25.385: E/TiApplication(4831): (KrollRuntimeThread) [169,306] APP PROXY: ti.modules.titanium.app.AppModule@4182a0b0
04-12 14:49:25.518: D/Module(4831): Loading module: ui/tablet/ApplicationWindow -> Resources/ui/tablet/ApplicationWindow.js
04-12 14:49:25.565: D/Module(4831): Loading module: ui/common/MasterView -> Resources/ui/common/MasterView.js
04-12 14:49:25.588: D/Module(4831): Loading module: ui/common/DetailView -> Resources/ui/common/DetailView.js
04-12 14:49:25.729: D/dalvikvm(183): GC_EXPLICIT freed 1509K, 24% free 24119K/31687K, paused 3ms+5ms
04-12 14:49:25.791: D/dalvikvm(4831): GC_CONCURRENT freed 283K, 3% free 14375K/14791K, paused 4ms+6ms
04-12 14:49:25.838: D/dalvikvm(4831): GC_FOR_ALLOC freed 8K, 3% free 14367K/14791K, paused 34ms
04-12 14:49:25.838: I/dalvikvm-heap(4831): Grow heap (frag case) to 15.564MB for 1536016-byte allocation
04-12 14:49:25.924: D/dalvikvm(4831): GC_FOR_ALLOC freed 15K, 3% free 15852K/16327K, paused 11ms
04-12 14:49:25.932: D/dalvikvm(4831): GC_FOR_ALLOC freed 0K, 3% free 15852K/16327K, paused 11ms
04-12 14:49:25.940: I/dalvikvm-heap(4831): Grow heap (frag case) to 18.155MB for 2731536-byte allocation
04-12 14:49:25.971: D/dalvikvm(4831): GC_CONCURRENT freed 0K, 3% free 18520K/19015K, paused 2ms+7ms
04-12 14:49:26.049: I/TiRootActivity(4831): (main) [0,0] checkpoint, on root activity resume. activity = com.appcelerator.masterdetail.MasterdetailActivity@418437e8
04-12 14:49:26.065: I/WindowManager(183): createSurface Window{41c76240 com.appcelerator.masterdetail/com.appcelerator.masterdetail.MasterdetailActivity paused=false}: DRAW NOW PENDING
04-12 14:49:26.088: W/InputManagerService(183): Starting input on non-focused client com.android.internal.view.IInputMethodClient$Stub$Proxy@41c5be10 (uid=10031 pid=488)
04-12 14:49:26.190: I/ActivityManager(183): Displayed com.appcelerator.masterdetail/.MasterdetailActivity: +2s267ms
04-12 14:49:26.190: V/PhoneStatusBar(267): setLightsOn(true)
04-12 14:49:29.994: I/WindowManager(183): createSurface Window{41d50d80 com.android.launcher/com.android.launcher2.Launcher paused=false}: DRAW NOW PENDING
04-12 14:49:30.385: W/InputManagerService(183): Starting input on non-focused client com.android.internal.view.IInputMethodClient$Stub$Proxy@41d77678 (uid=10069 pid=4831)
04-12 14:49:31.119: I/ActivityManager(183): No longer want com.google.android.browser (pid 3946): hidden #16
04-12 14:49:31.198: E/TiBaseActivity(4831): (main) [5150,5150] Layout cleanup.
04-12 14:49:32.526: I/ActivityManager(183): START {act=android.intent.action.MAIN cat=[android.intent.category.LAUNCHER] flg=0x10200000 cmp=com.appcelerator.newproject/.NewprojectActivity} from pid 488
04-12 14:49:32.651: D/dalvikvm(183): GC_CONCURRENT freed 2980K, 27% free 23187K/31687K, paused 4ms+5ms
04-12 14:49:32.666: I/dalvikvm(4860): Turning on JNI app bug workarounds for target SDK version 8...
04-12 14:49:32.705: D/dalvikvm(183): GC_FOR_ALLOC freed 14K, 27% free 23174K/31687K, paused 50ms
04-12 14:49:32.705: I/dalvikvm-heap(183): Grow heap (frag case) to 25.311MB for 2731536-byte allocation
04-12 14:49:32.760: D/dalvikvm(183): GC_FOR_ALLOC freed <1K, 19% free 25841K/31687K, paused 46ms
04-12 14:49:32.768: I/ActivityManager(183): Start proc com.appcelerator.newproject for activity com.appcelerator.newproject/.NewprojectActivity: pid=4860 uid=10070 gids={1015, 3003}
04-12 14:49:32.791: I/TiApplication(4860): (main) [0,0] checkpoint, app created.
04-12 14:49:32.807: I/WindowManager(183): createSurface Window{41cb4370 Starting com.appcelerator.newproject paused=false}: DRAW NOW PENDING
04-12 14:49:32.823: I/TiApplication(4860): (main) [29,29] Titanium 2.0.1 (2012/04/10 13:18 0234887)
04-12 14:49:32.838: D/OpenGLRenderer(488): Flushing caches (mode 1)
04-12 14:49:32.893: D/OpenGLRenderer(488): Flushing caches (mode 0)
04-12 14:49:32.909: V/PhoneStatusBar(267): setLightsOn(true)
04-12 14:49:32.940: D/dalvikvm(4860): GC_CONCURRENT freed 287K, 3% free 14176K/14599K, paused 2ms+2ms
04-12 14:49:33.619: I/TiDbHelper(4860): (main) [801,830] No value in database for platform key: 'unique_machine_id' returning supplied default ''
04-12 14:49:33.627: I/TiDbHelper(4860): (main) [10,840] No value in database for platform key: 'hardware_machine_id' returning supplied default ''
04-12 14:49:33.744: D/dalvikvm(4860): GC_CONCURRENT freed 419K, 5% free 14180K/14791K, paused 4ms+3ms
04-12 14:49:33.854: D/dalvikvm(4860): Trying to load lib /data/data/com.appcelerator.newproject/lib/libstlport_shared.so 0x4180e750
04-12 14:49:33.854: I/TiApplication(4860): (main) [226,1066] Titanium Javascript runtime: v8
04-12 14:49:33.862: D/dalvikvm(4860): Added shared lib /data/data/com.appcelerator.newproject/lib/libstlport_shared.so 0x4180e750
04-12 14:49:33.862: D/dalvikvm(4860): No JNI_OnLoad found in /data/data/com.appcelerator.newproject/lib/libstlport_shared.so 0x4180e750, skipping init
04-12 14:49:33.862: D/dalvikvm(4860): Trying to load lib /data/data/com.appcelerator.newproject/lib/libkroll-v8.so 0x4180e750
04-12 14:49:33.885: I/TiRootActivity(4860): (main) [0,0] checkpoint, on root activity create, savedInstanceState: null
04-12 14:49:33.885: D/dalvikvm(4860): Added shared lib /data/data/com.appcelerator.newproject/lib/libkroll-v8.so 0x4180e750
04-12 14:49:34.041: D/TiAnalyticsDb(4860): (main) [156,156] Creating Database tianalytics.db
04-12 14:49:34.041: I/TiAnalyticsDb(4860): (main) [1,157] Upgrading Database from 1 to 4
04-12 14:49:34.166: E/TiApplication(4860): (KrollRuntimeThread) [126,283] APP PROXY: ti.modules.titanium.app.AppModule@41823378
04-12 14:49:34.479: I/ActivityManager(183): START {cmp=com.appcelerator.newproject/ti.modules.titanium.ui.TiTabActivity (has extras)} from pid 4860
04-12 14:49:34.541: D/dalvikvm(4860): GC_FOR_ALLOC freed 209K, 4% free 14313K/14791K, paused 23ms
04-12 14:49:34.549: I/dalvikvm-heap(4860): Grow heap (frag case) to 15.512MB for 1536016-byte allocation
04-12 14:49:34.565: D/dalvikvm(4860): GC_CONCURRENT freed 27K, 4% free 15785K/16327K, paused 2ms+2ms
04-12 14:49:34.604: D/dalvikvm(4860): GC_FOR_ALLOC freed 0K, 4% free 15786K/16327K, paused 10ms
04-12 14:49:34.612: I/dalvikvm-heap(4860): Grow heap (frag case) to 18.089MB for 2731536-byte allocation
04-12 14:49:34.619: D/dalvikvm(4860): GC_CONCURRENT freed 0K, 3% free 18453K/19015K, paused 1ms+2ms
04-12 14:49:34.674: I/TiRootActivity(4860): (main) [0,0] checkpoint, on root activity resume. activity = com.appcelerator.newproject.NewprojectActivity@41857688
04-12 14:49:34.721: W/TiTabActivity(4860): (main) [48,48] Notifying TiTabGroup, activity is created
04-12 14:49:34.729: I/WindowManager(183): createSurface Window{41d538a0 com.appcelerator.newproject/ti.modules.titanium.ui.TiTabActivity paused=false}: DRAW NOW PENDING
04-12 14:49:34.846: D/TiUIView(4860): (main) [124,172] Nativeview is null
04-12 14:49:34.979: W/InputManagerService(183): Starting input on non-focused client com.android.internal.view.IInputMethodClient$Stub$Proxy@41c5be10 (uid=10031 pid=488)
04-12 14:49:35.026: I/ActivityManager(183): Displayed com.appcelerator.newproject/ti.modules.titanium.ui.TiTabActivity: +347ms (total +2s421ms)
04-12 14:49:35.034: D/TiUIView(4860): (main) [185,357] Nativeview is null
04-12 14:49:35.034: V/PhoneStatusBar(267): setLightsOn(true)
04-12 14:49:35.846: D/TiUIView(4860): (main) [819,1176] Nativeview is null
04-12 14:49:35.893: D/TiUIView(4860): (main) [45,1221] Nativeview is null
04-12 14:49:48.112: E/TiBaseActivity(4860): (main) [12220,13441] Layout cleanup.
04-12 14:49:48.159: I/WindowManager(183): createSurface Window{41d50d80 com.android.launcher/com.android.launcher2.Launcher paused=false}: DRAW NOW PENDING
04-12 14:49:48.604: W/InputManagerService(183): Starting input on non-focused client com.android.internal.view.IInputMethodClient$Stub$Proxy@41d42c68 (uid=10070 pid=4860)
04-12 14:49:48.971: I/ActivityManager(183): No longer want com.android.contacts (pid 4550): hidden #16
04-12 14:49:49.002: E/TiBaseActivity(4860): (main) [886,14327] Layout cleanup.
04-12 14:49:49.002: E/TiBaseActivity(4860): (main) [2,14329] Layout cleanup.
04-12 14:49:50.041: I/ActivityManager(183): START {act=android.intent.action.MAIN cat=[android.intent.category.LAUNCHER] flg=0x10200000 cmp=com.appcelerator.singlewindow/.SinglewindowActivity} from pid 488
04-12 14:49:50.135: D/dalvikvm(183): GC_FOR_ALLOC freed 4767K, 28% free 22992K/31687K, paused 44ms
04-12 14:49:50.182: D/dalvikvm(183): GC_FOR_ALLOC freed 30K, 27% free 23187K/31687K, paused 42ms
04-12 14:49:50.182: I/dalvikvm-heap(183): Grow heap (frag case) to 25.324MB for 2731536-byte allocation
04-12 14:49:50.229: D/dalvikvm(183): GC_FOR_ALLOC freed 5K, 19% free 25849K/31687K, paused 44ms
04-12 14:49:50.315: I/WindowManager(183): createSurface Window{41d7d448 Starting com.appcelerator.singlewindow paused=false}: DRAW NOW PENDING
04-12 14:49:50.315: I/ActivityManager(183): Start proc com.appcelerator.singlewindow for activity com.appcelerator.singlewindow/.SinglewindowActivity: pid=4887 uid=10071 gids={1015, 3003}
04-12 14:49:50.330: I/dalvikvm(4887): Turning on JNI app bug workarounds for target SDK version 8...
04-12 14:49:50.385: I/TiApplication(4887): (main) [0,0] checkpoint, app created.
04-12 14:49:50.385: D/OpenGLRenderer(488): Flushing caches (mode 1)
04-12 14:49:50.385: D/dalvikvm(183): GC_CONCURRENT freed 7K, 19% free 25861K/31687K, paused 2ms+6ms
04-12 14:49:50.409: I/TiApplication(4887): (main) [28,28] Titanium 2.0.1 (2012/04/10 13:18 0234887)
04-12 14:49:50.440: D/OpenGLRenderer(488): Flushing caches (mode 0)
04-12 14:49:50.455: V/PhoneStatusBar(267): setLightsOn(true)
04-12 14:49:50.471: D/dalvikvm(267): GC_CONCURRENT freed 732K, 6% free 15981K/16839K, paused 3ms+2ms
04-12 14:49:50.549: D/dalvikvm(4887): GC_CONCURRENT freed 296K, 3% free 14183K/14599K, paused 6ms+1ms
04-12 14:49:51.041: W/TiAnalyticsSvc(4801): (Thread-490) [29498,36095] Analytics Service Started
04-12 14:49:51.112: I/TiAnalyticsSvc(4801): (Thread-490) [66,36161] Sending 3 analytics events.
04-12 14:49:51.213: I/TiDbHelper(4887): (main) [800,828] No value in database for platform key: 'unique_machine_id' returning supplied default ''
04-12 14:49:51.221: I/TiDbHelper(4887): (main) [9,837] No value in database for platform key: 'hardware_machine_id' returning supplied default ''
04-12 14:49:51.284: D/dalvikvm(4887): GC_CONCURRENT freed 411K, 5% free 14182K/14791K, paused 6ms+2ms
04-12 14:49:51.463: D/dalvikvm(4887): Trying to load lib /data/data/com.appcelerator.singlewindow/lib/libstlport_shared.so 0x4180f580
04-12 14:49:51.463: I/TiApplication(4887): (main) [248,1085] Titanium Javascript runtime: v8
04-12 14:49:51.471: D/dalvikvm(4887): Added shared lib /data/data/com.appcelerator.singlewindow/lib/libstlport_shared.so 0x4180f580
04-12 14:49:51.471: D/dalvikvm(4887): No JNI_OnLoad found in /data/data/com.appcelerator.singlewindow/lib/libstlport_shared.so 0x4180f580, skipping init
04-12 14:49:51.471: D/dalvikvm(4887): Trying to load lib /data/data/com.appcelerator.singlewindow/lib/libkroll-v8.so 0x4180f580
04-12 14:49:51.494: I/TiRootActivity(4887): (main) [0,0] checkpoint, on root activity create, savedInstanceState: null
04-12 14:49:51.502: D/dalvikvm(4887): Added shared lib /data/data/com.appcelerator.singlewindow/lib/libkroll-v8.so 0x4180f580
04-12 14:49:51.635: D/TiAnalyticsDb(4887): (main) [140,140] Creating Database tianalytics.db
04-12 14:49:51.635: I/TiAnalyticsDb(4887): (main) [1,141] Upgrading Database from 1 to 4
04-12 14:49:51.784: E/TiApplication(4887): (KrollRuntimeThread) [149,290] APP PROXY: ti.modules.titanium.app.AppModule@4183a9a8
04-12 14:49:51.862: D/Module(4887): Loading module: ui/tablet/ApplicationWindow -> Resources/ui/tablet/ApplicationWindow.js
04-12 14:49:51.924: D/Module(4887): Loading module: ui/common/FirstView -> Resources/ui/common/FirstView.js
04-12 14:49:51.924: W/TiAnalyticsSvc(4801): (Thread-490) [817,36978] Stopping Analytics Service
04-12 14:49:52.104: D/dalvikvm(4887): GC_CONCURRENT freed 235K, 4% free 14337K/14791K, paused 6ms+6ms
04-12 14:49:52.143: D/dalvikvm(4887): GC_FOR_ALLOC freed 5K, 4% free 14332K/14791K, paused 32ms
04-12 14:49:52.151: I/dalvikvm-heap(4887): Grow heap (frag case) to 15.530MB for 1536016-byte allocation
04-12 14:49:52.213: D/dalvikvm(4887): GC_FOR_ALLOC freed 28K, 4% free 15803K/16327K, paused 10ms
04-12 14:49:52.221: D/dalvikvm(4887): GC_FOR_ALLOC freed 0K, 4% free 15803K/16327K, paused 10ms
04-12 14:49:52.229: I/dalvikvm-heap(4887): Grow heap (frag case) to 18.107MB for 2731536-byte allocation
04-12 14:49:52.244: D/dalvikvm(4887): GC_CONCURRENT freed 0K, 3% free 18471K/19015K, paused 1ms+2ms
04-12 14:49:52.299: I/TiRootActivity(4887): (main) [0,0] checkpoint, on root activity resume. activity = com.appcelerator.singlewindow.SinglewindowActivity@41849db0
04-12 14:49:52.307: I/WindowManager(183): createSurface Window{41da0ff0 com.appcelerator.singlewindow/com.appcelerator.singlewindow.SinglewindowActivity paused=false}: DRAW NOW PENDING
04-12 14:49:52.315: W/InputManagerService(183): Starting input on non-focused client com.android.internal.view.IInputMethodClient$Stub$Proxy@41c5be10 (uid=10031 pid=488)
04-12 14:49:52.409: I/ActivityManager(183): Displayed com.appcelerator.singlewindow/.SinglewindowActivity: +2s140ms
04-12 14:49:52.409: V/PhoneStatusBar(267): setLightsOn(true)
04-12 14:49:53.112: I/ALERT(4887): (KrollRuntimeThread) [808,808] Welcome to Titanium!
04-12 14:49:53.190: V/PhoneStatusBar(267): setLightsOn(true)
04-12 14:49:53.190: I/WindowManager(183): createSurface Window{41dedf00 com.appcelerator.singlewindow/com.appcelerator.singlewindow.SinglewindowActivity paused=false}: DRAW NOW PENDING
04-12 14:49:53.862: V/PhoneStatusBar(267): setLightsOn(true)
04-12 14:49:53.862: W/InputManagerService(183): Window already focused, ignoring focus gain of: com.android.internal.view.IInputMethodClient$Stub$Proxy@41c62868
04-12 14:49:54.619: I/WindowManager(183): createSurface Window{41d50d80 com.android.launcher/com.android.launcher2.Launcher paused=false}: DRAW NOW PENDING
04-12 14:49:55.807: I/ActivityManager(183): No longer want com.google.android.gallery3d (pid 4564): hidden #16
04-12 14:49:55.909: E/TiBaseActivity(4887): (main) [2800,3608] Layout cleanup.
04-12 14:49:56.432: I/ActivityManager(183): START {act=android.intent.action.MAIN cat=[android.intent.category.LAUNCHER] flg=0x10200000 cmp=com.appcelerator.tabbed/.TabbedActivity} from pid 488
04-12 14:49:56.526: D/dalvikvm(183): GC_FOR_ALLOC freed 4713K, 28% free 22999K/31687K, paused 43ms
04-12 14:49:56.573: D/dalvikvm(183): GC_FOR_ALLOC freed 12K, 27% free 23212K/31687K, paused 45ms
04-12 14:49:56.573: I/dalvikvm-heap(183): Grow heap (frag case) to 25.348MB for 2731536-byte allocation
04-12 14:49:56.619: D/dalvikvm(183): GC_FOR_ALLOC freed 15K, 19% free 25864K/31687K, paused 41ms
04-12 14:49:56.643: I/ActivityManager(183): Start proc com.appcelerator.tabbed for activity com.appcelerator.tabbed/.TabbedActivity: pid=4914 uid=10072 gids={1015, 3003}
04-12 14:49:56.651: I/dalvikvm(4914): Turning on JNI app bug workarounds for target SDK version 8...
04-12 14:49:56.682: D/OpenGLRenderer(488): Flushing caches (mode 1)
04-12 14:49:56.682: I/WindowManager(183): createSurface Window{41df75a0 Starting com.appcelerator.tabbed paused=false}: DRAW NOW PENDING
04-12 14:49:56.690: I/TiApplication(4914): (main) [0,0] checkpoint, app created.
04-12 14:49:56.721: I/TiApplication(4914): (main) [31,31] Titanium 2.0.1 (2012/04/10 13:18 0234887)
04-12 14:49:56.752: D/dalvikvm(183): GC_CONCURRENT freed 1508K, 24% free 24375K/31687K, paused 3ms+5ms
04-12 14:49:56.784: V/PhoneStatusBar(267): setLightsOn(true)
04-12 14:49:56.784: D/OpenGLRenderer(488): Flushing caches (mode 0)
04-12 14:49:56.862: D/dalvikvm(4914): GC_CONCURRENT freed 349K, 4% free 14161K/14599K, paused 3ms+2ms
04-12 14:49:57.432: I/TiDbHelper(4914): (main) [710,741] No value in database for platform key: 'unique_machine_id' returning supplied default ''
04-12 14:49:57.448: I/TiDbHelper(4914): (main) [13,754] No value in database for platform key: 'hardware_machine_id' returning supplied default ''
04-12 14:49:57.674: D/dalvikvm(4914): Trying to load lib /data/data/com.appcelerator.tabbed/lib/libstlport_shared.so 0x418100a0
04-12 14:49:57.674: I/TiApplication(4914): (main) [234,988] Titanium Javascript runtime: v8
04-12 14:49:57.682: D/dalvikvm(4914): Added shared lib /data/data/com.appcelerator.tabbed/lib/libstlport_shared.so 0x418100a0
04-12 14:49:57.682: D/dalvikvm(4914): No JNI_OnLoad found in /data/data/com.appcelerator.tabbed/lib/libstlport_shared.so 0x418100a0, skipping init
04-12 14:49:57.682: D/dalvikvm(4914): Trying to load lib /data/data/com.appcelerator.tabbed/lib/libkroll-v8.so 0x418100a0
04-12 14:49:57.713: D/dalvikvm(4914): Added shared lib /data/data/com.appcelerator.tabbed/lib/libkroll-v8.so 0x418100a0
04-12 14:49:57.721: I/TiRootActivity(4914): (main) [0,0] checkpoint, on root activity create, savedInstanceState: null
04-12 14:49:57.729: D/dalvikvm(4914): GC_CONCURRENT freed 399K, 4% free 14213K/14727K, paused 2ms+9ms
04-12 14:49:57.838: D/TiAnalyticsDb(4914): (main) [124,124] Creating Database tianalytics.db
04-12 14:49:57.846: I/TiAnalyticsDb(4914): (main) [1,125] Upgrading Database from 1 to 4
04-12 14:49:58.057: E/TiApplication(4914): (KrollRuntimeThread) [217,342] APP PROXY: ti.modules.titanium.app.AppModule@41824768
04-12 14:49:58.135: D/Module(4914): Loading module: ui/tablet/ApplicationWindow -> Resources/ui/tablet/ApplicationWindow.js
04-12 14:49:58.182: D/Module(4914): Loading module: ui/common/ApplicationTabGroup -> Resources/ui/common/ApplicationTabGroup.js
04-12 14:49:58.323: I/ActivityManager(183): START {cmp=com.appcelerator.tabbed/ti.modules.titanium.ui.TiTabActivity (has extras)} from pid 4914
04-12 14:49:58.377: D/dalvikvm(4914): GC_FOR_ALLOC freed 215K, 3% free 14317K/14727K, paused 23ms
04-12 14:49:58.385: I/dalvikvm-heap(4914): Grow heap (frag case) to 15.515MB for 1536016-byte allocation
04-12 14:49:58.440: D/dalvikvm(4914): GC_CONCURRENT freed 19K, 3% free 15797K/16263K, paused 5ms+4ms
04-12 14:49:58.479: D/dalvikvm(4914): GC_FOR_ALLOC freed 0K, 3% free 15797K/16263K, paused 11ms
04-12 14:49:58.487: I/dalvikvm-heap(4914): Grow heap (frag case) to 18.101MB for 2731536-byte allocation
04-12 14:49:58.510: D/dalvikvm(4914): GC_CONCURRENT freed 0K, 3% free 18465K/18951K, paused 2ms+3ms
04-12 14:49:58.596: I/TiRootActivity(4914): (main) [0,0] checkpoint, on root activity resume. activity = com.appcelerator.tabbed.TabbedActivity@41843740
04-12 14:49:58.635: W/TiTabActivity(4914): (main) [41,41] Notifying TiTabGroup, activity is created
04-12 14:49:58.635: I/WindowManager(183): createSurface Window{41fd3218 com.appcelerator.tabbed/ti.modules.titanium.ui.TiTabActivity paused=false}: DRAW NOW PENDING
04-12 14:49:58.744: D/TiUIView(4914): (main) [114,155] Nativeview is null
04-12 14:49:58.830: W/InputManagerService(183): Starting input on non-focused client com.android.internal.view.IInputMethodClient$Stub$Proxy@41c5be10 (uid=10031 pid=488)
04-12 14:49:58.885: I/ActivityManager(183): Displayed com.appcelerator.tabbed/ti.modules.titanium.ui.TiTabActivity: +281ms (total +2s255ms)
04-12 14:49:58.885: V/PhoneStatusBar(267): setLightsOn(true)
04-12 14:49:58.885: D/TiUIView(4914): (main) [138,293] Nativeview is null
04-12 14:49:59.729: I/ActivityManager(183): START {cmp=com.appcelerator.tabbed/org.appcelerator.titanium.TiActivity (has extras)} from pid 4914
04-12 14:49:59.823: D/TiUIView(4914): (main) [936,1229] Nativeview is null
04-12 14:49:59.830: I/WindowManager(183): createSurface Window{41a66ce8 com.appcelerator.tabbed/org.appcelerator.titanium.TiActivity paused=false}: DRAW NOW PENDING
04-12 14:49:59.846: D/TiUIView(4914): (main) [21,1250] Nativeview is null
04-12 14:49:59.940: V/PhoneStatusBar(267): setLightsOn(true)
04-12 14:50:00.174: I/ActivityManager(183): Displayed com.appcelerator.tabbed/org.appcelerator.titanium.TiActivity: +399ms
04-12 14:50:01.174: I/WindowManager(183): createSurface Window{41fd3218 com.appcelerator.tabbed/ti.modules.titanium.ui.TiTabActivity paused=false}: DRAW NOW PENDING
04-12 14:50:01.244: W/TiAnalyticsSvc(4831): (Thread-487) [30043,35193] Analytics Service Started
04-12 14:50:01.291: I/TiAnalyticsSvc(4831): (Thread-487) [46,35239] Sending 3 analytics events.
04-12 14:50:01.291: V/PhoneStatusBar(267): setLightsOn(true)
04-12 14:50:01.502: E/TiBaseActivity(4914): (main) [1657,2907] Layout cleanup.
04-12 14:50:02.057: D/TiUIView(4914): (main) [556,3463] Nativeview is null
04-12 14:50:02.096: D/TiUIView(4914): (main) [38,3501] Nativeview is null
04-12 14:50:02.143: W/TiAnalyticsSvc(4831): (Thread-487) [855,36094] Stopping Analytics Service
04-12 14:50:02.596: I/ActivityManager(183): START {cmp=com.appcelerator.tabbed/org.appcelerator.titanium.TiActivity (has extras)} from pid 4914
04-12 14:50:02.713: D/TiUIView(4914): (main) [616,4117] Nativeview is null
04-12 14:50:02.713: I/WindowManager(183): createSurface Window{41cdb058 com.appcelerator.tabbed/org.appcelerator.titanium.TiActivity paused=false}: DRAW NOW PENDING
04-12 14:50:02.729: D/TiUIView(4914): (main) [22,4139] Nativeview is null
04-12 14:50:02.799: V/PhoneStatusBar(267): setLightsOn(true)
04-12 14:50:03.034: I/ActivityManager(183): Displayed com.appcelerator.tabbed/org.appcelerator.titanium.TiActivity: +376ms
04-12 14:50:03.721: I/WindowManager(183): createSurface Window{41fd3218 com.appcelerator.tabbed/ti.modules.titanium.ui.TiTabActivity paused=false}: DRAW NOW PENDING
04-12 14:50:03.823: V/PhoneStatusBar(267): setLightsOn(true)
04-12 14:50:04.041: E/TiBaseActivity(4914): (main) [1312,5451] Layout cleanup.
04-12 14:50:05.885: E/TiBaseActivity(4914): (main) [1837,7288] Layout cleanup.
04-12 14:50:05.916: I/WindowManager(183): createSurface Window{41d50d80 com.android.launcher/com.android.launcher2.Launcher paused=false}: DRAW NOW PENDING
04-12 14:50:06.291: W/InputManagerService(183): Starting input on non-focused client com.android.internal.view.IInputMethodClient$Stub$Proxy@41d44c88 (uid=10072 pid=4914)
04-12 14:50:06.705: I/ActivityManager(183): No longer want com.google.android.partnersetup (pid 4578): hidden #16
04-12 14:50:06.721: E/TiBaseActivity(4914): (main) [838,8126] Layout cleanup.
04-12 14:50:06.721: E/TiBaseActivity(4914): (main) [2,8128] Layout cleanup.
04-12 14:50:08.088: D/dalvikvm(488): GC_FOR_ALLOC freed 2993K, 19% free 29158K/35655K, paused 38ms
04-12 14:50:08.151: D/dalvikvm(488): GC_FOR_ALLOC freed 616K, 18% free 29432K/35655K, paused 20ms
04-12 14:50:11.979: D/AndroidRuntime(4949): >>>>>> AndroidRuntime START com.android.internal.os.RuntimeInit <<<<<<
04-12 14:50:11.979: D/AndroidRuntime(4949): CheckJNI is OFF
04-12 14:50:12.151: D/AndroidRuntime(4949): Calling main entry com.android.commands.pm.Pm
04-12 14:50:12.463: D/AndroidRuntime(4949): Shutting down VM
04-12 14:50:12.471: D/dalvikvm(4949): GC_CONCURRENT freed 250K, 89% free 458K/4096K, paused 0ms+0ms
04-12 14:50:12.877: D/AndroidRuntime(4962): >>>>>> AndroidRuntime START com.android.internal.os.RuntimeInit <<<<<<
04-12 14:50:12.877: D/AndroidRuntime(4962): CheckJNI is OFF
04-12 14:50:13.073: D/AndroidRuntime(4962): Calling main entry com.android.commands.pm.Pm
04-12 14:50:13.073: I/PackageManager(183): Removing non-system package:com.appcelerator.html
04-12 14:50:13.073: I/Process(183): Sending signal. PID: 4801 SIG: 9
04-12 14:50:13.073: I/ActivityManager(183): Force stopping package com.appcelerator.html uid=10067
04-12 14:50:13.237: I/ActivityManager(183): Force stopping package com.appcelerator.html uid=10067
04-12 14:50:13.276: I/RegisteredComponentCache(474): ComponentInfo: ResolveInfo{419008e8 com.android.apps.tag.TagViewer p=0 o=0 m=0x108000}, techs: android.nfc.tech.Ndef,
04-12 14:50:13.276: D/PackageManager(183): generateServicesMap(android.accounts.AccountAuthenticator): 4 services unchanged
04-12 14:50:13.307: I/ActivityManager(183): Start proc com.android.contacts for broadcast com.android.contacts/.quickcontact.PackageIntentReceiver: pid=4973 uid=10000 gids={3003, 1015}
04-12 14:50:13.338: D/PackageManager(183): generateServicesMap(android.content.SyncAdapter): 16 services unchanged
04-12 14:50:13.338: I/ActivityManager(183): Start proc com.google.android.inputmethod.latin.dictionarypack for content provider com.google.android.inputmethod.latin.dictionarypack/.DictionaryProvider: pid=4985 uid=10029 gids={3003, 1015}
04-12 14:50:13.377: D/BackupManagerService(183): Received broadcast Intent { act=android.intent.action.PACKAGE_REMOVED dat=package:com.appcelerator.html flg=0x10000010 (has extras) }
04-12 14:50:13.377: V/BackupManagerService(183): removePackageParticipantsLocked: com.appcelerator.html
04-12 14:50:13.393: I/ActivityThread(4985): Pub com.android.inputmethod.latin.dictionarypack: com.google.android.inputmethod.latin.dictionarypack.DictionaryProvider
04-12 14:50:13.487: D/dalvikvm(183): GC_EXPLICIT freed 4611K, 32% free 21811K/31687K, paused 2ms+7ms
04-12 14:50:13.502: I/ActivityManager(183): No longer want com.google.android.apps.maps (pid 3784): hidden #16
04-12 14:50:13.518: D/VoicemailCleanupService(589): Cleaning up data for package: com.appcelerator.html
04-12 14:50:13.541: I/ActivityManager(183): Start proc com.google.android.gallery3d for broadcast com.google.android.gallery3d/com.android.gallery3d.app.PackagesMonitor: pid=5003 uid=10018 gids={3003, 1015}
04-12 14:50:13.588: D/dalvikvm(488): GC_FOR_ALLOC freed 3157K, 21% free 28183K/35655K, paused 29ms
04-12 14:50:13.643: I/ActivityThread(5003): Pub com.google.android.gallery3d.GooglePhotoProvider: com.google.android.picasasync.PicasaContentProvider
04-12 14:50:13.651: D/AccountTypeManager(4973): Registering external account type=com.fusionone.android.sync.baclient.account, packageName=com.fusionone.android.sync.sprimebaclient
04-12 14:50:13.674: D/dalvikvm(183): GC_EXPLICIT freed 460K, 33% free 21523K/31687K, paused 3ms+7ms
04-12 14:50:13.690: D/AccountTypeManager(4973): Registering 1 extension packages
04-12 14:50:13.690: D/dalvikvm(488): GC_FOR_ALLOC freed 507K, 21% free 28476K/35655K, paused 30ms
04-12 14:50:13.705: D/AndroidRuntime(4962): Shutting down VM
04-12 14:50:13.713: I/AndroidRuntime(4962): NOTE: attach of thread 'Binder Thread #3' failed
04-12 14:50:13.721: D/dalvikvm(4962): GC_CONCURRENT freed 96K, 90% free 447K/4096K, paused 0ms+1ms
04-12 14:50:13.737: E/ExternalAccountType(4973): Unsupported attribute readOnly
04-12 14:50:13.752: D/AccountTypeManager(4973): Registering extension package account type=com.google, dataSet=plus, packageName=com.google.android.apps.plus
04-12 14:50:13.760: D/dalvikvm(5003): GC_CONCURRENT freed 415K, 4% free 14112K/14599K, paused 2ms+2ms
04-12 14:50:13.760: I/AccountTypeManager(4973): Loaded meta-data for 4 account types, 2 accounts in 260ms(wall) 21ms(cpu)
04-12 14:50:13.791: I/ActivityThread(5003): Pub com.google.android.gallery3d.provider: com.android.gallery3d.provider.GalleryProvider
04-12 14:50:13.799: D/SyncManager(183): setIsSyncable: Account {name=appcel123@gmail.com, type=com.google}, provider com.google.android.gallery3d.GooglePhotoProvider -> 0
04-12 14:50:13.799: D/SyncManager(183): setIsSyncable: already set to 0, doing nothing
04-12 14:50:13.815: D/dalvikvm(5003): GC_CONCURRENT freed 426K, 4% free 14229K/14727K, paused 2ms+2ms
04-12 14:50:13.862: D/dalvikvm(488): GC_CONCURRENT freed 87K, 15% free 30435K/35655K, paused 2ms+4ms
04-12 14:50:13.869: D/SyncManager(183): setIsSyncable: Account {name=appcel123@gmail.com, type=com.google}, provider com.google.android.gallery3d.GooglePhotoProvider -> 0
04-12 14:50:13.869: D/SyncManager(183): setIsSyncable: already set to 0, doing nothing
04-12 14:50:13.909: I/ActivityManager(183): Start proc com.android.keychain for broadcast com.android.keychain/.KeyChainBroadcastReceiver: pid=5018 uid=1000 gids={1015, 3002, 3001, 3003, 3007}
04-12 14:50:13.909: I/ActivityManager(183): No longer want com.android.musicfx (pid 4590): hidden #16
04-12 14:50:13.963: D/dalvikvm(116): GC_EXPLICIT freed 38K, 3% free 14022K/14339K, paused 1ms+2ms
04-12 14:50:13.979: D/dalvikvm(488): GC_FOR_ALLOC freed 2160K, 16% free 30145K/35655K, paused 22ms
04-12 14:50:13.994: D/dalvikvm(116): GC_EXPLICIT freed <1K, 3% free 14022K/14339K, paused 1ms+2ms
04-12 14:50:14.041: D/dalvikvm(116): GC_EXPLICIT freed <1K, 3% free 14022K/14339K, paused 1ms+2ms
04-12 14:50:14.073: D/dalvikvm(488): GC_CONCURRENT freed 1326K, 14% free 30741K/35655K, paused 2ms+7ms
04-12 14:50:14.096: I/dalvikvm(5034): Turning on JNI app bug workarounds for target SDK version 13...
04-12 14:50:14.096: I/ActivityManager(183): Start proc com.google.android.apps.maps for broadcast com.google.android.apps.maps/com.google.android.location.internal.NlpPackageUpdateReceiver: pid=5034 uid=10034 gids={3003, 1015}
04-12 14:50:14.104: I/ActivityManager(183): No longer want com.google.android.apps.plus (pid 1583): hidden #16
04-12 14:50:14.151: D/AndroidRuntime(5033): >>>>>> AndroidRuntime START com.android.internal.os.RuntimeInit <<<<<<
04-12 14:50:14.151: D/AndroidRuntime(5033): CheckJNI is OFF
04-12 14:50:14.190: D/dalvikvm(5034): GC_CONCURRENT freed 149K, 2% free 14378K/14599K, paused 2ms+1ms
04-12 14:50:14.229: I/ActivityThread(5034): Pub com.google.android.maps.LayerInfoProvider: com.google.googlenav.layer.LayerInfoProvider
04-12 14:50:14.237: I/ActivityThread(5034): Pub com.google.android.maps.TrafficAppWidgetProvider: com.google.googlenav.appwidget.traffic.TrafficAppWidgetProvider
04-12 14:50:14.237: I/ActivityThread(5034): Pub com.google.android.maps.SuggestionProvider: com.google.googlenav.suggest.android.SuggestProvider
04-12 14:50:14.244: I/ActivityThread(5034): Pub com.google.android.maps.LocalActivePlacesProvider: com.google.googlenav.provider.LocalActivePlacesProvider
04-12 14:50:14.244: I/ActivityThread(5034): Pub com.google.android.maps.StarredItemProvider: com.google.googlenav.provider.StarredItemProvider
04-12 14:50:14.307: D/dalvikvm(5034): GC_CONCURRENT freed 130K, 2% free 14766K/14983K, paused 2ms+2ms
04-12 14:50:14.354: D/AndroidRuntime(5033): Calling main entry com.android.commands.pm.Pm
04-12 14:50:14.377: I/PackageManager(183): Removing non-system package:com.appcelerator.masterdetail
04-12 14:50:14.377: I/Process(183): Sending signal. PID: 4831 SIG: 9
04-12 14:50:14.377: I/ActivityManager(183): Force stopping package com.appcelerator.masterdetail uid=10069
04-12 14:50:14.401: I/ActivityThread(5034): Pub com.google.android.maps.LocalSuggestionProvider: com.google.googlenav.provider.LocalSuggestionProvider
04-12 14:50:14.401: I/ActivityThread(5034): Pub com.google.android.maps.SearchHistoryProvider: com.google.googlenav.provider.SearchHistoryProvider
04-12 14:50:14.409: I/ActivityThread(5034): Pub com.google.android.maps.NavigationAvailabilityProvider: com.google.googlenav.provider.NavigationAvailabilityProvider
04-12 14:50:14.448: D/dalvikvm(589): GC_CONCURRENT freed 460K, 5% free 14454K/15111K, paused 2ms+2ms
04-12 14:50:14.455: D/dalvikvm(5034): GC_CONCURRENT freed 213K, 3% free 14991K/15303K, paused 1ms+2ms
04-12 14:50:14.463: I/ActivityManager(183): Start proc com.android.musicfx for broadcast com.android.musicfx/.Compatibility$Receiver: pid=5057 uid=10040 gids={3003, 3002}
04-12 14:50:14.479: D/dalvikvm(488): GC_FOR_ALLOC freed 3643K, 20% free 28568K/35655K, paused 32ms
04-12 14:50:14.526: I/ActivityManager(183): Start proc com.google.android.apps.plus for broadcast com.google.android.apps.plus/.service.PackagesMediaMonitor: pid=5070 uid=10047 gids={3003, 1015, 1006}
04-12 14:50:14.580: I/ActivityThread(5070): Pub com.google.android.apps.plus.content.EsProvider: com.google.android.apps.plus.content.EsProvider
04-12 14:50:14.588: I/ActivityThread(5070): Pub com.google.android.apps.plus.content.ApiProvider: com.google.android.apps.plus.content.EsApiProvider
04-12 14:50:14.588: I/ActivityThread(5070): Pub com.google.android.apps.plus.content.EsGooglePhotoProvider: com.google.android.picasasync.PicasaContentProvider
04-12 14:50:14.659: D/dalvikvm(488): GC_CONCURRENT freed 112K, 15% free 30428K/35655K, paused 2ms+12ms
04-12 14:50:14.659: D/dalvikvm(5070): GC_CONCURRENT freed 229K, 3% free 14298K/14599K, paused 2ms+3ms
04-12 14:50:14.705: D/dalvikvm(5070): GC_CONCURRENT freed 533K, 5% free 14313K/14919K, paused 1ms+2ms
04-12 14:50:14.705: I/ActivityThread(5070): Pub com.google.plus.platform: com.google.android.apps.plus.content.AdsProvider
04-12 14:50:14.752: I/ActivityManager(183): Force stopping package com.appcelerator.masterdetail uid=10069
04-12 14:50:14.807: D/PackageManager(183): generateServicesMap(android.accounts.AccountAuthenticator): 4 services unchanged
04-12 14:50:14.807: D/dalvikvm(488): GC_FOR_ALLOC freed 2219K, 16% free 30126K/35655K, paused 24ms
04-12 14:50:14.815: I/RegisteredComponentCache(474): ComponentInfo: ResolveInfo{41901f58 com.android.apps.tag.TagViewer p=0 o=0 m=0x108000}, techs: android.nfc.tech.Ndef,
04-12 14:50:14.854: D/PackageManager(183): generateServicesMap(android.content.SyncAdapter): 16 services unchanged
04-12 14:50:14.877: D/BackupManagerService(183): Received broadcast Intent { act=android.intent.action.PACKAGE_REMOVED dat=package:com.appcelerator.masterdetail flg=0x10000010 (has extras) }
04-12 14:50:14.877: V/BackupManagerService(183): removePackageParticipantsLocked: com.appcelerator.masterdetail
04-12 14:50:14.893: I/ActivityManager(183): No longer want com.android.voicedialer (pid 4604): hidden #16
04-12 14:50:14.924: D/dalvikvm(488): GC_CONCURRENT freed 2329K, 17% free 29811K/35655K, paused 1ms+5ms
04-12 14:50:14.963: V/PicasaContentProvider(5070): querySettings: defaults: {sync_on_wifi_only=1, auto_upload_account_type=null, sync_on_battery=1, sync_on_roaming=0, sync_photo_on_mobile=0, auto_upload_enabled=0, auto_upload_account_name=null}
04-12 14:50:14.971: D/dalvikvm(4973): GC_CONCURRENT freed 227K, 3% free 14233K/14535K, paused 2ms+2ms
04-12 14:50:14.979: D/AccountTypeManager(4973): Registering external account type=com.fusionone.android.sync.baclient.account, packageName=com.fusionone.android.sync.sprimebaclient
04-12 14:50:15.010: D/dalvikvm(5070): GC_FOR_ALLOC freed 113K, 4% free 14408K/14919K, paused 13ms
04-12 14:50:15.010: D/UploadsManager(5070): load newPhotoTracker: null
04-12 14:50:15.010: D/UploadsManager(5070): load all accounts: null
04-12 14:50:15.010: D/UploadsManager(5070): load all account-album pairs: null
04-12 14:50:15.010: D/AccountTypeManager(4973): Registering 1 extension packages
04-12 14:50:15.018: V/PicasaContentProvider(5070): querySettings: defaults: {sync_on_wifi_only=1, auto_upload_account_type=null, sync_on_battery=1, sync_on_roaming=0, sync_photo_on_mobile=0, auto_upload_enabled=0, auto_upload_account_name=null}
04-12 14:50:15.018: D/UploadsManager(5070): settings not changed
04-12 14:50:15.049: I/ActivityManager(183): Start proc com.android.voicedialer for broadcast com.android.voicedialer/.VoiceDialerReceiver: pid=5088 uid=10062 gids={3002}
04-12 14:50:15.049: I/ActivityManager(183): No longer want com.google.android.googlequicksearchbox (pid 3839): hidden #16
04-12 14:50:15.080: D/dalvikvm(183): GC_EXPLICIT freed 755K, 32% free 21593K/31687K, paused 2ms+5ms
04-12 14:50:15.104: D/PicasaSync(5070): sync account database
04-12 14:50:15.112: E/ExternalAccountType(4973): Unsupported attribute readOnly
04-12 14:50:15.159: D/dalvikvm(488): GC_FOR_ALLOC freed 2615K, 21% free 28489K/35655K, paused 30ms
04-12 14:50:15.174: D/dalvikvm(183): GC_EXPLICIT freed 142K, 33% free 21463K/31687K, paused 7ms+5ms
04-12 14:50:15.182: D/dalvikvm(4618): GC_CONCURRENT freed 709K, 6% free 14397K/15239K, paused 1ms+1ms
04-12 14:50:15.205: D/AndroidRuntime(5033): Shutting down VM
04-12 14:50:15.221: D/dalvikvm(5033): GC_CONCURRENT freed 96K, 90% free 447K/4096K, paused 0ms+1ms
04-12 14:50:15.221: I/AndroidRuntime(5033): NOTE: attach of thread 'Binder Thread #3' failed
04-12 14:50:15.221: I/ActivityManager(183): Start proc com.google.android.googlequicksearchbox for broadcast com.google.android.googlequicksearchbox/.SourceUpdateReceiver: pid=5101 uid=10024 gids={3003}
04-12 14:50:15.229: D/AccountTypeManager(4973): Registering extension package account type=com.google, dataSet=plus, packageName=com.google.android.apps.plus
04-12 14:50:15.229: I/ActivityManager(183): No longer want com.google.android.videos (pid 4761): hidden #16
04-12 14:50:15.237: I/AccountTypeManager(4973): Loaded meta-data for 4 account types, 2 accounts in 305ms(wall) 13ms(cpu)
04-12 14:50:15.237: D/PicasaSync(5070): accounts in DB=1
04-12 14:50:15.237: V/PicasaContentProvider(5070): querySettings: defaults: {sync_on_wifi_only=1, auto_upload_account_type=null, sync_on_battery=1, sync_on_roaming=0, sync_photo_on_mobile=0, auto_upload_enabled=0, auto_upload_account_name=null}
04-12 14:50:15.276: I/ActivityThread(5101): Pub com.google.android.googlequicksearchbox.shortcuts: com.google.android.googlequicksearchbox.WebHistoryProvider
04-12 14:50:15.284: I/ActivityThread(5101): Pub com.google.android.googlequicksearchbox.google: com.google.android.googlequicksearchbox.google.GoogleSuggestionProvider
04-12 14:50:15.299: I/ActivityManager(183): No longer want com.google.android.gsf.login (pid 4701): hidden #16
04-12 14:50:15.307: D/dalvikvm(488): GC_CONCURRENT freed 85K, 15% free 30424K/35655K, paused 2ms+13ms
04-12 14:50:15.315: D/VoicemailCleanupService(589): Cleaning up data for package: com.appcelerator.masterdetail
04-12 14:50:15.346: D/SyncManager(183): setIsSyncable: Account {name=appcel123@gmail.com, type=com.google}, provider com.google.android.gallery3d.GooglePhotoProvider -> 0
04-12 14:50:15.346: D/SyncManager(183): setIsSyncable: already set to 0, doing nothing
04-12 14:50:15.424: D/dalvikvm(488): GC_CONCURRENT freed 2636K, 17% free 29709K/35655K, paused 2ms+4ms
04-12 14:50:15.526: D/dalvikvm(488): GC_FOR_ALLOC freed 847K, 14% free 30738K/35655K, paused 21ms
04-12 14:50:15.573: D/AndroidRuntime(5122): >>>>>> AndroidRuntime START com.android.internal.os.RuntimeInit <<<<<<
04-12 14:50:15.573: D/AndroidRuntime(5122): CheckJNI is OFF
04-12 14:50:15.760: D/AndroidRuntime(5122): Calling main entry com.android.commands.pm.Pm
04-12 14:50:15.760: I/PackageManager(183): Removing non-system package:com.appcelerator.newproject
04-12 14:50:15.768: I/Process(183): Sending signal. PID: 4860 SIG: 9
04-12 14:50:15.768: I/ActivityManager(183): Force stopping package com.appcelerator.newproject uid=10070
