?:??: W/?(?): --------- beginning of /dev/log/system
04-12 10:40:37.789: I/Vold(107): Vold 2.1 (the revenge) firing up
04-12 10:40:37.789: E/Vold(107): Error reading configuration (No such file or directory)... continuing anyways
04-12 10:40:46.054: I/SystemServer(183): Entered the Android system server!
04-12 10:40:46.062: I/SystemServer(183): Entropy Service
04-12 10:40:46.101: I/SystemServer(183): Power Manager
04-12 10:40:46.109: I/SystemServer(183): Activity Manager
04-12 10:40:46.132: I/ActivityManager(183): Memory class: 64
04-12 10:40:46.351: I/SystemServer(183): Telephony Registry
04-12 10:40:46.351: I/SystemServer(183): Package Manager
04-12 10:40:47.093: W/PackageParser(183): No actions in intent filter at /system/app/Bluetooth.apk Binary XML file line #125
04-12 10:40:47.468: W/PackageParser(183): No actions in intent filter at /system/app/Contacts.apk Binary XML file line #539
04-12 10:40:47.968: W/PackageParser(183): Unknown element under : supports-gl-texture at /system/app/GoogleEarth.apk Binary XML file line #3
04-12 10:40:50.132: I/PackageParser(183): com.vzw.apnlib: compat added android.permission.WRITE_EXTERNAL_STORAGE android.permission.READ_PHONE_STATE
04-12 10:40:50.179: W/PackageManager(183): Application package com.vzw.apnlib already installed. Skipping duplicate.
04-12 10:40:50.179: I/PackageParser(183): com.vzw.apnservice: compat added android.permission.WRITE_EXTERNAL_STORAGE android.permission.READ_PHONE_STATE
04-12 10:40:50.601: I/Installer(183): connecting...
04-12 10:40:50.671: W/PackageManager(183): Package com.metago.astro desires unavailable shared library com.kyocera.dualscreen; ignoring!
04-12 10:41:05.953: I/PackageManager(183): Time to scan packages: 19.186 seconds
04-12 10:41:05.960: W/PackageManager(183): Not granting permission android.permission.SEND_DOWNLOAD_COMPLETED_INTENTS to package com.google.android.browser (protectionLevel=2 flags=0x9be45)
04-12 10:41:05.960: W/PackageManager(183): Unknown permission android.permission.ADD_SYSTEM_SERVICE in package com.android.phone
04-12 10:41:05.960: W/PackageManager(183): Unknown permission com.android.smspush.WAPPUSH_MANAGER_BIND in package com.android.phone
04-12 10:41:05.960: W/PackageManager(183): Unknown permission com.android.vending.billing.IBillingAccountService.BIND2 in package com.google.android.gsf.login
04-12 10:41:05.968: W/PackageManager(183): Not granting permission android.permission.DEVICE_POWER to package com.google.android.deskclock (protectionLevel=2 flags=0x8be45)
04-12 10:41:05.968: W/PackageManager(183): Unknown permission android.permission.READ_OWNER_DATA in package com.google.android.setupwizard
04-12 10:41:05.968: W/PackageManager(183): Unknown permission android.permission.WRITE_OWNER_DATA in package com.google.android.setupwizard
04-12 10:41:05.976: W/PackageManager(183): Unknown permission android.webkit.permission.PLUGIN in package com.adobe.flashplayer
04-12 10:41:05.976: W/PackageManager(183): Not granting permission android.permission.ACCOUNT_MANAGER to package com.google.android.music (protectionLevel=2 flags=0x8be65)
04-12 10:41:05.976: W/PackageManager(183): Unknown permission com.android.providers.im.permission.READ_ONLY in package com.google.android.apps.maps
04-12 10:41:05.984: W/PackageManager(183): Unknown permission android.permission.READ_EXTERNAL_STORAGE in package com.google.android.videoeditor
04-12 10:41:05.984: W/PackageManager(183): Unknown permission com.android.vending.permission.UPDATE_MARKET_FAILURE in package com.android.vending.updater
04-12 10:41:05.984: W/PackageManager(183): Unknown permission com.google.android.apps.googlevoice.permission.AUTO_SEND in package com.google.android.voicesearch
04-12 10:41:05.984: W/PackageManager(183): Not granting permission com.google.android.gm.permission.READ_GMAIL to package com.google.android.apps.uploader (protectionLevel=2 flags=0x8be45)
04-12 10:41:05.984: W/PackageManager(183): Unknown permission android.permission.READ_EXTERNAL_STORAGE in package com.android.vending
04-12 10:41:05.984: W/PackageManager(183): Not granting permission android.permission.SEND_DOWNLOAD_COMPLETED_INTENTS to package com.android.vending (protectionLevel=2 flags=0xabec5)
04-12 10:41:05.992: W/PackageManager(183): Not granting permission android.permission.DEVICE_POWER to package com.android.facelock (protectionLevel=2 flags=0x8be45)
04-12 10:41:06.937: I/SystemServer(183): Account Manager
04-12 10:41:06.976: I/SystemServer(183): Content Manager
04-12 10:41:07.164: I/SystemServer(183): System Content Providers
04-12 10:41:07.500: I/SystemServer(183): Lights Service
04-12 10:41:07.500: I/SystemServer(183): Battery Service
04-12 10:41:07.507: I/SystemServer(183): Vibrator Service
04-12 10:41:07.625: I/SystemServer(183): Alarm Manager
04-12 10:41:07.625: I/SystemServer(183): Init Watchdog
04-12 10:41:07.632: I/SystemServer(183): Window Manager
04-12 10:41:07.718: I/InputManager(183): Initializing input manager
04-12 10:41:07.734: W/StatusBarManager(183): warning: no STATUS_BAR_SERVICE
04-12 10:41:07.773: I/InputManager(183): Starting input manager
04-12 10:41:07.773: I/SystemServer(183): Bluetooth Service
04-12 10:41:07.812: I/SystemServer(183): Input Method Service
04-12 10:41:07.812: W/InputManagerService(183): Couldn't create dir.: /data/system/inputmethod
04-12 10:41:07.859: I/SystemServer(183): Accessibility Manager
04-12 10:41:07.867: I/ActivityManager(183): Config changed: {1.0 0mcc0mnc en_US layoutdir=0 sw360dp w360dp h592dp nrml port ?uimode ?night -touch -keyb/v/h -nav/h s.2}
04-12 10:41:07.875: I/SystemServer(183): Device Policy
04-12 10:41:07.875: I/SystemServer(183): Status Bar
04-12 10:41:07.875: I/SystemServer(183): Clipboard Service
04-12 10:41:07.875: I/SystemServer(183): NetworkManagement Service
04-12 10:41:07.882: I/SystemServer(183): Text Service Manager Service
04-12 10:41:07.890: I/SystemServer(183): NetworkStats Service
04-12 10:41:07.898: I/SystemServer(183): NetworkPolicy Service
04-12 10:41:07.898: I/SystemServer(183): Wi-Fi P2pService
04-12 10:41:07.906: I/SystemServer(183): Wi-Fi Service
04-12 10:41:07.914: I/ActivityManager(183): Config changed: {1.0 0mcc0mnc en_US layoutdir=0 sw360dp w360dp h592dp nrml port ?uimode ?night finger -keyb/v/h -nav/h s.3}
04-12 10:41:07.937: I/SystemServer(183): Connectivity Service
04-12 10:41:07.953: D/ConnectivityService(183): ConnectivityService starting up
04-12 10:41:07.984: E/MobileDataStateTracker(183): default: Ignoring feature request because could not acquire PhoneService
04-12 10:41:07.984: E/MobileDataStateTracker(183): default: Could not enable APN type "default"
04-12 10:41:07.984: D/NetworkManagementService(183): Registering observer
04-12 10:41:07.984: D/NetworkManagementService(183): Registering observer
04-12 10:41:07.992: I/WifiService(183): WifiService starting up with Wi-Fi enabled
04-12 10:41:07.992: D/NetworkManagementService(183): rsp <213 00:90:4c:11:22:33 0.0.0.0 0 [down broadcast multicast]>
04-12 10:41:07.992: D/NetworkManagementService(183): flags <[down broadcast multicast]>
04-12 10:41:08.000: I/SystemServer(183): Throttle Service
04-12 10:41:08.000: I/SystemServer(183): Mount Service
04-12 10:41:08.000: D/MountService(183): got storage path: /mnt/sdcard description: Internal Storage primary: true removable: false emulated: true mtpReserve: 100 allowMassStorage: false maxFileSize: 0
04-12 10:41:08.000: D/MountService(183): using emulated external storage
04-12 10:41:08.000: I/SystemServer(183): Notification Manager
04-12 10:41:08.000: I/SystemServer(183): Device Storage Monitor
04-12 10:41:08.000: I/SystemServer(183): Location Manager
04-12 10:41:08.007: I/SystemServer(183): Country Detector
04-12 10:41:08.007: I/SystemServer(183): Search Service
04-12 10:41:08.007: I/SystemServer(183): DropBox Service
04-12 10:41:08.007: I/SystemServer(183): Wallpaper Service
04-12 10:41:08.007: D/VoldCmdListener(107): volume list
04-12 10:41:08.046: I/SystemServer(183): Audio Service
04-12 10:41:08.101: I/SystemServer(183): Dock Observer
04-12 10:41:08.101: I/SystemServer(183): Wired Accessory Observer
04-12 10:41:08.101: I/SystemServer(183): USB Service
04-12 10:41:08.109: I/SystemServer(183): UI Mode Manager Service
04-12 10:41:08.109: I/SystemServer(183): Backup Service
04-12 10:41:08.117: V/BackupManagerService(183): Initializing package tracking
04-12 10:41:08.265: V/BackupManagerService(183): addPackageParticipantsLocked: null
04-12 10:41:08.335: V/BackupManagerService(183): Registering transport android/com.android.internal.backup.LocalTransport = com.android.internal.backup.LocalTransport@41b3cc50
04-12 10:41:08.335: V/BackupManagerService(183): Starting with transport com.google.android.backup/.BackupTransportService
04-12 10:41:08.335: V/BackupManagerService(183): Binding to Google transport
04-12 10:41:08.343: I/BackupManagerService(183): Backup enabled => true
04-12 10:41:08.343: I/SystemServer(183): AppWidget Service
04-12 10:41:08.343: I/SystemServer(183): Recognition Service
04-12 10:41:08.343: I/SystemServer(183): DiskStats Service
04-12 10:41:08.343: I/SystemServer(183): SamplingProfiler Service
04-12 10:41:08.343: I/SystemServer(183): NetworkTimeUpdateService
04-12 10:41:08.375: D/PowerManagerService(183): system ready!
04-12 10:41:08.375: I/ActivityManager(183): System now ready
04-12 10:41:08.375: I/SystemServer(183): Making services ready
04-12 10:41:08.375: D/SystemServer(183): Starting service: Intent { cmp=com.android.systemui/.SystemUIService }
04-12 10:41:08.414: I/ActivityManager(183): Start proc com.android.systemui for service com.android.systemui/.SystemUIService: pid=267 uid=1000 gids={1015, 3002, 3001, 3003, 3007}
04-12 10:41:08.414: D/NetworkManagementService(183): enabling bandwidth control
04-12 10:41:08.593: D/SystemUIService(267): loading: class com.android.systemui.statusbar.phone.PhoneStatusBar
04-12 10:41:08.601: I/ActivityManager(183): Start proc com.google.android.gsf.login for service com.google.android.gsf.login/com.google.android.gsf.loginservice.GoogleLoginService: pid=299 uid=10011 gids={3003, 1015, 1007, 2001, 3006}
04-12 10:41:08.609: D/SystemUIService(267): running: com.android.systemui.statusbar.phone.PhoneStatusBar@4182b330
04-12 10:41:08.609: I/WindowManager(183): createSurface Window{41b52d88 Keyguard paused=false}: DRAW NOW PENDING
04-12 10:41:08.742: I/ActivityManager(183): Start proc com.google.process.gapps for content provider com.google.android.gsf/.gservices.GservicesProvider: pid=322 uid=10011 gids={3003, 1015, 1007, 2001, 3006}
04-12 10:41:09.085: I/ActivityManager(183): Start proc com.vzw.hss.myverizonged for broadcast com.vzw.hss.myverizonged/com.vzw.hss.datameter.receiver.WifiStateReceiver: pid=369 uid=10041 gids={3003}
04-12 10:41:09.085: D/NetworkManagementService(183): Registering observer
04-12 10:41:09.093: W/ActivityManager(183): Permission Denial: broadcasting Intent { act=android.net.conn.TETHER_STATE_CHANGED flg=0x30000010 (has extras) } from null (pid=-1, uid=-1) requires android.permission.CONNECTIVITY_INTERNAL due to registered receiver BroadcastFilter{41a99790 ReceiverList{41a99718 183 system/1000 local:41a99528}}
04-12 10:41:09.148: I/StatusBarManagerService(183): registerStatusBar bar=com.android.internal.statusbar.IStatusBar$Stub$Proxy@419023e0
04-12 10:41:09.148: D/PhoneStatusBar(267): disable: < expand icons alerts ticker system_info BACK* HOME* RECENT* clock
> 04-12 10:41:09.179: D/NetworkManagementService(183): Registering observer
04-12 10:41:09.187: D/StorageNotification(267): Startup with UMS connection false (media state mounted)
04-12 10:41:09.187: I/StorageNotification(267): UMS connection changed to false (media state mounted)
04-12 10:41:09.195: I/ActivityManager(183): Config changed: {1.0 0mcc0mnc en_US layoutdir=0 sw360dp w360dp h592dp nrml port finger -keyb/v/h -nav/h s.4}
04-12 10:41:09.218: D/SystemUIService(267): loading: class com.android.systemui.power.PowerUI
04-12 10:41:09.218: D/SystemUIService(267): running: com.android.systemui.power.PowerUI@4198e7b0
04-12 10:41:09.242: W/AppWidgetService(183): No android.appwidget.provider meta-data for AppWidget provider 'ComponentInfo{com.vzw.hss.myverizonged/com.vzw.hss.datameter.receiver.DataMeterReceiver}'
04-12 10:41:09.343: I/ActivityManager(183): Start proc com.android.settings for broadcast com.android.settings/.widget.SettingsAppWidgetProvider: pid=397 uid=1000 gids={1015, 3002, 3001, 3003, 3007}
04-12 10:41:09.343: D/WifiService(183): New client listening to asynchronous messages
04-12 10:41:09.375: I/ActivityManager(183): Start proc com.android.livewallpaper.microbesgl for service com.android.livewallpaper.microbesgl/.MicrobesWallpaper: pid=410 uid=10037 gids={}
04-12 10:41:09.375: W/InputManagerService(183): Ignoring setImeWindowStatus of uid 1000 token: null
04-12 10:41:09.406: I/ActivityManager(183): Start proc com.google.android.inputmethod.latin for service com.google.android.inputmethod.latin/com.android.inputmethod.latin.LatinIME: pid=422 uid=10030 gids={}
04-12 10:41:09.421: D/NetworkManagementService(183): Registering observer
04-12 10:41:09.468: I/ActivityManager(183): Start proc com.android.phone for added application com.android.phone: pid=439 uid=1001 gids={3002, 3001, 3003, 1015}
04-12 10:41:09.476: W/ThrottleService(183): unable to find stats for iface rmnet0
04-12 10:41:09.484: I/ActivityManager(183): Start proc com.sec.android.internal.ims for added application com.sec.android.internal.ims: pid=451 uid=10028 gids={3003, 1015}
04-12 10:41:09.570: I/ActivityManager(183): Start proc com.android.nfc3 for added application com.android.nfc3: pid=474 uid=1025 gids={3002, 3001}
04-12 10:41:09.578: I/ActivityManager(183): START {act=android.intent.action.MAIN cat=[android.intent.category.HOME] flg=0x10000000 cmp=com.android.launcher/com.android.launcher2.Launcher} from pid 0
04-12 10:41:09.593: I/ActivityManager(183): Start proc com.android.launcher for activity com.android.launcher/com.android.launcher2.Launcher: pid=488 uid=10031 gids={}
04-12 10:41:09.664: I/WindowManager(183): createSurface Window{41ac0460 StatusBar paused=false}: DRAW NOW PENDING
04-12 10:41:09.710: I/WindowManager(183): createSurface Window{41aa8660 NavigationBar paused=false}: DRAW NOW PENDING
04-12 10:41:09.765: I/ActivityManager(183): Start proc android.process.media for broadcast com.android.providers.media/.UsbReceiver: pid=507 uid=10014 gids={1015, 1023, 1024, 2001, 3003, 3007}
04-12 10:41:10.226: W/ActivityManager(183): Unable to start service Intent { act=com.android.internal.telephony.IWapPushManager }: not found
04-12 10:41:10.250: D/PhoneStatusBar(267): disable: < expand icons alerts ticker system_info BACK HOME RECENT CLOCK*
> 04-12 10:41:10.500: I/ActivityManager(183): Start proc com.google.android.inputmethod.latin.dictionarypack for content provider com.google.android.inputmethod.latin.dictionarypack/.DictionaryProvider: pid=573 uid=10029 gids={3003, 1015}
04-12 10:41:10.531: I/ActivityManager(183): Start proc android.process.acore for content provider com.android.providers.userdictionary/.UserDictionaryProvider: pid=589 uid=10000 gids={3003, 1015}
04-12 10:41:10.656: I/WifiService(183): WifiService trying to set country code to us with persist set to true
04-12 10:41:10.656: I/ActivityManager(183): Config changed: {1.0 310mcc4mnc en_US layoutdir=0 sw360dp w360dp h592dp nrml port finger -keyb/v/h -nav/h s.5}
04-12 10:41:10.812: V/BackupManagerService(183): Connected to Google transport
04-12 10:41:10.812: V/BackupManagerService(183): Registering transport com.google.android.backup/.BackupTransportService = com.google.android.backup.BackupTransportService$1@41a99dd8
04-12 10:41:10.843: W/ActivityManager(183): Unable to start service Intent { act=com.android.internal.telephony.IWapPushManager }: not found
04-12 10:41:10.937: I/ActivityManager(183): Start proc com.android.vending for broadcast com.android.vending/.MarketWidgetProvider: pid=638 uid=10046 gids={3003, 1015}
04-12 10:41:10.984: I/WindowManager(183): createSurface Window{41c31548 com.android.livewallpaper.microbesgl.MicrobesWallpaper paused=false}: DRAW NOW PENDING
04-12 10:41:11.046: I/WindowManager(183): createSurface Window{41c90ef0 StatusBarExpanded paused=false}: DRAW NOW PENDING
04-12 10:41:11.062: W/ActivityManager(183): Unable to start service Intent { act=com.android.ussd.IExtendedNetworkService }: not found
04-12 10:41:11.750: I/WindowManager(183): createSurface Window{41cda5e0 com.android.launcher/com.android.launcher2.Launcher paused=false}: DRAW NOW PENDING
04-12 10:41:12.187: D/ConnectivityService(183): ConnectivityChange for WIFI: CONNECTED/CONNECTED
04-12 10:41:12.640: I/ActivityManager(183): Start proc com.google.android.deskclock for broadcast com.google.android.deskclock/com.android.alarmclock.AnalogAppWidgetProvider: pid=715 uid=10013 gids={}
04-12 10:41:12.742: I/ActivityManager(183): Start proc com.google.android.apps.books for broadcast com.google.android.apps.books/.appwidget.BooksAppWidgetProvider: pid=727 uid=10004 gids={3003, 1015}
04-12 10:41:12.890: D/PowerManagerService(183): bootCompleted
04-12 10:41:12.898: V/DevicePolicyManagerService(183): Sending password expiration notifications for action android.intent.action.BOOT_COMPLETED
04-12 10:41:12.906: W/MountService(183): Duplicate state transition (mounted -> mounted) for /mnt/sdcard
04-12 10:41:12.906: D/MountService(183): sendStorageIntent Intent { act=android.intent.action.MEDIA_MOUNTED dat=file:///mnt/sdcard (has extras) }
04-12 10:41:12.914: V/WiredAccessoryObserver(183): init()
04-12 10:41:13.515: I/ActivityManager(183): Start proc com.android.chrome for service com.android.chrome/.sync.ChromeBrowserSyncAdapterService: pid=748 uid=10068 gids={3003, 1015, 1007}
04-12 10:41:13.937: I/ActivityManager(183): Start proc com.fusionone.android.sync.sprimebaclient for broadcast com.fusionone.android.sync.sprimebaclient/com.fusionone.android.sync.receivers.NetworkBroadcastReceiver: pid=785 uid=10057 gids={1015, 3003, 1006}
04-12 10:41:14.273: I/ActivityManager(183): Start proc com.android.contacts for broadcast com.android.contacts/.calllog.CallLogReceiver: pid=799 uid=10000 gids={3003, 1015}
04-12 10:41:14.476: I/ActivityManager(183): Start proc com.android.bip for broadcast com.android.bip/.BIPBootCompleteReceiver: pid=818 uid=10001 gids={3003}
04-12 10:41:14.585: I/ActivityManager(183): Start proc com.android.providers.calendar for broadcast com.android.providers.calendar/.CalendarReceiver: pid=834 uid=10008 gids={3003, 1015}
04-12 10:41:14.984: I/ActivityManager(183): Start proc com.google.android.email for broadcast com.google.android.email/com.android.email.service.EmailBroadcastReceiver: pid=862 uid=10015 gids={3003, 1015}
04-12 10:41:15.187: I/ActivityManager(183): Start proc com.google.android.exchange for service com.google.android.exchange/com.android.exchange.ExchangeService: pid=878 uid=10016 gids={3003, 1015}
04-12 10:41:15.296: I/ActivityManager(183): Start proc com.google.android.apps.genie.geniewidget for broadcast com.google.android.apps.genie.geniewidget/.miniwidget.MiniWidgetProvider: pid=896 uid=10019 gids={3003, 1015}
04-12 10:41:15.492: I/ActivityManager(183): Start proc com.google.android.gm for broadcast com.google.android.gm/.MailIntentReceiver: pid=923 uid=10020 gids={3003, 1015}
04-12 10:41:15.703: I/ActivityManager(183): Start proc com.google.android.partnersetup for broadcast com.google.android.partnersetup/.GooglePartnerSetup: pid=941 uid=10023 gids={3003}
04-12 10:41:17.109: I/ActivityManager(183): Start proc com.google.android.apps.maps:FriendService for broadcast com.google.android.apps.maps/com.google.googlenav.friend.android.ServiceReceiver: pid=983 uid=10034 gids={3003, 1015}
04-12 10:41:17.210: I/ActivityManager(183): START {flg=0x10000000 cmp=com.google.android.gsf/.update.SystemUpdateInstallDialog} from pid 322
04-12 10:41:17.281: I/ActivityManager(183): START {flg=0x10000000 cmp=com.google.android.gsf/.update.SystemUpdateDownloadDialog} from pid 322
04-12 10:41:18.203: I/ActivityManager(183): Start proc com.google.android.apps.maps:NetworkLocationService for service com.google.android.apps.maps/com.google.android.location.internal.server.NetworkLocationService: pid=1007 uid=10034 gids={3003, 1015}
04-12 10:41:18.210: I/ActivityManager(183): No longer want com.android.vending (pid 638): hidden #16
04-12 10:41:18.210: I/ActivityManager(183): No longer want com.vzw.hss.myverizonged (pid 369): hidden #17
04-12 10:41:18.234: I/ActivityManager(183): Start proc com.android.mms for broadcast com.android.mms/.transaction.MmsSystemEventReceiver: pid=1020 uid=10038 gids={3003, 1015}
04-12 10:41:18.367: D/CountryDetectorService(183): The first listener is added
04-12 10:41:18.382: W/ActivityManager(183): Permission Denial: receiving Intent { act=android.intent.action.BOOT_COMPLETED flg=0x10 } to com.android.musicfx requires android.permission.RECEIVE_BOOT_COMPLETED due to sender null (uid 1000)
04-12 10:41:18.406: I/ActivityManager(183): Start proc com.vzw.hss.myverizonged for broadcast com.vzw.hss.myverizonged/com.vzw.hss.datameter.receiver.DataMeterReceiver: pid=1043 uid=10041 gids={3003}
04-12 10:41:18.562: I/ActivityManager(183): Start proc com.google.android.onetimeinitializer for broadcast com.google.android.onetimeinitializer/.OneTimeInitializerReceiver: pid=1059 uid=10043 gids={}
04-12 10:41:18.562: I/ActivityManager(183): No longer want com.google.android.inputmethod.latin.dictionarypack (pid 573): hidden #16
04-12 10:41:18.640: I/ActivityManager(183): Start proc com.samsung.syncservice for broadcast com.samsung.sdm/.logic.DMBootReceiver: pid=1074 uid=1000 gids={1015, 3002, 3001, 3003, 3007}
04-12 10:41:18.640: I/ActivityManager(183): No longer want com.android.settings (pid 397): hidden #16
04-12 10:41:18.875: I/ActivityManager(183): Start proc com.google.android.talk for broadcast com.google.android.talk/.videochat.BootCompleteReceiver: pid=1096 uid=10054 gids={3003, 1015, 1006, 3002}
04-12 10:41:19.164: I/ActivityManager(183): Start proc com.motricity.verizon.ssodownloadable for broadcast com.motricity.verizon.ssodownloadable/com.motricity.verizon.ssoengine.library.OnBootReceiver: pid=1121 uid=10058 gids={3003}
04-12 10:41:19.445: I/ActivityManager(183): Start proc com.google.android.videos for broadcast com.google.android.videos/com.google.android.youtube.videos.transfer.VideoDownloadService$BootReceiver: pid=1139 uid=10060 gids={3003, 1015}
04-12 10:41:19.445: I/ActivityManager(183): No longer want com.android.chrome (pid 748): hidden #16
04-12 10:41:19.859: I/ActivityManager(183): Start proc com.android.voicedialer for broadcast com.android.voicedialer/.VoiceDialerReceiver: pid=1169 uid=10062 gids={3002}
04-12 10:41:19.937: I/ActivityManager(183): Start proc com.cocoafish.pushnotifications for broadcast com.cocoafish.pushnotifications/com.appcelerator.cloud.push.PushBroadcastReceiver: pid=1183 uid=10089 gids={1015, 3003}
04-12 10:41:19.945: I/ActivityManager(183): No longer want com.google.android.deskclock (pid 715): hidden #16
04-12 10:41:19.945: I/ActivityManager(183): No longer want com.android.contacts (pid 799): hidden #17
04-12 10:41:20.125: I/ActivityManager(183): Start proc com.cw.fullepisodes.android for broadcast com.cw.fullepisodes.android/com.phunware.phunchannel.alerts.ReminderManager$StartupReceiver: pid=1197 uid=10086 gids={3003, 1015}
04-12 10:41:20.531: I/ActivityManager(183): No longer want com.android.providers.calendar (pid 834): hidden #16
04-12 10:41:20.578: I/ActivityManager(183): Start proc com.google.android.apps.uploader for broadcast com.google.android.apps.uploader/.ConnectivityBroadcastReceiver: pid=1215 uid=10036 gids={3003}
04-12 10:41:20.773: I/ActivityManager(183): Start proc com.google.android.apps.plus for broadcast com.google.android.apps.plus/.service.PackagesMediaMonitor: pid=1232 uid=10047 gids={3003, 1015, 1006}
04-12 10:41:20.781: I/ActivityManager(183): No longer want com.google.android.apps.genie.geniewidget (pid 896): hidden #16
04-12 10:41:21.312: I/ActivityManager(183): No longer want com.google.android.gm (pid 923): hidden #16
04-12 10:41:21.367: I/ActivityManager(183): Start proc com.google.android.deskclock for broadcast com.google.android.deskclock/com.android.alarmclock.AnalogAppWidgetProvider: pid=1253 uid=10013 gids={}
04-12 10:41:21.367: I/ActivityManager(183): No longer want com.google.android.gsf.login (pid 299): hidden #16
04-12 10:41:21.460: I/ActivityManager(183): Start proc com.android.settings for broadcast com.android.settings/.widget.SettingsAppWidgetProvider: pid=1265 uid=1000 gids={1015, 3002, 3001, 3003, 3007}
04-12 10:41:21.460: I/ActivityManager(183): No longer want com.google.android.partnersetup (pid 941): hidden #16
04-12 10:41:21.468: I/ActivityManager(183): No longer want com.google.android.apps.maps:FriendService (pid 983): hidden #16
04-12 10:41:21.546: I/ActivityManager(183): Start proc com.android.vending for broadcast com.android.vending/.MarketWidgetProvider: pid=1277 uid=10046 gids={3003, 1015}
04-12 10:41:21.546: I/ActivityManager(183): No longer want com.google.android.exchange (pid 878): hidden #16
04-12 10:41:21.828: I/ActivityManager(183): No longer want com.google.android.email (pid 862): hidden #16
04-12 10:41:21.882: I/ActivityManager(183): Start proc com.google.android.gm for broadcast com.google.android.gm/.MailIntentReceiver: pid=1310 uid=10020 gids={3003, 1015}
04-12 10:41:21.968: I/ActivityManager(183): Start proc com.google.android.calendar for broadcast com.google.android.calendar/com.android.calendar.widget.CalendarAppWidgetService$CalendarFactory: pid=1325 uid=10007 gids={3003}
04-12 10:41:21.984: I/ActivityManager(183): No longer want com.android.mms (pid 1020): hidden #16
04-12 10:41:21.984: D/ConnectivityService(183): handleInetConditionHoldEnd: net=1, condition=100, published condition=0
04-12 10:41:22.000: D/CountryDetectorService(183): No listener is left
04-12 10:41:22.078: I/ActivityManager(183): No longer want com.vzw.hss.myverizonged (pid 1043): hidden #16
04-12 10:41:22.085: I/ActivityManager(183): Start proc com.android.providers.calendar for content provider com.android.providers.calendar/.CalendarProvider2: pid=1340 uid=10008 gids={3003, 1015}
04-12 10:41:22.148: I/ActivityManager(183): Start proc com.google.android.apps.maps:LocationFriendService for broadcast com.google.android.apps.maps/com.google.googlenav.friend.reporting.LocationReportingIntentReceiver: pid=1356 uid=10034 gids={3003, 1015}
04-12 10:41:22.351: I/ActivityManager(183): Start proc com.google.android.music:main for broadcast com.google.android.music/.store.MediaStoreImportService$Receiver: pid=1374 uid=10039 gids={3003, 1015}
04-12 10:41:22.664: I/ActivityManager(183): Start proc com.google.android.apps.maps:FriendService for broadcast com.google.android.apps.maps/com.google.googlenav.friend.android.ServiceReceiver: pid=1390 uid=10034 gids={3003, 1015}
04-12 10:41:22.664: I/ActivityManager(183): No longer want com.google.android.onetimeinitializer (pid 1059): hidden #16
04-12 10:41:23.039: I/ActivityManager(183): No longer want com.motricity.verizon.ssodownloadable (pid 1121): hidden #16
04-12 10:41:23.148: I/ActivityManager(183): No longer want com.google.android.videos (pid 1139): hidden #16
04-12 10:41:23.226: I/ActivityManager(183): No longer want com.android.voicedialer (pid 1169): hidden #16
04-12 10:41:26.210: I/ActivityManager(183): Start proc com.android.contacts for broadcast com.android.contacts/.quickcontact.PackageIntentReceiver: pid=1418 uid=10000 gids={3003, 1015}
04-12 10:41:26.281: I/ActivityManager(183): No longer want com.cw.fullepisodes.android (pid 1197): hidden #16
04-12 10:41:26.296: I/ActivityManager(183): Start proc com.android.voicedialer for broadcast com.android.voicedialer/.VoiceDialerReceiver: pid=1432 uid=10062 gids={3002}
04-12 10:41:26.437: I/ActivityManager(183): Start proc com.google.android.googlequicksearchbox for broadcast com.google.android.googlequicksearchbox/.SourceUpdateReceiver: pid=1444 uid=10024 gids={3003}
04-12 10:41:26.437: I/ActivityManager(183): No longer want com.google.android.apps.books (pid 727): hidden #16
04-12 10:41:26.515: I/ActivityManager(183): No longer want com.android.settings (pid 1265): hidden #16
04-12 10:41:33.515: I/ActivityManager(183): Start proc com.google.android.partnersetup for broadcast com.google.android.partnersetup/.PhoneStateReceiver: pid=1461 uid=10023 gids={3003}
04-12 10:41:33.578: I/ActivityManager(183): No longer want com.google.android.deskclock (pid 1253): hidden #16
04-12 10:41:33.632: I/ActivityManager(183): Start proc com.vzw.hss.myverizonged for broadcast com.vzw.hss.myverizonged/com.vzw.hss.datameter.receiver.DataMeterReceiver: pid=1473 uid=10041 gids={3003}
04-12 10:41:33.703: I/ActivityManager(183): No longer want com.google.android.apps.uploader (pid 1215): hidden #16
04-12 10:41:34.179: I/WifiService(183): WifiService trying to set country code to us with persist set to true
04-12 10:41:34.187: I/ActivityManager(183): Config changed: {1.0 311mcc480mnc en_US layoutdir=0 sw360dp w360dp h592dp nrml port finger -keyb/v/h -nav/h s.6}
04-12 10:41:35.065: D/NetlinkEvent(112): Unexpected netlink message. type=0xf
04-12 10:41:35.080: I/ActivityManager(183): Start proc com.google.android.deskclock for broadcast com.google.android.deskclock/com.android.deskclock.AlarmInitReceiver: pid=1491 uid=10013 gids={}
04-12 10:41:35.166: I/WindowManager(183): createSurface Window{41d50d80 com.android.launcher/com.android.launcher2.Launcher paused=false}: DRAW NOW PENDING
04-12 10:41:35.260: D/ConnectivityService(183): special network not available
04-12 10:41:35.276: I/ActivityManager(183): No longer want com.google.android.apps.plus (pid 1232): hidden #16
04-12 10:41:35.549: D/ConnectivityService(183): special network not available
04-12 10:41:36.299: I/ActivityManager(183): Start proc com.google.android.apps.books for service com.google.android.apps.books/.appwidget.BooksAppWidgetService: pid=1508 uid=10004 gids={3003, 1015}
04-12 10:41:36.627: I/ActivityManager(183): Start proc com.google.android.gsf.login for service com.google.android.gsf.login/com.google.android.gsf.loginservice.GoogleLoginService: pid=1527 uid=10011 gids={3003, 1015, 1007, 2001, 3006}
04-12 10:41:36.713: I/ActivityManager(183): No longer want com.google.android.apps.maps:FriendService (pid 1390): hidden #16
04-12 10:41:39.487: D/PhoneStatusBar(267): disable: < expand icons alerts ticker system_info BACK HOME recent* CLOCK
> 04-12 10:41:39.565: D/PhoneStatusBar(267): disable: < expand icons alerts ticker system_info back* home* recent clock*
> 04-12 10:41:40.862: D/ConnectivityService(183): special network not available
04-12 10:41:40.862: I/ActivityManager(183): Force stopping package com.google.android.partnersetup uid=10023
04-12 10:41:41.166: D/ConnectivityService(183): startUsingNetworkFeature reconnecting to 0: enableIMS
04-12 10:41:41.752: D/NetlinkEvent(112): Unexpected netlink message. type=0xf
04-12 10:41:41.799: D/ConnectivityService(183): ConnectivityChange for mobile_ims: CONNECTED/CONNECTED
04-12 10:41:41.830: W/FrameworkListener(112): Handler 'interface' error (No such device)
04-12 10:41:41.838: W/FrameworkListener(112): Handler 'interface' error (No such device)
04-12 10:41:41.846: D/ConnectivityService(183): ConnectivityChange for mobile: CONNECTED/CONNECTED
04-12 10:41:41.877: D/NetworkPolicy(183): applying policy NetworkPolicy[NetworkTemplate: matchRule=MOBILE_ALL, subscriberId=valid]: cycleDay=19, warningBytes=2147483648, limitBytes=-1, lastSnooze=-1 to ifaces [rmnet1]
04-12 10:41:42.112: D/NetlinkEvent(112): Unexpected netlink message. type=0x11
04-12 10:41:42.135: D/ConnectivityService(183): ConnectivityChange for mobile: DISCONNECTED/DISCONNECTED
04-12 10:41:42.135: D/ConnectivityService(183): Attempting to switch to WIFI
04-12 10:41:42.135: D/ConnectivityService(183): Attempting to switch to BLUETOOTH_TETHER
04-12 10:41:42.135: D/ConnectivityService(183): resetConnections(rmnet1, 3)
04-12 10:41:44.916: I/ActivityManager(183): Start proc com.google.android.apps.uploader for broadcast com.google.android.apps.uploader/.ConnectivityBroadcastReceiver: pid=1568 uid=10036 gids={3003}
04-12 10:41:44.987: I/ActivityManager(183): Start proc com.google.android.apps.plus for broadcast com.google.android.apps.plus/com.google.android.picasasync.ConnectivityReceiver: pid=1583 uid=10047 gids={3003, 1015, 1006}
04-12 10:41:44.994: I/ActivityManager(183): No longer want com.google.android.gm (pid 1310): hidden #16
04-12 10:41:45.346: I/ActivityManager(183): No longer want com.google.android.apps.maps:LocationFriendService (pid 1356): hidden #16
04-12 10:41:45.393: D/ConnectivityService(183): handleInetConditionHoldEnd: net=1, condition=100, published condition=100
04-12 10:41:48.893: W/AppWidgetService(183): updateAppWidgetProvider: provider doesn't exist: ComponentInfo{com.vzw.hss.myverizonged/com.vzw.hss.datameter.widget.DataMeterWidget}
04-12 10:41:48.932: W/ActivityManager(183): Unable to start service Intent { act=com.vzw.push.vzwservice.service.CometService }: not found
04-12 10:42:12.768: D/ConnectivityService(183): startUsingNetworkFeature reconnecting to 0: enableFOTA
04-12 10:42:13.416: D/NetlinkEvent(112): Unexpected netlink message. type=0xf
04-12 10:42:13.494: D/ConnectivityService(183): ConnectivityChange for mobile_fota: CONNECTED/CONNECTED
04-12 10:42:13.518: W/FrameworkListener(112): Handler 'interface' error (No such device)
04-12 10:42:13.534: W/FrameworkListener(112): Handler 'interface' error (No such device)
04-12 10:42:17.065: D/ConnectivityService(183): handleInetConditionHoldEnd: net=1, condition=100, published condition=100
04-12 10:43:12.830: D/ConnectivityService(183): stopUsingNetworkFeature: teardown net 0: enableFOTA
04-12 10:43:13.346: D/NetlinkEvent(112): Unexpected netlink message. type=0x11
04-12 10:43:13.369: D/ConnectivityService(183): ConnectivityChange for mobile_fota: DISCONNECTED/DISCONNECTED
04-12 10:43:13.385: W/FrameworkListener(112): Handler 'interface' error (No such device)
04-12 10:43:13.393: W/FrameworkListener(112): Handler 'interface' error (No such device)
04-12 10:43:13.409: D/ConnectivityService(183): resetConnections(rmnet2, 3)
04-12 10:43:16.971: D/ConnectivityService(183): handleInetConditionHoldEnd: net=1, condition=100, published condition=100
04-12 10:44:49.346: W/AppWidgetService(183): updateAppWidgetProvider: provider doesn't exist: ComponentInfo{com.vzw.hss.myverizonged/com.vzw.hss.datameter.widget.DataMeterWidget}
04-12 11:09:15.987: D/ConnectivityService(183): ConnectivityChange for WIFI: DISCONNECTED/DISCONNECTED
04-12 11:09:16.002: D/ConnectivityService(183): Attempting to switch to mobile
04-12 11:09:16.002: D/ConnectivityService(183): Attempting to switch to BLUETOOTH_TETHER
04-12 11:09:16.010: D/ConnectivityService(183): resetConnections(wlan0, 3)
04-12 11:09:16.229: D/ConnectivityService(183): handleInetConditionChange: no active default network - ignore
04-12 11:09:17.034: D/NetlinkEvent(112): Unexpected netlink message. type=0xf
04-12 11:09:17.096: D/ConnectivityService(183): ConnectivityChange for mobile: CONNECTED/CONNECTED
04-12 11:09:17.143: D/NetworkPolicy(183): applying policy NetworkPolicy[NetworkTemplate: matchRule=MOBILE_ALL, subscriberId=valid]: cycleDay=19, warningBytes=2147483648, limitBytes=-1, lastSnooze=-1 to ifaces [rmnet1]
04-12 11:09:20.416: D/ConnectivityService(183): handleInetConditionHoldEnd: net=0, condition=100, published condition=0
04-12 11:09:33.541: D/ConnectivityService(183): ConnectivityChange for WIFI: CONNECTED/CONNECTED
04-12 11:09:33.541: D/ConnectivityService(183): Policy requires mobile teardown
04-12 11:09:33.596: D/NetworkPolicy(183): applying policy NetworkPolicy[NetworkTemplate: matchRule=MOBILE_ALL, subscriberId=valid]: cycleDay=19, warningBytes=2147483648, limitBytes=-1, lastSnooze=-1 to ifaces [rmnet1]
04-12 11:09:39.604: D/ConnectivityService(183): handleInetConditionHoldEnd: net=1, condition=100, published condition=0
04-12 11:09:39.987: D/NetlinkEvent(112): Unexpected netlink message. type=0x11
04-12 11:09:40.010: D/ConnectivityService(183): ConnectivityChange for mobile: DISCONNECTED/DISCONNECTED
04-12 11:09:40.010: D/ConnectivityService(183): Attempting to switch to WIFI
04-12 11:09:40.010: D/ConnectivityService(183): Attempting to switch to BLUETOOTH_TETHER
04-12 11:09:40.026: D/ConnectivityService(183): resetConnections(rmnet1, 3)
04-12 11:09:43.198: D/ConnectivityService(183): handleInetConditionHoldEnd: net=1, condition=0, published condition=100
04-12 11:09:44.034: D/ConnectivityService(183): handleInetConditionHoldEnd: net=1, condition=100, published condition=0
04-12 11:10:31.104: I/ActivityManager(183): Start proc com.google.android.apps.maps for service com.google.android.apps.maps/com.google.googlenav.prefetch.android.PrefetcherService: pid=1687 uid=10034 gids={3003, 1015}
04-12 11:10:41.854: I/ActivityManager(183): No longer want com.google.android.music:main (pid 1374): hidden #16
04-12 11:11:19.612: I/ActivityManager(183): No longer want com.google.android.calendar (pid 1325): hidden #16
04-12 11:11:19.612: I/ActivityManager(183): No longer want com.google.android.apps.maps:NetworkLocationService (pid 1007): hidden #17
04-12 11:11:19.612: I/ActivityManager(183): No longer want com.android.bip (pid 818): hidden #18
04-12 11:11:19.635: W/ActivityManager(183): Scheduling restart of crashed service com.android.bip/.BIPService in 5000ms
04-12 11:11:19.643: I/ActivityManager(183): No longer want com.google.android.deskclock (pid 1491): hidden #16
04-12 11:11:19.659: W/ActivityManager(183): Scheduling restart of crashed service com.google.android.apps.maps/com.google.android.location.internal.server.NetworkLocationService in 14980ms
04-12 11:11:24.659: I/ActivityManager(183): Start proc com.android.bip for service com.android.bip/.BIPService: pid=1715 uid=10001 gids={3003}
04-12 11:11:34.674: I/ActivityManager(183): Start proc com.google.android.apps.maps:NetworkLocationService for service com.google.android.apps.maps/com.google.android.location.internal.server.NetworkLocationService: pid=1731 uid=10034 gids={3003, 1015}
04-12 11:11:34.916: I/ActivityManager(183): Start proc com.google.android.apps.maps:FriendService for broadcast com.google.android.apps.maps/com.google.googlenav.friend.android.ServiceReceiver: pid=1744 uid=10034 gids={3003, 1015}
04-12 11:11:35.159: I/ActivityManager(183): Start proc com.google.android.apps.maps:LocationFriendService for broadcast com.google.android.apps.maps/com.google.googlenav.friend.reporting.LocationReportingIntentReceiver: pid=1763 uid=10034 gids={3003, 1015}
04-12 11:11:35.159: I/ActivityManager(183): No longer want com.google.android.gsf.login (pid 1527): hidden #16
04-12 11:11:35.338: I/ActivityManager(183): No longer want com.android.providers.calendar (pid 1340): hidden #16
04-12 11:14:49.291: W/AppWidgetService(183): updateAppWidgetProvider: provider doesn't exist: ComponentInfo{com.vzw.hss.myverizonged/com.vzw.hss.datameter.widget.DataMeterWidget}
04-12 11:26:19.112: I/WindowManager(183): createSurface Window{41a429e0 TrackingView paused=false}: DRAW NOW PENDING
04-12 11:26:19.510: W/InputManagerService(183): Window already focused, ignoring focus gain of: com.android.internal.view.IInputMethodClient$Stub$Proxy@419b2ca8
04-12 11:34:27.049: I/PowerUI(267): showing low battery warning: level=14 [-1]
04-12 11:34:27.276: I/WindowManager(183): createSurface Window{41b4e610 paused=false}: DRAW NOW PENDING
04-12 11:36:57.119: I/PowerUI(267): updating low battery warning: level=13 [-1]
04-12 11:38:37.159: I/PowerUI(267): updating low battery warning: level=12 [-1]
04-12 11:39:17.143: I/ActivityManager(183): No longer want com.android.contacts (pid 1418): hidden #16
04-12 11:40:34.721: I/PowerUI(267): updating low battery warning: level=11 [-1]
04-12 11:41:14.659: V/BackupManagerService(183): Running a backup pass
04-12 11:41:14.659: V/BackupManagerService(183): Backup requested but nothing pending
04-12 11:41:44.721: W/InputManagerService(183): Window already focused, ignoring focus gain of: com.android.internal.view.IInputMethodClient$Stub$Proxy@41cf3ed8
04-12 11:41:48.955: I/ActivityManager(183): No longer want com.android.voicedialer (pid 1432): hidden #16
04-12 11:41:48.963: I/ActivityManager(183): No longer want com.android.vending (pid 1277): hidden #16
04-12 11:41:49.698: W/PowerUI(267): unknown intent: Intent { act=android.intent.action.ACTION_POWER_CONNECTED flg=0x10000010 }
04-12 11:44:49.135: W/AppWidgetService(183): updateAppWidgetProvider: provider doesn't exist: ComponentInfo{com.vzw.hss.myverizonged/com.vzw.hss.datameter.widget.DataMeterWidget}
04-12 11:58:38.737: D/ConnectivityService(183): ConnectivityChange for WIFI: DISCONNECTED/DISCONNECTED
04-12 11:58:38.744: D/ConnectivityService(183): Attempting to switch to mobile
04-12 11:58:38.744: D/ConnectivityService(183): Attempting to switch to BLUETOOTH_TETHER
04-12 11:58:38.752: D/ConnectivityService(183): resetConnections(wlan0, 3)
04-12 11:58:38.940: D/ConnectivityService(183): handleInetConditionChange: no active default network - ignore
04-12 11:58:39.760: D/NetlinkEvent(112): Unexpected netlink message. type=0xf
04-12 11:58:39.823: D/ConnectivityService(183): ConnectivityChange for mobile: CONNECTED/CONNECTED
04-12 11:58:39.901: D/NetworkPolicy(183): applying policy NetworkPolicy[NetworkTemplate: matchRule=MOBILE_ALL, subscriberId=valid]: cycleDay=19, warningBytes=2147483648, limitBytes=-1, lastSnooze=-1 to ifaces [rmnet1]
04-12 11:58:41.190: D/ConnectivityService(183): ConnectivityChange for WIFI: CONNECTED/CONNECTED
04-12 11:58:41.190: D/ConnectivityService(183): Policy requires mobile teardown
04-12 11:58:41.299: D/NetworkPolicy(183): applying policy NetworkPolicy[NetworkTemplate: matchRule=MOBILE_ALL, subscriberId=valid]: cycleDay=19, warningBytes=2147483648, limitBytes=-1, lastSnooze=-1 to ifaces [rmnet1]
04-12 11:58:41.627: D/NetlinkEvent(112): Unexpected netlink message. type=0x11
04-12 11:58:41.659: D/ConnectivityService(183): ConnectivityChange for mobile: DISCONNECTED/DISCONNECTED
04-12 11:58:41.659: D/ConnectivityService(183): Attempting to switch to WIFI
04-12 11:58:41.659: D/ConnectivityService(183): Attempting to switch to BLUETOOTH_TETHER
04-12 11:58:41.674: D/ConnectivityService(183): resetConnections(rmnet1, 3)
04-12 11:58:43.830: D/ConnectivityService(183): handleInetConditionHoldEnd: net=1, condition=100, published condition=0
04-12 11:58:44.776: D/ConnectivityService(183): handleInetConditionHoldEnd: net=1, condition=100, published condition=100
04-12 12:10:46.604: I/ActivityManager(183): Start proc com.android.defcontainer for service com.android.defcontainer/.DefaultContainerService: pid=1899 uid=10012 gids={1015, 2001}
04-12 12:10:46.635: W/ActivityManager(183): No content provider found for permission revoke: file:///data/local/tmp/app.apk
04-12 12:10:46.760: W/ActivityManager(183): No content provider found for permission revoke: file:///data/local/tmp/app.apk
04-12 12:10:54.659: I/ActivityManager(183): Force stopping package com.appcelerator.html uid=10067
04-12 12:10:55.073: I/ActivityManager(183): Start proc com.android.contacts for broadcast com.android.contacts/.quickcontact.PackageIntentReceiver: pid=1913 uid=10000 gids={3003, 1015}
04-12 12:10:55.096: D/BackupManagerService(183): Received broadcast Intent { act=android.intent.action.PACKAGE_ADDED dat=package:com.appcelerator.html flg=0x10000010 (has extras) }
04-12 12:10:55.096: V/BackupManagerService(183): addPackageParticipantsLocked: com.appcelerator.html
04-12 12:10:55.190: I/ActivityManager(183): Start proc com.google.android.gallery3d for broadcast com.google.android.gallery3d/com.android.gallery3d.app.PackagesMonitor: pid=1928 uid=10018 gids={3003, 1015}
04-12 12:10:55.596: I/ActivityManager(183): Start proc com.google.android.partnersetup for broadcast com.google.android.partnersetup/.RlzPingBroadcastReceiver: pid=1946 uid=10023 gids={3003}
04-12 12:10:55.690: I/ActivityManager(183): Start proc com.android.musicfx for broadcast com.android.musicfx/.Compatibility$Receiver: pid=1958 uid=10040 gids={3003, 3002}
04-12 12:10:55.690: I/ActivityManager(183): No longer want com.google.android.googlequicksearchbox (pid 1444): hidden #16
04-12 12:10:55.760: I/ActivityManager(183): Start proc com.android.voicedialer for broadcast com.android.voicedialer/.VoiceDialerReceiver: pid=1971 uid=10062 gids={3002}
04-12 12:10:55.776: I/ActivityManager(183): No longer want com.google.android.apps.books (pid 1508): hidden #16
04-12 12:10:55.807: I/ActivityManager(183): Start proc com.android.vending for broadcast com.android.vending/com.google.android.finsky.receivers.PackageMonitorReceiver$RegisteredReceiver: pid=1985 uid=10046 gids={3003, 1015}
04-12 12:10:55.807: I/ActivityManager(183): No longer want com.android.bip (pid 1715): hidden #16
04-12 12:10:55.815: W/ActivityManager(183): Scheduling restart of crashed service com.android.bip/.BIPService in 5000ms
04-12 12:10:56.073: I/ActivityManager(183): Start proc com.google.android.googlequicksearchbox for broadcast com.google.android.googlequicksearchbox/.SourceUpdateReceiver: pid=2015 uid=10024 gids={3003}
04-12 12:10:56.080: I/ActivityManager(183): No longer want com.google.android.apps.maps:NetworkLocationService (pid 1731): hidden #16
04-12 12:10:56.112: W/ActivityManager(183): Scheduling restart of crashed service com.google.android.apps.maps/com.google.android.location.internal.server.NetworkLocationService in 14708ms
04-12 12:10:56.119: I/ActivityManager(183): No longer want com.google.android.apps.maps:FriendService (pid 1744): hidden #16
04-12 12:10:56.768: I/ActivityManager(183): No longer want com.google.android.apps.maps:LocationFriendService (pid 1763): hidden #16
04-12 12:11:00.846: I/ActivityManager(183): Start proc com.android.bip for service com.android.bip/.BIPService: pid=2029 uid=10001 gids={3003}
04-12 12:11:10.862: I/ActivityManager(183): Start proc com.google.android.apps.maps:NetworkLocationService for service com.google.android.apps.maps/com.google.android.location.internal.server.NetworkLocationService: pid=2057 uid=10034 gids={3003, 1015}
04-12 12:11:11.088: I/ActivityManager(183): Start proc com.google.android.apps.maps:FriendService for broadcast com.google.android.apps.maps/com.google.googlenav.friend.android.ServiceReceiver: pid=2070 uid=10034 gids={3003, 1015}
04-12 12:11:11.338: I/ActivityManager(183): Start proc com.google.android.apps.maps:LocationFriendService for broadcast com.google.android.apps.maps/com.google.googlenav.friend.reporting.LocationReportingIntentReceiver: pid=2089 uid=10034 gids={3003, 1015}
04-12 12:11:11.487: I/ActivityManager(183): No longer want com.vzw.hss.myverizonged (pid 1473): hidden #16
04-12 12:11:11.526: I/ActivityManager(183): No longer want com.google.android.talk (pid 1096): hidden #16
04-12 12:11:31.205: W/ActivityManager(183): No content provider found for permission revoke: file:///data/local/tmp/app.apk
04-12 12:11:31.284: W/ActivityManager(183): No content provider found for permission revoke: file:///data/local/tmp/app.apk
04-12 12:11:34.760: I/ActivityManager(183): Force stopping package com.appcelerator.masterdetail uid=10069
04-12 12:11:35.143: D/BackupManagerService(183): Received broadcast Intent { act=android.intent.action.PACKAGE_ADDED dat=package:com.appcelerator.masterdetail flg=0x10000010 (has extras) }
04-12 12:11:35.143: V/BackupManagerService(183): addPackageParticipantsLocked: com.appcelerator.masterdetail
04-12 12:11:50.705: I/ActivityManager(183): No longer want com.google.android.apps.uploader (pid 1568): hidden #16
04-12 12:12:06.377: W/ActivityManager(183): No content provider found for permission revoke: file:///data/local/tmp/app.apk
04-12 12:12:06.479: W/ActivityManager(183): No content provider found for permission revoke: file:///data/local/tmp/app.apk
04-12 12:12:11.768: I/ActivityManager(183): Force stopping package com.appcelerator.newproject uid=10070
04-12 12:12:12.518: D/BackupManagerService(183): Received broadcast Intent { act=android.intent.action.PACKAGE_ADDED dat=package:com.appcelerator.newproject flg=0x10000010 (has extras) }
04-12 12:12:12.518: V/BackupManagerService(183): addPackageParticipantsLocked: com.appcelerator.newproject
04-12 12:12:46.291: W/ActivityManager(183): No content provider found for permission revoke: file:///data/local/tmp/app.apk
04-12 12:12:46.354: W/ActivityManager(183): No content provider found for permission revoke: file:///data/local/tmp/app.apk
04-12 12:12:50.260: I/ActivityManager(183): Force stopping package com.appcelerator.singlewindow uid=10071
04-12 12:12:51.354: D/BackupManagerService(183): Received broadcast Intent { act=android.intent.action.PACKAGE_ADDED dat=package:com.appcelerator.singlewindow flg=0x10000010 (has extras) }
04-12 12:12:51.354: V/BackupManagerService(183): addPackageParticipantsLocked: com.appcelerator.singlewindow
04-12 12:13:26.119: W/ActivityManager(183): No content provider found for permission revoke: file:///data/local/tmp/app.apk
04-12 12:13:26.190: W/ActivityManager(183): No content provider found for permission revoke: file:///data/local/tmp/app.apk
04-12 12:13:29.315: I/ActivityManager(183): Force stopping package com.appcelerator.tabbed uid=10072
04-12 12:13:29.713: D/BackupManagerService(183): Received broadcast Intent { act=android.intent.action.PACKAGE_ADDED dat=package:com.appcelerator.tabbed flg=0x10000010 (has extras) }
04-12 12:13:29.721: V/BackupManagerService(183): addPackageParticipantsLocked: com.appcelerator.tabbed
04-12 12:13:44.565: I/ActivityManager(183): START {act=android.intent.action.MAIN cat=[android.intent.category.LAUNCHER] flg=0x10200000 cmp=com.appcelerator.masterdetail/.MasterdetailActivity} from pid 488
