04-12 14:53:49.955: W/AppWidgetService(183): updateAppWidgetProvider: provider doesn't exist: ComponentInfo{com.vzw.hss.myverizonged/com.vzw.hss.datameter.widget.DataMeterWidget}
04-12 14:54:00.002: I/ActivityManager(183): No longer want com.android.bip (pid 4244): hidden #16
04-12 14:54:00.026: W/ActivityManager(183): Scheduling restart of crashed service com.android.bip/.BIPService in 5000ms
04-12 14:54:05.041: I/ActivityManager(183): Start proc com.android.bip for service com.android.bip/.BIPService: pid=5230 uid=10001 gids={3003}
04-12 14:54:05.159: D/dalvikvm(183): GC_EXPLICIT freed 327K, 33% free 21433K/31687K, paused 6ms+5ms
04-12 14:54:31.213: D/AndroidRuntime(5252): >>>>>> AndroidRuntime START com.android.internal.os.RuntimeInit <<<<<<
04-12 14:54:31.213: D/AndroidRuntime(5252): CheckJNI is OFF
04-12 14:54:31.369: D/AndroidRuntime(5252): Calling main entry com.android.commands.pm.Pm
04-12 14:54:31.385: W/ActivityManager(183): No content provider found for permission revoke: file:///data/local/tmp/app.apk
04-12 14:54:31.463: W/ActivityManager(183): No content provider found for permission revoke: file:///data/local/tmp/app.apk
04-12 14:54:33.596: I/PackageManager(183): Running dexopt on: com.appcelerator.sample.mapping
04-12 14:54:33.791: D/dalvikvm(5263): DexOpt: 'Lorg/apache/commons/codec/binary/Base64;' has an earlier definition; blocking out
04-12 14:54:33.791: D/dalvikvm(5263): DexOpt: 'Lorg/apache/commons/codec/binary/Hex;' has an earlier definition; blocking out
04-12 14:54:33.815: D/dalvikvm(5263): DexOpt: 'Lorg/w3c/dom/UserDataHandler;' has an earlier definition; blocking out
04-12 14:54:33.940: D/dalvikvm(5263): DexOpt: not verifying/optimizing 'Lorg/apache/commons/codec/binary/Base64;': multiple definitions
04-12 14:54:33.940: D/dalvikvm(5263): DexOpt: not verifying/optimizing 'Lorg/apache/commons/codec/binary/Hex;': multiple definitions
04-12 14:54:33.940: I/dalvikvm(5263): DexOpt: not resolving ambiguous class 'Lorg/apache/commons/codec/binary/Hex;'
04-12 14:54:34.049: I/dalvikvm(5263): DexOpt: not resolving ambiguous class 'Lorg/apache/commons/codec/binary/Base64;'
04-12 14:54:34.057: I/dalvikvm(5263): DexOpt: not resolving ambiguous class 'Lorg/apache/commons/codec/binary/Base64;'
04-12 14:54:34.190: D/dalvikvm(5263): DexOpt: not verifying/optimizing 'Lorg/w3c/dom/UserDataHandler;': multiple definitions
04-12 14:54:34.229: I/dalvikvm(5263): DexOpt: not resolving ambiguous class 'Lorg/apache/commons/codec/binary/Hex;'
04-12 14:54:34.338: D/dalvikvm(5263): DexOpt: load 84ms, verify+opt 488ms
04-12 14:54:36.073: I/ActivityManager(183): Force stopping package com.appcelerator.sample.mapping uid=10067
04-12 14:54:36.416: D/PackageManager(183): New package installed in /data/app/com.appcelerator.sample.mapping-1.apk
04-12 14:54:37.049: I/RegisteredComponentCache(474): ComponentInfo: ResolveInfo{41906d98 com.android.apps.tag.TagViewer p=0 o=0 m=0x108000}, techs: android.nfc.tech.Ndef,
04-12 14:54:37.057: D/PackageManager(183): generateServicesMap(android.accounts.AccountAuthenticator): 4 services unchanged
04-12 14:54:37.080: D/PackageManager(183): generateServicesMap(android.content.SyncAdapter): 16 services unchanged
04-12 14:54:37.096: D/dalvikvm(5003): GC_FOR_ALLOC freed 223K, 5% free 14185K/14855K, paused 19ms
04-12 14:54:37.096: D/BackupManagerService(183): Received broadcast Intent { act=android.intent.action.PACKAGE_ADDED dat=package:com.appcelerator.sample.mapping flg=0x10000010 (has extras) }
04-12 14:54:37.096: V/BackupManagerService(183): addPackageParticipantsLocked: com.appcelerator.sample.mapping
04-12 14:54:37.135: D/SyncManager(183): setIsSyncable: Account {name=appcel123@gmail.com, type=com.google}, provider com.google.android.gallery3d.GooglePhotoProvider -> 0
04-12 14:54:37.135: D/SyncManager(183): setIsSyncable: already set to 0, doing nothing
04-12 14:54:37.159: D/AccountTypeManager(4973): Registering external account type=com.fusionone.android.sync.baclient.account, packageName=com.fusionone.android.sync.sprimebaclient
04-12 14:54:37.166: I/ActivityManager(183): Start proc com.google.android.partnersetup for broadcast com.google.android.partnersetup/.RlzPingBroadcastReceiver: pid=5264 uid=10023 gids={3003}
04-12 14:54:37.198: D/AccountTypeManager(4973): Registering 1 extension packages
04-12 14:54:37.198: E/ExternalAccountType(4973): Unsupported attribute readOnly
04-12 14:54:37.205: I/ActivityThread(5264): Pub com.google.android.partnersetup.rlzprovider: com.google.android.partnersetup.RlzProvider
04-12 14:54:37.213: I/ActivityThread(5264): Pub com.google.android.partnersetup.rlzappprovider: com.google.android.partnersetup.RlzAppProvider
04-12 14:54:37.268: D/com.fusionone.android.sync.baclient.receiver.HTSInstalledReceiver(4312): Reset receiver-Invoked
04-12 14:54:37.268: I/HTSINSTALLEDREeciever-package _ action(4312): android.intent.action.PACKAGE_ADDED
04-12 14:54:37.268: I/HTSINSTALLEDREeciever-package(4312): package:com.appcelerator.sample.mapping
04-12 14:54:37.291: D/AccountTypeManager(4973): Registering extension package account type=com.google, dataSet=plus, packageName=com.google.android.apps.plus
04-12 14:54:37.291: I/AccountTypeManager(4973): Loaded meta-data for 4 account types, 2 accounts in 244ms(wall) 10ms(cpu)
04-12 14:54:37.299: D/dalvikvm(488): GC_CONCURRENT freed 4079K, 20% free 28637K/35655K, paused 2ms+5ms
04-12 14:54:37.369: D/dalvikvm(183): GC_EXPLICIT freed 1566K, 32% free 21609K/31687K, paused 6ms+9ms
04-12 14:54:37.369: D/AndroidRuntime(5252): Shutting down VM
04-12 14:54:37.369: I/AndroidRuntime(5252): NOTE: attach of thread 'Binder Thread #3' failed
04-12 14:54:37.377: D/dalvikvm(5252): GC_CONCURRENT freed 97K, 90% free 450K/4096K, paused 1ms+1ms
04-12 14:54:37.416: D/dalvikvm(488): GC_CONCURRENT freed 203K, 15% free 30453K/35655K, paused 2ms+7ms
04-12 14:54:37.471: D/dalvikvm(488): GC_FOR_ALLOC freed 2213K, 16% free 30150K/35655K, paused 19ms
04-12 14:54:37.526: D/dalvikvm(488): GC_FOR_ALLOC freed 1271K, 14% free 30760K/35655K, paused 20ms
04-12 14:54:37.948: D/dalvikvm(488): GC_FOR_ALLOC freed 3624K, 20% free 28550K/35655K, paused 37ms
04-12 14:54:38.104: D/dalvikvm(488): GC_CONCURRENT freed 113K, 15% free 30455K/35655K, paused 2ms+3ms
04-12 14:54:38.166: D/dalvikvm(488): GC_FOR_ALLOC freed 2218K, 16% free 30151K/35655K, paused 20ms
04-12 14:54:38.221: D/dalvikvm(488): GC_FOR_ALLOC freed 1271K, 14% free 30762K/35655K, paused 19ms
04-12 14:54:41.479: I/ActivityManager(183): No longer want com.google.android.apps.maps:NetworkLocationService (pid 4261): hidden #16
04-12 14:54:41.502: W/ActivityManager(183): Scheduling restart of crashed service com.google.android.apps.maps/com.google.android.location.internal.server.NetworkLocationService in 5000ms
04-12 14:54:46.549: I/ActivityManager(183): Start proc com.google.android.apps.maps:NetworkLocationService for service com.google.android.apps.maps/com.google.android.location.internal.server.NetworkLocationService: pid=5281 uid=10034 gids={3003, 1015}
04-12 14:54:46.557: I/dalvikvm(5281): Turning on JNI app bug workarounds for target SDK version 13...
04-12 14:54:46.682: D/dalvikvm(5281): GC_CONCURRENT freed 174K, 2% free 14353K/14599K, paused 3ms+3ms
04-12 14:54:46.799: I/ActivityManager(183): Start proc com.google.android.apps.maps:FriendService for broadcast com.google.android.apps.maps/com.google.googlenav.friend.android.ServiceReceiver: pid=5294 uid=10034 gids={3003, 1015}
04-12 14:54:46.830: I/dalvikvm(5294): Turning on JNI app bug workarounds for target SDK version 13...
04-12 14:54:46.846: D/dalvikvm(116): GC_EXPLICIT freed 37K, 3% free 14022K/14339K, paused 2ms+2ms
04-12 14:54:46.869: D/dalvikvm(116): GC_EXPLICIT freed <1K, 3% free 14022K/14339K, paused 1ms+2ms
04-12 14:54:46.885: D/dalvikvm(116): GC_EXPLICIT freed <1K, 3% free 14022K/14339K, paused 1ms+2ms
04-12 14:54:46.932: D/dalvikvm(5294): GC_CONCURRENT freed 177K, 2% free 14350K/14599K, paused 3ms+2ms
04-12 14:54:46.955: D/dalvikvm(5281): GC_CONCURRENT freed 209K, 2% free 14702K/14983K, paused 1ms+2ms
04-12 14:54:47.026: D/dalvikvm(5294): GC_CONCURRENT freed 154K, 2% free 14757K/14983K, paused 1ms+3ms
04-12 14:54:47.049: I/ActivityManager(183): Start proc com.google.android.apps.maps:LocationFriendService for broadcast com.google.android.apps.maps/com.google.googlenav.friend.reporting.LocationReportingIntentReceiver: pid=5313 uid=10034 gids={3003, 1015}
04-12 14:54:47.049: I/ActivityManager(183): No longer want com.android.keychain (pid 5018): hidden #16
04-12 14:54:47.057: I/dalvikvm(5313): Turning on JNI app bug workarounds for target SDK version 13...
04-12 14:54:47.143: D/dalvikvm(5313): GC_CONCURRENT freed 152K, 2% free 14375K/14599K, paused 2ms+1ms
04-12 14:54:47.143: D/dalvikvm(5281): GC_CONCURRENT freed 132K, 2% free 15091K/15303K, paused 2ms+2ms
04-12 14:54:47.198: I/ActivityManager(183): No longer want com.google.android.inputmethod.latin.dictionarypack (pid 4985): hidden #16
04-12 14:54:47.299: D/dalvikvm(5281): GC_CONCURRENT freed 667K, 5% free 14939K/15687K, paused 2ms+3ms
04-12 14:54:47.338: I/dalvikvm(5281): Total arena pages for JIT: 11
04-12 14:54:47.338: I/dalvikvm(5281): Total arena pages for JIT: 12
04-12 14:54:47.338: I/dalvikvm(5281): Total arena pages for JIT: 13
04-12 14:54:47.338: I/dalvikvm(5281): Total arena pages for JIT: 14
04-12 14:54:47.338: I/dalvikvm(5281): Total arena pages for JIT: 15
04-12 14:54:47.338: I/dalvikvm(5281): Total arena pages for JIT: 16
04-12 14:54:47.338: I/dalvikvm(5281): Total arena pages for JIT: 17
04-12 14:54:47.463: D/dalvikvm(5281): GC_FOR_ALLOC freed 145K, 5% free 14954K/15687K, paused 25ms
04-12 14:54:47.534: I/System.out(5281): [INFO:622]: c: Running flush
04-12 14:54:47.557: I/System.out(5281): [INFO:649]: c: Sending payload [bytes=468]
04-12 14:54:47.932: D/dalvikvm(5281): GC_CONCURRENT freed 285K, 4% free 15063K/15687K, paused 6ms+2ms
04-12 14:54:48.127: I/System.out(5281): [INFO:1216]: c: Response [http=200,length=800]
04-12 14:54:48.127: I/System.out(5281): [INFO:1219]: c: Read id 1, status code 200
04-12 14:54:49.174: D/dalvikvm(5281): GC_CONCURRENT freed 396K, 4% free 15119K/15687K, paused 2ms+6ms
04-12 14:54:49.174: I/System.out(5281): [INFO:2266]: c: Running flush
04-12 14:54:49.174: I/System.out(5281): [INFO:2268]: c: Sending payload [bytes=413]
04-12 14:54:49.229: I/System.out(5281): [INFO:2320]: c: Response [http=200,length=298]
04-12 14:54:49.229: I/System.out(5281): [INFO:2322]: c: Read id 2, status code 200
04-12 14:54:52.573: D/dalvikvm(4618): GC_CONCURRENT freed 394K, 4% free 14649K/15239K, paused 5ms+3ms
04-12 14:54:52.596: D/Finsky(4618): [1] 5.onFinished: Installation state replication succeeded.
04-12 14:56:49.752: W/AppWidgetService(183): updateAppWidgetProvider: provider doesn't exist: ComponentInfo{com.vzw.hss.myverizonged/com.vzw.hss.datameter.widget.DataMeterWidget}
04-12 14:57:04.768: D/AndroidRuntime(5337): >>>>>> AndroidRuntime START com.android.internal.os.RuntimeInit <<<<<<
04-12 14:57:04.768: D/AndroidRuntime(5337): CheckJNI is OFF
04-12 14:57:04.932: D/AndroidRuntime(5337): Calling main entry com.android.commands.pm.Pm
04-12 14:57:04.948: W/ActivityManager(183): No content provider found for permission revoke: file:///data/local/tmp/app.apk
04-12 14:57:05.135: W/ActivityManager(183): No content provider found for permission revoke: file:///data/local/tmp/app.apk
04-12 14:57:05.291: D/dalvikvm(183): GC_CONCURRENT freed 1483K, 31% free 22028K/31687K, paused 3ms+6ms
04-12 14:57:05.502: D/dalvikvm(183): GC_CONCURRENT freed 1787K, 30% free 22247K/31687K, paused 2ms+4ms
04-12 14:57:05.674: D/dalvikvm(183): GC_CONCURRENT freed 2016K, 30% free 22276K/31687K, paused 2ms+5ms
04-12 14:57:06.073: D/dalvikvm(183): GC_CONCURRENT freed 2011K, 30% free 22274K/31687K, paused 2ms+5ms
04-12 14:57:08.393: I/PackageManager(183): Running dexopt on: com.appcelerator.titanium
04-12 14:57:08.596: D/dalvikvm(5348): DexOpt: 'Lorg/apache/commons/codec/binary/Base64;' has an earlier definition; blocking out
04-12 14:57:08.596: D/dalvikvm(5348): DexOpt: 'Lorg/apache/commons/codec/binary/Hex;' has an earlier definition; blocking out
04-12 14:57:08.619: D/dalvikvm(5348): DexOpt: 'Lorg/w3c/dom/UserDataHandler;' has an earlier definition; blocking out
04-12 14:57:08.752: D/dalvikvm(5348): DexOpt: not verifying/optimizing 'Lorg/apache/commons/codec/binary/Base64;': multiple definitions
04-12 14:57:08.752: D/dalvikvm(5348): DexOpt: not verifying/optimizing 'Lorg/apache/commons/codec/binary/Hex;': multiple definitions
04-12 14:57:08.752: I/dalvikvm(5348): DexOpt: not resolving ambiguous class 'Lorg/apache/commons/codec/binary/Hex;'
04-12 14:57:08.862: I/dalvikvm(5348): DexOpt: not resolving ambiguous class 'Lorg/apache/commons/codec/binary/Base64;'
04-12 14:57:08.869: I/dalvikvm(5348): DexOpt: not resolving ambiguous class 'Lorg/apache/commons/codec/binary/Base64;'
04-12 14:57:08.994: D/dalvikvm(5348): DexOpt: not verifying/optimizing 'Lorg/w3c/dom/UserDataHandler;': multiple definitions
04-12 14:57:09.244: I/dalvikvm(5348): DexOpt: not resolving ambiguous class 'Lorg/apache/commons/codec/binary/Hex;'
04-12 14:57:09.354: I/dalvikvm(5348): DexOpt: not resolving ambiguous class 'Lorg/apache/commons/codec/binary/Base64;'
04-12 14:57:09.362: D/dalvikvm(5348): DexOpt: load 83ms, verify+opt 702ms
04-12 14:57:10.416: I/ActivityManager(183): Force stopping package com.appcelerator.titanium uid=10069
04-12 14:57:10.557: D/PackageManager(183): New package installed in /data/app/com.appcelerator.titanium-1.apk
04-12 14:57:10.729: I/RegisteredComponentCache(474): ComponentInfo: ResolveInfo{41907d68 com.android.apps.tag.TagViewer p=0 o=0 m=0x108000}, techs: android.nfc.tech.Ndef,
04-12 14:57:10.737: D/PackageManager(183): generateServicesMap(android.accounts.AccountAuthenticator): 4 services unchanged
04-12 14:57:10.760: D/PackageManager(183): generateServicesMap(android.content.SyncAdapter): 16 services unchanged
04-12 14:57:10.768: D/BackupManagerService(183): Received broadcast Intent { act=android.intent.action.PACKAGE_ADDED dat=package:com.appcelerator.titanium flg=0x10000010 (has extras) }
04-12 14:57:10.768: V/BackupManagerService(183): addPackageParticipantsLocked: com.appcelerator.titanium
04-12 14:57:10.791: D/AccountTypeManager(4973): Registering external account type=com.fusionone.android.sync.baclient.account, packageName=com.fusionone.android.sync.sprimebaclient
04-12 14:57:10.823: D/SyncManager(183): setIsSyncable: Account {name=appcel123@gmail.com, type=com.google}, provider com.google.android.gallery3d.GooglePhotoProvider -> 0
04-12 14:57:10.823: D/SyncManager(183): setIsSyncable: already set to 0, doing nothing
04-12 14:57:10.862: D/AccountTypeManager(4973): Registering 1 extension packages
04-12 14:57:10.869: E/ExternalAccountType(4973): Unsupported attribute readOnly
04-12 14:57:10.877: D/com.fusionone.android.sync.baclient.receiver.HTSInstalledReceiver(4312): Reset receiver-Invoked
04-12 14:57:10.885: I/HTSINSTALLEDREeciever-package _ action(4312): android.intent.action.PACKAGE_ADDED
04-12 14:57:10.885: I/HTSINSTALLEDREeciever-package(4312): package:com.appcelerator.titanium
04-12 14:57:10.901: D/dalvikvm(4973): GC_CONCURRENT freed 395K, 4% free 14298K/14791K, paused 7ms+8ms
04-12 14:57:10.901: D/AccountTypeManager(4973): Registering extension package account type=com.google, dataSet=plus, packageName=com.google.android.apps.plus
04-12 14:57:10.901: I/AccountTypeManager(4973): Loaded meta-data for 4 account types, 2 accounts in 176ms(wall) 13ms(cpu)
04-12 14:57:10.924: D/dalvikvm(488): GC_FOR_ALLOC freed 4033K, 20% free 28627K/35655K, paused 55ms
04-12 14:57:10.994: D/dalvikvm(183): GC_EXPLICIT freed 1092K, 30% free 22332K/31687K, paused 6ms+15ms
04-12 14:57:11.002: D/AndroidRuntime(5337): Shutting down VM
04-12 14:57:11.010: D/dalvikvm(5337): GC_CONCURRENT freed 97K, 90% free 450K/4096K, paused 0ms+0ms
04-12 14:57:11.010: I/AndroidRuntime(5337): NOTE: attach of thread 'Binder Thread #3' failed
04-12 14:57:11.026: D/dalvikvm(488): GC_FOR_ALLOC freed 174K, 16% free 30160K/35655K, paused 20ms
04-12 14:57:11.080: D/dalvikvm(488): GC_CONCURRENT freed 1654K, 15% free 30549K/35655K, paused 1ms+7ms
04-12 14:57:11.151: D/dalvikvm(488): GC_CONCURRENT freed 1593K, 14% free 30884K/35655K, paused 2ms+3ms
04-12 14:57:11.674: D/dalvikvm(488): GC_FOR_ALLOC freed 3875K, 20% free 28620K/35655K, paused 43ms
04-12 14:57:11.768: D/dalvikvm(589): GC_CONCURRENT freed 481K, 5% free 14443K/15111K, paused 1ms+3ms
04-12 14:57:11.791: D/dalvikvm(488): GC_CONCURRENT freed 113K, 15% free 30499K/35655K, paused 1ms+8ms
04-12 14:57:11.862: D/dalvikvm(488): GC_FOR_ALLOC freed 2217K, 16% free 30192K/35655K, paused 22ms
04-12 14:57:11.924: D/dalvikvm(488): GC_FOR_ALLOC freed 1271K, 14% free 30803K/35655K, paused 21ms
04-12 14:57:26.237: D/dalvikvm(4618): GC_CONCURRENT freed 447K, 4% free 14663K/15239K, paused 4ms+6ms
04-12 14:57:26.284: D/Finsky(4618): [1] 5.onFinished: Installation state replication succeeded.
04-12 14:59:40.604: D/AndroidRuntime(5361): >>>>>> AndroidRuntime START com.android.internal.os.RuntimeInit <<<<<<
04-12 14:59:40.604: D/AndroidRuntime(5361): CheckJNI is OFF
04-12 14:59:40.799: D/AndroidRuntime(5361): Calling main entry com.android.commands.pm.Pm
04-12 14:59:40.815: W/ActivityManager(183): No content provider found for permission revoke: file:///data/local/tmp/app.apk
04-12 14:59:41.026: W/ActivityManager(183): No content provider found for permission revoke: file:///data/local/tmp/app.apk
04-12 14:59:41.205: I/com.appcelerator.cloud.push.PushService(1183): Service started with intent = Intent { act=CF.KEEP_ALIVE flg=0x4 cmp=com.cocoafish.pushnotifications/com.appcelerator.cloud.push.PushService (has extras) }
04-12 14:59:41.229: D/dalvikvm(183): GC_CONCURRENT freed 2062K, 30% free 22312K/31687K, paused 2ms+6ms
04-12 14:59:41.338: D/dalvikvm(1183): GC_CONCURRENT freed 422K, 5% free 14489K/15111K, paused 2ms+2ms
04-12 14:59:41.409: D/dalvikvm(183): GC_CONCURRENT freed 2108K, 30% free 22246K/31687K, paused 2ms+5ms
04-12 14:59:41.604: D/dalvikvm(183): GC_CONCURRENT freed 2053K, 30% free 22241K/31687K, paused 2ms+5ms
04-12 14:59:42.377: D/GTalkService/c(322): [HeartbeatAlarm] sent heartbeat to server
04-12 14:59:46.252: I/PackageManager(183): Running dexopt on: com.appcelerator.kitchensinknook
04-12 14:59:46.455: D/dalvikvm(5373): DexOpt: 'Lorg/apache/commons/codec/binary/Base64;' has an earlier definition; blocking out
04-12 14:59:46.455: D/dalvikvm(5373): DexOpt: 'Lorg/apache/commons/codec/binary/Hex;' has an earlier definition; blocking out
04-12 14:59:46.479: D/dalvikvm(5373): DexOpt: 'Lorg/w3c/dom/UserDataHandler;' has an earlier definition; blocking out
04-12 14:59:46.612: D/dalvikvm(5373): DexOpt: not verifying/optimizing 'Lorg/apache/commons/codec/binary/Base64;': multiple definitions
04-12 14:59:46.612: D/dalvikvm(5373): DexOpt: not verifying/optimizing 'Lorg/apache/commons/codec/binary/Hex;': multiple definitions
04-12 14:59:46.612: I/dalvikvm(5373): DexOpt: not resolving ambiguous class 'Lorg/apache/commons/codec/binary/Hex;'
04-12 14:59:46.721: I/dalvikvm(5373): DexOpt: not resolving ambiguous class 'Lorg/apache/commons/codec/binary/Base64;'
04-12 14:59:46.729: I/dalvikvm(5373): DexOpt: not resolving ambiguous class 'Lorg/apache/commons/codec/binary/Base64;'
04-12 14:59:46.854: D/dalvikvm(5373): DexOpt: not verifying/optimizing 'Lorg/w3c/dom/UserDataHandler;': multiple definitions
04-12 14:59:46.924: I/dalvikvm(5373): DexOpt: not resolving ambiguous class 'Lorg/apache/commons/codec/binary/Hex;'
04-12 14:59:47.026: I/dalvikvm(5373): DexOpt: not resolving ambiguous class 'Lorg/apache/commons/codec/binary/Base64;'
04-12 14:59:47.034: D/dalvikvm(5373): DexOpt: load 82ms, verify+opt 515ms
04-12 14:59:47.737: I/ActivityManager(183): Force stopping package com.appcelerator.kitchensinknook uid=10070
04-12 14:59:48.596: D/PackageManager(183): New package installed in /data/app/com.appcelerator.kitchensinknook-1.apk
04-12 14:59:48.760: I/RegisteredComponentCache(474): ComponentInfo: ResolveInfo{41908d88 com.android.apps.tag.TagViewer p=0 o=0 m=0x108000}, techs: android.nfc.tech.Ndef,
04-12 14:59:48.768: D/AccountTypeManager(4973): Registering external account type=com.fusionone.android.sync.baclient.account, packageName=com.fusionone.android.sync.sprimebaclient
04-12 14:59:48.776: D/PackageManager(183): generateServicesMap(android.accounts.AccountAuthenticator): 4 services unchanged
04-12 14:59:48.791: D/AccountTypeManager(4973): Registering 1 extension packages
04-12 14:59:48.791: E/ExternalAccountType(4973): Unsupported attribute readOnly
04-12 14:59:48.791: D/AccountTypeManager(4973): Registering extension package account type=com.google, dataSet=plus, packageName=com.google.android.apps.plus
04-12 14:59:48.799: I/AccountTypeManager(4973): Loaded meta-data for 4 account types, 2 accounts in 33ms(wall) 11ms(cpu)
04-12 14:59:48.807: D/PackageManager(183): generateServicesMap(android.content.SyncAdapter): 16 services unchanged
04-12 14:59:48.815: D/SyncManager(183): setIsSyncable: Account {name=appcel123@gmail.com, type=com.google}, provider com.google.android.gallery3d.GooglePhotoProvider -> 0
04-12 14:59:48.815: D/SyncManager(183): setIsSyncable: already set to 0, doing nothing
04-12 14:59:48.846: D/BackupManagerService(183): Received broadcast Intent { act=android.intent.action.PACKAGE_ADDED dat=package:com.appcelerator.kitchensinknook flg=0x10000010 (has extras) }
04-12 14:59:48.846: V/BackupManagerService(183): addPackageParticipantsLocked: com.appcelerator.kitchensinknook
04-12 14:59:48.955: D/dalvikvm(183): GC_EXPLICIT freed 1841K, 30% free 22448K/31687K, paused 2ms+13ms
04-12 14:59:48.963: D/com.fusionone.android.sync.baclient.receiver.HTSInstalledReceiver(4312): Reset receiver-Invoked
04-12 14:59:48.963: I/HTSINSTALLEDREeciever-package _ action(4312): android.intent.action.PACKAGE_ADDED
04-12 14:59:48.963: I/HTSINSTALLEDREeciever-package(4312): package:com.appcelerator.kitchensinknook
04-12 14:59:48.963: D/AndroidRuntime(5361): Shutting down VM
04-12 14:59:48.979: D/dalvikvm(5361): GC_CONCURRENT freed 97K, 90% free 450K/4096K, paused 1ms+0ms
04-12 14:59:48.979: I/AndroidRuntime(5361): NOTE: attach of thread 'Binder Thread #3' failed
04-12 14:59:49.034: D/dalvikvm(488): GC_CONCURRENT freed 4017K, 20% free 28720K/35655K, paused 1ms+5ms
04-12 14:59:49.065: I/wpa_supplicant(252): wlan0: CTRL-EVENT-DISCONNECTED bssid=c0:62:6b:67:1f:e2 reason=0
04-12 14:59:49.065: D/CommandListener(112): Clearing all IP addresses on wlan0
04-12 14:59:49.073: D/Tethering(183): interfaceLinkStateChanged wlan0, true
04-12 14:59:49.073: D/Tethering(183): interfaceStatusChanged wlan0, true
04-12 14:59:49.080: D/ConnectivityService(183): ConnectivityChange for WIFI: DISCONNECTED/DISCONNECTED
04-12 14:59:49.080: D/ConnectivityService(183): Attempting to switch to mobile
04-12 14:59:49.080: D/ConnectivityService(183): Attempting to switch to BLUETOOTH_TETHER
04-12 14:59:49.088: D/NetUtils(183): android_net_utils_resetConnections in env=0x135560 clazz=0xaf100001 iface=wlan0 mask=0x3
04-12 14:59:49.088: D/ConnectivityService(183): resetConnections(wlan0, 3)
04-12 14:59:49.119: D/dalvikvm(439): GC_CONCURRENT freed 379K, 5% free 14553K/15175K, paused 2ms+2ms
04-12 14:59:49.159: W/Smack/Packet(322): notify conn break (IOEx), close connection
04-12 14:59:49.174: D/dalvikvm(488): GC_CONCURRENT freed 139K, 15% free 30629K/35655K, paused 2ms+39ms
04-12 14:59:49.260: D/dalvikvm(488): GC_FOR_ALLOC freed 668K, 15% free 30482K/35655K, paused 22ms
04-12 14:59:49.260: I/dalvikvm-heap(488): Grow heap (frag case) to 31.064MB for 1286224-byte allocation
04-12 14:59:49.284: D/dalvikvm(488): GC_FOR_ALLOC freed 5K, 15% free 31733K/36935K, paused 23ms
04-12 14:59:49.315: D/Smack(322): [SSLXMPPConnection@1100402104] close socket
04-12 14:59:49.315: D/Smack/Packet(322): [parsePacketsFromProtoBufs] close connection's reader
04-12 14:59:49.315: D/ConnectivityService(183): handleInetConditionChange: no active default network - ignore
04-12 14:59:49.323: D/dalvikvm(4312): GC_CONCURRENT freed 429K, 4% free 14166K/14727K, paused 1ms+20ms
04-12 14:59:49.369: D/dalvikvm(488): GC_CONCURRENT freed 2875K, 17% free 30794K/36935K, paused 2ms+6ms
04-12 14:59:49.588: D/dalvikvm(488): GC_FOR_ALLOC freed 3594K, 23% free 28700K/36935K, paused 40ms
04-12 14:59:49.659: I/System.out(1183): WMQtt client:Lost connection...
04-12 14:59:49.659: I/com.appcelerator.cloud.push.PushService(1183): MQTT disonnected.
04-12 14:59:49.659: W/com.appcelerator.cloud.push.PushService(1183): MQTT disonnected, but MQTT Service is on.
04-12 14:59:49.666: E/com.appcelerator.cloud.push.PushService(1183): Failed to connect to MQTT Server. Exception Type: com.ibm.mqtt.MqttException; Exception Message: null
04-12 14:59:49.705: D/dalvikvm(488): GC_CONCURRENT freed 148K, 18% free 30550K/36935K, paused 2ms+6ms
04-12 14:59:49.768: D/dalvikvm(488): GC_FOR_ALLOC freed 2226K, 19% free 30235K/36935K, paused 21ms
04-12 14:59:49.830: D/dalvikvm(589): GC_CONCURRENT freed 317K, 4% free 14522K/15111K, paused 1ms+2ms
04-12 14:59:49.862: D/dalvikvm(488): GC_FOR_ALLOC freed 1271K, 17% free 30845K/36935K, paused 23ms
04-12 14:59:50.119: D/Tethering(183): interfaceLinkStateChanged lte_rmnet1, true
04-12 14:59:50.119: D/Tethering(183): interfaceStatusChanged lte_rmnet1, true
04-12 14:59:50.119: D/NetlinkEvent(112): Unexpected netlink message. type=0xf
04-12 14:59:50.127: D/Tethering(183): interfaceLinkStateChanged rmnet1, false
04-12 14:59:50.127: D/Tethering(183): interfaceStatusChanged rmnet1, false
04-12 14:59:50.135: D/Tethering(183): interfaceLinkStateChanged lte_rmnet1, true
04-12 14:59:50.135: D/Tethering(183): interfaceStatusChanged lte_rmnet1, true
04-12 14:59:50.135: D/Tethering(183): interfaceLinkStateChanged lte_rmnet1, true
04-12 14:59:50.135: D/Tethering(183): interfaceStatusChanged lte_rmnet1, true
04-12 14:59:50.135: D/Tethering(183): interfaceLinkStateChanged lte_rmnet1, true
04-12 14:59:50.135: D/Tethering(183): interfaceStatusChanged lte_rmnet1, true
04-12 14:59:50.135: D/Tethering(183): interfaceLinkStateChanged rmnet1, true
04-12 14:59:50.135: D/Tethering(183): interfaceStatusChanged rmnet1, true
04-12 14:59:50.135: D/Tethering(183): interfaceLinkStateChanged rmnet1, true
04-12 14:59:50.135: D/Tethering(183): interfaceStatusChanged rmnet1, true
04-12 14:59:50.174: D/ConnectivityService(183): ConnectivityChange for mobile: CONNECTED/CONNECTED
04-12 14:59:50.190: V/com.fusionone.android.sync.service.SyncService(4312): onStart() invoked
04-12 14:59:50.190: V/com.fusionone.android.sync.service.SyncService(4312): handleNotification invoked: Intent { act=com.fusionone.android.sync.rpc.ISyncManager (has extras) }
04-12 14:59:50.213: W/NetworkStats(183): dropping UID delta from unknown iface: iface=rmnet1 uid=0 set=DEFAULT tag=0x0 rxBytes=88 rxPackets=1 txBytes=56 txPackets=1 operations=0
04-12 14:59:50.229: D/NetworkPolicy(183): applying policy NetworkPolicy[NetworkTemplate: matchRule=MOBILE_ALL, subscriberId=valid]: cycleDay=19, warningBytes=2147483648, limitBytes=-1, lastSnooze=-1 to ifaces [rmnet1]
04-12 14:59:50.534: I/wpa_supplicant(252): wlan0: Trying to associate with c0:62:6b:67:1f:ed (SSID='Appcelerator Guests' freq=5180 MHz)
04-12 14:59:50.698: D/Smack/Packet(322): [writePackets] close writer
04-12 14:59:50.862: I/wpa_supplicant(252): wlan0: Associated with c0:62:6b:67:1f:ed
04-12 14:59:50.869: I/wpa_supplicant(252): wlan0: WPA: Key negotiation completed with c0:62:6b:67:1f:ed [PTK=CCMP GTK=CCMP]
04-12 14:59:50.869: I/wpa_supplicant(252): wlan0: CTRL-EVENT-CONNECTED - Connection to c0:62:6b:67:1f:ed completed (reauth) [id=4 id_str=]
04-12 14:59:50.869: D/Tethering(183): interfaceLinkStateChanged wlan0, true
04-12 14:59:50.869: D/Tethering(183): interfaceStatusChanged wlan0, true
04-12 14:59:51.034: I/ActivityManager(183): No longer want com.google.android.apps.uploader (pid 5189): hidden #16
04-12 14:59:51.479: D/ConnectivityService(183): ConnectivityChange for WIFI: CONNECTED/CONNECTED
04-12 14:59:51.479: D/ConnectivityService(183): Policy requires mobile teardown
04-12 14:59:51.502: W/NetworkStats(183): dropping UID delta from unknown iface: iface=wlan0 uid=0 set=DEFAULT tag=0x0 rxBytes=0 rxPackets=0 txBytes=76 txPackets=1 operations=0
04-12 14:59:51.518: D/NetworkPolicy(183): applying policy NetworkPolicy[NetworkTemplate: matchRule=MOBILE_ALL, subscriberId=valid]: cycleDay=19, warningBytes=2147483648, limitBytes=-1, lastSnooze=-1 to ifaces [rmnet1]
04-12 14:59:51.815: W/Netd(112): No subsystem found in netlink event
04-12 14:59:51.815: D/NetlinkEvent(112): Unexpected netlink message. type=0x11
04-12 14:59:51.823: D/Tethering(183): interfaceLinkStateChanged rmnet1, false
04-12 14:59:51.823: D/Tethering(183): interfaceStatusChanged rmnet1, false
04-12 14:59:51.823: D/Tethering(183): interfaceLinkStateChanged rmnet1, false
04-12 14:59:51.823: D/Tethering(183): interfaceStatusChanged rmnet1, false
04-12 14:59:51.830: D/Tethering(183): interfaceLinkStateChanged rmnet1, false
04-12 14:59:51.830: D/Tethering(183): interfaceStatusChanged rmnet1, false
04-12 14:59:51.830: D/Tethering(183): interfaceLinkStateChanged lte_rmnet1, false
04-12 14:59:51.830: D/Tethering(183): interfaceStatusChanged lte_rmnet1, false
04-12 14:59:51.846: D/NetUtils(183): android_net_utils_resetConnections in env=0x135560 clazz=0xcaa00001 iface=rmnet1 mask=0x3
04-12 14:59:51.846: D/ConnectivityService(183): ConnectivityChange for mobile: DISCONNECTED/DISCONNECTED
04-12 14:59:51.846: D/ConnectivityService(183): Attempting to switch to WIFI
04-12 14:59:51.846: D/ConnectivityService(183): Attempting to switch to BLUETOOTH_TETHER
04-12 14:59:51.846: D/ConnectivityService(183): resetConnections(rmnet1, 3)
04-12 14:59:52.002: D/dalvikvm(183): GC_CONCURRENT freed 2936K, 32% free 21559K/31687K, paused 3ms+6ms
04-12 14:59:52.119: D/Tethering(183): Tethering got CONNECTIVITY_ACTION
04-12 14:59:52.119: D/Tethering(183): MasterInitialState.processMessage what=3
04-12 14:59:52.127: I/com.appcelerator.cloud.push.PushService(1183): Connectivity changed: available tag:true; connected:false; type:WIFI; reason:null
04-12 14:59:52.143: I/com.appcelerator.cloud.push.PushService(1183): Reconnecting...
04-12 14:59:52.143: I/com.appcelerator.cloud.push.PushService(1183): Connecting...
04-12 14:59:52.151: D/Smack(322): [SSLXMPPConnection@1100118568] create socket connection(mtalk.google.com, 5228)
04-12 14:59:52.159: E/TelephonyManager(322): Hidden constructor called more than once per process!
04-12 14:59:52.159: E/TelephonyManager(322): Original: com.google.android.location, new: com.google.android.gsf
04-12 14:59:52.159: D/StatsUploadService(322): Upload disabled
04-12 14:59:52.190: I/ActivityManager(183): Start proc com.google.android.apps.uploader for broadcast com.google.android.apps.uploader/.ConnectivityBroadcastReceiver: pid=5411 uid=10036 gids={3003}
04-12 14:59:52.205: I/dalvikvm(5411): Turning on JNI app bug workarounds for target SDK version 11...
04-12 14:59:52.221: I/ActivityThread(5411): Pub com.google.android.apps.uploader: com.google.android.apps.uploader.UploadsContentProvider
04-12 14:59:52.221: I/ActivityThread(5411): Pub com.google.photos.provider.Album: com.google.android.apps.uploader.clients.picasa.AlbumProvider
04-12 14:59:52.221: D/dalvikvm(322): GC_CONCURRENT freed 353K, 4% free 15557K/16135K, paused 2ms+11ms
04-12 14:59:52.229: D/MediaUploader(5411): UploaderApplication.onCreate
04-12 14:59:52.244: D/MediaUploader(5411): nonWifiLimit=20971520, default=20971520
04-12 14:59:52.244: I/MediaUploader(5411): No need to wake up
04-12 14:59:52.252: I/ActivityManager(183): No longer want com.google.android.apps.maps:FriendService (pid 5294): hidden #16
04-12 14:59:53.213: D/Tethering(183): Tethering got CONNECTIVITY_ACTION
04-12 14:59:53.213: D/Tethering(183): MasterInitialState.processMessage what=3
04-12 14:59:53.260: D/StatsUploadService(322): Upload disabled
04-12 14:59:53.260: E/TelephonyManager(322): Hidden constructor called more than once per process!
04-12 14:59:53.260: E/TelephonyManager(322): Original: com.google.android.location, new: com.google.android.gsf
04-12 14:59:53.260: I/MediaUploader(5411): No need to wake up
04-12 14:59:53.393: D/dalvikvm(1183): GC_CONCURRENT freed 335K, 4% free 14579K/15111K, paused 2ms+3ms
04-12 14:59:53.393: I/com.appcelerator.cloud.push.PushService(1183): initTopic: CF/d31ba041140c952485d22c3/com.cocoafish.pushnotifications Server:push-1.cloud.appcelerator.com
04-12 14:59:53.401: D/Smack(322): [SSLXMPPConnection@1100118568] connected to mtalk.google.com, 5228
04-12 14:59:53.440: I/com.appcelerator.cloud.push.PushService(1183): MQTT connected.
04-12 14:59:53.463: I/com.appcelerator.cloud.push.PushService(1183): Connectivity changed: available tag:true; connected:true; type:mobile; reason:dataEnabled
04-12 14:59:53.510: D/Smack(322): [SSLXMPPConnection@1100118568] [XMPPConn] login: got servicename from response: mcs.android.com
04-12 14:59:53.510: D/Smack(322): [SSLXMPPConnection@1100118568] [XMPPConn] login: authenticated
04-12 14:59:54.151: I/ActivityManager(183): Start proc com.google.android.talk for broadcast com.google.android.talk/.ConnectionStateOnlineReceiver: pid=5435 uid=10054 gids={3003, 1015, 1006, 3002}
04-12 14:59:54.159: D/ConnectivityService(183): handleInetConditionHoldEnd: net=1, condition=100, published condition=0
04-12 14:59:54.244: I/ActivityThread(5435): Pub com.google.android.talk.SuggestionProvider: com.google.android.talk.SuggestionsProvider
04-12 14:59:54.346: D/dalvikvm(5435): GC_CONCURRENT freed 142K, 2% free 14370K/14599K, paused 3ms+2ms
04-12 14:59:54.377: D/vclib:CallStateClient(5435): startListening
04-12 14:59:54.416: I/ActivityManager(183): No longer want com.google.android.apps.maps:LocationFriendService (pid 5313): hidden #16
04-12 14:59:54.502: D/Tethering(183): Tethering got CONNECTIVITY_ACTION
04-12 14:59:54.502: D/Tethering(183): MasterInitialState.processMessage what=3
04-12 14:59:54.518: I/com.appcelerator.cloud.push.PushService(1183): Connectivity changed: available tag:true; connected:true; type:WIFI; reason:null
04-12 14:59:54.549: D/StatsUploadService(322): Upload disabled
04-12 14:59:54.549: I/MediaUploader(5411): No need to wake up
04-12 14:59:54.557: E/TelephonyManager(322): Hidden constructor called more than once per process!
04-12 14:59:54.557: E/TelephonyManager(322): Original: com.google.android.location, new: com.google.android.gsf
04-12 14:59:54.619: D/dalvikvm(4370): GC_CONCURRENT freed 322K, 3% free 14139K/14535K, paused 1ms+4ms
04-12 14:59:54.869: D/Tethering(183): Tethering got CONNECTIVITY_ACTION
04-12 14:59:54.869: D/Tethering(183): MasterInitialState.processMessage what=3
04-12 14:59:54.877: D/Tethering(183): Tethering got CONNECTIVITY_ACTION
04-12 14:59:54.877: D/Tethering(183): MasterInitialState.processMessage what=3
04-12 14:59:54.901: I/com.appcelerator.cloud.push.PushService(1183): Connectivity changed: available tag:true; connected:false; type:mobile; reason:dataDisabled
04-12 14:59:54.901: I/com.appcelerator.cloud.push.PushService(1183): Connectivity changed: available tag:true; connected:true; type:WIFI; reason:null
04-12 14:59:54.909: E/TelephonyManager(322): Hidden constructor called more than once per process!
04-12 14:59:54.909: E/TelephonyManager(322): Original: com.google.android.location, new: com.google.android.gsf
04-12 14:59:54.916: D/dalvikvm(322): GC_CONCURRENT freed 465K, 4% free 15557K/16135K, paused 6ms+4ms
04-12 14:59:55.002: D/dalvikvm(183): GC_EXPLICIT freed 578K, 33% free 21457K/31687K, paused 6ms+6ms
04-12 14:59:55.010: D/StatsUploadService(322): Upload disabled
04-12 14:59:55.010: I/MediaUploader(5411): No need to wake up
04-12 14:59:55.026: D/ConnectivityService(183): handleInetConditionHoldEnd: net=1, condition=100, published condition=100
04-12 14:59:55.049: E/TelephonyManager(322): Hidden constructor called more than once per process!
04-12 14:59:55.049: E/TelephonyManager(322): Original: com.google.android.location, new: com.google.android.gsf
04-12 14:59:55.049: D/StatsUploadService(322): Upload disabled
04-12 14:59:55.057: I/MediaUploader(5411): No need to wake up
04-12 14:59:55.112: D/dalvikvm(3348): GC_CONCURRENT freed 376K, 4% free 14419K/14983K, paused 1ms+4ms
04-12 15:00:04.346: D/Finsky(4618): [1] 5.onFinished: Installation state replication succeeded.
04-12 15:00:04.362: D/dalvikvm(4618): GC_CONCURRENT freed 468K, 4% free 14667K/15239K, paused 5ms+3ms
04-12 15:00:39.651: D/dalvikvm(267): GC_CONCURRENT freed 557K, 6% free 15950K/16839K, paused 4ms+3ms
04-12 15:01:49.252: D/AndroidRuntime(5465): >>>>>> AndroidRuntime START com.android.internal.os.RuntimeInit <<<<<<
04-12 15:01:49.252: D/AndroidRuntime(5465): CheckJNI is OFF
04-12 15:01:49.424: D/AndroidRuntime(5465): Calling main entry com.android.commands.pm.Pm
04-12 15:01:49.440: W/ActivityManager(183): No content provider found for permission revoke: file:///data/local/tmp/app.apk
04-12 15:01:49.494: W/ActivityManager(183): No content provider found for permission revoke: file:///data/local/tmp/app.apk
04-12 15:01:52.010: I/PackageManager(183): Running dexopt on: com.appcelerator.sample.rss
04-12 15:01:52.182: D/dalvikvm(5476): DexOpt: 'Lorg/apache/commons/codec/binary/Base64;' has an earlier definition; blocking out
04-12 15:01:52.182: D/dalvikvm(5476): DexOpt: 'Lorg/apache/commons/codec/binary/Hex;' has an earlier definition; blocking out
04-12 15:01:52.205: D/dalvikvm(5476): DexOpt: 'Lorg/w3c/dom/UserDataHandler;' has an earlier definition; blocking out
04-12 15:01:52.330: D/dalvikvm(5476): DexOpt: not verifying/optimizing 'Lorg/apache/commons/codec/binary/Base64;': multiple definitions
04-12 15:01:52.330: D/dalvikvm(5476): DexOpt: not verifying/optimizing 'Lorg/apache/commons/codec/binary/Hex;': multiple definitions
04-12 15:01:52.330: I/dalvikvm(5476): DexOpt: not resolving ambiguous class 'Lorg/apache/commons/codec/binary/Hex;'
04-12 15:01:52.440: I/dalvikvm(5476): DexOpt: not resolving ambiguous class 'Lorg/apache/commons/codec/binary/Base64;'
04-12 15:01:52.448: I/dalvikvm(5476): DexOpt: not resolving ambiguous class 'Lorg/apache/commons/codec/binary/Base64;'
04-12 15:01:52.565: D/dalvikvm(5476): DexOpt: not verifying/optimizing 'Lorg/w3c/dom/UserDataHandler;': multiple definitions
04-12 15:01:52.604: I/dalvikvm(5476): DexOpt: not resolving ambiguous class 'Lorg/apache/commons/codec/binary/Hex;'
04-12 15:01:52.721: D/dalvikvm(5476): DexOpt: load 79ms, verify+opt 476ms
04-12 15:01:52.987: I/ActivityManager(183): Force stopping package com.appcelerator.sample.rss uid=10071
04-12 15:01:53.135: D/PackageManager(183): New package installed in /data/app/com.appcelerator.sample.rss-1.apk
04-12 15:01:53.299: I/RegisteredComponentCache(474): ComponentInfo: ResolveInfo{41909da0 com.android.apps.tag.TagViewer p=0 o=0 m=0x108000}, techs: android.nfc.tech.Ndef,
04-12 15:01:53.315: D/AccountTypeManager(4973): Registering external account type=com.fusionone.android.sync.baclient.account, packageName=com.fusionone.android.sync.sprimebaclient
04-12 15:01:53.330: D/PackageManager(183): generateServicesMap(android.accounts.AccountAuthenticator): 4 services unchanged
04-12 15:01:53.330: D/AccountTypeManager(4973): Registering 1 extension packages
04-12 15:01:53.338: E/ExternalAccountType(4973): Unsupported attribute readOnly
04-12 15:01:53.338: D/AccountTypeManager(4973): Registering extension package account type=com.google, dataSet=plus, packageName=com.google.android.apps.plus
04-12 15:01:53.338: I/AccountTypeManager(4973): Loaded meta-data for 4 account types, 2 accounts in 33ms(wall) 12ms(cpu)
04-12 15:01:53.354: D/SyncManager(183): setIsSyncable: Account {name=appcel123@gmail.com, type=com.google}, provider com.google.android.gallery3d.GooglePhotoProvider -> 0
04-12 15:01:53.354: D/SyncManager(183): setIsSyncable: already set to 0, doing nothing
04-12 15:01:53.377: D/PackageManager(183): generateServicesMap(android.content.SyncAdapter): 16 services unchanged
04-12 15:01:53.393: D/com.fusionone.android.sync.baclient.receiver.HTSInstalledReceiver(4312): Reset receiver-Invoked
04-12 15:01:53.393: I/HTSINSTALLEDREeciever-package _ action(4312): android.intent.action.PACKAGE_ADDED
04-12 15:01:53.393: I/HTSINSTALLEDREeciever-package(4312): package:com.appcelerator.sample.rss
04-12 15:01:53.393: D/BackupManagerService(183): Received broadcast Intent { act=android.intent.action.PACKAGE_ADDED dat=package:com.appcelerator.sample.rss flg=0x10000010 (has extras) }
04-12 15:01:53.393: V/BackupManagerService(183): addPackageParticipantsLocked: com.appcelerator.sample.rss
04-12 15:01:53.479: D/dalvikvm(183): GC_EXPLICIT freed 1589K, 32% free 21731K/31687K, paused 6ms+8ms
04-12 15:01:53.487: D/AndroidRuntime(5465): Shutting down VM
04-12 15:01:53.502: I/AndroidRuntime(5465): NOTE: attach of thread 'Binder Thread #3' failed
04-12 15:01:53.502: D/dalvikvm(5465): GC_CONCURRENT freed 97K, 90% free 450K/4096K, paused 0ms+1ms
04-12 15:01:53.549: D/dalvikvm(488): GC_FOR_ALLOC freed 4014K, 23% free 28693K/36935K, paused 24ms
04-12 15:01:53.666: D/dalvikvm(488): GC_FOR_ALLOC freed 179K, 19% free 30241K/36935K, paused 21ms
04-12 15:01:53.729: D/dalvikvm(488): GC_CONCURRENT freed 1656K, 18% free 30633K/36935K, paused 2ms+5ms
04-12 15:01:53.830: D/dalvikvm(488): GC_CONCURRENT freed 1593K, 17% free 30969K/36935K, paused 2ms+3ms
04-12 15:01:54.307: D/dalvikvm(488): GC_FOR_ALLOC freed 3884K, 23% free 28709K/36935K, paused 42ms
04-12 15:01:54.424: D/dalvikvm(488): GC_CONCURRENT freed 117K, 18% free 30582K/36935K, paused 1ms+4ms
04-12 15:01:54.487: D/dalvikvm(488): GC_FOR_ALLOC freed 2158K, 18% free 30458K/36935K, paused 22ms
04-12 15:01:54.494: D/dalvikvm(589): GC_CONCURRENT freed 380K, 4% free 14539K/15111K, paused 1ms+2ms
04-12 15:01:54.557: D/dalvikvm(488): GC_CONCURRENT freed 1326K, 17% free 30890K/36935K, paused 2ms+6ms
04-12 15:02:08.752: D/Finsky(4618): [1] 5.onFinished: Installation state replication succeeded.
04-12 15:02:47.096: D/AndroidRuntime(5488): >>>>>> AndroidRuntime START com.android.internal.os.RuntimeInit <<<<<<
04-12 15:02:47.096: D/AndroidRuntime(5488): CheckJNI is OFF
04-12 15:02:47.252: D/AndroidRuntime(5488): Calling main entry com.android.commands.pm.Pm
04-12 15:02:47.268: W/ActivityManager(183): No content provider found for permission revoke: file:///data/local/tmp/app.apk
04-12 15:02:47.338: W/ActivityManager(183): No content provider found for permission revoke: file:///data/local/tmp/app.apk
04-12 15:02:48.580: I/PackageManager(183): Running dexopt on: com.appcelerator.sample.todo
04-12 15:02:48.729: D/dalvikvm(5499): DexOpt: 'Lorg/apache/commons/codec/binary/Base64;' has an earlier definition; blocking out
04-12 15:02:48.729: D/dalvikvm(5499): DexOpt: 'Lorg/apache/commons/codec/binary/Hex;' has an earlier definition; blocking out
04-12 15:02:48.744: D/dalvikvm(5499): DexOpt: 'Lorg/w3c/dom/UserDataHandler;' has an earlier definition; blocking out
04-12 15:02:48.862: D/dalvikvm(5499): DexOpt: not verifying/optimizing 'Lorg/apache/commons/codec/binary/Base64;': multiple definitions
04-12 15:02:48.862: D/dalvikvm(5499): DexOpt: not verifying/optimizing 'Lorg/apache/commons/codec/binary/Hex;': multiple definitions
04-12 15:02:48.862: I/dalvikvm(5499): DexOpt: not resolving ambiguous class 'Lorg/apache/commons/codec/binary/Hex;'
04-12 15:02:48.885: I/dalvikvm(5499): DexOpt: not resolving ambiguous class 'Lorg/apache/commons/codec/binary/Base64;'
04-12 15:02:48.893: I/dalvikvm(5499): DexOpt: not resolving ambiguous class 'Lorg/apache/commons/codec/binary/Base64;'
04-12 15:02:49.018: D/dalvikvm(5499): DexOpt: not verifying/optimizing 'Lorg/w3c/dom/UserDataHandler;': multiple definitions
04-12 15:02:49.065: I/dalvikvm(5499): DexOpt: not resolving ambiguous class 'Lorg/apache/commons/codec/binary/Hex;'
04-12 15:02:49.166: D/dalvikvm(5499): DexOpt: load 73ms, verify+opt 387ms
04-12 15:02:49.393: I/ActivityManager(183): Force stopping package com.appcelerator.sample.todo uid=10072
04-12 15:02:49.541: D/PackageManager(183): New package installed in /data/app/com.appcelerator.sample.todo-1.apk
04-12 15:02:49.737: I/RegisteredComponentCache(474): ComponentInfo: ResolveInfo{4190adb8 com.android.apps.tag.TagViewer p=0 o=0 m=0x108000}, techs: android.nfc.tech.Ndef,
04-12 15:02:49.752: D/PackageManager(183): generateServicesMap(android.accounts.AccountAuthenticator): 4 services unchanged
04-12 15:02:49.776: D/PackageManager(183): generateServicesMap(android.content.SyncAdapter): 16 services unchanged
04-12 15:02:49.791: D/BackupManagerService(183): Received broadcast Intent { act=android.intent.action.PACKAGE_ADDED dat=package:com.appcelerator.sample.todo flg=0x10000010 (has extras) }
04-12 15:02:49.791: V/BackupManagerService(183): addPackageParticipantsLocked: com.appcelerator.sample.todo
04-12 15:02:49.823: D/SyncManager(183): setIsSyncable: Account {name=appcel123@gmail.com, type=com.google}, provider com.google.android.gallery3d.GooglePhotoProvider -> 0
04-12 15:02:49.823: D/SyncManager(183): setIsSyncable: already set to 0, doing nothing
04-12 15:02:49.846: D/AccountTypeManager(4973): Registering external account type=com.fusionone.android.sync.baclient.account, packageName=com.fusionone.android.sync.sprimebaclient
04-12 15:02:49.893: D/dalvikvm(183): GC_EXPLICIT freed 1863K, 32% free 21801K/31687K, paused 12ms+8ms
04-12 15:02:49.909: D/AccountTypeManager(4973): Registering 1 extension packages
04-12 15:02:49.909: D/AndroidRuntime(5488): Shutting down VM
04-12 15:02:49.909: I/AndroidRuntime(5488): NOTE: attach of thread 'Binder Thread #3' failed
04-12 15:02:49.916: D/dalvikvm(5488): GC_CONCURRENT freed 97K, 90% free 450K/4096K, paused 1ms+1ms
04-12 15:02:49.924: E/ExternalAccountType(4973): Unsupported attribute readOnly
04-12 15:02:49.924: D/AccountTypeManager(4973): Registering extension package account type=com.google, dataSet=plus, packageName=com.google.android.apps.plus
04-12 15:02:49.955: D/com.fusionone.android.sync.baclient.receiver.HTSInstalledReceiver(4312): Reset receiver-Invoked
04-12 15:02:49.955: I/HTSINSTALLEDREeciever-package _ action(4312): android.intent.action.PACKAGE_ADDED
04-12 15:02:49.955: I/HTSINSTALLEDREeciever-package(4312): package:com.appcelerator.sample.todo
04-12 15:02:49.963: I/AccountTypeManager(4973): Loaded meta-data for 4 account types, 2 accounts in 230ms(wall) 10ms(cpu)
04-12 15:02:50.041: D/dalvikvm(4618): GC_CONCURRENT freed 710K, 6% free 14397K/15239K, paused 2ms+2ms
04-12 15:02:50.041: D/dalvikvm(488): GC_FOR_ALLOC freed 3988K, 23% free 28772K/36935K, paused 29ms
04-12 15:02:50.182: D/dalvikvm(488): GC_CONCURRENT freed 175K, 18% free 30620K/36935K, paused 2ms+6ms
04-12 15:02:50.244: D/dalvikvm(488): GC_FOR_ALLOC freed 2214K, 18% free 30317K/36935K, paused 22ms
04-12 15:02:50.307: D/dalvikvm(488): GC_FOR_ALLOC freed 1267K, 17% free 30911K/36935K, paused 21ms
04-12 15:02:50.651: D/dalvikvm(488): GC_FOR_ALLOC freed 3646K, 23% free 28735K/36935K, paused 24ms
04-12 15:02:50.776: D/dalvikvm(488): GC_CONCURRENT freed 115K, 18% free 30622K/36935K, paused 2ms+5ms
04-12 15:02:50.854: D/dalvikvm(488): GC_FOR_ALLOC freed 2220K, 18% free 30317K/36935K, paused 28ms
04-12 15:02:50.916: D/dalvikvm(488): GC_FOR_ALLOC freed 1270K, 17% free 30929K/36935K, paused 20ms
04-12 15:03:05.268: D/Finsky(4618): [1] 5.onFinished: Installation state replication succeeded.
04-12 15:03:05.276: D/dalvikvm(4618): GC_CONCURRENT freed 156K, 4% free 14671K/15239K, paused 5ms+3ms
04-12 15:04:47.221: D/dalvikvm(439): GC_CONCURRENT freed 381K, 5% free 14556K/15175K, paused 5ms+3ms
04-12 15:10:31.182: D/dalvikvm(5034): GC_CONCURRENT freed 257K, 3% free 15241K/15623K, paused 3ms+2ms
04-12 15:11:21.073: I/EventLogService(322): Aggregate from 1334266880897 (log), 1334266880897 (data)
04-12 15:11:21.198: I/ServiceDumpSys(322): dumping service [account]
04-12 15:12:40.315: I/System.out(5281): [INFO:1073408]: c: Running flush
04-12 15:12:40.323: I/System.out(5281): [INFO:1073410]: c: Sending payload [bytes=407]
04-12 15:12:40.463: D/dalvikvm(5281): GC_CONCURRENT freed 395K, 4% free 15160K/15687K, paused 3ms+6ms
04-12 15:12:40.518: I/System.out(5281): [INFO:1073612]: c: Response [http=200,length=20]
04-12 15:12:40.526: I/System.out(5281): [INFO:1073614]: c: Read id 3, status code 200
04-12 15:13:30.744: D/dalvikvm(439): GC_CONCURRENT freed 391K, 5% free 14549K/15175K, paused 5ms+3ms
04-12 15:14:53.471: I/com.appcelerator.cloud.push.PushService(1183): Service started with intent = Intent { act=CF.KEEP_ALIVE flg=0x4 cmp=com.cocoafish.pushnotifications/com.appcelerator.cloud.push.PushService (has extras) }
04-12 15:14:54.619: D/GTalkService/c(322): [HeartbeatAlarm] sent heartbeat to server
04-12 15:16:00.002: I/ActivityManager(183): No longer want com.vzw.hss.myverizonged (pid 5215): hidden #16
04-12 15:22:00.080: D/dalvikvm(183): GC_CONCURRENT freed 2098K, 33% free 21539K/31687K, paused 7ms+5ms
04-12 15:22:00.565: D/dalvikvm(267): GC_CONCURRENT freed 518K, 6% free 15949K/16839K, paused 4ms+4ms
04-12 15:22:21.338: D/dalvikvm(439): GC_CONCURRENT freed 384K, 5% free 14549K/15175K, paused 5ms+2ms
04-12 15:24:59.994: I/ActivityManager(183): No longer want com.google.android.apps.maps:NetworkLocationService (pid 5281): hidden #16
04-12 15:25:00.002: I/ActivityManager(183): No longer want com.android.bip (pid 5230): hidden #17
04-12 15:25:00.026: W/ActivityManager(183): Scheduling restart of crashed service com.google.android.apps.maps/com.google.android.location.internal.server.NetworkLocationService in 5000ms
04-12 15:25:00.034: W/ActivityManager(183): Scheduling restart of crashed service com.android.bip/.BIPService in 14993ms
04-12 15:25:05.057: I/ActivityManager(183): Start proc com.google.android.apps.maps:NetworkLocationService for service com.google.android.apps.maps/com.google.android.location.internal.server.NetworkLocationService: pid=5525 uid=10034 gids={3003, 1015}
04-12 15:25:05.065: I/dalvikvm(5525): Turning on JNI app bug workarounds for target SDK version 13...
