04-12 14:37:16.643: W/webview(3946): at android.webkit.WebViewCore$WebCoreThread.run(WebViewCore.java:722)
04-12 14:37:16.643: W/webview(3946): at java.lang.Thread.run(Thread.java:856)
04-12 14:37:16.651: D/androidNetworkLocationListeners(322): Still have listener com.google.android.location.internal.client.NetworkLocationClient$1@41852470
04-12 14:37:17.182: D/dalvikvm(3946): GC_FOR_ALLOC freed 360K, 28% free 17277K/23943K, paused 19ms
04-12 14:37:17.198: D/webviewglue(3946): nativeDestroy view: 0x36f580
04-12 14:37:17.229: I/ActivityManager(183): moveTaskToBack: 21
04-12 14:37:17.276: W/InputDispatcher(183): Asynchronous input event injection failed.
04-12 14:37:17.276: I/InputDispatcher(183): Dropped event because the current application is not responding and the user has started interacting with a different application.
04-12 14:37:17.276: I/InputDispatcher(183): Dropped event because the current application is not responding and the user has started interacting with a different application.
04-12 14:37:17.276: I/WindowManager(183): createSurface Window{41d50d80 com.android.launcher/com.android.launcher2.Launcher paused=false}: DRAW NOW PENDING
04-12 14:37:17.432: W/InputDispatcher(183): Asynchronous input event injection failed.
04-12 14:37:17.432: I/InputDispatcher(183): Dropped event because the current application is not responding and the user has started interacting with a different application.
04-12 14:37:17.432: W/InputDispatcher(183): Asynchronous input event injection failed.
04-12 14:37:17.432: I/InputDispatcher(183): Dropped event because the current application is not responding and the user has started interacting with a different application.
04-12 14:37:17.432: I/InputDispatcher(183): Dropped event because the current application is not responding and the user has started interacting with a different application.
04-12 14:37:17.588: W/InputDispatcher(183): Asynchronous input event injection failed.
04-12 14:37:17.588: I/InputDispatcher(183): Dropped event because the current application is not responding and the user has started interacting with a different application.
04-12 14:37:17.588: W/InputDispatcher(183): Asynchronous input event injection failed.
04-12 14:37:17.588: I/InputDispatcher(183): Dropped event because the current application is not responding and the user has started interacting with a different application.
04-12 14:37:17.588: I/InputDispatcher(183): Dropped event because the current application is not responding and the user has started interacting with a different application.
04-12 14:37:17.612: D/OpenGLRenderer(3946): Flushing caches (mode 0)
04-12 14:37:18.143: D/OpenGLRenderer(3946): Flushing caches (mode 1)
04-12 14:37:18.315: D/dalvikvm(322): GC_CONCURRENT freed 406K, 4% free 15547K/16135K, paused 4ms+3ms
04-12 14:37:21.463: D/dalvikvm(488): GC_FOR_ALLOC freed 2692K, 19% free 28159K/34375K, paused 27ms
04-12 14:37:21.580: D/dalvikvm(488): GC_CONCURRENT freed 27K, 13% free 30083K/34375K, paused 2ms+6ms
04-12 14:37:21.596: D/dalvikvm(488): GC_FOR_ALLOC freed 1607K, 18% free 28475K/34375K, paused 21ms
04-12 14:37:22.713: D/dalvikvm(488): GC_FOR_ALLOC freed 1305K, 16% free 28892K/34375K, paused 49ms
04-12 14:37:22.776: D/dalvikvm(488): GC_FOR_ALLOC freed 609K, 16% free 29172K/34375K, paused 20ms
04-12 14:37:22.784: I/dalvikvm-heap(488): Grow heap (frag case) to 29.785MB for 1286224-byte allocation
04-12 14:37:22.807: D/dalvikvm(488): GC_FOR_ALLOC freed 3K, 15% free 30425K/35655K, paused 23ms
04-12 14:37:23.760: D/dalvikvm(267): GC_CONCURRENT freed 506K, 6% free 15859K/16839K, paused 6ms+3ms
04-12 14:39:01.885: I/System.out(4261): [INFO:906786]: c: Running flush
04-12 14:39:01.885: I/System.out(4261): [INFO:906789]: c: Sending payload [bytes=755]
04-12 14:39:02.057: I/System.out(4261): [INFO:906958]: c: Response [http=200,length=20]
04-12 14:39:02.057: I/System.out(4261): [INFO:906960]: c: Read id 3, status code 200
04-12 14:41:00.080: D/dalvikvm(183): GC_CONCURRENT freed 1618K, 28% free 21140K/28999K, paused 6ms+6ms
04-12 14:41:20.893: D/dalvikvm(183): GC_EXPLICIT freed 143K, 28% free 21026K/28999K, paused 6ms+4ms
04-12 14:41:20.893: I/EventLogService(322): Aggregate from 1334265080628 (log), 1334265080628 (data)
04-12 14:41:21.018: I/ServiceDumpSys(322): dumping service [account]
04-12 14:42:18.377: D/dalvikvm(4261): GC_CONCURRENT freed 412K, 4% free 15293K/15815K, paused 5ms+3ms
04-12 14:42:18.440: D/dalvikvm(322): GC_CONCURRENT freed 507K, 4% free 15543K/16135K, paused 2ms+3ms
04-12 14:42:53.448: D/dalvikvm(439): GC_CONCURRENT freed 396K, 5% free 14547K/15175K, paused 5ms+3ms
04-12 14:44:41.221: I/com.appcelerator.cloud.push.PushService(1183): Service started with intent = Intent { act=CF.KEEP_ALIVE flg=0x4 cmp=com.cocoafish.pushnotifications/com.appcelerator.cloud.push.PushService (has extras) }
04-12 14:44:42.315: D/GTalkService/c(322): [HeartbeatAlarm] sent heartbeat to server
04-12 14:45:49.393: D/dalvikvm(267): GC_CONCURRENT freed 237K, 5% free 16108K/16839K, paused 5ms+3ms
04-12 14:45:49.401: D/MtpService(3348): addStorageLocked 65537 /mnt/sdcard
04-12 14:45:49.401: D/MtpService(3348): starting MTP server
04-12 14:45:49.401: D/MtpService(3348): addStorageLocked 65537 /mnt/sdcard
04-12 14:45:49.643: W/PowerUI(267): unknown intent: Intent { act=android.intent.action.ACTION_POWER_CONNECTED flg=0x10000010 }
04-12 14:46:27.159: D/AndroidRuntime(4526): >>>>>> AndroidRuntime START com.android.internal.os.RuntimeInit <<<<<<
04-12 14:46:27.159: D/AndroidRuntime(4526): CheckJNI is OFF
04-12 14:46:27.338: D/AndroidRuntime(4526): Calling main entry com.android.commands.pm.Pm
04-12 14:46:27.354: I/ActivityManager(183): Start proc com.android.defcontainer for service com.android.defcontainer/.DefaultContainerService: pid=4536 uid=10012 gids={1015, 2001}
04-12 14:46:27.401: W/ActivityManager(183): No content provider found for permission revoke: file:///data/local/tmp/app.apk
04-12 14:46:27.627: W/ActivityManager(183): No content provider found for permission revoke: file:///data/local/tmp/app.apk
04-12 14:46:27.909: D/dalvikvm(183): GC_CONCURRENT freed 1466K, 27% free 21214K/28999K, paused 2ms+4ms
04-12 14:46:32.776: I/PackageManager(183): Running dexopt on: com.appcelerator.html
04-12 14:46:33.010: D/dalvikvm(4549): DexOpt: 'Lorg/apache/commons/codec/binary/Base64;' has an earlier definition; blocking out
04-12 14:46:33.010: D/dalvikvm(4549): DexOpt: 'Lorg/apache/commons/codec/binary/Hex;' has an earlier definition; blocking out
04-12 14:46:33.026: D/dalvikvm(4549): DexOpt: 'Lorg/w3c/dom/UserDataHandler;' has an earlier definition; blocking out
04-12 14:46:33.151: D/dalvikvm(4549): DexOpt: not verifying/optimizing 'Lorg/apache/commons/codec/binary/Base64;': multiple definitions
04-12 14:46:33.151: D/dalvikvm(4549): DexOpt: not verifying/optimizing 'Lorg/apache/commons/codec/binary/Hex;': multiple definitions
04-12 14:46:33.151: I/dalvikvm(4549): DexOpt: not resolving ambiguous class 'Lorg/apache/commons/codec/binary/Hex;'
04-12 14:46:33.260: I/dalvikvm(4549): DexOpt: not resolving ambiguous class 'Lorg/apache/commons/codec/binary/Base64;'
04-12 14:46:33.268: I/dalvikvm(4549): DexOpt: not resolving ambiguous class 'Lorg/apache/commons/codec/binary/Base64;'
04-12 14:46:33.393: D/dalvikvm(4549): DexOpt: not verifying/optimizing 'Lorg/w3c/dom/UserDataHandler;': multiple definitions
04-12 14:46:33.432: I/dalvikvm(4549): DexOpt: not resolving ambiguous class 'Lorg/apache/commons/codec/binary/Hex;'
04-12 14:46:33.541: D/dalvikvm(4549): DexOpt: load 82ms, verify+opt 476ms
04-12 14:46:33.690: I/ActivityManager(183): Force stopping package com.appcelerator.html uid=10067
04-12 14:46:33.830: D/PackageManager(183): New package installed in /data/app/com.appcelerator.html-1.apk
04-12 14:46:33.994: I/RegisteredComponentCache(474): ComponentInfo: ResolveInfo{418fb850 com.android.apps.tag.TagViewer p=0 o=0 m=0x108000}, techs: android.nfc.tech.Ndef,
04-12 14:46:34.018: D/PackageManager(183): generateServicesMap(android.accounts.AccountAuthenticator): 4 services unchanged
04-12 14:46:34.041: I/ActivityManager(183): Start proc com.android.contacts for broadcast com.android.contacts/.quickcontact.PackageIntentReceiver: pid=4550 uid=10000 gids={3003, 1015}
04-12 14:46:34.065: D/PackageManager(183): generateServicesMap(android.content.SyncAdapter): 16 services unchanged
04-12 14:46:34.080: D/BackupManagerService(183): Received broadcast Intent { act=android.intent.action.PACKAGE_ADDED dat=package:com.appcelerator.html flg=0x10000010 (has extras) }
04-12 14:46:34.080: V/BackupManagerService(183): addPackageParticipantsLocked: com.appcelerator.html
04-12 14:46:34.213: I/ActivityManager(183): Start proc com.google.android.gallery3d for broadcast com.google.android.gallery3d/com.android.gallery3d.app.PackagesMonitor: pid=4564 uid=10018 gids={3003, 1015}
04-12 14:46:34.252: I/ActivityThread(4564): Pub com.google.android.gallery3d.GooglePhotoProvider: com.google.android.picasasync.PicasaContentProvider
04-12 14:46:34.260: D/dalvikvm(488): GC_CONCURRENT freed 3924K, 20% free 28545K/35655K, paused 1ms+6ms
04-12 14:46:34.315: D/AccountTypeManager(4550): Registering external account type=com.fusionone.android.sync.baclient.account, packageName=com.fusionone.android.sync.sprimebaclient
04-12 14:46:34.315: D/dalvikvm(4564): GC_CONCURRENT freed 416K, 4% free 14111K/14599K, paused 2ms+2ms
04-12 14:46:34.346: I/ActivityThread(4564): Pub com.google.android.gallery3d.provider: com.android.gallery3d.provider.GalleryProvider
04-12 14:46:34.369: D/AccountTypeManager(4550): Registering 1 extension packages
04-12 14:46:34.369: E/ExternalAccountType(4550): Unsupported attribute readOnly
04-12 14:46:34.377: D/dalvikvm(488): GC_FOR_ALLOC freed 509K, 17% free 29865K/35655K, paused 22ms
04-12 14:46:34.377: D/SyncManager(183): setIsSyncable: Account {name=appcel123@gmail.com, type=com.google}, provider com.google.android.gallery3d.GooglePhotoProvider -> 0
04-12 14:46:34.377: D/SyncManager(183): setIsSyncable: already set to 0, doing nothing
04-12 14:46:34.401: D/dalvikvm(4564): GC_CONCURRENT freed 392K, 4% free 14164K/14663K, paused 1ms+1ms
04-12 14:46:34.401: D/dalvikvm(183): GC_EXPLICIT freed 1016K, 27% free 21284K/28999K, paused 2ms+10ms
04-12 14:46:34.416: D/AccountTypeManager(4550): Registering extension package account type=com.google, dataSet=plus, packageName=com.google.android.apps.plus
04-12 14:46:34.416: I/AccountTypeManager(4550): Loaded meta-data for 4 account types, 2 accounts in 271ms(wall) 23ms(cpu)
04-12 14:46:34.416: D/AndroidRuntime(4526): Shutting down VM
04-12 14:46:34.440: D/dalvikvm(4526): GC_CONCURRENT freed 97K, 90% free 450K/4096K, paused 1ms+4ms
04-12 14:46:34.448: D/SyncManager(183): setIsSyncable: Account {name=appcel123@gmail.com, type=com.google}, provider com.google.android.gallery3d.GooglePhotoProvider -> 0
04-12 14:46:34.448: D/SyncManager(183): setIsSyncable: already set to 0, doing nothing
04-12 14:46:34.471: I/ActivityManager(183): Start proc com.google.android.partnersetup for broadcast com.google.android.partnersetup/.RlzPingBroadcastReceiver: pid=4578 uid=10023 gids={3003}
04-12 14:46:34.471: I/ActivityManager(183): No longer want com.google.android.gm (pid 3991): hidden #16
04-12 14:46:34.487: I/ActivityThread(4578): Pub com.google.android.partnersetup.rlzprovider: com.google.android.partnersetup.RlzProvider
04-12 14:46:34.487: I/ActivityThread(4578): Pub com.google.android.partnersetup.rlzappprovider: com.google.android.partnersetup.RlzAppProvider
04-12 14:46:34.487: D/dalvikvm(488): GC_CONCURRENT freed 1652K, 16% free 30261K/35655K, paused 2ms+5ms
04-12 14:46:34.526: I/ActivityManager(183): Start proc com.android.musicfx for broadcast com.android.musicfx/.Compatibility$Receiver: pid=4590 uid=10040 gids={3003, 3002}
04-12 14:46:34.526: I/ActivityManager(183): No longer want com.google.android.apps.books (pid 4022): hidden #16
04-12 14:46:34.565: D/dalvikvm(488): GC_FOR_ALLOC freed 1595K, 18% free 29479K/35655K, paused 22ms
04-12 14:46:34.580: D/com.fusionone.android.sync.baclient.receiver.HTSInstalledReceiver(4312): Reset receiver-Invoked
04-12 14:46:34.580: I/HTSINSTALLEDREeciever-package _ action(4312): android.intent.action.PACKAGE_ADDED
04-12 14:46:34.580: I/HTSINSTALLEDREeciever-package(4312): package:com.appcelerator.html
04-12 14:46:34.612: I/ActivityManager(183): Start proc com.android.voicedialer for broadcast com.android.voicedialer/.VoiceDialerReceiver: pid=4604 uid=10062 gids={3002}
04-12 14:46:34.666: I/ActivityManager(183): Start proc com.android.vending for broadcast com.android.vending/com.google.android.finsky.receivers.PackageMonitorReceiver$RegisteredReceiver: pid=4618 uid=10046 gids={3003, 1015}
04-12 14:46:34.666: I/ActivityManager(183): No longer want com.android.settings (pid 4064): hidden #16
04-12 14:46:34.666: I/ActivityManager(183): No longer want com.google.android.gsf.login (pid 3962): hidden #16
04-12 14:46:34.690: D/dalvikvm(116): GC_EXPLICIT freed 37K, 3% free 14022K/14339K, paused 2ms+2ms
04-12 14:46:34.713: D/dalvikvm(116): GC_EXPLICIT freed <1K, 3% free 14022K/14339K, paused 1ms+1ms
04-12 14:46:34.729: I/ActivityThread(4618): Pub com.google.android.finsky.QSBSuggestionsProvider: com.google.android.finsky.providers.QSBSuggestionsProvider
04-12 14:46:34.729: D/dalvikvm(116): GC_EXPLICIT freed <1K, 3% free 14022K/14339K, paused 1ms+1ms
04-12 14:46:34.729: I/ActivityThread(4618): Pub com.google.android.finsky.AppIconProvider: com.google.android.finsky.providers.AppIconProvider
04-12 14:46:34.737: I/ActivityThread(4618): Pub com.google.android.finsky.RecentSuggestionsProvider: com.google.android.finsky.providers.RecentSuggestionsProvider
04-12 14:46:34.807: D/dalvikvm(4618): GC_CONCURRENT freed 224K, 3% free 14269K/14599K, paused 2ms+1ms
04-12 14:46:34.838: D/Finsky(4618): [1] DailyHygiene.goMakeHygieneIfDirty: No need to run daily hygiene.
04-12 14:46:34.862: I/ActivityManager(183): No longer want com.vzw.hss.myverizonged (pid 4228): hidden #16
04-12 14:46:34.885: D/dalvikvm(488): GC_FOR_ALLOC freed 3383K, 22% free 28007K/35655K, paused 26ms
04-12 14:46:34.909: D/Finsky(4618): [1] 2.run: Loaded library for account: [hVztnFIJ6mhC1b3jKf-r9EoMwCI]
04-12 14:46:34.909: D/Finsky(4618): [1] 2.run: Finished loading 1 libraries.
04-12 14:46:34.955: D/dalvikvm(488): GC_FOR_ALLOC freed 556K, 21% free 28264K/35655K, paused 31ms
04-12 14:46:34.994: D/dalvikvm(4618): GC_CONCURRENT freed 285K, 3% free 14431K/14791K, paused 2ms+2ms
04-12 14:46:35.041: D/dalvikvm(488): GC_CONCURRENT freed 39K, 16% free 30209K/35655K, paused 1ms+2ms
04-12 14:46:35.112: D/dalvikvm(488): GC_FOR_ALLOC freed 2160K, 17% free 29924K/35655K, paused 22ms
04-12 14:46:35.182: D/dalvikvm(488): GC_CONCURRENT freed 1326K, 15% free 30520K/35655K, paused 2ms+3ms
04-12 14:46:37.643: I/ActivityManager(183): No longer want com.google.android.apps.maps:FriendService (pid 4274): hidden #16
04-12 14:46:50.229: D/Finsky(4618): [1] 5.onFinished: Installation state replication succeeded.
04-12 14:46:50.276: D/dalvikvm(4618): GC_CONCURRENT freed 454K, 4% free 14399K/14983K, paused 5ms+3ms
04-12 14:47:06.166: D/AndroidRuntime(4657): >>>>>> AndroidRuntime START com.android.internal.os.RuntimeInit <<<<<<
04-12 14:47:06.166: D/AndroidRuntime(4657): CheckJNI is OFF
04-12 14:47:06.354: D/AndroidRuntime(4657): Calling main entry com.android.commands.pm.Pm
04-12 14:47:06.369: W/ActivityManager(183): No content provider found for permission revoke: file:///data/local/tmp/app.apk
04-12 14:47:06.440: W/ActivityManager(183): No content provider found for permission revoke: file:///data/local/tmp/app.apk
04-12 14:47:09.526: I/PackageManager(183): Running dexopt on: com.appcelerator.masterdetail
04-12 14:47:09.994: D/dalvikvm(4668): DexOpt: 'Lorg/apache/commons/codec/binary/Base64;' has an earlier definition; blocking out
04-12 14:47:09.994: D/dalvikvm(4668): DexOpt: 'Lorg/apache/commons/codec/binary/Hex;' has an earlier definition; blocking out
04-12 14:47:10.010: D/dalvikvm(4668): DexOpt: 'Lorg/w3c/dom/UserDataHandler;' has an earlier definition; blocking out
04-12 14:47:10.135: D/dalvikvm(4668): DexOpt: not verifying/optimizing 'Lorg/apache/commons/codec/binary/Base64;': multiple definitions
04-12 14:47:10.135: D/dalvikvm(4668): DexOpt: not verifying/optimizing 'Lorg/apache/commons/codec/binary/Hex;': multiple definitions
04-12 14:47:10.135: I/dalvikvm(4668): DexOpt: not resolving ambiguous class 'Lorg/apache/commons/codec/binary/Hex;'
04-12 14:47:10.244: I/dalvikvm(4668): DexOpt: not resolving ambiguous class 'Lorg/apache/commons/codec/binary/Base64;'
04-12 14:47:10.252: I/dalvikvm(4668): DexOpt: not resolving ambiguous class 'Lorg/apache/commons/codec/binary/Base64;'
04-12 14:47:10.377: D/dalvikvm(4668): DexOpt: not verifying/optimizing 'Lorg/w3c/dom/UserDataHandler;': multiple definitions
04-12 14:47:10.416: I/dalvikvm(4668): DexOpt: not resolving ambiguous class 'Lorg/apache/commons/codec/binary/Hex;'
04-12 14:47:10.526: D/dalvikvm(4668): DexOpt: load 79ms, verify+opt 477ms
04-12 14:47:10.666: I/ActivityManager(183): Force stopping package com.appcelerator.masterdetail uid=10069
04-12 14:47:10.799: D/PackageManager(183): New package installed in /data/app/com.appcelerator.masterdetail-1.apk
04-12 14:47:10.971: I/RegisteredComponentCache(474): ComponentInfo: ResolveInfo{418fc828 com.android.apps.tag.TagViewer p=0 o=0 m=0x108000}, techs: android.nfc.tech.Ndef,
04-12 14:47:10.994: D/PackageManager(183): generateServicesMap(android.accounts.AccountAuthenticator): 4 services unchanged
04-12 14:47:11.026: D/SyncManager(183): setIsSyncable: Account {name=appcel123@gmail.com, type=com.google}, provider com.google.android.gallery3d.GooglePhotoProvider -> 0
04-12 14:47:11.026: D/SyncManager(183): setIsSyncable: already set to 0, doing nothing
04-12 14:47:11.026: D/AccountTypeManager(4550): Registering external account type=com.fusionone.android.sync.baclient.account, packageName=com.fusionone.android.sync.sprimebaclient
04-12 14:47:11.034: D/AccountTypeManager(4550): Registering 1 extension packages
04-12 14:47:11.034: E/ExternalAccountType(4550): Unsupported attribute readOnly
04-12 14:47:11.049: D/PackageManager(183): generateServicesMap(android.content.SyncAdapter): 16 services unchanged
04-12 14:47:11.065: D/com.fusionone.android.sync.baclient.receiver.HTSInstalledReceiver(4312): Reset receiver-Invoked
04-12 14:47:11.065: I/HTSINSTALLEDREeciever-package _ action(4312): android.intent.action.PACKAGE_ADDED
04-12 14:47:11.065: I/HTSINSTALLEDREeciever-package(4312): package:com.appcelerator.masterdetail
04-12 14:47:11.073: D/BackupManagerService(183): Received broadcast Intent { act=android.intent.action.PACKAGE_ADDED dat=package:com.appcelerator.masterdetail flg=0x10000010 (has extras) }
04-12 14:47:11.073: V/BackupManagerService(183): addPackageParticipantsLocked: com.appcelerator.masterdetail
04-12 14:47:11.088: D/AccountTypeManager(4550): Registering extension package account type=com.google, dataSet=plus, packageName=com.google.android.apps.plus
04-12 14:47:11.112: D/dalvikvm(4550): GC_CONCURRENT freed 262K, 3% free 14264K/14599K, paused 3ms+2ms
04-12 14:47:11.151: D/dalvikvm(183): GC_EXPLICIT freed 1834K, 27% free 21271K/28999K, paused 6ms+7ms
04-12 14:47:11.166: D/AndroidRuntime(4657): Shutting down VM
04-12 14:47:11.174: D/dalvikvm(4657): GC_CONCURRENT freed 97K, 90% free 450K/4096K, paused 0ms+1ms
04-12 14:47:11.174: I/AndroidRuntime(4657): NOTE: attach of thread 'Binder Thread #3' failed
04-12 14:47:11.182: I/AccountTypeManager(4550): Loaded meta-data for 4 account types, 2 accounts in 205ms(wall) 9ms(cpu)
04-12 14:47:11.268: D/dalvikvm(488): GC_FOR_ALLOC freed 3954K, 21% free 28378K/35655K, paused 28ms
04-12 14:47:11.377: D/dalvikvm(488): GC_FOR_ALLOC freed 175K, 17% free 29915K/35655K, paused 20ms
04-12 14:47:11.424: D/dalvikvm(488): GC_CONCURRENT freed 2051K, 17% free 29907K/35655K, paused 3ms+5ms
04-12 14:47:11.479: D/dalvikvm(488): GC_CONCURRENT freed 1197K, 15% free 30638K/35655K, paused 2ms+3ms
04-12 14:47:12.026: D/dalvikvm(488): GC_FOR_ALLOC freed 3875K, 21% free 28379K/35655K, paused 40ms
04-12 14:47:12.034: D/dalvikvm(589): GC_CONCURRENT freed 386K, 5% free 14434K/15111K, paused 3ms+4ms
04-12 14:47:12.151: D/dalvikvm(488): GC_FOR_ALLOC freed 111K, 16% free 30252K/35655K, paused 28ms
04-12 14:47:12.198: D/dalvikvm(488): GC_CONCURRENT freed 1614K, 16% free 30094K/35655K, paused 2ms+2ms
04-12 14:47:12.244: D/dalvikvm(488): GC_FOR_ALLOC freed 1630K, 18% free 29383K/35655K, paused 19ms
04-12 14:47:18.315: D/dalvikvm(322): GC_CONCURRENT freed 396K, 4% free 15533K/16135K, paused 2ms+3ms
04-12 14:47:26.487: D/dalvikvm(4618): GC_CONCURRENT freed 157K, 3% free 14662K/14983K, paused 5ms+2ms
04-12 14:47:26.502: D/Finsky(4618): [1] 5.onFinished: Installation state replication succeeded.
04-12 14:47:41.401: D/androidNetworkLocationListeners(322): Still have listener com.google.android.location.internal.client.NetworkLocationClient$1@41852470
04-12 14:47:43.260: D/AndroidRuntime(4680): >>>>>> AndroidRuntime START com.android.internal.os.RuntimeInit <<<<<<
04-12 14:47:43.260: D/AndroidRuntime(4680): CheckJNI is OFF
04-12 14:47:43.416: D/AndroidRuntime(4680): Calling main entry com.android.commands.pm.Pm
04-12 14:47:43.432: W/ActivityManager(183): No content provider found for permission revoke: file:///data/local/tmp/app.apk
04-12 14:47:43.502: W/ActivityManager(183): No content provider found for permission revoke: file:///data/local/tmp/app.apk
04-12 14:47:46.229: I/PackageManager(183): Running dexopt on: com.appcelerator.newproject
04-12 14:47:46.416: D/dalvikvm(4691): DexOpt: 'Lorg/apache/commons/codec/binary/Base64;' has an earlier definition; blocking out
04-12 14:47:46.416: D/dalvikvm(4691): DexOpt: 'Lorg/apache/commons/codec/binary/Hex;' has an earlier definition; blocking out
04-12 14:47:46.432: D/dalvikvm(4691): DexOpt: 'Lorg/w3c/dom/UserDataHandler;' has an earlier definition; blocking out
04-12 14:47:46.565: D/dalvikvm(4691): DexOpt: not verifying/optimizing 'Lorg/apache/commons/codec/binary/Base64;': multiple definitions
04-12 14:47:46.565: D/dalvikvm(4691): DexOpt: not verifying/optimizing 'Lorg/apache/commons/codec/binary/Hex;': multiple definitions
04-12 14:47:46.565: I/dalvikvm(4691): DexOpt: not resolving ambiguous class 'Lorg/apache/commons/codec/binary/Hex;'
04-12 14:47:46.690: I/dalvikvm(4691): DexOpt: not resolving ambiguous class 'Lorg/apache/commons/codec/binary/Base64;'
04-12 14:47:46.698: I/dalvikvm(4691): DexOpt: not resolving ambiguous class 'Lorg/apache/commons/codec/binary/Base64;'
04-12 14:47:46.823: D/dalvikvm(4691): DexOpt: not verifying/optimizing 'Lorg/w3c/dom/UserDataHandler;': multiple definitions
04-12 14:47:46.862: I/dalvikvm(4691): DexOpt: not resolving ambiguous class 'Lorg/apache/commons/codec/binary/Hex;'
04-12 14:47:46.971: D/dalvikvm(4691): DexOpt: load 82ms, verify+opt 496ms
04-12 14:47:47.135: I/ActivityManager(183): Force stopping package com.appcelerator.newproject uid=10070
04-12 14:47:47.284: D/PackageManager(183): New package installed in /data/app/com.appcelerator.newproject-1.apk
04-12 14:47:47.385: D/dalvikvm(183): GC_CONCURRENT freed 1716K, 27% free 21270K/28999K, paused 7ms+5ms
04-12 14:47:47.471: I/RegisteredComponentCache(474): ComponentInfo: ResolveInfo{418fd840 com.android.apps.tag.TagViewer p=0 o=0 m=0x108000}, techs: android.nfc.tech.Ndef,
04-12 14:47:47.471: D/PackageManager(183): generateServicesMap(android.accounts.AccountAuthenticator): 4 services unchanged
04-12 14:47:47.479: D/AccountTypeManager(4550): Registering external account type=com.fusionone.android.sync.baclient.account, packageName=com.fusionone.android.sync.sprimebaclient
04-12 14:47:47.510: D/dalvikvm(488): GC_FOR_ALLOC freed 1562K, 17% free 29683K/35655K, paused 25ms
04-12 14:47:47.510: D/PackageManager(183): generateServicesMap(android.content.SyncAdapter): 16 services unchanged
04-12 14:47:47.526: D/BackupManagerService(183): Received broadcast Intent { act=android.intent.action.PACKAGE_ADDED dat=package:com.appcelerator.newproject flg=0x10000010 (has extras) }
04-12 14:47:47.526: V/BackupManagerService(183): addPackageParticipantsLocked: com.appcelerator.newproject
04-12 14:47:47.541: D/SyncManager(183): setIsSyncable: Account {name=appcel123@gmail.com, type=com.google}, provider com.google.android.gallery3d.GooglePhotoProvider -> 0
04-12 14:47:47.541: D/SyncManager(183): setIsSyncable: already set to 0, doing nothing
04-12 14:47:47.541: D/AccountTypeManager(4550): Registering 1 extension packages
04-12 14:47:47.604: E/ExternalAccountType(4550): Unsupported attribute readOnly
04-12 14:47:47.619: D/dalvikvm(183): GC_EXPLICIT freed 443K, 27% free 21283K/28999K, paused 6ms+9ms
04-12 14:47:47.619: D/AndroidRuntime(4680): Shutting down VM
04-12 14:47:47.627: D/dalvikvm(4680): GC_CONCURRENT freed 97K, 90% free 450K/4096K, paused 1ms+1ms
04-12 14:47:47.627: I/AndroidRuntime(4680): NOTE: attach of thread 'Binder Thread #3' failed
04-12 14:47:47.635: D/com.fusionone.android.sync.baclient.receiver.HTSInstalledReceiver(4312): Reset receiver-Invoked
04-12 14:47:47.635: I/HTSINSTALLEDREeciever-package _ action(4312): android.intent.action.PACKAGE_ADDED
04-12 14:47:47.635: I/HTSINSTALLEDREeciever-package(4312): package:com.appcelerator.newproject
04-12 14:47:47.651: D/AccountTypeManager(4550): Registering extension package account type=com.google, dataSet=plus, packageName=com.google.android.apps.plus
04-12 14:47:47.659: I/AccountTypeManager(4550): Loaded meta-data for 4 account types, 2 accounts in 180ms(wall) 15ms(cpu)
04-12 14:47:47.729: D/dalvikvm(488): GC_FOR_ALLOC freed 2635K, 21% free 28394K/35655K, paused 26ms
04-12 14:47:47.823: D/dalvikvm(488): GC_FOR_ALLOC freed 177K, 16% free 29953K/35655K, paused 21ms
04-12 14:47:47.901: D/dalvikvm(488): GC_CONCURRENT freed 1655K, 15% free 30346K/35655K, paused 3ms+5ms
04-12 14:47:47.994: D/dalvikvm(488): GC_FOR_ALLOC freed 1828K, 18% free 29331K/35655K, paused 46ms
04-12 14:47:48.424: D/dalvikvm(488): GC_FOR_ALLOC freed 3203K, 22% free 28047K/35655K, paused 22ms
04-12 14:47:48.487: D/dalvikvm(488): GC_FOR_ALLOC freed 525K, 21% free 28312K/35655K, paused 24ms
04-12 14:47:48.541: D/dalvikvm(589): GC_CONCURRENT freed 316K, 5% free 14502K/15111K, paused 2ms+3ms
04-12 14:47:48.596: D/dalvikvm(488): GC_CONCURRENT freed 30K, 16% free 30292K/35655K, paused 2ms+6ms
04-12 14:47:48.682: D/dalvikvm(488): GC_CONCURRENT freed 2161K, 16% free 30174K/35655K, paused 2ms+5ms
04-12 14:47:48.768: D/dalvikvm(488): GC_FOR_ALLOC freed 1327K, 15% free 30600K/35655K, paused 19ms
04-12 14:48:03.041: D/Finsky(4618): [1] 5.onFinished: Installation state replication succeeded.
04-12 14:48:18.151: V/BackupManagerService(183): Running a backup pass
04-12 14:48:18.151: V/BackupManagerService(183): clearing pending backups
04-12 14:48:18.159: V/PerformBackupTask(183): Beginning backup of 1 targets
04-12 14:48:18.260: D/PerformBackupTask(183): processOneBackup doBackup() on @pm@
04-12 14:48:18.268: V/BackupServiceBinder(183): doBackup() invoked
04-12 14:48:18.276: D/SettingsBackupAgent(183): onCreate() invoked
04-12 14:48:18.276: V/BackupServiceBinder(183): doBackup() invoked
04-12 14:48:18.276: I/PerformBackupTask(183): no backup data written; not calling transport
04-12 14:48:18.276: D/PerformBackupTask(183): starting agent for backup of BackupRequest{pkg=com.android.providers.settings}
04-12 14:48:18.276: V/ActivityThread(183): handleCreateBackupAgent: CreateBackupAgentData{appInfo=ApplicationInfo{41a1fc10 com.android.providers.settings} backupAgent=com.android.providers.settings.SettingsBackupAgent mode=0}
04-12 14:48:18.276: V/ActivityThread(183): Initializing agent class com.android.providers.settings.SettingsBackupAgent
04-12 14:48:18.276: D/BackupManagerService(183): awaiting agent for ApplicationInfo{41a1fc10 com.android.providers.settings}
04-12 14:48:18.276: D/BackupManagerService(183): agentConnected pkg=com.android.providers.settings agent=android.app.backup.BackupAgent$BackupServiceBinder@41cb6ec8
04-12 14:48:18.276: D/PerformBackupTask(183): processOneBackup doBackup() on com.android.providers.settings
04-12 14:48:18.299: V/ActivityThread(183): handleDestroyBackupAgent: CreateBackupAgentData{appInfo=ApplicationInfo{41a1fc10 com.android.providers.settings} backupAgent=com.android.providers.settings.SettingsBackupAgent mode=0}
04-12 14:48:18.338: I/ActivityManager(183): Start proc com.google.android.gsf.login for service com.google.android.gsf.login/com.google.android.gsf.loginservice.GoogleLoginService: pid=4701 uid=10011 gids={3003, 1015, 1007, 2001, 3006}
04-12 14:48:18.510: I/ActivityManager(183): No longer want com.google.android.apps.maps:LocationFriendService (pid 4287): hidden #16
04-12 14:48:18.799: D/AndroidRuntime(4720): >>>>>> AndroidRuntime START com.android.internal.os.RuntimeInit <<<<<<
04-12 14:48:18.799: D/AndroidRuntime(4720): CheckJNI is OFF
04-12 14:48:18.963: D/AndroidRuntime(4720): Calling main entry com.android.commands.pm.Pm
04-12 14:48:18.987: W/ActivityManager(183): No content provider found for permission revoke: file:///data/local/tmp/app.apk
04-12 14:48:19.073: W/ActivityManager(183): No content provider found for permission revoke: file:///data/local/tmp/app.apk
04-12 14:48:19.166: D/dalvikvm(183): JIT code cache reset in 6 ms (1048548 bytes 3/0)
04-12 14:48:19.174: D/dalvikvm(183): GC_CONCURRENT freed 1745K, 27% free 21358K/28999K, paused 3ms+12ms
04-12 14:48:19.307: I/PerformBackupTask(183): Backup pass finished.
04-12 14:48:20.213: I/PackageManager(183): Running dexopt on: com.appcelerator.singlewindow
04-12 14:48:20.401: D/dalvikvm(4731): DexOpt: 'Lorg/apache/commons/codec/binary/Base64;' has an earlier definition; blocking out
04-12 14:48:20.401: D/dalvikvm(4731): DexOpt: 'Lorg/apache/commons/codec/binary/Hex;' has an earlier definition; blocking out
04-12 14:48:20.424: D/dalvikvm(4731): DexOpt: 'Lorg/w3c/dom/UserDataHandler;' has an earlier definition; blocking out
04-12 14:48:20.549: D/dalvikvm(4731): DexOpt: not verifying/optimizing 'Lorg/apache/commons/codec/binary/Base64;': multiple definitions
04-12 14:48:20.549: D/dalvikvm(4731): DexOpt: not verifying/optimizing 'Lorg/apache/commons/codec/binary/Hex;': multiple definitions
04-12 14:48:20.549: I/dalvikvm(4731): DexOpt: not resolving ambiguous class 'Lorg/apache/commons/codec/binary/Hex;'
04-12 14:48:20.659: I/dalvikvm(4731): DexOpt: not resolving ambiguous class 'Lorg/apache/commons/codec/binary/Base64;'
04-12 14:48:20.659: I/dalvikvm(4731): DexOpt: not resolving ambiguous class 'Lorg/apache/commons/codec/binary/Base64;'
04-12 14:48:20.784: D/dalvikvm(4731): DexOpt: not verifying/optimizing 'Lorg/w3c/dom/UserDataHandler;': multiple definitions
04-12 14:48:20.823: I/dalvikvm(4731): DexOpt: not resolving ambiguous class 'Lorg/apache/commons/codec/binary/Hex;'
04-12 14:48:20.940: D/dalvikvm(4731): DexOpt: load 79ms, verify+opt 479ms
04-12 14:48:22.127: I/ActivityManager(183): Force stopping package com.appcelerator.singlewindow uid=10071
04-12 14:48:22.330: D/PackageManager(183): New package installed in /data/app/com.appcelerator.singlewindow-1.apk
04-12 14:48:22.557: D/AccountTypeManager(4550): Registering external account type=com.fusionone.android.sync.baclient.account, packageName=com.fusionone.android.sync.sprimebaclient
04-12 14:48:22.557: D/PackageManager(183): generateServicesMap(android.accounts.AccountAuthenticator): 4 services unchanged
04-12 14:48:22.565: I/RegisteredComponentCache(474): ComponentInfo: ResolveInfo{418fe858 com.android.apps.tag.TagViewer p=0 o=0 m=0x108000}, techs: android.nfc.tech.Ndef,
04-12 14:48:22.565: D/AccountTypeManager(4550): Registering 1 extension packages
04-12 14:48:22.573: E/ExternalAccountType(4550): Unsupported attribute readOnly
04-12 14:48:22.596: D/AccountTypeManager(4550): Registering extension package account type=com.google, dataSet=plus, packageName=com.google.android.apps.plus
04-12 14:48:22.604: D/PackageManager(183): generateServicesMap(android.content.SyncAdapter): 16 services unchanged
04-12 14:48:22.612: I/AccountTypeManager(4550): Loaded meta-data for 4 account types, 2 accounts in 69ms(wall) 12ms(cpu)
04-12 14:48:22.635: D/SyncManager(183): setIsSyncable: Account {name=appcel123@gmail.com, type=com.google}, provider com.google.android.gallery3d.GooglePhotoProvider -> 0
04-12 14:48:22.635: D/SyncManager(183): setIsSyncable: already set to 0, doing nothing
04-12 14:48:22.643: D/BackupManagerService(183): Received broadcast Intent { act=android.intent.action.PACKAGE_ADDED dat=package:com.appcelerator.singlewindow flg=0x10000010 (has extras) }
04-12 14:48:22.643: V/BackupManagerService(183): addPackageParticipantsLocked: com.appcelerator.singlewindow
04-12 14:48:22.737: D/com.fusionone.android.sync.baclient.receiver.HTSInstalledReceiver(4312): Reset receiver-Invoked
04-12 14:48:22.737: I/HTSINSTALLEDREeciever-package _ action(4312): android.intent.action.PACKAGE_ADDED
04-12 14:48:22.737: I/HTSINSTALLEDREeciever-package(4312): package:com.appcelerator.singlewindow
04-12 14:48:22.823: D/dalvikvm(488): GC_FOR_ALLOC freed 3967K, 21% free 28482K/35655K, paused 24ms
04-12 14:48:22.869: D/dalvikvm(183): GC_EXPLICIT freed 1546K, 27% free 21357K/28999K, paused 6ms+9ms
04-12 14:48:22.877: D/AndroidRuntime(4720): Shutting down VM
04-12 14:48:22.877: I/AndroidRuntime(4720): NOTE: attach of thread 'Binder Thread #3' failed
04-12 14:48:22.901: D/dalvikvm(4720): GC_CONCURRENT freed 97K, 90% free 450K/4096K, paused 1ms+1ms
04-12 14:48:22.940: D/dalvikvm(488): GC_CONCURRENT freed 172K, 15% free 30332K/35655K, paused 2ms+6ms
04-12 14:48:23.010: D/dalvikvm(488): GC_FOR_ALLOC freed 2214K, 16% free 30029K/35655K, paused 21ms
04-12 14:48:23.088: D/dalvikvm(488): GC_FOR_ALLOC freed 1267K, 15% free 30622K/35655K, paused 24ms
04-12 14:48:23.479: D/dalvikvm(488): GC_FOR_ALLOC freed 3604K, 21% free 28484K/35655K, paused 41ms
04-12 14:48:23.604: D/dalvikvm(488): GC_CONCURRENT freed 145K, 15% free 30346K/35655K, paused 3ms+5ms
04-12 14:48:23.651: D/dalvikvm(589): GC_CONCURRENT freed 363K, 4% free 14524K/15111K, paused 2ms+2ms
04-12 14:48:23.682: D/dalvikvm(488): GC_FOR_ALLOC freed 2226K, 16% free 30030K/35655K, paused 20ms
04-12 14:48:23.744: D/dalvikvm(488): GC_FOR_ALLOC freed 1271K, 15% free 30641K/35655K, paused 19ms
04-12 14:48:37.823: D/dalvikvm(4618): GC_CONCURRENT freed 711K, 6% free 14420K/15239K, paused 5ms+3ms
04-12 14:48:38.166: D/Finsky(4618): [1] 5.onFinished: Installation state replication succeeded.
04-12 14:48:38.182: D/dalvikvm(4618): GC_CONCURRENT freed 154K, 4% free 14665K/15239K, paused 5ms+2ms
04-12 14:48:54.877: D/AndroidRuntime(4743): >>>>>> AndroidRuntime START com.android.internal.os.RuntimeInit <<<<<<
04-12 14:48:54.877: D/AndroidRuntime(4743): CheckJNI is OFF
04-12 14:48:55.041: D/AndroidRuntime(4743): Calling main entry com.android.commands.pm.Pm
04-12 14:48:55.057: W/ActivityManager(183): No content provider found for permission revoke: file:///data/local/tmp/app.apk
04-12 14:48:55.127: W/ActivityManager(183): No content provider found for permission revoke: file:///data/local/tmp/app.apk
04-12 14:48:57.557: I/PackageManager(183): Running dexopt on: com.appcelerator.tabbed
04-12 14:48:57.729: D/dalvikvm(4754): DexOpt: 'Lorg/apache/commons/codec/binary/Base64;' has an earlier definition; blocking out
04-12 14:48:57.729: D/dalvikvm(4754): DexOpt: 'Lorg/apache/commons/codec/binary/Hex;' has an earlier definition; blocking out
04-12 14:48:57.744: D/dalvikvm(4754): DexOpt: 'Lorg/w3c/dom/UserDataHandler;' has an earlier definition; blocking out
04-12 14:48:57.869: D/dalvikvm(4754): DexOpt: not verifying/optimizing 'Lorg/apache/commons/codec/binary/Base64;': multiple definitions
04-12 14:48:57.869: D/dalvikvm(4754): DexOpt: not verifying/optimizing 'Lorg/apache/commons/codec/binary/Hex;': multiple definitions
04-12 14:48:57.869: I/dalvikvm(4754): DexOpt: not resolving ambiguous class 'Lorg/apache/commons/codec/binary/Hex;'
04-12 14:48:57.979: I/dalvikvm(4754): DexOpt: not resolving ambiguous class 'Lorg/apache/commons/codec/binary/Base64;'
04-12 14:48:57.987: I/dalvikvm(4754): DexOpt: not resolving ambiguous class 'Lorg/apache/commons/codec/binary/Base64;'
04-12 14:48:58.119: D/dalvikvm(4754): DexOpt: not verifying/optimizing 'Lorg/w3c/dom/UserDataHandler;': multiple definitions
04-12 14:48:58.166: I/dalvikvm(4754): DexOpt: not resolving ambiguous class 'Lorg/apache/commons/codec/binary/Hex;'
04-12 14:48:59.307: D/dalvikvm(4754): DexOpt: load 79ms, verify+opt 1518ms
04-12 14:48:59.463: I/ActivityManager(183): Force stopping package com.appcelerator.tabbed uid=10072
04-12 14:48:59.619: D/PackageManager(183): New package installed in /data/app/com.appcelerator.tabbed-1.apk
04-12 14:48:59.815: I/RegisteredComponentCache(474): ComponentInfo: ResolveInfo{418ff868 com.android.apps.tag.TagViewer p=0 o=0 m=0x108000}, techs: android.nfc.tech.Ndef,
04-12 14:48:59.815: D/PackageManager(183): generateServicesMap(android.accounts.AccountAuthenticator): 4 services unchanged
04-12 14:48:59.838: D/AccountTypeManager(4550): Registering external account type=com.fusionone.android.sync.baclient.account, packageName=com.fusionone.android.sync.sprimebaclient
04-12 14:48:59.846: D/AccountTypeManager(4550): Registering 1 extension packages
04-12 14:48:59.854: D/PackageManager(183): generateServicesMap(android.content.SyncAdapter): 16 services unchanged
04-12 14:48:59.869: D/BackupManagerService(183): Received broadcast Intent { act=android.intent.action.PACKAGE_ADDED dat=package:com.appcelerator.tabbed flg=0x10000010 (has extras) }
04-12 14:48:59.869: V/BackupManagerService(183): addPackageParticipantsLocked: com.appcelerator.tabbed
04-12 14:48:59.940: E/ExternalAccountType(4550): Unsupported attribute readOnly
04-12 14:48:59.994: D/dalvikvm(488): GC_FOR_ALLOC freed 3958K, 21% free 28487K/35655K, paused 21ms
04-12 14:48:59.994: D/dalvikvm(183): GC_EXPLICIT freed 1621K, 26% free 21575K/28999K, paused 6ms+9ms
04-12 14:49:00.026: D/AndroidRuntime(4743): Shutting down VM
04-12 14:49:00.026: D/SyncManager(183): setIsSyncable: Account {name=appcel123@gmail.com, type=com.google}, provider com.google.android.gallery3d.GooglePhotoProvider -> 0
04-12 14:49:00.026: D/SyncManager(183): setIsSyncable: already set to 0, doing nothing
04-12 14:49:00.041: D/dalvikvm(4743): GC_CONCURRENT freed 97K, 90% free 450K/4096K, paused 1ms+0ms
04-12 14:49:00.041: I/AndroidRuntime(4743): NOTE: attach of thread 'Binder Thread #3' failed
04-12 14:49:00.057: D/AccountTypeManager(4550): Registering extension package account type=com.google, dataSet=plus, packageName=com.google.android.apps.plus
04-12 14:49:00.088: I/AccountTypeManager(4550): Loaded meta-data for 4 account types, 2 accounts in 277ms(wall) 9ms(cpu)
04-12 14:49:00.104: D/com.fusionone.android.sync.baclient.receiver.HTSInstalledReceiver(4312): Reset receiver-Invoked
04-12 14:49:00.104: I/HTSINSTALLEDREeciever-package _ action(4312): android.intent.action.PACKAGE_ADDED
04-12 14:49:00.104: I/HTSINSTALLEDREeciever-package(4312): package:com.appcelerator.tabbed
04-12 14:49:00.135: D/dalvikvm(488): GC_FOR_ALLOC freed 181K, 16% free 30036K/35655K, paused 33ms
04-12 14:49:00.198: D/dalvikvm(488): GC_CONCURRENT freed 1657K, 15% free 30391K/35655K, paused 2ms+4ms
04-12 14:49:00.284: D/dalvikvm(488): GC_FOR_ALLOC freed 1833K, 18% free 29431K/35655K, paused 29ms
04-12 14:49:00.690: D/dalvikvm(488): GC_FOR_ALLOC freed 3248K, 22% free 28087K/35655K, paused 25ms
04-12 14:49:00.729: D/dalvikvm(488): GC_FOR_ALLOC freed 490K, 21% free 28385K/35655K, paused 18ms
04-12 14:49:00.830: D/dalvikvm(488): GC_CONCURRENT freed 23K, 15% free 30376K/35655K, paused 2ms+3ms
04-12 14:49:00.932: D/dalvikvm(488): GC_CONCURRENT freed 2639K, 17% free 29657K/35655K, paused 1ms+5ms
04-12 14:49:01.049: D/dalvikvm(488): GC_FOR_ALLOC freed 847K, 14% free 30686K/35655K, paused 19ms
04-12 14:49:06.518: I/ActivityManager(183): START {act=android.intent.action.MAIN cat=[android.intent.category.LAUNCHER] flg=0x10200000 cmp=com.google.android.videos/com.google.android.youtube.videos.honeycomb.VideosActivity} from pid 488
04-12 14:49:06.619: I/ActivityManager(183): Start proc com.google.android.videos for activity com.google.android.videos/com.google.android.youtube.videos.honeycomb.VideosActivity: pid=4761 uid=10060 gids={3003, 1015}
04-12 14:49:06.643: I/WindowManager(183): createSurface Window{41aba138 Starting com.google.android.videos paused=false}: DRAW NOW PENDING
04-12 14:49:06.690: D/OpenGLRenderer(488): Flushing caches (mode 1)
04-12 14:49:06.698: I/ActivityThread(4761): Pub com.google.android.videos: com.google.android.youtube.videos.honeycomb.search.VideoSearchProvider
04-12 14:49:06.737: D/Videos(4761): youtube.core.BaseApplication.createHttpClient:281 HttpClient.UserAgent: com.google.android.videos/1.4.0(Linux; U; Android 4.0.2; en_US; Galaxy Nexus Build/ICL53F)
04-12 14:49:06.744: D/Videos(4761): youtube.core.utils.SafeSearch.run:49 checking parental control
04-12 14:49:06.752: D/Videos(4761): youtube.core.utils.SafeSearch.run:51 parental control is false
04-12 14:49:06.791: D/Videos(4761): youtube.core.utils.Util.shrinkDirSize:515 Dir is below limit, no need to shrink: [size=322526, limit=5242880]
04-12 14:49:06.815: D/OpenGLRenderer(488): Flushing caches (mode 0)
04-12 14:49:06.869: D/dalvikvm(4761): GC_CONCURRENT freed 308K, 3% free 14219K/14599K, paused 2ms+6ms
04-12 14:49:06.940: D/dalvikvm(4761): GC_FOR_ALLOC freed 84K, 3% free 14301K/14663K, paused 15ms
04-12 14:49:06.948: I/dalvikvm-heap(4761): Grow heap (frag case) to 14.808MB for 810016-byte allocation
04-12 14:49:06.994: D/dalvikvm(4761): GC_CONCURRENT freed <1K, 3% free 15092K/15495K, paused 4ms+2ms
04-12 14:49:07.143: D/Videos(4761): youtube.core.client.DefaultAnalyticsClient.trackPage:104 page [version=1.4.0, name=RentalsControllerImpl]
04-12 14:49:07.143: D/Videos(4761): youtube.core.async.UserAuthorizer.getAccounts:332 fetching accounts
04-12 14:49:07.143: D/Videos(4761): youtube.core.async.UserAuthorizer.fetchAuthToken:429 fetching authToken for appcel123@gmail.com
04-12 14:49:07.159: D/dalvikvm(4761): GC_CONCURRENT freed 167K, 2% free 15401K/15687K, paused 7ms+4ms
04-12 14:49:07.166: I/Videos(4761): youtube.videos.DownloadJanitorService.onCreate:69 Janitor starting
04-12 14:49:07.229: I/WindowManager(183): createSurface Window{41c1c3b8 com.google.android.videos/com.google.android.youtube.videos.honeycomb.VideosActivity paused=false}: DRAW NOW PENDING
04-12 14:49:07.260: D/libEGL(4761): loaded /system/lib/egl/libGLES_android.so
04-12 14:49:07.924: D/libEGL(4761): loaded /vendor/lib/egl/libEGL_POWERVR_SGX540_120.so
04-12 14:49:07.932: D/libEGL(4761): loaded /vendor/lib/egl/libGLESv1_CM_POWERVR_SGX540_120.so
04-12 14:49:07.940: D/libEGL(4761): loaded /vendor/lib/egl/libGLESv2_POWERVR_SGX540_120.so
04-12 14:49:08.018: D/dalvikvm(322): GC_CONCURRENT freed 375K, 4% free 15549K/16135K, paused 2ms+3ms
04-12 14:49:08.065: D/OpenGLRenderer(4761): Enabling debug mode 0
04-12 14:49:08.073: D/Videos(4761): youtube.core.transfer.TransferService.onCreate:165 creating transfer service
04-12 14:49:08.088: D/Videos(4761): youtube.core.transfer.TransfersDbHelper$DbHandler.handleMessage:130 db init
04-12 14:49:08.088: W/InputManagerService(183): Starting input on non-focused client com.android.internal.view.IInputMethodClient$Stub$Proxy@41c5be10 (uid=10031 pid=488)
04-12 14:49:08.096: D/Videos(4761): youtube.core.transfer.TransfersDbHelper$DbHandler.handleMessage:137 db restore
04-12 14:49:08.166: D/dalvikvm(4701): GC_CONCURRENT freed 309K, 3% free 14175K/14599K, paused 2ms+2ms
04-12 14:49:08.252: I/ActivityManager(183): Displayed com.google.android.videos/com.google.android.youtube.videos.honeycomb.VideosActivity: +1s673ms
04-12 14:49:08.252: D/Videos(4761): youtube.core.transfer.TransferService$NetworkStateReceiver.onReceive:604 connection true
04-12 14:49:08.252: D/Videos(4761): youtube.core.transfer.TransferService.restore:216 restored 0 transfers
04-12 14:49:08.252: I/Videos(4761): youtube.videos.DownloadJanitorService$1.run:109 Janitor done
04-12 14:49:08.260: D/Videos(4761): youtube.core.transfer.TransferService.onDestroy:363 destroying transfer service
04-12 14:49:08.260: D/Videos(4761): youtube.core.transfer.TransfersDbHelper$DbHandler.handleMessage:165 db close
04-12 14:49:08.885: D/Videos(4761): youtube.core.async.UserAuthorizer.getAccounts:332 fetching accounts
04-12 14:49:08.885: D/Videos(4761): youtube.core.async.UserAuthorizer$AuthTokenCallback.run:467 got authToken for appcel123@gmail.com
04-12 14:49:08.885: D/Videos(4761): youtube.plus1.SignedInListenerPlusOneClient.onSignIn:38 User signed in, prefetching +1 account status
04-12 14:49:08.916: D/Videos(4761): youtube.plus1.DefaultPlusOneClient$ControllerWrapper.authorize:217 PlusOneClient is waiting for a result. Saving activity for future use.
04-12 14:49:08.955: D/Videos(4761): youtube.core.transfer.TransferService.onCreate:165 creating transfer service
04-12 14:49:08.963: D/Videos(4761): youtube.core.transfer.TransfersDbHelper$DbHandler.handleMessage:130 db init
04-12 14:49:08.963: D/Videos(4761): youtube.core.transfer.TransfersDbHelper$DbHandler.handleMessage:137 db restore
04-12 14:49:08.979: D/Videos(4761): youtube.core.transfer.TransferService$NetworkStateReceiver.onReceive:604 connection true
04-12 14:49:08.979: D/Videos(4761): youtube.core.transfer.TransferService.restore:216 restored 0 transfers
04-12 14:49:09.010: D/dalvikvm(4761): GC_CONCURRENT freed 358K, 4% free 15526K/16007K, paused 2ms+2ms
04-12 14:49:09.096: D/dalvikvm(322): GC_EXPLICIT freed 33K, 4% free 15524K/16135K, paused 3ms+9ms
04-12 14:49:09.166: I/WindowManager(183): createSurface Window{41d50d80 com.android.launcher/com.android.launcher2.Launcher paused=false}: DRAW NOW PENDING
04-12 14:49:09.221: D/dalvikvm(4761): GC_CONCURRENT freed 432K, 4% free 15630K/16135K, paused 2ms+4ms
04-12 14:49:09.276: D/dalvikvm(183): GC_CONCURRENT freed 1882K, 26% free 21498K/28999K, paused 3ms+7ms
04-12 14:49:09.448: D/dalvikvm(4761): GC_CONCURRENT freed 332K, 3% free 15818K/16263K, paused 2ms+3ms
04-12 14:49:09.619: D/dalvikvm(4761): GC_CONCURRENT freed 711K, 5% free 15636K/16455K, paused 3ms+2ms
04-12 14:49:09.682: D/OpenGLRenderer(4761): Flushing caches (mode 0)
04-12 14:49:10.057: D/dalvikvm(4761): GC_CONCURRENT freed 374K, 5% free 15751K/16455K, paused 2ms+3ms
04-12 14:49:10.213: D/OpenGLRenderer(4761): Flushing caches (mode 1)
04-12 14:49:10.229: D/Videos(4761): youtube.core.transfer.TransferService.onDestroy:363 destroying transfer service
04-12 14:49:10.237: D/Videos(4761): youtube.core.transfer.TransfersDbHelper$DbHandler.handleMessage:165 db close
04-12 14:49:10.323: D/dalvikvm(4761): GC_CONCURRENT freed 397K, 4% free 15851K/16455K, paused 1ms+5ms
04-12 14:49:10.455: I/ActivityManager(183): No longer want com.google.android.talk (pid 4395): hidden #16
04-12 14:49:10.580: D/dalvikvm(4761): GC_CONCURRENT freed 491K, 4% free 15991K/16583K, paused 2ms+5ms
04-12 14:49:10.744: D/dalvikvm(4761): GC_CONCURRENT freed 611K, 5% free 16089K/16775K, paused 4ms+4ms
04-12 14:49:10.940: D/dalvikvm(4761): GC_CONCURRENT freed 635K, 5% free 16132K/16839K, paused 2ms+5ms
04-12 14:49:10.987: D/Videos(4761): youtube.plus1.DefaultPlusOneClient$ControllerWrapper.onNewValue:141 PlusOneClient received new +1 account status: +1 opt-in=false; name=Appcelerator Inc
04-12 14:49:12.909: I/ActivityManager(183): START {act=android.intent.action.MAIN cat=[android.intent.category.LAUNCHER] flg=0x10200000 cmp=com.appcelerator.html/.HtmlActivity} from pid 488
04-12 14:49:13.002: I/dalvikvm(4801): Turning on JNI app bug workarounds for target SDK version 8...
04-12 14:49:13.010: I/ActivityManager(183): Start proc com.appcelerator.html for activity com.appcelerator.html/.HtmlActivity: pid=4801 uid=10067 gids={1015, 3003}
04-12 14:49:13.026: I/TiApplication(4801): (main) [0,0] checkpoint, app created.
04-12 14:49:13.041: D/dalvikvm(183): GC_CONCURRENT freed 149K, 21% free 23172K/28999K, paused 2ms+5ms
04-12 14:49:13.049: D/OpenGLRenderer(488): Flushing caches (mode 1)
04-12 14:49:13.057: I/TiApplication(4801): (main) [28,28] Titanium 2.0.1 (2012/04/10 13:18 0234887)
04-12 14:49:13.096: D/dalvikvm(183): GC_FOR_ALLOC freed 228K, 21% free 22944K/28999K, paused 45ms
04-12 14:49:13.096: I/dalvikvm-heap(183): Grow heap (frag case) to 25.086MB for 2731536-byte allocation
04-12 14:49:13.159: D/dalvikvm(183): GC_FOR_ALLOC freed 19K, 20% free 25592K/31687K, paused 50ms
04-12 14:49:13.205: I/WindowManager(183): createSurface Window{41c88d48 Starting com.appcelerator.html paused=false}: DRAW NOW PENDING
04-12 14:49:13.237: D/dalvikvm(4801): GC_CONCURRENT freed 269K, 3% free 14224K/14599K, paused 2ms+2ms
04-12 14:49:13.291: V/PhoneStatusBar(267): setLightsOn(true)
04-12 14:49:13.299: D/OpenGLRenderer(488): Flushing caches (mode 0)
04-12 14:49:13.862: I/TiDbHelper(4801): (main) [809,837] No value in database for platform key: 'unique_machine_id' returning supplied default ''
04-12 14:49:13.877: I/TiDbHelper(4801): (main) [15,852] No value in database for platform key: 'hardware_machine_id' returning supplied default ''
04-12 14:49:14.119: D/dalvikvm(4801): Trying to load lib /data/data/com.appcelerator.html/lib/libstlport_shared.so 0x4180c600
04-12 14:49:14.119: I/TiApplication(4801): (main) [241,1093] Titanium Javascript runtime: v8
04-12 14:49:14.127: D/dalvikvm(4801): Added shared lib /data/data/com.appcelerator.html/lib/libstlport_shared.so 0x4180c600
04-12 14:49:14.127: D/dalvikvm(4801): No JNI_OnLoad found in /data/data/com.appcelerator.html/lib/libstlport_shared.so 0x4180c600, skipping init
04-12 14:49:14.127: D/dalvikvm(4801): Trying to load lib /data/data/com.appcelerator.html/lib/libkroll-v8.so 0x4180c600
04-12 14:49:14.143: D/dalvikvm(4801): Added shared lib /data/data/com.appcelerator.html/lib/libkroll-v8.so 0x4180c600
04-12 14:49:14.143: I/TiRootActivity(4801): (main) [0,0] checkpoint, on root activity create, savedInstanceState: null
