04-12 14:50:15.869: I/ActivityManager(183): Force stopping package com.appcelerator.newproject uid=10070
04-12 14:50:15.940: I/RegisteredComponentCache(474): ComponentInfo: ResolveInfo{41903188 com.android.apps.tag.TagViewer p=0 o=0 m=0x108000}, techs: android.nfc.tech.Ndef,
04-12 14:50:15.948: D/AccountTypeManager(4973): Registering external account type=com.fusionone.android.sync.baclient.account, packageName=com.fusionone.android.sync.sprimebaclient
04-12 14:50:15.955: D/AccountTypeManager(4973): Registering 1 extension packages
04-12 14:50:16.002: D/VoicemailCleanupService(589): Cleaning up data for package: com.appcelerator.newproject
04-12 14:50:16.018: D/SyncManager(183): setIsSyncable: Account {name=appcel123@gmail.com, type=com.google}, provider com.google.android.gallery3d.GooglePhotoProvider -> 0
04-12 14:50:16.018: D/SyncManager(183): setIsSyncable: already set to 0, doing nothing
04-12 14:50:16.018: D/dalvikvm(589): GC_CONCURRENT freed 334K, 4% free 14521K/15111K, paused 1ms+2ms
04-12 14:50:16.026: E/ExternalAccountType(4973): Unsupported attribute readOnly
04-12 14:50:16.080: D/dalvikvm(183): GC_EXPLICIT freed 569K, 33% free 21485K/31687K, paused 3ms+7ms
04-12 14:50:16.096: D/PackageManager(183): generateServicesMap(android.accounts.AccountAuthenticator): 4 services unchanged
04-12 14:50:16.112: D/dalvikvm(488): GC_FOR_ALLOC freed 3637K, 20% free 28541K/35655K, paused 49ms
04-12 14:50:16.143: D/PackageManager(183): generateServicesMap(android.content.SyncAdapter): 16 services unchanged
04-12 14:50:16.159: D/BackupManagerService(183): Received broadcast Intent { act=android.intent.action.PACKAGE_REMOVED dat=package:com.appcelerator.newproject flg=0x10000010 (has extras) }
04-12 14:50:16.159: V/BackupManagerService(183): removePackageParticipantsLocked: com.appcelerator.newproject
04-12 14:50:16.213: D/AccountTypeManager(4973): Registering extension package account type=com.google, dataSet=plus, packageName=com.google.android.apps.plus
04-12 14:50:16.244: I/AccountTypeManager(4973): Loaded meta-data for 4 account types, 2 accounts in 306ms(wall) 8ms(cpu)
04-12 14:50:16.291: D/dalvikvm(488): GC_FOR_ALLOC freed 345K, 16% free 29989K/35655K, paused 30ms
04-12 14:50:16.323: D/dalvikvm(183): GC_EXPLICIT freed 273K, 33% free 21503K/31687K, paused 3ms+10ms
04-12 14:50:16.362: D/AndroidRuntime(5122): Shutting down VM
04-12 14:50:16.377: I/AndroidRuntime(5122): NOTE: attach of thread 'Binder Thread #3' failed
04-12 14:50:16.377: D/dalvikvm(5122): GC_CONCURRENT freed 96K, 90% free 447K/4096K, paused 0ms+1ms
04-12 14:50:16.409: D/dalvikvm(488): GC_FOR_ALLOC freed 2817K, 20% free 28803K/35655K, paused 28ms
04-12 14:50:16.549: D/dalvikvm(488): GC_FOR_ALLOC freed 1355K, 19% free 29202K/35655K, paused 38ms
04-12 14:50:16.604: D/dalvikvm(488): GC_FOR_ALLOC freed 615K, 18% free 29475K/35655K, paused 22ms
04-12 14:50:16.729: D/AndroidRuntime(5141): >>>>>> AndroidRuntime START com.android.internal.os.RuntimeInit <<<<<<
04-12 14:50:16.729: D/AndroidRuntime(5141): CheckJNI is OFF
04-12 14:50:16.901: D/AndroidRuntime(5141): Calling main entry com.android.commands.pm.Pm
04-12 14:50:16.901: I/PackageManager(183): Removing non-system package:com.appcelerator.singlewindow
04-12 14:50:16.901: I/Process(183): Sending signal. PID: 4887 SIG: 9
04-12 14:50:16.901: I/ActivityManager(183): Force stopping package com.appcelerator.singlewindow uid=10071
04-12 14:50:17.041: I/ActivityManager(183): Force stopping package com.appcelerator.singlewindow uid=10071
04-12 14:50:17.088: I/RegisteredComponentCache(474): ComponentInfo: ResolveInfo{419047c8 com.android.apps.tag.TagViewer p=0 o=0 m=0x108000}, techs: android.nfc.tech.Ndef,
04-12 14:50:17.096: D/PackageManager(183): generateServicesMap(android.accounts.AccountAuthenticator): 4 services unchanged
04-12 14:50:17.112: D/PackageManager(183): generateServicesMap(android.content.SyncAdapter): 16 services unchanged
04-12 14:50:17.127: D/AccountTypeManager(4973): Registering external account type=com.fusionone.android.sync.baclient.account, packageName=com.fusionone.android.sync.sprimebaclient
04-12 14:50:17.127: D/AccountTypeManager(4973): Registering 1 extension packages
04-12 14:50:17.127: D/BackupManagerService(183): Received broadcast Intent { act=android.intent.action.PACKAGE_REMOVED dat=package:com.appcelerator.singlewindow flg=0x10000010 (has extras) }
04-12 14:50:17.127: V/BackupManagerService(183): removePackageParticipantsLocked: com.appcelerator.singlewindow
04-12 14:50:17.135: E/ExternalAccountType(4973): Unsupported attribute readOnly
04-12 14:50:17.143: D/AccountTypeManager(4973): Registering extension package account type=com.google, dataSet=plus, packageName=com.google.android.apps.plus
04-12 14:50:17.159: D/dalvikvm(422): GC_EXPLICIT freed 367K, 5% free 16470K/17159K, paused 1ms+3ms
04-12 14:50:17.182: I/AccountTypeManager(4973): Loaded meta-data for 4 account types, 2 accounts in 93ms(wall) 8ms(cpu)
04-12 14:50:17.190: D/VoicemailCleanupService(589): Cleaning up data for package: com.appcelerator.singlewindow
04-12 14:50:17.213: D/SyncManager(183): setIsSyncable: Account {name=appcel123@gmail.com, type=com.google}, provider com.google.android.gallery3d.GooglePhotoProvider -> 0
04-12 14:50:17.213: D/SyncManager(183): setIsSyncable: already set to 0, doing nothing
04-12 14:50:17.284: D/dalvikvm(589): GC_CONCURRENT freed 375K, 4% free 14529K/15111K, paused 2ms+2ms
04-12 14:50:17.307: D/dalvikvm(488): GC_FOR_ALLOC freed 3237K, 22% free 28140K/35655K, paused 53ms
04-12 14:50:17.354: D/dalvikvm(183): GC_EXPLICIT freed 731K, 33% free 21541K/31687K, paused 2ms+7ms
04-12 14:50:17.401: D/dalvikvm(488): GC_FOR_ALLOC freed 497K, 21% free 28475K/35655K, paused 21ms
04-12 14:50:17.424: D/dalvikvm(183): GC_EXPLICIT freed 112K, 33% free 21430K/31687K, paused 2ms+6ms
04-12 14:50:17.448: D/AndroidRuntime(5141): Shutting down VM
04-12 14:50:17.448: I/AndroidRuntime(5141): NOTE: attach of thread 'Binder Thread #3' failed
04-12 14:50:17.471: D/dalvikvm(5141): GC_CONCURRENT freed 96K, 90% free 447K/4096K, paused 1ms+1ms
04-12 14:50:17.510: D/dalvikvm(488): GC_FOR_ALLOC freed 307K, 17% free 29937K/35655K, paused 23ms
04-12 14:50:17.619: D/dalvikvm(488): GC_FOR_ALLOC freed 2815K, 20% free 28789K/35655K, paused 21ms
04-12 14:50:17.784: D/dalvikvm(488): GC_FOR_ALLOC freed 1289K, 19% free 29195K/35655K, paused 33ms
04-12 14:50:17.838: D/dalvikvm(488): GC_FOR_ALLOC freed 618K, 18% free 29466K/35655K, paused 21ms
04-12 14:50:17.854: D/AndroidRuntime(5160): >>>>>> AndroidRuntime START com.android.internal.os.RuntimeInit <<<<<<
04-12 14:50:17.854: D/AndroidRuntime(5160): CheckJNI is OFF
04-12 14:50:18.041: D/AndroidRuntime(5160): Calling main entry com.android.commands.pm.Pm
04-12 14:50:18.041: I/PackageManager(183): Removing non-system package:com.appcelerator.tabbed
04-12 14:50:18.041: I/Process(183): Sending signal. PID: 4914 SIG: 9
04-12 14:50:18.041: I/ActivityManager(183): Force stopping package com.appcelerator.tabbed uid=10072
04-12 14:50:18.182: I/ActivityManager(183): Force stopping package com.appcelerator.tabbed uid=10072
04-12 14:50:18.229: I/RegisteredComponentCache(474): ComponentInfo: ResolveInfo{41905be8 com.android.apps.tag.TagViewer p=0 o=0 m=0x108000}, techs: android.nfc.tech.Ndef,
04-12 14:50:18.252: D/VoicemailCleanupService(589): Cleaning up data for package: com.appcelerator.tabbed
04-12 14:50:18.284: D/SyncManager(183): setIsSyncable: Account {name=appcel123@gmail.com, type=com.google}, provider com.google.android.gallery3d.GooglePhotoProvider -> 0
04-12 14:50:18.284: D/SyncManager(183): setIsSyncable: already set to 0, doing nothing
04-12 14:50:18.307: D/AccountTypeManager(4973): Registering external account type=com.fusionone.android.sync.baclient.account, packageName=com.fusionone.android.sync.sprimebaclient
04-12 14:50:18.307: D/dalvikvm(183): GC_EXPLICIT freed 345K, 33% free 21421K/31687K, paused 1ms+7ms
04-12 14:50:18.315: D/AccountTypeManager(4973): Registering 1 extension packages
04-12 14:50:18.315: D/PackageManager(183): generateServicesMap(android.accounts.AccountAuthenticator): 4 services unchanged
04-12 14:50:18.338: D/PackageManager(183): generateServicesMap(android.content.SyncAdapter): 16 services unchanged
04-12 14:50:18.346: D/dalvikvm(488): GC_CONCURRENT freed 3229K, 22% free 28157K/35655K, paused 2ms+4ms
04-12 14:50:18.362: E/ExternalAccountType(4973): Unsupported attribute readOnly
04-12 14:50:18.377: D/BackupManagerService(183): Received broadcast Intent { act=android.intent.action.PACKAGE_REMOVED dat=package:com.appcelerator.tabbed flg=0x10000010 (has extras) }
04-12 14:50:18.377: V/BackupManagerService(183): removePackageParticipantsLocked: com.appcelerator.tabbed
04-12 14:50:18.487: D/AccountTypeManager(4973): Registering extension package account type=com.google, dataSet=plus, packageName=com.google.android.apps.plus
04-12 14:50:18.487: I/AccountTypeManager(4973): Loaded meta-data for 4 account types, 2 accounts in 260ms(wall) 10ms(cpu)
04-12 14:50:18.573: D/dalvikvm(183): GC_EXPLICIT freed 389K, 33% free 21493K/31687K, paused 2ms+10ms
04-12 14:50:18.580: D/AndroidRuntime(5160): Shutting down VM
04-12 14:50:18.580: I/AndroidRuntime(5160): NOTE: attach of thread 'Binder Thread #3' failed
04-12 14:50:18.588: D/dalvikvm(5160): GC_CONCURRENT freed 96K, 90% free 447K/4096K, paused 1ms+0ms
04-12 14:50:18.612: D/dalvikvm(488): GC_FOR_ALLOC freed 1078K, 20% free 28551K/35655K, paused 26ms
04-12 14:50:18.737: D/dalvikvm(488): GC_CONCURRENT freed 175K, 15% free 30416K/35655K, paused 1ms+6ms
04-12 14:50:18.838: D/dalvikvm(488): GC_FOR_ALLOC freed 2218K, 16% free 30109K/35655K, paused 19ms
04-12 14:50:18.893: D/dalvikvm(488): GC_FOR_ALLOC freed 1271K, 14% free 30719K/35655K, paused 20ms
04-12 14:50:19.284: D/dalvikvm(589): GC_CONCURRENT freed 476K, 4% free 14526K/15111K, paused 2ms+3ms
04-12 14:50:19.346: D/dalvikvm(488): GC_FOR_ALLOC freed 3632K, 20% free 28548K/35655K, paused 23ms
04-12 14:50:19.448: D/dalvikvm(488): GC_CONCURRENT freed 102K, 15% free 30410K/35655K, paused 2ms+6ms
04-12 14:50:19.534: D/dalvikvm(488): GC_FOR_ALLOC freed 2218K, 16% free 30108K/35655K, paused 24ms
04-12 14:50:19.588: D/dalvikvm(488): GC_FOR_ALLOC freed 1270K, 14% free 30719K/35655K, paused 19ms
04-12 14:50:27.737: D/dalvikvm(439): GC_CONCURRENT freed 384K, 5% free 14547K/15175K, paused 5ms+3ms
04-12 14:50:33.791: D/dalvikvm(4618): GC_CONCURRENT freed 134K, 4% free 14650K/15239K, paused 5ms+2ms
04-12 14:50:33.807: D/Finsky(4618): [1] 5.onFinished: Installation state replication succeeded.
04-12 14:52:27.698: W/Netd(112): No subsystem found in netlink event
04-12 14:52:27.698: D/NetlinkEvent(112): Unexpected netlink message. type=0x11
04-12 14:52:27.705: D/Tethering(183): interfaceLinkStateChanged rmnet0, false
04-12 14:52:27.705: D/Tethering(183): interfaceStatusChanged rmnet0, false
04-12 14:52:27.705: D/Tethering(183): interfaceLinkStateChanged rmnet0, false
04-12 14:52:27.705: D/Tethering(183): interfaceStatusChanged rmnet0, false
04-12 14:52:27.713: D/Tethering(183): interfaceLinkStateChanged rmnet0, false
04-12 14:52:27.713: D/Tethering(183): interfaceStatusChanged rmnet0, false
04-12 14:52:27.713: D/Tethering(183): interfaceLinkStateChanged lte_rmnet0, false
04-12 14:52:27.713: D/Tethering(183): interfaceStatusChanged lte_rmnet0, false
04-12 14:52:27.737: D/ConnectivityService(183): ConnectivityChange for mobile_ims: DISCONNECTED/DISCONNECTED
04-12 14:52:27.752: E/SecondaryTablController(112): ip route del failed
04-12 14:52:27.752: W/FrameworkListener(112): Handler 'interface' error (No such device)
04-12 14:52:27.768: E/SecondaryTablController(112): ip route del failed
04-12 14:52:27.768: W/FrameworkListener(112): Handler 'interface' error (No such device)
04-12 14:52:27.776: D/NetUtils(183): android_net_utils_resetConnections in env=0x135560 clazz=0x84200001 iface=rmnet0 mask=0x3
04-12 14:52:27.776: D/ConnectivityService(183): resetConnections(rmnet0, 3)
04-12 14:52:27.830: D/IMSFW(451): RPMInterface$3: onServiceStateChanged : 0 home Verizon Wireless US 311480 1xRTT:6 CSS not supported 6 40 RoamInd=64 DefRoamInd=68 EmergOnly=false
04-12 14:52:27.830: D/IMSFW(451): RPMInterface$3: [ IMS registeration : true State of registration : REG_COMPLETE ]
04-12 14:52:27.830: D/IMSFW(451): RPMInterface$3: None - LTE/EHRPD
04-12 14:52:28.104: D/dalvikvm(4312): GC_CONCURRENT freed 299K, 3% free 14175K/14599K, paused 2ms+4ms
04-12 14:52:28.166: D/dalvikvm(439): GC_CONCURRENT freed 381K, 5% free 14554K/15175K, paused 2ms+3ms
04-12 14:52:28.307: D/dalvikvm(183): GC_CONCURRENT freed 1861K, 33% free 21501K/31687K, paused 6ms+6ms
04-12 14:52:28.807: D/Tethering(183): interfaceLinkStateChanged lte_rmnet0, true
04-12 14:52:28.807: D/Tethering(183): interfaceStatusChanged lte_rmnet0, true
04-12 14:52:28.815: V/com.fusionone.android.sync.service.SyncService(4312): onStart() invoked
04-12 14:52:28.815: V/com.fusionone.android.sync.service.SyncService(4312): handleNotification invoked: Intent { act=com.fusionone.android.sync.rpc.ISyncManager (has extras) }
04-12 14:52:28.815: D/Tethering(183): interfaceLinkStateChanged rmnet0, false
04-12 14:52:28.815: D/Tethering(183): interfaceStatusChanged rmnet0, false
04-12 14:52:28.815: D/Tethering(183): interfaceLinkStateChanged lte_rmnet0, true
04-12 14:52:28.815: D/Tethering(183): interfaceStatusChanged lte_rmnet0, true
04-12 14:52:28.815: D/Tethering(183): interfaceLinkStateChanged lte_rmnet0, true
04-12 14:52:28.815: D/Tethering(183): interfaceStatusChanged lte_rmnet0, true
04-12 14:52:28.815: D/Tethering(183): interfaceLinkStateChanged lte_rmnet0, true
04-12 14:52:28.815: D/Tethering(183): interfaceStatusChanged lte_rmnet0, true
04-12 14:52:28.815: D/NetlinkEvent(112): Unexpected netlink message. type=0xf
04-12 14:52:28.823: D/Tethering(183): interfaceLinkStateChanged rmnet0, true
04-12 14:52:28.823: D/Tethering(183): interfaceStatusChanged rmnet0, true
04-12 14:52:28.823: V/com.fusionone.android.sync.service.SyncService(4312): onStart() invoked
04-12 14:52:28.823: V/com.fusionone.android.sync.service.SyncService(4312): handleNotification invoked: Intent { act=com.fusionone.android.sync.rpc.ISyncManager (has extras) }
04-12 14:52:28.823: D/Tethering(183): interfaceLinkStateChanged rmnet0, true
04-12 14:52:28.823: D/Tethering(183): interfaceStatusChanged rmnet0, true
04-12 14:52:28.830: V/com.fusionone.android.sync.service.SyncService(4312): onStart() invoked
04-12 14:52:28.830: V/com.fusionone.android.sync.service.SyncService(4312): handleNotification invoked: Intent { act=com.fusionone.android.sync.rpc.ISyncManager (has extras) }
04-12 14:52:28.830: V/com.fusionone.android.sync.service.SyncService(4312): onStart() invoked
04-12 14:52:28.830: V/com.fusionone.android.sync.service.SyncService(4312): handleNotification invoked: Intent { act=com.fusionone.android.sync.rpc.ISyncManager (has extras) }
04-12 14:52:28.838: D/NetUtils(183): android_net_utils_resetConnections in env=0x135560 clazz=0x88700001 iface=rmnet1 mask=0x3
04-12 14:52:28.838: D/ConnectivityService(183): ConnectivityChange for mobile: DISCONNECTED/DISCONNECTED
04-12 14:52:28.838: D/ConnectivityService(183): Attempting to switch to WIFI
04-12 14:52:28.838: D/ConnectivityService(183): Attempting to switch to BLUETOOTH_TETHER
04-12 14:52:28.838: D/ConnectivityService(183): resetConnections(rmnet1, 3)
04-12 14:52:28.987: V/com.fusionone.android.sync.service.SyncService(4312): onStart() invoked
04-12 14:52:28.987: V/com.fusionone.android.sync.service.SyncService(4312): handleNotification invoked: Intent { act=com.fusionone.android.sync.rpc.ISyncManager (has extras) }
04-12 14:52:28.994: V/com.fusionone.android.sync.service.SyncService(4312): onStart() invoked
04-12 14:52:28.994: V/com.fusionone.android.sync.service.SyncService(4312): handleNotification invoked: Intent { act=com.fusionone.android.sync.rpc.ISyncManager (has extras) }
04-12 14:52:29.010: W/NetworkStats(183): dropping UID delta from unknown iface: iface=rmnet0 uid=0 set=DEFAULT tag=0x0 rxBytes=88 rxPackets=1 txBytes=56 txPackets=1 operations=0
04-12 14:52:29.010: D/NetUtils(183): android_net_utils_resetConnections in env=0x135560 clazz=0x8a900001 iface=rmnet1 mask=0x3
04-12 14:52:29.010: D/ConnectivityService(183): ConnectivityChange for mobile: DISCONNECTED/DISCONNECTED
04-12 14:52:29.010: D/ConnectivityService(183): Attempting to switch to WIFI
04-12 14:52:29.010: D/ConnectivityService(183): Attempting to switch to BLUETOOTH_TETHER
04-12 14:52:29.010: D/ConnectivityService(183): resetConnections(rmnet1, 3)
04-12 14:52:29.049: D/(439): [ApnContext] set reason as dataEnabled, for type default,current state IDLE
04-12 14:52:29.049: D/(439): [ApnContext] set reason as dataEnabled, for type mms,current state IDLE
04-12 14:52:29.049: D/(439): [ApnContext] set reason as dataEnabled, for type supl,current state IDLE
04-12 14:52:29.049: D/(439): [ApnContext] set reason as dataEnabled, for type dun,current state IDLE
04-12 14:52:29.049: D/(439): [ApnContext] set reason as dataEnabled, for type hipri,current state IDLE
04-12 14:52:29.049: D/(439): [ApnContext] set reason as dataEnabled, for type fota,current state IDLE
04-12 14:52:29.049: D/(439): [ApnContext] set reason as dataEnabled, for type ims,current state IDLE
04-12 14:52:29.049: D/(439): [ApnContext] set reason as dataEnabled, for type cbs,current state IDLE
04-12 14:52:29.057: D/IMSFW(451): RPMInterface$3: onServiceStateChanged : 0 home Verizon Wireless US 311480 LTE:14 CSS not supported 6 40 RoamInd=64 DefRoamInd=68 EmergOnly=false
04-12 14:52:29.057: D/IMSFW(451): RPMInterface$3: [ IMS registeration : true State of registration : REG_COMPLETE ]
04-12 14:52:29.057: D/IMSFW(451): RPMInterface$3: LTE/EHRPD is In Service
04-12 14:52:29.159: D/dalvikvm(439): GC_CONCURRENT freed 434K, 4% free 14570K/15175K, paused 2ms+2ms
04-12 14:52:29.252: D/dalvikvm(183): GC_CONCURRENT freed 1819K, 32% free 21557K/31687K, paused 3ms+6ms
04-12 14:52:29.893: D/Tethering(183): interfaceLinkStateChanged lte_rmnet1, true
04-12 14:52:29.893: D/Tethering(183): interfaceStatusChanged lte_rmnet1, true
04-12 14:52:29.901: D/Tethering(183): interfaceLinkStateChanged rmnet1, false
04-12 14:52:29.901: D/Tethering(183): interfaceStatusChanged rmnet1, false
04-12 14:52:29.901: D/Tethering(183): interfaceLinkStateChanged lte_rmnet1, true
04-12 14:52:29.901: D/Tethering(183): interfaceStatusChanged lte_rmnet1, true
04-12 14:52:29.909: D/Tethering(183): interfaceLinkStateChanged lte_rmnet1, true
04-12 14:52:29.909: D/Tethering(183): interfaceStatusChanged lte_rmnet1, true
04-12 14:52:29.909: D/Tethering(183): interfaceLinkStateChanged lte_rmnet1, true
04-12 14:52:29.909: D/Tethering(183): interfaceStatusChanged lte_rmnet1, true
04-12 14:52:29.909: D/Tethering(183): interfaceLinkStateChanged rmnet1, true
04-12 14:52:29.909: D/Tethering(183): interfaceStatusChanged rmnet1, true
04-12 14:52:29.909: D/Tethering(183): interfaceLinkStateChanged rmnet1, true
04-12 14:52:29.909: D/Tethering(183): interfaceStatusChanged rmnet1, true
04-12 14:52:29.909: D/NetlinkEvent(112): Unexpected netlink message. type=0xf
04-12 14:52:29.971: D/ConnectivityService(183): ConnectivityChange for mobile: CONNECTED/CONNECTED
04-12 14:52:29.987: V/com.fusionone.android.sync.service.SyncService(4312): onStart() invoked
04-12 14:52:29.987: V/com.fusionone.android.sync.service.SyncService(4312): handleNotification invoked: Intent { act=com.fusionone.android.sync.rpc.ISyncManager (has extras) }
04-12 14:52:30.002: W/NetworkStats(183): dropping UID delta from unknown iface: iface=rmnet1 uid=0 set=DEFAULT tag=0x0 rxBytes=88 rxPackets=1 txBytes=56 txPackets=1 operations=0
04-12 14:52:30.049: D/dalvikvm(183): GC_EXPLICIT freed 1248K, 33% free 21498K/31687K, paused 3ms+6ms
04-12 14:52:30.260: W/Netd(112): No subsystem found in netlink event
04-12 14:52:30.260: D/Tethering(183): interfaceLinkStateChanged rmnet1, false
04-12 14:52:30.260: D/Tethering(183): interfaceStatusChanged rmnet1, false
04-12 14:52:30.260: D/Tethering(183): interfaceLinkStateChanged rmnet1, false
04-12 14:52:30.260: D/Tethering(183): interfaceStatusChanged rmnet1, false
04-12 14:52:30.260: D/NetlinkEvent(112): Unexpected netlink message. type=0x11
04-12 14:52:30.268: D/Tethering(183): interfaceLinkStateChanged lte_rmnet1, false
04-12 14:52:30.268: D/Tethering(183): interfaceStatusChanged lte_rmnet1, false
04-12 14:52:30.284: D/NetUtils(183): android_net_utils_resetConnections in env=0x135560 clazz=0x90400001 iface=rmnet1 mask=0x3
04-12 14:52:30.284: D/ConnectivityService(183): ConnectivityChange for mobile: DISCONNECTED/DISCONNECTED
04-12 14:52:30.284: D/ConnectivityService(183): Attempting to switch to WIFI
04-12 14:52:30.284: D/ConnectivityService(183): Attempting to switch to BLUETOOTH_TETHER
04-12 14:52:30.284: D/ConnectivityService(183): resetConnections(rmnet1, 3)
04-12 14:52:30.807: D/Tethering(183): Tethering got CONNECTIVITY_ACTION
04-12 14:52:30.807: D/Tethering(183): MasterInitialState.processMessage what=3
04-12 14:52:30.815: D/IMSFW(451): RPMInterface$ConnectivityBroadcastReceiver: TYPE_MOBILE_IMS not connected, bail
04-12 14:52:30.815: D/IMSFW(451): ImsSMSInterface: IMS PDN is going down or explicit detach triggered. Deregister IMS now
04-12 14:52:30.815: D/IMSFW(451): RPMInterface$ConnectivityBroadcastReceiver: IMS PDN can be disconnected in LTE/EHRPD
04-12 14:52:30.815: D/IMSFW(451): IMSServiceStub: Triggering IMS Deregistration
04-12 14:52:30.815: I/IMS_JNI(451): XAN_IMS_Framework_Poweroff_JNI : Enter
04-12 14:52:30.815: D/IMS(451): [external/xanadu/Framework/CoreControl/src/ImsAppInterface.c:284] XAN_ImsAppInterface_PowerOff: XANADU_IMS XAN_ImsAppInterface_PowerOff: Entry -1467278235
04-12 14:52:30.815: D/IMSFW(451): RPMInterface$ConnectivityBroadcastReceiver: [ IMS registeration : true State of registration : DEREG_INPROGRESS ]
04-12 14:52:30.815: D/IMS(451): [external/xanadu/Framework/CoreControl/src/ImsAppInterface.c:298] XAN_ImsAppInterface_PowerOff: XANADU_IMS XAN_ImsAppInterface_PowerOff: Exit -1467278235
04-12 14:52:30.823: D/Tethering(183): Tethering got CONNECTIVITY_ACTION
04-12 14:52:30.823: D/Tethering(183): MasterInitialState.processMessage what=3
04-12 14:52:30.823: D/IMS(451): [external/xanadu/Framework/CoreControl/src/ImsCoreController.c:601] XAN_IMSCore_EventCb: XAN_IMSCore_EventCb: XAN_EVT_IMSCORE_POWER_OFF_REQ
04-12 14:52:30.838: D/IMS(451): [external/xanadu/Framework/CoreControl/src/ImsCoreController.c:2583] IMSCore_ExecFSM: IMSCore_ExecFSM: ims_state= 7
04-12 14:52:30.838: D/IMS(451): [external/xanadu/Application/SMSApp/src/ImsSMSIP.c:705] ImsSMSIPAppCallback: ImsSMSIPAppCallback: XAN_IMS_IL_CONTROLLER, evt=253
04-12 14:52:30.838: D/IMS(451): [external/xanadu/Framework/CoreControl/src/ImsIReg_Core.c:594] XAN_IReg_Deregister: XAN_IReg_Deregister: Sending UnSubscribe for REG event
04-12 14:52:30.838: D/IMS(451): [external/xanadu/SIP/SIP_Stack/src/sipcore/sipstk_transport.c:316] SIPStack_BuildFinalReq: SIP Message
04-12 14:52:30.838: D/IMS(451): --------------> outgoing message
04-12 14:52:30.838: D/IMS(451): [external/xanadu/Framework/ISIP/src/ImsISIP_Core.c:2361] XAN_ISIP_SendMsg: XAN_ISIP_SendMsg : XAN_SipStack_SendRequest Success
04-12 14:52:30.838: D/IMS(451): [external/xanadu/Platform/Android/src/PlatformDaemon.c:225] ims_daemon_evt_handler: SISO: ims_daemon_evt_handler: xan_q_pop failed....2
04-12 14:52:30.838: D/IMS(451): [external/xanadu/Platform/Android/src/PlatformTimer.c:448] xan_start_timer: xan_start_timer: TIMER CallBack is NOT SET
04-12 14:52:30.838: I/com.appcelerator.cloud.push.PushService(1183): Connectivity changed: available tag:true; connected:false; type:mobile_ims; reason:dataEnabled
04-12 14:52:30.846: E/TelephonyManager(322): Hidden constructor called more than once per process!
04-12 14:52:30.846: E/TelephonyManager(322): Original: com.google.android.location, new: com.google.android.gsf
04-12 14:52:30.846: D/StatsUploadService(322): Upload disabled
04-12 14:52:30.846: I/com.appcelerator.cloud.push.PushService(1183): Connectivity changed: available tag:true; connected:true; type:WIFI; reason:null
04-12 14:52:30.862: I/dalvikvm(5189): Turning on JNI app bug workarounds for target SDK version 11...
04-12 14:52:30.862: I/ActivityManager(183): Start proc com.google.android.apps.uploader for broadcast com.google.android.apps.uploader/.ConnectivityBroadcastReceiver: pid=5189 uid=10036 gids={3003}
04-12 14:52:30.885: I/ActivityThread(5189): Pub com.google.android.apps.uploader: com.google.android.apps.uploader.UploadsContentProvider
04-12 14:52:30.885: I/ActivityThread(5189): Pub com.google.photos.provider.Album: com.google.android.apps.uploader.clients.picasa.AlbumProvider
04-12 14:52:30.885: D/MediaUploader(5189): UploaderApplication.onCreate
04-12 14:52:30.901: D/MediaUploader(5189): nonWifiLimit=20971520, default=20971520
04-12 14:52:30.901: I/MediaUploader(5189): No need to wake up
04-12 14:52:30.948: D/StatsUploadService(322): Upload disabled
04-12 14:52:30.948: I/MediaUploader(5189): No need to wake up
04-12 14:52:30.963: E/TelephonyManager(322): Hidden constructor called more than once per process!
04-12 14:52:30.963: E/TelephonyManager(322): Original: com.google.android.location, new: com.google.android.gsf
04-12 14:52:31.330: D/ConnectivityService(183): handleInetConditionHoldEnd: net=1, condition=100, published condition=100
04-12 14:52:31.885: D/Tethering(183): Tethering got CONNECTIVITY_ACTION
04-12 14:52:31.893: D/Tethering(183): MasterInitialState.processMessage what=3
04-12 14:52:31.909: D/Tethering(183): Tethering got CONNECTIVITY_ACTION
04-12 14:52:31.909: D/Tethering(183): MasterInitialState.processMessage what=3
04-12 14:52:31.916: I/com.appcelerator.cloud.push.PushService(1183): Connectivity changed: available tag:true; connected:false; type:mobile; reason:null
04-12 14:52:31.932: D/StatsUploadService(322): Upload disabled
04-12 14:52:31.932: I/com.appcelerator.cloud.push.PushService(1183): Connectivity changed: available tag:true; connected:true; type:WIFI; reason:null
04-12 14:52:31.932: I/MediaUploader(5189): No need to wake up
04-12 14:52:31.932: E/TelephonyManager(322): Hidden constructor called more than once per process!
04-12 14:52:31.932: E/TelephonyManager(322): Original: com.google.android.location, new: com.google.android.gsf
04-12 14:52:31.963: D/StatsUploadService(322): Upload disabled
04-12 14:52:31.963: I/MediaUploader(5189): No need to wake up
04-12 14:52:31.971: E/TelephonyManager(322): Hidden constructor called more than once per process!
04-12 14:52:31.971: E/TelephonyManager(322): Original: com.google.android.location, new: com.google.android.gsf
04-12 14:52:32.034: D/Tethering(183): Tethering got CONNECTIVITY_ACTION
04-12 14:52:32.034: D/Tethering(183): MasterInitialState.processMessage what=3
04-12 14:52:32.041: D/dalvikvm(3348): GC_CONCURRENT freed 419K, 5% free 14375K/14983K, paused 1ms+8ms
04-12 14:52:32.057: I/com.appcelerator.cloud.push.PushService(1183): Connectivity changed: available tag:true; connected:false; type:mobile; reason:null
04-12 14:52:32.065: I/com.appcelerator.cloud.push.PushService(1183): Connectivity changed: available tag:true; connected:true; type:WIFI; reason:null
04-12 14:52:32.073: E/TelephonyManager(322): Hidden constructor called more than once per process!
04-12 14:52:32.073: E/TelephonyManager(322): Original: com.google.android.location, new: com.google.android.gsf
04-12 14:52:32.073: D/StatsUploadService(322): Upload disabled
04-12 14:52:32.080: I/MediaUploader(5189): No need to wake up
04-12 14:52:32.080: D/Tethering(183): Tethering got CONNECTIVITY_ACTION
04-12 14:52:32.080: D/Tethering(183): MasterInitialState.processMessage what=3
04-12 14:52:32.104: E/TelephonyManager(322): Hidden constructor called more than once per process!
04-12 14:52:32.104: E/TelephonyManager(322): Original: com.google.android.location, new: com.google.android.gsf
04-12 14:52:32.104: D/StatsUploadService(322): Upload disabled
04-12 14:52:32.112: I/MediaUploader(5189): No need to wake up
04-12 14:52:32.416: D/ConnectivityService(183): handleInetConditionHoldEnd: net=1, condition=100, published condition=100
04-12 14:52:32.815: D/IMSFW(451): ImsSMSInterface$1: EVENT_DEREGISTER_DONE_TIMEOUT occured
04-12 14:52:32.823: D/IMSFW(451): IMSServiceStub: onPowerOff_handler()
04-12 14:52:32.823: D/IMSFW(451): IMSServiceStub: Triggering IMS PowerOff
04-12 14:52:32.823: D/IMSFW(451): SmsImsDispatcher: EVENT_SEND_IMS_REGISTRATION_STATUS
04-12 14:52:32.823: D/IMSFW(451): IIL: toRILIMSRegistration
04-12 14:52:32.854: I/IMS(451): Deleting the alwayspoweroff timer
04-12 14:52:32.854: D/IMS(451): [external/xanadu/Framework/CoreControl/src/ImsCoreController.c:2683] __AlwaysOff_PwrDwnTimer_cb: __AlwaysOff_PwrDwnTimer_cb: Power Down Flag is TRUE, Calling xan_ui_power_down
04-12 14:52:32.854: D/IMS(451): [external/xanadu/Framework/CoreControl/src/ImsCoreController.c:2583] IMSCore_ExecFSM: IMSCore_ExecFSM: ims_state= 6
04-12 14:52:32.854: I/IMS(451): dereg is success move fsm to initialised state. after timer get fired dereg success event is being sent
04-12 14:52:32.854: D/IMS(451): [external/xanadu/Framework/CoreControl/src/ImsCoreController.c:2583] IMSCore_ExecFSM: IMSCore_ExecFSM: ims_state= 4
04-12 14:52:32.854: D/IMS(451): [external/xanadu/Platform/Android/src/PlatformDaemon.c:225] ims_daemon_evt_handler: SISO: ims_daemon_evt_handler: xan_q_pop failed....2
04-12 14:52:32.854: D/IMS(451): [external/xanadu/SIP/SIP_Stack/src/sipcore/sipstk_transaction.c:1812] SIPStack_Trans_Release: SIPStack_Trans_Release: setting method idle: 16
04-12 14:52:32.869: D/IMS(451): [external/xanadu/Framework/CoreControl/src/ImsCoreController.c:543] XAN_IMSCore_EventCb: XAN_IMSCore_EventCb: XAN_EVT_SIPSTK_MM_EVT_DEINIT
04-12 14:52:32.869: D/IMS(451): [external/xanadu/Framework/CoreControl/src/ImsCoreController.c:2583] IMSCore_ExecFSM: IMSCore_ExecFSM: ims_state= 3
04-12 14:52:32.869: D/IMS(451): [external/xanadu/Framework/CoreControl/src/ImsCoreController.c:2583] IMSCore_ExecFSM: IMSCore_ExecFSM: ims_state= 1
04-12 14:52:32.869: D/IMS(451): [external/xanadu/Framework/CoreControl/src/ImsCoreController.c:2583] IMSCore_ExecFSM: IMSCore_ExecFSM: ims_state= 0
04-12 14:52:32.869: D/IMS(451): [external/xanadu/Framework/CoreControl/src/ImsCoreController.c:1343] IMSCore_StateNone: IMSCore_StateNone : Making IMS not active and Exiting
04-12 14:52:32.869: D/IMS(451): [external/xanadu/Platform/Android/src/PlatformDaemon.c:225] ims_daemon_evt_handler: SISO: ims_daemon_evt_handler: xan_q_pop failed....2
04-12 14:52:32.916: D/IMSFW(451): RPMInterface$1: EVENT_RETRY_IMS_PDN Trigger
04-12 14:52:32.916: D/ConnectivityService(183): startUsingNetworkFeature reconnecting to 0: enableIMS
04-12 14:52:32.924: D/IMSFW(451): RPMInterface: startUsingNetworkFeature result : 1
04-12 14:52:33.049: D/ConnectivityService(183): ConnectivityChange for mobile_ims: CONNECTED/CONNECTED
04-12 14:52:33.088: E/SecondaryTablController(112): ip route add failed: /system/bin/ip route add ::1/128 via :: table 60
04-12 14:52:33.088: W/FrameworkListener(112): Handler 'interface' error (No such device)
04-12 14:52:33.096: D/dalvikvm(439): GC_CONCURRENT freed 414K, 5% free 14563K/15175K, paused 2ms+3ms
04-12 14:52:33.104: E/SecondaryTablController(112): ip route add failed: /system/bin/ip route add ::/0 via ::1 table 60
04-12 14:52:33.104: W/FrameworkListener(112): Handler 'interface' error (No such device)
04-12 14:52:33.119: W/NetworkStats(183): dropping UID delta from unknown iface: iface=rmnet0 uid=0 set=DEFAULT tag=0x0 rxBytes=88 rxPackets=1 txBytes=0 txPackets=0 operations=0
04-12 14:52:33.315: D/Tethering(183): Tethering got CONNECTIVITY_ACTION
04-12 14:52:33.315: D/Tethering(183): MasterInitialState.processMessage what=3
04-12 14:52:33.330: I/com.appcelerator.cloud.push.PushService(1183): Connectivity changed: available tag:true; connected:false; type:mobile; reason:dataDisabled
04-12 14:52:33.346: D/Tethering(183): Tethering got CONNECTIVITY_ACTION
04-12 14:52:33.346: D/Tethering(183): MasterInitialState.processMessage what=3
04-12 14:52:33.362: I/com.appcelerator.cloud.push.PushService(1183): Connectivity changed: available tag:true; connected:true; type:WIFI; reason:null
04-12 14:52:33.369: E/TelephonyManager(322): Hidden constructor called more than once per process!
04-12 14:52:33.369: E/TelephonyManager(322): Original: com.google.android.location, new: com.google.android.gsf
04-12 14:52:33.369: D/StatsUploadService(322): Upload disabled
04-12 14:52:33.377: I/MediaUploader(5189): No need to wake up
04-12 14:52:33.409: D/StatsUploadService(322): Upload disabled
04-12 14:52:33.409: I/MediaUploader(5189): No need to wake up
04-12 14:52:33.432: D/dalvikvm(439): GC_EXPLICIT freed 19K, 5% free 14547K/15175K, paused 9ms+2ms
04-12 14:52:33.862: D/ConnectivityService(183): handleInetConditionHoldEnd: net=1, condition=100, published condition=100
04-12 14:52:36.119: D/Tethering(183): Tethering got CONNECTIVITY_ACTION
04-12 14:52:36.119: D/Tethering(183): MasterInitialState.processMessage what=3
04-12 14:52:36.127: D/IMSFW(451): RPMInterface$ConnectivityBroadcastReceiver: [ IMS registeration : false State of registration : STATE_NONE ]
04-12 14:52:36.127: D/IMSFW(451): RPMInterface: triggeringIMSRegistration
04-12 14:52:36.135: I/com.appcelerator.cloud.push.PushService(1183): Connectivity changed: available tag:true; connected:true; type:mobile_ims; reason:dataEnabled
04-12 14:52:36.166: D/StatsUploadService(322): Upload disabled
04-12 14:52:36.174: E/TelephonyManager(322): Hidden constructor called more than once per process!
04-12 14:52:36.174: E/TelephonyManager(322): Original: com.google.android.location, new: com.google.android.gsf
04-12 14:52:36.174: I/MediaUploader(5189): No need to wake up
04-12 14:52:36.221: D/dalvikvm(183): GC_CONCURRENT freed 1831K, 33% free 21460K/31687K, paused 2ms+6ms
04-12 14:52:36.237: D/dalvikvm(3348): GC_CONCURRENT freed 391K, 5% free 14384K/14983K, paused 1ms+3ms
04-12 14:52:36.244: D/IMSFW(451): IMSServiceStub: state is------->CONNECTED
04-12 14:52:36.244: D/IMSFW(451): IMSServiceStub: registered------->false
04-12 14:52:36.252: D/IMSFW(451): IMSServiceStub: noOfInValidPcscfAddrs = 0
04-12 14:52:36.252: D/IMSFW(451): IMSServiceStub: state is------->CONNECTED
04-12 14:52:36.252: D/IMSFW(451): IMSServiceStub: registered------->false
04-12 14:52:36.260: D/IMSFW(451): IMSServiceStub: noOfInValidPcscfAddrs = 0
04-12 14:52:36.260: D/IMSFW(451): IMSServiceStub$ManagerHandler: Send request to register for IMS with p-cscf :2001:4888:3:fff0:c0:104:0:3
04-12 14:52:36.260: D/IMSFW(451): IMSServiceStub$ManagerHandler: Send request to register for IMS with p-cscf :2001:4888:3:fff0:c0:104:0:7
04-12 14:52:36.260: D/IMSFW(451): IMSServiceStub$ManagerHandler: Send request to register for IMS with p-cscf :2001:4888:2:fff0:a0:104:0:3
04-12 14:52:36.409: E/IMSFW(451): IMSServiceStub$ManagerHandler: Stack Initialization is not yet complete
04-12 14:52:36.409: D/IMSFW(451): IMSServiceStub: Registering in Global Mode
04-12 14:52:36.409: I/IMS_JNI(451): XAN_IMS_Framework_Init_JNI
04-12 14:52:36.409: D/IMS(451): xan_core_init : Enter
04-12 14:52:36.409: D/IMS(451): Daemon Thread Created Successfully
04-12 14:52:36.409: D/IMS(451): Daemon Thread has not got started yet.. Sleeping for short interval
04-12 14:52:36.619: I/IMS_JNI(451): XAN_Set_Content_Type_JNI : Enter
04-12 14:52:36.627: I/IMS_JNI(451): Entering native XAN_Set_SIP_Timers_JNI
04-12 14:52:36.627: D/IMSFW(451): IMSServiceStub: Initializing with isStackInitdone value : true
04-12 14:52:36.627: D/IMSFW(451): IMSServiceStub: Triggering IMS register
04-12 14:52:36.627: I/IMS_JNI(451): Enter XAN_IMS_Handle_NetworkEvent_JNI
04-12 14:52:36.635: D/IMS(451): [external/xanadu/Framework/CoreControl/src/ImsCoreController.c:632] XAN_IMSCore_EventCb: XAN_IMSCore_EventCb: ALWAYSON_ACTIVATE
04-12 14:52:36.635: D/IMS(451): [external/xanadu/Platform/Android/src/PlatformTimer.c:593] xan_delete_timer: xan_delete_timer: invalid params
04-12 14:52:36.635: D/IMS(451): [external/xanadu/Framework/CoreControl/src/ImsCoreController.c:637] XAN_IMSCore_EventCb: XAN_EVT_IMSCORE_ALWAYSON_ACTIVATE : state is none
04-12 14:52:36.635: D/IMS(451): [external/xanadu/Framework/CoreControl/src/ImsCoreController.c:2583] IMSCore_ExecFSM: IMSCore_ExecFSM: ims_state= 0
04-12 14:52:36.635: D/IMS(451): [external/xanadu/Framework/CoreControl/src/ImsCoreController.c:1343] IMSCore_StateNone: IMSCore_StateNone : Making IMS not active and Exiting
04-12 14:52:36.635: D/IMS(451): [external/xanadu/Platform/Android/src/PlatformDaemon.c:225] ims_daemon_evt_handler: SISO: ims_daemon_evt_handler: xan_q_pop failed....2
04-12 14:52:36.635: D/ConnectivityService(183): handleInetConditionHoldEnd: net=1, condition=100, published condition=100
04-12 14:52:36.838: D/IMS(451): [external/xanadu/Framework/CoreControl/src/ImsCoreController.c:457] XAN_IMSCore_NetworkListener: XAN_IMSCore_NetworkListener: XAN_INWK_EVT_PPP_OPEN
04-12 14:52:36.838: D/IMS(451): [external/xanadu/Framework/CoreControl/src/ImsCoreController.c:2583] IMSCore_ExecFSM: IMSCore_ExecFSM: ims_state= 0
04-12 14:52:36.838: D/IMS(451): xan_get_ip_from_ifinet6(): found interface 'rmnet0' with index(16), scope(0)
04-12 14:52:36.838: I/IMS(451): LocalIPV6 value ==== 2600:1010:800e:7740:0000:0024:5e7d:2701
04-12 14:52:36.838: I/IMS(451): __get_cfg_reg_all: --------->2001:4888:3:fff0:c0:104:0:3
04-12 14:52:36.838: E/IMS(451): these are 47 48
04-12 14:52:37.041: D/IMS(451): [external/xanadu/Framework/CoreControl/src/ImsCoreController.c:2583] IMSCore_ExecFSM: IMSCore_ExecFSM: ims_state= 1
04-12 14:52:37.041: D/IMS(451): xan_get_ip_from_ifinet6(): found interface 'rmnet0' with index(16), scope(0)
04-12 14:52:37.041: I/IMS(451): LocalIPV6 value ==== 2600:1010:800e:7740:0000:0024:5e7d:2701
04-12 14:52:37.041: D/IMS(451): [external/xanadu/Framework/INetwork/src/ImsINetwork_Core.c:1000] XAN_INWK_UpdateSelfIP: XAN_INWK_UpdateSelfIP: Already memory allocated for self-ip, allocating...
04-12 14:52:37.041: D/IMS(451): [external/xanadu/Framework/INetwork/src/ImsINetwork_Core.c:1004] XAN_INWK_UpdateSelfIP: XAN_INWK_UpdateSelfIP: No memory allocated for self-ip, allocating...
04-12 14:52:37.041: D/IMS(451): [external/xanadu/Framework/INetwork/src/ImsINetwork_Core.c:1025] XAN_INWK_UpdateSelfIP: XAN_INWK_UpdateSelfIP: self ip is 2600::
04-12 14:52:37.041: D/IMS(451): [external/xanadu/Framework/INetwork/src/ImsINetwork_Core.c:506] XAN_INWK_NetInfoUpdate: !!!No DHCP:!!!
04-12 14:52:37.041: D/IMS(451): xan_get_ip_from_ifinet6(): found interface 'rmnet0' with index(16), scope(0)
04-12 14:52:37.041: I/IMS(451): LocalIPV6 value ==== 2600:1010:800e:7740:0000:0024:5e7d:2701
04-12 14:52:37.041: D/IMS(451): [external/xanadu/Framework/INetwork/src/ImsINetwork_Core.c:141] __INwk_NetInfoUpdate: ImsProfile_NetInfoUpdate: self ip is 2600:1010:800e:7740:0:24:5e7d:2701
04-12 14:52:37.041: D/IMS(451): [external/xanadu/Framework/INetwork/src/ImsINetwork_Core.c:316] __INwk_NetInfoUpdate: ImsProfile_NetInfoUpdate: pcsf ip is 2001:4888:3:fff0:c0:104:0:3
04-12 14:52:37.041: D/IMS(451): xan_get_ip_from_ifinet6(): found interface 'rmnet0' with index(16), scope(0)
04-12 14:52:37.041: I/IMS(451): LocalIPV6 value ==== 2600:1010:800e:7740:0000:0024:5e7d:2701
04-12 14:52:37.041: D/IMS(451): xan_get_ip_from_ifinet6(): found interface 'rmnet0' with index(16), scope(0)
04-12 14:52:37.041: I/IMS(451): LocalIPV6 value ==== 2600:1010:800e:7740:0000:0024:5e7d:2701
04-12 14:52:37.049: D/IMS(451): [external/xanadu/Framework/CoreControl/src/ImsCoreController.c:356] XAN_IMSCore_NetworkListener: XAN_IMSCore_NetworkListener: XAN_INWK_EVT_SRV_AVAIL
04-12 14:52:37.049: D/IMS(451): [external/xanadu/Framework/CoreControl/src/ImsCoreController.c:2583] IMSCore_ExecFSM: IMSCore_ExecFSM: ims_state= 2
04-12 14:52:37.049: D/IMS(451): [external/xanadu/Framework/CoreControl/src/ImsCoreController.c:1834] IMSCore_StateInitialising: IMSCore_StateInitialising: __ImsInit failed
04-12 14:52:37.049: D/IMS(451): [external/xanadu/Framework/CoreControl/src/ImsCoreController.c:531] XAN_IMSCore_EventCb: XAN_IMSCore_EventCb: XAN_EVT_SIPSTK_MM_EVT_INIT
04-12 14:52:37.049: D/IMS(451): [external/xanadu/Framework/CoreControl/src/ImsCoreController.c:2583] IMSCore_ExecFSM: IMSCore_ExecFSM: ims_state= 2
04-12 14:52:37.049: D/IMS(451): [external/xanadu/Framework/CoreControl/src/ImsCoreController.c:2583] IMSCore_ExecFSM: IMSCore_ExecFSM: ims_state= 4
04-12 14:52:37.057: D/IMS(451): [external/xanadu/SIP/SIP_Stack/src/sipcore/sipstk_transport.c:316] SIPStack_BuildFinalReq: SIP Message
04-12 14:52:37.057: D/IMS(451): --------------> outgoing message
04-12 14:52:37.057: D/IMS(451): [external/xanadu/Framework/ISIP/src/ImsISIP_Core.c:2361] XAN_ISIP_SendMsg: XAN_ISIP_SendMsg : XAN_SipStack_SendRequest Success
04-12 14:52:37.057: D/IMS(451): [external/xanadu/Framework/CoreControl/src/ImsIReg_Core.c:450] __ireg_reg: AppMngr_Register: XAN_SipStack_ReqReg success
04-12 14:52:37.057: D/IMS(451): [external/xanadu/Framework/CoreControl/src/ImsIReg_Core.c:557] XAN_IReg_Register: XAN_IReg_Register: XAN_SipStack_ReqReg returned 0
04-12 14:52:37.057: D/IMS(451): [external/xanadu/Platform/Android/src/PlatformDaemon.c:225] ims_daemon_evt_handler: SISO: ims_daemon_evt_handler: xan_q_pop failed....2
04-12 14:52:37.518: D/IMS(451): [external/xanadu/SIP/SIP_Stack/src/sipcore/sipstk_core.c:280] SIPStack_PreProcess_Data: SIP Message
04-12 14:52:37.518: D/IMS(451): <-------------- incoming message
04-12 14:52:37.518: D/IMS(451): [external/xanadu/SIP/SIP_Stack/src/sipcore/sipstk_siptu.c:2028] SIPStack_Rsp_Handle_Terminating: SIPStack_Rsp_Handle_Terminating:: Rxed 401 for REG
04-12 14:52:37.518: D/IMS(451): [external/xanadu/SIP/SIP_Stack/src/sipcore/sipstk_evt.c:253] SIPStack_Event_Add_Q: SIPStack_Event_Add_Q : Event = 2
04-12 14:52:37.526: D/IMS(451): [external/xanadu/Framework/CoreControl/src/ImsIReg_Core.c:917] XAN_IReg_Handle_Registration: XAN_IReg_Handle_Registration: REG_FAILED=401
04-12 14:52:37.526: D/IMS(451): [external/xanadu/Framework/CoreControl/src/ImsIReg_Core.c:1057] XAN_IReg_Handle_Registration: XAN_EVT_REG_FAILED: g_session_id =7
04-12 14:52:37.526: D/IMS(451): [external/xanadu/SIP/SIP_Stack/src/parser/sipstk_parser.c:1272] SIPStack_Parser_GetHeaderInfo: xansip_AuthenticateTo_str : realm="vzims.com", nonce="gcKn9W3XN4B9ni+Da3/zUE7tB7ImSAAAy98ovrg+aF8wMGVhNmFiAA==", algorithm=AKAv2-MD5, qop="auth"
04-12 14:52:37.526: D/IMS(451): [external/xanadu/Platform/Android/src/PlatformUIIntf.c:104] xan_ui_intf_ui_ind: Sending evt: 103
04-12 14:52:37.526: I/IMS_JNI(451): isim data length: 56
04-12 14:52:37.526: I/IMS_JNI(451): isim response code: 401
04-12 14:52:37.526: D/IMSFW(451): ImsSMSInterface: handleEvent: data:67634B6E395733584E3442396E692B4461332F7A554537744237496D534141417939386F7672672B614638774D4756684E6D466941413D3D
04-12 14:52:37.526: D/IMSFW(451): ImsSMSInterface: SIP response code : 401
04-12 14:52:37.526: E/IMSFW(451): ImsSMSInterface: Registration failed, go for retrying if isim nounce present
04-12 14:52:37.534: D/IMS(451): [external/xanadu/Platform/Android/src/PlatformDaemon.c:225] ims_daemon_evt_handler: SISO: ims_daemon_evt_handler: xan_q_pop failed....2
04-12 14:52:37.737: D/IMSFW(451): IIL: SUB CMD : IPC_IMS_ISIMAUTH
04-12 14:52:37.744: I/IMS_JNI(451): Entering native XAN_IMS_Handle_NetworkEvent_ISIM_Response_JNI
04-12 14:52:37.744: D/IMS(451): [external/xanadu/Framework/CoreControl/src/ImsIReg_Core.c:181] __ireg_reg2: XAN_IReg_Register: Don't proceed for Registration as its already register-ed/ing
04-12 14:52:37.744: D/IMS(451): [external/xanadu/Framework/CoreControl/src/ImsIReg_Core.c:206] __ireg_reg2: __ireg_reg2: g_session_id =7
04-12 14:52:37.744: D/IMS(451): [external/xanadu/SIP/SIP_Stack/src/sipcore/sipstk_transport.c:316] SIPStack_BuildFinalReq: SIP Message
04-12 14:52:37.744: D/IMS(451): --------------> outgoing message
04-12 14:52:37.744: D/IMSFW(451): IIL: readIPCMessage
04-12 14:52:37.744: D/IMS(451): [external/xanadu/Framework/ISIP/src/ImsISIP_Core.c:2361] XAN_ISIP_SendMsg: XAN_ISIP_SendMsg : XAN_SipStack_SendRequest Success
04-12 14:52:37.744: D/IMS(451): [external/xanadu/Framework/CoreControl/src/ImsIReg_Core.c:295] __ireg_reg2: AppMngr_Register: XAN_SipStack_ReqReg success
04-12 14:52:37.768: D/dalvikvm(451): GC_CONCURRENT freed 386K, 4% free 14218K/14727K, paused 2ms+5ms
04-12 14:52:38.237: D/IMS(451): [external/xanadu/SIP/SIP_Stack/src/sipcore/sipstk_core.c:280] SIPStack_PreProcess_Data: SIP Message
04-12 14:52:38.237: D/IMS(451): <-------------- incoming message
04-12 14:52:38.237: D/IMS(451): [external/xanadu/SIP/SIP_Stack/src/sipcore/sipstk_siptu.c:2028] SIPStack_Rsp_Handle_Terminating: SIPStack_Rsp_Handle_Terminating:: Rxed 401 for REG
04-12 14:52:38.237: D/IMS(451): [external/xanadu/SIP/SIP_Stack/src/sipcore/sipstk_siptu.c:2084] SIPStack_Rsp_Handle_Terminating: #### Inside 200 OK for REGISTER : Expires = 86400
04-12 14:52:38.237: D/IMS(451): [external/xanadu/SIP/SIP_Stack/src/sipcore/sipstk_evt.c:253] SIPStack_Event_Add_Q: SIPStack_Event_Add_Q : Event = 2
04-12 14:52:38.237: D/IMS(451): [external/xanadu/SIP/SIP_Stack/src/sipcore/sipstk_session.c:368] SIPStack_Session_Release: Copy the Event to Z-Event Queue
04-12 14:52:38.244: D/IMS(451): [external/xanadu/Framework/CoreControl/src/ImsIReg_Core.c:1005] XAN_IReg_Handle_Registration: Sending SUBSCRIBE for reg event
04-12 14:52:38.244: D/IMS(451): [external/xanadu/SIP/SIP_Stack/src/sipcore/sipstk_uacreq.c:468] SIPStack_Modify_Accept_Contact_Desc: SIPStack_Modify_Accept_Contact_Desc: As ptrst_session->ptri8_apptag is NULL
04-12 14:52:38.244: D/IMS(451): [external/xanadu/SIP/SIP_Stack/src/sipcore/sipstk_transport.c:316] SIPStack_BuildFinalReq: SIP Message
04-12 14:52:38.244: D/IMS(451): --------------> outgoing message
04-12 14:52:38.244: D/IMS(451): [external/xanadu/Framework/ISIP/src/ImsISIP_Core.c:2361] XAN_ISIP_SendMsg: XAN_ISIP_SendMsg : XAN_SipStack_SendRequest Success
04-12 14:52:38.244: D/IMS(451): [external/xanadu/Application/SMSApp/src/ImsSMSIP.c:1361] ImsSMSIPProcessRegMessage: ImsSMSIPAppCallback: mwi notify flag has not been enabled
04-12 14:52:38.244: D/IMS(451): [external/xanadu/Framework/CoreControl/src/ImsCoreController.c:2583] IMSCore_ExecFSM: IMSCore_ExecFSM: ims_state= 5
04-12 14:52:38.244: D/IMS(451): [external/xanadu/Framework/CoreControl/src/ImsCoreController.c:2583] IMSCore_ExecFSM: IMSCore_ExecFSM: ims_state= 7
04-12 14:52:38.244: D/IMS(451): [external/xanadu/Platform/Android/src/PlatformUIIntf.c:104] xan_ui_intf_ui_ind: Sending evt: 102
04-12 14:52:38.244: I/IMS_JNI(451): isim response code: 200
04-12 14:52:38.252: D/IMSFW(451): ImsSMSInterface: send IMS success to RIL
04-12 14:52:38.252: D/IMSFW(451): ImsSMSInterface: IMS_REGISTRATION_SUCCEED
04-12 14:52:38.252: D/IMSFW(451): SmsImsDispatcher: EVENT_SEND_IMS_REGISTRATION_STATUS
04-12 14:52:38.252: D/IMS(451): [external/xanadu/Platform/Android/src/PlatformDaemon.c:225] ims_daemon_evt_handler: SISO: ims_daemon_evt_handler: xan_q_pop failed....2
04-12 14:52:38.252: D/IMSFW(451): IIL: toRILIMSRegistration
04-12 14:52:38.377: D/IMS(451): [external/xanadu/SIP/SIP_Stack/src/sipcore/sipstk_core.c:280] SIPStack_PreProcess_Data: SIP Message
04-12 14:52:38.377: D/IMS(451): <-------------- incoming message
04-12 14:52:38.377: D/IMS(451): [external/xanadu/SIP/SIP_Stack/src/sipcore/sipstk_core.c:162] SIPStack_Transport_Callback: SIPStack_Transport_Callback: release parsed obj at Stack
04-12 14:52:38.424: D/IMS(451): [external/xanadu/SIP/SIP_Stack/src/sipcore/sipstk_core.c:280] SIPStack_PreProcess_Data: SIP Message
04-12 14:52:38.424: D/IMS(451): <-------------- incoming message
04-12 14:52:38.432: D/IMS(451): [external/xanadu/SIP/SIP_Stack/src/sipcore/sipstk_evt.c:161] SIPStack_Get_EvtMethod: SIP Evt: Unkown header
04-12 14:52:38.432: D/IMS(451): [external/xanadu/SIP/SIP_Stack/src/sipcore/sipstk_evt.c:253] SIPStack_Event_Add_Q: SIPStack_Event_Add_Q : Event = 9
04-12 14:52:38.432: D/IMS(451): [external/xanadu/SIP/SIP_Stack/src/sipcore/sipstk_transport.c:680] SIPStack_Transport_SendRsp: Response
04-12 14:52:38.432: D/IMS(451): ---->outgoing message
04-12 14:52:38.432: D/IMS(451): [external/xanadu/Framework/CoreControl/src/ImsIReg_Core.c:2164] XAN_IReg_Handle_Subscription: XAN_IReg_Handle_Subscription: Entering
04-12 14:52:38.432: D/IMS(451): [external/xanadu/Platform/Android/src/PlatformDaemon.c:225] ims_daemon_evt_handler: SISO: ims_daemon_evt_handler: xan_q_pop failed....2
04-12 14:52:52.541: D/IMS(451): [external/xanadu/Platform/Android/src/PlatformDaemon.c:225] ims_daemon_evt_handler: SISO: ims_daemon_evt_handler: xan_q_pop failed....2
04-12 14:52:53.268: D/IMS(451): [external/xanadu/Platform/Android/src/PlatformDaemon.c:225] ims_daemon_evt_handler: SISO: ims_daemon_evt_handler: xan_q_pop failed....2
04-12 14:52:53.401: D/IMS(451): [external/xanadu/Platform/Android/src/PlatformDaemon.c:225] ims_daemon_evt_handler: SISO: ims_daemon_evt_handler: xan_q_pop failed....2
04-12 14:52:53.401: D/IMS(451): [external/xanadu/SIP/SIP_Stack/src/sipcore/sipstk_transaction.c:1812] SIPStack_Trans_Release: SIPStack_Trans_Release: setting method idle: 512
04-12 14:52:53.448: D/IMS(451): [external/xanadu/Platform/Android/src/PlatformDaemon.c:225] ims_daemon_evt_handler: SISO: ims_daemon_evt_handler: xan_q_pop failed....2
04-12 14:52:53.455: D/IMS(451): [external/xanadu/SIP/SIP_Stack/src/sipcore/sipstk_transaction.c:1812] SIPStack_Trans_Release: SIPStack_Trans_Release: setting method idle: 256
04-12 14:53:49.409: I/ActivityManager(183): Start proc com.vzw.hss.myverizonged for broadcast com.vzw.hss.myverizonged/com.vzw.hss.datameter.receiver.NetMeterReceiver: pid=5215 uid=10041 gids={3003}
04-12 14:53:49.416: I/dalvikvm(5215): Turning on JNI app bug workarounds for target SDK version 4...
04-12 14:53:49.612: W/ActivityManager(183): Unable to start service Intent { act=com.vzw.push.vzwservice.service.CometService }: not found
04-12 14:53:49.627: D/dalvikvm(5215): GC_CONCURRENT freed 261K, 3% free 14201K/14535K, paused 6ms+2ms
