04-12 15:44:11.604: D/dalvikvm(5821): GC_FOR_ALLOC freed 1K, 10% free 20969K/23047K, paused 21ms
04-12 15:44:11.627: D/dalvikvm(5821): GC_FOR_ALLOC freed 25K, 10% free 20943K/23047K, paused 21ms
04-12 15:44:11.627: I/dalvikvm-heap(5821): Grow heap (frag case) to 20.907MB for 403216-byte allocation
04-12 15:44:11.651: D/dalvikvm(5821): GC_FOR_ALLOC freed 3K, 10% free 21334K/23495K, paused 19ms
04-12 15:44:17.432: W/TiAnalyticsSvc(5762): (Thread-584) [29123,34066] Analytics Service Started
04-12 15:44:17.487: I/TiAnalyticsSvc(5762): (Thread-584) [52,34118] Sending 3 analytics events.
04-12 15:44:17.901: D/dalvikvm(5762): GC_CONCURRENT freed 919K, 25% free 15983K/21127K, paused 2ms+6ms
04-12 15:44:18.260: W/TiAnalyticsSvc(5762): (Thread-584) [772,34890] Stopping Analytics Service
04-12 15:44:27.455: I/ActivityManager(183): START {cmp=com.appcelerator.sample.rss/org.appcelerator.titanium.TiActivity (has extras)} from pid 5821
04-12 15:44:27.643: D/TiUIView(5821): (main) [17876,19005] Nativeview is null
04-12 15:44:27.659: D/dalvikvm(5821): GC_CONCURRENT freed 4790K, 21% free 18591K/23495K, paused 3ms+5ms
04-12 15:44:27.666: I/WindowManager(183): createSurface Window{41a8dd68 com.appcelerator.sample.rss/org.appcelerator.titanium.TiActivity paused=false}: DRAW NOW PENDING
04-12 15:44:27.674: D/TiUIView(5821): (main) [37,19042] Nativeview is null
04-12 15:44:27.752: V/PhoneStatusBar(267): setLightsOn(true)
04-12 15:44:27.791: D/TiUIView(5821): (main) [112,19154] Nativeview is null
04-12 15:44:27.987: I/ActivityManager(183): Displayed com.appcelerator.sample.rss/org.appcelerator.titanium.TiActivity: +492ms
04-12 15:44:28.588: I/TiWebChromeClient.console(5821): (main) [796,19950] Viewport argument value "device-width;" for key "width" not recognized. Content ignored. (6:http://mashable.com/2012/04/12/nook-glowlight/?utm_source=feedburner&utm_medium=feed&utm_campaign=Feed%3A+Mashable+%28Mashable%29)
04-12 15:44:28.588: I/TiWebChromeClient.console(5821): (main) [0,19950] Viewport argument value "1.0;" for key "initial-scale" was truncated to its numeric prefix. (6:http://mashable.com/2012/04/12/nook-glowlight/?utm_source=feedburner&utm_medium=feed&utm_campaign=Feed%3A+Mashable+%28Mashable%29)
04-12 15:44:28.588: I/TiWebChromeClient.console(5821): (main) [1,19951] Viewport argument value "yes;" for key "user-scalable" not recognized. Content ignored. (6:http://mashable.com/2012/04/12/nook-glowlight/?utm_source=feedburner&utm_medium=feed&utm_campaign=Feed%3A+Mashable+%28Mashable%29)
04-12 15:44:30.557: I/WindowManager(183): createSurface Window{41ac5698 Panel:com.appcelerator.sample.rss/org.appcelerator.titanium.TiActivity paused=false}: DRAW NOW PENDING
04-12 15:44:30.588: I/WindowManager(183): createSurface Window{41c2b270 Toast paused=false}: DRAW NOW PENDING
04-12 15:44:30.713: I/TiWebChromeClient.console(5821): (main) [2127,22078] Uncaught TypeError: Cannot call method 'replace' of null (1:http://mashable.com/wp-content/assets/gallery.js?ver=1334244727)
04-12 15:44:32.471: W/webview(5821): Stale touch event ACTION_CANCEL received from webcore; ignoring
04-12 15:44:33.182: I/TiWebChromeClient.console(5821): (main) [2469,24547] Element not defined for binding: videoList (165:http://admin.brightcove.com/viewer/us20120412.1329/js/BrightcovePlayer.js)
04-12 15:44:33.276: D/ShaderProgram(5821): couldn't load the vertex shader!
04-12 15:44:33.276: D/ShaderProgram(5821): couldn't load the vertex shader!
04-12 15:44:33.276: D/ShaderProgram(5821): couldn't load the vertex shader!
04-12 15:44:33.276: D/ShaderProgram(5821): couldn't load the vertex shader!
04-12 15:44:33.276: D/ShaderProgram(5821): couldn't load the vertex shader!
04-12 15:44:34.760: W/TiAnalyticsSvc(5790): (Thread-594) [29142,41938] Analytics Service Started
04-12 15:44:34.830: I/TiAnalyticsSvc(5790): (Thread-594) [64,42002] Sending 3 analytics events.
04-12 15:44:35.541: W/TiAnalyticsSvc(5790): (Thread-594) [715,42717] Stopping Analytics Service
04-12 15:44:38.041: W/webview(5821): Skip the huge selection rect:Rect(30, 195 - 330, 2986)
04-12 15:44:38.284: I/WindowManager(183): createSurface Window{41c34ac0 Panel:com.appcelerator.sample.rss/org.appcelerator.titanium.TiActivity paused=false}: DRAW NOW PENDING
04-12 15:44:38.307: I/WindowManager(183): createSurface Window{41c87d60 Toast paused=false}: DRAW NOW PENDING
04-12 15:44:38.315: W/TiAnalyticsSvc(5821): (Thread-602) [5136,29683] Analytics Service Started
04-12 15:44:38.362: I/TiAnalyticsSvc(5821): (Thread-602) [42,29725] Sending 2 analytics events.
04-12 15:44:38.440: D/dalvikvm(267): GC_CONCURRENT freed 530K, 6% free 15944K/16839K, paused 2ms+3ms
04-12 15:44:39.299: W/webview(5821): Skip the huge selection rect:Rect(30, 195 - 330, 2986)
04-12 15:44:39.784: W/TiAnalyticsSvc(5821): (Thread-602) [1425,31150] Stopping Analytics Service
04-12 15:44:42.010: W/webview(5821): Skip the huge selection rect:Rect(30, 195 - 330, 2986)
04-12 15:44:42.948: W/webview(5821): Skip the huge selection rect:Rect(30, 195 - 330, 2986)
04-12 15:44:44.049: W/webview(5821): Skip the huge selection rect:Rect(30, 195 - 330, 2986)
04-12 15:44:47.338: W/webview(5821): Skip the huge selection rect:Rect(30, 195 - 330, 2986)
04-12 15:44:48.213: W/webview(5821): Skip the huge selection rect:Rect(30, 195 - 330, 2986)
04-12 15:44:49.159: W/webview(5821): Skip the huge selection rect:Rect(30, 195 - 330, 2986)
04-12 15:44:50.229: W/webview(5821): Skip the huge selection rect:Rect(30, 195 - 330, 2986)
04-12 15:44:50.979: W/webview(5821): Skip the huge selection rect:Rect(30, 195 - 330, 2986)
04-12 15:44:51.909: W/webview(5821): Skip the huge selection rect:Rect(30, 195 - 330, 2986)
04-12 15:44:52.573: W/webview(5821): Skip the huge selection rect:Rect(30, 195 - 330, 2986)
04-12 15:44:53.174: W/webview(5821): Skip the huge selection rect:Rect(30, 195 - 330, 2986)
04-12 15:44:53.869: W/webview(5821): Skip the huge selection rect:Rect(30, 195 - 330, 2986)
04-12 15:44:54.463: W/webview(5821): Skip the huge selection rect:Rect(30, 195 - 330, 2986)
04-12 15:44:55.268: D/dalvikvm(5821): GC_CONCURRENT freed 1310K, 21% free 18684K/23495K, paused 2ms+4ms
04-12 15:45:05.299: I/com.appcelerator.cloud.push.PushService(1183): Service started with intent = Intent { act=CF.KEEP_ALIVE flg=0x4 cmp=com.cocoafish.pushnotifications/com.appcelerator.cloud.push.PushService (has extras) }
04-12 15:45:06.354: D/GTalkService/c(322): [HeartbeatAlarm] sent heartbeat to server
04-12 15:45:09.073: I/WindowManager(183): createSurface Window{41ccada0 com.appcelerator.sample.rss/org.appcelerator.titanium.TiActivity paused=false}: DRAW NOW PENDING
04-12 15:45:09.237: V/PhoneStatusBar(267): setLightsOn(true)
04-12 15:45:09.455: D/webviewglue(5821): nativeDestroy view: 0x2eec10
04-12 15:45:09.455: E/TiBaseActivity(5821): (main) [29670,60820] Layout cleanup.
04-12 15:45:10.690: D/dalvikvm(5821): GC_FOR_ALLOC freed 585K, 18% free 19405K/23495K, paused 29ms
04-12 15:45:10.721: D/dalvikvm(5821): GC_FOR_ALLOC freed 96K, 12% free 20884K/23495K, paused 23ms
04-12 15:45:10.752: D/dalvikvm(5821): GC_FOR_ALLOC freed <1K, 8% free 21672K/23495K, paused 19ms
04-12 15:45:10.752: I/dalvikvm-heap(5821): Grow heap (frag case) to 21.618MB for 403216-byte allocation
04-12 15:45:10.768: D/dalvikvm(5821): GC_FOR_ALLOC freed 0K, 8% free 22066K/23943K, paused 19ms
04-12 15:45:12.096: I/dalvikvm(5821): Jit: resizing JitTable from 4096 to 8192
04-12 15:45:18.166: I/ActivityManager(183): START {cmp=com.appcelerator.sample.rss/org.appcelerator.titanium.TiActivity (has extras)} from pid 5821
04-12 15:45:18.362: D/TiUIView(5821): (main) [8906,69726] Nativeview is null
04-12 15:45:18.369: I/WindowManager(183): createSurface Window{41ac7bf8 com.appcelerator.sample.rss/org.appcelerator.titanium.TiActivity paused=false}: DRAW NOW PENDING
04-12 15:45:18.377: D/TiUIView(5821): (main) [13,69739] Nativeview is null
04-12 15:45:18.463: V/PhoneStatusBar(267): setLightsOn(true)
04-12 15:45:18.541: D/TiUIView(5821): (main) [166,69905] Nativeview is null
04-12 15:45:18.690: I/ActivityManager(183): Displayed com.appcelerator.sample.rss/org.appcelerator.titanium.TiActivity: +474ms
04-12 15:45:18.705: I/TiWebChromeClient.console(5821): (main) [167,70072] Viewport argument value "device-width;" for key "width" not recognized. Content ignored. (6:http://mashable.com/2012/04/12/chickens-herman-cain-ad/?utm_source=feedburner&utm_medium=feed&utm_campaign=Feed%3A+Mashable+%28Mashable%29)
04-12 15:45:18.705: I/TiWebChromeClient.console(5821): (main) [0,70072] Viewport argument value "1.0;" for key "initial-scale" was truncated to its numeric prefix. (6:http://mashable.com/2012/04/12/chickens-herman-cain-ad/?utm_source=feedburner&utm_medium=feed&utm_campaign=Feed%3A+Mashable+%28Mashable%29)
04-12 15:45:18.705: I/TiWebChromeClient.console(5821): (main) [1,70073] Viewport argument value "yes;" for key "user-scalable" not recognized. Content ignored. (6:http://mashable.com/2012/04/12/chickens-herman-cain-ad/?utm_source=feedburner&utm_medium=feed&utm_campaign=Feed%3A+Mashable+%28Mashable%29)
04-12 15:45:23.752: I/WindowManager(183): createSurface Window{41cd21c0 Panel:com.appcelerator.sample.rss/org.appcelerator.titanium.TiActivity paused=false}: DRAW NOW PENDING
04-12 15:45:26.057: E/libEGL(5821): call to OpenGL ES API with no current context (logged once per thread)
04-12 15:45:26.057: D/MediaPlayer(5821): Couldn't open file on client side, trying server side
04-12 15:45:26.057: I/AwesomePlayer(118): setDataSource_l('http://o-o.preferred.iad09g05.v14.lscache5.c.youtube.com/videoplayback?upn=8X71VpAxWSs&sparams=cp%2Cid%2Cip%2Cipbits%2Citag%2Cratebypass%2Csource%2Cupn%2Cexpire&fexp=900080&itag=43&ip=38.0.0.0&signature=98C9654FFF53809B7972EBAA490DF625880DD74E.424AFD4281988B917292402D477A5358A00E129C&sver=3&ratebypass=yes&source=youtube&expire=1334292625&key=yt1&ipbits=8&cp=U0hSSVJUUF9HT0NOMl9KTlRHOkdwNWVyVmtQS1B4&id=575ae37fbcdd0fe3')
04-12 15:45:26.073: V/ChromiumHTTPDataSource(118): connect on behalf of uid 10071
04-12 15:45:26.073: I/ChromiumHTTPDataSource(118): connect to http://o-o.preferred.iad09g05.v14.lscache5.c.youtube.com/videoplayback?upn=8X71VpAxWSs&sparams=cp%2Cid%2Cip%2Cipbits%2Citag%2Cratebypass%2Csource%2Cupn%2Cexpire&fexp=900080&itag=43&ip=38.0.0.0&signature=98C9654FFF53809B7972EBAA490DF625880DD74E.424AFD4281988B917292402D477A5358A00E129C&sver=3&ratebypass=yes&source=youtube&expire=1334292625&key=yt1&ipbits=8&cp=U0hSSVJUUF9HT0NOMl9KTlRHOkdwNWVyVmtQS1B4&id=575ae37fbcdd0fe3 @0
04-12 15:45:27.323: I/NuCachedSource2(118): new range: offset= 1189776
04-12 15:45:27.323: I/ChromiumHTTPDataSource(118): connect to http://o-o.preferred.iad09g05.v14.lscache5.c.youtube.com/videoplayback?upn=8X71VpAxWSs&sparams=cp%2Cid%2Cip%2Cipbits%2Citag%2Cratebypass%2Csource%2Cupn%2Cexpire&fexp=900080&itag=43&ip=38.0.0.0&signature=98C9654FFF53809B7972EBAA490DF625880DD74E.424AFD4281988B917292402D477A5358A00E129C&sver=3&ratebypass=yes&source=youtube&expire=1334292625&key=yt1&ipbits=8&cp=U0hSSVJUUF9HT0NOMl9KTlRHOkdwNWVyVmtQS1B4&id=575ae37fbcdd0fe3 @1189776
04-12 15:45:28.987: D/dalvikvm(183): JIT code cache reset in 4 ms (1048492 bytes 4/0)
04-12 15:45:29.010: D/dalvikvm(183): GC_CONCURRENT freed 4866K, 34% free 22758K/34375K, paused 3ms+12ms
04-12 15:45:30.901: I/WindowManager(183): createSurface Window{41c88d48 Panel:com.appcelerator.sample.rss/org.appcelerator.titanium.TiActivity paused=false}: DRAW NOW PENDING
04-12 15:45:31.502: I/NuCachedSource2(118): new range: offset= 4683993
04-12 15:45:31.502: I/ChromiumHTTPDataSource(118): connect to http://o-o.preferred.iad09g05.v14.lscache5.c.youtube.com/videoplayback?upn=8X71VpAxWSs&sparams=cp%2Cid%2Cip%2Cipbits%2Citag%2Cratebypass%2Csource%2Cupn%2Cexpire&fexp=900080&itag=43&ip=38.0.0.0&signature=98C9654FFF53809B7972EBAA490DF625880DD74E.424AFD4281988B917292402D477A5358A00E129C&sver=3&ratebypass=yes&source=youtube&expire=1334292625&key=yt1&ipbits=8&cp=U0hSSVJUUF9HT0NOMl9KTlRHOkdwNWVyVmtQS1B4&id=575ae37fbcdd0fe3 @4683993
04-12 15:45:32.721: I/NuCachedSource2(118): new range: offset= 6226832
04-12 15:45:32.729: I/ChromiumHTTPDataSource(118): connect to http://o-o.preferred.iad09g05.v14.lscache5.c.youtube.com/videoplayback?upn=8X71VpAxWSs&sparams=cp%2Cid%2Cip%2Cipbits%2Citag%2Cratebypass%2Csource%2Cupn%2Cexpire&fexp=900080&itag=43&ip=38.0.0.0&signature=98C9654FFF53809B7972EBAA490DF625880DD74E.424AFD4281988B917292402D477A5358A00E129C&sver=3&ratebypass=yes&source=youtube&expire=1334292625&key=yt1&ipbits=8&cp=U0hSSVJUUF9HT0NOMl9KTlRHOkdwNWVyVmtQS1B4&id=575ae37fbcdd0fe3 @6226832
04-12 15:45:32.932: I/WindowManager(183): createSurface Window{41cb4370 Volume control paused=false}: DRAW NOW PENDING
04-12 15:45:33.815: I/NuCachedSource2(118): ERROR_END_OF_STREAM
04-12 15:45:33.854: I/NuCachedSource2(118): new range: offset= 0
04-12 15:45:33.916: I/ChromiumHTTPDataSource(118): connect to http://o-o.preferred.iad09g05.v14.lscache5.c.youtube.com/videoplayback?upn=8X71VpAxWSs&sparams=cp%2Cid%2Cip%2Cipbits%2Citag%2Cratebypass%2Csource%2Cupn%2Cexpire&fexp=900080&itag=43&ip=38.0.0.0&signature=98C9654FFF53809B7972EBAA490DF625880DD74E.424AFD4281988B917292402D477A5358A00E129C&sver=3&ratebypass=yes&source=youtube&expire=1334292625&key=yt1&ipbits=8&cp=U0hSSVJUUF9HT0NOMl9KTlRHOkdwNWVyVmtQS1B4&id=575ae37fbcdd0fe3 @0
04-12 15:45:34.276: I/OMXCodec(118): [OMX.google.vpx.decoder] video dimensions are 320 x 240
04-12 15:45:35.315: I/OMXCodec(118): [OMX.google.vpx.decoder] video dimensions are 640 x 360
04-12 15:45:38.369: E/webcoreglue(5821): Should not happen: no rect-based-test nodes found
04-12 15:45:39.166: I/WindowManager(183): createSurface Window{41afe540 Panel:com.appcelerator.sample.rss/org.appcelerator.titanium.TiActivity paused=false}: DRAW NOW PENDING
04-12 15:45:39.198: D/dalvikvm(5821): GC_CONCURRENT freed 4759K, 21% free 19277K/24135K, paused 2ms+5ms
04-12 15:45:39.252: I/WindowManager(183): createSurface Window{41cb31d8 Toast paused=false}: DRAW NOW PENDING
04-12 15:45:39.994: E/webcoreglue(5821): Should not happen: no rect-based-test nodes found
04-12 15:45:47.385: I/NuCachedSource2(118): ERROR_END_OF_STREAM
04-12 15:45:47.971: I/WindowManager(183): createSurface Window{41fc1c90 Panel:com.appcelerator.sample.rss/org.appcelerator.titanium.TiActivity paused=false}: DRAW NOW PENDING
04-12 15:45:48.659: E/webcoreglue(5821): Should not happen: no rect-based-test nodes found
04-12 15:46:10.268: I/WindowManager(183): createSurface Window{41f4f158 Panel:com.appcelerator.sample.rss/org.appcelerator.titanium.TiActivity paused=false}: DRAW NOW PENDING
04-12 15:46:13.557: I/WindowManager(183): createSurface Window{41ccada0 com.appcelerator.sample.rss/org.appcelerator.titanium.TiActivity paused=false}: DRAW NOW PENDING
04-12 15:46:13.784: V/PhoneStatusBar(267): setLightsOn(true)
04-12 15:46:13.987: D/webviewglue(5821): nativeDestroy view: 0x2eec10
04-12 15:46:13.987: E/TiBaseActivity(5821): (main) [55280,125353] Layout cleanup.
04-12 15:46:14.010: W/WindowManager(183): Force-removing child win Window{41f4f158 Panel:com.appcelerator.sample.rss/org.appcelerator.titanium.TiActivity paused=false} from container Window{41ac7bf8 com.appcelerator.sample.rss/org.appcelerator.titanium.TiActivity paused=false}
04-12 15:46:14.034: E/WindowManager(5821): Activity org.appcelerator.titanium.TiActivity has leaked window android.widget.ZoomButtonsController$Container@41d174b0 that was originally added here
04-12 15:46:14.034: E/WindowManager(5821): android.view.WindowLeaked: Activity org.appcelerator.titanium.TiActivity has leaked window android.widget.ZoomButtonsController$Container@41d174b0 that was originally added here
04-12 15:46:14.034: E/WindowManager(5821): at android.view.ViewRootImpl.(ViewRootImpl.java:343)
04-12 15:46:14.034: E/WindowManager(5821): at android.view.WindowManagerImpl.addView(WindowManagerImpl.java:245)
04-12 15:46:14.034: E/WindowManager(5821): at android.view.WindowManagerImpl.addView(WindowManagerImpl.java:193)
04-12 15:46:14.034: E/WindowManager(5821): at android.view.WindowManagerImpl$CompatModeWrapper.addView(WindowManagerImpl.java:118)
04-12 15:46:14.034: E/WindowManager(5821): at android.view.Window$LocalWindowManager.addView(Window.java:537)
04-12 15:46:14.034: E/WindowManager(5821): at android.widget.ZoomButtonsController.setVisible(ZoomButtonsController.java:371)
04-12 15:46:14.034: E/WindowManager(5821): at android.webkit.ZoomControlEmbedded.show(ZoomControlEmbedded.java:41)
04-12 15:46:14.034: E/WindowManager(5821): at android.webkit.ZoomManager.invokeZoomPicker(ZoomManager.java:1191)
04-12 15:46:14.034: E/WindowManager(5821): at android.webkit.WebView.startDrag(WebView.java:6622)
04-12 15:46:14.034: E/WindowManager(5821): at android.webkit.WebView.handleTouchEventCommon(WebView.java:6246)
04-12 15:46:14.034: E/WindowManager(5821): at android.webkit.WebView.access$2600(WebView.java:322)
04-12 15:46:14.034: E/WindowManager(5821): at android.webkit.WebView$TouchEventQueue.handleQueuedMotionEvent(WebView.java:8098)
04-12 15:46:14.034: E/WindowManager(5821): at android.webkit.WebView$TouchEventQueue.handleQueuedTouch(WebView.java:8079)
04-12 15:46:14.034: E/WindowManager(5821): at android.webkit.WebView$TouchEventQueue.runNextQueuedEvents(WebView.java:8001)
04-12 15:46:14.034: E/WindowManager(5821): at android.webkit.WebView$TouchEventQueue.enqueueTouchEvent(WebView.java:7956)
04-12 15:46:14.034: E/WindowManager(5821): at android.webkit.WebView$PrivateHandler.handleMessage(WebView.java:8487)
04-12 15:46:14.034: E/WindowManager(5821): at android.os.Handler.dispatchMessage(Handler.java:99)
04-12 15:46:14.034: E/WindowManager(5821): at android.os.Looper.loop(Looper.java:137)
04-12 15:46:14.034: E/WindowManager(5821): at android.app.ActivityThread.main(ActivityThread.java:4340)
04-12 15:46:14.034: E/WindowManager(5821): at java.lang.reflect.Method.invokeNative(Native Method)
04-12 15:46:14.034: E/WindowManager(5821): at java.lang.reflect.Method.invoke(Method.java:511)
04-12 15:46:14.034: E/WindowManager(5821): at com.android.internal.os.ZygoteInit$MethodAndArgsCaller.run(ZygoteInit.java:784)
04-12 15:46:14.034: E/WindowManager(5821): at com.android.internal.os.ZygoteInit.main(ZygoteInit.java:551)
04-12 15:46:14.034: E/WindowManager(5821): at dalvik.system.NativeStart.main(Native Method)
04-12 15:46:14.034: E/InputQueue-JNI(5821): channel '41f4f158 Panel:com.appcelerator.sample.rss/org.appcelerator.titanium.TiActivity (client)' ~ Publisher closed input channel or an error occurred. events=0x8
04-12 15:46:14.034: D/AndroidRuntime(5821): Shutting down VM
04-12 15:46:14.034: W/dalvikvm(5821): threadid=1: thread exiting with uncaught exception (group=0x40a4e1f8)
04-12 15:46:14.034: E/TiApplication(5821): (main) [46,125399] Sending event: exception on thread: main msg:java.lang.IllegalArgumentException: View not attached to window manager; Titanium 2.0.1,2012/04/10 13:18,0234887
04-12 15:46:14.034: E/TiApplication(5821): java.lang.IllegalArgumentException: View not attached to window manager
04-12 15:46:14.034: E/TiApplication(5821): at android.view.WindowManagerImpl.findViewLocked(WindowManagerImpl.java:542)
04-12 15:46:14.034: E/TiApplication(5821): at android.view.WindowManagerImpl.removeView(WindowManagerImpl.java:302)
04-12 15:46:14.034: E/TiApplication(5821): at android.view.WindowManagerImpl$CompatModeWrapper.removeView(WindowManagerImpl.java:129)
04-12 15:46:14.034: E/TiApplication(5821): at android.widget.ZoomButtonsController.setVisible(ZoomButtonsController.java:407)
04-12 15:46:14.034: E/TiApplication(5821): at android.widget.ZoomButtonsController$2.handleMessage(ZoomButtonsController.java:179)
04-12 15:46:14.034: E/TiApplication(5821): at android.os.Handler.dispatchMessage(Handler.java:99)
04-12 15:46:14.034: E/TiApplication(5821): at android.os.Looper.loop(Looper.java:137)
04-12 15:46:14.034: E/TiApplication(5821): at android.app.ActivityThread.main(ActivityThread.java:4340)
04-12 15:46:14.034: E/TiApplication(5821): at java.lang.reflect.Method.invokeNative(Native Method)
04-12 15:46:14.034: E/TiApplication(5821): at java.lang.reflect.Method.invoke(Method.java:511)
04-12 15:46:14.034: E/TiApplication(5821): at com.android.internal.os.ZygoteInit$MethodAndArgsCaller.run(ZygoteInit.java:784)
04-12 15:46:14.034: E/TiApplication(5821): at com.android.internal.os.ZygoteInit.main(ZygoteInit.java:551)
04-12 15:46:14.034: E/TiApplication(5821): at dalvik.system.NativeStart.main(Native Method)
04-12 15:46:14.127: E/AndroidRuntime(5821): FATAL EXCEPTION: main
04-12 15:46:14.127: E/AndroidRuntime(5821): java.lang.IllegalArgumentException: View not attached to window manager
04-12 15:46:14.127: E/AndroidRuntime(5821): at android.view.WindowManagerImpl.findViewLocked(WindowManagerImpl.java:542)
04-12 15:46:14.127: E/AndroidRuntime(5821): at android.view.WindowManagerImpl.removeView(WindowManagerImpl.java:302)
04-12 15:46:14.127: E/AndroidRuntime(5821): at android.view.WindowManagerImpl$CompatModeWrapper.removeView(WindowManagerImpl.java:129)
04-12 15:46:14.127: E/AndroidRuntime(5821): at android.widget.ZoomButtonsController.setVisible(ZoomButtonsController.java:407)
04-12 15:46:14.127: E/AndroidRuntime(5821): at android.widget.ZoomButtonsController$2.handleMessage(ZoomButtonsController.java:179)
04-12 15:46:14.127: E/AndroidRuntime(5821): at android.os.Handler.dispatchMessage(Handler.java:99)
04-12 15:46:14.127: E/AndroidRuntime(5821): at android.os.Looper.loop(Looper.java:137)
04-12 15:46:14.127: E/AndroidRuntime(5821): at android.app.ActivityThread.main(ActivityThread.java:4340)
04-12 15:46:14.127: E/AndroidRuntime(5821): at java.lang.reflect.Method.invokeNative(Native Method)
04-12 15:46:14.127: E/AndroidRuntime(5821): at java.lang.reflect.Method.invoke(Method.java:511)
04-12 15:46:14.127: E/AndroidRuntime(5821): at com.android.internal.os.ZygoteInit$MethodAndArgsCaller.run(ZygoteInit.java:784)
04-12 15:46:14.127: E/AndroidRuntime(5821): at com.android.internal.os.ZygoteInit.main(ZygoteInit.java:551)
04-12 15:46:14.127: E/AndroidRuntime(5821): at dalvik.system.NativeStart.main(Native Method)
04-12 15:46:14.135: W/ActivityManager(183): Force finishing activity com.appcelerator.sample.rss/org.appcelerator.titanium.TiActivity
04-12 15:46:14.260: D/dalvikvm(183): GC_FOR_ALLOC freed 1984K, 34% free 22693K/34375K, paused 76ms
04-12 15:46:14.291: I/WindowManager(183): createSurface Window{41a66ce8 paused=false}: DRAW NOW PENDING
04-12 15:46:14.768: W/ActivityManager(183): Activity pause timeout for ActivityRecord{41efe468 com.appcelerator.sample.rss/org.appcelerator.titanium.TiActivity}
04-12 15:46:24.268: W/ActivityManager(183): Launch timeout has expired, giving up wake lock!
04-12 15:46:24.784: W/ActivityManager(183): Activity idle timeout for ActivityRecord{41df7a70 com.appcelerator.sample.rss/.SampleRssActivity}
04-12 15:46:29.994: W/ActivityManager(183): Activity destroy timeout for ActivityRecord{41efe468 com.appcelerator.sample.rss/org.appcelerator.titanium.TiActivity}