04-12 12:13:44.791: I/ActivityManager(183): Start proc com.appcelerator.masterdetail for activity com.appcelerator.masterdetail/.MasterdetailActivity: pid=2214 uid=10069 gids={1015, 3003}
04-12 12:13:44.963: I/WindowManager(183): createSurface Window{41b323f0 Starting com.appcelerator.masterdetail paused=false}: DRAW NOW PENDING
04-12 12:13:46.729: I/WindowManager(183): createSurface Window{41db5988 com.appcelerator.masterdetail/com.appcelerator.masterdetail.MasterdetailActivity paused=false}: DRAW NOW PENDING
04-12 12:13:46.760: W/InputManagerService(183): Starting input on non-focused client com.android.internal.view.IInputMethodClient$Stub$Proxy@41c5be10 (uid=10031 pid=488)
04-12 12:14:07.487: I/WindowManager(183): createSurface Window{41d50d80 com.android.launcher/com.android.launcher2.Launcher paused=false}: DRAW NOW PENDING
04-12 12:14:07.885: W/InputManagerService(183): Starting input on non-focused client com.android.internal.view.IInputMethodClient$Stub$Proxy@41c6b6f0 (uid=10069 pid=2214)
04-12 12:14:08.635: I/ActivityManager(183): No longer want com.samsung.syncservice (pid 1074): hidden #16
04-12 12:14:08.659: W/ActivityManager(183): Scheduling restart of crashed service com.samsung.syncservice/.SyncmlService in 5000ms
04-12 12:14:12.698: I/ActivityManager(183): START {act=android.intent.action.MAIN cat=[android.intent.category.LAUNCHER] flg=0x10200000 cmp=com.appcelerator.newproject/.NewprojectActivity} from pid 488
04-12 12:14:12.877: I/ActivityManager(183): Start proc com.appcelerator.newproject for activity com.appcelerator.newproject/.NewprojectActivity: pid=2260 uid=10070 gids={1015, 3003}
04-12 12:14:13.065: I/WindowManager(183): createSurface Window{41c27d98 Starting com.appcelerator.newproject paused=false}: DRAW NOW PENDING
04-12 12:14:13.698: I/ActivityManager(183): Start proc com.samsung.syncservice for service com.samsung.syncservice/.SyncmlService: pid=2275 uid=1000 gids={1015, 3002, 3001, 3003, 3007}
04-12 12:14:14.823: I/ActivityManager(183): START {cmp=com.appcelerator.newproject/ti.modules.titanium.ui.TiTabActivity (has extras)} from pid 2260
04-12 12:14:15.151: I/WindowManager(183): createSurface Window{41c75450 com.appcelerator.newproject/ti.modules.titanium.ui.TiTabActivity paused=false}: DRAW NOW PENDING
04-12 12:14:15.416: W/InputManagerService(183): Starting input on non-focused client com.android.internal.view.IInputMethodClient$Stub$Proxy@41c5be10 (uid=10031 pid=488)
04-12 12:14:20.213: I/WindowManager(183): createSurface Window{41d50d80 com.android.launcher/com.android.launcher2.Launcher paused=false}: DRAW NOW PENDING
04-12 12:14:20.619: W/InputManagerService(183): Starting input on non-focused client com.android.internal.view.IInputMethodClient$Stub$Proxy@41b07c80 (uid=10070 pid=2260)
04-12 12:14:21.010: I/ActivityManager(183): No longer want android.process.media (pid 507): hidden #16
04-12 12:14:21.041: W/ActivityManager(183): Scheduling restart of crashed service com.android.providers.media/.MtpService in 5000ms
04-12 12:14:25.799: I/ActivityManager(183): START {act=android.intent.action.MAIN cat=[android.intent.category.LAUNCHER] flg=0x10200000 cmp=com.appcelerator.singlewindow/.SinglewindowActivity} from pid 488
04-12 12:14:25.940: I/ActivityManager(183): Start proc com.appcelerator.singlewindow for activity com.appcelerator.singlewindow/.SinglewindowActivity: pid=2304 uid=10071 gids={1015, 3003}
04-12 12:14:26.112: I/ActivityManager(183): Start proc android.process.media for service com.android.providers.media/.MtpService: pid=2318 uid=10014 gids={1015, 1023, 1024, 2001, 3003, 3007}
04-12 12:14:26.151: I/WindowManager(183): createSurface Window{41cc6998 Starting com.appcelerator.singlewindow paused=false}: DRAW NOW PENDING
04-12 12:14:28.260: I/WindowManager(183): createSurface Window{41ccdd20 com.appcelerator.singlewindow/com.appcelerator.singlewindow.SinglewindowActivity paused=false}: DRAW NOW PENDING
04-12 12:14:28.260: W/InputManagerService(183): Starting input on non-focused client com.android.internal.view.IInputMethodClient$Stub$Proxy@41c5be10 (uid=10031 pid=488)
04-12 12:14:29.744: I/WindowManager(183): createSurface Window{41cd4eb0 com.appcelerator.singlewindow/com.appcelerator.singlewindow.SinglewindowActivity paused=false}: DRAW NOW PENDING
04-12 12:14:30.776: W/InputManagerService(183): Window already focused, ignoring focus gain of: com.android.internal.view.IInputMethodClient$Stub$Proxy@41c8d478
04-12 12:14:32.799: I/WindowManager(183): createSurface Window{41d50d80 com.android.launcher/com.android.launcher2.Launcher paused=false}: DRAW NOW PENDING
04-12 12:14:33.987: I/ActivityManager(183): No longer want com.google.android.apps.maps:FriendService (pid 2070): hidden #16
04-12 12:14:35.260: I/ActivityManager(183): START {act=android.intent.action.MAIN cat=[android.intent.category.LAUNCHER] flg=0x10200000 cmp=com.appcelerator.tabbed/.TabbedActivity} from pid 488
04-12 12:14:35.448: I/ActivityManager(183): Start proc com.appcelerator.tabbed for activity com.appcelerator.tabbed/.TabbedActivity: pid=2347 uid=10072 gids={1015, 3003}
04-12 12:14:35.643: I/WindowManager(183): createSurface Window{41d0ffe8 Starting com.appcelerator.tabbed paused=false}: DRAW NOW PENDING
04-12 12:14:37.190: I/ActivityManager(183): START {cmp=com.appcelerator.tabbed/ti.modules.titanium.ui.TiTabActivity (has extras)} from pid 2347
04-12 12:14:37.534: I/WindowManager(183): createSurface Window{41d31600 com.appcelerator.tabbed/ti.modules.titanium.ui.TiTabActivity paused=false}: DRAW NOW PENDING
04-12 12:14:37.744: W/InputManagerService(183): Starting input on non-focused client com.android.internal.view.IInputMethodClient$Stub$Proxy@41c5be10 (uid=10031 pid=488)
04-12 12:14:42.041: I/ActivityManager(183): START {cmp=com.appcelerator.tabbed/org.appcelerator.titanium.TiActivity (has extras)} from pid 2347
04-12 12:14:42.151: I/WindowManager(183): createSurface Window{41d81878 com.appcelerator.tabbed/org.appcelerator.titanium.TiActivity paused=false}: DRAW NOW PENDING
04-12 12:14:43.291: I/WindowManager(183): createSurface Window{41d31600 com.appcelerator.tabbed/ti.modules.titanium.ui.TiTabActivity paused=false}: DRAW NOW PENDING
04-12 12:14:44.487: I/ActivityManager(183): START {cmp=com.appcelerator.tabbed/org.appcelerator.titanium.TiActivity (has extras)} from pid 2347
04-12 12:14:44.588: I/WindowManager(183): createSurface Window{41b4e610 com.appcelerator.tabbed/org.appcelerator.titanium.TiActivity paused=false}: DRAW NOW PENDING
04-12 12:14:45.557: I/WindowManager(183): createSurface Window{41d31600 com.appcelerator.tabbed/ti.modules.titanium.ui.TiTabActivity paused=false}: DRAW NOW PENDING
04-12 12:14:46.549: I/WindowManager(183): createSurface Window{41d50d80 com.android.launcher/com.android.launcher2.Launcher paused=false}: DRAW NOW PENDING
04-12 12:14:46.932: W/InputManagerService(183): Starting input on non-focused client com.android.internal.view.IInputMethodClient$Stub$Proxy@41afc490 (uid=10072 pid=2347)
04-12 12:14:47.330: I/ActivityManager(183): No longer want com.google.android.apps.maps:LocationFriendService (pid 2089): hidden #16
04-12 12:14:48.955: I/ActivityManager(183): Start proc com.vzw.hss.myverizonged for broadcast com.vzw.hss.myverizonged/com.vzw.hss.datameter.receiver.NetMeterReceiver: pid=2383 uid=10041 gids={3003}
04-12 12:14:49.018: I/ActivityManager(183): No longer want com.android.contacts (pid 1913): hidden #16
04-12 12:14:49.174: W/ActivityManager(183): Unable to start service Intent { act=com.vzw.push.vzwservice.service.CometService }: not found
04-12 12:14:49.596: W/AppWidgetService(183): updateAppWidgetProvider: provider doesn't exist: ComponentInfo{com.vzw.hss.myverizonged/com.vzw.hss.datameter.widget.DataMeterWidget}
04-12 12:14:54.354: I/ActivityManager(183): START {act=android.intent.action.MAIN cat=[android.intent.category.LAUNCHER] flg=0x10200000 cmp=com.appcelerator.html/.HtmlActivity} from pid 488
04-12 12:14:54.635: I/ActivityManager(183): Start proc com.appcelerator.html for activity com.appcelerator.html/.HtmlActivity: pid=2402 uid=10067 gids={1015, 3003}
04-12 12:14:54.659: I/WindowManager(183): createSurface Window{41b323f0 Starting com.appcelerator.html paused=false}: DRAW NOW PENDING
04-12 12:14:56.299: I/ActivityManager(183): START {cmp=com.appcelerator.html/org.appcelerator.titanium.TiModalActivity (has extras)} from pid 2402
04-12 12:14:56.502: I/WindowManager(183): createSurface Window{41c540f8 com.appcelerator.html/com.appcelerator.html.HtmlActivity paused=false}: DRAW NOW PENDING
04-12 12:14:57.791: I/WindowManager(183): createSurface Window{41c9caf0 com.appcelerator.html/org.appcelerator.titanium.TiModalActivity paused=false}: DRAW NOW PENDING
04-12 12:14:57.909: W/InputManagerService(183): Starting input on non-focused client com.android.internal.view.IInputMethodClient$Stub$Proxy@41c5be10 (uid=10031 pid=488)
04-12 12:14:57.909: I/WindowManager(183): createSurface Window{41c9caf0 com.appcelerator.html/org.appcelerator.titanium.TiModalActivity paused=false}: DRAW NOW PENDING
04-12 12:17:49.291: W/AppWidgetService(183): updateAppWidgetProvider: provider doesn't exist: ComponentInfo{com.vzw.hss.myverizonged/com.vzw.hss.datameter.widget.DataMeterWidget}
04-12 12:20:15.088: W/ActivityManager(183): No content provider found for permission revoke: file:///data/local/tmp/app.apk
04-12 12:20:15.182: W/ActivityManager(183): No content provider found for permission revoke: file:///data/local/tmp/app.apk
04-12 12:20:15.799: I/ActivityManager(183): Force stopping package com.appcelerator.html uid=10067
04-12 12:20:15.807: W/ActivityManager(183): Force removing ActivityRecord{41c94df0 com.appcelerator.html/org.appcelerator.titanium.TiModalActivity}: app died, no saved state
04-12 12:20:15.955: I/WindowManager(183): WIN DEATH: Window{41c540f8 com.appcelerator.html/com.appcelerator.html.HtmlActivity paused=false}
04-12 12:20:15.963: I/ActivityManager(183): Force finishing activity ActivityRecord{41ce3b30 com.appcelerator.html/.HtmlActivity}
04-12 12:20:15.963: I/WindowManager(183): WIN DEATH: Window{41c9caf0 com.appcelerator.html/org.appcelerator.titanium.TiModalActivity paused=false}
04-12 12:20:15.971: I/WindowManager(183): WINDOW DIED Window{41c540f8 com.appcelerator.html/com.appcelerator.html.HtmlActivity paused=false}
04-12 12:20:16.244: I/PackageManager(183): Package com.appcelerator.html codePath changed from /data/app/com.appcelerator.html-1.apk to /data/app/com.appcelerator.html-2.apk; Retaining data and using new
04-12 12:20:16.276: I/WindowManager(183): createSurface Window{41d50d80 com.android.launcher/com.android.launcher2.Launcher paused=false}: DRAW NOW PENDING
04-12 12:20:16.448: W/InputManagerService(183): Got RemoteException sending setActive(false) notification to pid 2402 uid 10067
04-12 12:20:18.721: I/ActivityManager(183): Force stopping package com.appcelerator.html uid=10067
04-12 12:20:18.729: W/PackageManager(183): Code path for pkg : com.appcelerator.html changing from /data/app/com.appcelerator.html-1.apk to /data/app/com.appcelerator.html-2.apk
04-12 12:20:18.729: W/PackageManager(183): Resource path for pkg : com.appcelerator.html changing from /data/app/com.appcelerator.html-1.apk to /data/app/com.appcelerator.html-2.apk
04-12 12:20:19.057: I/ActivityManager(183): Force stopping package com.appcelerator.html uid=10067
04-12 12:20:19.143: I/ActivityManager(183): Start proc com.android.contacts for broadcast com.android.contacts/.quickcontact.PackageIntentReceiver: pid=2461 uid=10000 gids={3003, 1015}
04-12 12:20:19.244: D/BackupManagerService(183): Received broadcast Intent { act=android.intent.action.PACKAGE_REMOVED dat=package:com.appcelerator.html flg=0x10000010 (has extras) }
04-12 12:20:19.284: D/BackupManagerService(183): Received broadcast Intent { act=android.intent.action.PACKAGE_ADDED dat=package:com.appcelerator.html flg=0x10000010 (has extras) }
04-12 12:20:19.299: V/BackupManagerService(183): updatePackageParticipantsLocked: com.appcelerator.html
04-12 12:20:19.401: I/ActivityManager(183): Start proc com.android.keychain for broadcast com.android.keychain/.KeyChainBroadcastReceiver: pid=2475 uid=1000 gids={1015, 3002, 3001, 3003, 3007}
04-12 12:20:19.541: D/BackupManagerService(183): Received broadcast Intent { act=android.intent.action.PACKAGE_REPLACED dat=package:com.appcelerator.html flg=0x10000010 (has extras) }
04-12 12:20:19.541: V/BackupManagerService(183): updatePackageParticipantsLocked: com.appcelerator.html
04-12 12:20:19.596: I/ActivityManager(183): No longer want com.google.android.googlequicksearchbox (pid 2015): hidden #16
04-12 12:20:19.651: I/ActivityManager(183): Start proc com.google.android.apps.maps:FriendService for broadcast com.google.android.apps.maps/com.google.googlenav.friend.android.ServiceReceiver: pid=2490 uid=10034 gids={3003, 1015}
04-12 12:20:19.955: I/ActivityManager(183): Start proc com.google.android.googlequicksearchbox for broadcast com.google.android.googlequicksearchbox/.SourceUpdateReceiver: pid=2507 uid=10024 gids={3003}
04-12 12:20:19.955: I/ActivityManager(183): No longer want com.appcelerator.masterdetail (pid 2214): hidden #16
04-12 12:20:19.994: I/ActivityManager(183): Start proc com.google.android.apps.maps:LocationFriendService for broadcast com.google.android.apps.maps/com.google.googlenav.friend.reporting.LocationReportingIntentReceiver: pid=2520 uid=10034 gids={3003, 1015}
04-12 12:20:19.994: I/ActivityManager(183): No longer want com.appcelerator.newproject (pid 2260): hidden #16
04-12 12:20:20.205: I/ActivityManager(183): No longer want com.appcelerator.singlewindow (pid 2304): hidden #16
04-12 12:20:25.221: I/ActivityManager(183): No longer want com.appcelerator.tabbed (pid 2347): hidden #16
04-12 12:21:05.151: I/ActivityManager(183): START {act=android.intent.action.MAIN cat=[android.intent.category.LAUNCHER] flg=0x10200000 cmp=com.appcelerator.html/.HtmlActivity} from pid 488
04-12 12:21:05.424: I/ActivityManager(183): Start proc com.appcelerator.html for activity com.appcelerator.html/.HtmlActivity: pid=2536 uid=10067 gids={1015, 3003}
04-12 12:21:05.448: I/WindowManager(183): createSurface Window{41c9caf0 Starting com.appcelerator.html paused=false}: DRAW NOW PENDING
04-12 12:21:06.385: I/ActivityManager(183): START {cmp=com.appcelerator.html/org.appcelerator.titanium.TiModalActivity (has extras)} from pid 2536
04-12 12:21:06.619: I/WindowManager(183): createSurface Window{41ccdd20 com.appcelerator.html/com.appcelerator.html.HtmlActivity paused=false}: DRAW NOW PENDING
04-12 12:21:07.330: I/WindowManager(183): createSurface Window{41cd4eb0 com.appcelerator.html/org.appcelerator.titanium.TiModalActivity paused=false}: DRAW NOW PENDING
04-12 12:21:07.448: W/InputManagerService(183): Starting input on non-focused client com.android.internal.view.IInputMethodClient$Stub$Proxy@41c5be10 (uid=10031 pid=488)
04-12 12:21:07.448: I/WindowManager(183): createSurface Window{41cd4eb0 com.appcelerator.html/org.appcelerator.titanium.TiModalActivity paused=false}: DRAW NOW PENDING
04-12 12:22:52.244: W/ActivityManager(183): No content provider found for permission revoke: file:///data/local/tmp/app.apk
04-12 12:22:52.338: W/ActivityManager(183): No content provider found for permission revoke: file:///data/local/tmp/app.apk
04-12 12:22:52.862: I/ActivityManager(183): Force stopping package com.appcelerator.html uid=10067
04-12 12:22:52.862: W/ActivityManager(183): Force removing ActivityRecord{41c3ab18 com.appcelerator.html/org.appcelerator.titanium.TiModalActivity}: app died, no saved state
04-12 12:22:52.862: I/ActivityManager(183): Force finishing activity ActivityRecord{41d90a88 com.appcelerator.html/.HtmlActivity}
04-12 12:22:52.885: I/WindowManager(183): WIN DEATH: Window{41cd4eb0 com.appcelerator.html/org.appcelerator.titanium.TiModalActivity paused=false}
04-12 12:22:52.885: I/WindowManager(183): WIN DEATH: Window{41ccdd20 com.appcelerator.html/com.appcelerator.html.HtmlActivity paused=true}
04-12 12:22:52.885: I/WindowManager(183): WINDOW DIED Window{41ccdd20 com.appcelerator.html/com.appcelerator.html.HtmlActivity paused=true}
04-12 12:22:52.987: I/PackageManager(183): Package com.appcelerator.html codePath changed from /data/app/com.appcelerator.html-2.apk to /data/app/com.appcelerator.html-1.apk; Retaining data and using new
04-12 12:22:53.002: I/WindowManager(183): createSurface Window{41d50d80 com.android.launcher/com.android.launcher2.Launcher paused=false}: DRAW NOW PENDING
04-12 12:22:53.151: W/InputManagerService(183): Got RemoteException sending setActive(false) notification to pid 2536 uid 10067
04-12 12:22:55.112: I/ActivityManager(183): Force stopping package com.appcelerator.html uid=10067
04-12 12:22:55.112: W/PackageManager(183): Code path for pkg : com.appcelerator.html changing from /data/app/com.appcelerator.html-2.apk to /data/app/com.appcelerator.html-1.apk
04-12 12:22:55.112: W/PackageManager(183): Resource path for pkg : com.appcelerator.html changing from /data/app/com.appcelerator.html-2.apk to /data/app/com.appcelerator.html-1.apk
04-12 12:22:55.409: I/ActivityManager(183): Force stopping package com.appcelerator.html uid=10067
04-12 12:22:55.604: D/BackupManagerService(183): Received broadcast Intent { act=android.intent.action.PACKAGE_REMOVED dat=package:com.appcelerator.html flg=0x10000010 (has extras) }
04-12 12:22:55.627: D/BackupManagerService(183): Received broadcast Intent { act=android.intent.action.PACKAGE_ADDED dat=package:com.appcelerator.html flg=0x10000010 (has extras) }
04-12 12:22:55.627: V/BackupManagerService(183): updatePackageParticipantsLocked: com.appcelerator.html
04-12 12:22:55.830: D/BackupManagerService(183): Received broadcast Intent { act=android.intent.action.PACKAGE_REPLACED dat=package:com.appcelerator.html flg=0x10000010 (has extras) }
04-12 12:22:55.830: V/BackupManagerService(183): updatePackageParticipantsLocked: com.appcelerator.html
04-12 12:22:59.690: I/ActivityManager(183): START {act=android.intent.action.MAIN cat=[android.intent.category.LAUNCHER] flg=0x10200000 cmp=com.appcelerator.html/.HtmlActivity} from pid 488
04-12 12:22:59.932: I/ActivityManager(183): Start proc com.appcelerator.html for activity com.appcelerator.html/.HtmlActivity: pid=2591 uid=10067 gids={1015, 3003}
04-12 12:22:59.971: I/WindowManager(183): createSurface Window{41b323f0 Starting com.appcelerator.html paused=false}: DRAW NOW PENDING
04-12 12:23:00.940: I/ActivityManager(183): START {cmp=com.appcelerator.html/org.appcelerator.titanium.TiModalActivity (has extras)} from pid 2591
04-12 12:23:01.182: I/WindowManager(183): createSurface Window{41c522d8 com.appcelerator.html/com.appcelerator.html.HtmlActivity paused=false}: DRAW NOW PENDING
04-12 12:23:01.557: I/WindowManager(183): createSurface Window{41cd4eb0 com.appcelerator.html/org.appcelerator.titanium.TiModalActivity paused=false}: DRAW NOW PENDING
04-12 12:23:01.690: W/InputManagerService(183): Starting input on non-focused client com.android.internal.view.IInputMethodClient$Stub$Proxy@41c5be10 (uid=10031 pid=488)
04-12 12:23:01.690: I/WindowManager(183): createSurface Window{41cd4eb0 com.appcelerator.html/org.appcelerator.titanium.TiModalActivity paused=false}: DRAW NOW PENDING
04-12 12:25:21.205: W/ActivityManager(183): No content provider found for permission revoke: file:///data/local/tmp/app.apk
04-12 12:25:21.307: W/ActivityManager(183): No content provider found for permission revoke: file:///data/local/tmp/app.apk
04-12 12:25:21.862: I/ActivityManager(183): Force stopping package com.appcelerator.html uid=10067
04-12 12:25:21.862: W/ActivityManager(183): Force removing ActivityRecord{41c8b6e0 com.appcelerator.html/org.appcelerator.titanium.TiModalActivity}: app died, no saved state
04-12 12:25:21.869: I/ActivityManager(183): Force finishing activity ActivityRecord{41c54f00 com.appcelerator.html/.HtmlActivity}
04-12 12:25:21.893: I/WindowManager(183): WIN DEATH: Window{41c522d8 com.appcelerator.html/com.appcelerator.html.HtmlActivity paused=true}
04-12 12:25:21.893: I/WindowManager(183): WIN DEATH: Window{41cd4eb0 com.appcelerator.html/org.appcelerator.titanium.TiModalActivity paused=false}
04-12 12:25:22.409: I/PackageManager(183): Package com.appcelerator.html codePath changed from /data/app/com.appcelerator.html-1.apk to /data/app/com.appcelerator.html-2.apk; Retaining data and using new
04-12 12:25:22.440: I/WindowManager(183): createSurface Window{41d50d80 com.android.launcher/com.android.launcher2.Launcher paused=false}: DRAW NOW PENDING
04-12 12:25:22.580: W/InputManagerService(183): Got RemoteException sending setActive(false) notification to pid 2591 uid 10067
04-12 12:25:25.643: I/ActivityManager(183): Force stopping package com.appcelerator.html uid=10067
04-12 12:25:25.651: W/PackageManager(183): Code path for pkg : com.appcelerator.html changing from /data/app/com.appcelerator.html-1.apk to /data/app/com.appcelerator.html-2.apk
04-12 12:25:25.651: W/PackageManager(183): Resource path for pkg : com.appcelerator.html changing from /data/app/com.appcelerator.html-1.apk to /data/app/com.appcelerator.html-2.apk
04-12 12:25:25.924: I/ActivityManager(183): Force stopping package com.appcelerator.html uid=10067
04-12 12:25:26.018: D/BackupManagerService(183): Received broadcast Intent { act=android.intent.action.PACKAGE_REMOVED dat=package:com.appcelerator.html flg=0x10000010 (has extras) }
04-12 12:25:26.346: D/BackupManagerService(183): Received broadcast Intent { act=android.intent.action.PACKAGE_ADDED dat=package:com.appcelerator.html flg=0x10000010 (has extras) }
04-12 12:25:26.346: V/BackupManagerService(183): updatePackageParticipantsLocked: com.appcelerator.html
04-12 12:25:26.534: D/BackupManagerService(183): Received broadcast Intent { act=android.intent.action.PACKAGE_REPLACED dat=package:com.appcelerator.html flg=0x10000010 (has extras) }
04-12 12:25:26.534: V/BackupManagerService(183): updatePackageParticipantsLocked: com.appcelerator.html
04-12 12:25:37.440: I/ActivityManager(183): START {act=android.intent.action.MAIN cat=[android.intent.category.LAUNCHER] flg=0x10200000 cmp=com.appcelerator.html/.HtmlActivity} from pid 488
04-12 12:25:37.713: I/ActivityManager(183): Start proc com.appcelerator.html for activity com.appcelerator.html/.HtmlActivity: pid=2653 uid=10067 gids={1015, 3003}
04-12 12:25:37.744: I/WindowManager(183): createSurface Window{41cd4eb0 Starting com.appcelerator.html paused=false}: DRAW NOW PENDING
04-12 12:25:38.713: I/ActivityManager(183): START {cmp=com.appcelerator.html/org.appcelerator.titanium.TiModalActivity (has extras)} from pid 2653
04-12 12:25:38.963: I/WindowManager(183): createSurface Window{41cf1f08 com.appcelerator.html/com.appcelerator.html.HtmlActivity paused=false}: DRAW NOW PENDING
04-12 12:25:39.744: I/WindowManager(183): createSurface Window{41d309b0 com.appcelerator.html/org.appcelerator.titanium.TiModalActivity paused=false}: DRAW NOW PENDING
04-12 12:25:39.869: W/InputManagerService(183): Starting input on non-focused client com.android.internal.view.IInputMethodClient$Stub$Proxy@41c5be10 (uid=10031 pid=488)
04-12 12:25:39.869: I/WindowManager(183): createSurface Window{41d309b0 com.appcelerator.html/org.appcelerator.titanium.TiModalActivity paused=false}: DRAW NOW PENDING
04-12 12:28:10.635: I/WindowManager(183): createSurface Window{41f05960 AtchDlg:com.appcelerator.html/org.appcelerator.titanium.TiModalActivity paused=false}: DRAW NOW PENDING
04-12 12:28:39.869: I/ActivityManager(183): No longer want com.vzw.hss.myverizonged (pid 2383): hidden #16
04-12 12:28:50.510: D/ConnectivityService(183): ConnectivityChange for WIFI: DISCONNECTED/DISCONNECTED
04-12 12:28:50.526: D/ConnectivityService(183): Attempting to switch to mobile
04-12 12:28:50.526: D/ConnectivityService(183): Attempting to switch to BLUETOOTH_TETHER
04-12 12:28:50.534: D/ConnectivityService(183): resetConnections(wlan0, 3)
04-12 12:28:50.713: D/ConnectivityService(183): handleInetConditionChange: no active default network - ignore
04-12 12:28:51.534: D/NetlinkEvent(112): Unexpected netlink message. type=0xf
04-12 12:28:51.596: D/ConnectivityService(183): ConnectivityChange for mobile: CONNECTED/CONNECTED
04-12 12:28:51.659: D/NetworkPolicy(183): applying policy NetworkPolicy[NetworkTemplate: matchRule=MOBILE_ALL, subscriberId=valid]: cycleDay=19, warningBytes=2147483648, limitBytes=-1, lastSnooze=-1 to ifaces [rmnet1]
04-12 12:28:52.924: D/ConnectivityService(183): ConnectivityChange for WIFI: CONNECTED/CONNECTED
04-12 12:28:52.924: D/ConnectivityService(183): Policy requires mobile teardown
04-12 12:28:52.979: D/NetworkPolicy(183): applying policy NetworkPolicy[NetworkTemplate: matchRule=MOBILE_ALL, subscriberId=valid]: cycleDay=19, warningBytes=2147483648, limitBytes=-1, lastSnooze=-1 to ifaces [rmnet1]
04-12 12:28:53.252: D/NetlinkEvent(112): Unexpected netlink message. type=0x11
04-12 12:28:53.268: D/ConnectivityService(183): ConnectivityChange for mobile: DISCONNECTED/DISCONNECTED
04-12 12:28:53.276: D/ConnectivityService(183): Attempting to switch to WIFI
04-12 12:28:53.276: D/ConnectivityService(183): Attempting to switch to BLUETOOTH_TETHER
04-12 12:28:53.291: D/ConnectivityService(183): resetConnections(rmnet1, 3)
04-12 12:28:53.627: I/ActivityManager(183): Start proc com.google.android.apps.uploader for broadcast com.google.android.apps.uploader/.ConnectivityBroadcastReceiver: pid=2719 uid=10036 gids={3003}
04-12 12:28:54.534: D/ConnectivityService(183): handleInetConditionHoldEnd: net=1, condition=100, published condition=0
04-12 12:28:54.596: I/ActivityManager(183): Start proc com.google.android.talk for broadcast com.google.android.talk/.ConnectionStateOnlineReceiver: pid=2744 uid=10054 gids={3003, 1015, 1006, 3002}
04-12 12:28:54.768: I/ActivityManager(183): No longer want com.android.keychain (pid 2475): hidden #16
04-12 12:28:55.151: D/ConnectivityService(183): handleInetConditionHoldEnd: net=1, condition=100, published condition=100
04-12 12:28:56.479: D/ConnectivityService(183): handleInetConditionHoldEnd: net=1, condition=100, published condition=100
04-12 12:32:43.987: W/InputManagerService(183): Window already focused, ignoring focus gain of: com.android.internal.view.IInputMethodClient$Stub$Proxy@41d2c178
04-12 12:32:46.377: I/WindowManager(183): createSurface Window{41d50d80 com.android.launcher/com.android.launcher2.Launcher paused=false}: DRAW NOW PENDING
04-12 12:32:46.666: W/InputManagerService(183): Starting input on non-focused client com.android.internal.view.IInputMethodClient$Stub$Proxy@41d1cad0 (uid=10067 pid=2653)
04-12 12:32:47.151: I/ActivityManager(183): No longer want com.google.android.gallery3d (pid 1928): hidden #16
04-12 12:41:20.159: I/ActivityManager(183): No longer want com.android.bip (pid 2029): hidden #16
04-12 12:41:20.174: W/ActivityManager(183): Scheduling restart of crashed service com.android.bip/.BIPService in 5000ms
04-12 12:41:25.205: I/ActivityManager(183): Start proc com.android.bip for service com.android.bip/.BIPService: pid=2782 uid=10001 gids={3003}
04-12 12:43:35.823: V/BackupManagerService(183): Running a backup pass
04-12 12:43:35.823: V/BackupManagerService(183): Backup requested but nothing pending
04-12 12:45:00.002: I/ActivityManager(183): No longer want com.google.android.partnersetup (pid 1946): hidden #16
04-12 12:47:01.330: D/NetlinkEvent(112): Unexpected netlink message. type=0x11
04-12 12:47:01.362: D/ConnectivityService(183): ConnectivityChange for mobile_ims: DISCONNECTED/DISCONNECTED
04-12 12:47:01.385: W/FrameworkListener(112): Handler 'interface' error (No such device)
04-12 12:47:01.416: W/FrameworkListener(112): Handler 'interface' error (No such device)
04-12 12:47:01.424: D/ConnectivityService(183): resetConnections(rmnet0, 3)
04-12 12:47:02.323: D/ConnectivityService(183): ConnectivityChange for mobile: DISCONNECTED/DISCONNECTED
04-12 12:47:02.323: D/ConnectivityService(183): Attempting to switch to WIFI
04-12 12:47:02.323: D/ConnectivityService(183): Attempting to switch to BLUETOOTH_TETHER
04-12 12:47:02.323: D/ConnectivityService(183): resetConnections(rmnet1, 3)
04-12 12:47:02.541: D/NetlinkEvent(112): Unexpected netlink message. type=0xf
04-12 12:47:02.698: D/ConnectivityService(183): ConnectivityChange for mobile: DISCONNECTED/DISCONNECTED
04-12 12:47:02.698: D/ConnectivityService(183): Attempting to switch to WIFI
04-12 12:47:02.698: D/ConnectivityService(183): Attempting to switch to BLUETOOTH_TETHER
04-12 12:47:02.698: D/ConnectivityService(183): resetConnections(rmnet1, 3)
04-12 12:47:03.627: D/NetlinkEvent(112): Unexpected netlink message. type=0xf
04-12 12:47:03.698: D/ConnectivityService(183): ConnectivityChange for mobile: CONNECTED/CONNECTED
04-12 12:47:03.893: D/NetlinkEvent(112): Unexpected netlink message. type=0x11
04-12 12:47:03.916: D/ConnectivityService(183): ConnectivityChange for mobile: DISCONNECTED/DISCONNECTED
04-12 12:47:03.916: D/ConnectivityService(183): Attempting to switch to WIFI
04-12 12:47:03.916: D/ConnectivityService(183): Attempting to switch to BLUETOOTH_TETHER
04-12 12:47:03.924: D/ConnectivityService(183): resetConnections(rmnet1, 3)
04-12 12:47:04.987: D/ConnectivityService(183): handleInetConditionHoldEnd: net=1, condition=100, published condition=100
04-12 12:47:05.916: D/ConnectivityService(183): handleInetConditionHoldEnd: net=1, condition=100, published condition=100
04-12 12:47:06.588: D/ConnectivityService(183): startUsingNetworkFeature reconnecting to 0: enableIMS
04-12 12:47:06.698: D/ConnectivityService(183): ConnectivityChange for mobile_ims: CONNECTED/CONNECTED
04-12 12:47:06.721: W/FrameworkListener(112): Handler 'interface' error (No such device)
04-12 12:47:06.729: W/FrameworkListener(112): Handler 'interface' error (No such device)
04-12 12:47:07.479: D/ConnectivityService(183): handleInetConditionHoldEnd: net=1, condition=100, published condition=100
04-12 12:47:10.260: D/ConnectivityService(183): handleInetConditionHoldEnd: net=1, condition=100, published condition=100
04-12 12:47:49.112: I/ActivityManager(183): Start proc com.vzw.hss.myverizonged for broadcast com.vzw.hss.myverizonged/com.vzw.hss.datameter.receiver.NetMeterReceiver: pid=2825 uid=10041 gids={3003}
04-12 12:47:49.166: I/ActivityManager(183): No longer want com.android.voicedialer (pid 1971): hidden #16
04-12 12:47:49.268: W/ActivityManager(183): Unable to start service Intent { act=com.vzw.push.vzwservice.service.CometService }: not found
04-12 12:47:49.651: W/AppWidgetService(183): updateAppWidgetProvider: provider doesn't exist: ComponentInfo{com.vzw.hss.myverizonged/com.vzw.hss.datameter.widget.DataMeterWidget}
04-12 12:50:49.409: W/AppWidgetService(183): updateAppWidgetProvider: provider doesn't exist: ComponentInfo{com.vzw.hss.myverizonged/com.vzw.hss.datameter.widget.DataMeterWidget}
04-12 12:55:31.034: I/ActivityManager(183): No longer want com.google.android.apps.maps:NetworkLocationService (pid 2057): hidden #16
04-12 12:55:31.057: W/ActivityManager(183): Scheduling restart of crashed service com.google.android.apps.maps/com.google.android.location.internal.server.NetworkLocationService in 5000ms
04-12 12:55:36.080: I/ActivityManager(183): Start proc com.google.android.apps.maps:NetworkLocationService for service com.google.android.apps.maps/com.google.android.location.internal.server.NetworkLocationService: pid=2841 uid=10034 gids={3003, 1015}
04-12 12:58:55.541: I/ActivityManager(183): No longer want com.android.contacts (pid 2461): hidden #16
04-12 12:59:02.182: D/ConnectivityService(183): ConnectivityChange for WIFI: DISCONNECTED/DISCONNECTED
04-12 12:59:02.190: D/ConnectivityService(183): Attempting to switch to mobile
04-12 12:59:02.190: D/ConnectivityService(183): Attempting to switch to BLUETOOTH_TETHER
04-12 12:59:02.205: D/ConnectivityService(183): resetConnections(wlan0, 3)
04-12 12:59:02.401: D/ConnectivityService(183): handleInetConditionChange: no active default network - ignore
04-12 12:59:03.213: D/NetlinkEvent(112): Unexpected netlink message. type=0xf
04-12 12:59:03.291: D/ConnectivityService(183): ConnectivityChange for mobile: CONNECTED/CONNECTED
04-12 12:59:03.354: D/NetworkPolicy(183): applying policy NetworkPolicy[NetworkTemplate: matchRule=MOBILE_ALL, subscriberId=valid]: cycleDay=19, warningBytes=2147483648, limitBytes=-1, lastSnooze=-1 to ifaces [rmnet1]
04-12 12:59:04.619: D/ConnectivityService(183): ConnectivityChange for WIFI: CONNECTED/CONNECTED
04-12 12:59:04.619: D/ConnectivityService(183): Policy requires mobile teardown
04-12 12:59:04.666: D/NetworkPolicy(183): applying policy NetworkPolicy[NetworkTemplate: matchRule=MOBILE_ALL, subscriberId=valid]: cycleDay=19, warningBytes=2147483648, limitBytes=-1, lastSnooze=-1 to ifaces [rmnet1]
04-12 12:59:04.994: D/NetlinkEvent(112): Unexpected netlink message. type=0x11
04-12 12:59:05.041: D/ConnectivityService(183): ConnectivityChange for mobile: DISCONNECTED/DISCONNECTED
04-12 12:59:05.041: D/ConnectivityService(183): Attempting to switch to WIFI
04-12 12:59:05.041: D/ConnectivityService(183): Attempting to switch to BLUETOOTH_TETHER
04-12 12:59:05.049: D/ConnectivityService(183): resetConnections(rmnet1, 3)
04-12 12:59:06.299: D/ConnectivityService(183): handleInetConditionHoldEnd: net=1, condition=100, published condition=0
04-12 12:59:06.846: D/ConnectivityService(183): handleInetConditionHoldEnd: net=1, condition=100, published condition=100
04-12 12:59:08.174: D/ConnectivityService(183): handleInetConditionHoldEnd: net=1, condition=100, published condition=100
04-12 13:12:00.002: I/ActivityManager(183): No longer want com.android.musicfx (pid 1958): hidden #16
04-12 13:20:49.588: W/AppWidgetService(183): updateAppWidgetProvider: provider doesn't exist: ComponentInfo{com.vzw.hss.myverizonged/com.vzw.hss.datameter.widget.DataMeterWidget}
04-12 13:25:41.112: I/ActivityManager(183): No longer want com.android.defcontainer (pid 1899): hidden #16
04-12 13:29:03.346: I/ActivityManager(183): No longer want com.google.android.googlequicksearchbox (pid 2507): hidden #16
04-12 13:29:13.901: D/ConnectivityService(183): ConnectivityChange for WIFI: DISCONNECTED/DISCONNECTED
04-12 13:29:13.909: D/ConnectivityService(183): Attempting to switch to mobile
04-12 13:29:13.909: D/ConnectivityService(183): Attempting to switch to BLUETOOTH_TETHER
04-12 13:29:13.916: D/ConnectivityService(183): resetConnections(wlan0, 3)
04-12 13:29:14.096: D/ConnectivityService(183): handleInetConditionChange: no active default network - ignore
04-12 13:29:14.838: D/NetlinkEvent(112): Unexpected netlink message. type=0xf
04-12 13:29:14.909: D/ConnectivityService(183): ConnectivityChange for mobile: CONNECTED/CONNECTED
04-12 13:29:14.955: D/NetworkPolicy(183): applying policy NetworkPolicy[NetworkTemplate: matchRule=MOBILE_ALL, subscriberId=valid]: cycleDay=19, warningBytes=2147483648, limitBytes=-1, lastSnooze=-1 to ifaces [rmnet1]
04-12 13:29:16.260: D/ConnectivityService(183): ConnectivityChange for WIFI: CONNECTED/CONNECTED
04-12 13:29:16.260: D/ConnectivityService(183): Policy requires mobile teardown
04-12 13:29:16.299: D/NetworkPolicy(183): applying policy NetworkPolicy[NetworkTemplate: matchRule=MOBILE_ALL, subscriberId=valid]: cycleDay=19, warningBytes=2147483648, limitBytes=-1, lastSnooze=-1 to ifaces [rmnet1]
04-12 13:29:16.619: D/NetlinkEvent(112): Unexpected netlink message. type=0x11
04-12 13:29:16.643: D/ConnectivityService(183): ConnectivityChange for mobile: DISCONNECTED/DISCONNECTED
04-12 13:29:16.643: D/ConnectivityService(183): Attempting to switch to WIFI
04-12 13:29:16.651: D/ConnectivityService(183): Attempting to switch to BLUETOOTH_TETHER
04-12 13:29:16.651: D/ConnectivityService(183): resetConnections(rmnet1, 3)
04-12 13:29:18.018: D/ConnectivityService(183): handleInetConditionHoldEnd: net=1, condition=100, published condition=0
04-12 13:29:19.815: D/ConnectivityService(183): handleInetConditionHoldEnd: net=1, condition=100, published condition=100
04-12 13:45:56.987: V/BackupManagerService(183): Running a backup pass
04-12 13:45:56.987: V/BackupManagerService(183): Backup requested but nothing pending
04-12 13:50:49.416: W/AppWidgetService(183): updateAppWidgetProvider: provider doesn't exist: ComponentInfo{com.vzw.hss.myverizonged/com.vzw.hss.datameter.widget.DataMeterWidget}
04-12 13:53:20.705: I/ActivityManager(183): Force stopping package com.appcelerator.html uid=10067
04-12 13:53:20.830: I/ActivityManager(183): Force stopping package com.appcelerator.html uid=10067
04-12 13:53:20.885: I/ActivityManager(183): Start proc com.android.contacts for broadcast com.android.contacts/.quickcontact.PackageIntentReceiver: pid=2996 uid=10000 gids={3003, 1015}
04-12 13:53:20.932: I/ActivityManager(183): Start proc com.google.android.inputmethod.latin.dictionarypack for content provider com.google.android.inputmethod.latin.dictionarypack/.DictionaryProvider: pid=3008 uid=10029 gids={3003, 1015}
04-12 13:53:20.948: D/BackupManagerService(183): Received broadcast Intent { act=android.intent.action.PACKAGE_REMOVED dat=package:com.appcelerator.html flg=0x10000010 (has extras) }
04-12 13:53:20.948: V/BackupManagerService(183): removePackageParticipantsLocked: com.appcelerator.html
04-12 13:53:21.096: I/ActivityManager(183): Start proc com.google.android.gallery3d for broadcast com.google.android.gallery3d/com.android.gallery3d.app.PackagesMonitor: pid=3024 uid=10018 gids={3003, 1015}
04-12 13:53:21.307: I/ActivityManager(183): Start proc com.android.defcontainer for service com.android.defcontainer/.DefaultContainerService: pid=3039 uid=10012 gids={1015, 2001}
04-12 13:53:21.346: I/ActivityManager(183): Start proc com.android.keychain for broadcast com.android.keychain/.KeyChainBroadcastReceiver: pid=3051 uid=1000 gids={1015, 3002, 3001, 3003, 3007}
04-12 13:53:21.346: I/ActivityManager(183): No longer want com.android.vending (pid 1985): hidden #16
04-12 13:53:21.393: I/ActivityManager(183): Start proc com.android.musicfx for broadcast com.android.musicfx/.Compatibility$Receiver: pid=3065 uid=10040 gids={3003, 3002}
04-12 13:53:21.401: I/ActivityManager(183): No longer want com.android.bip (pid 2782): hidden #16
04-12 13:53:21.416: I/ActivityManager(183): No longer want com.google.android.apps.maps:NetworkLocationService (pid 2841): hidden #16
04-12 13:53:21.424: W/ActivityManager(183): Scheduling restart of crashed service com.android.bip/.BIPService in 5000ms
04-12 13:53:21.463: I/ActivityManager(183): Start proc com.android.voicedialer for broadcast com.android.voicedialer/.VoiceDialerReceiver: pid=3080 uid=10062 gids={3002}
04-12 13:53:21.463: W/ActivityManager(183): Scheduling restart of crashed service com.google.android.apps.maps/com.google.android.location.internal.server.NetworkLocationService in 14959ms
04-12 13:53:21.471: I/ActivityManager(183): No longer want com.google.android.apps.maps:FriendService (pid 2490): hidden #16
04-12 13:53:21.518: I/ActivityManager(183): Start proc com.android.vending for broadcast com.android.vending/com.google.android.finsky.receivers.PackageMonitorReceiver$RegisteredReceiver: pid=3093 uid=10046 gids={3003, 1015}
04-12 13:53:21.518: I/ActivityManager(183): No longer want com.google.android.apps.maps:LocationFriendService (pid 2520): hidden #16
04-12 13:53:21.823: I/ActivityManager(183): Start proc com.google.android.googlequicksearchbox for broadcast com.google.android.googlequicksearchbox/.SourceUpdateReceiver: pid=3134 uid=10024 gids={3003}
04-12 13:53:21.823: I/ActivityManager(183): No longer want com.google.android.talk (pid 2744): hidden #16
04-12 13:53:21.885: I/ActivityManager(183): No longer want com.google.android.apps.uploader (pid 2719): hidden #16
04-12 13:53:21.901: I/ActivityManager(183): Force stopping package com.appcelerator.masterdetail uid=10069
04-12 13:53:22.065: I/ActivityManager(183): Force stopping package com.appcelerator.masterdetail uid=10069
04-12 13:53:22.268: D/BackupManagerService(183): Received broadcast Intent { act=android.intent.action.PACKAGE_REMOVED dat=package:com.appcelerator.masterdetail flg=0x10000010 (has extras) }
04-12 13:53:22.268: V/BackupManagerService(183): removePackageParticipantsLocked: com.appcelerator.masterdetail
04-12 13:53:23.080: I/ActivityManager(183): Force stopping package com.appcelerator.newproject uid=10070
04-12 13:53:23.221: I/ActivityManager(183): Force stopping package com.appcelerator.newproject uid=10070
04-12 13:53:23.307: D/BackupManagerService(183): Received broadcast Intent { act=android.intent.action.PACKAGE_REMOVED dat=package:com.appcelerator.newproject flg=0x10000010 (has extras) }
04-12 13:53:23.307: V/BackupManagerService(183): removePackageParticipantsLocked: com.appcelerator.newproject
04-12 13:53:24.135: I/ActivityManager(183): Force stopping package com.appcelerator.singlewindow uid=10071
04-12 13:53:24.307: I/ActivityManager(183): Force stopping package com.appcelerator.singlewindow uid=10071
04-12 13:53:24.510: D/BackupManagerService(183): Received broadcast Intent { act=android.intent.action.PACKAGE_REMOVED dat=package:com.appcelerator.singlewindow flg=0x10000010 (has extras) }
04-12 13:53:24.510: V/BackupManagerService(183): removePackageParticipantsLocked: com.appcelerator.singlewindow
04-12 13:53:25.276: I/ActivityManager(183): Force stopping package com.appcelerator.tabbed uid=10072
04-12 13:53:25.416: I/ActivityManager(183): Force stopping package com.appcelerator.tabbed uid=10072
04-12 13:53:25.690: D/BackupManagerService(183): Received broadcast Intent { act=android.intent.action.PACKAGE_REMOVED dat=package:com.appcelerator.tabbed flg=0x10000010 (has extras) }
04-12 13:53:25.690: V/BackupManagerService(183): removePackageParticipantsLocked: com.appcelerator.tabbed
04-12 13:53:26.455: I/ActivityManager(183): Start proc com.android.bip for service com.android.bip/.BIPService: pid=3215 uid=10001 gids={3003}
04-12 13:53:36.463: I/ActivityManager(183): Start proc com.google.android.apps.maps:NetworkLocationService for service com.google.android.apps.maps/com.google.android.location.internal.server.NetworkLocationService: pid=3231 uid=10034 gids={3003, 1015}
04-12 13:53:36.690: I/ActivityManager(183): Start proc com.google.android.apps.maps:FriendService for broadcast com.google.android.apps.maps/com.google.googlenav.friend.android.ServiceReceiver: pid=3244 uid=10034 gids={3003, 1015}
04-12 13:53:36.987: I/ActivityManager(183): Start proc com.google.android.apps.maps:LocationFriendService for broadcast com.google.android.apps.maps/com.google.googlenav.friend.reporting.LocationReportingIntentReceiver: pid=3264 uid=10034 gids={3003, 1015}
04-12 13:53:36.987: I/ActivityManager(183): No longer want com.samsung.syncservice (pid 2275): hidden #16
04-12 13:53:36.994: W/ActivityManager(183): Scheduling restart of crashed service com.samsung.syncservice/.SyncmlService in 5000ms
04-12 13:53:37.151: I/ActivityManager(183): No longer want com.vzw.hss.myverizonged (pid 2825): hidden #16
04-12 13:53:42.034: I/ActivityManager(183): Start proc com.samsung.syncservice for service com.samsung.syncservice/.SyncmlService: pid=3282 uid=1000 gids={1015, 3002, 3001, 3003, 3007}
04-12 13:54:01.612: W/ActivityManager(183): No content provider found for permission revoke: file:///data/local/tmp/HTML.apk
04-12 13:54:01.705: W/ActivityManager(183): No content provider found for permission revoke: file:///data/local/tmp/HTML.apk
04-12 13:54:05.291: I/ActivityManager(183): Force stopping package com.appcelerator.html uid=10067
04-12 13:54:06.330: D/BackupManagerService(183): Received broadcast Intent { act=android.intent.action.PACKAGE_ADDED dat=package:com.appcelerator.html flg=0x10000010 (has extras) }
04-12 13:54:06.330: V/BackupManagerService(183): addPackageParticipantsLocked: com.appcelerator.html
04-12 13:54:06.440: I/ActivityManager(183): Start proc com.google.android.partnersetup for broadcast com.google.android.partnersetup/.RlzPingBroadcastReceiver: pid=3311 uid=10023 gids={3003}
04-12 13:54:11.737: I/ActivityManager(183): No longer want android.process.media (pid 2318): hidden #16
04-12 13:54:11.760: W/ActivityManager(183): Scheduling restart of crashed service com.android.providers.media/.MtpService in 5000ms
04-12 13:54:12.955: W/ActivityManager(183): No content provider found for permission revoke: file:///data/local/tmp/MasterDetail.apk
04-12 13:54:13.018: W/ActivityManager(183): No content provider found for permission revoke: file:///data/local/tmp/MasterDetail.apk
04-12 13:54:14.979: I/ActivityManager(183): Force stopping package com.appcelerator.masterdetail uid=10069
04-12 13:54:15.362: D/BackupManagerService(183): Received broadcast Intent { act=android.intent.action.PACKAGE_ADDED dat=package:com.appcelerator.masterdetail flg=0x10000010 (has extras) }
04-12 13:54:15.362: V/BackupManagerService(183): addPackageParticipantsLocked: com.appcelerator.masterdetail
04-12 13:54:16.791: I/ActivityManager(183): Start proc android.process.media for service com.android.providers.media/.MtpService: pid=3348 uid=10014 gids={1015, 1023, 1024, 2001, 3003, 3007}
04-12 13:54:21.432: W/ActivityManager(183): No content provider found for permission revoke: file:///data/local/tmp/NewProject.apk
04-12 13:54:21.510: W/ActivityManager(183): No content provider found for permission revoke: file:///data/local/tmp/NewProject.apk
04-12 13:54:24.994: I/ActivityManager(183): Force stopping package com.appcelerator.newproject uid=10070
04-12 13:54:25.385: D/BackupManagerService(183): Received broadcast Intent { act=android.intent.action.PACKAGE_ADDED dat=package:com.appcelerator.newproject flg=0x10000010 (has extras) }
04-12 13:54:25.385: V/BackupManagerService(183): addPackageParticipantsLocked: com.appcelerator.newproject
04-12 13:54:32.002: W/ActivityManager(183): No content provider found for permission revoke: file:///data/local/tmp/SingleWindow.apk
04-12 13:54:32.088: W/ActivityManager(183): No content provider found for permission revoke: file:///data/local/tmp/SingleWindow.apk
04-12 13:54:35.377: I/ActivityManager(183): Force stopping package com.appcelerator.singlewindow uid=10071
04-12 13:54:36.354: D/BackupManagerService(183): Received broadcast Intent { act=android.intent.action.PACKAGE_ADDED dat=package:com.appcelerator.singlewindow flg=0x10000010 (has extras) }
04-12 13:54:36.354: V/BackupManagerService(183): addPackageParticipantsLocked: com.appcelerator.singlewindow
04-12 13:54:44.752: W/ActivityManager(183): No content provider found for permission revoke: file:///data/local/tmp/Tabbed.apk
04-12 13:54:44.815: W/ActivityManager(183): No content provider found for permission revoke: file:///data/local/tmp/Tabbed.apk
04-12 13:54:47.612: I/ActivityManager(183): Force stopping package com.appcelerator.tabbed uid=10072
04-12 13:54:48.815: D/BackupManagerService(183): Received broadcast Intent { act=android.intent.action.PACKAGE_ADDED dat=package:com.appcelerator.tabbed flg=0x10000010 (has extras) }
04-12 13:54:48.815: V/BackupManagerService(183): addPackageParticipantsLocked: com.appcelerator.tabbed
04-12 13:54:58.799: I/ActivityManager(183): START {act=android.intent.action.MAIN cat=[android.intent.category.LAUNCHER] flg=0x10200000 cmp=com.appcelerator.html/.HtmlActivity} from pid 488
04-12 13:54:59.096: I/ActivityManager(183): Start proc com.appcelerator.html for activity com.appcelerator.html/.HtmlActivity: pid=3428 uid=10067 gids={1015, 3003}
04-12 13:54:59.135: I/WindowManager(183): createSurface Window{41c6c690 Starting com.appcelerator.html paused=false}: DRAW NOW PENDING
04-12 13:55:01.323: I/ActivityManager(183): START {cmp=com.appcelerator.html/org.appcelerator.titanium.TiModalActivity (has extras)} from pid 3428
04-12 13:55:01.573: I/WindowManager(183): createSurface Window{41cd80e0 com.appcelerator.html/com.appcelerator.html.HtmlActivity paused=false}: DRAW NOW PENDING
04-12 13:55:02.455: I/WindowManager(183): createSurface Window{41cef880 com.appcelerator.html/org.appcelerator.titanium.TiModalActivity paused=false}: DRAW NOW PENDING
04-12 13:55:02.573: W/InputManagerService(183): Starting input on non-focused client com.android.internal.view.IInputMethodClient$Stub$Proxy@41c5be10 (uid=10031 pid=488)
04-12 13:55:02.580: I/WindowManager(183): createSurface Window{41cef880 com.appcelerator.html/org.appcelerator.titanium.TiModalActivity paused=false}: DRAW NOW PENDING
04-12 13:55:32.838: I/WindowManager(183): createSurface Window{41d50d80 com.android.launcher/com.android.launcher2.Launcher paused=false}: DRAW NOW PENDING
04-12 13:55:33.096: W/InputManagerService(183): Starting input on non-focused client com.android.internal.view.IInputMethodClient$Stub$Proxy@41c86c88 (uid=10067 pid=3428)
04-12 13:55:33.479: I/ActivityManager(183): No longer want com.google.android.inputmethod.latin.dictionarypack (pid 3008): hidden #16
04-12 13:55:36.401: I/ActivityManager(183): START {act=android.intent.action.MAIN cat=[android.intent.category.LAUNCHER] flg=0x10200000 cmp=com.appcelerator.masterdetail/.MasterdetailActivity} from pid 488
04-12 13:55:36.659: I/ActivityManager(183): Start proc com.appcelerator.masterdetail for activity com.appcelerator.masterdetail/.MasterdetailActivity: pid=3464 uid=10069 gids={1015, 3003}
04-12 13:55:36.674: I/WindowManager(183): createSurface Window{41b258c0 Starting com.appcelerator.masterdetail paused=false}: DRAW NOW PENDING
04-12 13:55:38.737: I/WindowManager(183): createSurface Window{41ccae28 com.appcelerator.masterdetail/com.appcelerator.masterdetail.MasterdetailActivity paused=false}: DRAW NOW PENDING
04-12 13:55:38.768: W/InputManagerService(183): Starting input on non-focused client com.android.internal.view.IInputMethodClient$Stub$Proxy@41c5be10 (uid=10031 pid=488)
04-12 13:55:53.494: I/WindowManager(183): createSurface Window{41d50d80 com.android.launcher/com.android.launcher2.Launcher paused=false}: DRAW NOW PENDING
04-12 13:55:53.955: W/InputManagerService(183): Starting input on non-focused client com.android.internal.view.IInputMethodClient$Stub$Proxy@41c69d50 (uid=10069 pid=3464)
