04-13 23:10:41.448: I/TiAPI(1437): module: sourceUrl
04-13 23:10:41.448: I/TiAPI(1437): module: global
04-13 23:10:41.448: I/TiAPI(1437): module: include
04-13 23:10:41.448: I/TiAPI(1437): module: Android
04-13 23:10:41.448: I/TiAPI(1437): module: UI
04-13 23:10:41.448: I/TiAPI(1437): module: Network
04-13 23:10:41.448: I/TiAPI(1437): module: Map
04-13 23:10:41.448: I/TiAPI(1437): module: Media
04-13 23:10:41.448: I/TiAPI(1437): module: Database
04-13 23:10:41.448: I/TiAPI(1437): module: Filesystem
04-13 23:10:41.448: I/TiAPI(1437): module: createBuffer
04-13 23:10:41.448: I/TiAPI(1437): module: Service
04-13 23:10:41.448: I/TiAPI(1437): module: Locale
04-13 23:10:41.448: I/TiAPI(1437): module: buildDate
04-13 23:10:41.448: I/TiAPI(1437): module: userAgent
04-13 23:10:41.448: I/TiAPI(1437): module: _hasJavaListener
04-13 23:10:41.448: I/TiAPI(1437): module: invocationAPIs
04-13 23:10:41.448: I/TiAPI(1437): module: externalModules
04-13 23:10:41.448: I/TiAPI(1437): module: buildHash
04-13 23:10:41.448: I/TiAPI(1437): module: version
04-13 23:10:41.448: I/TiAPI(1437): module: buildTimestamp
04-13 23:10:41.448: I/TiAPI(1437): module: __propertiesDefined__
04-13 23:10:41.448: I/TiAPI(1437): module: TiBaseWindow
04-13 23:10:41.448: I/TiAPI(1437): module: TiWindow
04-13 23:10:41.448: I/TiAPI(1437): module: TiView
04-13 23:10:41.448: I/TiAPI(1437): module: App
04-13 23:10:41.448: I/TiAPI(1437): module: Wrapper
04-13 23:10:41.448: I/TiAPI(1437): module: initScopeVars
04-13 23:10:41.448: I/TiAPI(1437): module: getUrlSource
04-13 23:10:41.448: I/TiAPI(1437): module: bindInvocationAPIs
04-13 23:10:41.448: I/TiAPI(1437): module: Proxy
04-13 23:10:41.448: I/TiAPI(1437): module: Activity
04-13 23:10:41.448: I/TiAPI(1437): module: API
04-13 23:10:41.448: I/TiAPI(1437): Did you see modules? ^^^^^
04-13 23:10:41.448: I/TiAPI(1437): ---------------------------------------------------------------
04-13 23:10:41.508: I/TiRootActivity(1437): (main) [0,0] checkpoint, on root activity resume. activity = com.appcelerator.titanium.KitchensinkActivity@44aa3790
04-13 23:10:41.608: D/dalvikvm(1437): GC_FOR_MALLOC freed 5217 objects / 430448 bytes in 43ms
04-13 23:10:41.628: D/TiUIView(1437): (main) [120,120] Nativeview is null
04-13 23:10:41.628: D/TiUIView(1437): (main) [4,124] Nativeview is null
04-13 23:10:41.668: W/TiTabActivity(1437): (main) [39,163] Notifying TiTabGroup, activity is created
04-13 23:10:41.828: D/TiUIView(1437): (main) [161,324] Nativeview is null
04-13 23:10:41.898: D/Window(1437): Loading window with URL: main_windows/base_ui.js
04-13 23:10:41.938: D/dalvikvm(1437): GC_FOR_MALLOC freed 960 objects / 112000 bytes in 36ms
04-13 23:10:41.948: D/Module(1437): Loading module: main_windows/base_ui -> Resources/main_windows/base_ui.js
04-13 23:10:42.398: D/TiUIView(1437): (main) [574,898] Nativeview is null
04-13 23:10:42.408: D/Window(1437): Loading window with URL: main_windows/controls.js
04-13 23:10:42.408: D/Module(1437): Loading module: main_windows/controls -> Resources/main_windows/controls.js
04-13 23:10:42.528: I/TiAPI(1437): tab blur - new index 0 old index -1
04-13 23:10:42.558: D/Window(1437): unable to open, window is not closed
04-13 23:10:42.568: D/Window(1437): unable to open, window is not closed
04-13 23:10:42.638: D/dalvikvm(1437): GC_EXTERNAL_ALLOC freed 4241 objects / 400088 bytes in 53ms
04-13 23:10:42.798: I/ActivityManager(86): Displayed activity com.appcelerator.titanium/ti.modules.titanium.ui.TiTabActivity: 1270 ms (total 4894 ms)
04-13 23:10:42.808: D/TiUIView(1437): (main) [403,1301] Nativeview is null
04-13 23:10:42.808: D/TiUIView(1437): (main) [2,1303] Nativeview is null
04-13 23:10:43.368: I/TiAPI(1437): tab Base UI prevTab = no tab
04-13 23:10:43.558: I/TiAPI(1437): tab Controls prevTab = Base UI
04-13 23:10:44.358: D/Window(1437): unable to close, window is not opened
04-13 23:10:44.558: D/Window(1437): unable to close, window is not opened
04-13 23:10:45.518: D/Window(1437): Unable to release window reference.
04-13 23:10:49.568: D/dalvikvm(1437): GC_EXTERNAL_ALLOC freed 2991 objects / 233920 bytes in 64ms
04-13 23:10:49.678: D/dalvikvm(1437): GC_EXTERNAL_ALLOC freed 629 objects / 28496 bytes in 83ms
04-13 23:10:49.788: D/dalvikvm(1437): GC_EXTERNAL_ALLOC freed 224 objects / 9840 bytes in 63ms
04-13 23:10:49.838: D/dalvikvm(1437): GC_EXTERNAL_ALLOC freed 46 objects / 1640 bytes in 36ms
04-13 23:10:49.888: D/dalvikvm(1437): GC_EXTERNAL_ALLOC freed 14 objects / 472 bytes in 36ms
04-13 23:10:49.938: D/dalvikvm(1437): GC_EXTERNAL_ALLOC freed 10 objects / 336 bytes in 36ms
04-13 23:10:50.628: D/dalvikvm(165): GC_EXPLICIT freed 2070 objects / 169592 bytes in 65ms
04-13 23:10:52.438: I/ActivityManager(86): Starting activity: Intent { cmp=com.appcelerator.titanium/org.appcelerator.titanium.TiActivity (has extras) }
04-13 23:10:52.468: D/Window(1437): Loading window with URL: ../examples/picker.js
04-13 23:10:52.478: D/Module(1437): Loading module: ../examples/picker -> Resources/examples/picker.js
04-13 23:10:52.758: D/TiUIView(1437): (main) [9953,11256] Nativeview is null
04-13 23:10:52.868: D/TiUIView(1437): (main) [108,11364] Nativeview is null
04-13 23:10:53.098: I/ActivityManager(86): Displayed activity com.appcelerator.titanium/org.appcelerator.titanium.TiActivity: 646 ms (total 646 ms)
04-13 23:10:55.098: D/dalvikvm(1437): GC_EXTERNAL_ALLOC freed 2543 objects / 129664 bytes in 54ms
04-13 23:10:55.148: D/dalvikvm(1437): GC_EXTERNAL_ALLOC freed 17 objects / 704 bytes in 41ms
04-13 23:10:58.198: D/dalvikvm(1399): GC_EXPLICIT freed 4835 objects / 278864 bytes in 101ms
04-13 23:10:58.198: D/NativeCrypto(1399): Freeing OpenSSL session
04-13 23:11:05.118: D/dalvikvm(595): GC_EXPLICIT freed 224 objects / 11304 bytes in 58ms
04-13 23:11:09.258: W/KeyCharacterMap(1437): No keyboard for id 65540
04-13 23:11:09.258: W/KeyCharacterMap(1437): Using default keymap: /system/usr/keychars/qwerty.kcm.bin
04-13 23:11:09.368: W/TiAnalyticsSvc(1437): (Thread-12) [16501,27865] Analytics Service Started
04-13 23:11:09.548: I/TiAnalyticsSvc(1437): (Thread-12) [181,28046] Sending 1 analytics events.
04-13 23:11:09.698: E/TiBaseActivity(1437): (main) [147,28193] Layout cleanup.
04-13 23:11:09.698: I/dalvikvm(1437): Jit: resizing JitTable from 4096 to 8192
04-13 23:11:10.598: W/TiAnalyticsSvc(1437): (Thread-12) [902,29095] Stopping Analytics Service
04-13 23:11:11.018: I/TiAPI(1437): tab blur - new index 1 old index 0
04-13 23:11:12.078: I/TiAPI(1437): tab Base UI prevTab = Controls
04-13 23:11:12.188: D/dalvikvm(1437): GC_EXTERNAL_ALLOC freed 10159 objects / 536968 bytes in 50ms
04-13 23:11:12.248: D/dalvikvm(1437): GC_EXTERNAL_ALLOC freed 909 objects / 229392 bytes in 47ms
04-13 23:11:13.128: D/Window(1437): Unable to release window reference.
04-13 23:11:18.758: I/TiAPI(1437): tab blur - new index 0 old index 1
04-13 23:11:19.874: I/TiAPI(1437): tab Controls prevTab = Base UI
04-13 23:11:20.538: D/dalvikvm(1437): GC_EXTERNAL_ALLOC freed 3481 objects / 142608 bytes in 65ms
04-13 23:11:20.588: D/dalvikvm(1437): GC_EXTERNAL_ALLOC freed 72 objects / 3528 bytes in 46ms
04-13 23:11:20.648: D/dalvikvm(1437): GC_EXTERNAL_ALLOC freed 8 objects / 272 bytes in 39ms
04-13 23:11:20.898: D/Window(1437): Unable to release window reference.
04-13 23:11:20.898: D/Window(1437): Unable to release window reference.
04-13 23:11:25.728: I/ActivityManager(86): Starting activity: Intent { cmp=com.appcelerator.titanium/org.appcelerator.titanium.TiActivity (has extras) }
04-13 23:11:25.758: D/Window(1437): Loading window with URL: ../examples/picker.js
04-13 23:11:25.768: D/Module(1437): Loading module: ../examples/picker -> Resources/examples/picker.js
04-13 23:11:26.048: D/TiUIView(1437): (main) [15445,44540] Nativeview is null
04-13 23:11:26.108: D/TiUIView(1437): (main) [67,44607] Nativeview is null
04-13 23:11:26.328: I/ActivityManager(86): Displayed activity com.appcelerator.titanium/org.appcelerator.titanium.TiActivity: 583 ms (total 583 ms)
04-13 23:11:27.518: D/dalvikvm(1437): GC_EXTERNAL_ALLOC freed 3765 objects / 180264 bytes in 66ms
04-13 23:11:27.568: D/dalvikvm(1437): GC_EXTERNAL_ALLOC freed 24 objects / 1112 bytes in 44ms
04-13 23:11:28.998: I/ActivityManager(86): Starting activity: Intent { cmp=com.appcelerator.titanium/org.appcelerator.titanium.TiActivity (has extras) }
04-13 23:11:29.018: D/Window(1437): Loading window with URL: ../examples/picker_date1.js
04-13 23:11:29.018: D/Module(1437): Loading module: ../examples/picker_date1 -> Resources/examples/picker_date1.js
04-13 23:11:29.378: D/TiUIView(1437): (main) [3269,47876] Nativeview is null
04-13 23:11:29.428: D/TiUIView(1437): (main) [44,47920] Nativeview is null
04-13 23:11:29.658: I/ActivityManager(86): Displayed activity com.appcelerator.titanium/org.appcelerator.titanium.TiActivity: 653 ms (total 653 ms)
04-13 23:11:31.898: W/KeyCharacterMap(1437): No keyboard for id 65540
04-13 23:11:31.898: W/KeyCharacterMap(1437): Using default keymap: /system/usr/keychars/qwerty.kcm.bin
04-13 23:11:32.268: E/TiBaseActivity(1437): (main) [2843,50763] Layout cleanup.
04-13 23:12:03.188: E/Tethering(86): attempting to remove unknown iface (usb0), ignoring
04-13 23:12:03.198: D/WifiService(86): ACTION_BATTERY_CHANGED pluggedType: 0
04-13 23:12:47.208: I/EventLogService(225): Aggregate from 1334356967025 (log), 1334356967025 (data)
04-13 23:12:52.268: D/dalvikvm(225): GC_EXPLICIT freed 821 objects / 147816 bytes in 64ms
04-13 23:13:11.464: I/wpa_supplicant(264): CTRL-EVENT-DISCONNECTED - Disconnect event - remove keys
04-13 23:13:11.464: V/WifiMonitor(86): Event [CTRL-EVENT-DISCONNECTED - Disconnect event - remove keys]
04-13 23:13:11.464: V/WifiStateTracker(86): New network state is DISCONNECTED
04-13 23:13:11.468: I/wpa_supplicant(264): CTRL-EVENT-STATE-CHANGE id=6 state=0 BSSID=00:00:00:00:00:00
04-13 23:13:11.468: V/WifiMonitor(86): Event [CTRL-EVENT-STATE-CHANGE id=6 state=0 BSSID=00:00:00:00:00:00]
04-13 23:13:11.468: V/WifiStateTracker(86): Changing supplicant state: COMPLETED ==> DISCONNECTED
04-13 23:13:11.560: I/wpa_supplicant(264): CTRL-EVENT-STATE-CHANGE id=6 state=2 BSSID=00:00:00:00:00:00
04-13 23:13:11.568: V/WifiMonitor(86): Event [CTRL-EVENT-STATE-CHANGE id=6 state=2 BSSID=00:00:00:00:00:00]
04-13 23:13:11.568: V/WifiStateTracker(86): Changing supplicant state: DISCONNECTED ==> SCANNING
04-13 23:13:12.321: I/wpa_supplicant(264): WPS-AP-AVAILABLE
04-13 23:13:12.321: I/wpa_supplicant(264): Trying to associate with c0:62:6b:66:c8:32 (SSID='Appcelerator Guests' freq=2462 MHz)
04-13 23:13:12.328: I/wpa_supplicant(264): CTRL-EVENT-STATE-CHANGE id=6 state=3 BSSID=c0:62:6b:66:c8:32
04-13 23:13:12.338: I/wpa_supplicant(264): CTRL-EVENT-DISCONNECTED - Disconnect event - remove keys
04-13 23:13:12.338: I/wpa_supplicant(264): CTRL-EVENT-STATE-CHANGE id=5 state=0 BSSID=c0:62:6b:66:c8:32
04-13 23:13:12.338: V/WifiMonitor(86): Event [WPS-AP-AVAILABLE ]
04-13 23:13:12.338: V/WifiMonitor(86): Event [Trying to associate with c0:62:6b:66:c8:32 (SSID='Appcelerator Guests' freq=2462 MHz)]
04-13 23:13:12.338: V/WifiMonitor(86): Event [CTRL-EVENT-STATE-CHANGE id=6 state=3 BSSID=c0:62:6b:66:c8:32]
04-13 23:13:12.368: V/WifiStateTracker(86): Changing supplicant state: SCANNING ==> ASSOCIATING
04-13 23:13:12.368: V/WifiMonitor(86): Event [CTRL-EVENT-DISCONNECTED - Disconnect event - remove keys]
04-13 23:13:12.368: V/WifiStateTracker(86): New network state is DISCONNECTED
04-13 23:13:12.368: V/WifiMonitor(86): Event [CTRL-EVENT-STATE-CHANGE id=5 state=0 BSSID=c0:62:6b:66:c8:32]
04-13 23:13:12.368: V/WifiStateTracker(86): Changing supplicant state: ASSOCIATING ==> DISCONNECTED
04-13 23:13:16.460: D/WifiStateTracker(86): Reset connections and stopping DHCP
04-13 23:13:16.498: W/Smack/Packet(225): notify conn break (IOEx), close connection
04-13 23:13:16.498: D/Smack(225): [XMPPConn] close connection, notifyClosed=false
04-13 23:13:16.728: I/ActivityManager(86): No longer want com.google.android.apps.genie.geniewidget (pid 463): hidden #16
04-13 23:13:16.728: I/ActivityManager(86): No longer want com.google.android.music (pid 474): hidden #17
04-13 23:13:17.473: D/WifiStateTracker(86): Disabling interface
04-13 23:13:17.473: D/NetworkStateTracker(86): setDetailed state, old =CONNECTED and new state=DISCONNECTED
04-13 23:13:17.498: D/ConnectivityService(86): ConnectivityChange for WIFI: DISCONNECTED/DISCONNECTED
04-13 23:13:17.498: D/ConnectivityService(86): getMobileDataEnabled returning false
04-13 23:13:17.498: D/ConnectivityService(86): not failing over to mobile type 0 because Mobile Data Disabled
04-13 23:13:17.498: D/ConnectivityService(86): not failing over to mobile type 2 because Mobile Data Disabled
04-13 23:13:17.498: D/ConnectivityService(86): not failing over to mobile type 3 because Mobile Data Disabled
04-13 23:13:17.498: D/ConnectivityService(86): not failing over to mobile type 4 because Mobile Data Disabled
04-13 23:13:17.498: D/ConnectivityService(86): not failing over to mobile type 5 because Mobile Data Disabled
04-13 23:13:17.518: D/Tethering(86): Tethering got CONNECTIVITY_ACTION
04-13 23:13:17.518: D/Tethering(86): MasterInitialState.processMessage what=3
04-13 23:13:17.518: E/HierarchicalStateMachine(86): TetherMaster - unhandledMessage: msg.what=3
04-13 23:13:17.538: W/Process(86): Unable to open /proc/463/status
04-13 23:13:17.538: W/Process(86): Unable to open /proc/474/status
04-13 23:13:17.538: D/NetworkLocationProvider(86): updateNetworkState(): Updating network state to 1
04-13 23:13:17.548: I/MediaUploader(1168): No need to wake up
04-13 23:13:17.568: I/GTalkService(225): [ServiceAutoStarter] --- connectivity changed
04-13 23:13:17.568: I/GTalkService(225): [ServiceAutoStarter] --- start GTalk service ---
04-13 23:13:22.347: I/wpa_supplicant(264): Authentication with 00:00:00:00:00:00 timed out.
04-13 23:13:22.347: I/wpa_supplicant(264): CTRL-EVENT-STATE-CHANGE id=5 state=0 BSSID=00:00:00:00:00:00
04-13 23:13:22.347: I/wpa_supplicant(264): CTRL-EVENT-STATE-CHANGE id=-1 state=2 BSSID=00:00:00:00:00:00
04-13 23:13:22.347: V/WifiMonitor(86): Event [Authentication with 00:00:00:00:00:00 timed out.]
04-13 23:13:22.347: V/WifiMonitor(86): Event [CTRL-EVENT-STATE-CHANGE id=5 state=0 BSSID=00:00:00:00:00:00]
04-13 23:13:22.348: V/WifiStateTracker(86): Changing supplicant state: DISCONNECTED ==> DISCONNECTED
04-13 23:13:22.348: V/WifiMonitor(86): Event [CTRL-EVENT-STATE-CHANGE id=-1 state=2 BSSID=00:00:00:00:00:00]
04-13 23:13:22.348: V/WifiStateTracker(86): Changing supplicant state: DISCONNECTED ==> SCANNING
04-13 23:13:22.348: D/NetworkStateTracker(86): setDetailed state, old =DISCONNECTED and new state=SCANNING
04-13 23:13:22.348: D/ConnectivityService(86): Dropping ConnectivityChange for WIFI: DISCONNECTED/SCANNING
04-13 23:13:22.638: D/dalvikvm(1158): GC_EXPLICIT freed 2719 objects / 172040 bytes in 58ms
04-13 23:13:23.281: I/wpa_supplicant(264): WPS-AP-AVAILABLE
04-13 23:13:23.281: I/wpa_supplicant(264): Trying to associate with c0:62:6b:67:2e:74 (SSID='AppcelStage' freq=2437 MHz)
04-13 23:13:23.288: I/wpa_supplicant(264): CTRL-EVENT-STATE-CHANGE id=-1 state=3 BSSID=c0:62:6b:67:2e:74
04-13 23:13:23.401: V/WifiMonitor(86): Event [WPS-AP-AVAILABLE ]
04-13 23:13:23.401: V/WifiMonitor(86): Event [Trying to associate with c0:62:6b:67:2e:74 (SSID='AppcelStage' freq=2437 MHz)]
04-13 23:13:23.401: V/WifiMonitor(86): Event [CTRL-EVENT-STATE-CHANGE id=-1 state=3 BSSID=c0:62:6b:67:2e:74]
04-13 23:13:23.418: V/WifiStateTracker(86): Changing supplicant state: SCANNING ==> ASSOCIATING
04-13 23:13:23.418: D/NetworkStateTracker(86): setDetailed state, old =SCANNING and new state=CONNECTING
04-13 23:13:23.418: D/ConnectivityService(86): ConnectivityChange for WIFI: CONNECTING/CONNECTING
04-13 23:13:24.368: I/wpa_supplicant(264): CTRL-EVENT-STATE-CHANGE id=6 state=4 BSSID=c0:62:6b:67:2e:74
04-13 23:13:24.368: V/WifiMonitor(86): Event [CTRL-EVENT-STATE-CHANGE id=6 state=4 BSSID=c0:62:6b:67:2e:74]
04-13 23:13:24.368: I/wpa_supplicant(264): Associated with c0:62:6b:67:2e:74
04-13 23:13:24.368: I/wpa_supplicant(264): CTRL-EVENT-STATE-CHANGE id=6 state=5 BSSID=00:00:00:00:00:00
04-13 23:13:24.378: V/WifiStateTracker(86): Changing supplicant state: ASSOCIATING ==> ASSOCIATED
04-13 23:13:24.378: D/NetworkStateTracker(86): setDetailed state, old =CONNECTING and new state=CONNECTING
04-13 23:13:24.378: V/WifiMonitor(86): Event [Associated with c0:62:6b:67:2e:74]
04-13 23:13:24.378: V/WifiMonitor(86): Event [CTRL-EVENT-STATE-CHANGE id=6 state=5 BSSID=00:00:00:00:00:00]
04-13 23:13:24.388: V/WifiStateTracker(86): Changing supplicant state: ASSOCIATED ==> FOUR_WAY_HANDSHAKE
04-13 23:13:24.388: D/NetworkStateTracker(86): setDetailed state, old =CONNECTING and new state=AUTHENTICATING
04-13 23:13:24.388: D/ConnectivityService(86): Dropping ConnectivityChange for WIFI: CONNECTING/AUTHENTICATING
04-13 23:13:24.398: I/wpa_supplicant(264): CTRL-EVENT-STATE-CHANGE id=6 state=5 BSSID=00:00:00:00:00:00
04-13 23:13:24.398: V/WifiMonitor(86): Event [CTRL-EVENT-STATE-CHANGE id=6 state=5 BSSID=00:00:00:00:00:00]
04-13 23:13:24.398: V/WifiStateTracker(86): Changing supplicant state: FOUR_WAY_HANDSHAKE ==> FOUR_WAY_HANDSHAKE
04-13 23:13:24.398: I/wpa_supplicant(264): CTRL-EVENT-STATE-CHANGE id=6 state=6 BSSID=00:00:00:00:00:00
04-13 23:13:24.408: V/WifiMonitor(86): Event [CTRL-EVENT-STATE-CHANGE id=6 state=6 BSSID=00:00:00:00:00:00]
04-13 23:13:24.408: I/wpa_supplicant(264): WPA: Key negotiation completed with c0:62:6b:67:2e:74 [PTK=CCMP GTK=CCMP]
04-13 23:13:24.408: I/wpa_supplicant(264): CTRL-EVENT-STATE-CHANGE id=6 state=7 BSSID=00:00:00:00:00:00
04-13 23:13:24.408: I/wpa_supplicant(264): CTRL-EVENT-CONNECTED - Connection to c0:62:6b:67:2e:74 completed (reauth) [id=6 id_str=]
04-13 23:13:24.408: V/WifiStateTracker(86): Changing supplicant state: FOUR_WAY_HANDSHAKE ==> GROUP_HANDSHAKE
04-13 23:13:24.408: D/NetworkStateTracker(86): setDetailed state, old =AUTHENTICATING and new state=AUTHENTICATING
04-13 23:13:24.408: V/WifiMonitor(86): Event [WPA: Key negotiation completed with c0:62:6b:67:2e:74 [PTK=CCMP GTK=CCMP]]
04-13 23:13:24.408: V/WifiMonitor(86): Event [CTRL-EVENT-STATE-CHANGE id=6 state=7 BSSID=00:00:00:00:00:00]
04-13 23:13:24.418: V/WifiStateTracker(86): Changing supplicant state: GROUP_HANDSHAKE ==> COMPLETED
04-13 23:13:24.418: V/WifiMonitor(86): Event [CTRL-EVENT-CONNECTED - Connection to c0:62:6b:67:2e:74 completed (reauth) [id=6 id_str=]]
04-13 23:13:24.418: V/WifiStateTracker(86): New network state is CONNECTED
04-13 23:13:24.438: D/WifiStateTracker(86): DhcpHandler: DHCP request started
04-13 23:13:24.438: D/NetworkStateTracker(86): setDetailed state, old =AUTHENTICATING and new state=OBTAINING_IPADDR
04-13 23:13:24.448: D/ConnectivityService(86): Dropping ConnectivityChange for WIFI: CONNECTING/OBTAINING_IPADDR
04-13 23:13:26.442: V/WifiStateTracker(86): DhcpHandler: DHCP request succeeded
04-13 23:13:26.442: D/NetworkStateTracker(86): setDetailed state, old =OBTAINING_IPADDR and new state=CONNECTED
04-13 23:13:26.458: V/WifiStateTracker(86): IP configuration: ipaddr 172.16.7.21 gateway 172.16.7.6 netmask 255.255.255.0 dns1 184.73.81.90 dns2 0.0.0.0 DHCP server 172.16.7.1 lease 86400 seconds
04-13 23:13:26.458: V/NetworkStateTracker(86): Setting TCP values: [4095,87380,110208,4096,16384,110208] which comes from [net.tcp.buffersize.wifi]
04-13 23:13:26.458: D/ConnectivityService(86): ConnectivityChange for WIFI: CONNECTED/CONNECTED
04-13 23:13:26.468: D/WifiWatchdogService(86): (android.server.ServerThread) AppcelStage (c0:62:6b:67:2e:74) does not require the watchdog
04-13 23:13:26.498: D/Tethering(86): Tethering got CONNECTIVITY_ACTION
04-13 23:13:26.498: D/Tethering(86): MasterInitialState.processMessage what=3
04-13 23:13:26.498: E/HierarchicalStateMachine(86): TetherMaster - unhandledMessage: msg.what=3
04-13 23:13:26.498: D/ConnectivityService(86): adding dns 184.73.81.90 for WIFI
04-13 23:13:26.518: I/MediaUploader(1168): No need to wake up
04-13 23:13:26.528: D/FREESPACE(267): Bytes to fill: 120737792
04-13 23:13:26.538: D/NetworkLocationProvider(86): updateNetworkState(): Updating network state to 2
04-13 23:13:26.548: I/GTalkService(225): [ServiceAutoStarter] --- connectivity changed
04-13 23:13:26.548: I/GTalkService(225): [ServiceAutoStarter] --- start GTalk service ---
04-13 23:13:26.628: D/dalvikvm(86): GC_FOR_MALLOC freed 15889 objects / 1032816 bytes in 70ms
04-13 23:13:26.678: D/WorkQueue(267): DownloadQueue.Worker: WorkQueue thread loop finished!
04-13 23:13:31.698: D/dalvikvm(1168): GC_EXPLICIT freed 1284 objects / 88080 bytes in 36ms
04-13 23:13:35.938: E/GTalkService(225): [ERROR: GTalkConnection.14] xmppError = (403) (403)
04-13 23:13:35.948: W/Smack/Packet(225): notify conn break (IOEx), close connection
04-13 23:13:35.948: D/Smack(225): [XMPPConn] close connection, notifyClosed=false
04-13 23:13:36.219: D/Smack(225): [XMPPConn] close: socket already closed, bail
04-13 23:13:36.308: D/GoogleLoginService(225): onBind: Intent { act=android.accounts.AccountAuthenticator cmp=com.google.android.gsf/.loginservice.GoogleLoginService }
04-13 23:13:36.738: D/dalvikvm(225): GC_FOR_MALLOC freed 6564 objects / 433432 bytes in 44ms
04-13 23:13:36.738: D/NativeCrypto(225): Freeing OpenSSL session
04-13 23:13:37.138: D/GTalkService(225): [GTalkService.35] createConnAndLogin: auth token changed, reconnect...
04-13 23:13:40.568: D/dalvikvm(1177): GC_EXPLICIT freed 2920 objects / 182176 bytes in 67ms
04-13 23:13:45.578: D/dalvikvm(207): GC_EXPLICIT freed 4040 objects / 211776 bytes in 78ms
04-13 23:13:50.558: D/dalvikvm(267): GC_EXPLICIT freed 409 objects / 20736 bytes in 58ms
04-13 23:13:51.128: I/ActivityManager(86): Starting activity: Intent { flg=0x10000000 cmp=com.google.android.gsf/.update.SystemUpdateInstallDialog }
04-13 23:13:51.528: I/ActivityManager(86): Displayed activity com.google.android.gsf/.update.SystemUpdateInstallDialog: 367 ms (total 367 ms)
04-13 23:13:58.788: D/GTalkService(225): [RosterMgr] roster not modified
04-13 23:13:58.848: D/GTalkService(225): [OtrMgr] OTR not modified
04-13 23:14:26.465: I/wpa_supplicant(264): CTRL-EVENT-STATE-CHANGE id=6 state=6 BSSID=00:00:00:00:00:00
04-13 23:14:26.465: V/WifiMonitor(86): Event [CTRL-EVENT-STATE-CHANGE id=6 state=6 BSSID=00:00:00:00:00:00]
04-13 23:14:26.468: I/wpa_supplicant(264): WPA: Group rekeying completed with c0:62:6b:67:2e:74 [GTK=CCMP]
04-13 23:14:26.468: I/wpa_supplicant(264): CTRL-EVENT-STATE-CHANGE id=6 state=7 BSSID=00:00:00:00:00:00
04-13 23:14:26.468: V/WifiStateTracker(86): Changing supplicant state: COMPLETED ==> GROUP_HANDSHAKE
04-13 23:14:26.468: V/WifiMonitor(86): Event [WPA: Group rekeying completed with c0:62:6b:67:2e:74 [GTK=CCMP]]
04-13 23:14:26.468: V/WifiMonitor(86): Event [CTRL-EVENT-STATE-CHANGE id=6 state=7 BSSID=00:00:00:00:00:00]
04-13 23:14:26.468: V/WifiStateTracker(86): Changing supplicant state: GROUP_HANDSHAKE ==> COMPLETED
04-13 23:14:32.228: D/SyncManager(86): canceling and rescheduling sync because it ran too long: authority: com.cooliris.picasa.contentprovider account: Account {name=appcel123@gmail.com, type=com.google} extras: [] syncSource: 4 when: 3142378 expedited: false
04-13 23:14:32.248: W/GDataClient(500): Request failed: http://picasaweb.google.com/data/feed/api/user/appcel123?imgmax=1024&max-results=1000&thumbsize=144u,1024u&visibility=visible&kind=album
04-13 23:14:32.248: E/PicasaAPI(500): getAlbums: java.io.InterruptedIOException
04-13 23:14:32.258: D/SyncManager(86): handleSyncHandlerMessage: sync context doesn't match, dropping: mActiveSyncContext startTime 3742539, mTimeoutStartTime 3742539, mHistoryRowId 15, syncOperation authority: com.cooliris.picasa.contentprovider account: Account {name=appcel123@gmail.com, type=com.google} extras: [com.cooliris.SYNC_ID=0 com.cooliris.SYNC_TYPE=1 ] syncSource: 0 when: 3442446 expedited: false != startTime 3442481, mTimeoutStartTime 3442481, mHistoryRowId 14, syncOperation authority: com.cooliris.picasa.contentprovider account: Account {name=appcel123@gmail.com, type=com.google} extras: [] syncSource: 4 when: 3142378 expedited: false
04-13 23:14:32.288: D/GoogleLoginService(225): onBind: Intent { act=android.accounts.AccountAuthenticator cmp=com.google.android.gsf/.loginservice.GoogleLoginService }
04-13 23:14:32.338: D/GoogleLoginService(225): onBind: Intent { act=android.accounts.AccountAuthenticator cmp=com.google.android.gsf/.loginservice.GoogleLoginService }
04-13 23:14:32.358: E/PicasaContentProvider(500): Inserting user appcel123
04-13 23:16:28.798: E/Tethering(86): attempting to remove unknown iface (usb0), ignoring
04-13 23:16:28.798: D/WifiService(86): ACTION_BATTERY_CHANGED pluggedType: 0
04-13 23:18:45.408: D/Tethering(86): sendTetherStateChangedBroadcast 1, 0, 0
04-13 23:18:45.408: D/Tethering(86): interfaceAdded :usb0
04-13 23:18:45.408: D/WifiService(86): ACTION_BATTERY_CHANGED pluggedType: 2
04-13 23:18:45.668: I/StorageNotification(86): UMS connection changed to true (media state mounted)
04-13 23:18:47.638: I/SystemUpdateInstallDialog(225): OTA update dismissed by user
04-13 23:18:47.768: D/dalvikvm(225): GC_FOR_MALLOC freed 6050 objects / 511840 bytes in 37ms
04-13 23:18:47.768: D/NativeCrypto(225): Freeing OpenSSL session
04-13 23:18:47.768: D/NativeCrypto(225): Freeing OpenSSL session
04-13 23:18:47.998: D/dalvikvm(86): GC_EXTERNAL_ALLOC freed 18987 objects / 947768 bytes in 92ms
04-13 23:18:51.218: I/ActivityManager(86): Starting activity: Intent { cmp=com.appcelerator.titanium/org.appcelerator.titanium.TiActivity (has extras) }
04-13 23:18:51.238: D/Window(1437): Loading window with URL: ../examples/picker_android_spinner_date.js
04-13 23:18:51.238: D/Module(1437): Loading module: ../examples/picker_android_spinner_date -> Resources/examples/picker_android_spinner_date.js
04-13 23:18:51.468: D/TiUIView(1437): (main) [439204,489967] Nativeview is null
04-13 23:18:51.508: D/TiUIView(1437): (main) [37,490004] Nativeview is null
04-13 23:18:51.748: I/ActivityManager(86): Displayed activity com.appcelerator.titanium/org.appcelerator.titanium.TiActivity: 520 ms (total 520 ms)
04-13 23:18:54.588: E/TiBaseActivity(1437): (main) [3077,493081] Layout cleanup.
04-13 23:18:56.978: E/TiBaseActivity(1437): (main) [2392,495473] Layout cleanup.
04-13 23:18:57.568: E/TiBaseActivity(1437): (main) [593,496066] Layout cleanup.
04-13 23:18:57.628: V/RenderScript_jni(165): surfaceCreated
04-13 23:18:57.628: V/RenderScript_jni(165): surfaceChanged
04-13 23:18:58.108: E/TiBaseActivity(1437): (main) [533,496599] Layout cleanup.
04-13 23:18:58.158: E/TiBaseActivity(1437): (main) [59,496658] Layout cleanup.
04-13 23:19:02.038: I/ActivityManager(86): Starting activity: Intent { act=android.intent.action.MAIN cat=[android.intent.category.LAUNCHER] flg=0x10200000 cmp=com.devang.samvaya/.SamvayaActivity }
04-13 23:19:02.128: I/TiRootActivity(1399): (main) [0,0] checkpoint, on root activity create, savedInstanceState: null
04-13 23:19:02.268: E/TiApplication(1399): (main) [144,144] APP PROXY: [Ti.App]
04-13 23:19:02.288: D/KrollContext(1399): (kroll$5: app://app.js) [14,158] Running evaluated script: file:///android_asset/Resources/app.js
04-13 23:19:02.338: V/RenderScript_jni(165): surfaceDestroyed
04-13 23:19:02.438: I/ActivityManager(86): Starting activity: Intent { cmp=com.devang.samvaya/ti.modules.titanium.ui.TiTabActivity (has extras) }
04-13 23:19:02.488: I/TiRootActivity(1399): (main) [0,0] checkpoint, on root activity resume. context = org.appcelerator.titanium.TiContext@44aaa038
04-13 23:19:02.518: W/TiAnalyticsSvc(1399): (Thread-22) [14,14] Analytics Service Started
04-13 23:19:02.548: W/TiTabActivity(1399): (main) [45,59] Notifying TiTabGroup, activity is created
04-13 23:19:02.598: W/TiDrawableReference(1399): (main) [48,107] Could not open stream to get bitmap
04-13 23:19:02.608: D/KrollContext(1399): (kroll$6: app://source/webview.js) [19,126] Running evaluated script: app://source/webview.js
04-13 23:19:02.638: I/TiAnalyticsSvc(1399): (Thread-22) [27,153] Sending 1 analytics events.
04-13 23:19:02.668: E/TiUIButton(1399): (main) [20,173] Error setting button image
04-13 23:19:02.668: E/TiUIButton(1399): java.io.FileNotFoundException: Resources/images/chat.png
04-13 23:19:02.668: E/TiUIButton(1399): at android.content.res.AssetManager.openAsset(Native Method)
04-13 23:19:02.668: E/TiUIButton(1399): at android.content.res.AssetManager.open(AssetManager.java:313)
04-13 23:19:02.668: E/TiUIButton(1399): at android.content.res.AssetManager.open(AssetManager.java:287)
04-13 23:19:02.668: E/TiUIButton(1399): at org.appcelerator.titanium.io.TiResourceFile.getInputStream(TiResourceFile.java:63)
04-13 23:19:02.668: E/TiUIButton(1399): at ti.modules.titanium.ui.widget.TiUIButton.processProperties(TiUIButton.java:57)
04-13 23:19:02.668: E/TiUIButton(1399): at org.appcelerator.kroll.KrollProxy.setModelListener(KrollProxy.java:519)
04-13 23:19:02.668: E/TiUIButton(1399): at org.appcelerator.titanium.proxy.TiViewProxy.realizeViews(TiViewProxy.java:378)
04-13 23:19:02.668: E/TiUIButton(1399): at org.appcelerator.titanium.proxy.TiViewProxy.handleGetView(TiViewProxy.java:370)
04-13 23:19:02.668: E/TiUIButton(1399): at org.appcelerator.titanium.proxy.TiViewProxy.getView(TiViewProxy.java:356)
04-13 23:19:02.668: E/TiUIButton(1399): at org.appcelerator.titanium.proxy.TiViewProxy.realizeViews(TiViewProxy.java:384)
04-13 23:19:02.668: E/TiUIButton(1399): at ti.modules.titanium.ui.WindowProxy$1.windowCreated(WindowProxy.java:117)
04-13 23:19:02.668: E/TiUIButton(1399): at org.appcelerator.titanium.TiActivityWindows.windowCreated(TiActivityWindows.java:31)
04-13 23:19:02.668: E/TiUIButton(1399): at org.appcelerator.titanium.TiBaseActivity.windowCreated(TiBaseActivity.java:271)
04-13 23:19:02.668: E/TiUIButton(1399): at org.appcelerator.titanium.TiBaseActivity.onCreate(TiBaseActivity.java:298)
04-13 23:19:02.668: E/TiUIButton(1399): at android.app.Instrumentation.callActivityOnCreate(Instrumentation.java:1047)
04-13 23:19:02.668: E/TiUIButton(1399): at android.app.ActivityThread.performLaunchActivity(ActivityThread.java:2627)
04-13 23:19:02.668: E/TiUIButton(1399): at android.app.ActivityThread.startActivityNow(ActivityThread.java:2503)
04-13 23:19:02.668: E/TiUIButton(1399): at android.app.LocalActivityManager.moveToState(LocalActivityManager.java:127)
04-13 23:19:02.668: E/TiUIButton(1399): at android.app.LocalActivityManager.startActivity(LocalActivityManager.java:339)
04-13 23:19:02.668: E/TiUIButton(1399): at android.widget.TabHost$IntentContentStrategy.getContentView(TabHost.java:651)
04-13 23:19:02.668: E/TiUIButton(1399): at android.widget.TabHost.setCurrentTab(TabHost.java:323)
04-13 23:19:02.668: E/TiUIButton(1399): at android.widget.TabHost.addTab(TabHost.java:213)
04-13 23:19:02.668: E/TiUIButton(1399): at ti.modules.titanium.ui.widget.TiUITabGroup.addTab(TiUITabGroup.java:70)
04-13 23:19:02.668: E/TiUIButton(1399): at ti.modules.titanium.ui.TabGroupProxy.addTabToGroup(TabGroupProxy.java:192)
04-13 23:19:02.668: E/TiUIButton(1399): at ti.modules.titanium.ui.TabGroupProxy.handlePostOpen(TabGroupProxy.java:275)
04-13 23:19:02.668: E/TiUIButton(1399): at ti.modules.titanium.ui.TabGroupProxy.handleMessage(TabGroupProxy.java:91)
04-13 23:19:02.668: E/TiUIButton(1399): at android.os.Handler.dispatchMessage(Handler.java:95)
04-13 23:19:02.668: E/TiUIButton(1399): at android.os.Looper.loop(Looper.java:123)
04-13 23:19:02.668: E/TiUIButton(1399): at android.app.ActivityThread.main(ActivityThread.java:4627)
04-13 23:19:02.668: E/TiUIButton(1399): at java.lang.reflect.Method.invokeNative(Native Method)
04-13 23:19:02.668: E/TiUIButton(1399): at java.lang.reflect.Method.invoke(Method.java:521)
04-13 23:19:02.668: E/TiUIButton(1399): at com.android.internal.os.ZygoteInit$MethodAndArgsCaller.run(ZygoteInit.java:858)
04-13 23:19:02.668: E/TiUIButton(1399): at com.android.internal.os.ZygoteInit.main(ZygoteInit.java:616)
04-13 23:19:02.668: E/TiUIButton(1399): at dalvik.system.NativeStart.main(Native Method)
04-13 23:19:02.718: I/ActivityManager(86): Displayed activity com.devang.samvaya/ti.modules.titanium.ui.TiTabActivity: 219 ms (total 603 ms)
04-13 23:19:03.388: D/dalvikvm(1399): GC_FOR_MALLOC freed 6104 objects / 619120 bytes in 39ms
04-13 23:19:03.608: W/TiAnalyticsSvc(1399): (Thread-22) [951,1124] Stopping Analytics Service
04-13 23:19:07.818: D/dalvikvm(1437): GC_EXPLICIT freed 12701 objects / 669848 bytes in 79ms
04-13 23:19:12.808: D/dalvikvm(165): GC_EXPLICIT freed 635 objects / 70808 bytes in 62ms
04-13 23:19:17.828: D/dalvikvm(595): GC_EXPLICIT freed 538 objects / 26984 bytes in 87ms
04-13 23:19:18.768: I/ActivityManager(86): Starting activity: Intent { cmp=com.devang.samvaya/org.appcelerator.titanium.TiActivity (has extras) }
04-13 23:19:18.778: D/PhoneWindow(1399): couldn't save which view has focus because the focused view com.android.internal.policy.impl.PhoneWindow$DecorView@44b2cdc8 has no id.
04-13 23:19:18.848: D/dalvikvm(1399): GC_FOR_MALLOC freed 5299 objects / 274120 bytes in 52ms
04-13 23:19:18.848: D/NativeCrypto(1399): Freeing OpenSSL session
04-13 23:19:18.848: D/KrollContext(1399): (kroll$7: app://source/webview_repaint.js) [15238,16362] Running evaluated script: app://source/webview_repaint.js
04-13 23:19:18.908: I/global(1399): Default buffer size used in BufferedReader constructor. It would be better to be explicit if an 8k-char buffer is required.
04-13 23:19:18.968: W/webcore(1399): Can't get the viewWidth after the first layout
04-13 23:19:19.008: I/TiAPI(1399): (WebViewCoreThread) [149,16511] -=-=-=-=-=-=-=-=-=-=-=-=-=-=-=-=-=-=-=-=-=-=-=-=-=-=-=-=-=-=
04-13 23:19:19.008: I/TiAPI(1399): (WebViewCoreThread) [10,16521] "[Ljava.lang.Object;@44a35ad8"
04-13 23:19:19.018: I/TiAPI(1399): (WebViewCoreThread) [6,16527] -=-=-=-=-=-=-=-=-=-=-=-=-=-=-=-=-=-=-=-=-=-=-=-=-=-=-=-=-=-=
04-13 23:19:19.018: I/TiAPI(1399): (WebViewCoreThread) [1,16528] "[Ti.App]"
04-13 23:19:19.018: I/TiAPI(1399): (WebViewCoreThread) [2,16530] -=-=-=-=-=-=-=-=-=-=-=-=-=-=-=-=-=-=-=-=-=-=-=-=-=-=-=-=-=-=
04-13 23:19:19.018: I/TiAPI(1399): (WebViewCoreThread) [1,16531] "data"
04-13 23:19:19.018: I/TiAPI(1399): (WebViewCoreThread) [1,16532] -=-=-=-=-=-=-=-=-=-=-=-=-=-=-=-=-=-=-=-=-=-=-=-=-=-=-=-=-=-=
04-13 23:19:19.018: I/TiAPI(1399): (WebViewCoreThread) [1,16533] "[Ljava.lang.Object;@44a5e5a8"
04-13 23:19:19.208: I/ActivityManager(86): Displayed activity com.devang.samvaya/org.appcelerator.titanium.TiActivity: 425 ms (total 425 ms)
04-13 23:19:27.578: W/TiAnalyticsSvc(1437): (Thread-13) [29418,526076] Analytics Service Started
04-13 23:19:27.638: D/dalvikvm(225): GC_EXPLICIT freed 2757 objects / 249568 bytes in 37ms
04-13 23:19:27.658: I/TiAnalyticsSvc(1437): (Thread-13) [80,526156] Sending 1 analytics events.
04-13 23:19:28.318: D/NativeCrypto(1437): Freeing OpenSSL session
04-13 23:19:28.318: D/dalvikvm(1437): GC_FOR_MALLOC freed 5361 objects / 321184 bytes in 42ms
04-13 23:19:28.328: I/dalvikvm-heap(1437): Grow heap (frag case) to 4.250MB for 87396-byte allocation
04-13 23:19:28.378: D/dalvikvm(1437): GC_FOR_MALLOC freed 1494 objects / 85688 bytes in 49ms
04-13 23:19:28.548: W/TiAnalyticsSvc(1437): (Thread-13) [884,527040] Stopping Analytics Service
04-13 23:19:32.288: D/SyncManager(86): canceling and rescheduling sync because it ran too long: authority: com.cooliris.picasa.contentprovider account: Account {name=appcel123@gmail.com, type=com.google} extras: [com.cooliris.SYNC_ID=0 com.cooliris.SYNC_TYPE=1 ] syncSource: 0 when: 3442446 expedited: false
04-13 23:19:32.308: W/GDataClient(500): Request failed: http://picasaweb.google.com/data/feed/api/user/appcel123?imgmax=1024&max-results=1000&thumbsize=144u,1024u&visibility=visible&kind=album
04-13 23:19:32.318: E/PicasaAPI(500): getAlbums: java.io.InterruptedIOException
04-13 23:19:32.338: D/SyncManager(86): handleSyncHandlerMessage: sync context doesn't match, dropping: mActiveSyncContext startTime 4042624, mTimeoutStartTime 4042624, mHistoryRowId 16, syncOperation authority: com.cooliris.picasa.contentprovider account: Account {name=appcel123@gmail.com, type=com.google} extras: [] syncSource: 4 when: 3742517 expedited: false != startTime 3742539, mTimeoutStartTime 3742539, mHistoryRowId 15, syncOperation authority: com.cooliris.picasa.contentprovider account: Account {name=appcel123@gmail.com, type=com.google} extras: [com.cooliris.SYNC_ID=0 com.cooliris.SYNC_TYPE=1 ] syncSource: 0 when: 3442446 expedited: false
04-13 23:19:32.378: D/GoogleLoginService(225): onBind: Intent { act=android.accounts.AccountAuthenticator cmp=com.google.android.gsf/.loginservice.GoogleLoginService }
04-13 23:19:32.408: D/GoogleLoginService(225): onBind: Intent { act=android.accounts.AccountAuthenticator cmp=com.google.android.gsf/.loginservice.GoogleLoginService }
04-13 23:19:32.448: E/PicasaContentProvider(500): Inserting user appcel123
04-13 23:19:34.113: D/dalvikvm(1399): Debugger has detached; object registry had 1 entries
04-13 23:19:34.128: D/dalvikvm(159): Debugger has detached; object registry had 1 entries
04-13 23:19:34.128: D/dalvikvm(86): Debugger has detached; object registry had 1 entries
04-13 23:19:34.128: D/dalvikvm(157): Debugger has detached; object registry had 1 entries
04-13 23:19:34.128: D/dalvikvm(164): Debugger has detached; object registry had 1 entries
04-13 23:19:34.138: D/dalvikvm(909): Debugger has detached; object registry had 1 entries
04-13 23:19:34.138: D/dalvikvm(1158): Debugger has detached; object registry had 1 entries
04-13 23:19:34.138: D/dalvikvm(1168): Debugger has detached; object registry had 1 entries
04-13 23:19:34.138: D/dalvikvm(165): Debugger has detached; object registry had 1 entries
04-13 23:19:34.138: D/dalvikvm(207): Debugger has detached; object registry had 1 entries
04-13 23:19:34.138: D/dalvikvm(225): Debugger has detached; object registry had 1 entries
04-13 23:19:34.138: D/dalvikvm(267): Debugger has detached; object registry had 1 entries
04-13 23:19:34.148: D/dalvikvm(1437): Debugger has detached; object registry had 1 entries
04-13 23:19:34.148: D/dalvikvm(595): Debugger has detached; object registry had 1 entries
04-13 23:19:34.148: D/dalvikvm(429): Debugger has detached; object registry had 1 entries
04-13 23:19:34.148: D/dalvikvm(569): Debugger has detached; object registry had 1 entries
04-13 23:19:34.148: D/dalvikvm(1177): Debugger has detached; object registry had 1 entries
04-13 23:19:34.148: D/dalvikvm(500): Debugger has detached; object registry had 1 entries
04-13 23:19:34.158: D/dalvikvm(483): Debugger has detached; object registry had 1 entries
04-13 23:19:34.158: D/dalvikvm(630): Debugger has detached; object registry had 1 entries
04-13 23:19:34.158: D/dalvikvm(560): Debugger has detached; object registry had 1 entries
04-13 23:19:34.158: D/dalvikvm(438): Debugger has detached; object registry had 1 entries
04-13 23:19:39.728: D/dalvikvm(1158): GC_EXPLICIT freed 1430 objects / 72792 bytes in 57ms
04-13 23:20:03.558: E/TiBaseActivity(1399): (main) [44543,61076] Layout cleanup.
04-13 23:20:06.058: I/ActivityManager(86): Starting activity: Intent { cmp=com.devang.samvaya/org.appcelerator.titanium.TiActivity (has extras) }
04-13 23:20:06.068: D/PhoneWindow(1399): couldn't save which view has focus because the focused view com.android.internal.policy.impl.PhoneWindow$DecorView@44b2cdc8 has no id.
04-13 23:20:06.078: D/KrollContext(1399): (kroll$8: app://source/webview_repaint.js) [2516,63592] Running evaluated script: app://source/webview_repaint.js
04-13 23:20:06.158: I/global(1399): Default buffer size used in BufferedReader constructor. It would be better to be explicit if an 8k-char buffer is required.
04-13 23:20:06.278: I/TiAPI(1399): (WebViewCoreThread) [202,63794] -=-=-=-=-=-=-=-=-=-=-=-=-=-=-=-=-=-=-=-=-=-=-=-=-=-=-=-=-=-=
04-13 23:20:06.278: I/TiAPI(1399): (WebViewCoreThread) [1,63795] "[Ljava.lang.Object;@44b899d0"
04-13 23:20:06.278: I/TiAPI(1399): (WebViewCoreThread) [0,63795] -=-=-=-=-=-=-=-=-=-=-=-=-=-=-=-=-=-=-=-=-=-=-=-=-=-=-=-=-=-=
04-13 23:20:06.278: I/TiAPI(1399): (WebViewCoreThread) [0,63795] "[Ti.App]"
04-13 23:20:06.278: I/TiAPI(1399): (WebViewCoreThread) [0,63795] -=-=-=-=-=-=-=-=-=-=-=-=-=-=-=-=-=-=-=-=-=-=-=-=-=-=-=-=-=-=
04-13 23:20:06.278: I/TiAPI(1399): (WebViewCoreThread) [0,63795] "data"
04-13 23:20:06.278: I/TiAPI(1399): (WebViewCoreThread) [0,63795] -=-=-=-=-=-=-=-=-=-=-=-=-=-=-=-=-=-=-=-=-=-=-=-=-=-=-=-=-=-=
04-13 23:20:06.278: I/TiAPI(1399): (WebViewCoreThread) [1,63796] "[Ljava.lang.Object;@44b89700"
04-13 23:20:06.308: I/TiAPI(1399): (WebViewCoreThread) [23,63819] -=-=-=-=-=-=-=-=-=-=-=-=-=-=-=-=-=-=-=-=-=-=-=-=-=-=-=-=-=-=
04-13 23:20:06.308: I/TiAPI(1399): (WebViewCoreThread) [0,63819] "[Ljava.lang.Object;@44b8cd18"
04-13 23:20:06.308: I/TiAPI(1399): (WebViewCoreThread) [2,63821] -=-=-=-=-=-=-=-=-=-=-=-=-=-=-=-=-=-=-=-=-=-=-=-=-=-=-=-=-=-=
04-13 23:20:06.308: I/TiAPI(1399): (WebViewCoreThread) [3,63824] "[Ti.App]"
04-13 23:20:06.318: I/TiAPI(1399): (WebViewCoreThread) [3,63827] -=-=-=-=-=-=-=-=-=-=-=-=-=-=-=-=-=-=-=-=-=-=-=-=-=-=-=-=-=-=
04-13 23:20:06.318: I/TiAPI(1399): (WebViewCoreThread) [1,63828] "data"
04-13 23:20:06.318: I/TiAPI(1399): (WebViewCoreThread) [2,63830] -=-=-=-=-=-=-=-=-=-=-=-=-=-=-=-=-=-=-=-=-=-=-=-=-=-=-=-=-=-=
04-13 23:20:06.318: I/TiAPI(1399): (WebViewCoreThread) [1,63831] "[Ljava.lang.Object;@44b8c9e8"
04-13 23:20:06.438: I/ActivityManager(86): Displayed activity com.devang.samvaya/org.appcelerator.titanium.TiActivity: 364 ms (total 364 ms)
04-13 23:20:13.409: D/dalvikvm(86): Debugger has detached; object registry had 1 entries
04-13 23:20:13.409: D/dalvikvm(157): Debugger has detached; object registry had 1 entries
04-13 23:20:13.409: D/dalvikvm(159): Debugger has detached; object registry had 1 entries
04-13 23:20:13.418: D/dalvikvm(164): Debugger has detached; object registry had 1 entries
04-13 23:20:13.418: D/dalvikvm(267): Debugger has detached; object registry had 1 entries
04-13 23:20:13.428: D/dalvikvm(1399): Debugger has detached; object registry had 1 entries
04-13 23:20:13.438: D/dalvikvm(1168): Debugger has detached; object registry had 1 entries
04-13 23:20:13.438: D/dalvikvm(500): Debugger has detached; object registry had 1 entries
04-13 23:20:13.438: D/dalvikvm(1177): Debugger has detached; object registry had 1 entries
04-13 23:20:13.438: D/dalvikvm(165): Debugger has detached; object registry had 1 entries
04-13 23:20:13.448: D/dalvikvm(569): Debugger has detached; object registry had 1 entries
04-13 23:20:13.448: D/dalvikvm(438): Debugger has detached; object registry had 1 entries
04-13 23:20:13.448: D/dalvikvm(1158): Debugger has detached; object registry had 1 entries
04-13 23:20:13.448: D/dalvikvm(1437): Debugger has detached; object registry had 1 entries
04-13 23:20:13.448: D/dalvikvm(207): Debugger has detached; object registry had 1 entries
04-13 23:20:13.448: D/dalvikvm(429): Debugger has detached; object registry had 1 entries
04-13 23:20:13.448: D/dalvikvm(225): Debugger has detached; object registry had 1 entries
04-13 23:20:13.448: D/dalvikvm(483): Debugger has detached; object registry had 1 entries
04-13 23:20:13.448: D/dalvikvm(560): Debugger has detached; object registry had 1 entries
04-13 23:20:13.458: D/dalvikvm(630): Debugger has detached; object registry had 1 entries
04-13 23:20:13.458: D/dalvikvm(909): Debugger has detached; object registry had 1 entries
04-13 23:20:13.458: D/dalvikvm(595): Debugger has detached; object registry had 1 entries
04-13 23:20:36.028: W/KeyCharacterMap(1399): No keyboard for id 65540
04-13 23:20:36.028: W/KeyCharacterMap(1399): Using default keymap: /system/usr/keychars/qwerty.kcm.bin
04-13 23:20:36.438: E/TiBaseActivity(1399): (main) [30118,93949] Layout cleanup.
04-13 23:20:37.638: I/ActivityManager(86): Starting activity: Intent { cmp=com.devang.samvaya/org.appcelerator.titanium.TiActivity (has extras) }
04-13 23:20:37.648: D/PhoneWindow(1399): couldn't save which view has focus because the focused view com.android.internal.policy.impl.PhoneWindow$DecorView@44b2cdc8 has no id.
04-13 23:20:37.668: D/KrollContext(1399): (kroll$9: app://source/webview_repaint.js) [1230,95179] Running evaluated script: app://source/webview_repaint.js
04-13 23:20:37.718: D/dalvikvm(1399): GC_FOR_MALLOC freed 6498 objects / 698496 bytes in 40ms
04-13 23:20:37.789: I/global(1399): Default buffer size used in BufferedReader constructor. It would be better to be explicit if an 8k-char buffer is required.
04-13 23:20:37.868: W/webcore(1399): Can't get the viewWidth after the first layout
04-13 23:20:37.898: I/TiAPI(1399): (WebViewCoreThread) [229,95408] -=-=-=-=-=-=-=-=-=-=-=-=-=-=-=-=-=-=-=-=-=-=-=-=-=-=-=-=-=-=
04-13 23:20:37.898: I/TiAPI(1399): (WebViewCoreThread) [0,95408] "[Ljava.lang.Object;@44a600b0"
04-13 23:20:37.898: I/TiAPI(1399): (WebViewCoreThread) [1,95409] -=-=-=-=-=-=-=-=-=-=-=-=-=-=-=-=-=-=-=-=-=-=-=-=-=-=-=-=-=-=
04-13 23:20:37.898: I/TiAPI(1399): (WebViewCoreThread) [1,95410] "[Ti.App]"
04-13 23:20:37.898: I/TiAPI(1399): (WebViewCoreThread) [5,95415] -=-=-=-=-=-=-=-=-=-=-=-=-=-=-=-=-=-=-=-=-=-=-=-=-=-=-=-=-=-=
04-13 23:20:37.898: I/TiAPI(1399): (WebViewCoreThread) [1,95416] "data"
04-13 23:20:37.908: I/TiAPI(1399): (WebViewCoreThread) [0,95416] -=-=-=-=-=-=-=-=-=-=-=-=-=-=-=-=-=-=-=-=-=-=-=-=-=-=-=-=-=-=
04-13 23:20:37.908: I/TiAPI(1399): (WebViewCoreThread) [1,95417] "[Ljava.lang.Object;@44a62a78"
04-13 23:20:37.908: I/TiAPI(1399): (WebViewCoreThread) [1,95418] -=-=-=-=-=-=-=-=-=-=-=-=-=-=-=-=-=-=-=-=-=-=-=-=-=-=-=-=-=-=
04-13 23:20:37.908: I/TiAPI(1399): (WebViewCoreThread) [1,95419] "[Ljava.lang.Object;@44a0c5c8"
04-13 23:20:37.908: I/TiAPI(1399): (WebViewCoreThread) [2,95421] -=-=-=-=-=-=-=-=-=-=-=-=-=-=-=-=-=-=-=-=-=-=-=-=-=-=-=-=-=-=
04-13 23:20:37.908: I/TiAPI(1399): (WebViewCoreThread) [1,95422] "[Ti.App]"
04-13 23:20:37.908: I/TiAPI(1399): (WebViewCoreThread) [1,95423] -=-=-=-=-=-=-=-=-=-=-=-=-=-=-=-=-=-=-=-=-=-=-=-=-=-=-=-=-=-=
04-13 23:20:37.908: I/TiAPI(1399): (WebViewCoreThread) [0,95423] "data"
04-13 23:20:37.908: I/TiAPI(1399): (WebViewCoreThread) [3,95426] -=-=-=-=-=-=-=-=-=-=-=-=-=-=-=-=-=-=-=-=-=-=-=-=-=-=-=-=-=-=
04-13 23:20:37.918: I/TiAPI(1399): (WebViewCoreThread) [6,95432] "[Ljava.lang.Object;@44a1dda8"
04-13 23:20:37.948: I/TiAPI(1399): (WebViewCoreThread) [32,95464] -=-=-=-=-=-=-=-=-=-=-=-=-=-=-=-=-=-=-=-=-=-=-=-=-=-=-=-=-=-=
04-13 23:20:37.948: I/TiAPI(1399): (WebViewCoreThread) [2,95466] "[Ljava.lang.Object;@449dab28"
04-13 23:20:37.958: I/TiAPI(1399): (WebViewCoreThread) [6,95472] -=-=-=-=-=-=-=-=-=-=-=-=-=-=-=-=-=-=-=-=-=-=-=-=-=-=-=-=-=-=
04-13 23:20:37.958: I/TiAPI(1399): (WebViewCoreThread) [1,95473] "[Ti.App]"
04-13 23:20:37.958: I/TiAPI(1399): (WebViewCoreThread) [2,95475] -=-=-=-=-=-=-=-=-=-=-=-=-=-=-=-=-=-=-=-=-=-=-=-=-=-=-=-=-=-=
04-13 23:20:37.968: I/TiAPI(1399): (WebViewCoreThread) [5,95480] "data"
04-13 23:20:37.968: I/TiAPI(1399): (WebViewCoreThread) [0,95480] -=-=-=-=-=-=-=-=-=-=-=-=-=-=-=-=-=-=-=-=-=-=-=-=-=-=-=-=-=-=
04-13 23:20:37.968: I/TiAPI(1399): (WebViewCoreThread) [0,95480] "[Ljava.lang.Object;@449e2890"
04-13 23:20:38.088: I/ActivityManager(86): Displayed activity com.devang.samvaya/org.appcelerator.titanium.TiActivity: 428 ms (total 428 ms)