05-23 14:57:09.270: W/ActivityManager(161): No content provider found for permission revoke: file:///data/local/tmp/app.apk
05-23 14:57:09.440: D/dalvikvm(161): GC_CONCURRENT freed 1039K, 16% free 10196K/12103K, paused 2ms+6ms
05-23 14:57:10.660: I/PackageManager(161): Running dexopt on: com.appcelerator.sample.rss
05-23 14:57:10.840: D/dalvikvm(1471): DexOpt: 'Lorg/apache/commons/codec/binary/Base64;' has an earlier definition; blocking out
05-23 14:57:10.840: D/dalvikvm(1471): DexOpt: 'Lorg/apache/commons/codec/binary/Hex;' has an earlier definition; blocking out
05-23 14:57:10.860: D/dalvikvm(1471): DexOpt: 'Lorg/w3c/dom/UserDataHandler;' has an earlier definition; blocking out
05-23 14:57:11.010: D/dalvikvm(1471): DexOpt: not verifying/optimizing 'Lorg/apache/commons/codec/binary/Base64;': multiple definitions
05-23 14:57:11.010: D/dalvikvm(1471): DexOpt: not verifying/optimizing 'Lorg/apache/commons/codec/binary/Hex;': multiple definitions
05-23 14:57:11.010: I/dalvikvm(1471): DexOpt: not resolving ambiguous class 'Lorg/apache/commons/codec/binary/Hex;'
05-23 14:57:11.130: I/dalvikvm(1471): DexOpt: not resolving ambiguous class 'Lorg/apache/commons/codec/binary/Base64;'
05-23 14:57:11.140: I/dalvikvm(1471): DexOpt: not resolving ambiguous class 'Lorg/apache/commons/codec/binary/Base64;'
05-23 14:57:11.280: D/dalvikvm(1471): DexOpt: not verifying/optimizing 'Lorg/w3c/dom/UserDataHandler;': multiple definitions
05-23 14:57:11.330: I/dalvikvm(1471): DexOpt: not resolving ambiguous class 'Lorg/apache/commons/codec/binary/Hex;'
05-23 14:57:11.450: D/dalvikvm(1471): DexOpt: load 91ms, verify+opt 540ms
05-23 14:57:12.120: I/ActivityManager(161): Force stopping package com.appcelerator.sample.rss uid=10061
05-23 14:57:12.420: D/PackageManager(161): New package installed in /data/app/com.appcelerator.sample.rss-1.apk
05-23 14:57:12.580: D/PackageManager(161): generateServicesMap(android.accounts.AccountAuthenticator): 3 services unchanged
05-23 14:57:12.610: D/PackageManager(161): generateServicesMap(android.content.SyncAdapter): 12 services unchanged
05-23 14:57:12.640: D/BackupManagerService(161): Received broadcast Intent { act=android.intent.action.PACKAGE_ADDED dat=package:com.appcelerator.sample.rss flg=0x10000010 (has extras) }
05-23 14:57:12.640: V/BackupManagerService(161): addPackageParticipantsLocked: com.appcelerator.sample.rss
05-23 14:57:12.660: D/dalvikvm(1103): GC_CONCURRENT freed 239K, 5% free 7377K/7751K, paused 3ms+13ms
05-23 14:57:12.680: V/PicasaContentProvider(952): querySettings: defaults: {sync_on_wifi_only=1, auto_upload_account_type=null, sync_on_battery=1, sync_picasa_on_wifi_only=1, auto_upload_enabled=0, video_upload_wifi_only=1, sync_on_roaming=0, auto_upload_account_name=null}
05-23 14:57:12.690: D/PicasaSyncManager(952): reject PrefetchAlbumCover (*******************) because auto sync is off
05-23 14:57:12.690: V/PicasaContentProvider(952): querySettings: defaults: {sync_on_wifi_only=1, auto_upload_account_type=null, sync_on_battery=1, sync_picasa_on_wifi_only=1, auto_upload_enabled=0, video_upload_wifi_only=1, sync_on_roaming=0, auto_upload_account_name=null}
05-23 14:57:12.700: D/PicasaSyncManager(952): reject PrefetchAlbumCover (*******************) because auto sync is off
05-23 14:57:12.720: V/PicasaContentProvider(952): querySettings: defaults: {sync_on_wifi_only=1, auto_upload_account_type=null, sync_on_battery=1, sync_picasa_on_wifi_only=1, auto_upload_enabled=0, video_upload_wifi_only=1, sync_on_roaming=0, auto_upload_account_name=null}
05-23 14:57:12.720: D/PicasaSyncManager(952): reject PrefetchScreenNail (*******************) because auto sync is off
05-23 14:57:12.720: V/PicasaContentProvider(952): querySettings: defaults: {sync_on_wifi_only=1, auto_upload_account_type=null, sync_on_battery=1, sync_picasa_on_wifi_only=1, auto_upload_enabled=0, video_upload_wifi_only=1, sync_on_roaming=0, auto_upload_account_name=null}
05-23 14:57:12.720: D/PicasaSyncManager(952): reject PrefetchScreenNail (*******************) because auto sync is off
05-23 14:57:12.750: D/dalvikvm(161): GC_EXPLICIT freed 699K, 14% free 10435K/12103K, paused 10ms+9ms
05-23 14:57:12.750: D/AndroidRuntime(1460): Shutting down VM
05-23 14:57:12.760: D/dalvikvm(1460): GC_CONCURRENT freed 97K, 83% free 451K/2560K, paused 1ms+0ms
05-23 14:57:12.760: I/AndroidRuntime(1460): NOTE: attach of thread 'Binder Thread #3' failed
05-23 14:57:12.930: D/dalvikvm(360): GC_FOR_ALLOC freed 3054K, 34% free 12798K/19271K, paused 42ms
05-23 14:57:13.080: D/dalvikvm(360): GC_FOR_ALLOC freed 597K, 33% free 13019K/19271K, paused 29ms
05-23 14:57:13.160: D/dalvikvm(360): GC_CONCURRENT freed 317K, 24% free 14747K/19271K, paused 2ms+5ms
05-23 14:57:13.210: D/dalvikvm(360): GC_FOR_ALLOC freed 1482K, 30% free 13506K/19271K, paused 29ms
05-23 14:57:13.320: D/dalvikvm(360): GC_CONCURRENT freed 1492K, 28% free 13969K/19271K, paused 2ms+5ms
05-23 14:57:13.580: D/dalvikvm(360): GC_FOR_ALLOC freed 2977K, 34% free 12799K/19271K, paused 38ms
05-23 14:57:13.650: D/dalvikvm(996): GC_CONCURRENT freed 499K, 8% free 6917K/7495K, paused 2ms+2ms
05-23 14:57:13.750: D/dalvikvm(360): GC_FOR_ALLOC freed 620K, 33% free 13078K/19271K, paused 32ms
05-23 14:57:13.830: D/dalvikvm(360): GC_CONCURRENT freed 294K, 24% free 14747K/19271K, paused 3ms+6ms
05-23 14:57:13.870: D/dalvikvm(360): GC_FOR_ALLOC freed 1481K, 30% free 13506K/19271K, paused 33ms
05-23 14:57:14.000: D/dalvikvm(360): GC_CONCURRENT freed 1492K, 28% free 13970K/19271K, paused 2ms+5ms
05-23 14:59:03.690: D/AndroidRuntime(1506): >>>>>> AndroidRuntime START com.android.internal.os.RuntimeInit <<<<<<
05-23 14:59:03.690: D/AndroidRuntime(1506): CheckJNI is OFF
05-23 14:59:03.890: D/AndroidRuntime(1506): Calling main entry com.android.commands.pm.Pm
05-23 14:59:03.900: W/ActivityManager(161): No content provider found for permission revoke: file:///data/local/tmp/app.apk
05-23 14:59:03.960: W/ActivityManager(161): No content provider found for permission revoke: file:///data/local/tmp/app.apk
05-23 14:59:04.140: D/dalvikvm(161): GC_CONCURRENT freed 1189K, 16% free 10232K/12103K, paused 2ms+6ms
05-23 14:59:04.840: I/PackageManager(161): Running dexopt on: com.appcelerator.singlewindow
05-23 14:59:05.040: D/dalvikvm(1518): DexOpt: 'Lorg/apache/commons/codec/binary/Base64;' has an earlier definition; blocking out
05-23 14:59:05.040: D/dalvikvm(1518): DexOpt: 'Lorg/apache/commons/codec/binary/Hex;' has an earlier definition; blocking out
05-23 14:59:05.060: D/dalvikvm(1518): DexOpt: 'Lorg/w3c/dom/UserDataHandler;' has an earlier definition; blocking out
05-23 14:59:05.200: D/dalvikvm(1518): DexOpt: not verifying/optimizing 'Lorg/apache/commons/codec/binary/Base64;': multiple definitions
05-23 14:59:05.200: D/dalvikvm(1518): DexOpt: not verifying/optimizing 'Lorg/apache/commons/codec/binary/Hex;': multiple definitions
05-23 14:59:05.200: I/dalvikvm(1518): DexOpt: not resolving ambiguous class 'Lorg/apache/commons/codec/binary/Hex;'
05-23 14:59:05.330: I/dalvikvm(1518): DexOpt: not resolving ambiguous class 'Lorg/apache/commons/codec/binary/Base64;'
05-23 14:59:05.340: I/dalvikvm(1518): DexOpt: not resolving ambiguous class 'Lorg/apache/commons/codec/binary/Base64;'
05-23 14:59:05.480: D/dalvikvm(1518): DexOpt: not verifying/optimizing 'Lorg/w3c/dom/UserDataHandler;': multiple definitions
05-23 14:59:05.520: I/dalvikvm(1518): DexOpt: not resolving ambiguous class 'Lorg/apache/commons/codec/binary/Hex;'
05-23 14:59:05.640: D/dalvikvm(1518): DexOpt: load 107ms, verify+opt 538ms
05-23 14:59:06.060: I/ActivityManager(161): Force stopping package com.appcelerator.singlewindow uid=10062
05-23 14:59:06.300: D/PackageManager(161): New package installed in /data/app/com.appcelerator.singlewindow-1.apk
05-23 14:59:06.510: D/PackageManager(161): generateServicesMap(android.accounts.AccountAuthenticator): 3 services unchanged
05-23 14:59:06.550: D/PackageManager(161): generateServicesMap(android.content.SyncAdapter): 12 services unchanged
05-23 14:59:06.560: D/BackupManagerService(161): Received broadcast Intent { act=android.intent.action.PACKAGE_ADDED dat=package:com.appcelerator.singlewindow flg=0x10000010 (has extras) }
05-23 14:59:06.560: V/BackupManagerService(161): addPackageParticipantsLocked: com.appcelerator.singlewindow
05-23 14:59:06.670: V/PicasaContentProvider(952): querySettings: defaults: {sync_on_wifi_only=1, auto_upload_account_type=null, sync_on_battery=1, sync_picasa_on_wifi_only=1, auto_upload_enabled=0, video_upload_wifi_only=1, sync_on_roaming=0, auto_upload_account_name=null}
05-23 14:59:06.670: D/PicasaSyncManager(952): reject PrefetchAlbumCover (*******************) because auto sync is off
05-23 14:59:06.670: V/PicasaContentProvider(952): querySettings: defaults: {sync_on_wifi_only=1, auto_upload_account_type=null, sync_on_battery=1, sync_picasa_on_wifi_only=1, auto_upload_enabled=0, video_upload_wifi_only=1, sync_on_roaming=0, auto_upload_account_name=null}
05-23 14:59:06.670: D/PicasaSyncManager(952): reject PrefetchAlbumCover (*******************) because auto sync is off
05-23 14:59:06.670: V/PicasaContentProvider(952): querySettings: defaults: {sync_on_wifi_only=1, auto_upload_account_type=null, sync_on_battery=1, sync_picasa_on_wifi_only=1, auto_upload_enabled=0, video_upload_wifi_only=1, sync_on_roaming=0, auto_upload_account_name=null}
05-23 14:59:06.670: D/PicasaSyncManager(952): reject PrefetchScreenNail (*******************) because auto sync is off
05-23 14:59:06.670: V/PicasaContentProvider(952): querySettings: defaults: {sync_on_wifi_only=1, auto_upload_account_type=null, sync_on_battery=1, sync_picasa_on_wifi_only=1, auto_upload_enabled=0, video_upload_wifi_only=1, sync_on_roaming=0, auto_upload_account_name=null}
05-23 14:59:06.670: D/PicasaSyncManager(952): reject PrefetchScreenNail (*******************) because auto sync is off
05-23 14:59:06.750: D/dalvikvm(161): GC_EXPLICIT freed 973K, 16% free 10202K/12103K, paused 3ms+9ms
05-23 14:59:06.750: D/AndroidRuntime(1506): Shutting down VM
05-23 14:59:06.750: D/dalvikvm(1506): GC_CONCURRENT freed 97K, 83% free 451K/2560K, paused 1ms+0ms
05-23 14:59:06.760: I/AndroidRuntime(1506): NOTE: attach of thread 'Binder Thread #3' failed
05-23 14:59:06.810: D/dalvikvm(360): GC_FOR_ALLOC freed 3031K, 34% free 12824K/19271K, paused 30ms
05-23 14:59:06.990: D/dalvikvm(360): GC_FOR_ALLOC freed 625K, 33% free 13048K/19271K, paused 36ms
05-23 14:59:07.080: D/dalvikvm(360): GC_CONCURRENT freed 320K, 24% free 14773K/19271K, paused 2ms+4ms
05-23 14:59:07.140: D/dalvikvm(360): GC_FOR_ALLOC freed 1482K, 30% free 13532K/19271K, paused 32ms
05-23 14:59:07.260: D/dalvikvm(360): GC_CONCURRENT freed 1492K, 28% free 14017K/19271K, paused 2ms+5ms
05-23 14:59:07.530: D/dalvikvm(360): GC_CONCURRENT freed 2823K, 32% free 13214K/19271K, paused 2ms+6ms
05-23 14:59:07.700: D/dalvikvm(360): GC_CONCURRENT freed 651K, 25% free 14519K/19271K, paused 2ms+7ms
05-23 14:59:07.750: D/dalvikvm(360): GC_FOR_ALLOC freed 1478K, 31% free 13403K/19271K, paused 28ms
05-23 14:59:07.880: D/dalvikvm(360): GC_CONCURRENT freed 1543K, 29% free 13875K/19271K, paused 2ms+5ms
05-23 14:59:40.090: W/ThrottleService(161): unable to find stats for iface rmnet0
05-23 14:59:41.160: D/AndroidRuntime(1537): >>>>>> AndroidRuntime START com.android.internal.os.RuntimeInit <<<<<<
05-23 14:59:41.160: D/AndroidRuntime(1537): CheckJNI is OFF
05-23 14:59:41.340: D/AndroidRuntime(1537): Calling main entry com.android.commands.pm.Pm
05-23 14:59:41.350: W/ActivityManager(161): No content provider found for permission revoke: file:///data/local/tmp/app.apk
05-23 14:59:41.410: W/ActivityManager(161): No content provider found for permission revoke: file:///data/local/tmp/app.apk
05-23 14:59:41.580: D/dalvikvm(161): GC_CONCURRENT freed 888K, 16% free 10248K/12103K, paused 2ms+5ms
05-23 14:59:42.320: I/PackageManager(161): Running dexopt on: com.appcelerator.tabbed
05-23 14:59:42.500: D/dalvikvm(1548): DexOpt: 'Lorg/apache/commons/codec/binary/Base64;' has an earlier definition; blocking out
05-23 14:59:42.500: D/dalvikvm(1548): DexOpt: 'Lorg/apache/commons/codec/binary/Hex;' has an earlier definition; blocking out
05-23 14:59:42.520: D/dalvikvm(1548): DexOpt: 'Lorg/w3c/dom/UserDataHandler;' has an earlier definition; blocking out
05-23 14:59:42.670: D/dalvikvm(1548): DexOpt: not verifying/optimizing 'Lorg/apache/commons/codec/binary/Base64;': multiple definitions
05-23 14:59:42.670: D/dalvikvm(1548): DexOpt: not verifying/optimizing 'Lorg/apache/commons/codec/binary/Hex;': multiple definitions
05-23 14:59:42.670: I/dalvikvm(1548): DexOpt: not resolving ambiguous class 'Lorg/apache/commons/codec/binary/Hex;'
05-23 14:59:42.790: I/dalvikvm(1548): DexOpt: not resolving ambiguous class 'Lorg/apache/commons/codec/binary/Base64;'
05-23 14:59:42.800: I/dalvikvm(1548): DexOpt: not resolving ambiguous class 'Lorg/apache/commons/codec/binary/Base64;'
05-23 14:59:42.940: D/dalvikvm(1548): DexOpt: not verifying/optimizing 'Lorg/w3c/dom/UserDataHandler;': multiple definitions
05-23 14:59:42.990: I/dalvikvm(1548): DexOpt: not resolving ambiguous class 'Lorg/apache/commons/codec/binary/Hex;'
05-23 14:59:43.110: D/dalvikvm(1548): DexOpt: load 91ms, verify+opt 540ms
05-23 14:59:43.700: I/ActivityManager(161): Force stopping package com.appcelerator.tabbed uid=10063
05-23 14:59:44.060: D/PackageManager(161): New package installed in /data/app/com.appcelerator.tabbed-1.apk
05-23 14:59:44.180: D/PackageManager(161): generateServicesMap(android.accounts.AccountAuthenticator): 3 services unchanged
05-23 14:59:44.210: D/PackageManager(161): generateServicesMap(android.content.SyncAdapter): 12 services unchanged
05-23 14:59:44.240: D/BackupManagerService(161): Received broadcast Intent { act=android.intent.action.PACKAGE_ADDED dat=package:com.appcelerator.tabbed flg=0x10000010 (has extras) }
05-23 14:59:44.240: V/BackupManagerService(161): addPackageParticipantsLocked: com.appcelerator.tabbed
05-23 14:59:44.280: V/PicasaContentProvider(952): querySettings: defaults: {sync_on_wifi_only=1, auto_upload_account_type=null, sync_on_battery=1, sync_picasa_on_wifi_only=1, auto_upload_enabled=0, video_upload_wifi_only=1, sync_on_roaming=0, auto_upload_account_name=null}
05-23 14:59:44.280: D/PicasaSyncManager(952): reject PrefetchAlbumCover (*******************) because auto sync is off
05-23 14:59:44.280: V/PicasaContentProvider(952): querySettings: defaults: {sync_on_wifi_only=1, auto_upload_account_type=null, sync_on_battery=1, sync_picasa_on_wifi_only=1, auto_upload_enabled=0, video_upload_wifi_only=1, sync_on_roaming=0, auto_upload_account_name=null}
05-23 14:59:44.290: D/PicasaSyncManager(952): reject PrefetchAlbumCover (*******************) because auto sync is off
05-23 14:59:44.290: V/PicasaContentProvider(952): querySettings: defaults: {sync_on_wifi_only=1, auto_upload_account_type=null, sync_on_battery=1, sync_picasa_on_wifi_only=1, auto_upload_enabled=0, video_upload_wifi_only=1, sync_on_roaming=0, auto_upload_account_name=null}
05-23 14:59:44.310: D/PicasaSyncManager(952): reject PrefetchScreenNail (*******************) because auto sync is off
05-23 14:59:44.310: V/PicasaContentProvider(952): querySettings: defaults: {sync_on_wifi_only=1, auto_upload_account_type=null, sync_on_battery=1, sync_picasa_on_wifi_only=1, auto_upload_enabled=0, video_upload_wifi_only=1, sync_on_roaming=0, auto_upload_account_name=null}
05-23 14:59:44.320: D/PicasaSyncManager(952): reject PrefetchScreenNail (*******************) because auto sync is off
05-23 14:59:44.330: D/dalvikvm(161): GC_EXPLICIT freed 701K, 15% free 10363K/12103K, paused 3ms+9ms
05-23 14:59:44.330: D/AndroidRuntime(1537): Shutting down VM
05-23 14:59:44.330: D/dalvikvm(1537): GC_CONCURRENT freed 97K, 83% free 451K/2560K, paused 0ms+0ms
05-23 14:59:44.330: I/AndroidRuntime(1537): NOTE: attach of thread 'Binder Thread #3' failed
05-23 14:59:44.500: D/dalvikvm(360): GC_FOR_ALLOC freed 2862K, 35% free 12699K/19271K, paused 31ms
05-23 14:59:44.680: D/dalvikvm(360): GC_FOR_ALLOC freed 1030K, 32% free 13128K/19271K, paused 28ms
05-23 14:59:44.760: D/dalvikvm(360): GC_CONCURRENT freed 294K, 24% free 14797K/19271K, paused 2ms+6ms
05-23 14:59:44.810: D/dalvikvm(360): GC_FOR_ALLOC freed 1481K, 30% free 13557K/19271K, paused 33ms
05-23 14:59:44.930: D/dalvikvm(360): GC_CONCURRENT freed 1492K, 28% free 14021K/19271K, paused 2ms+5ms
05-23 14:59:45.150: I/dalvikvm(360): Jit: resizing JitTable from 4096 to 8192
05-23 14:59:45.220: D/dalvikvm(360): GC_FOR_ALLOC freed 2328K, 30% free 13508K/19271K, paused 36ms
05-23 14:59:45.280: D/dalvikvm(996): GC_CONCURRENT freed 452K, 8% free 6951K/7495K, paused 3ms+4ms
05-23 14:59:45.360: D/dalvikvm(360): GC_FOR_ALLOC freed 654K, 29% free 13753K/19271K, paused 30ms
05-23 14:59:45.430: D/dalvikvm(360): GC_CONCURRENT freed 262K, 20% free 15453K/19271K, paused 2ms+6ms
05-23 14:59:45.490: D/dalvikvm(360): GC_FOR_ALLOC freed 1480K, 27% free 14213K/19271K, paused 29ms
05-23 14:59:45.590: D/dalvikvm(360): GC_CONCURRENT freed 1492K, 24% free 14678K/19271K, paused 3ms+4ms
05-23 15:00:13.190: D/AndroidRuntime(1566): >>>>>> AndroidRuntime START com.android.internal.os.RuntimeInit <<<<<<
05-23 15:00:13.190: D/AndroidRuntime(1566): CheckJNI is OFF
05-23 15:00:13.380: D/AndroidRuntime(1566): Calling main entry com.android.commands.pm.Pm
05-23 15:00:13.390: W/ActivityManager(161): No content provider found for permission revoke: file:///data/local/tmp/app.apk
05-23 15:00:13.440: W/ActivityManager(161): No content provider found for permission revoke: file:///data/local/tmp/app.apk
05-23 15:00:13.600: D/dalvikvm(161): GC_CONCURRENT freed 1026K, 16% free 10231K/12103K, paused 3ms+6ms
05-23 15:00:14.690: I/PackageManager(161): Running dexopt on: com.appcelerator.sample.todo
05-23 15:00:14.850: D/dalvikvm(1578): DexOpt: 'Lorg/apache/commons/codec/binary/Base64;' has an earlier definition; blocking out
05-23 15:00:14.850: D/dalvikvm(1578): DexOpt: 'Lorg/apache/commons/codec/binary/Hex;' has an earlier definition; blocking out
05-23 15:00:14.870: D/dalvikvm(1578): DexOpt: 'Lorg/w3c/dom/UserDataHandler;' has an earlier definition; blocking out
05-23 15:00:15.010: D/dalvikvm(1578): DexOpt: not verifying/optimizing 'Lorg/apache/commons/codec/binary/Base64;': multiple definitions
05-23 15:00:15.010: D/dalvikvm(1578): DexOpt: not verifying/optimizing 'Lorg/apache/commons/codec/binary/Hex;': multiple definitions
05-23 15:00:15.010: I/dalvikvm(1578): DexOpt: not resolving ambiguous class 'Lorg/apache/commons/codec/binary/Hex;'
05-23 15:00:15.040: I/dalvikvm(1578): DexOpt: not resolving ambiguous class 'Lorg/apache/commons/codec/binary/Base64;'
05-23 15:00:15.040: I/dalvikvm(1578): DexOpt: not resolving ambiguous class 'Lorg/apache/commons/codec/binary/Base64;'
05-23 15:00:15.190: D/dalvikvm(1578): DexOpt: not verifying/optimizing 'Lorg/w3c/dom/UserDataHandler;': multiple definitions
05-23 15:00:15.240: I/dalvikvm(1578): DexOpt: not resolving ambiguous class 'Lorg/apache/commons/codec/binary/Hex;'
05-23 15:00:15.350: D/dalvikvm(1578): DexOpt: load 88ms, verify+opt 432ms
05-23 15:00:15.880: I/ActivityManager(161): Force stopping package com.appcelerator.sample.todo uid=10064
05-23 15:00:15.990: D/PackageManager(161): New package installed in /data/app/com.appcelerator.sample.todo-1.apk
05-23 15:00:16.100: D/PackageManager(161): generateServicesMap(android.accounts.AccountAuthenticator): 3 services unchanged
05-23 15:00:16.130: D/PackageManager(161): generateServicesMap(android.content.SyncAdapter): 12 services unchanged
05-23 15:00:16.140: D/BackupManagerService(161): Received broadcast Intent { act=android.intent.action.PACKAGE_ADDED dat=package:com.appcelerator.sample.todo flg=0x10000010 (has extras) }
05-23 15:00:16.140: V/BackupManagerService(161): addPackageParticipantsLocked: com.appcelerator.sample.todo
05-23 15:00:16.240: V/PicasaContentProvider(952): querySettings: defaults: {sync_on_wifi_only=1, auto_upload_account_type=null, sync_on_battery=1, sync_picasa_on_wifi_only=1, auto_upload_enabled=0, video_upload_wifi_only=1, sync_on_roaming=0, auto_upload_account_name=null}
05-23 15:00:16.290: D/dalvikvm(161): GC_EXPLICIT freed 982K, 16% free 10193K/12103K, paused 3ms+8ms
05-23 15:00:16.300: D/PicasaSyncManager(952): reject PrefetchAlbumCover (*******************) because auto sync is off
05-23 15:00:16.300: V/PicasaContentProvider(952): querySettings: defaults: {sync_on_wifi_only=1, auto_upload_account_type=null, sync_on_battery=1, sync_picasa_on_wifi_only=1, auto_upload_enabled=0, video_upload_wifi_only=1, sync_on_roaming=0, auto_upload_account_name=null}
05-23 15:00:16.310: D/AndroidRuntime(1566): Shutting down VM
05-23 15:00:16.310: D/dalvikvm(1566): GC_CONCURRENT freed 97K, 83% free 451K/2560K, paused 1ms+0ms
05-23 15:00:16.320: I/AndroidRuntime(1566): NOTE: attach of thread 'Binder Thread #3' failed
05-23 15:00:16.320: D/PicasaSyncManager(952): reject PrefetchAlbumCover (*******************) because auto sync is off
05-23 15:00:16.320: V/PicasaContentProvider(952): querySettings: defaults: {sync_on_wifi_only=1, auto_upload_account_type=null, sync_on_battery=1, sync_picasa_on_wifi_only=1, auto_upload_enabled=0, video_upload_wifi_only=1, sync_on_roaming=0, auto_upload_account_name=null}
05-23 15:00:16.330: D/PicasaSyncManager(952): reject PrefetchScreenNail (*******************) because auto sync is off
05-23 15:00:16.340: V/PicasaContentProvider(952): querySettings: defaults: {sync_on_wifi_only=1, auto_upload_account_type=null, sync_on_battery=1, sync_picasa_on_wifi_only=1, auto_upload_enabled=0, video_upload_wifi_only=1, sync_on_roaming=0, auto_upload_account_name=null}
05-23 15:00:16.340: D/PicasaSyncManager(952): reject PrefetchScreenNail (*******************) because auto sync is off
05-23 15:00:16.500: D/dalvikvm(360): GC_CONCURRENT freed 3716K, 34% free 12885K/19271K, paused 2ms+9ms
05-23 15:00:16.630: D/dalvikvm(360): GC_FOR_ALLOC freed 662K, 32% free 13122K/19271K, paused 29ms
05-23 15:00:16.730: D/dalvikvm(360): GC_CONCURRENT freed 261K, 24% free 14823K/19271K, paused 3ms+6ms
05-23 15:00:16.780: D/dalvikvm(360): GC_FOR_ALLOC freed 1480K, 30% free 13583K/19271K, paused 28ms
05-23 15:00:16.880: D/dalvikvm(360): GC_CONCURRENT freed 1492K, 28% free 14047K/19271K, paused 2ms+6ms
05-23 15:00:17.150: D/dalvikvm(360): GC_FOR_ALLOC freed 2985K, 34% free 12880K/19271K, paused 44ms
05-23 15:00:17.300: D/dalvikvm(360): GC_FOR_ALLOC freed 622K, 32% free 13124K/19271K, paused 33ms
05-23 15:00:17.380: D/dalvikvm(360): GC_CONCURRENT freed 295K, 24% free 14824K/19271K, paused 2ms+4ms
05-23 15:00:17.440: D/dalvikvm(360): GC_FOR_ALLOC freed 1481K, 30% free 13583K/19271K, paused 33ms
05-23 15:00:17.540: D/dalvikvm(360): GC_CONCURRENT freed 1492K, 28% free 14047K/19271K, paused 3ms+4ms
05-23 15:00:24.940: I/ActivityManager(161): START {act=android.intent.action.MAIN cat=[android.intent.category.LAUNCHER] flg=0x10200000 cmp=com.appcelerator.sample.mapping/.SampleMappingActivity} from pid 360
05-23 15:00:25.000: D/dalvikvm(161): GC_FOR_ALLOC freed 191K, 17% free 10146K/12103K, paused 53ms
05-23 15:00:25.000: I/dalvikvm-heap(161): Grow heap (frag case) to 10.570MB for 614416-byte allocation
05-23 15:00:25.070: D/dalvikvm(161): GC_FOR_ALLOC freed 21K, 16% free 10724K/12743K, paused 48ms
05-23 15:00:25.080: I/ActivityManager(161): Start proc com.appcelerator.sample.mapping for activity com.appcelerator.sample.mapping/.SampleMappingActivity: pid=1587 uid=10012 gids={1015, 3003}
05-23 15:00:25.100: I/dalvikvm(1587): Turning on JNI app bug workarounds for target SDK version 8...
05-23 15:00:25.160: D/dalvikvm(161): GC_EXPLICIT freed 36K, 16% free 10823K/12743K, paused 4ms+5ms
05-23 15:00:25.170: D/OpenGLRenderer(360): Flushing caches (mode 1)
05-23 15:00:25.200: D/OpenGLRenderer(360): Flushing caches (mode 0)
05-23 15:00:25.210: I/TiApplication(1587): (main) [0,0] checkpoint, app created.
05-23 15:00:25.240: I/TiApplication(1587): (main) [35,35] Titanium 2.0.2 (2012/05/23 11:28 3ae956b)
05-23 15:00:25.560: I/TiDbHelper(1587): (main) [316,351] No value in database for platform key: 'unique_machine_id' returning supplied default ''
05-23 15:00:25.570: I/TiDbHelper(1587): (main) [12,363] No value in database for platform key: 'hardware_machine_id' returning supplied default ''
05-23 15:00:25.590: D/dalvikvm(1587): GC_CONCURRENT freed 326K, 7% free 6599K/7047K, paused 7ms+3ms
05-23 15:00:25.800: I/TiApplication(1587): (main) [230,593] Titanium Javascript runtime: v8
05-23 15:00:25.800: D/dalvikvm(1587): Trying to load lib /data/data/com.appcelerator.sample.mapping/lib/libstlport_shared.so 0x410800b0
05-23 15:00:25.800: D/dalvikvm(1587): Added shared lib /data/data/com.appcelerator.sample.mapping/lib/libstlport_shared.so 0x410800b0
05-23 15:00:25.800: D/dalvikvm(1587): No JNI_OnLoad found in /data/data/com.appcelerator.sample.mapping/lib/libstlport_shared.so 0x410800b0, skipping init
05-23 15:00:25.800: D/dalvikvm(1587): Trying to load lib /data/data/com.appcelerator.sample.mapping/lib/libkroll-v8.so 0x410800b0
05-23 15:00:25.810: D/dalvikvm(1587): Added shared lib /data/data/com.appcelerator.sample.mapping/lib/libkroll-v8.so 0x410800b0
05-23 15:00:25.810: I/TiRootActivity(1587): (main) [0,0] checkpoint, on root activity create, savedInstanceState: null
05-23 15:00:25.910: D/TiAnalyticsDb(1587): (main) [95,95] Creating Database tianalytics.db
05-23 15:00:25.910: I/TiAnalyticsDb(1587): (main) [1,96] Upgrading Database from 1 to 4
05-23 15:00:26.120: E/TiApplication(1587): (KrollRuntimeThread) [208,304] APP PROXY: ti.modules.titanium.app.AppModule@41073aa0
05-23 15:00:26.150: W/V8Object(1587): Runtime disposed, cannot set property 'userAgent'
05-23 15:00:26.180: D/Module(1587): Loading module: ui/ApplicationWindow -> Resources/ui/ApplicationWindow.js
05-23 15:00:26.220: D/Module(1587): Loading module: geo -> Resources/geo.js
05-23 15:00:26.280: I/ActivityManager(161): START {cmp=com.appcelerator.sample.mapping/org.appcelerator.titanium.TiActivity (has extras)} from pid 1587
05-23 15:00:26.320: D/dalvikvm(1587): GC_FOR_ALLOC freed 244K, 6% free 6731K/7111K, paused 19ms
05-23 15:00:26.320: I/dalvikvm-heap(1587): Grow heap (frag case) to 7.230MB for 614416-byte allocation
05-23 15:00:26.370: D/dalvikvm(1587): GC_CONCURRENT freed 20K, 6% free 7310K/7751K, paused 2ms+3ms
05-23 15:00:26.380: I/TiRootActivity(1587): (main) [0,0] checkpoint, on root activity resume. activity = com.appcelerator.sample.mapping.SampleMappingActivity@410bc1b8
05-23 15:00:26.530: D/TiMapView(1587): (main) [152,152] Development mode using map api key ending with 'WE5TSgjJNg' retrieved from (Source Code)
05-23 15:00:26.570: D/dalvikvm(1587): GC_CONCURRENT freed 195K, 4% free 7661K/7943K, paused 2ms+4ms
05-23 15:00:26.570: W/CursorWrapperInner(1587): Cursor finalized without prior close()
05-23 15:00:26.630: D/TiUIView(1587): (main) [100,252] Nativeview is null
05-23 15:00:26.670: I/MapActivity(1587): Handling network change notification:CONNECTED
05-23 15:00:26.670: E/MapActivity(1587): Couldn't get connection factory client
05-23 15:00:26.670: D/TiUIView(1587): (main) [39,291] Nativeview is null
05-23 15:00:26.670: V/TabletStatusBar(238): setLightsOn(true)
05-23 15:00:26.690: W/InputManagerService(161): Starting input on non-focused client com.android.internal.view.IInputMethodClient$Stub$Proxy@412e10f8 (uid=10022 pid=360)
05-23 15:00:26.770: D/dalvikvm(1587): GC_FOR_ALLOC freed 45K, 4% free 7809K/8071K, paused 22ms
05-23 15:00:26.800: I/ActivityManager(161): Displayed com.appcelerator.sample.mapping/org.appcelerator.titanium.TiActivity: +403ms (total +1s726ms)
05-23 15:00:26.860: D/dalvikvm(326): GC_CONCURRENT freed 152K, 4% free 7077K/7303K, paused 2ms+12ms
05-23 15:00:27.080: D/dalvikvm(326): GC_FOR_ALLOC freed 129K, 4% free 7189K/7431K, paused 21ms
05-23 15:00:27.080: I/dalvikvm-heap(326): Grow heap (frag case) to 8.757MB for 1751056-byte allocation
05-23 15:00:27.120: D/dalvikvm(326): GC_CONCURRENT freed 12K, 3% free 8886K/9159K, paused 2ms+4ms
05-23 15:00:27.430: D/dalvikvm(1587): GC_CONCURRENT freed 100K, 3% free 8213K/8455K, paused 3ms+2ms
05-23 15:00:34.060: D/dalvikvm(1587): GC_CONCURRENT freed 64K, 3% free 8661K/8839K, paused 2ms+2ms
05-23 15:00:35.990: D/dalvikvm(161): GC_FOR_ALLOC freed 885K, 20% free 10258K/12743K, paused 54ms
05-23 15:00:36.050: E/TiBaseActivity(1587): (main) [9375,9666] Layout cleanup.
05-23 15:00:36.190: W/IInputConnectionWrapper(1587): showStatusIcon on inactive InputConnection
05-23 15:00:36.190: W/InputManagerService(161): Starting input on non-focused client com.android.internal.view.IInputMethodClient$Stub$Proxy@41315208 (uid=10012 pid=1587)
05-23 15:00:36.310: D/dalvikvm(360): GC_CONCURRENT freed 3018K, 33% free 13055K/19271K, paused 2ms+6ms
05-23 15:00:36.500: D/dalvikvm(360): GC_FOR_ALLOC freed 1899K, 33% free 13064K/19271K, paused 32ms
05-23 15:00:36.660: D/dalvikvm(360): GC_CONCURRENT freed 1502K, 30% free 13598K/19271K, paused 4ms+9ms
05-23 15:00:36.910: I/ActivityManager(161): No longer want com.google.android.music:main (pid 919): hidden #16
05-23 15:00:36.920: E/TiBaseActivity(1587): (main) [873,10539] Layout cleanup.
05-23 15:00:36.930: W/WindowManager(161): Force-removing child win Window{413aa9a0 Panel:com.appcelerator.sample.mapping/ti.modules.titanium.map.TiMapActivity paused=false} from container Window{414d70e8 com.appcelerator.sample.mapping/org.appcelerator.titanium.TiActivity paused=false}
05-23 15:00:36.940: E/InputQueue-JNI(1587): channel '413aa9a0 Panel:com.appcelerator.sample.mapping/ti.modules.titanium.map.TiMapActivity (client)' ~ Publisher closed input channel or an error occurred. events=0x8
05-23 15:00:36.940: W/WindowManager(161): Failed looking up window
05-23 15:00:36.940: W/WindowManager(161): java.lang.IllegalArgumentException: Requested window android.os.BinderProxy@4139d0b8 does not exist
05-23 15:00:36.940: W/WindowManager(161): at com.android.server.wm.WindowManagerService.windowForClientLocked(WindowManagerService.java:7156)
05-23 15:00:36.940: W/WindowManager(161): at com.android.server.wm.WindowManagerService.windowForClientLocked(WindowManagerService.java:7147)
05-23 15:00:36.940: W/WindowManager(161): at com.android.server.wm.WindowManagerService.removeWindow(WindowManagerService.java:2209)
05-23 15:00:36.940: W/WindowManager(161): at com.android.server.wm.Session.remove(Session.java:149)
05-23 15:00:36.940: W/WindowManager(161): at android.view.IWindowSession$Stub.onTransact(IWindowSession.java:124)
05-23 15:00:36.940: W/WindowManager(161): at com.android.server.wm.Session.onTransact(Session.java:111)
05-23 15:00:36.940: W/WindowManager(161): at android.os.Binder.execTransact(Binder.java:338)
05-23 15:00:36.940: W/WindowManager(161): at dalvik.system.NativeStart.run(Native Method)
05-23 15:00:39.680: I/ActivityManager(161): START {act=android.intent.action.MAIN cat=[android.intent.category.LAUNCHER] flg=0x10200000 cmp=com.appcelerator.sample.rss/.SampleRssActivity} from pid 360
05-23 15:00:39.740: D/dalvikvm(161): GC_FOR_ALLOC freed 213K, 20% free 10248K/12743K, paused 50ms
05-23 15:00:39.740: I/dalvikvm-heap(161): Grow heap (frag case) to 10.670MB for 614416-byte allocation
05-23 15:00:39.790: D/dalvikvm(161): GC_FOR_ALLOC freed 14K, 20% free 10834K/13383K, paused 47ms
05-23 15:00:39.820: I/dalvikvm(1622): Turning on JNI app bug workarounds for target SDK version 8...
05-23 15:00:39.820: I/ActivityManager(161): Start proc com.appcelerator.sample.rss for activity com.appcelerator.sample.rss/.SampleRssActivity: pid=1622 uid=10061 gids={1015, 3003}
05-23 15:00:39.840: D/OpenGLRenderer(360): Flushing caches (mode 1)
05-23 15:00:39.850: I/TiApplication(1622): (main) [0,0] checkpoint, app created.
05-23 15:00:39.880: D/OpenGLRenderer(360): Flushing caches (mode 0)
05-23 15:00:39.880: I/TiApplication(1622): (main) [36,36] Titanium 2.0.2 (2012/05/23 11:28 3ae956b)
05-23 15:00:40.010: D/dalvikvm(1622): GC_CONCURRENT freed 313K, 6% free 6596K/6983K, paused 3ms+2ms
05-23 15:00:40.190: I/TiDbHelper(1622): (main) [307,343] No value in database for platform key: 'unique_machine_id' returning supplied default ''
05-23 15:00:40.210: I/TiDbHelper(1622): (main) [17,360] No value in database for platform key: 'hardware_machine_id' returning supplied default ''
05-23 15:00:40.420: I/TiApplication(1622): (main) [211,571] Titanium Javascript runtime: v8
05-23 15:00:40.420: D/dalvikvm(1622): Trying to load lib /data/data/com.appcelerator.sample.rss/lib/libstlport_shared.so 0x41080650
05-23 15:00:40.420: D/dalvikvm(1622): Added shared lib /data/data/com.appcelerator.sample.rss/lib/libstlport_shared.so 0x41080650
05-23 15:00:40.420: D/dalvikvm(1622): No JNI_OnLoad found in /data/data/com.appcelerator.sample.rss/lib/libstlport_shared.so 0x41080650, skipping init
05-23 15:00:40.420: D/dalvikvm(1622): Trying to load lib /data/data/com.appcelerator.sample.rss/lib/libkroll-v8.so 0x41080650
05-23 15:00:40.440: I/TiRootActivity(1622): (main) [0,0] checkpoint, on root activity create, savedInstanceState: null
05-23 15:00:40.440: D/dalvikvm(1622): Added shared lib /data/data/com.appcelerator.sample.rss/lib/libkroll-v8.so 0x41080650
05-23 15:00:40.540: D/TiAnalyticsDb(1622): (main) [102,102] Creating Database tianalytics.db
05-23 15:00:40.540: I/TiAnalyticsDb(1622): (main) [2,104] Upgrading Database from 1 to 4
05-23 15:00:40.730: E/TiApplication(1622): (KrollRuntimeThread) [189,293] APP PROXY: ti.modules.titanium.app.AppModule@4109a7d8
05-23 15:00:40.740: W/V8Object(1622): Runtime disposed, cannot set property 'userAgent'
05-23 15:00:40.820: D/Module(1622): Loading module: ui/tablet/ApplicationWindow -> Resources/ui/tablet/ApplicationWindow.js
05-23 15:00:40.860: D/Module(1622): Loading module: services/rss -> Resources/services/rss.js
05-23 15:00:40.880: D/Module(1622): Loading module: ui/common/MasterView -> Resources/ui/common/MasterView.js
05-23 15:00:40.890: D/Module(1622): Loading module: ui/common/DetailView -> Resources/ui/common/DetailView.js
05-23 15:00:40.990: D/dalvikvm(1622): GC_CONCURRENT freed 349K, 7% free 6784K/7239K, paused 2ms+3ms
05-23 15:00:41.190: D/dalvikvm(1622): GC_FOR_ALLOC freed 284K, 6% free 6845K/7239K, paused 34ms
05-23 15:00:41.190: I/dalvikvm-heap(1622): Grow heap (frag case) to 7.341MB for 614416-byte allocation
05-23 15:00:41.240: D/dalvikvm(1622): GC_CONCURRENT freed 2K, 6% free 7443K/7879K, paused 2ms+2ms
05-23 15:00:41.280: I/TiRootActivity(1622): (main) [0,0] checkpoint, on root activity resume. activity = com.appcelerator.sample.rss.SampleRssActivity@410d1898
05-23 15:00:41.350: V/TabletStatusBar(238): setLightsOn(true)
05-23 15:00:41.360: W/InputManagerService(161): Starting input on non-focused client com.android.internal.view.IInputMethodClient$Stub$Proxy@412e10f8 (uid=10022 pid=360)
05-23 15:00:41.450: I/ActivityManager(161): Displayed com.appcelerator.sample.rss/.SampleRssActivity: +1s655ms
05-23 15:00:41.850: D/dalvikvm(1622): GC_FOR_ALLOC freed 101K, 6% free 7584K/8007K, paused 29ms
05-23 15:00:41.980: D/dalvikvm(1622): GC_FOR_ALLOC freed 80K, 7% free 7652K/8199K, paused 34ms
05-23 15:00:41.980: I/dalvikvm-heap(1622): Grow heap (frag case) to 7.833MB for 303904-byte allocation
05-23 15:00:42.000: D/dalvikvm(1622): GC_FOR_ALLOC freed 147K, 9% free 7802K/8519K, paused 23ms
05-23 15:00:42.230: D/dalvikvm(1622): GC_FOR_ALLOC freed 2K, 9% free 7802K/8519K, paused 39ms
05-23 15:00:42.230: I/dalvikvm-heap(1622): Grow heap (frag case) to 8.271MB for 609772-byte allocation
05-23 15:00:42.260: D/dalvikvm(1622): GC_CONCURRENT freed 296K, 12% free 8100K/9159K, paused 2ms+3ms
05-23 15:00:42.280: D/dalvikvm(1622): GC_FOR_ALLOC freed 604K, 15% free 7824K/9159K, paused 18ms
05-23 15:00:42.280: I/dalvikvm-heap(1622): Grow heap (frag case) to 8.337MB for 656260-byte allocation
05-23 15:00:42.320: D/dalvikvm(1622): GC_FOR_ALLOC freed 0K, 8% free 8465K/9159K, paused 18ms
05-23 15:00:42.320: I/dalvikvm-heap(1622): Grow heap (frag case) to 8.962MB for 655644-byte allocation
05-23 15:00:42.360: D/dalvikvm(1622): GC_CONCURRENT freed 640K, 15% free 8465K/9863K, paused 2ms+3ms
05-23 15:00:42.450: D/dalvikvm(1622): GC_FOR_ALLOC freed 1K, 11% free 8789K/9863K, paused 22ms
05-23 15:00:42.450: I/dalvikvm-heap(1622): Grow heap (frag case) to 9.279MB for 655644-byte allocation
05-23 15:00:42.470: D/dalvikvm(1622): GC_FOR_ALLOC freed 320K, 14% free 9109K/10567K, paused 18ms
05-23 15:00:42.580: D/dalvikvm(1622): GC_CONCURRENT freed 904K, 15% free 9067K/10567K, paused 3ms+3ms
05-23 15:00:42.680: D/dalvikvm(1622): GC_CONCURRENT freed 590K, 12% free 9344K/10567K, paused 2ms+3ms
05-23 15:00:42.800: D/dalvikvm(1622): GC_CONCURRENT freed 605K, 9% free 9694K/10567K, paused 2ms+3ms
05-23 15:00:42.860: W/Element(1622): (KrollRuntimeThread) [1577,1577] The text property of Element is deprecated, use textContent instead.
05-23 15:00:42.860: W/Element(1622): (KrollRuntimeThread) [1,1578] The text property of Element is deprecated, use textContent instead.
05-23 15:00:42.860: W/Element(1622): (KrollRuntimeThread) [1,1579] The text property of Element is deprecated, use textContent instead.
05-23 15:00:42.870: W/Element(1622): (KrollRuntimeThread) [5,1584] The text property of Element is deprecated, use textContent instead.
05-23 15:00:42.870: W/Element(1622): (KrollRuntimeThread) [0,1584] The text property of Element is deprecated, use textContent instead.
05-23 15:00:42.870: W/Element(1622): (KrollRuntimeThread) [1,1585] The text property of Element is deprecated, use textContent instead.
05-23 15:00:42.870: W/Element(1622): (KrollRuntimeThread) [2,1587] The text property of Element is deprecated, use textContent instead.
05-23 15:00:42.870: W/Element(1622): (KrollRuntimeThread) [1,1588] The text property of Element is deprecated, use textContent instead.
05-23 15:00:42.870: W/Element(1622): (KrollRuntimeThread) [0,1588] The text property of Element is deprecated, use textContent instead.
05-23 15:00:42.870: W/Element(1622): (KrollRuntimeThread) [2,1590] The text property of Element is deprecated, use textContent instead.
05-23 15:00:42.870: W/Element(1622): (KrollRuntimeThread) [1,1591] The text property of Element is deprecated, use textContent instead.
05-23 15:00:42.870: W/Element(1622): (KrollRuntimeThread) [0,1591] The text property of Element is deprecated, use textContent instead.
05-23 15:00:42.880: W/Element(1622): (KrollRuntimeThread) [3,1594] The text property of Element is deprecated, use textContent instead.
05-23 15:00:42.880: W/Element(1622): (KrollRuntimeThread) [1,1595] The text property of Element is deprecated, use textContent instead.
05-23 15:00:42.880: W/Element(1622): (KrollRuntimeThread) [6,1601] The text property of Element is deprecated, use textContent instead.
05-23 15:00:42.890: W/Element(1622): (KrollRuntimeThread) [4,1605] The text property of Element is deprecated, use textContent instead.
05-23 15:00:42.890: W/Element(1622): (KrollRuntimeThread) [1,1606] The text property of Element is deprecated, use textContent instead.
05-23 15:00:42.890: W/Element(1622): (KrollRuntimeThread) [0,1606] The text property of Element is deprecated, use textContent instead.
05-23 15:00:42.890: W/Element(1622): (KrollRuntimeThread) [3,1609] The text property of Element is deprecated, use textContent instead.
05-23 15:00:42.890: W/Element(1622): (KrollRuntimeThread) [4,1613] The text property of Element is deprecated, use textContent instead.
05-23 15:00:42.900: W/Element(1622): (KrollRuntimeThread) [1,1614] The text property of Element is deprecated, use textContent instead.
05-23 15:00:42.900: W/Element(1622): (KrollRuntimeThread) [2,1616] The text property of Element is deprecated, use textContent instead.
05-23 15:00:42.900: W/Element(1622): (KrollRuntimeThread) [1,1617] The text property of Element is deprecated, use textContent instead.
05-23 15:00:42.900: W/Element(1622): (KrollRuntimeThread) [1,1618] The text property of Element is deprecated, use textContent instead.
05-23 15:00:42.900: W/Element(1622): (KrollRuntimeThread) [1,1619] The text property of Element is deprecated, use textContent instead.
05-23 15:00:42.900: W/Element(1622): (KrollRuntimeThread) [1,1620] The text property of Element is deprecated, use textContent instead.
05-23 15:00:42.900: W/Element(1622): (KrollRuntimeThread) [1,1621] The text property of Element is deprecated, use textContent instead.
05-23 15:00:42.900: W/Element(1622): (KrollRuntimeThread) [3,1624] The text property of Element is deprecated, use textContent instead.
05-23 15:00:42.910: W/Element(1622): (KrollRuntimeThread) [1,1625] The text property of Element is deprecated, use textContent instead.
05-23 15:00:42.910: W/Element(1622): (KrollRuntimeThread) [1,1626] The text property of Element is deprecated, use textContent instead.
05-23 15:00:42.910: W/Element(1622): (KrollRuntimeThread) [1,1627] The text property of Element is deprecated, use textContent instead.
05-23 15:00:42.910: W/Element(1622): (KrollRuntimeThread) [0,1627] The text property of Element is deprecated, use textContent instead.
05-23 15:00:42.910: W/Element(1622): (KrollRuntimeThread) [1,1628] The text property of Element is deprecated, use textContent instead.
05-23 15:00:42.910: W/Element(1622): (KrollRuntimeThread) [2,1630] The text property of Element is deprecated, use textContent instead.
05-23 15:00:42.910: W/Element(1622): (KrollRuntimeThread) [0,1630] The text property of Element is deprecated, use textContent instead.
05-23 15:00:42.910: W/Element(1622): (KrollRuntimeThread) [1,1631] The text property of Element is deprecated, use textContent instead.
05-23 15:00:42.910: W/Element(1622): (KrollRuntimeThread) [2,1633] The text property of Element is deprecated, use textContent instead.
05-23 15:00:42.910: W/Element(1622): (KrollRuntimeThread) [0,1633] The text property of Element is deprecated, use textContent instead.
05-23 15:00:42.920: W/Element(1622): (KrollRuntimeThread) [1,1634] The text property of Element is deprecated, use textContent instead.
05-23 15:00:42.920: W/Element(1622): (KrollRuntimeThread) [2,1636] The text property of Element is deprecated, use textContent instead.
05-23 15:00:42.920: W/Element(1622): (KrollRuntimeThread) [0,1636] The text property of Element is deprecated, use textContent instead.
05-23 15:00:42.920: W/Element(1622): (KrollRuntimeThread) [1,1637] The text property of Element is deprecated, use textContent instead.
05-23 15:00:42.920: W/Element(1622): (KrollRuntimeThread) [1,1638] The text property of Element is deprecated, use textContent instead.
05-23 15:00:42.920: W/Element(1622): (KrollRuntimeThread) [0,1638] The text property of Element is deprecated, use textContent instead.
05-23 15:00:42.920: W/Element(1622): (KrollRuntimeThread) [1,1639] The text property of Element is deprecated, use textContent instead.
05-23 15:00:42.920: W/Element(1622): (KrollRuntimeThread) [2,1641] The text property of Element is deprecated, use textContent instead.
05-23 15:00:42.920: W/Element(1622): (KrollRuntimeThread) [0,1641] The text property of Element is deprecated, use textContent instead.
05-23 15:00:42.920: W/Element(1622): (KrollRuntimeThread) [1,1642] The text property of Element is deprecated, use textContent instead.
05-23 15:00:42.920: W/Element(1622): (KrollRuntimeThread) [1,1643] The text property of Element is deprecated, use textContent instead.
05-23 15:00:42.930: W/Element(1622): (KrollRuntimeThread) [1,1644] The text property of Element is deprecated, use textContent instead.
05-23 15:00:42.930: W/Element(1622): (KrollRuntimeThread) [1,1645] The text property of Element is deprecated, use textContent instead.
05-23 15:00:42.930: W/Element(1622): (KrollRuntimeThread) [1,1646] The text property of Element is deprecated, use textContent instead.
05-23 15:00:42.930: W/Element(1622): (KrollRuntimeThread) [0,1646] The text property of Element is deprecated, use textContent instead.
05-23 15:00:42.930: W/Element(1622): (KrollRuntimeThread) [1,1647] The text property of Element is deprecated, use textContent instead.
05-23 15:00:42.930: W/Element(1622): (KrollRuntimeThread) [1,1648] The text property of Element is deprecated, use textContent instead.
05-23 15:00:42.930: W/Element(1622): (KrollRuntimeThread) [1,1649] The text property of Element is deprecated, use textContent instead.
05-23 15:00:42.930: W/Element(1622): (KrollRuntimeThread) [1,1650] The text property of Element is deprecated, use textContent instead.
05-23 15:00:42.930: W/Element(1622): (KrollRuntimeThread) [1,1651] The text property of Element is deprecated, use textContent instead.
05-23 15:00:42.930: W/Element(1622): (KrollRuntimeThread) [1,1652] The text property of Element is deprecated, use textContent instead.
05-23 15:00:42.930: W/Element(1622): (KrollRuntimeThread) [0,1652] The text property of Element is deprecated, use textContent instead.
05-23 15:00:42.940: W/Element(1622): (KrollRuntimeThread) [3,1655] The text property of Element is deprecated, use textContent instead.
05-23 15:00:42.940: W/Element(1622): (KrollRuntimeThread) [0,1655] The text property of Element is deprecated, use textContent instead.
05-23 15:00:42.940: W/Element(1622): (KrollRuntimeThread) [2,1657] The text property of Element is deprecated, use textContent instead.
05-23 15:00:42.940: W/Element(1622): (KrollRuntimeThread) [2,1659] The text property of Element is deprecated, use textContent instead.
05-23 15:00:42.940: W/Element(1622): (KrollRuntimeThread) [1,1660] The text property of Element is deprecated, use textContent instead.
05-23 15:00:42.940: W/Element(1622): (KrollRuntimeThread) [1,1661] The text property of Element is deprecated, use textContent instead.
05-23 15:00:42.950: W/Element(1622): (KrollRuntimeThread) [3,1664] The text property of Element is deprecated, use textContent instead.
05-23 15:00:42.950: W/Element(1622): (KrollRuntimeThread) [0,1664] The text property of Element is deprecated, use textContent instead.
05-23 15:00:42.950: W/Element(1622): (KrollRuntimeThread) [1,1665] The text property of Element is deprecated, use textContent instead.
05-23 15:00:42.950: W/Element(1622): (KrollRuntimeThread) [1,1666] The text property of Element is deprecated, use textContent instead.
05-23 15:00:42.950: W/Element(1622): (KrollRuntimeThread) [1,1667] The text property of Element is deprecated, use textContent instead.
05-23 15:00:42.950: W/Element(1622): (KrollRuntimeThread) [1,1668] The text property of Element is deprecated, use textContent instead.
05-23 15:00:42.950: W/Element(1622): (KrollRuntimeThread) [1,1669] The text property of Element is deprecated, use textContent instead.
05-23 15:00:42.950: W/Element(1622): (KrollRuntimeThread) [1,1670] The text property of Element is deprecated, use textContent instead.
05-23 15:00:42.950: W/Element(1622): (KrollRuntimeThread) [0,1670] The text property of Element is deprecated, use textContent instead.
05-23 15:00:42.960: W/Element(1622): (KrollRuntimeThread) [4,1674] The text property of Element is deprecated, use textContent instead.
05-23 15:00:42.960: W/Element(1622): (KrollRuntimeThread) [1,1675] The text property of Element is deprecated, use textContent instead.
05-23 15:00:42.960: W/Element(1622): (KrollRuntimeThread) [1,1676] The text property of Element is deprecated, use textContent instead.
05-23 15:00:42.960: W/Element(1622): (KrollRuntimeThread) [1,1677] The text property of Element is deprecated, use textContent instead.
05-23 15:00:42.960: W/Element(1622): (KrollRuntimeThread) [1,1678] The text property of Element is deprecated, use textContent instead.
05-23 15:00:42.960: W/Element(1622): (KrollRuntimeThread) [0,1678] The text property of Element is deprecated, use textContent instead.
05-23 15:00:42.960: W/Element(1622): (KrollRuntimeThread) [2,1680] The text property of Element is deprecated, use textContent instead.
05-23 15:00:42.960: W/Element(1622): (KrollRuntimeThread) [1,1681] The text property of Element is deprecated, use textContent instead.
05-23 15:00:42.960: W/Element(1622): (KrollRuntimeThread) [0,1681] The text property of Element is deprecated, use textContent instead.
05-23 15:00:42.960: W/Element(1622): (KrollRuntimeThread) [2,1683] The text property of Element is deprecated, use textContent instead.
05-23 15:00:42.960: W/Element(1622): (KrollRuntimeThread) [0,1683] The text property of Element is deprecated, use textContent instead.
05-23 15:00:42.970: W/Element(1622): (KrollRuntimeThread) [1,1684] The text property of Element is deprecated, use textContent instead.
05-23 15:00:42.970: W/Element(1622): (KrollRuntimeThread) [1,1685] The text property of Element is deprecated, use textContent instead.
05-23 15:00:42.970: W/Element(1622): (KrollRuntimeThread) [1,1686] The text property of Element is deprecated, use textContent instead.
05-23 15:00:42.970: W/Element(1622): (KrollRuntimeThread) [1,1687] The text property of Element is deprecated, use textContent instead.
05-23 15:00:43.070: D/dalvikvm(1622): GC_CONCURRENT freed 1102K, 11% free 9712K/10887K, paused 2ms+4ms
05-23 15:00:43.360: D/dalvikvm(1622): GC_CONCURRENT freed 700K, 7% free 10154K/10887K, paused 3ms+8ms
05-23 15:00:45.680: D/dalvikvm(1622): GC_FOR_ALLOC freed 1142K, 12% free 10118K/11463K, paused 33ms
05-23 15:00:45.750: I/TiWebChromeClient.console(1622): (main) [2781,4468] Viewport argument value "device-width;" for key "width" not recognized. Content ignored. (8:http://mashable.com/2012/05/23/hp-cuts-27000-jobs/?utm_source=feedburner&utm_medium=feed&utm_campaign=Feed%3A+Mashable+%28Mashable%29)
05-23 15:00:45.750: I/TiWebChromeClient.console(1622): (main) [0,4468] Viewport argument value "1.0;" for key "initial-scale" was truncated to its numeric prefix. (8:http://mashable.com/2012/05/23/hp-cuts-27000-jobs/?utm_source=feedburner&utm_medium=feed&utm_campaign=Feed%3A+Mashable+%28Mashable%29)
