05-23 14:48:10.720: D/androidNetworkLocationListeners(284): Still have listener com.google.android.location.internal.client.NetworkLocationClient$1@410c3568
05-23 14:48:10.760: E/BluetoothEventLoop.cpp(161): get_adapter_path: D-Bus error: org.bluez.Error.NoSuchAdapter (No such adapter)
05-23 14:48:10.760: E/BluetoothEventLoop.cpp(161): failure setting up Event Loop!
05-23 14:48:10.790: W/ActivityManager(161): Unable to start service Intent { act=com.android.ussd.IExtendedNetworkService }: not found
05-23 14:48:10.800: I/ActivityThread(315): Pub downloads: com.android.providers.downloads.DownloadProvider
05-23 14:48:10.830: D/OtaUtils(348): CdmaOtaConfigData constructor!
05-23 14:48:10.830: D/OtaUtils(348): CdmaOtaInCallScreenState: constructor init to UNDEFINED
05-23 14:48:10.850: I/ActivityThread(315): Pub drm: com.android.providers.drm.DrmProvider
05-23 14:48:10.850: I/DownloadManager(315): in removeSpuriousFiles
05-23 14:48:10.890: I/DownloadManager(315): in removeSpuriousFiles, preserving file /data/data/com.android.providers.downloads/cache/downloadfile.apk
05-23 14:48:10.890: I/DownloadManager(315): in removeSpuriousFiles, preserving file /mnt/sdcard/Download/denso.apk
05-23 14:48:10.890: I/DownloadManager(315): in removeSpuriousFiles, preserving file /mnt/sdcard/Download/denso-1.apk
05-23 14:48:10.890: I/DownloadManager(315): in removeSpuriousFiles, preserving file /mnt/sdcard/Download/denso-2.apk
05-23 14:48:10.890: I/DownloadManager(315): in removeSpuriousFiles, preserving file /data/data/com.android.providers.downloads/cache/downloadfile-1.apk
05-23 14:48:10.890: I/DownloadManager(315): in removeSpuriousFiles, preserving file /data/data/com.android.providers.downloads/cache/downloadfile.jpeg
05-23 14:48:10.890: I/DownloadManager(315): in removeSpuriousFiles, preserving file /data/data/com.android.providers.downloads/cache/metadata.json
05-23 14:48:10.890: I/DownloadManager(315): in removeSpuriousFiles, preserving file /data/data/com.android.providers.downloads/cache/en_general.htm
05-23 14:48:10.890: I/DownloadManager(315): in removeSpuriousFiles, preserving file /data/data/com.android.providers.downloads/cache/metadata-1.json
05-23 14:48:10.890: I/DownloadManager(315): in removeSpuriousFiles, preserving file /data/data/com.android.providers.downloads/cache/metadata-2.json
05-23 14:48:10.890: I/DownloadManager(315): in removeSpuriousFiles, preserving file /data/data/com.android.providers.downloads/cache/metadata-3.json
05-23 14:48:10.890: I/DownloadManager(315): in removeSpuriousFiles, preserving file /data/data/com.android.providers.downloads/cache/metadata-4.json
05-23 14:48:10.920: D/dalvikvm(360): GC_CONCURRENT freed 163K, 4% free 6775K/7047K, paused 4ms+13ms
05-23 14:48:10.930: D/dalvikvm(348): GC_CONCURRENT freed 245K, 5% free 6720K/7047K, paused 3ms+3ms
05-23 14:48:10.950: D/MtpService(315): addStorageLocked 65537 /mnt/sdcard
05-23 14:48:10.950: D/MtpService(315): starting MTP server in MTP mode
05-23 14:48:10.950: I/ActivityManager(161): Start proc com.google.android.partnersetup for broadcast com.google.android.partnersetup/.PhoneStateReceiver: pid=454 uid=10028 gids={3003}
05-23 14:48:10.960: I/ActivityThread(407): Pub contacts;com.android.contacts: com.android.providers.contacts.ContactsProvider2
05-23 14:48:10.980: D/MtpService(315): addStorageLocked 65537 /mnt/sdcard
05-23 14:48:11.020: D/Bluetooth HSHFP(348): Starting BluetoothHeadsetService
05-23 14:48:11.030: W/CallNotifier(348): Got onMwiChanged() on non-voice-capable device! Ignoring...
05-23 14:48:11.050: I/ActivityThread(407): Pub call_log: com.android.providers.contacts.CallLogProvider
05-23 14:48:11.070: I/ActivityThread(454): Pub com.google.android.partnersetup.rlzprovider: com.google.android.partnersetup.RlzProvider
05-23 14:48:11.070: D/dalvikvm(407): GC_CONCURRENT freed 184K, 5% free 6698K/6983K, paused 3ms+3ms
05-23 14:48:11.080: I/ActivityThread(454): Pub com.google.android.partnersetup.rlzappprovider: com.google.android.partnersetup.RlzAppProvider
05-23 14:48:11.150: D/dalvikvm(161): GC_CONCURRENT freed 514K, 7% free 9571K/10183K, paused 2ms+6ms
05-23 14:48:11.190: D/lights(161): set_notification_light colorRGB=00000000, onMS=0, offMS=0
05-23 14:48:11.200: V/BackupManagerService(161): Connected to Google transport
05-23 14:48:11.200: V/BackupManagerService(161): Registering transport com.google.android.backup/.BackupTransportService = com.google.android.backup.BackupTransportService$1@4137bfb8
05-23 14:48:11.230: D/dalvikvm(161): GC_EXPLICIT freed 57K, 6% free 9591K/10183K, paused 3ms+7ms
05-23 14:48:11.310: V/SipBroadcastReceiver(348): SIP VOIP not supported: android.net.sip.SIP_SERVICE_UP
05-23 14:48:11.350: D/Launcher.Model(360): getPackInfo failed for package com.google.videoeditor
05-23 14:48:11.350: I/SearchManagerService(161): Building list of searchable activities
05-23 14:48:11.400: E/BluetoothService.cpp(161): setBluetoothTetheringNative true
05-23 14:48:11.410: D/BluetoothEventLoop(161): Property Changed: Pairable : false
05-23 14:48:11.410: D/BluetoothEventLoop(161): Property Changed: Powered : false
05-23 14:48:11.410: D/BluetoothEventLoop(161): Property Changed: UUIDs : 6
05-23 14:48:11.420: D/BluetoothAdapterStateMachine(161): WarmUp process message: 54
05-23 14:48:11.430: D/BluetoothEventLoop(161): Property Changed: UUIDs : 7
05-23 14:48:11.430: D/BluetoothEventLoop(161): Property Changed: UUIDs : 8
05-23 14:48:11.430: D/BluetoothAdapterStateMachine(161): WarmUp process message: 51
05-23 14:48:11.430: D/dalvikvm(238): GC_FOR_ALLOC freed 121K, 4% free 7641K/7879K, paused 51ms
05-23 14:48:11.450: D/dalvikvm(360): GC_CONCURRENT freed 225K, 5% free 7068K/7367K, paused 2ms+14ms
05-23 14:48:11.470: I/dalvikvm-heap(238): Grow heap (frag case) to 17.842MB for 10813456-byte allocation
05-23 14:48:11.510: D/dalvikvm(238): GC_CONCURRENT freed 6K, 2% free 18195K/18503K, paused 2ms+3ms
05-23 14:48:11.570: D/libEGL(360): loaded /system/lib/egl/libGLES_android.so
05-23 14:48:11.590: D/libEGL(360): loaded /system/lib/egl/libEGL_tegra.so
05-23 14:48:11.610: D/libEGL(360): loaded /system/lib/egl/libGLESv1_CM_tegra.so
05-23 14:48:11.620: D/libEGL(360): loaded /system/lib/egl/libGLESv2_tegra.so
05-23 14:48:11.660: D/dalvikvm(360): GC_CONCURRENT freed 286K, 6% free 7298K/7687K, paused 3ms+10ms
05-23 14:48:11.660: D/OpenGLRenderer(360): Enabling debug mode 0
05-23 14:48:11.680: D/dalvikvm(315): GC_CONCURRENT freed 260K, 6% free 6591K/6983K, paused 3ms+66ms
05-23 14:48:11.850: D/dalvikvm(238): GC_FOR_ALLOC freed 0K, 2% free 18195K/18503K, paused 24ms
05-23 14:48:11.870: D/dalvikvm(360): GC_FOR_ALLOC freed 53K, 5% free 7570K/7943K, paused 30ms
05-23 14:48:11.880: I/dalvikvm-heap(238): Grow heap (frag case) to 27.210MB for 9830416-byte allocation
05-23 14:48:11.920: D/dalvikvm(360): GC_FOR_ALLOC freed 7K, 6% free 7713K/8135K, paused 43ms
05-23 14:48:11.930: D/dalvikvm(284): GC_CONCURRENT freed 184K, 4% free 7049K/7303K, paused 90ms+17ms
05-23 14:48:11.930: D/dalvikvm(238): GC_CONCURRENT freed 0K, 2% free 27795K/28167K, paused 2ms+5ms
05-23 14:48:12.000: D/libEGL(238): loaded /system/lib/egl/libGLES_android.so
05-23 14:48:12.010: D/libEGL(238): loaded /system/lib/egl/libEGL_tegra.so
05-23 14:48:12.020: D/libEGL(238): loaded /system/lib/egl/libGLESv1_CM_tegra.so
05-23 14:48:12.030: D/libEGL(238): loaded /system/lib/egl/libGLESv2_tegra.so
05-23 14:48:12.170: I/wpa_supplicant(228): wlan0: Trying to associate with c0:62:6b:67:1f:ed (SSID='Appcelerator Guests' freq=5180 MHz)
05-23 14:48:12.190: D/dalvikvm(360): GC_CONCURRENT freed 52K, 3% free 8098K/8327K, paused 3ms+3ms
05-23 14:48:12.330: I/wpa_supplicant(228): wlan0: Associated with c0:62:6b:67:1f:ed
05-23 14:48:12.340: I/wpa_supplicant(228): wlan0: WPA: Key negotiation completed with c0:62:6b:67:1f:ed [PTK=CCMP GTK=CCMP]
05-23 14:48:12.340: I/wpa_supplicant(228): wlan0: CTRL-EVENT-CONNECTED - Connection to c0:62:6b:67:1f:ed completed (auth) [id=4 id_str=]
05-23 14:48:12.580: D/dalvikvm(284): GC_CONCURRENT freed 664K, 10% free 6933K/7687K, paused 3ms+12ms
05-23 14:48:12.590: D/androidNetworkLocationListeners(284): Still have listener com.google.android.location.internal.client.NetworkLocationClient$1@410c3568
05-23 14:48:12.590: D/androidNetworkLocationListeners(284): Still have listener com.google.android.location.internal.client.NetworkLocationClient$1@410c3568
05-23 14:48:12.600: D/NetworkLocator(284): null cell state delivered
05-23 14:48:12.610: D/NetworkLocator(284): null cell state delivered
05-23 14:48:12.610: D/NetworkLocator(284): null cell state delivered
05-23 14:48:12.650: D/NetworkLocator(284): null cell state delivered
05-23 14:48:12.650: D/NetworkLocator(284): null cell state delivered
05-23 14:48:12.830: D/dalvikvm(407): GC_CONCURRENT freed 290K, 6% free 6818K/7239K, paused 3ms+4ms
05-23 14:48:12.860: D/PowerManagerService(161): bootCompleted
05-23 14:48:12.880: I/SurfaceFlinger(88): Boot is finished (44661 ms)
05-23 14:48:12.880: I/ActivityManager(161): Start proc com.android.contacts for broadcast com.android.contacts/.calllog.CallLogReceiver: pid=495 uid=10006 gids={3003, 1015}
05-23 14:48:12.880: V/DevicePolicyManagerService(161): Sending password expiration notifications for action android.intent.action.BOOT_COMPLETED
05-23 14:48:12.890: W/MountService(161): Duplicate state transition (mounted -> mounted) for /mnt/sdcard
05-23 14:48:12.890: D/MountService(161): sendStorageIntent Intent { act=android.intent.action.MEDIA_MOUNTED dat=file:///mnt/sdcard (has extras) }
05-23 14:48:12.910: V/WiredAccessoryObserver(161): init()
05-23 14:48:13.090: V/OtaStartupReceiver(348): onReceive: intent action=android.intent.action.BOOT_COMPLETED mOtaspMode=-1
05-23 14:48:13.090: D/OtaStartupReceiver(348): Register our PhoneStateListener
05-23 14:48:13.100: V/OtaStartupReceiver(348): resolvInfo = null, provisioned = true, runningSetupWizard = true
05-23 14:48:13.100: W/OtaStartupReceiver(348): Network is not ready. Registering to receive notification.
05-23 14:48:13.100: V/OtaStartupReceiver(348): onOtaspChanged: mOtaspMode=1
05-23 14:48:13.110: D/AccountTypeManager(495): Registering 1 extension packages
05-23 14:48:13.110: I/RecoverySystem(161): No recovery log file
05-23 14:48:13.140: I/ActivityManager(161): Start proc com.android.providers.calendar for broadcast com.android.providers.calendar/.CalendarReceiver: pid=547 uid=10041 gids={3003, 1015}
05-23 14:48:13.170: I/AccountTypeManager(495): Loaded meta-data for 2 account types, 2 accounts in 89ms(wall) 15ms(cpu)
05-23 14:48:13.210: E/DefaultVoicemailNotifier(495): No voicemails to notify about: clear the notification.
05-23 14:48:13.230: I/ActivityThread(547): Pub com.android.calendar: com.android.providers.calendar.CalendarProvider2
05-23 14:48:13.240: D/ConnectivityService(161): ConnectivityChange for WIFI: CONNECTED/CONNECTED
05-23 14:48:13.340: D/dalvikvm(161): GC_CONCURRENT freed 626K, 7% free 9798K/10503K, paused 2ms+7ms
05-23 14:48:13.410: W/NetworkStats(161): dropping UID delta from unknown iface: iface=wlan0 uid=0 set=DEFAULT tag=0x0 rxBytes=0 rxPackets=0 txBytes=140 txPackets=2 operations=0
05-23 14:48:13.410: I/ActivityManager(161): Start proc com.google.android.deskclock for broadcast com.google.android.deskclock/com.android.deskclock.AlarmInitReceiver: pid=571 uid=10036 gids={}
05-23 14:48:13.470: D/dalvikvm(360): GC_CONCURRENT freed 258K, 4% free 8375K/8711K, paused 2ms+3ms
05-23 14:48:13.970: I/ActivityThread(571): Pub com.android.deskclock: com.android.deskclock.AlarmProvider
05-23 14:48:14.010: V/AlarmClock(571): AlarmInitReceiver finished
05-23 14:48:14.040: I/ActivityManager(161): Start proc com.google.android.email for broadcast com.google.android.email/com.android.email.service.EmailBroadcastReceiver: pid=586 uid=10033 gids={3003, 1015}
05-23 14:48:14.130: D/dalvikvm(360): GC_CONCURRENT freed 368K, 5% free 8649K/9095K, paused 3ms+3ms
05-23 14:48:14.130: I/ActivityThread(586): Pub com.android.email.attachmentprovider: com.android.email.provider.AttachmentProvider
05-23 14:48:14.160: I/ActivityThread(586): Pub com.android.email.provider;com.android.email.notifier: com.android.email.provider.EmailProvider
05-23 14:48:14.200: I/ActivityManager(161): Start proc com.google.android.exchange for service com.google.android.exchange/com.android.exchange.ExchangeService: pid=602 uid=10053 gids={3003, 1015}
05-23 14:48:14.230: I/ActivityManager(161): Start proc com.google.android.gm for broadcast com.google.android.gm/.MailIntentReceiver: pid=616 uid=10030 gids={3003, 1015}
05-23 14:48:14.320: I/ActivityThread(602): Pub com.android.exchange.directory.provider: com.android.exchange.provider.ExchangeDirectoryProvider
05-23 14:48:14.370: D/dalvikvm(360): GC_CONCURRENT freed 415K, 6% free 8961K/9479K, paused 3ms+5ms
05-23 14:48:14.400: I/ActivityThread(616): Pub gmail-ls: com.google.android.gm.provider.MailProvider
05-23 14:48:14.400: D/ExchangeService(602): !!! EAS ExchangeService, onCreate
05-23 14:48:14.400: D/Eas Debug(602): Logging:
05-23 14:48:14.400: D/ExchangeService(602): !!! EAS ExchangeService, onCreate
05-23 14:48:14.400: D/ExchangeService(602): !!! EAS ExchangeService, onStartCommand, startingUp = false, running = false
05-23 14:48:14.400: D/ExchangeService(602): !!! EAS ExchangeService, onStartCommand, startingUp = true, running = false
05-23 14:48:14.420: I/ActivityThread(616): Pub com.google.android.gmail.SuggestionProvider: com.google.android.gm.SuggestionsProvider
05-23 14:48:14.420: D/ExchangeService(602): !!! EAS ExchangeService, onStartCommand, startingUp = true, running = false
05-23 14:48:14.420: D/ExchangeService(602): Received deviceId from Email app: android1300547936439
05-23 14:48:14.420: D/ExchangeService(602): Reconciling accounts...
05-23 14:48:14.430: D/Eas Debug(602): Logging:
05-23 14:48:14.440: I/CalendarProvider2(547): Sending notification intent: Intent { act=android.intent.action.PROVIDER_CHANGED dat=content://com.android.calendar }
05-23 14:48:14.440: W/ContentResolver(547): Failed to get type for: content://com.android.calendar (Unknown URL content://com.android.calendar)
05-23 14:48:14.440: I/ActivityThread(616): Pub com.google.android.gm: com.google.android.gm.provider.PublicContentProvider
05-23 14:48:14.860: I/RlzPingService(454): Setting next ping for 1338414494869
05-23 14:48:15.110: D/dalvikvm(284): GC_FOR_ALLOC freed 190K, 9% free 7016K/7687K, paused 20ms
05-23 14:48:15.130: D/dalvikvm(284): GC_FOR_ALLOC freed 20K, 8% free 7083K/7687K, paused 19ms
05-23 14:48:15.140: I/dalvikvm-heap(284): Grow heap (frag case) to 7.000MB for 16400-byte allocation
05-23 14:48:15.160: D/dalvikvm(284): GC_FOR_ALLOC freed 1K, 9% free 7098K/7751K, paused 21ms
05-23 14:48:15.180: I/SystemUpdateService(284): checking for post-install intent
05-23 14:48:15.190: D/ExchangeService(602): !!! EAS ExchangeService, onStartCommand, startingUp = true, running = false
05-23 14:48:15.190: I/ActivityManager(161): Start proc com.google.android.apps.maps:FriendService for broadcast com.google.android.apps.maps/com.google.googlenav.friend.android.ServiceReceiver: pid=668 uid=10020 gids={3003, 1015}
05-23 14:48:15.200: V/SystemUpdateService(284): retry (wakeup: false) in 1799913 ms
05-23 14:48:15.200: V/SystemUpdateService(284): onPostExecute: false
05-23 14:48:15.200: I/dalvikvm(668): Turning on JNI app bug workarounds for target SDK version 13...
05-23 14:48:15.310: D/ExchangeService(602): !!! EAS ExchangeService, onStartCommand, startingUp = true, running = false
05-23 14:48:15.310: D/dalvikvm(668): GC_CONCURRENT freed 165K, 4% free 6809K/7047K, paused 2ms+4ms
05-23 14:48:15.380: D/dalvikvm(616): GC_CONCURRENT freed 273K, 5% free 6701K/7047K, paused 3ms+3ms
05-23 14:48:15.550: D/dalvikvm(161): GC_EXPLICIT freed 457K, 6% free 9934K/10503K, paused 3ms+6ms
05-23 14:48:15.570: I/Gmail(616): calculateUnknownSyncRationalesAndPurgeInBackground: queueing
05-23 14:48:15.580: I/Gmail(616): Sending notification intent: Intent { act=android.intent.action.PROVIDER_CHANGED dat=content://gmail-ls/unread/^i (has extras) }
05-23 14:48:15.590: I/Gmail(616): Sending notification intent: Intent { act=android.intent.action.PROVIDER_CHANGED dat=content://gmail-ls/unread/^iim (has extras) }
05-23 14:48:15.650: I/Gmail(616): calculateUnknownSyncRationalesAndPurgeInBackground: queueing
05-23 14:48:15.700: D/dalvikvm(668): GC_CONCURRENT freed 118K, 3% free 7153K/7367K, paused 3ms+3ms
05-23 14:48:15.740: I/ActivityManager(161): Start proc com.google.android.apps.maps:NetworkLocationService for service com.google.android.apps.maps/com.google.android.location.internal.server.NetworkLocationService: pid=685 uid=10020 gids={3003, 1015}
05-23 14:48:15.750: I/dalvikvm(685): Turning on JNI app bug workarounds for target SDK version 13...
05-23 14:48:15.780: I/Gmail(616): calculateUnknownSyncRationalesAndPurgeInBackground: running
05-23 14:48:15.780: I/Gmail(616): calculateUnknownSyncRationalesAndPurgeInBackground: running
05-23 14:48:15.780: I/ActivityManager(161): Start proc com.google.android.onetimeinitializer for broadcast com.google.android.onetimeinitializer/.OneTimeInitializerReceiver: pid=699 uid=10014 gids={}
05-23 14:48:15.810: V/OneTimeInitializerReceiver(699): OneTimeInitializerReceiver.onReceive
05-23 14:48:15.830: V/OneTimeService(699): OneTimeService.onHandleIntent
05-23 14:48:15.840: I/ActivityManager(161): Start proc com.google.android.talk for broadcast com.google.android.talk/.videochat.BootCompleteReceiver: pid=712 uid=10008 gids={3003, 1015, 1006, 3002}
05-23 14:48:15.860: D/dalvikvm(89): GC_EXPLICIT freed 37K, 5% free 6469K/6787K, paused 2ms+3ms
05-23 14:48:15.880: D/dalvikvm(685): GC_CONCURRENT freed 167K, 4% free 6806K/7047K, paused 3ms+2ms
05-23 14:48:15.890: D/dalvikvm(89): GC_EXPLICIT freed <1K, 5% free 6469K/6787K, paused 2ms+2ms
05-23 14:48:15.910: D/dalvikvm(89): GC_EXPLICIT freed <1K, 5% free 6469K/6787K, paused 2ms+3ms
05-23 14:48:15.990: I/Gmail(616): calculateUnknownSyncRationalesAndPurgeInBackground: queueing
05-23 14:48:16.000: I/ActivityThread(712): Pub com.google.android.talk.SuggestionProvider: com.google.android.talk.SuggestionsProvider
05-23 14:48:16.000: D/dalvikvm(284): GC_CONCURRENT freed 452K, 10% free 7034K/7751K, paused 2ms+3ms
05-23 14:48:16.020: I/Gmail(616): Sending notification intent: Intent { act=android.intent.action.PROVIDER_CHANGED dat=content://gmail-ls/unread/^iim (has extras) }
05-23 14:48:16.040: I/Gmail(616): calculateUnknownSyncRationalesAndPurgeInBackground: queueing
05-23 14:48:16.050: I/Gmail(616): Sending notification intent: Intent { act=android.intent.action.PROVIDER_CHANGED dat=content://gmail-ls/unread/^i (has extras) }
05-23 14:48:16.070: I/Gmail(616): calculateUnknownSyncRationalesAndPurgeInBackground: running
05-23 14:48:16.070: I/Gmail(616): calculateUnknownSyncRationalesAndPurgeInBackground: running
05-23 14:48:16.070: D/vclib:CallStateClient(712): startListening
05-23 14:48:16.080: I/talk(712): Refresh the supported camera state
05-23 14:48:16.100: I/talk(712): supported front camera true
05-23 14:48:16.100: I/ActivityManager(161): Start proc com.google.android.videos for broadcast com.google.android.videos/com.google.android.youtube.videos.transfer.VideoDownloadService$BootReceiver: pid=734 uid=10051 gids={3003, 1015}
05-23 14:48:16.150: D/dalvikvm(712): GC_CONCURRENT freed 252K, 5% free 6722K/7047K, paused 2ms+3ms
05-23 14:48:16.150: I/talk(712): supported front camera true
05-23 14:48:16.270: D/dalvikvm(685): GC_CONCURRENT freed 176K, 4% free 7083K/7367K, paused 3ms+3ms
05-23 14:48:16.280: D/Tethering(161): MasterInitialState.processMessage what=3
05-23 14:48:16.470: I/ActivityThread(734): Pub com.google.android.videos: com.google.android.youtube.videos.honeycomb.search.VideoSearchProvider
05-23 14:48:16.470: D/GpsLocationProvider(161): NTP server returned: 1337809700977 (Wed May 23 14:48:20 PDT 2012) reference: 55357 certainty: 15 system time offset: 4496
05-23 14:48:16.550: D/Videos(734): youtube.core.BaseApplication.createHttpClient:298 HttpClient.UserAgent: com.google.android.videos/1.4.3(Linux; U; Android 4.0.3; en_US; Xoom Build/IML77)
05-23 14:48:16.560: I/GTalkService/c(284): [AndroidEndpoint@1091781632] connect: acct=1000000, state=CONNECTING
05-23 14:48:16.570: D/Videos(734): youtube.core.utils.SafeSearch.run:49 checking parental control
05-23 14:48:16.610: D/dalvikvm(284): GC_EXPLICIT freed 213K, 9% free 7122K/7751K, paused 4ms+5ms
05-23 14:48:16.620: D/Videos(734): youtube.core.utils.SafeSearch.run:51 parental control is false
05-23 14:48:16.620: I/Videos(734): youtube.videos.VideosApplication.getCurrentCountryCode:190 device country = us
05-23 14:48:16.670: D/dalvikvm(685): GC_CONCURRENT freed 139K, 3% free 7474K/7687K, paused 2ms+3ms
05-23 14:48:16.710: D/dalvikvm(734): GC_CONCURRENT freed 305K, 6% free 6669K/7047K, paused 3ms+3ms
05-23 14:48:16.710: D/Videos(734): youtube.core.utils.Util.shrinkDirSize:515 Dir is below limit, no need to shrink: [size=0, limit=5242880]
05-23 14:48:16.750: D/Videos(734): youtube.videos.transfer.VideoDownloadService$BootReceiver.onReceive:46 boot completed, starting video download service
05-23 14:48:16.760: W/ActivityManager(161): Permission Denial: receiving Intent { act=android.intent.action.BOOT_COMPLETED flg=0x10 } to com.android.musicfx requires android.permission.RECEIVE_BOOT_COMPLETED due to sender null (uid 1000)
05-23 14:48:16.770: I/ActivityManager(161): Start proc system for broadcast com.motorola.usbhelper/.UsbConfigSetupReceiver: pid=773 uid=10058 gids={}
05-23 14:48:16.780: I/Videos(734): youtube.videos.DownloadJanitorService.onStartCommand:74 Janitor starting
05-23 14:48:16.780: D/Videos(734): youtube.core.transfer.TransferService.onCreate:174 creating transfer service
05-23 14:48:16.810: W/ActivityManager(161): Permission Denial: receiving Intent { act=android.intent.action.BOOT_COMPLETED flg=0x10 } to com.google.android.youtube requires android.permission.RECEIVE_BOOT_COMPLETED due to sender null (uid 1000)
05-23 14:48:16.810: W/ActivityManager(161): Permission Denial: receiving Intent { act=android.intent.action.BOOT_COMPLETED flg=0x10 } to com.google.android.youtube requires android.permission.RECEIVE_BOOT_COMPLETED due to sender null (uid 1000)
05-23 14:48:16.820: I/ActivityManager(161): Start proc com.urbanairship.airmail for broadcast com.urbanairship.airmail/.CoreReceiver: pid=786 uid=10067 gids={3003, 1015}
05-23 14:48:16.830: I/dalvikvm(786): Turning on JNI app bug workarounds for target SDK version 4...
05-23 14:48:16.840: D/Videos(734): youtube.core.transfer.TransfersDbHelper$DbHandler.handleMessage:130 db init
05-23 14:48:16.840: D/Videos(734): youtube.core.transfer.TransferService$NetworkStateReceiver.onReceive:632 connection true
05-23 14:48:16.850: D/Videos(734): youtube.core.transfer.TransfersDbHelper$DbHandler.handleMessage:137 db restore
05-23 14:48:16.850: D/Videos(734): youtube.core.transfer.TransferService.restore:234 restored 0 transfers
05-23 14:48:16.860: D/Videos(734): youtube.core.transfer.TransferService.onDestroy:386 destroying transfer service
05-23 14:48:16.860: D/Videos(734): youtube.core.transfer.TransfersDbHelper$DbHandler.handleMessage:165 db close
05-23 14:48:16.870: I/Videos(734): youtube.videos.DownloadJanitorService$1.run:116 Janitor done
05-23 14:48:16.920: D/dalvikvm(685): GC_CONCURRENT freed 645K, 10% free 7302K/8071K, paused 2ms+2ms
05-23 14:48:16.950: D/AirMail(786): CoreReceiver action: android.intent.action.BOOT_COMPLETED
05-23 14:48:16.950: I/AirMail(786): Service started with intent=Intent { act=com.urbanairship.airmail.START cmp=com.urbanairship.airmail/.AirMailService }
05-23 14:48:16.950: I/AirMail(786): Service started with intent=Intent { act=com.urbanairship.airmail.HEARTBEAT flg=0x4 cmp=com.urbanairship.airmail/.AirMailService (has extras) }
05-23 14:48:16.960: I/AirMail(786): Service started with intent=Intent { act=com.urbanairship.airmail.START cmp=com.urbanairship.airmail/.AirMailService }
05-23 14:48:16.960: D/AirMail(786): ** HB - AirMailService started: false
05-23 14:48:16.960: D/AirMail(786): ** HB - threadRunning: false
05-23 14:48:16.960: I/AirMail(786): AMCP Heartbeat triggered, but in holding pattern. Will restart after 1338227624 (Currently: 1337809696).
05-23 14:48:16.960: I/ActivityManager(161): Start proc com.pandora.android for broadcast com.pandora.android/.api.bluetooth.AutoStartReceiver: pid=804 uid=10147 gids={3003, 3002, 3001}
05-23 14:48:16.970: I/dalvikvm(804): Turning on JNI app bug workarounds for target SDK version 9...
05-23 14:48:17.090: I/ActivityThread(804): Pub com.pandora.provider: com.pandora.android.provider.StationProvider
05-23 14:48:17.180: D/MediaScannerReceiver(315): action: android.intent.action.MEDIA_MOUNTED path: /mnt/sdcard
05-23 14:48:17.210: I/ActivityManager(161): Start proc com.google.android.apps.uploader for broadcast com.google.android.apps.uploader/.ConnectivityBroadcastReceiver: pid=824 uid=10017 gids={3003}
05-23 14:48:17.220: I/dalvikvm(824): Turning on JNI app bug workarounds for target SDK version 11...
05-23 14:48:17.340: I/ActivityThread(824): Pub com.google.android.apps.uploader: com.google.android.apps.uploader.UploadsContentProvider
05-23 14:48:17.340: I/ActivityThread(824): Pub com.google.photos.provider.Album: com.google.android.apps.uploader.clients.picasa.AlbumProvider
05-23 14:48:17.350: D/MediaUploader(824): UploaderApplication.onCreate
05-23 14:48:17.380: D/MediaUploader(824): nonWifiLimit=20971520, default=20971520
05-23 14:48:17.380: I/MediaUploader(824): No need to wake up
05-23 14:48:17.390: I/ActivityManager(161): Start proc com.google.android.apps.books for broadcast com.google.android.apps.books/.appwidget.BooksAppWidgetProvider: pid=840 uid=10045 gids={3003, 1015}
05-23 14:48:17.400: I/dalvikvm(840): Turning on JNI app bug workarounds for target SDK version 11...
05-23 14:48:17.400: I/ActivityManager(161): No longer want com.google.android.inputmethod.latin.dictionarypack (pid 392): hidden #16
05-23 14:48:17.450: D/dalvikvm(315): GC_CONCURRENT freed 164K, 5% free 6819K/7111K, paused 9ms+4ms
05-23 14:48:17.610: I/ActivityThread(840): Pub com.google.android.apps.books: com.google.android.apps.books.provider.BooksProvider
05-23 14:48:17.660: D/dalvikvm(315): GC_CONCURRENT freed 228K, 5% free 7029K/7367K, paused 2ms+15ms
05-23 14:48:17.670: D/SyncManager(161): setIsSyncable: Account {name=appcel123@gmail.com, type=com.google}, provider com.google.android.apps.books -> 1
05-23 14:48:17.670: D/SyncManager(161): setIsSyncable: already set to 1, doing nothing
05-23 14:48:17.670: D/SyncManager(161): setIsSyncable: Account {name=appcel321@gmail.com, type=com.google}, provider com.google.android.apps.books -> 1
05-23 14:48:17.670: D/SyncManager(161): setIsSyncable: already set to 1, doing nothing
05-23 14:48:17.680: D/SocialWidgetProvider(495): onUpdate called for 5
05-23 14:48:17.700: I/LocalPreferences(840): Calculated default zoom: 1.2 density: 1.0
05-23 14:48:17.740: I/ActivityManager(161): Start proc com.android.browser for broadcast com.android.browser/.widget.BookmarkThumbnailWidgetProvider: pid=857 uid=10044 gids={3003, 1015}
05-23 14:48:17.760: D/dalvikvm(840): GC_CONCURRENT freed 278K, 5% free 6695K/7047K, paused 3ms+4ms
05-23 14:48:17.840: I/BooksSync(840): Starting books sync
05-23 14:48:17.880: I/ActivityThread(857): Pub com.android.browser;browser: com.android.browser.provider.BrowserProvider2
05-23 14:48:17.890: I/ActivityThread(857): Pub com.android.browser.home: com.android.browser.homepages.HomeProvider
05-23 14:48:17.890: I/ActivityThread(857): Pub com.android.browser.snapshots: com.android.browser.provider.SnapshotProvider
05-23 14:48:17.910: I/ContactLoader(495): Registering content observer for content://com.android.contacts/contacts/lookup/2812i19d8382b8ebf390d/3
05-23 14:48:17.910: D/SocialWidgetProvider(495): Loaded 2812i19d8382b8ebf390d for widget with id=5
05-23 14:48:17.970: I/ActivityManager(161): Start proc com.google.android.calendar for broadcast com.google.android.calendar/com.android.calendar.widget.CalendarAppWidgetService$CalendarFactory: pid=881 uid=10048 gids={3003}
05-23 14:48:18.030: D/dalvikvm(495): GC_CONCURRENT freed 210K, 5% free 6717K/7047K, paused 4ms+3ms
05-23 14:48:18.130: I/ActivityThread(881): Pub com.google.android.calendar.CalendarRecentSuggestionsProvider: com.android.calendar.CalendarRecentSuggestionsProvider
05-23 14:48:18.240: I/ActivityManager(161): Start proc com.google.android.apps.maps:LocationFriendService for broadcast com.google.android.apps.maps/com.google.googlenav.friend.reporting.LocationReportingIntentReceiver: pid=902 uid=10020 gids={3003, 1015}
05-23 14:48:18.260: I/dalvikvm(902): Turning on JNI app bug workarounds for target SDK version 13...
05-23 14:48:18.390: D/dalvikvm(902): GC_CONCURRENT freed 167K, 4% free 6807K/7047K, paused 4ms+2ms
05-23 14:48:18.420: D/dalvikvm(161): GC_EXPLICIT freed 581K, 7% free 10080K/10759K, paused 3ms+8ms
05-23 14:48:18.450: D/dalvikvm(616): GC_CONCURRENT freed 281K, 6% free 6893K/7303K, paused 4ms+7ms
05-23 14:48:18.480: D/dalvikvm(284): GC_CONCURRENT freed 311K, 8% free 7203K/7751K, paused 3ms+3ms
05-23 14:48:18.520: I/ActivityManager(161): Start proc com.google.android.music:main for broadcast com.google.android.music/.store.MediaStoreImportService$Receiver: pid=919 uid=10016 gids={3003, 1015}
05-23 14:48:18.520: I/ActivityManager(161): No longer want com.android.providers.calendar (pid 547): hidden #16
05-23 14:48:18.800: I/ActivityManager(161): Start proc com.android.providers.calendar for content provider com.android.providers.calendar/.CalendarProvider2: pid=932 uid=10041 gids={3003, 1015}
05-23 14:48:18.810: I/ActivityManager(161): No longer want com.google.android.gsf.login (pid 257): hidden #16
05-23 14:48:18.820: I/ActivityThread(932): Pub com.android.calendar: com.android.providers.calendar.CalendarProvider2
05-23 14:48:18.830: D/dalvikvm(89): GC_EXPLICIT freed 37K, 5% free 6469K/6787K, paused 3ms+3ms
05-23 14:48:18.910: D/dalvikvm(89): GC_EXPLICIT freed <1K, 5% free 6469K/6787K, paused 2ms+4ms
05-23 14:48:18.950: I/ActivityThread(919): Pub com.google.android.music.MusicContent: com.google.android.music.store.MusicContentProvider
05-23 14:48:18.960: D/dalvikvm(840): GC_FOR_ALLOC freed 127K, 4% free 6815K/7047K, paused 27ms
05-23 14:48:18.980: D/dalvikvm(89): GC_EXPLICIT freed <1K, 5% free 6469K/6787K, paused 7ms+12ms
05-23 14:48:19.040: D/dalvikvm(857): GC_FOR_ALLOC freed 225K, 6% free 6628K/6983K, paused 55ms
05-23 14:48:19.040: D/ConnectivityService(161): handleInetConditionHoldEnd: net=1, condition=0, published condition=0
05-23 14:48:19.050: D/dalvikvm(919): GC_CONCURRENT freed 188K, 4% free 6785K/7047K, paused 2ms+2ms
05-23 14:48:19.070: D/dalvikvm(360): GC_FOR_ALLOC freed 330K, 6% free 9313K/9863K, paused 32ms
05-23 14:48:19.120: W/Gmail(616): Showing notification with unreadCount of 267 and unseenCount of 51
05-23 14:48:19.120: D/dalvikvm(360): GC_FOR_ALLOC freed 13K, 6% free 9853K/10375K, paused 25ms
05-23 14:48:19.140: D/dalvikvm(857): GC_FOR_ALLOC freed 303K, 9% free 6628K/7239K, paused 21ms
05-23 14:48:19.160: I/MusicStore(919): Database version: 37
05-23 14:48:19.170: I/AsyncCursor1:1(919): Initialized for content://com.google.android.music.MusicContent/playlists, proj:_id#name, sel: 'null', args: null, order: null
05-23 14:48:19.220: D/dalvikvm(857): GC_FOR_ALLOC freed 307K, 9% free 6623K/7239K, paused 42ms
05-23 14:48:19.250: I/talk(712): onMcsConnectionStarted
05-23 14:48:19.290: I/ActivityManager(161): Start proc com.android.gallery3d for broadcast com.android.gallery3d/com.google.android.picasasync.ConnectivityReceiver: pid=952 uid=10031 gids={3003, 1015}
05-23 14:48:19.300: D/dalvikvm(857): GC_FOR_ALLOC freed 299K, 9% free 6632K/7239K, paused 29ms
05-23 14:48:19.400: D/dalvikvm(360): GC_FOR_ALLOC freed 202K, 5% free 10469K/11015K, paused 51ms
05-23 14:48:19.400: I/AudioService(161): AudioFocus requestAudioFocus() from android.media.AudioManager@412c2fb0
05-23 14:48:19.450: D/dalvikvm(857): GC_FOR_ALLOC freed 341K, 9% free 6630K/7239K, paused 30ms
05-23 14:48:19.460: I/ActivityThread(952): Pub com.google.android.gallery3d.GooglePhotoProvider: com.google.android.picasasync.PicasaContentProvider
05-23 14:48:19.520: D/dalvikvm(840): GC_FOR_ALLOC freed 446K, 9% free 6777K/7431K, paused 31ms
05-23 14:48:19.550: I/ActivityManager(161): No longer want com.google.android.partnersetup (pid 454): hidden #16
05-23 14:48:19.580: D/dalvikvm(952): GC_CONCURRENT freed 417K, 7% free 6556K/7047K, paused 2ms+15ms
05-23 14:48:19.620: I/ActivityThread(952): Pub com.google.android.gallery3d.provider: com.android.gallery3d.provider.GalleryProvider
05-23 14:48:19.630: D/dalvikvm(840): GC_CONCURRENT freed 14K, 4% free 7185K/7431K, paused 2ms+3ms
05-23 14:48:19.700: D/dalvikvm(840): GC_FOR_ALLOC freed 426K, 10% free 6817K/7495K, paused 35ms
05-23 14:48:19.710: I/dalvikvm-heap(840): Grow heap (frag case) to 7.088MB for 377872-byte allocation
05-23 14:48:19.720: D/UploadsManager(952): load newPhotoTracker: null
05-23 14:48:19.720: D/UploadsManager(952): load all accounts: null
05-23 14:48:19.720: D/UploadsManager(952): load all account-album pairs: null
05-23 14:48:19.720: V/PicasaContentProvider(952): querySettings: defaults: {sync_on_wifi_only=1, auto_upload_account_type=null, sync_on_battery=1, sync_picasa_on_wifi_only=1, auto_upload_enabled=0, video_upload_wifi_only=1, sync_on_roaming=0, auto_upload_account_name=null}
05-23 14:48:19.730: D/dalvikvm(952): GC_CONCURRENT freed 403K, 7% free 6699K/7175K, paused 3ms+3ms
05-23 14:48:19.740: D/UploadsManager(952): settings not changed
05-23 14:48:19.750: D/dalvikvm(840): GC_FOR_ALLOC freed 1K, 9% free 7184K/7879K, paused 36ms
05-23 14:48:19.750: I/ActivityManager(161): No longer want com.google.android.exchange (pid 602): hidden #16
05-23 14:48:19.760: D/PicasaSync(952): sync account database
05-23 14:48:19.780: I/ActivityManager(161): No longer want com.google.android.email (pid 586): hidden #16
05-23 14:48:19.800: D/dalvikvm(360): GC_FOR_ALLOC freed 25K, 5% free 11271K/11783K, paused 40ms
05-23 14:48:19.830: I/MediaUploader(824): No need to wake up
05-23 14:48:19.870: I/ActivityManager(161): Start proc com.google.android.gsf.login for service com.google.android.gsf.login/com.google.android.gsf.loginservice.GoogleLoginService: pid=973 uid=10015 gids={3003, 1015, 1007, 2001, 3006}
05-23 14:48:19.880: D/AirMail(786): CoreReceiver action: com.urbanairship.airmail.EXCEPTION_LOG_PUSH
05-23 14:48:19.900: D/dalvikvm(840): GC_FOR_ALLOC freed 426K, 14% free 6819K/7879K, paused 49ms
05-23 14:48:19.940: I/CalendarProvider2(932): Sending notification intent: Intent { act=android.intent.action.PROVIDER_CHANGED dat=content://com.android.calendar }
05-23 14:48:19.940: W/ContentResolver(932): Failed to get type for: content://com.android.calendar (Unknown URL content://com.android.calendar)
05-23 14:48:20.010: I/System.out(685): [INFO:3935]: c: Running flush
05-23 14:48:20.090: D/dalvikvm(685): GC_CONCURRENT freed 427K, 9% free 7386K/8071K, paused 2ms+16ms
05-23 14:48:20.100: I/ActivityManager(161): No longer want android.process.acore (pid 407): hidden #16
05-23 14:48:20.130: I/System.out(685): [INFO:4055]: c: Sending payload [bytes=512]
05-23 14:48:20.140: I/ActivityManager(161): No longer want com.google.android.onetimeinitializer (pid 699): hidden #16
05-23 14:48:20.160: D/PicasaSync(952): accounts in DB=2
05-23 14:48:20.160: V/PicasaContentProvider(952): querySettings: defaults: {sync_on_wifi_only=1, auto_upload_account_type=null, sync_on_battery=1, sync_picasa_on_wifi_only=1, auto_upload_enabled=0, video_upload_wifi_only=1, sync_on_roaming=0, auto_upload_account_name=null}
05-23 14:48:20.160: D/PicasaSyncManager(952): active network: NetworkInfo: type: WIFI[], state: CONNECTED/CONNECTED, reason: (unspecified), extra: (none), roaming: false, failover: false, isAvailable: true
05-23 14:48:20.160: D/PicasaSyncManager(952): background data: true
05-23 14:48:20.170: D/dalvikvm(840): GC_CONCURRENT freed 418K, 14% free 6788K/7879K, paused 2ms+3ms
05-23 14:48:20.200: I/GTalkService/c(284): [GTalkConnection@1091807072] connect: acct=2, state=CONNECTING
05-23 14:48:20.230: V/PicasaContentProvider(952): querySettings: defaults: {sync_on_wifi_only=1, auto_upload_account_type=null, sync_on_battery=1, sync_picasa_on_wifi_only=1, auto_upload_enabled=0, video_upload_wifi_only=1, sync_on_roaming=0, auto_upload_account_name=null}
05-23 14:48:20.230: D/PicasaSyncManager(952): reject PrefetchAlbumCover (*******************) because auto sync is off
05-23 14:48:20.230: V/PicasaContentProvider(952): querySettings: defaults: {sync_on_wifi_only=1, auto_upload_account_type=null, sync_on_battery=1, sync_picasa_on_wifi_only=1, auto_upload_enabled=0, video_upload_wifi_only=1, sync_on_roaming=0, auto_upload_account_name=null}
05-23 14:48:20.230: D/PicasaSyncManager(952): reject PrefetchAlbumCover (*******************) because auto sync is off
05-23 14:48:20.230: V/PicasaContentProvider(952): querySettings: defaults: {sync_on_wifi_only=1, auto_upload_account_type=null, sync_on_battery=1, sync_picasa_on_wifi_only=1, auto_upload_enabled=0, video_upload_wifi_only=1, sync_on_roaming=0, auto_upload_account_name=null}
05-23 14:48:20.240: D/PicasaSyncManager(952): reject PrefetchScreenNail (*******************) because auto sync is off
05-23 14:48:20.240: V/PicasaContentProvider(952): querySettings: defaults: {sync_on_wifi_only=1, auto_upload_account_type=null, sync_on_battery=1, sync_picasa_on_wifi_only=1, auto_upload_enabled=0, video_upload_wifi_only=1, sync_on_roaming=0, auto_upload_account_name=null}
05-23 14:48:20.240: D/PicasaSyncManager(952): reject PrefetchScreenNail (*******************) because auto sync is off
05-23 14:48:20.240: D/PicasaSyncManager(952): battery info: false
05-23 14:48:20.290: I/ActivityManager(161): Start proc android.process.acore for content provider com.android.providers.contacts/.ContactsProvider2: pid=996 uid=10006 gids={3003, 1015}
05-23 14:48:20.320: I/ActivityThread(996): Pub com.android.voicemail: com.android.providers.contacts.VoicemailContentProvider
05-23 14:48:20.330: I/ActivityThread(996): Pub user_dictionary: com.android.providers.userdictionary.UserDictionaryProvider
05-23 14:48:20.330: I/ActivityThread(996): Pub com.android.social: com.android.providers.contacts.SocialProvider
05-23 14:48:20.330: I/ActivityThread(996): Pub applications: com.android.providers.applications.ApplicationsProvider
05-23 14:48:20.350: I/ActivityThread(996): Pub contacts;com.android.contacts: com.android.providers.contacts.ContactsProvider2
05-23 14:48:20.390: I/ActivityThread(996): Pub call_log: com.android.providers.contacts.CallLogProvider
05-23 14:48:20.430: D/ConnectivityService(161): handleInetConditionHoldEnd: net=1, condition=100, published condition=0
05-23 14:48:20.500: D/dalvikvm(996): GC_CONCURRENT freed 195K, 5% free 6747K/7047K, paused 2ms+3ms
05-23 14:48:20.510: I/System.out(685): [INFO:4441]: c: Response [http=200,length=940]
05-23 14:48:20.520: I/System.out(685): [INFO:4450]: c: Read id 1, status code 200
05-23 14:48:20.560: D/dalvikvm(685): GC_CONCURRENT freed 290K, 7% free 7568K/8071K, paused 2ms+3ms
05-23 14:48:20.640: D/dalvikvm(315): GC_CONCURRENT freed 339K, 6% free 7113K/7559K, paused 2ms+4ms
05-23 14:48:20.800: D/dalvikvm(161): GC_EXPLICIT freed 505K, 6% free 10184K/10823K, paused 3ms+6ms
05-23 14:48:20.840: I/ActivityManager(161): No longer want com.google.android.videos (pid 734): hidden #16
05-23 14:48:20.920: D/dalvikvm(840): GC_CONCURRENT freed 290K, 13% free 6894K/7879K, paused 2ms+3ms
05-23 14:48:21.060: D/dalvikvm(840): GC_CONCURRENT freed 343K, 12% free 6949K/7879K, paused 2ms+2ms
05-23 14:48:21.070: I/VolumesSynchronizable(840): Updating sortable_title=pride and prejudice has_text_mode=2 buy_url=null cover_url=/books?id=s1gVAAAAYAAJ&printsec=frontcover&img=1&source=ge-tablet-app open_access=http://schemas.google.com/books/2008#enabled tts_permission=ALLOWED date=1918 version=AxJQKVyeTvk first_chapter_start_segment_id=2 publisher=null creator=Jane Austen account_name=appcel123@gmail.com title=Pride and Prejudice volume_id=s1gVAAAAYAAJ preferred_mode=2 viewability=http://schemas.google.com/books/2008#view_all_pages _id=4 sortable_creator=austen jane content_version=full-1.0.0 description=In early nineteenth-century England, a spirited young woman copes with the suit of a snobbish gentleman, as well as the romantic entanglements of her four sisters. cover_content_status=3 has_image_mode=1 with values version=qXujZCJRltQ
05-23 14:48:21.070: I/LocalVolumesProvidelet(840): Updating SelectionBuilder[table=volumes, selection=(account_name=?) AND (volume_id=?), selectionArgs=[appcel123@gmail.com, s1gVAAAAYAAJ]] with values version=qXujZCJRltQ
05-23 14:48:21.120: I/AudioService(161): AudioFocus abandonAudioFocus() from android.media.AudioManager@412c2fb0
05-23 14:48:21.730: I/VolumesSynchronizable(840): Updating sortable_title=great expectations has_text_mode=2 buy_url=null cover_url=/books?id=fhUXAAAAYAAJ&printsec=frontcover&img=1&source=ge-tablet-app open_access=http://schemas.google.com/books/2008#enabled tts_permission=ALLOWED date=1881 version=qlFxnQOLo4Y first_chapter_start_segment_id=1 publisher=null creator=Charles Dickens account_name=appcel123@gmail.com title=Great Expectations volume_id=fhUXAAAAYAAJ preferred_mode=2 viewability=http://schemas.google.com/books/2008#view_all_pages _id=5 sortable_creator=dickens charles content_version=1.1.1.0.full.3 description=At the age of six Pip renders assistance to an escaped convict, a good deed which will reap rewards later in life. As Pip strives to make his way in the world, Miss Havisham, seems to hold the key to all of Pip's dreams while her ward, Estella ... cover_content_status=3 has_image_mode=1 with values version=0uSjYZUhhEI
05-23 14:48:21.730: I/LocalVolumesProvidelet(840): Updating SelectionBuilder[table=volumes, selection=(account_name=?) AND (volume_id=?), selectionArgs=[appcel123@gmail.com, fhUXAAAAYAAJ]] with values version=0uSjYZUhhEI
05-23 14:48:21.990: D/dalvikvm(161): GC_EXPLICIT freed 208K, 7% free 10124K/10823K, paused 3ms+6ms
05-23 14:48:21.990: I/VolumesSynchronizable(840): Updating sortable_title=alice's adventures in wonderland has_text_mode=2 buy_url=null cover_url=/books?id=Y7sOAAAAIAAJ&printsec=frontcover&img=1&source=ge-tablet-app open_access=http://schemas.google.com/books/2008#enabled tts_permission=ALLOWED date=1920 version=8ZRGVm4UCa4 first_chapter_start_segment_id=4 publisher=null creator=Lewis Carroll account_name=appcel123@gmail.com title=Alice's Adventures in Wonderland volume_id=Y7sOAAAAIAAJ preferred_mode=2 viewability=http://schemas.google.com/books/2008#view_all_pages _id=6 sortable_creator=carroll lewis content_version=0.0.1.0.full.3 description=Alice is wondering what to do one day, when a talking rabbit steals her attention. She is so intrigued that she follows him into his hole, and tumbles down into Wonderland. Alice soon discovers that reality and logic, as she knows them, do not ... cover_content_status=3 has_image_mode=1 with values version=XxO5wqm16Yo
05-23 14:48:21.990: I/LocalVolumesProvidelet(840): Updating SelectionBuilder[table=volumes, selection=(account_name=?) AND (volume_id=?), selectionArgs=[appcel123@gmail.com, Y7sOAAAAIAAJ]] with values version=XxO5wqm16Yo
05-23 14:48:22.040: D/dalvikvm(315): GC_CONCURRENT freed 315K, 6% free 7260K/7687K, paused 2ms+4ms
05-23 14:48:22.190: D/dalvikvm(315): GC_EXPLICIT freed 248K, 9% free 7054K/7687K, paused 2ms+4ms
05-23 14:48:22.430: D/dalvikvm(840): GC_CONCURRENT freed 364K, 12% free 6987K/7879K, paused 2ms+3ms
05-23 14:48:22.940: D/dalvikvm(161): GC_EXPLICIT freed 208K, 7% free 10120K/10823K, paused 4ms+5ms
05-23 14:48:23.440: D/dalvikvm(315): GC_CONCURRENT freed 282K, 7% free 7165K/7687K, paused 2ms+3ms
05-23 14:48:23.790: W/MediaScanner(315): Error opening directory '/mnt/external1/', skipping: Permission denied.
05-23 14:48:23.950: D/dalvikvm(919): GC_CONCURRENT freed 199K, 5% free 7048K/7367K, paused 3ms+3ms
05-23 14:48:23.960: I/MediaStoreImporter(919): Update: incremental Added music: 0 Updated music: 0 Deleted music: 0 Created playlists: 0 Updated playlists: 0 Deleted playlists: 0 Inserted playlist items: 0 Deleted playlist items: 0 Removed orphaned playlist items: 0
05-23 14:48:24.510: I/ActivityManager(161): No longer want system (pid 773): hidden #16
05-23 14:48:24.970: I/ActivityManager(161): No longer want com.pandora.android (pid 804): hidden #16
05-23 14:49:40.080: W/ThrottleService(161): unable to find stats for iface rmnet0
05-23 14:51:13.610: D/AndroidRuntime(1066): >>>>>> AndroidRuntime START com.android.internal.os.RuntimeInit <<<<<<
05-23 14:51:13.610: D/AndroidRuntime(1066): CheckJNI is OFF
05-23 14:51:13.790: D/AndroidRuntime(1066): Calling main entry com.android.commands.pm.Pm
05-23 14:51:13.810: I/ActivityManager(161): Start proc com.android.defcontainer for service com.android.defcontainer/.DefaultContainerService: pid=1076 uid=10037 gids={1015, 2001}
05-23 14:51:13.860: W/ActivityManager(161): No content provider found for permission revoke: file:///data/local/tmp/app.apk
05-23 14:51:13.920: W/ActivityManager(161): No content provider found for permission revoke: file:///data/local/tmp/app.apk
05-23 14:51:14.130: D/dalvikvm(161): GC_CONCURRENT freed 748K, 8% free 10242K/11079K, paused 3ms+5ms
05-23 14:51:14.130: I/dalvikvm(161): Jit: resizing JitTable from 4096 to 8192
05-23 14:51:15.560: I/PackageManager(161): Running dexopt on: com.appcelerator.sample.mapping
05-23 14:51:16.910: D/dalvikvm(1089): DexOpt: 'Lorg/apache/commons/codec/binary/Base64;' has an earlier definition; blocking out
05-23 14:51:16.910: D/dalvikvm(1089): DexOpt: 'Lorg/apache/commons/codec/binary/Hex;' has an earlier definition; blocking out
05-23 14:51:16.930: D/dalvikvm(1089): DexOpt: 'Lorg/w3c/dom/UserDataHandler;' has an earlier definition; blocking out
05-23 14:51:17.080: D/dalvikvm(1089): DexOpt: not verifying/optimizing 'Lorg/apache/commons/codec/binary/Base64;': multiple definitions
05-23 14:51:17.080: D/dalvikvm(1089): DexOpt: not verifying/optimizing 'Lorg/apache/commons/codec/binary/Hex;': multiple definitions
05-23 14:51:17.080: I/dalvikvm(1089): DexOpt: not resolving ambiguous class 'Lorg/apache/commons/codec/binary/Hex;'
05-23 14:51:17.200: I/dalvikvm(1089): DexOpt: not resolving ambiguous class 'Lorg/apache/commons/codec/binary/Base64;'
05-23 14:51:17.210: I/dalvikvm(1089): DexOpt: not resolving ambiguous class 'Lorg/apache/commons/codec/binary/Base64;'
05-23 14:51:17.350: D/dalvikvm(1089): DexOpt: not verifying/optimizing 'Lorg/w3c/dom/UserDataHandler;': multiple definitions
05-23 14:51:17.400: I/dalvikvm(1089): DexOpt: not resolving ambiguous class 'Lorg/apache/commons/codec/binary/Hex;'
05-23 14:51:17.520: D/dalvikvm(1089): DexOpt: load 92ms, verify+opt 542ms
05-23 14:51:18.050: I/ActivityManager(161): Force stopping package com.appcelerator.sample.mapping uid=10012
05-23 14:51:18.460: D/PackageManager(161): New package installed in /data/app/com.appcelerator.sample.mapping-1.apk
05-23 14:51:18.610: D/PackageManager(161): generateServicesMap(android.accounts.AccountAuthenticator): 3 services unchanged
05-23 14:51:18.630: D/AccountTypeManager(495): Registering 1 extension packages
05-23 14:51:18.630: I/AccountTypeManager(495): Loaded meta-data for 2 account types, 2 accounts in 25ms(wall) 3ms(cpu)
05-23 14:51:18.650: D/PackageManager(161): generateServicesMap(android.content.SyncAdapter): 12 services unchanged
05-23 14:51:18.680: D/BackupManagerService(161): Received broadcast Intent { act=android.intent.action.PACKAGE_ADDED dat=package:com.appcelerator.sample.mapping flg=0x10000010 (has extras) }
05-23 14:51:18.680: V/BackupManagerService(161): addPackageParticipantsLocked: com.appcelerator.sample.mapping
05-23 14:51:18.700: I/ActivityManager(161): Start proc com.google.android.partnersetup for broadcast com.google.android.partnersetup/.RlzPingBroadcastReceiver: pid=1091 uid=10028 gids={3003}
05-23 14:51:18.750: I/ActivityThread(1091): Pub com.google.android.partnersetup.rlzprovider: com.google.android.partnersetup.RlzProvider
05-23 14:51:18.750: I/ActivityThread(1091): Pub com.google.android.partnersetup.rlzappprovider: com.google.android.partnersetup.RlzAppProvider
05-23 14:51:18.760: I/ActivityManager(161): No longer want com.android.contacts (pid 495): hidden #16
05-23 14:51:18.780: V/PicasaContentProvider(952): querySettings: defaults: {sync_on_wifi_only=1, auto_upload_account_type=null, sync_on_battery=1, sync_picasa_on_wifi_only=1, auto_upload_enabled=0, video_upload_wifi_only=1, sync_on_roaming=0, auto_upload_account_name=null}
05-23 14:51:18.780: D/PicasaSyncManager(952): reject PrefetchAlbumCover (*******************) because auto sync is off
05-23 14:51:18.780: V/PicasaContentProvider(952): querySettings: defaults: {sync_on_wifi_only=1, auto_upload_account_type=null, sync_on_battery=1, sync_picasa_on_wifi_only=1, auto_upload_enabled=0, video_upload_wifi_only=1, sync_on_roaming=0, auto_upload_account_name=null}
05-23 14:51:18.780: D/PicasaSyncManager(952): reject PrefetchAlbumCover (*******************) because auto sync is off
05-23 14:51:18.780: V/PicasaContentProvider(952): querySettings: defaults: {sync_on_wifi_only=1, auto_upload_account_type=null, sync_on_battery=1, sync_picasa_on_wifi_only=1, auto_upload_enabled=0, video_upload_wifi_only=1, sync_on_roaming=0, auto_upload_account_name=null}
05-23 14:51:18.780: D/PicasaSyncManager(952): reject PrefetchScreenNail (*******************) because auto sync is off
05-23 14:51:18.790: V/PicasaContentProvider(952): querySettings: defaults: {sync_on_wifi_only=1, auto_upload_account_type=null, sync_on_battery=1, sync_picasa_on_wifi_only=1, auto_upload_enabled=0, video_upload_wifi_only=1, sync_on_roaming=0, auto_upload_account_name=null}
05-23 14:51:18.790: D/PicasaSyncManager(952): reject PrefetchScreenNail (*******************) because auto sync is off
