?:??: W/?(?): --------- beginning of /dev/log/main
05-23 14:47:27.100: I/DEBUG(86): debuggerd: Dec 16 2011 21:05:32
05-23 14:47:27.180: D/whisperd(100): /dev/cpcap opened: 3 from accyInit() in device/moto/stingray/whisper/Whisper_AccyMain.c(608)
05-23 14:47:27.200: D/whisperd(100): /dev/ttyHS0 opened with port 10 from SHAP_OpenChannel() in device/moto/stingray/whisper/SA_Phys_Linux.c(88)
05-23 14:47:27.200: D/whisperd(100): The input and output queues have been flushed from SHAP_OpenChannel() in device/moto/stingray/whisper/SA_Phys_Linux.c(90)
05-23 14:47:27.200: I/AKMD2(97): AK8975/B for Android v1.1.0.1216 (Library: v1.2.0.1217) started.
05-23 14:47:27.200: I/AKMD2(97): --------- beginning of /dev/log/system
05-23 14:47:27.260: I/Vold(84): Vold 2.1 (the revenge) firing up
05-23 14:47:27.290: I/Netd(85): Netd 1.0 starting
05-23 14:47:27.290: D/Vold(84): Volume sdcard state changing -1 (Initializing) -> 0 (No-Media)
05-23 14:47:27.980: I/(90): ServiceManager: 0x9f4910
05-23 14:47:28.210: D/AndroidRuntime(89): >>>>>> AndroidRuntime START com.android.internal.os.ZygoteInit <<<<<<
05-23 14:47:28.210: D/AndroidRuntime(89): CheckJNI is OFF
05-23 14:47:28.220: I/SurfaceFlinger(88): SurfaceFlinger is starting
05-23 14:47:28.220: I/SurfaceFlinger(88): SurfaceFlinger's main thread ready to run. Initializing graphics H/W...
05-23 14:47:28.390: D/PKIP(88): private/drm/pki/lib/PKITP_Interface.c,400,PKI_Translate_ID,0x f
05-23 14:47:28.470: D/PKIP(88): private/drm/pki/lib/PKITP_Interface.c:1032: private/drm/pki/lib/PKITP_Interface.c: 1032: TPA_SYM_ExportProtectedKey: status = 0x0
05-23 14:47:28.470: D/PKIP(88): private/drm/pki/lib/PKITP_Interface.c,1038,PKITP_SYM_ExportProtectedKey,0x 0
05-23 14:47:28.470: D/PKIP(88): private/drm/pki/lib/PKITP_Interface.c,400,PKI_Translate_ID,0x f
05-23 14:47:28.470: D/PKIP(88): private/drm/pki/lib/PKITP_Interface.c:1032: private/drm/pki/lib/PKITP_Interface.c: 1032: TPA_SYM_ExportProtectedKey: status = 0x0
05-23 14:47:28.470: D/PKIP(88): private/drm/pki/lib/PKITP_Interface.c,1038,PKITP_SYM_ExportProtectedKey,0x 0
05-23 14:47:28.470: I/gralloc(88): using (fd=15)
05-23 14:47:28.470: I/gralloc(88): id = tegra_fb
05-23 14:47:28.470: I/gralloc(88): xres = 1280 px
05-23 14:47:28.470: I/gralloc(88): yres = 800 px
05-23 14:47:28.470: I/gralloc(88): xres_virtual = 1280 px
05-23 14:47:28.470: I/gralloc(88): yres_virtual = 1600 px
05-23 14:47:28.470: I/gralloc(88): bpp = 32
05-23 14:47:28.470: I/gralloc(88): r = 0:8
05-23 14:47:28.470: I/gralloc(88): g = 8:8
05-23 14:47:28.470: I/gralloc(88): b = 16:8
05-23 14:47:28.470: I/gralloc(88): smem_start = 0x2e800000
05-23 14:47:28.470: I/gralloc(88): smem_len = 0x00800000
05-23 14:47:28.470: I/gralloc(88): format = 1
05-23 14:47:28.470: I/gralloc(88): stride = 1280
05-23 14:47:28.470: I/gralloc(88): width = 217 mm (149.824890 dpi)
05-23 14:47:28.470: I/gralloc(88): height = 136 mm (149.411758 dpi)
05-23 14:47:28.470: I/gralloc(88): refresh rate = 60.00 Hz
05-23 14:47:28.490: I/recovery(139): Recovery image already installed
05-23 14:47:28.510: D/libEGL(88): loaded /system/lib/egl/libGLES_android.so
05-23 14:47:28.560: D/libEGL(88): loaded /system/lib/egl/libEGL_tegra.so
05-23 14:47:28.600: I/(91): ServiceManager: 0x51d958
05-23 14:47:28.730: D/AudioPostProcessor(91): AudioPostProcessor
05-23 14:47:28.730: D/AudioPostProcessor(91): Configure CTO Audio MM processing
05-23 14:47:28.750: D/AudioHardwareTegra(91): Read gain file, format 30303032 version 30303030
05-23 14:47:28.750: I/AudioFlinger(91): Loaded primary audio interface from LEGACY Audio HW HAL (audio)
05-23 14:47:28.750: I/AudioFlinger(91): Using 'LEGACY Audio HW HAL' (audio.primary) as the primary audio interface
05-23 14:47:28.760: D/libEGL(88): loaded /system/lib/egl/libGLESv1_CM_tegra.so
05-23 14:47:28.800: I/AudioFlinger(91): Loaded a2dp audio interface from A2DP Audio HW HAL (audio)
05-23 14:47:28.800: D/AudioHardwareInterface(91): setMode(NORMAL)
05-23 14:47:28.800: E/AudioHardwareTegra(91): No output device.
05-23 14:47:28.800: E/AudioHardwareTegra(91): No output device.
05-23 14:47:28.820: I/CameraService(91): CameraService started (pid=91)
05-23 14:47:28.900: D/libEGL(88): loaded /system/lib/egl/libGLESv2_tegra.so
05-23 14:47:28.900: W/SurfaceFlinger(88): ro.sf.lcd_density not defined, using 160 dpi by default.
05-23 14:47:28.910: I/SurfaceFlinger(88): EGL informations:
05-23 14:47:28.910: I/SurfaceFlinger(88): # of configs : 57
05-23 14:47:28.910: I/SurfaceFlinger(88): vendor : Android
05-23 14:47:28.910: I/SurfaceFlinger(88): version : 1.4 Android META-EGL
05-23 14:47:28.910: I/SurfaceFlinger(88): extensions: EGL_KHR_image EGL_KHR_image_base EGL_KHR_gl_texture_2D_image EGL_KHR_gl_texture_cubemap_image EGL_KHR_gl_renderbuffer_image EGL_KHR_fence_sync EGL_NV_system_time EGL_ANDROID_image_native_buffer EGL_ANDROID_image_native_buffer
05-23 14:47:28.910: I/SurfaceFlinger(88): Client API: OpenGL ES
05-23 14:47:28.910: I/SurfaceFlinger(88): EGLSurface: 8-8-8-8, config=0x3
05-23 14:47:28.910: I/SurfaceFlinger(88): OpenGL informations:
05-23 14:47:28.910: I/SurfaceFlinger(88): vendor : NVIDIA Corporation
05-23 14:47:28.910: I/SurfaceFlinger(88): renderer : NVIDIA AP
05-23 14:47:28.910: I/SurfaceFlinger(88): version : OpenGL ES-CM 1.1
05-23 14:47:28.910: I/SurfaceFlinger(88): extensions: GL_EXT_bgra GL_EXT_texture_compression_dxt1 GL_EXT_texture_compression_s3tc GL_EXT_texture_format_BGRA8888 GL_NV_texture_npot_2D_mipmap GL_OES_byte_coordinates GL_OES_compressed_ETC1_RGB8_texture GL_OES_compressed_paletted_texture GL_OES_draw_texture GL_OES_extended_matrix_palette GL_OES_EGL_image GL_OES_EGL_image_external GL_OES_EGL_sync GL_OES_fbo_render_mipmap GL_OES_fixed_point GL_OES_framebuffer_object GL_OES_matrix_get GL_OES_matrix_palette GL_OES_point_size_array GL_OES_point_sprite GL_OES_query_matrix GL_OES_read_format GL_OES_rgb8_rgba8 GL_OES_single_precision GL_OES_stencil8 GL_OES_texture_cube_map GL_OES_vertex_half_float
05-23 14:47:28.910: I/SurfaceFlinger(88): GL_MAX_TEXTURE_SIZE = 2048
05-23 14:47:28.910: I/SurfaceFlinger(88): GL_MAX_VIEWPORT_DIMS = 3839 x 3839
05-23 14:47:28.910: I/SurfaceFlinger(88): flags = 00000000
05-23 14:47:28.970: D/libEGL(145): loaded /system/lib/egl/libGLES_android.so
05-23 14:47:28.970: D/AudioPostProcessor(91): AudioPostProcessor::setPlayAudioRate 44100
05-23 14:47:28.970: I/AudioFlinger(91): AudioFlinger's thread 0x51e660 ready to run
05-23 14:47:28.970: W/AudioFlinger(91): Thread AudioOut_1 cannot connect to the power manager service
05-23 14:47:28.970: I/AudioPolicyService(91): Loaded audio policy from LEGACY Audio Policy HAL (audio_policy)
05-23 14:47:28.980: D/libEGL(145): loaded /system/lib/egl/libEGL_tegra.so
05-23 14:47:29.000: D/libEGL(145): loaded /system/lib/egl/libGLESv1_CM_tegra.so
05-23 14:47:29.010: D/libEGL(145): loaded /system/lib/egl/libGLESv2_tegra.so
05-23 14:47:29.650: I/SamplingProfilerIntegration(89): Profiling disabled.
05-23 14:47:29.660: I/Zygote(89): Preloading classes...
05-23 14:47:29.670: D/dalvikvm(89): GC_EXPLICIT freed 36K, 85% free 408K/2560K, paused 0ms+1ms
05-23 14:47:29.680: D/dalvikvm(89): GC_EXPLICIT freed 4K, 82% free 473K/2560K, paused 0ms+0ms
05-23 14:47:29.700: D/dalvikvm(89): GC_EXPLICIT freed 20K, 81% free 509K/2560K, paused 0ms+0ms
05-23 14:47:29.720: D/dalvikvm(89): GC_EXPLICIT freed 27K, 80% free 536K/2560K, paused 1ms+1ms
05-23 14:47:29.730: D/dalvikvm(89): GC_EXPLICIT freed 15K, 78% free 575K/2560K, paused 1ms+1ms
05-23 14:47:29.790: D/dalvikvm(89): GC_EXPLICIT freed 27K, 77% free 603K/2560K, paused 1ms+0ms
05-23 14:47:29.900: D/dalvikvm(89): GC_EXPLICIT freed 30K, 76% free 635K/2560K, paused 0ms+1ms
05-23 14:47:29.920: D/TextLayoutCache(89): Using debug level: 0 - Debug Enabled: 0
05-23 14:47:29.930: W/Zygote(89): Class not found for preloading: android.media.AudioManager$2
05-23 14:47:29.980: I/dalvikvm(89): threadid=1: recursive native library load attempt (/system/lib/libmedia_jni.so)
05-23 14:47:29.980: D/MtpDeviceJNI(89): register_android_mtp_MtpDevice
05-23 14:47:29.980: I/dalvikvm(89): threadid=1: recursive native library load attempt (/system/lib/libmedia_jni.so)
05-23 14:47:29.980: I/dalvikvm(89): threadid=1: recursive native library load attempt (/system/lib/libmedia_jni.so)
05-23 14:47:29.990: W/Zygote(89): Class not found for preloading: android.media.IRemoteControlClientDispatcher
05-23 14:47:29.990: W/Zygote(89): Class not found for preloading: android.media.IRemoteControlClientDispatcher$Stub
05-23 14:47:30.000: D/dalvikvm(89): GC_EXPLICIT freed 20K, 74% free 672K/2560K, paused 1ms+1ms
05-23 14:47:30.120: D/dalvikvm(89): GC_FOR_ALLOC freed 218K, 63% free 966K/2560K, paused 9ms
05-23 14:47:30.150: D/dalvikvm(89): GC_EXPLICIT freed 43K, 61% free 1023K/2560K, paused 0ms+0ms
05-23 14:47:30.210: D/dalvikvm(89): GC_EXPLICIT freed 27K, 59% free 1052K/2560K, paused 1ms+1ms
05-23 14:47:30.450: D/dalvikvm(89): GC_EXPLICIT freed 8K, 58% free 1100K/2560K, paused 1ms+1ms
05-23 14:47:30.480: D/dalvikvm(89): GC_EXPLICIT freed 23K, 55% free 1166K/2560K, paused 1ms+2ms
05-23 14:47:30.540: D/dalvikvm(89): GC_EXPLICIT freed 48K, 44% free 1444K/2560K, paused 1ms+2ms
05-23 14:47:30.540: W/Zygote(89): Class not found for preloading: android.text.TextDirectionHeuristics$CharCount
05-23 14:47:30.540: W/Zygote(89): Class not found for preloading: android.text.method.WordIterator$1
05-23 14:47:30.570: D/dalvikvm(89): GC_EXPLICIT freed 35K, 43% free 1479K/2560K, paused 1ms+2ms
05-23 14:47:30.590: D/dalvikvm(89): GC_EXPLICIT freed 32K, 42% free 1501K/2560K, paused 1ms+2ms
05-23 14:47:30.840: I/dalvikvm(89): threadid=1: recursive native library load attempt (/system/lib/libwebcore.so)
05-23 14:47:30.840: D/dalvikvm(89): No JNI_OnLoad found in /system/lib/libchromium_net.so 0x0, skipping init
05-23 14:47:30.890: D/dalvikvm(89): GC_EXPLICIT freed 26K, 40% free 1550K/2560K, paused 1ms+1ms
05-23 14:47:30.920: W/Zygote(89): Class not found for preloading: android.widget.EdgeGlow
05-23 14:47:30.960: D/dalvikvm(89): GC_EXPLICIT freed 25K, 39% free 1579K/2560K, paused 2ms+1ms
05-23 14:47:31.030: D/dalvikvm(89): GC_EXPLICIT freed 71K, 37% free 1624K/2560K, paused 2ms+2ms
05-23 14:47:31.040: E/PhonePolicy(89): Could not preload class for phone policy: com.android.internal.policy.impl.PhoneWindow$ContextMenuCallback
05-23 14:47:31.070: D/dalvikvm(89): GC_EXPLICIT freed 33K, 36% free 1646K/2560K, paused 2ms+2ms
05-23 14:47:31.100: D/dalvikvm(89): GC_EXPLICIT freed 28K, 35% free 1675K/2560K, paused 2ms+1ms
05-23 14:47:31.150: D/dalvikvm(89): GC_EXPLICIT freed 26K, 34% free 1705K/2560K, paused 1ms+8ms
05-23 14:47:31.180: D/dalvikvm(89): GC_EXPLICIT freed 32K, 33% free 1731K/2560K, paused 1ms+1ms
05-23 14:47:31.210: D/dalvikvm(89): GC_EXPLICIT freed 31K, 32% free 1759K/2560K, paused 1ms+2ms
05-23 14:47:31.250: D/dalvikvm(89): GC_EXPLICIT freed 71K, 30% free 1814K/2560K, paused 2ms+2ms
05-23 14:47:31.270: D/dalvikvm(89): GC_EXPLICIT freed 39K, 29% free 1830K/2560K, paused 1ms+1ms
05-23 14:47:31.730: I/System(89): Loaded time zone names for in 426ms (422ms in ICU)
05-23 14:47:32.020: I/System(89): Loaded time zone names for en_US in 291ms (287ms in ICU)
05-23 14:47:32.040: D/dalvikvm(89): GC_EXPLICIT freed 324K, 24% free 1947K/2560K, paused 1ms+2ms
05-23 14:47:32.070: D/dalvikvm(89): GC_EXPLICIT freed 15K, 22% free 2008K/2560K, paused 2ms+2ms
05-23 14:47:32.120: D/dalvikvm(89): GC_EXPLICIT freed 51K, 21% free 2040K/2560K, paused 2ms+2ms
05-23 14:47:32.150: D/dalvikvm(89): GC_EXPLICIT freed 28K, 20% free 2070K/2560K, paused 1ms+1ms
05-23 14:47:32.190: D/dalvikvm(89): GC_EXPLICIT freed 37K, 19% free 2087K/2560K, paused 1ms+2ms
05-23 14:47:32.220: D/dalvikvm(89): GC_EXPLICIT freed 32K, 18% free 2109K/2560K, paused 3ms+2ms
05-23 14:47:32.220: I/Zygote(89): ...preloaded 2297 classes in 2559ms.
05-23 14:47:32.240: D/dalvikvm(89): GC_EXPLICIT freed 22K, 18% free 2113K/2560K, paused 2ms+2ms
05-23 14:47:32.240: I/Zygote(89): Preloading resources...
05-23 14:47:32.270: D/dalvikvm(89): GC_EXPLICIT freed 1K, 16% free 2169K/2560K, paused 2ms+4ms
05-23 14:47:32.300: D/dalvikvm(89): GC_EXPLICIT freed 1K, 14% free 2220K/2560K, paused 2ms+2ms
05-23 14:47:32.330: D/dalvikvm(89): GC_EXPLICIT freed 3K, 12% free 2266K/2560K, paused 2ms+2ms
05-23 14:47:32.360: D/dalvikvm(89): GC_EXPLICIT freed 3K, 10% free 2314K/2560K, paused 3ms+1ms
05-23 14:47:32.390: D/dalvikvm(89): GC_EXPLICIT freed 4K, 8% free 2361K/2560K, paused 1ms+2ms
05-23 14:47:32.420: D/dalvikvm(89): GC_EXPLICIT freed 5K, 6% free 2412K/2560K, paused 1ms+2ms
05-23 14:47:32.450: D/dalvikvm(89): GC_EXPLICIT freed 4K, 7% free 2459K/2627K, paused 1ms+2ms
05-23 14:47:32.480: D/dalvikvm(89): GC_EXPLICIT freed 5K, 5% free 2504K/2627K, paused 2ms+2ms
05-23 14:47:32.510: D/dalvikvm(89): GC_EXPLICIT freed 4K, 6% free 2553K/2691K, paused 3ms+2ms
05-23 14:47:32.540: D/dalvikvm(89): GC_EXPLICIT freed 4K, 6% free 2603K/2755K, paused 1ms+2ms
05-23 14:47:32.570: D/dalvikvm(89): GC_EXPLICIT freed 5K, 4% free 2663K/2755K, paused 2ms+2ms
05-23 14:47:32.600: D/dalvikvm(89): GC_EXPLICIT freed 2K, 4% free 2713K/2819K, paused 1ms+2ms
05-23 14:47:32.630: D/dalvikvm(89): GC_EXPLICIT freed 3K, 5% free 2759K/2883K, paused 2ms+3ms
05-23 14:47:32.660: D/dalvikvm(89): GC_EXPLICIT freed 6K, 5% free 2807K/2947K, paused 1ms+2ms
05-23 14:47:32.710: D/dalvikvm(89): GC_EXPLICIT freed 7K, 4% free 2854K/2947K, paused 2ms+13ms
05-23 14:47:32.730: D/dalvikvm(89): GC_EXPLICIT freed 4K, 4% free 2902K/3011K, paused 2ms+1ms
05-23 14:47:32.780: D/dalvikvm(89): GC_EXPLICIT freed 9K, 3% free 2946K/3011K, paused 2ms+2ms
05-23 14:47:32.820: D/dalvikvm(89): GC_EXPLICIT freed 8K, 2% free 3025K/3075K, paused 2ms+1ms
05-23 14:47:32.860: D/dalvikvm(89): GC_EXPLICIT freed 5K, 3% free 3070K/3139K, paused 2ms+3ms
05-23 14:47:32.890: D/dalvikvm(89): GC_EXPLICIT freed 4K, 3% free 3120K/3203K, paused 2ms+2ms
05-23 14:47:32.940: D/dalvikvm(89): GC_EXPLICIT freed 4K, 2% free 3167K/3203K, paused 1ms+3ms
05-23 14:47:32.970: D/dalvikvm(89): GC_EXPLICIT freed 5K, 1% free 3243K/3267K, paused 1ms+2ms
05-23 14:47:33.020: D/dalvikvm(89): GC_EXPLICIT freed 4K, 3% free 3558K/3651K, paused 2ms+2ms
05-23 14:47:33.050: D/dalvikvm(89): GC_EXPLICIT freed 7K, 2% free 3611K/3651K, paused 1ms+1ms
05-23 14:47:33.070: D/dalvikvm(89): GC_EXPLICIT freed 2K, 2% free 3662K/3715K, paused 2ms+2ms
05-23 14:47:33.100: D/dalvikvm(89): GC_EXPLICIT freed 5K, 2% free 3711K/3779K, paused 3ms+2ms
05-23 14:47:33.140: D/dalvikvm(89): GC_EXPLICIT freed 4K, 1% free 3884K/3907K, paused 1ms+2ms
05-23 14:47:33.170: D/dalvikvm(89): GC_EXPLICIT freed 3K, 2% free 3931K/3971K, paused 2ms+2ms
05-23 14:47:33.210: D/dalvikvm(89): GC_EXPLICIT freed 5K, 3% free 4991K/5123K, paused 2ms+2ms
05-23 14:47:33.250: D/dalvikvm(89): GC_EXPLICIT freed 5K, 4% free 6012K/6211K, paused 2ms+2ms
05-23 14:47:33.310: D/dalvikvm(89): GC_EXPLICIT freed 4K, 3% free 6061K/6211K, paused 1ms+2ms
05-23 14:47:33.340: D/dalvikvm(89): GC_EXPLICIT freed 7K, 2% free 6105K/6211K, paused 2ms+2ms
05-23 14:47:33.380: D/dalvikvm(89): GC_EXPLICIT freed 6K, 1% free 6153K/6211K, paused 2ms+2ms
05-23 14:47:33.400: D/dalvikvm(89): GC_EXPLICIT freed 5K, 1% free 6201K/6211K, paused 1ms+2ms
05-23 14:47:33.430: D/dalvikvm(89): GC_EXPLICIT freed 2K, 1% free 6252K/6275K, paused 2ms+3ms
05-23 14:47:33.460: D/dalvikvm(89): GC_EXPLICIT freed 4K, 1% free 6300K/6339K, paused 2ms+2ms
05-23 14:47:33.520: D/dalvikvm(89): GC_EXPLICIT freed 6K, 1% free 6361K/6403K, paused 2ms+2ms
05-23 14:47:33.540: D/dalvikvm(89): GC_EXPLICIT freed 3K, 1% free 6426K/6467K, paused 2ms+2ms
05-23 14:47:33.560: I/Zygote(89): ...preloaded 379 resources in 1319ms.
05-23 14:47:33.590: D/dalvikvm(89): GC_EXPLICIT freed 20K, 2% free 6460K/6531K, paused 1ms+3ms
05-23 14:47:33.590: I/Zygote(89): ...preloaded 31 resources in 35ms.
05-23 14:47:33.620: D/dalvikvm(89): GC_EXPLICIT freed 14K, 2% free 6463K/6531K, paused 1ms+2ms
05-23 14:47:33.660: D/dalvikvm(89): GC_EXPLICIT freed 6K, 2% free 6457K/6531K, paused 2ms+2ms
05-23 14:47:33.690: D/dalvikvm(89): GC_EXPLICIT freed <1K, 2% free 6457K/6531K, paused 2ms+2ms
05-23 14:47:33.710: I/dalvikvm(89): System server process 161 has been created
05-23 14:47:33.720: I/Zygote(89): Accepting command socket connections
05-23 14:47:33.810: E/BatteryService(161): usbOnlinePath not found
05-23 14:47:33.820: I/sysproc(161): Entered system_init()
05-23 14:47:33.820: I/sysproc(161): ServiceManager: 0x1743558
05-23 14:47:33.820: D/SensorService(161): nuSensorService starting...
05-23 14:47:37.460: I/AKMD2(97): akmd2 : Compass Opened.
05-23 14:47:38.410: I/AKMD2(97): akmd2 : Compass Closed.
05-23 14:47:38.560: I/SensorService(161): KXTF9 3-axis Accelerometer
05-23 14:47:38.560: I/SensorService(161): Ambient Light sensor
05-23 14:47:38.560: I/SensorService(161): AK8975 3-axis Magnetic field sensor
05-23 14:47:38.560: I/SensorService(161): AK8975 Orientation sensor
05-23 14:47:38.560: I/SensorService(161): BMP085 Pressure sensor
05-23 14:47:38.560: I/SensorService(161): L3G4200D Gyroscope sensor
05-23 14:47:38.560: I/sysproc(161): System server: starting Android runtime.
05-23 14:47:38.560: I/sysproc(161): System server: starting Android services.
05-23 14:47:38.560: D/SensorService(161): nuSensorService thread starting...
05-23 14:47:38.560: I/sysproc(161): System server: entering thread pool.
05-23 14:47:38.560: I/SystemServer(161): Entered the Android system server!
05-23 14:47:38.560: I/SystemServer(161): Entropy Service
05-23 14:47:38.620: I/SystemServer(161): Power Manager
05-23 14:47:38.620: I/SystemServer(161): Activity Manager
05-23 14:47:38.640: I/ActivityManager(161): Memory class: 48
05-23 14:47:38.740: D/dalvikvm(161): GC_CONCURRENT freed 286K, 6% free 6670K/7047K, paused 3ms+3ms
05-23 14:47:38.740: I/SystemServer(161): Telephony Registry
05-23 14:47:38.750: I/SystemServer(161): Package Manager
05-23 14:47:38.810: D/dalvikvm(161): GC_CONCURRENT freed 397K, 8% free 6735K/7303K, paused 3ms+2ms
05-23 14:47:38.980: D/dalvikvm(161): GC_CONCURRENT freed 312K, 6% free 6899K/7303K, paused 2ms+3ms
05-23 14:47:39.160: W/PackageParser(161): No actions in intent filter at /system/app/Bluetooth.apk Binary XML file line #125
05-23 14:47:39.240: D/dalvikvm(161): GC_CONCURRENT freed 241K, 5% free 7077K/7431K, paused 2ms+4ms
05-23 14:47:39.360: W/PackageParser(161): No actions in intent filter at /system/app/Contacts.apk Binary XML file line #525
05-23 14:47:39.380: I/PackageManager(161): Package com.silvertree.cordy at /system/app/Cordy.apk ignored: updated version 19 better than this 4
05-23 14:47:39.440: I/PackageManager(161): Package com.trendy.ddapp at /system/app/DungeonDefenders.apk ignored: updated version 71 better than this 10
05-23 14:47:39.510: I/PackageManager(161): Package com.android.vending at /system/app/Phonesky.apk ignored: updated version 8010004 better than this 8009012
05-23 14:47:39.570: D/dalvikvm(161): GC_CONCURRENT freed 179K, 4% free 7328K/7623K, paused 2ms+4ms
05-23 14:47:39.730: W/ResourceType(161): Failure getting entry for 0x7f02004b (t=1 e=75) in package 0 (error -75)
05-23 14:47:39.930: D/dalvikvm(161): GC_CONCURRENT freed 237K, 5% free 7531K/7879K, paused 5ms+4ms
05-23 14:47:40.160: D/dalvikvm(161): GC_CONCURRENT freed 208K, 5% free 7800K/8135K, paused 3ms+4ms
05-23 14:47:40.540: D/dalvikvm(161): GC_CONCURRENT freed 156K, 4% free 8108K/8391K, paused 6ms+3ms
05-23 14:47:40.740: W/ResourceType(161): Failure getting entry for 0x7f0c0017 (t=11 e=23) in package 0 (error -75)
05-23 14:47:40.760: D/PackageManager(161): No files in app dir /vendor/app
05-23 14:47:40.760: I/installd(93): new connection
05-23 14:47:40.760: I/Installer(161): connecting...
05-23 14:47:43.700: W/PackageParser(161): Unknown element under : support-screens at /data/app/com.android-1.apk Binary XML file line #7
05-23 14:47:52.520: D/dalvikvm(161): GC_CONCURRENT freed 260K, 5% free 8269K/8647K, paused 2ms+6ms
05-23 14:48:07.380: I/PackageManager(161): Time to scan packages: 28.314 seconds
05-23 14:48:07.380: W/PackageManager(161): Unknown permission android.permission.ADD_SYSTEM_SERVICE in package com.android.phone
05-23 14:48:07.380: W/PackageManager(161): Unknown permission com.android.smspush.WAPPUSH_MANAGER_BIND in package com.android.phone
05-23 14:48:07.380: W/PackageManager(161): Unknown permission com.google.android.apps.googlevoice.permission.AUTO_SEND in package com.google.android.voicesearch
05-23 14:48:07.390: W/PackageManager(161): Unknown permission com.android.vending.billing.IBillingAccountService.BIND2 in package com.google.android.gsf.login
05-23 14:48:07.390: W/PackageManager(161): Not granting permission com.android.email.permission.ACCESS_PROVIDER to package com.qo.android.moto (protectionLevel=2 flags=0x8fe45)
05-23 14:48:07.390: W/PackageManager(161): Not granting permission android.permission.SEND_DOWNLOAD_COMPLETED_INTENTS to package com.android.browser (protectionLevel=2 flags=0x9be45)
05-23 14:48:07.390: W/PackageManager(161): Not granting permission android.permission.DEVICE_POWER to package com.google.android.deskclock (protectionLevel=2 flags=0x8be45)
05-23 14:48:07.390: W/PackageManager(161): Unknown permission android.permission.READ_OWNER_DATA in package com.google.android.setupwizard
05-23 14:48:07.390: W/PackageManager(161): Unknown permission android.permission.WRITE_OWNER_DATA in package com.google.android.setupwizard
05-23 14:48:07.390: W/PackageManager(161): Not granting permission com.google.android.gm.permission.READ_GMAIL to package com.google.android.apps.uploader (protectionLevel=2 flags=0x8be45)
05-23 14:48:07.390: W/PackageManager(161): Unknown permission android.permission.READ_EXTERNAL_STORAGE in package com.android.vending
05-23 14:48:07.390: W/PackageManager(161): Not granting permission android.permission.SEND_DOWNLOAD_COMPLETED_INTENTS to package com.android.vending (protectionLevel=2 flags=0xabec5)
05-23 14:48:07.390: W/PackageManager(161): Not granting permission android.permission.STATUS_BAR to package com.android.vending (protectionLevel=3 flags=0xabec5)
05-23 14:48:07.390: W/PackageManager(161): Unknown permission android.webkit.permission.PLUGIN in package com.adobe.flashplayer
05-23 14:48:07.390: W/PackageManager(161): Not granting permission android.permission.ACCOUNT_MANAGER to package com.google.android.music (protectionLevel=2 flags=0x8be65)
05-23 14:48:07.390: W/PackageManager(161): Unknown permission com.android.providers.im.permission.READ_ONLY in package com.google.android.apps.maps
05-23 14:48:07.390: W/PackageManager(161): Unknown permission android.permission.ADD_SYSTEM_SERVICE in package com.pandora.android
05-23 14:48:07.400: W/PackageManager(161): Unknown permission android.permission.READ_EXTERNAL_STORAGE in package com.google.android.videoeditor
05-23 14:48:07.470: D/dalvikvm(161): GC_CONCURRENT freed 394K, 6% free 8382K/8903K, paused 2ms+4ms
05-23 14:48:07.860: D/dalvikvm(161): GC_EXPLICIT freed 181K, 8% free 8268K/8903K, paused 2ms+3ms
05-23 14:48:07.860: I/SystemServer(161): Account Manager
05-23 14:48:07.870: D/PackageManager(161): generateServicesMap(android.accounts.AccountAuthenticator): 3 services unchanged
05-23 14:48:07.890: I/SystemServer(161): Content Manager
05-23 14:48:08.020: D/PackageManager(161): generateServicesMap(android.content.SyncAdapter): 12 services unchanged
05-23 14:48:08.020: I/SystemServer(161): System Content Providers
05-23 14:48:08.030: I/ActivityThread(161): Pub settings: com.android.providers.settings.SettingsProvider
05-23 14:48:08.170: D/SettingsProvider(161): cache for settings table 'secure' rows=48; fullycached=true
05-23 14:48:08.170: D/SettingsProvider(161): cache for settings table 'system' rows=54; fullycached=true
05-23 14:48:08.240: D/dalvikvm(161): GC_CONCURRENT freed 269K, 5% free 8481K/8903K, paused 2ms+4ms
05-23 14:48:08.270: I/SystemServer(161): Lights Service
05-23 14:48:08.270: I/SystemServer(161): Battery Service
05-23 14:48:08.290: I/SystemServer(161): Vibrator Service
05-23 14:48:08.300: I/power(161): *** set_screen_state 1
05-23 14:48:08.300: D/AlarmManagerService(161): Kernel timezone updated to 420 minutes west of GMT
05-23 14:48:08.300: I/SystemServer(161): Alarm Manager
05-23 14:48:08.300: I/SystemServer(161): Init Watchdog
05-23 14:48:08.300: I/SystemServer(161): Window Manager
05-23 14:48:08.300: I/InputManager(161): Initializing input manager
05-23 14:48:08.310: W/StatusBarManager(161): warning: no STATUS_BAR_SERVICE
05-23 14:48:08.350: I/InputManager(161): Starting input manager
05-23 14:48:08.350: I/SystemServer(161): Bluetooth Service
05-23 14:48:08.360: I/BluetoothProfileState(161): Message:Entering Stable State
05-23 14:48:08.370: I/BluetoothProfileState(161): Message:Entering Stable State
05-23 14:48:08.370: I/BluetoothProfileState(161): Message:Entering Stable State
05-23 14:48:08.370: D/BluetoothAdapterStateMachine(161): PowerOff process message: 5
05-23 14:48:08.370: I/bluedroid(161): Starting hciattach daemon
05-23 14:48:08.370: I/bluedroid(161): bt_enable: ret: -1, errno: 19
05-23 14:48:08.370: I/SystemServer(161): Input Method Service
05-23 14:48:08.370: W/InputManagerService(161): Couldn't create dir.: /data/system/inputmethod
05-23 14:48:08.400: D/EventHub(161): No input device configuration file found for device 'stingray-keypad'.
05-23 14:48:08.420: I/EventHub(161): New device: id=1, fd=104, path='/dev/input/event7', name='stingray-keypad', classes=0x1, configuration='', keyLayout='/system/usr/keylayout/stingray-keypad.kl', keyCharacterMap='/system/usr/keychars/stingray-keypad.kcm', builtinKeyboard=false
05-23 14:48:08.450: D/dalvikvm(161): GC_CONCURRENT freed 413K, 7% free 8483K/9031K, paused 3ms+3ms
05-23 14:48:08.480: I/bluedroid(161): bt_enable: ret: -1, errno: 19
05-23 14:48:08.580: I/bluedroid(161): bt_enable: ret: -1, errno: 19
05-23 14:48:08.590: I/EventHub(161): New device: id=2, fd=119, path='/dev/input/event6', name='qtouch-touchscreen', classes=0x14, configuration='/system/usr/idc/qtouch-touchscreen.idc', keyLayout='', keyCharacterMap='', builtinKeyboard=false
05-23 14:48:08.610: I/SystemServer(161): Accessibility Manager
05-23 14:48:08.620: D/PermissionCache(88): checking android.permission.ACCESS_SURFACE_FLINGER for uid=1000 => granted (294 us)
05-23 14:48:08.620: I/ActivityManager(161): Config changed: {1.0 0mcc0mnc en_US layoutdir=0 sw800dp w1280dp h752dp xlrg land ?uimode ?night -touch -keyb/v/h -nav/h s.2}
05-23 14:48:08.620: I/SystemServer(161): Device Policy
05-23 14:48:08.620: I/SystemServer(161): Status Bar
05-23 14:48:08.620: I/SystemServer(161): Clipboard Service
05-23 14:48:08.620: I/SystemServer(161): NetworkManagement Service
05-23 14:48:08.630: D/EventHub(161): No input device configuration file found for device 'cpcap-key'.
05-23 14:48:08.630: I/EventHub(161): New device: id=3, fd=120, path='/dev/input/event5', name='cpcap-key', classes=0x1, configuration='', keyLayout='/system/usr/keylayout/cpcap-key.kl', keyCharacterMap='/system/usr/keychars/cpcap-key.kcm', builtinKeyboard=false
05-23 14:48:08.630: I/SystemServer(161): Text Service Manager Service
05-23 14:48:08.630: I/SystemServer(161): NetworkStats Service
05-23 14:48:08.630: I/SystemServer(161): NetworkPolicy Service
05-23 14:48:08.630: I/SystemServer(161): Wi-Fi P2pService
05-23 14:48:08.640: I/SystemServer(161): Wi-Fi Service
05-23 14:48:08.650: I/SystemServer(161): Connectivity Service
05-23 14:48:08.650: D/ConnectivityService(161): ConnectivityService starting up
05-23 14:48:08.660: D/EventHub(161): No input device configuration file found for device 'barometer'.
05-23 14:48:08.660: E/ConnectivityService(161): Ignoring protectedNetwork 10
05-23 14:48:08.660: E/ConnectivityService(161): Ignoring protectedNetwork 11
05-23 14:48:08.660: E/ConnectivityService(161): Ignoring protectedNetwork 12
05-23 14:48:08.660: D/NetworkManagementService(161): Registering observer
05-23 14:48:08.660: D/NetworkManagementService(161): Registering observer
05-23 14:48:08.660: I/WifiService(161): WifiService starting up with Wi-Fi enabled
05-23 14:48:08.670: D/SoftapController(85): Softap fwReload - Ok
05-23 14:48:08.670: D/CommandListener(85): Setting iface cfg
05-23 14:48:08.670: D/CommandListener(85): Trying to bring down wlan0
05-23 14:48:08.670: D/CommandListener(85): broadcast flag ignored
05-23 14:48:08.670: D/CommandListener(85): multicast flag ignored
05-23 14:48:08.670: D/NetworkManagementService(161): rsp <213 00:90:4c:11:22:33 0.0.0.0 0 [down broadcast multicast]>
05-23 14:48:08.670: D/NetworkManagementService(161): flags <[down broadcast multicast]>
05-23 14:48:08.670: I/SystemServer(161): Throttle Service
05-23 14:48:08.670: I/SystemServer(161): Mount Service
05-23 14:48:08.670: D/MountService(161): got storage path: /mnt/sdcard description: Internal Storage primary: true removable: false emulated: true mtpReserve: 100 allowMassStorage: false maxFileSize: 0
05-23 14:48:08.680: I/bluedroid(161): bt_enable: ret: -1, errno: 19
05-23 14:48:08.680: D/MountService(161): got storage path: /mnt/external1 description: SD Card primary: false removable: true emulated: false mtpReserve: 0 allowMassStorage: false maxFileSize: 4294967296
05-23 14:48:08.680: D/MountService(161): using emulated external storage
05-23 14:48:08.680: I/SystemServer(161): Notification Manager
05-23 14:48:08.680: D/VoldCmdListener(84): volume list
05-23 14:48:08.680: D/MountService(161): volume state changed for /mnt/external1 (null -> removed)
05-23 14:48:08.680: I/SystemServer(161): Device Storage Monitor
05-23 14:48:08.680: I/SystemServer(161): Location Manager
05-23 14:48:08.680: I/SystemServer(161): Country Detector
05-23 14:48:08.680: I/SystemServer(161): Search Service
05-23 14:48:08.690: I/SystemServer(161): DropBox Service
05-23 14:48:08.690: I/SystemServer(161): Wallpaper Service
05-23 14:48:08.690: I/SystemServer(161): Audio Service
05-23 14:48:08.700: I/AudioService(161): Remote Control registerMediaButtonIntent() for PendingIntent{411a9b50: PendingIntentRecord{41286fe8 android broadcastIntent}}
05-23 14:48:08.720: I/SystemServer(161): Dock Observer
05-23 14:48:08.720: I/SystemServer(161): Wired Accessory Observer
05-23 14:48:08.720: I/SystemServer(161): USB Service
05-23 14:48:08.730: D/EventHub(161): No input device configuration file found for device 'gyroscope'.
05-23 14:48:08.730: I/SystemServer(161): UI Mode Manager Service
05-23 14:48:08.740: I/SystemServer(161): Backup Service
05-23 14:48:08.750: V/BackupManagerService(161): Initializing package tracking
05-23 14:48:08.770: D/dalvikvm(161): GC_CONCURRENT freed 196K, 4% free 8759K/9095K, paused 2ms+5ms
05-23 14:48:08.780: I/bluedroid(161): bt_enable: ret: -1, errno: 19
05-23 14:48:08.780: V/BackupManagerService(161): addPackageParticipantsLocked: null
05-23 14:48:08.800: D/EventHub(161): No input device configuration file found for device 'max9635_als'.
05-23 14:48:08.860: I/BackupManagerService(161): New app android never backed up; scheduling
05-23 14:48:08.880: D/EventHub(161): No input device configuration file found for device 'accelerometer'.
05-23 14:48:08.880: I/bluedroid(161): bt_enable: ret: -1, errno: 19
05-23 14:48:08.900: I/BackupManagerService(161): New app com.android.browser never backed up; scheduling
05-23 14:48:08.910: I/BackupManagerService(161): New app com.android.providers.settings never backed up; scheduling
05-23 14:48:08.940: D/EventHub(161): No input device configuration file found for device 'compass'.
05-23 14:48:08.940: I/BackupManagerService(161): New app com.android.providers.userdictionary never backed up; scheduling
05-23 14:48:08.950: I/BackupManagerService(161): New app com.android.sharedstoragebackup never backed up; scheduling
05-23 14:48:08.960: I/BackupManagerService(161): New app com.android.vending never backed up; scheduling
05-23 14:48:08.970: I/BackupManagerService(161): New app com.google.android.calendar never backed up; scheduling
05-23 14:48:08.980: I/InputReader(161): Device added: id=3, name='cpcap-key', sources=0x00000101
05-23 14:48:08.980: I/InputReader(161): Touch device 'qtouch-touchscreen' could not query the properties of its associated display 0. The device will be inoperable until the display size becomes available.
05-23 14:48:08.980: I/InputReader(161): Device added: id=2, name='qtouch-touchscreen', sources=0x00001002
05-23 14:48:08.980: I/InputReader(161): Device added: id=1, name='stingray-keypad', sources=0x00000101
05-23 14:48:08.980: I/InputReader(161): Reconfiguring input devices. changes=0x00000004
05-23 14:48:08.980: I/InputReader(161): Device reconfigured: id=2, name='qtouch-touchscreen', surface size is now 1280x800, mode is 1
05-23 14:48:08.980: I/bluedroid(161): bt_enable: ret: -1, errno: 19
05-23 14:48:08.980: I/ActivityManager(161): Config changed: {1.0 0mcc0mnc en_US layoutdir=0 sw800dp w1280dp h752dp xlrg land ?uimode ?night finger -keyb/v/h -nav/h s.3}
05-23 14:48:08.980: I/BackupManagerService(161): New app com.google.android.gm never backed up; scheduling
05-23 14:48:08.990: I/wpa_supplicant(228): rfkill: Cannot open RFKILL control device
05-23 14:48:08.990: I/BackupManagerService(161): New app com.google.android.inputmethod.latin never backed up; scheduling
05-23 14:48:09.000: V/BackupManagerService(161): Registering transport android/com.android.internal.backup.LocalTransport = com.android.internal.backup.LocalTransport@41304c20
05-23 14:48:09.010: V/BackupManagerService(161): Starting with transport com.google.android.backup/.BackupTransportService
05-23 14:48:09.010: V/BackupManagerService(161): Binding to Google transport
05-23 14:48:09.010: I/BackupManagerService(161): Found stale backup journal, scheduling
05-23 14:48:09.010: I/BackupManagerService(161): android
05-23 14:48:09.010: I/BackupManagerService(161): com.android.browser
05-23 14:48:09.010: I/BackupManagerService(161): com.android.providers.settings
05-23 14:48:09.010: I/BackupManagerService(161): com.android.providers.userdictionary
05-23 14:48:09.010: I/BackupManagerService(161): com.android.sharedstoragebackup
05-23 14:48:09.010: I/BackupManagerService(161): com.android.vending
05-23 14:48:09.010: I/BackupManagerService(161): com.google.android.calendar
05-23 14:48:09.010: I/BackupManagerService(161): com.google.android.gm
05-23 14:48:09.010: I/BackupManagerService(161): com.google.android.inputmethod.latin
05-23 14:48:09.010: I/BackupManagerService(161): Backup enabled => false
05-23 14:48:09.010: I/BackupManagerService(161): Opting out of backup
05-23 14:48:09.010: I/SystemServer(161): AppWidget Service
05-23 14:48:09.020: I/SystemServer(161): Recognition Service
05-23 14:48:09.020: I/SystemServer(161): DiskStats Service
05-23 14:48:09.020: I/SystemServer(161): SamplingProfiler Service
05-23 14:48:09.020: I/SystemServer(161): NetworkTimeUpdateService
05-23 14:48:09.030: I/WindowManager(161): SAFE MODE not enabled
05-23 14:48:09.030: D/dalvikvm(161): JIT started for system_server
05-23 14:48:09.050: D/PowerManagerService(161): system ready!
05-23 14:48:09.050: I/ActivityManager(161): System now ready
05-23 14:48:09.060: I/Zygote(161): Process: zygote socket opened
05-23 14:48:09.060: I/SystemServer(161): Making services ready
05-23 14:48:09.060: D/SystemServer(161): Starting service: Intent { cmp=com.android.systemui/.SystemUIService }
05-23 14:48:09.070: V/TransportControlView(161): Create TCV com.android.internal.widget.TransportControlView@41319230
05-23 14:48:09.080: I/bluedroid(161): bt_enable: ret: -1, errno: 19
05-23 14:48:09.150: D/dalvikvm(161): GC_CONCURRENT freed 356K, 5% free 8977K/9415K, paused 4ms+5ms
05-23 14:48:09.150: I/ActivityManager(161): Start proc com.android.systemui for service com.android.systemui/.SystemUIService: pid=238 uid=1000 gids={3003, 1015, 3002, 3001, 3007}
05-23 14:48:09.150: D/NetworkManagementService(161): enabling bandwidth control
05-23 14:48:09.180: I/bluedroid(161): bt_enable: ret: -1, errno: 19
05-23 14:48:09.280: I/bluedroid(161): bt_enable: ret: -1, errno: 19
05-23 14:48:09.280: D/SystemUIService(238): loading: class com.android.systemui.statusbar.tablet.TabletStatusBar
05-23 14:48:09.280: D/SystemUIService(238): running: com.android.systemui.statusbar.tablet.TabletStatusBar@4109c9b8
05-23 14:48:09.310: I/ActivityManager(161): Start proc com.google.android.gsf.login for service com.google.android.gsf.login/com.google.android.gsf.loginservice.GoogleLoginService: pid=257 uid=10015 gids={3003, 1015, 1007, 2001, 3006}
05-23 14:48:09.310: I/StatusBar.HeightReceiver(238): Resizing status bar plugged=false height=48 old=0
05-23 14:48:09.350: D/libEGL(161): loaded /system/lib/egl/libGLES_android.so
05-23 14:48:09.360: D/libEGL(161): loaded /system/lib/egl/libEGL_tegra.so
05-23 14:48:09.380: I/bluedroid(161): bt_enable: ret: -1, errno: 19
05-23 14:48:09.400: D/libEGL(161): loaded /system/lib/egl/libGLESv1_CM_tegra.so
05-23 14:48:09.410: D/libEGL(161): loaded /system/lib/egl/libGLESv2_tegra.so
05-23 14:48:09.470: D/OpenGLRenderer(161): Enabling debug mode 0
05-23 14:48:09.480: I/bluedroid(161): bt_enable: ret: -1, errno: 19
05-23 14:48:09.490: D/dalvikvm(238): GC_CONCURRENT freed 97K, 4% free 6771K/6983K, paused 2ms+3ms
05-23 14:48:09.510: I/ActivityManager(161): Start proc com.google.process.gapps for content provider com.google.android.gsf/.gservices.GservicesProvider: pid=284 uid=10015 gids={3003, 1015, 1007, 2001, 3006}
05-23 14:48:09.580: I/bluedroid(161): bt_enable: ret: -1, errno: 19
05-23 14:48:09.630: I/ActivityThread(284): Pub com.google.settings: com.google.android.gsf.settings.GoogleSettingsProvider
05-23 14:48:09.680: I/bluedroid(161): bt_enable: ret: -1, errno: 19
05-23 14:48:09.680: I/ActivityThread(284): Pub subscribedfeeds: com.google.android.gsf.subscribedfeeds.SubscribedFeedsProvider
05-23 14:48:09.690: D/NetworkManagementService(161): Registering observer
05-23 14:48:09.720: D/dalvikvm(238): GC_CONCURRENT freed 31K, 2% free 7171K/7303K, paused 3ms+19ms
05-23 14:48:09.720: D/NetworkManagementService(161): Registering observer
05-23 14:48:09.730: I/ActivityManager(161): Config changed: {1.0 0mcc0mnc en_US layoutdir=0 sw800dp w1280dp h752dp xlrg land finger -keyb/v/h -nav/h s.4}
05-23 14:48:09.740: I/ActivityThread(284): Pub com.google.contacts.gal.provider: com.google.android.syncadapters.contacts.GalProvider
05-23 14:48:09.740: D/lights(161): set_notification_light colorRGB=00FFFFFF, onMS=7, offMS=0
05-23 14:48:09.780: I/bluedroid(161): bt_enable: ret: -1, errno: 19
05-23 14:48:09.780: I/ActivityThread(284): Pub com.google.android.gsf.gservices: com.google.android.gsf.gservices.GservicesProvider
05-23 14:48:09.800: I/GservicesProvider(284): Gservices pushing to system: true; secure: true
05-23 14:48:09.800: I/ActivityThread(284): Pub com.google.android.providers.talk: com.google.android.gsf.talk.TalkProvider
05-23 14:48:09.840: W/ResourceType(238): No package identifier when getting value for resource number 0x00000000
05-23 14:48:09.840: W/PackageManager(238): Failure retrieving resources forcom.google.android.voicesearch: Resource ID #0x0
05-23 14:48:09.860: I/ActivityManager(161): Start proc android.process.media for broadcast com.android.providers.media/.UsbReceiver: pid=315 uid=10018 gids={1015, 1023, 1024, 2001, 3003, 3007}
05-23 14:48:09.880: I/bluedroid(161): bt_enable: ret: -1, errno: 19
05-23 14:48:09.880: W/InputManagerService(161): Ignoring setImeWindowStatus of uid 1000 token: null
05-23 14:48:09.910: D/dalvikvm(161): GC_CONCURRENT freed 244K, 4% free 9399K/9735K, paused 3ms+6ms
05-23 14:48:09.920: D/SyncManager(161): setSyncAutomatically: , provider subscribedfeeds -> true
05-23 14:48:09.920: D/SyncManager(161): setSyncAutomatically: already set to true, doing nothing
05-23 14:48:09.920: D/SyncManager(161): setSyncAutomatically: , provider subscribedfeeds -> true
05-23 14:48:09.920: D/SyncManager(161): setSyncAutomatically: already set to true, doing nothing
05-23 14:48:09.940: I/ActivityManager(161): Start proc com.google.android.inputmethod.latin for service com.google.android.inputmethod.latin/com.android.inputmethod.latin.LatinIME: pid=326 uid=10024 gids={}
05-23 14:48:09.950: I/StatusBarManagerService(161): registerStatusBar bar=com.android.internal.statusbar.IStatusBar$Stub$Proxy@4120e6e8
05-23 14:48:09.950: I/TabletStatusBar(238): DISABLE_CLOCK: yes
05-23 14:48:09.980: I/bluedroid(161): bt_enable: ret: -1, errno: 19
05-23 14:48:09.980: I/ActivityThread(315): Pub media: com.android.providers.media.MediaProvider
05-23 14:48:09.980: D/NetworkManagementService(161): Registering observer
05-23 14:48:10.010: W/ThrottleService(161): unable to find stats for iface rmnet0
05-23 14:48:10.020: I/ActivityManager(161): Start proc com.android.phone for added application com.android.phone: pid=348 uid=1001 gids={3002, 3001, 3003, 1015}
05-23 14:48:10.030: I/ActivityManager(161): START {act=android.intent.action.MAIN cat=[android.intent.category.HOME] flg=0x10000000 cmp=com.android.launcher/com.android.launcher2.Launcher} from pid 0
05-23 14:48:10.080: D/dalvikvm(238): GC_CONCURRENT freed 61K, 3% free 7558K/7751K, paused 2ms+4ms
05-23 14:48:10.080: I/bluedroid(161): bt_enable: ret: -1, errno: 19
05-23 14:48:10.080: I/ActivityManager(161): Start proc com.android.launcher for activity com.android.launcher/com.android.launcher2.Launcher: pid=360 uid=10022 gids={}
05-23 14:48:10.180: I/bluedroid(161): bt_enable: ret: -1, errno: 19
05-23 14:48:10.200: D/SystemUIService(238): loading: class com.android.systemui.power.PowerUI
05-23 14:48:10.200: D/SystemUIService(238): running: com.android.systemui.power.PowerUI@41169bb8
05-23 14:48:10.200: I/StatusBar.HeightReceiver(238): Resizing status bar plugged=false height=48 old=48
05-23 14:48:10.220: D/WifiService(161): New client listening to asynchronous messages
05-23 14:48:10.240: E/WifiConfigStore(161): Missing id while parsing configuration
05-23 14:48:10.250: I/ActivityThread(348): Pub telephony: com.android.providers.telephony.TelephonyProvider
05-23 14:48:10.250: D/dalvikvm(326): GC_CONCURRENT freed 217K, 5% free 6695K/6983K, paused 2ms+3ms
05-23 14:48:10.280: I/bluedroid(161): bt_enable: ret: -1, errno: 19
05-23 14:48:10.290: I/ActivityManager(161): Start proc com.google.android.inputmethod.latin.dictionarypack for content provider com.google.android.inputmethod.latin.dictionarypack/.DictionaryProvider: pid=392 uid=10055 gids={3003, 1015}
05-23 14:48:10.320: E/brcm_patchram_plus(208): Done setting line discpline
05-23 14:48:10.330: W/TelephonyProvider(348): onCreate: confFile=/system/etc/apns-conf.xml oldCheckSum=-1
05-23 14:48:10.340: I/ActivityThread(348): Pub icc: com.android.phone.IccProvider
05-23 14:48:10.340: I/ActivityThread(348): Pub mms: com.android.providers.telephony.MmsProvider
05-23 14:48:10.340: I/ActivityThread(360): Pub com.android.launcher2.settings: com.android.launcher2.LauncherProvider
05-23 14:48:10.350: D/NetworkLocationService(284): onCreate com.google.android.location.NetworkLocationService@410bd4c0
05-23 14:48:10.350: I/ActivityThread(348): Pub sms: com.android.providers.telephony.SmsProvider
05-23 14:48:10.350: I/ActivityThread(348): Pub mms-sms: com.android.providers.telephony.MmsSmsProvider
05-23 14:48:10.360: I/ActivityManager(161): Start proc android.process.acore for content provider com.android.providers.userdictionary/.UserDictionaryProvider: pid=407 uid=10006 gids={3003, 1015}
05-23 14:48:10.380: I/bluedroid(161): bt_enable: ret: -1, errno: 114
05-23 14:48:10.380: W/bluedroid(161): Bluetoothd already started, unexpectedly!
05-23 14:48:10.380: I/bluedroid(161): Starting bluetoothd deamon
05-23 14:48:10.380: E/BluetoothEventLoop.cpp(161): get_adapter_path: D-Bus error: org.freedesktop.DBus.Error.ServiceUnknown (The name org.bluez was not provided by any .service files)
05-23 14:48:10.390: E/BluetoothEventLoop.cpp(161): get_adapter_path: D-Bus error: org.freedesktop.DBus.Error.ServiceUnknown (The name org.bluez was not provided by any .service files)
05-23 14:48:10.400: D/NetworkLocationClient(284): ANDROID minProtocolVersion 1 maxProtocolVersion 1 releaseVersion -1
05-23 14:48:10.400: D/NetworkLocationClient(284): binding to Intent { act=com.google.android.location.internal.ANDROID_NLP }
05-23 14:48:10.410: E/BluetoothEventLoop.cpp(161): get_adapter_path: D-Bus error: org.freedesktop.DBus.Error.ServiceUnknown (The name org.bluez was not provided by any .service files)
05-23 14:48:10.420: E/BluetoothEventLoop.cpp(161): get_adapter_path: D-Bus error: org.freedesktop.DBus.Error.ServiceUnknown (The name org.bluez was not provided by any .service files)
05-23 14:48:10.430: E/BluetoothEventLoop.cpp(161): get_adapter_path: D-Bus error: org.freedesktop.DBus.Error.ServiceUnknown (The name org.bluez was not provided by any .service files)
05-23 14:48:10.440: D/dalvikvm(89): GC_EXPLICIT freed 35K, 5% free 6469K/6787K, paused 6ms+6ms
05-23 14:48:10.440: E/BluetoothEventLoop.cpp(161): get_adapter_path: D-Bus error: org.freedesktop.DBus.Error.ServiceUnknown (The name org.bluez was not provided by any .service files)
05-23 14:48:10.450: I/ActivityThread(392): Pub com.android.inputmethod.latin.dictionarypack: com.google.android.inputmethod.latin.dictionarypack.DictionaryProvider
05-23 14:48:10.460: E/BluetoothEventLoop.cpp(161): get_adapter_path: D-Bus error: org.freedesktop.DBus.Error.ServiceUnknown (The name org.bluez was not provided by any .service files)
05-23 14:48:10.460: I/StatusBar.HeightReceiver(238): Resizing status bar plugged=false height=48 old=48
05-23 14:48:10.470: D/GpsLocationProvider(161): set_capabilities_callback: 2
05-23 14:48:10.470: D/dalvikvm(89): GC_EXPLICIT freed <1K, 5% free 6469K/6787K, paused 3ms+2ms
05-23 14:48:10.470: E/BluetoothEventLoop.cpp(161): get_adapter_path: D-Bus error: org.freedesktop.DBus.Error.ServiceUnknown (The name org.bluez was not provided by any .service files)
05-23 14:48:10.490: E/BluetoothEventLoop.cpp(161): get_adapter_path: D-Bus error: org.freedesktop.DBus.Error.ServiceUnknown (The name org.bluez was not provided by any .service files)
05-23 14:48:10.500: E/BluetoothEventLoop.cpp(161): get_adapter_path: D-Bus error: org.freedesktop.DBus.Error.ServiceUnknown (The name org.bluez was not provided by any .service files)
05-23 14:48:10.520: E/BluetoothEventLoop.cpp(161): get_adapter_path: D-Bus error: org.freedesktop.DBus.Error.ServiceUnknown (The name org.bluez was not provided by any .service files)
05-23 14:48:10.520: I/ActivityThread(407): Pub com.android.voicemail: com.android.providers.contacts.VoicemailContentProvider
05-23 14:48:10.530: E/BluetoothEventLoop.cpp(161): get_adapter_path: D-Bus error: org.freedesktop.DBus.Error.ServiceUnknown (The name org.bluez was not provided by any .service files)
05-23 14:48:10.540: E/BluetoothEventLoop.cpp(161): get_adapter_path: D-Bus error: org.freedesktop.DBus.Error.ServiceUnknown (The name org.bluez was not provided by any .service files)
05-23 14:48:10.550: E/BluetoothEventLoop.cpp(161): get_adapter_path: D-Bus error: org.freedesktop.DBus.Error.ServiceUnknown (The name org.bluez was not provided by any .service files)
05-23 14:48:10.550: W/ActivityManager(161): Unable to start service Intent { act=com.android.internal.telephony.IWapPushManager }: not found
05-23 14:48:10.570: E/BluetoothEventLoop.cpp(161): get_adapter_path: D-Bus error: org.freedesktop.DBus.Error.ServiceUnknown (The name org.bluez was not provided by any .service files)
05-23 14:48:10.570: D/dalvikvm(89): GC_EXPLICIT freed <1K, 5% free 6469K/6787K, paused 1ms+2ms
05-23 14:48:10.580: E/BluetoothEventLoop.cpp(161): get_adapter_path: D-Bus error: org.freedesktop.DBus.Error.ServiceUnknown (The name org.bluez was not provided by any .service files)
05-23 14:48:10.590: E/BluetoothEventLoop.cpp(161): get_adapter_path: D-Bus error: org.freedesktop.DBus.Error.ServiceUnknown (The name org.bluez was not provided by any .service files)
05-23 14:48:10.600: D/NetworkLocationService(284): onBind com.google.android.location.NetworkLocationProvidercom.google.android.location.NetworkLocationService@410bd4c0
05-23 14:48:10.600: D/NetworkLocationService(284): onBind com.google.android.location.GeocodeProvidercom.google.android.location.NetworkLocationService@410bd4c0
05-23 14:48:10.600: E/BluetoothEventLoop.cpp(161): get_adapter_path: D-Bus error: org.freedesktop.DBus.Error.ServiceUnknown (The name org.bluez was not provided by any .service files)
05-23 14:48:10.620: E/BluetoothEventLoop.cpp(161): get_adapter_path: D-Bus error: org.freedesktop.DBus.Error.ServiceUnknown (The name org.bluez was not provided by any .service files)
05-23 14:48:10.630: E/BluetoothEventLoop.cpp(161): get_adapter_path: D-Bus error: org.freedesktop.DBus.Error.ServiceUnknown (The name org.bluez was not provided by any .service files)
05-23 14:48:10.640: D/dalvikvm(284): GC_CONCURRENT freed 219K, 5% free 6660K/6983K, paused 2ms+3ms
05-23 14:48:10.660: D/CAT(348): CatService: Is running
05-23 14:48:10.660: D/CAT(348): CatService: NEW sInstance
05-23 14:48:10.660: D/androidInternalNlpService(284): onCreate com.google.android.location.internal.server.NetworkLocationService@410d9d80
05-23 14:48:10.660: D/CallManager(348): registerPhone(CDMA Handler (com.android.internal.telephony.PhoneProxy) {410ab238})
05-23 14:48:10.680: D/NetworkLocationRealOs(284): NLPv2 file already exists; ignoring any NLPv1 files
05-23 14:48:10.690: D/androidNlpServiceThread(284): ANDROID minProtocolVersion 1 maxProtocolVersion 1 releaseVersion -1
05-23 14:48:10.700: D/Bluetooth HS/HF(348): CDMA call state: IDLE prev state:IDLE
05-23 14:48:10.700: I/ActivityThread(407): Pub user_dictionary: com.android.providers.userdictionary.UserDictionaryProvider
05-23 14:48:10.710: I/ActivityThread(407): Pub com.android.social: com.android.providers.contacts.SocialProvider
05-23 14:48:10.710: I/ActivityThread(407): Pub applications: com.android.providers.applications.ApplicationsProvider
05-23 14:48:10.720: D/NetworkLocationClient(284): onServiceConnected to ComponentInfo{com.google.android.location/com.google.android.location.internal.server.NetworkLocationService}
