05-23 14:51:18.790: I/ActivityManager(161): Start proc com.google.android.apps.maps for broadcast com.google.android.apps.maps/com.google.android.location.internal.NlpPackageUpdateReceiver: pid=1103 uid=10020 gids={3003, 1015}
05-23 14:51:18.800: I/dalvikvm(1103): Turning on JNI app bug workarounds for target SDK version 13...
05-23 14:51:18.840: D/dalvikvm(161): GC_EXPLICIT freed 615K, 6% free 10645K/11271K, paused 3ms+9ms
05-23 14:51:18.840: D/AndroidRuntime(1066): Shutting down VM
05-23 14:51:18.850: D/dalvikvm(1066): GC_CONCURRENT freed 97K, 83% free 451K/2560K, paused 0ms+0ms
05-23 14:51:18.850: I/AndroidRuntime(1066): NOTE: attach of thread 'Binder Thread #3' failed
05-23 14:51:18.910: D/dalvikvm(1103): GC_CONCURRENT freed 156K, 4% free 6817K/7047K, paused 2ms+3ms
05-23 14:51:18.950: I/ActivityThread(1103): Pub com.google.android.maps.LayerInfoProvider: com.google.googlenav.layer.LayerInfoProvider
05-23 14:51:18.960: I/ActivityThread(1103): Pub com.google.android.maps.TrafficAppWidgetProvider: com.google.googlenav.appwidget.traffic.TrafficAppWidgetProvider
05-23 14:51:18.960: I/ActivityThread(1103): Pub com.google.android.maps.SuggestionProvider: com.google.googlenav.suggest.android.SuggestProvider
05-23 14:51:18.970: I/ActivityThread(1103): Pub com.google.android.maps.LocalActivePlacesProvider: com.google.googlenav.provider.LocalActivePlacesProvider
05-23 14:51:18.970: I/ActivityThread(1103): Pub com.google.android.maps.StarredItemProvider: com.google.googlenav.provider.StarredItemProvider
05-23 14:51:19.030: D/dalvikvm(1103): GC_CONCURRENT freed 144K, 3% free 7214K/7431K, paused 2ms+3ms
05-23 14:51:19.120: I/ActivityThread(1103): Pub com.google.android.maps.LocalSuggestionProvider: com.google.googlenav.provider.LocalSuggestionProvider
05-23 14:51:19.120: I/ActivityThread(1103): Pub com.google.android.maps.SearchHistoryProvider: com.google.googlenav.provider.SearchHistoryProvider
05-23 14:51:19.120: I/ActivityThread(1103): Pub com.google.android.maps.NavigationAvailabilityProvider: com.google.googlenav.provider.NavigationAvailabilityProvider
05-23 14:51:19.150: I/ActivityManager(161): Start proc com.android.musicfx for broadcast com.android.musicfx/.Compatibility$Receiver: pid=1121 uid=10056 gids={3003, 3002}
05-23 14:51:19.150: I/ActivityManager(161): No longer want com.google.android.deskclock (pid 571): hidden #16
05-23 14:51:19.680: D/dalvikvm(996): GC_CONCURRENT freed 339K, 7% free 6848K/7303K, paused 7ms+3ms
05-23 14:51:20.760: I/ActivityManager(161): Start proc com.android.vending for broadcast com.android.vending/com.google.android.finsky.receivers.PersistentPackageMonitorReceiver: pid=1134 uid=10005 gids={3003, 1015}
05-23 14:51:20.790: I/ActivityManager(161): No longer want com.google.android.apps.maps:FriendService (pid 668): hidden #16
05-23 14:51:20.880: I/ActivityThread(1134): Pub com.google.android.finsky.RecentSuggestionsProvider: com.google.android.finsky.providers.RecentSuggestionsProvider
05-23 14:51:21.000: D/dalvikvm(1134): GC_CONCURRENT freed 202K, 4% free 6772K/7047K, paused 3ms+3ms
05-23 14:51:21.090: D/Finsky(1134): [1] SanityChecker.run: # LocalAssets corrected : 0
05-23 14:51:21.090: D/Finsky(1134): Sanity check took : 26 ms
05-23 14:51:21.090: D/Finsky(1134): [145] DownloadRecords.initializeAndPrune: Pruned 0 old downloads from the cursor.
05-23 14:51:21.110: I/ActivityManager(161): Start proc com.google.android.googlequicksearchbox for broadcast com.google.android.googlequicksearchbox/.SourceUpdateReceiver: pid=1162 uid=10027 gids={3003}
05-23 14:51:21.120: I/ActivityManager(161): No longer want com.google.android.gm (pid 616): hidden #16
05-23 14:51:21.170: I/ActivityThread(1162): Pub com.google.android.googlequicksearchbox.shortcuts: com.google.android.googlequicksearchbox.WebHistoryProvider
05-23 14:51:21.170: I/ActivityThread(1162): Pub com.google.android.googlequicksearchbox.google: com.google.android.googlequicksearchbox.google.GoogleSuggestionProvider
05-23 14:51:21.190: I/ActivityManager(161): No longer want com.google.android.apps.uploader (pid 824): hidden #16
05-23 14:51:21.230: D/dalvikvm(284): GC_CONCURRENT freed 327K, 6% free 7288K/7751K, paused 2ms+4ms
05-23 14:51:23.940: I/ActivityManager(161): No longer want com.google.android.apps.maps:LocationFriendService (pid 902): hidden #16
05-23 14:51:26.800: D/OpenGLRenderer(161): Flushing caches (mode 0)
05-23 14:51:26.830: I/ActivityManager(161): Displayed com.android.launcher/com.android.launcher2.Launcher: +3m16s804ms
05-23 14:51:26.840: I/TabletStatusBar(238): DISABLE_CLOCK: no
05-23 14:51:29.610: E/AirMail(786): Error posting to amcp-log
05-23 14:51:29.610: E/AirMail(786): org.apache.http.conn.HttpHostConnectException: Connection to http://amcp-log.urbanairship.com refused
05-23 14:51:29.610: E/AirMail(786): at org.apache.http.impl.conn.DefaultClientConnectionOperator.openConnection(DefaultClientConnectionOperator.java:183)
05-23 14:51:29.610: E/AirMail(786): at org.apache.http.impl.conn.AbstractPoolEntry.open(AbstractPoolEntry.java:164)
05-23 14:51:29.610: E/AirMail(786): at org.apache.http.impl.conn.AbstractPooledConnAdapter.open(AbstractPooledConnAdapter.java:119)
05-23 14:51:29.610: E/AirMail(786): at org.apache.http.impl.client.DefaultRequestDirector.execute(DefaultRequestDirector.java:360)
05-23 14:51:29.610: E/AirMail(786): at org.apache.http.impl.client.AbstractHttpClient.execute(AbstractHttpClient.java:555)
05-23 14:51:29.610: E/AirMail(786): at org.apache.http.impl.client.AbstractHttpClient.execute(AbstractHttpClient.java:487)
05-23 14:51:29.610: E/AirMail(786): at org.apache.http.impl.client.AbstractHttpClient.execute(AbstractHttpClient.java:465)
05-23 14:51:29.610: E/AirMail(786): at com.urbanairship.restclient.PostInputStream.execute(PostInputStream.java:19)
05-23 14:51:29.610: E/AirMail(786): at com.urbanairship.ExceptionHandler.pushLog(ExceptionHandler.java:123)
05-23 14:51:29.610: E/AirMail(786): at com.urbanairship.airmail.CoreReceiver$1.run(CoreReceiver.java:42)
05-23 14:51:29.610: E/AirMail(786): Caused by: java.net.ConnectException: failed to connect to /173.255.226.173 (port 80): connect failed: ETIMEDOUT (Connection timed out)
05-23 14:51:29.610: E/AirMail(786): at libcore.io.IoBridge.connect(IoBridge.java:114)
05-23 14:51:29.610: E/AirMail(786): at java.net.PlainSocketImpl.connect(PlainSocketImpl.java:192)
05-23 14:51:29.610: E/AirMail(786): at java.net.PlainSocketImpl.connect(PlainSocketImpl.java:459)
05-23 14:51:29.610: E/AirMail(786): at java.net.Socket.connect(Socket.java:842)
05-23 14:51:29.610: E/AirMail(786): at org.apache.http.conn.scheme.PlainSocketFactory.connectSocket(PlainSocketFactory.java:119)
05-23 14:51:29.610: E/AirMail(786): at org.apache.http.impl.conn.DefaultClientConnectionOperator.openConnection(DefaultClientConnectionOperator.java:144)
05-23 14:51:29.610: E/AirMail(786): ... 9 more
05-23 14:51:29.610: E/AirMail(786): Caused by: libcore.io.ErrnoException: connect failed: ETIMEDOUT (Connection timed out)
05-23 14:51:29.610: E/AirMail(786): at libcore.io.Posix.connect(Native Method)
05-23 14:51:29.610: E/AirMail(786): at libcore.io.BlockGuardOs.connect(BlockGuardOs.java:85)
05-23 14:51:29.610: E/AirMail(786): at libcore.io.IoBridge.connectErrno(IoBridge.java:127)
05-23 14:51:29.610: E/AirMail(786): at libcore.io.IoBridge.connect(IoBridge.java:112)
05-23 14:51:29.610: E/AirMail(786): ... 14 more
05-23 14:51:29.810: D/dalvikvm(360): GC_FOR_ALLOC freed 528K, 5% free 12173K/12807K, paused 27ms
05-23 14:51:29.920: D/dalvikvm(360): GC_FOR_ALLOC freed 1039K, 10% free 12793K/14151K, paused 26ms
05-23 14:51:30.060: D/dalvikvm(360): GC_FOR_ALLOC freed 157K, 10% free 12788K/14151K, paused 29ms
05-23 14:51:30.060: I/dalvikvm-heap(360): Grow heap (frag case) to 13.782MB for 1286224-byte allocation
05-23 14:51:30.090: D/dalvikvm(360): GC_FOR_ALLOC freed 1K, 10% free 14043K/15431K, paused 32ms
05-23 14:51:30.150: D/dalvikvm(360): GC_FOR_ALLOC freed 1511K, 15% free 13212K/15431K, paused 28ms
05-23 14:51:30.230: D/dalvikvm(360): GC_FOR_ALLOC freed 1566K, 13% free 13483K/15431K, paused 25ms
05-23 14:51:30.940: I/ActivityManager(161): START {act=android.intent.action.MAIN cat=[android.intent.category.LAUNCHER] flg=0x10200000 cmp=com.android.settings/.Settings} from pid 360
05-23 14:51:30.950: D/PermissionCache(88): checking android.permission.READ_FRAME_BUFFER for uid=1000 => granted (313 us)
05-23 14:51:31.030: I/ActivityManager(161): Start proc com.android.settings for activity com.android.settings/.Settings: pid=1183 uid=1000 gids={3003, 1015, 3002, 3001, 3007}
05-23 14:51:31.070: D/OpenGLRenderer(360): Flushing caches (mode 1)
05-23 14:51:31.130: D/OpenGLRenderer(360): Flushing caches (mode 0)
05-23 14:51:31.150: W/System.err(1183): Removed 2131231170
05-23 14:51:31.150: W/System.err(1183): Removed 2131231177
05-23 14:51:31.190: D/LocalBluetoothProfileManager(1183): LocalBluetoothProfileManager construction complete
05-23 14:51:31.220: D/dalvikvm(1183): GC_CONCURRENT freed 171K, 4% free 6798K/7047K, paused 3ms+4ms
05-23 14:51:31.320: D/libEGL(1183): loaded /system/lib/egl/libGLES_android.so
05-23 14:51:31.330: D/libEGL(1183): loaded /system/lib/egl/libEGL_tegra.so
05-23 14:51:31.340: D/libEGL(1183): loaded /system/lib/egl/libGLESv1_CM_tegra.so
05-23 14:51:31.350: D/libEGL(1183): loaded /system/lib/egl/libGLESv2_tegra.so
05-23 14:51:31.370: D/OpenGLRenderer(1183): Enabling debug mode 0
05-23 14:51:31.430: W/InputManagerService(161): Starting input on non-focused client com.android.internal.view.IInputMethodClient$Stub$Proxy@412e10f8 (uid=10022 pid=360)
05-23 14:51:31.510: D/dalvikvm(1183): GC_CONCURRENT freed 161K, 4% free 7143K/7431K, paused 2ms+5ms
05-23 14:51:31.800: I/ActivityManager(161): Displayed com.android.settings/.Settings: +811ms
05-23 14:51:34.130: D/dalvikvm(1183): GC_CONCURRENT freed 274K, 6% free 7288K/7687K, paused 2ms+4ms
05-23 14:51:50.840: W/InputManagerService(161): Starting input on non-focused client com.android.internal.view.IInputMethodClient$Stub$Proxy@414950d0 (uid=1000 pid=1183)
05-23 14:51:50.890: D/dalvikvm(360): GC_FOR_ALLOC freed 2617K, 20% free 12396K/15431K, paused 37ms
05-23 14:51:51.080: D/dalvikvm(360): GC_FOR_ALLOC freed 930K, 17% free 12812K/15431K, paused 42ms
05-23 14:51:51.080: I/dalvikvm-heap(360): Grow heap (frag case) to 13.805MB for 1286224-byte allocation
05-23 14:51:51.120: D/dalvikvm(360): GC_FOR_ALLOC freed 3K, 16% free 14065K/16711K, paused 32ms
05-23 14:51:51.180: D/dalvikvm(360): GC_FOR_ALLOC freed 1282K, 23% free 12951K/16711K, paused 31ms
05-23 14:51:51.200: D/OpenGLRenderer(1183): Flushing caches (mode 0)
05-23 14:51:51.320: D/dalvikvm(360): GC_FOR_ALLOC freed 1529K, 21% free 13318K/16711K, paused 36ms
05-23 14:51:51.720: I/ActivityManager(161): No longer want com.android.providers.calendar (pid 932): hidden #16
05-23 14:51:51.730: D/OpenGLRenderer(1183): Flushing caches (mode 1)
05-23 14:52:32.520: D/AndroidRuntime(1219): >>>>>> AndroidRuntime START com.android.internal.os.RuntimeInit <<<<<<
05-23 14:52:32.520: D/AndroidRuntime(1219): CheckJNI is OFF
05-23 14:52:32.710: D/AndroidRuntime(1219): Calling main entry com.android.commands.pm.Pm
05-23 14:52:32.730: W/ActivityManager(161): No content provider found for permission revoke: file:///data/local/tmp/app.apk
05-23 14:52:32.800: W/ActivityManager(161): No content provider found for permission revoke: file:///data/local/tmp/app.apk
05-23 14:52:32.900: D/dalvikvm(161): GC_CONCURRENT freed 1143K, 11% free 10557K/11783K, paused 2ms+7ms
05-23 14:52:33.090: D/dalvikvm(161): GC_FOR_ALLOC freed 989K, 16% free 10011K/11783K, paused 45ms
05-23 14:52:33.830: I/PackageManager(161): Running dexopt on: com.appcelerator.html
05-23 14:52:34.010: D/dalvikvm(1231): DexOpt: 'Lorg/apache/commons/codec/binary/Base64;' has an earlier definition; blocking out
05-23 14:52:34.020: D/dalvikvm(1231): DexOpt: 'Lorg/apache/commons/codec/binary/Hex;' has an earlier definition; blocking out
05-23 14:52:34.040: D/dalvikvm(1231): DexOpt: 'Lorg/w3c/dom/UserDataHandler;' has an earlier definition; blocking out
05-23 14:52:34.180: D/dalvikvm(1231): DexOpt: not verifying/optimizing 'Lorg/apache/commons/codec/binary/Base64;': multiple definitions
05-23 14:52:34.180: D/dalvikvm(1231): DexOpt: not verifying/optimizing 'Lorg/apache/commons/codec/binary/Hex;': multiple definitions
05-23 14:52:34.180: I/dalvikvm(1231): DexOpt: not resolving ambiguous class 'Lorg/apache/commons/codec/binary/Hex;'
05-23 14:52:34.300: I/dalvikvm(1231): DexOpt: not resolving ambiguous class 'Lorg/apache/commons/codec/binary/Base64;'
05-23 14:52:34.310: I/dalvikvm(1231): DexOpt: not resolving ambiguous class 'Lorg/apache/commons/codec/binary/Base64;'
05-23 14:52:34.450: D/dalvikvm(1231): DexOpt: not verifying/optimizing 'Lorg/w3c/dom/UserDataHandler;': multiple definitions
05-23 14:52:34.500: I/dalvikvm(1231): DexOpt: not resolving ambiguous class 'Lorg/apache/commons/codec/binary/Hex;'
05-23 14:52:34.620: D/dalvikvm(1231): DexOpt: load 91ms, verify+opt 540ms
05-23 14:52:35.620: I/ActivityManager(161): Force stopping package com.appcelerator.html uid=10042
05-23 14:52:36.260: D/PackageManager(161): New package installed in /data/app/com.appcelerator.html-1.apk
05-23 14:52:37.660: D/PackageManager(161): generateServicesMap(android.accounts.AccountAuthenticator): 3 services unchanged
05-23 14:52:37.710: D/PackageManager(161): generateServicesMap(android.content.SyncAdapter): 12 services unchanged
05-23 14:52:37.740: D/BackupManagerService(161): Received broadcast Intent { act=android.intent.action.PACKAGE_ADDED dat=package:com.appcelerator.html flg=0x10000010 (has extras) }
05-23 14:52:37.740: V/BackupManagerService(161): addPackageParticipantsLocked: com.appcelerator.html
05-23 14:52:37.790: V/PicasaContentProvider(952): querySettings: defaults: {sync_on_wifi_only=1, auto_upload_account_type=null, sync_on_battery=1, sync_picasa_on_wifi_only=1, auto_upload_enabled=0, video_upload_wifi_only=1, sync_on_roaming=0, auto_upload_account_name=null}
05-23 14:52:37.830: D/dalvikvm(161): GC_EXPLICIT freed 715K, 14% free 10185K/11783K, paused 4ms+8ms
05-23 14:52:37.840: D/PicasaSyncManager(952): reject PrefetchAlbumCover (*******************) because auto sync is off
05-23 14:52:37.840: V/PicasaContentProvider(952): querySettings: defaults: {sync_on_wifi_only=1, auto_upload_account_type=null, sync_on_battery=1, sync_picasa_on_wifi_only=1, auto_upload_enabled=0, video_upload_wifi_only=1, sync_on_roaming=0, auto_upload_account_name=null}
05-23 14:52:37.840: D/AndroidRuntime(1219): Shutting down VM
05-23 14:52:37.850: I/AndroidRuntime(1219): NOTE: attach of thread 'Binder Thread #3' failed
05-23 14:52:37.850: D/dalvikvm(1219): GC_CONCURRENT freed 97K, 83% free 451K/2560K, paused 0ms+1ms
05-23 14:52:37.850: D/PicasaSyncManager(952): reject PrefetchAlbumCover (*******************) because auto sync is off
05-23 14:52:37.870: V/PicasaContentProvider(952): querySettings: defaults: {sync_on_wifi_only=1, auto_upload_account_type=null, sync_on_battery=1, sync_picasa_on_wifi_only=1, auto_upload_enabled=0, video_upload_wifi_only=1, sync_on_roaming=0, auto_upload_account_name=null}
05-23 14:52:37.870: D/PicasaSyncManager(952): reject PrefetchScreenNail (*******************) because auto sync is off
05-23 14:52:37.870: V/PicasaContentProvider(952): querySettings: defaults: {sync_on_wifi_only=1, auto_upload_account_type=null, sync_on_battery=1, sync_picasa_on_wifi_only=1, auto_upload_enabled=0, video_upload_wifi_only=1, sync_on_roaming=0, auto_upload_account_name=null}
05-23 14:52:37.880: D/PicasaSyncManager(952): reject PrefetchScreenNail (*******************) because auto sync is off
05-23 14:52:38.000: D/dalvikvm(360): GC_CONCURRENT freed 2738K, 25% free 12627K/16711K, paused 2ms+7ms
05-23 14:52:38.210: D/dalvikvm(360): GC_FOR_ALLOC freed 1292K, 23% free 13032K/16711K, paused 30ms
05-23 14:52:38.290: D/dalvikvm(360): GC_CONCURRENT freed 263K, 12% free 14730K/16711K, paused 2ms+8ms
05-23 14:52:38.350: D/dalvikvm(360): GC_FOR_ALLOC freed 1480K, 20% free 13490K/16711K, paused 27ms
05-23 14:52:38.450: D/dalvikvm(360): GC_CONCURRENT freed 1492K, 17% free 13955K/16711K, paused 2ms+6ms
05-23 14:52:38.720: D/dalvikvm(360): GC_CONCURRENT freed 2312K, 19% free 13689K/16711K, paused 4ms+7ms
05-23 14:52:38.880: D/dalvikvm(360): GC_FOR_ALLOC freed 648K, 19% free 13689K/16711K, paused 31ms
05-23 14:52:38.880: I/dalvikvm-heap(360): Grow heap (frag case) to 14.662MB for 1286224-byte allocation
05-23 14:52:38.910: D/dalvikvm(360): GC_FOR_ALLOC freed 4K, 17% free 14940K/17991K, paused 29ms
05-23 14:52:38.960: D/dalvikvm(360): GC_FOR_ALLOC freed 1452K, 22% free 14040K/17991K, paused 27ms
05-23 14:52:39.050: D/dalvikvm(360): GC_CONCURRENT freed 1564K, 20% free 14492K/17991K, paused 3ms+7ms
05-23 14:54:06.270: I/ActivityManager(161): START {act=android.intent.action.MAIN cat=[android.intent.category.LAUNCHER] flg=0x10200000 cmp=com.silvertree.cordy/com.unity3d.player.UnityPlayerActivity} from pid 360
05-23 14:54:06.330: I/dalvikvm(1259): Turning on JNI app bug workarounds for target SDK version 11...
05-23 14:54:06.330: I/ActivityManager(161): Start proc com.silvertree.cordy for activity com.silvertree.cordy/com.unity3d.player.UnityPlayerActivity: pid=1259 uid=10038 gids={3003}
05-23 14:54:06.350: D/OpenGLRenderer(360): Flushing caches (mode 1)
05-23 14:54:06.390: D/dalvikvm(89): GC_EXPLICIT freed 37K, 5% free 6469K/6787K, paused 10ms+4ms
05-23 14:54:06.410: D/dalvikvm(1259): Trying to load lib /data/data/com.silvertree.cordy/lib/libmono.so 0x41085120
05-23 14:54:06.420: D/dalvikvm(1259): Added shared lib /data/data/com.silvertree.cordy/lib/libmono.so 0x41085120
05-23 14:54:06.420: D/dalvikvm(89): GC_EXPLICIT freed <1K, 5% free 6469K/6787K, paused 2ms+3ms
05-23 14:54:06.460: D/dalvikvm(89): GC_EXPLICIT freed <1K, 5% free 6469K/6787K, paused 2ms+3ms
05-23 14:54:06.460: D/OpenGLRenderer(360): Flushing caches (mode 0)
05-23 14:54:06.620: D/proxy(1259): Added shared lib /assets/libs/armeabi-v7a/libmono.so 0x5756af4c
05-23 14:54:06.620: D/proxy(1259): No JNI_OnLoad found in /assets/libs/armeabi-v7a/libmono.so 0x5756af4c
05-23 14:54:06.620: D/dalvikvm(1259): Trying to load lib /data/data/com.silvertree.cordy/lib/libunity.so 0x41085120
05-23 14:54:06.620: D/dalvikvm(1259): Added shared lib /data/data/com.silvertree.cordy/lib/libunity.so 0x41085120
05-23 14:54:07.110: D/proxy(1259): Added shared lib /assets/libs/armeabi-v7a/libunity.so 0x56c8ff4c
05-23 14:54:07.130: I/AKMD2(97): akmd2 : Compass Opened.
05-23 14:54:07.190: D/libEGL(1259): loaded /system/lib/egl/libGLES_android.so
05-23 14:54:07.210: D/libEGL(1259): loaded /system/lib/egl/libEGL_tegra.so
05-23 14:54:07.230: D/libEGL(1259): loaded /system/lib/egl/libGLESv1_CM_tegra.so
05-23 14:54:07.230: I/ActivityManager(161): Displayed com.silvertree.cordy/com.unity3d.player.UnityPlayerActivity: +923ms
05-23 14:54:07.240: D/libEGL(1259): loaded /system/lib/egl/libGLESv2_tegra.so
05-23 14:54:07.240: W/InputManagerService(161): Starting input on non-focused client com.android.internal.view.IInputMethodClient$Stub$Proxy@412e10f8 (uid=10022 pid=360)
05-23 14:54:07.250: D/Unity(1259): Creating OpenGL ES 2.0 context (RGB16 565 16/0)
05-23 14:54:09.770: D/dalvikvm(1259): GC_CONCURRENT freed 314K, 6% free 6593K/6983K, paused 2ms+2ms
05-23 14:54:09.980: D/Finsky(1134): [129] MarketBillingService.getPreferredAccount: com.silvertree.cordy: Account determined from asset owner.
05-23 14:54:10.140: D/PersistentEventStore/putEvent(1259): Row ID: 16, Event ID: 16
05-23 14:54:20.080: D/NetworkRequestUtil/ConstructEventRequestPath(1259): /__utm.gif?utmwv=4.5ma&utmn=1996086158&utmt=event&utme=5(Xoom%3AUNKNOWN%3ACordyVer1.512*Booted*a9ebb7039452c7bf)(1)&utmcs=UTF-8&utmsr=1280x752&utmul=en-US&utmac=UA-5602220-3&utmcc=__utma%3D999.1685507436.1327704644.1337808629.1337810050.4
05-23 14:54:24.080: I/dalvikvm(1259): Total arena pages for JIT: 11
05-23 14:54:24.080: I/dalvikvm(1259): Total arena pages for JIT: 12
05-23 14:54:24.080: I/dalvikvm(1259): Total arena pages for JIT: 13
05-23 14:54:24.080: I/dalvikvm(1259): Total arena pages for JIT: 14
05-23 14:54:24.080: I/dalvikvm(1259): Total arena pages for JIT: 15
05-23 14:54:24.080: I/dalvikvm(1259): Total arena pages for JIT: 16
05-23 14:54:24.080: I/dalvikvm(1259): Total arena pages for JIT: 17
05-23 14:54:28.100: D/PersistentEventStore/putEvent(1259): Row ID: 17, Event ID: 17
05-23 14:54:28.180: D/PersistentEventStore/putEvent(1259): Row ID: 18, Event ID: 18
05-23 14:54:28.660: D/PersistentEventStore/putEvent(1259): Row ID: 19, Event ID: 19
05-23 14:54:30.090: D/NetworkRequestUtil/ConstructPageviewRequestPath(1259): /__utm.gif?utmwv=4.5ma&utmn=1178945841&utmcs=UTF-8&utmsr=1280x752&utmul=en-US&utmp=%2FTitle&utmac=UA-5602220-3&utmcc=__utma%3D999.1685507436.1327704644.1337808629.1337810050.4
05-23 14:54:30.100: D/NetworkRequestUtil/ConstructEventRequestPath(1259): /__utm.gif?utmwv=4.5ma&utmn=2010261559&utmt=event&utme=5(Xoom%3AUNKNOWN%3ACordyVer1.512*LevelPlayed*Title)(1)&utmcs=UTF-8&utmsr=1280x752&utmul=en-US&utmac=UA-5602220-3&utmcc=__utma%3D999.1685507436.1327704644.1337808629.1337810050.4
05-23 14:54:30.100: D/NetworkRequestUtil/ConstructEventRequestPath(1259): /__utm.gif?utmwv=4.5ma&utmn=232395697&utmt=event&utme=5(Xoom%3AUNKNOWN%3ACordyVer1.512*Returned%20User%20117%20Days*Global)(1)&utmcs=UTF-8&utmsr=1280x752&utmul=en-US&utmac=UA-5602220-3&utmcc=__utma%3D999.1685507436.1327704644.1337808629.1337810050.4
05-23 14:54:35.750: D/dalvikvm(1259): GC_CONCURRENT freed 363K, 7% free 6676K/7175K, paused 4ms+3ms
05-23 14:54:37.990: D/PersistentEventStore/putEvent(1259): Row ID: 20, Event ID: 20
05-23 14:54:38.210: D/PersistentEventStore/putEvent(1259): Row ID: 21, Event ID: 21
05-23 14:54:38.290: D/PersistentEventStore/putEvent(1259): Row ID: 22, Event ID: 22
05-23 14:54:38.370: D/PersistentEventStore/putEvent(1259): Row ID: 23, Event ID: 23
05-23 14:54:38.440: D/PersistentEventStore/putEvent(1259): Row ID: 24, Event ID: 24
05-23 14:54:40.100: D/NetworkRequestUtil/ConstructEventRequestPath(1259): /__utm.gif?utmwv=4.5ma&utmn=663582387&utmt=event&utme=5(Xoom%3AUNKNOWN%3ACordyVer1.512*LevelFinished*Title)(1)&utmcs=UTF-8&utmsr=1280x752&utmul=en-US&utmac=UA-5602220-3&utmcc=__utma%3D999.1685507436.1327704644.1337808629.1337810050.4
05-23 14:54:40.130: D/NetworkRequestUtil/ConstructEventRequestPath(1259): /__utm.gif?utmwv=4.5ma&utmn=928809279&utmt=event&utme=5(Xoom%3AUNKNOWN%3ACordyVer1.512*LevelPlayedTime*Title)(8)&utmcs=UTF-8&utmsr=1280x752&utmul=en-US&utmac=UA-5602220-3&utmcc=__utma%3D999.1685507436.1327704644.1337808629.1337810050.4
05-23 14:54:40.140: D/NetworkRequestUtil/ConstructEventRequestPath(1259): /__utm.gif?utmwv=4.5ma&utmn=537812619&utmt=event&utme=5(Xoom%3AUNKNOWN%3ACordyVer1.512*LevelMinFPS*Title)(27)&utmcs=UTF-8&utmsr=1280x752&utmul=en-US&utmac=UA-5602220-3&utmcc=__utma%3D999.1685507436.1327704644.1337808629.1337810050.4
05-23 14:54:40.140: D/NetworkRequestUtil/ConstructEventRequestPath(1259): /__utm.gif?utmwv=4.5ma&utmn=255463857&utmt=event&utme=5(Xoom%3AUNKNOWN%3ACordyVer1.512*LevelMaxFPS*Title)(54)&utmcs=UTF-8&utmsr=1280x752&utmul=en-US&utmac=UA-5602220-3&utmcc=__utma%3D999.1685507436.1327704644.1337808629.1337810050.4
05-23 14:54:40.140: D/NetworkRequestUtil/ConstructEventRequestPath(1259): /__utm.gif?utmwv=4.5ma&utmn=1827633826&utmt=event&utme=5(Xoom%3AUNKNOWN%3ACordyVer1.512*LevelAvgFPS*Title)(34)&utmcs=UTF-8&utmsr=1280x752&utmul=en-US&utmac=UA-5602220-3&utmcc=__utma%3D999.1685507436.1327704644.1337808629.1337810050.4
05-23 14:54:41.250: D/PersistentEventStore/putEvent(1259): Row ID: 25, Event ID: 25
05-23 14:54:42.520: D/PersistentEventStore/putEvent(1259): Row ID: 26, Event ID: 26
05-23 14:54:43.790: D/AndroidRuntime(1304): >>>>>> AndroidRuntime START com.android.internal.os.RuntimeInit <<<<<<
05-23 14:54:43.790: D/AndroidRuntime(1304): CheckJNI is OFF
05-23 14:54:43.940: I/dalvikvm(1259): Total arena pages for JIT: 18
05-23 14:54:44.050: D/AndroidRuntime(1304): Calling main entry com.android.commands.pm.Pm
05-23 14:54:44.070: W/ActivityManager(161): No content provider found for permission revoke: file:///data/local/tmp/app.apk
05-23 14:54:44.250: W/ActivityManager(161): No content provider found for permission revoke: file:///data/local/tmp/app.apk
05-23 14:54:44.420: D/dalvikvm(161): GC_CONCURRENT freed 802K, 14% free 10214K/11783K, paused 2ms+7ms
05-23 14:54:44.700: D/dalvikvm(161): GC_CONCURRENT freed 552K, 11% free 10498K/11783K, paused 2ms+5ms
05-23 14:54:44.890: D/dalvikvm(161): GC_CONCURRENT freed 631K, 8% free 10853K/11783K, paused 3ms+5ms
05-23 14:54:45.040: D/dalvikvm(161): GC_CONCURRENT freed 1001K, 10% free 10864K/12039K, paused 3ms+6ms
05-23 14:54:45.220: D/dalvikvm(161): GC_CONCURRENT freed 1071K, 10% free 10893K/12103K, paused 2ms+5ms
05-23 14:54:45.370: D/dalvikvm(161): GC_CONCURRENT freed 1091K, 11% free 10877K/12103K, paused 3ms+5ms
05-23 14:54:45.650: D/dalvikvm(161): GC_CONCURRENT freed 991K, 11% free 10885K/12103K, paused 3ms+5ms
05-23 14:54:46.040: D/dalvikvm(161): GC_CONCURRENT freed 1013K, 10% free 10895K/12103K, paused 3ms+6ms
05-23 14:54:46.530: I/PackageManager(161): Removing non-system package:com.appcelerator.titanium
05-23 14:54:46.530: I/ActivityManager(161): Force stopping package com.appcelerator.titanium uid=10011
05-23 14:54:48.470: I/PackageManager(161): Package com.appcelerator.titanium codePath changed from /data/app/com.appcelerator.titanium-1.apk to /data/app/com.appcelerator.titanium-2.apk; Retaining data and using new
05-23 14:54:48.480: D/PersistentEventStore/putEvent(1259): Row ID: 27, Event ID: 27
05-23 14:54:48.820: I/PackageManager(161): Running dexopt on: com.appcelerator.titanium
05-23 14:54:49.030: D/dalvikvm(1317): DexOpt: 'Lorg/apache/commons/codec/binary/Base64;' has an earlier definition; blocking out
05-23 14:54:49.030: D/dalvikvm(1317): DexOpt: 'Lorg/apache/commons/codec/binary/Hex;' has an earlier definition; blocking out
05-23 14:54:49.050: D/dalvikvm(1317): DexOpt: 'Lorg/w3c/dom/UserDataHandler;' has an earlier definition; blocking out
05-23 14:54:49.770: D/dalvikvm(1317): DexOpt: not verifying/optimizing 'Lorg/apache/commons/codec/binary/Base64;': multiple definitions
05-23 14:54:49.770: D/dalvikvm(1317): DexOpt: not verifying/optimizing 'Lorg/apache/commons/codec/binary/Hex;': multiple definitions
05-23 14:54:49.770: I/dalvikvm(1317): DexOpt: not resolving ambiguous class 'Lorg/apache/commons/codec/binary/Hex;'
05-23 14:54:49.860: D/PersistentEventStore/putEvent(1259): Row ID: 28, Event ID: 28
05-23 14:54:49.910: I/dalvikvm(1317): DexOpt: not resolving ambiguous class 'Lorg/apache/commons/codec/binary/Base64;'
05-23 14:54:49.920: I/dalvikvm(1317): DexOpt: not resolving ambiguous class 'Lorg/apache/commons/codec/binary/Base64;'
05-23 14:54:50.090: D/dalvikvm(1317): DexOpt: not verifying/optimizing 'Lorg/w3c/dom/UserDataHandler;': multiple definitions
05-23 14:54:50.110: D/NetworkRequestUtil/ConstructEventRequestPath(1259): /__utm.gif?utmwv=4.5ma&utmn=1961549284&utmt=event&utme=5(Xoom%3AUNKNOWN%3ACordyVer1.512*Penetration%3A%20Title*Start)(1)&utmcs=UTF-8&utmsr=1280x752&utmul=en-US&utmac=UA-5602220-3&utmcc=__utma%3D999.1685507436.1327704644.1337808629.1337810050.4
05-23 14:54:50.130: D/NetworkRequestUtil/ConstructEventRequestPath(1259): /__utm.gif?utmwv=4.5ma&utmn=627399804&utmt=event&utme=5(Xoom%3AUNKNOWN%3ACordyVer1.512*Penetration%3A%20Title*End)(1)&utmcs=UTF-8&utmsr=1280x752&utmul=en-US&utmac=UA-5602220-3&utmcc=__utma%3D999.1685507436.1327704644.1337808629.1337810050.4
05-23 14:54:50.130: D/NetworkRequestUtil/ConstructPageviewRequestPath(1259): /__utm.gif?utmwv=4.5ma&utmn=1188290894&utmcs=UTF-8&utmsr=1280x752&utmul=en-US&utmp=%2FPuzzle01-01&utmac=UA-5602220-3&utmcc=__utma%3D999.1685507436.1327704644.1337808629.1337810050.4
05-23 14:54:50.140: D/NetworkRequestUtil/ConstructEventRequestPath(1259): /__utm.gif?utmwv=4.5ma&utmn=1538797044&utmt=event&utme=5(Xoom%3AUNKNOWN%3ACordyVer1.512*LevelPlayed*Puzzle01-01)(1)&utmcs=UTF-8&utmsr=1280x752&utmul=en-US&utmac=UA-5602220-3&utmcc=__utma%3D999.1685507436.1327704644.1337808629.1337810050.4
05-23 14:54:50.210: I/dalvikvm(1317): DexOpt: not resolving ambiguous class 'Lorg/apache/commons/codec/binary/Hex;'
05-23 14:54:50.440: I/dalvikvm(1317): DexOpt: not resolving ambiguous class 'Lorg/apache/commons/codec/binary/Base64;'
05-23 14:54:50.440: D/dalvikvm(1317): DexOpt: load 104ms, verify+opt 1336ms
05-23 14:54:50.690: I/ActivityManager(161): Force stopping package com.appcelerator.titanium uid=10011
05-23 14:54:50.690: W/PackageManager(161): Code path for pkg : com.appcelerator.titanium changing from /data/app/com.appcelerator.titanium-1.apk to /data/app/com.appcelerator.titanium-2.apk
05-23 14:54:50.690: W/PackageManager(161): Resource path for pkg : com.appcelerator.titanium changing from /data/app/com.appcelerator.titanium-1.apk to /data/app/com.appcelerator.titanium-2.apk
05-23 14:54:51.230: D/PackageManager(161): New package installed in /data/app/com.appcelerator.titanium-2.apk
05-23 14:54:51.350: I/ActivityManager(161): Force stopping package com.appcelerator.titanium uid=10011
05-23 14:54:51.370: D/PackageManager(161): generateServicesMap(android.accounts.AccountAuthenticator): 3 services unchanged
05-23 14:54:51.390: D/PackageManager(161): generateServicesMap(android.content.SyncAdapter): 12 services unchanged
05-23 14:54:51.390: D/BackupManagerService(161): Received broadcast Intent { act=android.intent.action.PACKAGE_REMOVED dat=package:com.appcelerator.titanium flg=0x10000010 (has extras) }
05-23 14:54:51.400: D/PackageManager(161): generateServicesMap(android.accounts.AccountAuthenticator): 3 services unchanged
05-23 14:54:51.400: D/PackageManager(161): generateServicesMap(android.content.SyncAdapter): 12 services unchanged
05-23 14:54:51.430: D/BackupManagerService(161): Received broadcast Intent { act=android.intent.action.PACKAGE_ADDED dat=package:com.appcelerator.titanium flg=0x10000010 (has extras) }
05-23 14:54:51.430: V/BackupManagerService(161): updatePackageParticipantsLocked: com.appcelerator.titanium
05-23 14:54:51.450: I/ActivityManager(161): Start proc com.android.keychain for broadcast com.android.keychain/.KeyChainBroadcastReceiver: pid=1319 uid=1000 gids={3003, 1015, 3002, 3001, 3007}
05-23 14:54:51.530: I/Launcher(360): setLoadOnResume
05-23 14:54:51.610: D/dalvikvm(161): GC_CONCURRENT freed 1063K, 10% free 10943K/12103K, paused 4ms+27ms
05-23 14:54:51.630: V/PicasaContentProvider(952): querySettings: defaults: {sync_on_wifi_only=1, auto_upload_account_type=null, sync_on_battery=1, sync_picasa_on_wifi_only=1, auto_upload_enabled=0, video_upload_wifi_only=1, sync_on_roaming=0, auto_upload_account_name=null}
05-23 14:54:51.680: D/AirMail(786): CoreReceiver action: android.intent.action.PACKAGE_REMOVED
05-23 14:54:51.680: D/AirMail(786): Package Removed: com.appcelerator.titanium
05-23 14:54:51.730: D/BackupManagerService(161): Received broadcast Intent { act=android.intent.action.PACKAGE_REPLACED dat=package:com.appcelerator.titanium flg=0x10000010 (has extras) }
05-23 14:54:51.730: V/BackupManagerService(161): updatePackageParticipantsLocked: com.appcelerator.titanium
05-23 14:54:51.740: D/PicasaSyncManager(952): reject PrefetchAlbumCover (*******************) because auto sync is off
05-23 14:54:51.740: V/PicasaContentProvider(952): querySettings: defaults: {sync_on_wifi_only=1, auto_upload_account_type=null, sync_on_battery=1, sync_picasa_on_wifi_only=1, auto_upload_enabled=0, video_upload_wifi_only=1, sync_on_roaming=0, auto_upload_account_name=null}
05-23 14:54:51.770: D/PicasaSyncManager(952): reject PrefetchAlbumCover (*******************) because auto sync is off
05-23 14:54:51.850: I/ActivityManager(161): Start proc com.google.android.apps.maps:FriendService for broadcast com.google.android.apps.maps/com.google.googlenav.friend.android.ServiceReceiver: pid=1334 uid=10020 gids={3003, 1015}
05-23 14:54:51.860: V/PicasaContentProvider(952): querySettings: defaults: {sync_on_wifi_only=1, auto_upload_account_type=null, sync_on_battery=1, sync_picasa_on_wifi_only=1, auto_upload_enabled=0, video_upload_wifi_only=1, sync_on_roaming=0, auto_upload_account_name=null}
05-23 14:54:51.870: D/PicasaSyncManager(952): reject PrefetchScreenNail (*******************) because auto sync is off
05-23 14:54:51.880: I/dalvikvm(1334): Turning on JNI app bug workarounds for target SDK version 13...
05-23 14:54:51.950: V/PicasaContentProvider(952): querySettings: defaults: {sync_on_wifi_only=1, auto_upload_account_type=null, sync_on_battery=1, sync_picasa_on_wifi_only=1, auto_upload_enabled=0, video_upload_wifi_only=1, sync_on_roaming=0, auto_upload_account_name=null}
05-23 14:54:51.960: D/PicasaSyncManager(952): reject PrefetchScreenNail (*******************) because auto sync is off
05-23 14:54:52.000: D/dalvikvm(1334): GC_CONCURRENT freed 150K, 4% free 6824K/7047K, paused 2ms+9ms
05-23 14:54:52.160: I/dalvikvm(1347): Turning on JNI app bug workarounds for target SDK version 13...
05-23 14:54:52.160: I/ActivityManager(161): Start proc com.google.android.apps.maps:LocationFriendService for broadcast com.google.android.apps.maps/com.google.googlenav.friend.reporting.LocationReportingIntentReceiver: pid=1347 uid=10020 gids={3003, 1015}
05-23 14:54:52.240: V/PicasaContentProvider(952): querySettings: defaults: {sync_on_wifi_only=1, auto_upload_account_type=null, sync_on_battery=1, sync_picasa_on_wifi_only=1, auto_upload_enabled=0, video_upload_wifi_only=1, sync_on_roaming=0, auto_upload_account_name=null}
05-23 14:54:52.240: D/PicasaSyncManager(952): reject PrefetchAlbumCover (*******************) because auto sync is off
05-23 14:54:52.240: V/PicasaContentProvider(952): querySettings: defaults: {sync_on_wifi_only=1, auto_upload_account_type=null, sync_on_battery=1, sync_picasa_on_wifi_only=1, auto_upload_enabled=0, video_upload_wifi_only=1, sync_on_roaming=0, auto_upload_account_name=null}
05-23 14:54:52.240: D/PicasaSyncManager(952): reject PrefetchAlbumCover (*******************) because auto sync is off
05-23 14:54:52.280: D/dalvikvm(1347): GC_CONCURRENT freed 153K, 4% free 6821K/7047K, paused 2ms+2ms
05-23 14:54:52.340: I/ActivityManager(161): No longer want com.google.android.calendar (pid 881): hidden #16
05-23 14:54:52.350: V/PicasaContentProvider(952): querySettings: defaults: {sync_on_wifi_only=1, auto_upload_account_type=null, sync_on_battery=1, sync_picasa_on_wifi_only=1, auto_upload_enabled=0, video_upload_wifi_only=1, sync_on_roaming=0, auto_upload_account_name=null}
05-23 14:54:52.350: D/PicasaSyncManager(952): reject PrefetchScreenNail (*******************) because auto sync is off
05-23 14:54:52.350: V/PicasaContentProvider(952): querySettings: defaults: {sync_on_wifi_only=1, auto_upload_account_type=null, sync_on_battery=1, sync_picasa_on_wifi_only=1, auto_upload_enabled=0, video_upload_wifi_only=1, sync_on_roaming=0, auto_upload_account_name=null}
05-23 14:54:52.350: D/PicasaSyncManager(952): reject PrefetchScreenNail (*******************) because auto sync is off
05-23 14:54:52.390: D/dalvikvm(161): GC_EXPLICIT freed 1383K, 17% free 10139K/12103K, paused 3ms+8ms
05-23 14:54:52.390: D/AndroidRuntime(1304): Shutting down VM
05-23 14:54:52.390: I/AndroidRuntime(1304): NOTE: attach of thread 'Binder Thread #3' failed
05-23 14:54:52.390: D/dalvikvm(1334): GC_CONCURRENT freed 133K, 4% free 7183K/7431K, paused 2ms+59ms
05-23 14:54:52.400: D/dalvikvm(1304): GC_CONCURRENT freed 97K, 83% free 451K/2560K, paused 1ms+0ms
05-23 14:54:52.510: D/dalvikvm(996): GC_CONCURRENT freed 472K, 9% free 6830K/7431K, paused 3ms+3ms
05-23 14:54:54.280: I/ActivityManager(161): No longer want com.google.android.gsf.login (pid 973): hidden #16
05-23 14:55:14.460: D/dalvikvm(1259): GC_CONCURRENT freed 416K, 8% free 6686K/7239K, paused 3ms+2ms
05-23 14:55:20.360: I/ActivityManager(161): No longer want com.google.android.talk (pid 712): hidden #16
05-23 14:55:20.380: D/PersistentEventStore/putEvent(1259): Row ID: 29, Event ID: 29
05-23 14:55:20.520: D/dalvikvm(161): GC_FOR_ALLOC freed 219K, 17% free 10052K/12103K, paused 48ms
05-23 14:55:20.600: D/Unity(1259): onDetachedFromWindow
05-23 14:55:20.640: I/AKMD2(97): akmd2 : Compass Closed.
05-23 14:55:20.770: D/dalvikvm(360): GC_CONCURRENT freed 3560K, 28% free 12965K/17991K, paused 2ms+11ms
05-23 14:55:20.930: D/dalvikvm(360): GC_FOR_ALLOC freed 1363K, 28% free 12995K/17991K, paused 32ms
05-23 14:55:21.060: D/dalvikvm(360): GC_FOR_ALLOC freed 1325K, 26% free 13379K/17991K, paused 43ms
05-23 14:55:21.180: D/dalvikvm(360): GC_CONCURRENT freed 310K, 16% free 15116K/17991K, paused 3ms+11ms
05-23 14:55:21.490: D/dalvikvm(840): GC_CONCURRENT freed 90K, 7% free 7360K/7879K, paused 2ms+4ms
05-23 14:55:21.530: D/dalvikvm(840): GC_FOR_ALLOC freed 418K, 12% free 6988K/7879K, paused 31ms
05-23 14:55:21.560: D/dalvikvm(857): GC_FOR_ALLOC freed 342K, 9% free 6622K/7239K, paused 45ms
05-23 14:55:21.590: I/Process(1259): Sending signal. PID: 1259 SIG: 9
05-23 14:55:21.610: D/dalvikvm(360): GC_FOR_ALLOC freed 2107K, 18% free 14847K/17991K, paused 35ms
05-23 14:55:21.670: D/dalvikvm(857): GC_FOR_ALLOC freed 302K, 9% free 6628K/7239K, paused 34ms
05-23 14:55:21.710: D/dalvikvm(840): GC_CONCURRENT freed 422K, 12% free 6988K/7879K, paused 2ms+3ms
05-23 14:55:21.770: D/dalvikvm(857): GC_FOR_ALLOC freed 302K, 9% free 6621K/7239K, paused 47ms
05-23 14:55:21.800: D/dalvikvm(840): GC_CONCURRENT freed 422K, 12% free 6990K/7879K, paused 2ms+5ms
05-23 14:55:21.830: I/WindowManager(161): WIN DEATH: Window{41545d78 com.silvertree.cordy/com.unity3d.player.UnityPlayerActivity paused=false}
05-23 14:55:21.830: I/ActivityManager(161): Process com.silvertree.cordy (pid 1259) has died.
05-23 14:55:21.870: D/dalvikvm(857): GC_FOR_ALLOC freed 326K, 9% free 6629K/7239K, paused 23ms
05-23 14:55:21.890: D/dalvikvm(360): GC_CONCURRENT freed 1650K, 16% free 15195K/17991K, paused 2ms+6ms
05-23 14:55:21.950: D/dalvikvm(857): GC_FOR_ALLOC freed 346K, 9% free 6634K/7239K, paused 28ms
05-23 14:55:31.520: W/ActivityManager(161): Activity destroy timeout for ActivityRecord{412ba0f8 com.silvertree.cordy/com.unity3d.player.UnityPlayerActivity}
05-23 14:55:58.910: D/AndroidRuntime(1400): >>>>>> AndroidRuntime START com.android.internal.os.RuntimeInit <<<<<<
05-23 14:55:58.910: D/AndroidRuntime(1400): CheckJNI is OFF
05-23 14:55:59.100: D/AndroidRuntime(1400): Calling main entry com.android.commands.pm.Pm
05-23 14:55:59.110: W/ActivityManager(161): No content provider found for permission revoke: file:///data/local/tmp/app.apk
05-23 14:55:59.170: W/ActivityManager(161): No content provider found for permission revoke: file:///data/local/tmp/app.apk
05-23 14:55:59.280: D/dalvikvm(161): GC_CONCURRENT freed 667K, 16% free 10172K/12103K, paused 2ms+5ms
05-23 14:56:00.060: I/PackageManager(161): Running dexopt on: com.appcelerator.masterdetail
05-23 14:56:00.250: D/dalvikvm(1411): DexOpt: 'Lorg/apache/commons/codec/binary/Base64;' has an earlier definition; blocking out
05-23 14:56:00.250: D/dalvikvm(1411): DexOpt: 'Lorg/apache/commons/codec/binary/Hex;' has an earlier definition; blocking out
05-23 14:56:00.270: D/dalvikvm(1411): DexOpt: 'Lorg/w3c/dom/UserDataHandler;' has an earlier definition; blocking out
05-23 14:56:00.420: D/dalvikvm(1411): DexOpt: not verifying/optimizing 'Lorg/apache/commons/codec/binary/Base64;': multiple definitions
05-23 14:56:00.420: D/dalvikvm(1411): DexOpt: not verifying/optimizing 'Lorg/apache/commons/codec/binary/Hex;': multiple definitions
05-23 14:56:00.420: I/dalvikvm(1411): DexOpt: not resolving ambiguous class 'Lorg/apache/commons/codec/binary/Hex;'
05-23 14:56:00.540: I/dalvikvm(1411): DexOpt: not resolving ambiguous class 'Lorg/apache/commons/codec/binary/Base64;'
05-23 14:56:00.550: I/dalvikvm(1411): DexOpt: not resolving ambiguous class 'Lorg/apache/commons/codec/binary/Base64;'
05-23 14:56:00.690: D/dalvikvm(1411): DexOpt: not verifying/optimizing 'Lorg/w3c/dom/UserDataHandler;': multiple definitions
05-23 14:56:00.740: I/dalvikvm(1411): DexOpt: not resolving ambiguous class 'Lorg/apache/commons/codec/binary/Hex;'
05-23 14:56:00.860: D/dalvikvm(1411): DexOpt: load 93ms, verify+opt 544ms
05-23 14:56:01.800: I/ActivityManager(161): Force stopping package com.appcelerator.masterdetail uid=10059
05-23 14:56:02.120: D/PackageManager(161): New package installed in /data/app/com.appcelerator.masterdetail-1.apk
05-23 14:56:02.330: D/PackageManager(161): generateServicesMap(android.accounts.AccountAuthenticator): 3 services unchanged
05-23 14:56:02.350: D/PackageManager(161): generateServicesMap(android.content.SyncAdapter): 12 services unchanged
05-23 14:56:02.370: D/BackupManagerService(161): Received broadcast Intent { act=android.intent.action.PACKAGE_ADDED dat=package:com.appcelerator.masterdetail flg=0x10000010 (has extras) }
05-23 14:56:02.370: V/BackupManagerService(161): addPackageParticipantsLocked: com.appcelerator.masterdetail
05-23 14:56:02.480: D/dalvikvm(952): GC_CONCURRENT freed 356K, 8% free 6756K/7303K, paused 2ms+3ms
05-23 14:56:02.490: D/dalvikvm(161): GC_EXPLICIT freed 842K, 16% free 10260K/12103K, paused 10ms+10ms
05-23 14:56:02.510: V/PicasaContentProvider(952): querySettings: defaults: {sync_on_wifi_only=1, auto_upload_account_type=null, sync_on_battery=1, sync_picasa_on_wifi_only=1, auto_upload_enabled=0, video_upload_wifi_only=1, sync_on_roaming=0, auto_upload_account_name=null}
05-23 14:56:02.510: D/AndroidRuntime(1400): Shutting down VM
05-23 14:56:02.510: I/AndroidRuntime(1400): NOTE: attach of thread 'Binder Thread #3' failed
05-23 14:56:02.520: D/dalvikvm(1400): GC_CONCURRENT freed 97K, 83% free 451K/2560K, paused 0ms+1ms
05-23 14:56:02.530: D/PicasaSyncManager(952): reject PrefetchAlbumCover (*******************) because auto sync is off
05-23 14:56:02.540: V/PicasaContentProvider(952): querySettings: defaults: {sync_on_wifi_only=1, auto_upload_account_type=null, sync_on_battery=1, sync_picasa_on_wifi_only=1, auto_upload_enabled=0, video_upload_wifi_only=1, sync_on_roaming=0, auto_upload_account_name=null}
05-23 14:56:02.540: D/PicasaSyncManager(952): reject PrefetchAlbumCover (*******************) because auto sync is off
05-23 14:56:02.540: V/PicasaContentProvider(952): querySettings: defaults: {sync_on_wifi_only=1, auto_upload_account_type=null, sync_on_battery=1, sync_picasa_on_wifi_only=1, auto_upload_enabled=0, video_upload_wifi_only=1, sync_on_roaming=0, auto_upload_account_name=null}
05-23 14:56:02.540: D/PicasaSyncManager(952): reject PrefetchScreenNail (*******************) because auto sync is off
05-23 14:56:02.540: V/PicasaContentProvider(952): querySettings: defaults: {sync_on_wifi_only=1, auto_upload_account_type=null, sync_on_battery=1, sync_picasa_on_wifi_only=1, auto_upload_enabled=0, video_upload_wifi_only=1, sync_on_roaming=0, auto_upload_account_name=null}
05-23 14:56:02.550: D/PicasaSyncManager(952): reject PrefetchScreenNail (*******************) because auto sync is off
05-23 14:56:02.710: D/dalvikvm(360): GC_CONCURRENT freed 2893K, 21% free 14248K/17991K, paused 2ms+11ms
05-23 14:56:02.890: D/dalvikvm(360): GC_FOR_ALLOC freed 2273K, 28% free 12993K/17991K, paused 32ms
05-23 14:56:02.890: I/dalvikvm-heap(360): Grow heap (frag case) to 13.982MB for 1286224-byte allocation
05-23 14:56:02.940: D/dalvikvm(360): GC_FOR_ALLOC freed 4K, 27% free 14244K/19271K, paused 28ms
05-23 14:56:03.030: D/dalvikvm(360): GC_FOR_ALLOC freed 1551K, 30% free 13578K/19271K, paused 28ms
05-23 14:56:03.130: D/dalvikvm(360): GC_FOR_ALLOC freed 1712K, 29% free 13773K/19271K, paused 27ms
05-23 14:56:03.410: D/dalvikvm(360): GC_CONCURRENT freed 2810K, 33% free 12997K/19271K, paused 2ms+7ms
05-23 14:56:03.430: D/dalvikvm(996): GC_CONCURRENT freed 307K, 7% free 6920K/7431K, paused 2ms+3ms
05-23 14:56:03.560: D/dalvikvm(360): GC_FOR_ALLOC freed 649K, 27% free 14252K/19271K, paused 36ms
05-23 14:56:03.600: D/dalvikvm(360): GC_FOR_ALLOC freed 1265K, 31% free 13322K/19271K, paused 27ms
05-23 14:56:03.690: D/dalvikvm(360): GC_CONCURRENT freed 498K, 23% free 14872K/19271K, paused 2ms+5ms
05-23 14:56:36.170: D/AndroidRuntime(1430): >>>>>> AndroidRuntime START com.android.internal.os.RuntimeInit <<<<<<
05-23 14:56:36.170: D/AndroidRuntime(1430): CheckJNI is OFF
05-23 14:56:36.360: D/AndroidRuntime(1430): Calling main entry com.android.commands.pm.Pm
05-23 14:56:36.370: W/ActivityManager(161): No content provider found for permission revoke: file:///data/local/tmp/app.apk
05-23 14:56:36.430: W/ActivityManager(161): No content provider found for permission revoke: file:///data/local/tmp/app.apk
05-23 14:56:36.540: D/dalvikvm(161): GC_CONCURRENT freed 903K, 16% free 10206K/12103K, paused 2ms+6ms
05-23 14:56:37.300: I/PackageManager(161): Running dexopt on: com.appcelerator.newproject
05-23 14:56:37.490: D/dalvikvm(1441): DexOpt: 'Lorg/apache/commons/codec/binary/Base64;' has an earlier definition; blocking out
05-23 14:56:37.490: D/dalvikvm(1441): DexOpt: 'Lorg/apache/commons/codec/binary/Hex;' has an earlier definition; blocking out
05-23 14:56:37.510: D/dalvikvm(1441): DexOpt: 'Lorg/w3c/dom/UserDataHandler;' has an earlier definition; blocking out
05-23 14:56:37.650: D/dalvikvm(1441): DexOpt: not verifying/optimizing 'Lorg/apache/commons/codec/binary/Base64;': multiple definitions
05-23 14:56:37.650: D/dalvikvm(1441): DexOpt: not verifying/optimizing 'Lorg/apache/commons/codec/binary/Hex;': multiple definitions
05-23 14:56:37.650: I/dalvikvm(1441): DexOpt: not resolving ambiguous class 'Lorg/apache/commons/codec/binary/Hex;'
05-23 14:56:37.780: I/dalvikvm(1441): DexOpt: not resolving ambiguous class 'Lorg/apache/commons/codec/binary/Base64;'
05-23 14:56:37.790: I/dalvikvm(1441): DexOpt: not resolving ambiguous class 'Lorg/apache/commons/codec/binary/Base64;'
05-23 14:56:37.930: D/dalvikvm(1441): DexOpt: not verifying/optimizing 'Lorg/w3c/dom/UserDataHandler;': multiple definitions
05-23 14:56:37.980: I/dalvikvm(1441): DexOpt: not resolving ambiguous class 'Lorg/apache/commons/codec/binary/Hex;'
05-23 14:56:38.100: D/dalvikvm(1441): DexOpt: load 92ms, verify+opt 548ms
05-23 14:56:38.580: I/ActivityManager(161): Force stopping package com.appcelerator.newproject uid=10060
05-23 14:56:38.890: D/PackageManager(161): New package installed in /data/app/com.appcelerator.newproject-1.apk
05-23 14:56:39.030: D/PackageManager(161): generateServicesMap(android.accounts.AccountAuthenticator): 3 services unchanged
05-23 14:56:39.050: D/PackageManager(161): generateServicesMap(android.content.SyncAdapter): 12 services unchanged
05-23 14:56:39.070: D/BackupManagerService(161): Received broadcast Intent { act=android.intent.action.PACKAGE_ADDED dat=package:com.appcelerator.newproject flg=0x10000010 (has extras) }
05-23 14:56:39.070: V/BackupManagerService(161): addPackageParticipantsLocked: com.appcelerator.newproject
05-23 14:56:39.130: V/PicasaContentProvider(952): querySettings: defaults: {sync_on_wifi_only=1, auto_upload_account_type=null, sync_on_battery=1, sync_picasa_on_wifi_only=1, auto_upload_enabled=0, video_upload_wifi_only=1, sync_on_roaming=0, auto_upload_account_name=null}
05-23 14:56:39.190: D/dalvikvm(161): GC_EXPLICIT freed 862K, 16% free 10282K/12103K, paused 5ms+9ms
05-23 14:56:39.190: D/AndroidRuntime(1430): Shutting down VM
05-23 14:56:39.190: D/PicasaSyncManager(952): reject PrefetchAlbumCover (*******************) because auto sync is off
05-23 14:56:39.190: V/PicasaContentProvider(952): querySettings: defaults: {sync_on_wifi_only=1, auto_upload_account_type=null, sync_on_battery=1, sync_picasa_on_wifi_only=1, auto_upload_enabled=0, video_upload_wifi_only=1, sync_on_roaming=0, auto_upload_account_name=null}
05-23 14:56:39.200: D/PicasaSyncManager(952): reject PrefetchAlbumCover (*******************) because auto sync is off
05-23 14:56:39.210: D/dalvikvm(1430): GC_CONCURRENT freed 97K, 83% free 451K/2560K, paused 0ms+1ms
05-23 14:56:39.210: V/PicasaContentProvider(952): querySettings: defaults: {sync_on_wifi_only=1, auto_upload_account_type=null, sync_on_battery=1, sync_picasa_on_wifi_only=1, auto_upload_enabled=0, video_upload_wifi_only=1, sync_on_roaming=0, auto_upload_account_name=null}
05-23 14:56:39.210: D/PicasaSyncManager(952): reject PrefetchScreenNail (*******************) because auto sync is off
05-23 14:56:39.210: V/PicasaContentProvider(952): querySettings: defaults: {sync_on_wifi_only=1, auto_upload_account_type=null, sync_on_battery=1, sync_picasa_on_wifi_only=1, auto_upload_enabled=0, video_upload_wifi_only=1, sync_on_roaming=0, auto_upload_account_name=null}
05-23 14:56:39.230: D/PicasaSyncManager(952): reject PrefetchScreenNail (*******************) because auto sync is off
05-23 14:56:39.360: D/dalvikvm(360): GC_FOR_ALLOC freed 4113K, 35% free 12614K/19271K, paused 31ms
05-23 14:56:39.560: D/dalvikvm(360): GC_FOR_ALLOC freed 1025K, 33% free 13019K/19271K, paused 33ms
05-23 14:56:39.640: D/dalvikvm(360): GC_CONCURRENT freed 296K, 24% free 14719K/19271K, paused 3ms+4ms
05-23 14:56:39.700: D/dalvikvm(360): GC_FOR_ALLOC freed 1481K, 31% free 13479K/19271K, paused 29ms
05-23 14:56:39.800: D/dalvikvm(360): GC_CONCURRENT freed 1492K, 28% free 13943K/19271K, paused 2ms+4ms
05-23 14:56:40.050: D/dalvikvm(360): GC_FOR_ALLOC freed 2973K, 34% free 12771K/19271K, paused 34ms
05-23 14:56:40.210: D/dalvikvm(360): GC_FOR_ALLOC freed 617K, 33% free 13019K/19271K, paused 28ms
05-23 14:56:40.290: D/dalvikvm(360): GC_CONCURRENT freed 295K, 24% free 14720K/19271K, paused 2ms+5ms
05-23 14:56:40.350: D/dalvikvm(360): GC_FOR_ALLOC freed 1481K, 31% free 13480K/19271K, paused 35ms
05-23 14:56:40.450: D/dalvikvm(360): GC_CONCURRENT freed 1492K, 28% free 13944K/19271K, paused 2ms+5ms
05-23 14:57:09.020: D/AndroidRuntime(1460): >>>>>> AndroidRuntime START com.android.internal.os.RuntimeInit <<<<<<
05-23 14:57:09.020: D/AndroidRuntime(1460): CheckJNI is OFF
05-23 14:57:09.200: D/AndroidRuntime(1460): Calling main entry com.android.commands.pm.Pm
05-23 14:57:09.220: W/ActivityManager(161): No content provider found for permission revoke: file:///data/local/tmp/app.apk
