05-23 15:29:22.310: I/TiWebChromeClient.console(2680): (main) [9707,40186] Viewport argument value "device-width;" for key "width" not recognized. Content ignored. (8:http://mashable.com/2012/05/23/apples-jonathan-ive-is-now-sir-jonathan-to-you/?utm_source=feedburner&utm_medium=feed&utm_campaign=Feed%3A+Mashable+%28Mashable%29)
05-23 15:29:22.310: I/TiWebChromeClient.console(2680): (main) [1,40187] Viewport argument value "1.0;" for key "initial-scale" was truncated to its numeric prefix. (8:http://mashable.com/2012/05/23/apples-jonathan-ive-is-now-sir-jonathan-to-you/?utm_source=feedburner&utm_medium=feed&utm_campaign=Feed%3A+Mashable+%28Mashable%29)
05-23 15:29:22.310: I/TiWebChromeClient.console(2680): (main) [0,40187] Viewport argument value "yes;" for key "user-scalable" not recognized. Content ignored. (8:http://mashable.com/2012/05/23/apples-jonathan-ive-is-now-sir-jonathan-to-you/?utm_source=feedburner&utm_medium=feed&utm_campaign=Feed%3A+Mashable+%28Mashable%29)
05-23 15:29:23.340: I/TiWebChromeClient.console(2680): (main) [1031,41218] test (1:http://mashable.com/follow/packages/wp.js?ver=1337803176)
05-23 15:29:28.250: I/TiWebChromeClient.console(2680): (main) [4908,46126] Viewport argument value "device-width;" for key "width" not recognized. Content ignored. (8:http://mashable.com/2012/05/23/diablo-3-fastest-selling/?utm_source=feedburner&utm_medium=feed&utm_campaign=Feed%3A+Mashable+%28Mashable%29)
05-23 15:29:28.250: I/TiWebChromeClient.console(2680): (main) [0,46126] Viewport argument value "1.0;" for key "initial-scale" was truncated to its numeric prefix. (8:http://mashable.com/2012/05/23/diablo-3-fastest-selling/?utm_source=feedburner&utm_medium=feed&utm_campaign=Feed%3A+Mashable+%28Mashable%29)
05-23 15:29:28.250: I/TiWebChromeClient.console(2680): (main) [1,46127] Viewport argument value "yes;" for key "user-scalable" not recognized. Content ignored. (8:http://mashable.com/2012/05/23/diablo-3-fastest-selling/?utm_source=feedburner&utm_medium=feed&utm_campaign=Feed%3A+Mashable+%28Mashable%29)
05-23 15:29:29.450: E/webcoreglue(2680): Should not happen: no rect-based-test nodes found
05-23 15:29:29.810: I/TiWebChromeClient.console(2680): (main) [1563,47690] test (1:http://mashable.com/follow/packages/wp.js?ver=1337803176)
05-23 15:29:29.900: I/TiWebChromeClient.console(2680): (main) [91,47781] Uncaught TypeError: Cannot call method 'replace' of null (1:http://mashable.com/wp-content/assets/gallery.js?ver=1337779142)
05-23 15:29:40.100: W/ThrottleService(161): unable to find stats for iface rmnet0
05-23 15:29:45.270: I/TiWebChromeClient.console(2680): (main) [15367,63148] Viewport argument value "device-width;" for key "width" not recognized. Content ignored. (8:http://mashable.com/2012/05/23/diablo-3-fastest-selling/?utm_source=feedburner&utm_medium=feed&utm_campaign=Feed%3A+Mashable+%28Mashable%29)
05-23 15:29:45.270: I/TiWebChromeClient.console(2680): (main) [1,63149] Viewport argument value "1.0;" for key "initial-scale" was truncated to its numeric prefix. (8:http://mashable.com/2012/05/23/diablo-3-fastest-selling/?utm_source=feedburner&utm_medium=feed&utm_campaign=Feed%3A+Mashable+%28Mashable%29)
05-23 15:29:45.270: I/TiWebChromeClient.console(2680): (main) [0,63149] Viewport argument value "yes;" for key "user-scalable" not recognized. Content ignored. (8:http://mashable.com/2012/05/23/diablo-3-fastest-selling/?utm_source=feedburner&utm_medium=feed&utm_campaign=Feed%3A+Mashable+%28Mashable%29)
05-23 15:29:46.190: I/TiWebChromeClient.console(2680): (main) [922,64071] test (1:http://mashable.com/follow/packages/wp.js?ver=1337803176)
05-23 15:29:46.680: I/TiWebChromeClient.console(2680): (main) [484,64555] Uncaught TypeError: Cannot call method 'replace' of null (1:http://mashable.com/wp-content/assets/gallery.js?ver=1337779142)
05-23 15:29:47.300: D/dalvikvm(2680): GC_CONCURRENT freed 1578K, 14% free 11249K/12935K, paused 2ms+6ms
05-23 15:29:48.180: I/TiWebChromeClient.console(2680): (main) [1504,66059] Viewport argument value "device-width;" for key "width" not recognized. Content ignored. (8:http://mashable.com/2012/05/23/google-wins-oracle-suit/?utm_source=feedburner&utm_medium=feed&utm_campaign=Feed%3A+Mashable+%28Mashable%29)
05-23 15:29:48.180: I/TiWebChromeClient.console(2680): (main) [0,66059] Viewport argument value "1.0;" for key "initial-scale" was truncated to its numeric prefix. (8:http://mashable.com/2012/05/23/google-wins-oracle-suit/?utm_source=feedburner&utm_medium=feed&utm_campaign=Feed%3A+Mashable+%28Mashable%29)
05-23 15:29:48.180: I/TiWebChromeClient.console(2680): (main) [1,66060] Viewport argument value "yes;" for key "user-scalable" not recognized. Content ignored. (8:http://mashable.com/2012/05/23/google-wins-oracle-suit/?utm_source=feedburner&utm_medium=feed&utm_campaign=Feed%3A+Mashable+%28Mashable%29)
05-23 15:29:48.760: I/TiWebChromeClient.console(2680): (main) [580,66640] test (1:http://mashable.com/follow/packages/wp.js?ver=1337803176)
05-23 15:29:50.570: W/webview(2680): Stale touch event ACTION_CANCEL received from webcore; ignoring
05-23 15:29:52.540: I/TiWebChromeClient.console(2680): (main) [3778,70418] Viewport argument value "device-width;" for key "width" not recognized. Content ignored. (8:http://mashable.com/2012/05/23/google-wins-oracle-suit/?utm_source=feedburner&utm_medium=feed&utm_campaign=Feed%3A+Mashable+%28Mashable%29)
05-23 15:29:52.540: I/TiWebChromeClient.console(2680): (main) [1,70419] Viewport argument value "1.0;" for key "initial-scale" was truncated to its numeric prefix. (8:http://mashable.com/2012/05/23/google-wins-oracle-suit/?utm_source=feedburner&utm_medium=feed&utm_campaign=Feed%3A+Mashable+%28Mashable%29)
05-23 15:29:52.540: I/TiWebChromeClient.console(2680): (main) [0,70419] Viewport argument value "yes;" for key "user-scalable" not recognized. Content ignored. (8:http://mashable.com/2012/05/23/google-wins-oracle-suit/?utm_source=feedburner&utm_medium=feed&utm_campaign=Feed%3A+Mashable+%28Mashable%29)
05-23 15:29:53.440: I/TiWebChromeClient.console(2680): (main) [895,71314] test (1:http://mashable.com/follow/packages/wp.js?ver=1337803176)
05-23 15:29:56.860: I/TiWebChromeClient.console(2680): (main) [3423,74737] Viewport argument value "device-width;" for key "width" not recognized. Content ignored. (8:http://mashable.com/2012/05/23/fifty-shades-of-grey/?utm_source=feedburner&utm_medium=feed&utm_campaign=Feed%3A+Mashable+%28Mashable%29)
05-23 15:29:56.860: I/TiWebChromeClient.console(2680): (main) [0,74737] Viewport argument value "1.0;" for key "initial-scale" was truncated to its numeric prefix. (8:http://mashable.com/2012/05/23/fifty-shades-of-grey/?utm_source=feedburner&utm_medium=feed&utm_campaign=Feed%3A+Mashable+%28Mashable%29)
05-23 15:29:56.860: I/TiWebChromeClient.console(2680): (main) [0,74737] Viewport argument value "yes;" for key "user-scalable" not recognized. Content ignored. (8:http://mashable.com/2012/05/23/fifty-shades-of-grey/?utm_source=feedburner&utm_medium=feed&utm_campaign=Feed%3A+Mashable+%28Mashable%29)
05-23 15:29:58.150: I/TiWebChromeClient.console(2680): (main) [1291,76028] test (1:http://mashable.com/follow/packages/wp.js?ver=1337803175)
05-23 15:30:03.930: D/dalvikvm(238): GC_CONCURRENT freed 407K, 75% free 7758K/29895K, paused 3ms+6ms
05-23 15:30:59.580: I/TiWebChromeClient.console(2680): (main) [61427,137455] Viewport argument value "device-width;" for key "width" not recognized. Content ignored. (8:http://mashable.com/2012/05/23/muppets-band-aid-ar-app/?utm_source=feedburner&utm_medium=feed&utm_campaign=Feed%3A+Mashable+%28Mashable%29)
05-23 15:30:59.580: I/TiWebChromeClient.console(2680): (main) [1,137456] Viewport argument value "1.0;" for key "initial-scale" was truncated to its numeric prefix. (8:http://mashable.com/2012/05/23/muppets-band-aid-ar-app/?utm_source=feedburner&utm_medium=feed&utm_campaign=Feed%3A+Mashable+%28Mashable%29)
05-23 15:30:59.580: I/TiWebChromeClient.console(2680): (main) [0,137456] Viewport argument value "yes;" for key "user-scalable" not recognized. Content ignored. (8:http://mashable.com/2012/05/23/muppets-band-aid-ar-app/?utm_source=feedburner&utm_medium=feed&utm_campaign=Feed%3A+Mashable+%28Mashable%29)
05-23 15:31:01.080: I/TiWebChromeClient.console(2680): (main) [1504,138960] test (1:http://mashable.com/follow/packages/wp.js?ver=1337803176)
05-23 15:31:01.090: I/TiWebChromeClient.console(2680): (main) [4,138964] Uncaught TypeError: object is not a function (143:http://s.ytimg.com/yt/jsbin/www-embed_core_module-vfl5WZ9N-.js)
05-23 15:31:01.190: D/dalvikvm(2680): GC_CONCURRENT freed 1564K, 14% free 11248K/12935K, paused 2ms+4ms
05-23 15:31:01.200: W/webview(2680): Miss a drag as we are waiting for WebCore's response for touch down.
05-23 15:31:01.360: V/chromium(2680): external/chromium/net/base/bandwidth_metrics.h:96: [0523/153101:INFO:bandwidth_metrics.h(96)] Bandwidth: 11100.1Kbps (avg 11100.1Kbps)
05-23 15:31:02.050: V/chromium(2680): external/chromium/net/base/bandwidth_metrics.h:96: [0523/153102:INFO:bandwidth_metrics.h(96)] Bandwidth: 11044.8Kbps (avg 11072.4Kbps)
05-23 15:31:05.400: I/TiWebChromeClient.console(2680): (main) [4310,143274] Viewport argument value "device-width;" for key "width" not recognized. Content ignored. (8:http://mashable.com/2012/05/23/jonathan-ive-studio/?utm_source=feedburner&utm_medium=feed&utm_campaign=Feed%3A+Mashable+%28Mashable%29)
05-23 15:31:05.400: I/TiWebChromeClient.console(2680): (main) [0,143274] Viewport argument value "1.0;" for key "initial-scale" was truncated to its numeric prefix. (8:http://mashable.com/2012/05/23/jonathan-ive-studio/?utm_source=feedburner&utm_medium=feed&utm_campaign=Feed%3A+Mashable+%28Mashable%29)
05-23 15:31:05.400: I/TiWebChromeClient.console(2680): (main) [0,143274] Viewport argument value "yes;" for key "user-scalable" not recognized. Content ignored. (8:http://mashable.com/2012/05/23/jonathan-ive-studio/?utm_source=feedburner&utm_medium=feed&utm_campaign=Feed%3A+Mashable+%28Mashable%29)
05-23 15:31:06.570: I/TiWebChromeClient.console(2680): (main) [1170,144444] test (1:http://mashable.com/follow/packages/wp.js?ver=1337803176)
05-23 15:31:10.920: I/TiWebChromeClient.console(2680): (main) [4351,148795] Viewport argument value "device-width;" for key "width" not recognized. Content ignored. (8:http://mashable.com/2012/05/23/fifty-shades-of-grey/?utm_source=feedburner&utm_medium=feed&utm_campaign=Feed%3A+Mashable+%28Mashable%29)
05-23 15:31:10.920: I/TiWebChromeClient.console(2680): (main) [0,148795] Viewport argument value "1.0;" for key "initial-scale" was truncated to its numeric prefix. (8:http://mashable.com/2012/05/23/fifty-shades-of-grey/?utm_source=feedburner&utm_medium=feed&utm_campaign=Feed%3A+Mashable+%28Mashable%29)
05-23 15:31:10.920: I/TiWebChromeClient.console(2680): (main) [0,148795] Viewport argument value "yes;" for key "user-scalable" not recognized. Content ignored. (8:http://mashable.com/2012/05/23/fifty-shades-of-grey/?utm_source=feedburner&utm_medium=feed&utm_campaign=Feed%3A+Mashable+%28Mashable%29)
05-23 15:31:11.520: I/TiWebChromeClient.console(2680): (main) [601,149396] test (1:http://mashable.com/follow/packages/wp.js?ver=1337803175)
05-23 15:31:13.670: W/webview(2680): Skip the huge selection rect:Rect(200, 170 - 840, 570)
05-23 15:31:15.950: I/TiWebChromeClient.console(2680): (main) [4432,153828] Viewport argument value "device-width;" for key "width" not recognized. Content ignored. (8:http://mashable.com/2012/05/23/internet-anonymity/?utm_source=feedburner&utm_medium=feed&utm_campaign=Feed%3A+Mashable+%28Mashable%29)
05-23 15:31:15.950: I/TiWebChromeClient.console(2680): (main) [1,153829] Viewport argument value "1.0;" for key "initial-scale" was truncated to its numeric prefix. (8:http://mashable.com/2012/05/23/internet-anonymity/?utm_source=feedburner&utm_medium=feed&utm_campaign=Feed%3A+Mashable+%28Mashable%29)
05-23 15:31:15.950: I/TiWebChromeClient.console(2680): (main) [0,153829] Viewport argument value "yes;" for key "user-scalable" not recognized. Content ignored. (8:http://mashable.com/2012/05/23/internet-anonymity/?utm_source=feedburner&utm_medium=feed&utm_campaign=Feed%3A+Mashable+%28Mashable%29)
05-23 15:31:17.240: I/TiWebChromeClient.console(2680): (main) [1290,155119] test (1:http://mashable.com/follow/packages/wp.js?ver=1337803175)
05-23 15:31:50.410: D/AndroidRuntime(2806): >>>>>> AndroidRuntime START com.android.internal.os.RuntimeInit <<<<<<
05-23 15:31:50.410: D/AndroidRuntime(2806): CheckJNI is OFF
05-23 15:31:50.590: D/AndroidRuntime(2806): Calling main entry com.android.commands.pm.Pm
05-23 15:31:50.600: W/ActivityManager(161): No content provider found for permission revoke: file:///data/local/tmp/app.apk
05-23 15:31:50.640: D/dalvikvm(1076): GC_CONCURRENT freed 372K, 8% free 6549K/7047K, paused 2ms+3ms
05-23 15:31:50.690: W/ActivityManager(161): No content provider found for permission revoke: file:///data/local/tmp/app.apk
05-23 15:31:51.220: I/PackageManager(161): Removing non-system package:com.appcelerator.sample.rss
05-23 15:31:51.220: I/ActivityManager(161): Force stopping package com.appcelerator.sample.rss uid=10061
05-23 15:31:51.230: I/ActivityManager(161): Killing proc 2680:com.appcelerator.sample.rss/10061: force stop
05-23 15:31:51.230: W/ActivityManager(161): Force removing ActivityRecord{4137b5b0 com.appcelerator.sample.rss/.SampleRssActivity}: app died, no saved state
05-23 15:31:51.300: D/dalvikvm(161): GC_CONCURRENT freed 1605K, 20% free 10791K/13383K, paused 3ms+8ms
05-23 15:31:51.300: I/WindowManager(161): WIN DEATH: Window{413db9e0 com.appcelerator.sample.rss/com.appcelerator.sample.rss.SampleRssActivity paused=false}
05-23 15:31:51.610: I/PackageManager(161): Package com.appcelerator.sample.rss codePath changed from /data/app/com.appcelerator.sample.rss-1.apk to /data/app/com.appcelerator.sample.rss-2.apk; Retaining data and using new
05-23 15:31:51.710: W/InputManagerService(161): Got RemoteException sending setActive(false) notification to pid 2680 uid 10061
05-23 15:31:51.830: D/dalvikvm(360): GC_CONCURRENT freed 2981K, 35% free 12644K/19271K, paused 2ms+8ms
05-23 15:31:52.080: D/dalvikvm(360): GC_CONCURRENT freed 646K, 28% free 14041K/19271K, paused 3ms+7ms
05-23 15:31:52.130: D/dalvikvm(360): GC_FOR_ALLOC freed 1263K, 34% free 12782K/19271K, paused 43ms
05-23 15:31:52.290: D/dalvikvm(360): GC_CONCURRENT freed 1490K, 32% free 13294K/19271K, paused 2ms+7ms
05-23 15:31:52.660: I/PackageManager(161): Running dexopt on: com.appcelerator.sample.rss
05-23 15:31:52.840: D/dalvikvm(2817): DexOpt: 'Lorg/apache/commons/codec/binary/Base64;' has an earlier definition; blocking out
05-23 15:31:52.840: D/dalvikvm(2817): DexOpt: 'Lorg/apache/commons/codec/binary/Hex;' has an earlier definition; blocking out
05-23 15:31:52.860: D/dalvikvm(2817): DexOpt: 'Lorg/w3c/dom/UserDataHandler;' has an earlier definition; blocking out
05-23 15:31:53.010: D/dalvikvm(2817): DexOpt: not verifying/optimizing 'Lorg/apache/commons/codec/binary/Base64;': multiple definitions
05-23 15:31:53.010: D/dalvikvm(2817): DexOpt: not verifying/optimizing 'Lorg/apache/commons/codec/binary/Hex;': multiple definitions
05-23 15:31:53.010: I/dalvikvm(2817): DexOpt: not resolving ambiguous class 'Lorg/apache/commons/codec/binary/Hex;'
05-23 15:31:53.130: I/dalvikvm(2817): DexOpt: not resolving ambiguous class 'Lorg/apache/commons/codec/binary/Base64;'
05-23 15:31:53.140: I/dalvikvm(2817): DexOpt: not resolving ambiguous class 'Lorg/apache/commons/codec/binary/Base64;'
05-23 15:31:53.280: D/dalvikvm(2817): DexOpt: not verifying/optimizing 'Lorg/w3c/dom/UserDataHandler;': multiple definitions
05-23 15:31:53.330: I/dalvikvm(2817): DexOpt: not resolving ambiguous class 'Lorg/apache/commons/codec/binary/Hex;'
05-23 15:31:53.450: D/dalvikvm(2817): DexOpt: load 95ms, verify+opt 541ms
05-23 15:31:55.490: W/PackageManager(161): Code path for pkg : com.appcelerator.sample.rss changing from /data/app/com.appcelerator.sample.rss-1.apk to /data/app/com.appcelerator.sample.rss-2.apk
05-23 15:31:55.490: I/ActivityManager(161): Force stopping package com.appcelerator.sample.rss uid=10061
05-23 15:31:55.490: W/PackageManager(161): Resource path for pkg : com.appcelerator.sample.rss changing from /data/app/com.appcelerator.sample.rss-1.apk to /data/app/com.appcelerator.sample.rss-2.apk
05-23 15:31:55.900: D/PackageManager(161): New package installed in /data/app/com.appcelerator.sample.rss-2.apk
05-23 15:31:56.010: I/ActivityManager(161): Force stopping package com.appcelerator.sample.rss uid=10061
05-23 15:31:56.040: D/PackageManager(161): generateServicesMap(android.accounts.AccountAuthenticator): 3 services unchanged
05-23 15:31:56.060: D/PackageManager(161): generateServicesMap(android.content.SyncAdapter): 12 services unchanged
05-23 15:31:56.060: D/PackageManager(161): generateServicesMap(android.accounts.AccountAuthenticator): 3 services unchanged
05-23 15:31:56.060: D/BackupManagerService(161): Received broadcast Intent { act=android.intent.action.PACKAGE_REMOVED dat=package:com.appcelerator.sample.rss flg=0x10000010 (has extras) }
05-23 15:31:56.070: D/PackageManager(161): generateServicesMap(android.content.SyncAdapter): 12 services unchanged
05-23 15:31:56.080: D/BackupManagerService(161): Received broadcast Intent { act=android.intent.action.PACKAGE_ADDED dat=package:com.appcelerator.sample.rss flg=0x10000010 (has extras) }
05-23 15:31:56.080: V/BackupManagerService(161): updatePackageParticipantsLocked: com.appcelerator.sample.rss
05-23 15:31:56.190: D/AirMail(786): CoreReceiver action: android.intent.action.PACKAGE_REMOVED
05-23 15:31:56.190: D/AirMail(786): Package Removed: com.appcelerator.sample.rss
05-23 15:31:56.210: V/PicasaContentProvider(952): querySettings: defaults: {sync_on_wifi_only=1, auto_upload_account_type=null, sync_on_battery=1, sync_picasa_on_wifi_only=1, auto_upload_enabled=0, video_upload_wifi_only=1, sync_on_roaming=0, auto_upload_account_name=null}
05-23 15:31:56.230: D/dalvikvm(161): GC_CONCURRENT freed 1273K, 22% free 10560K/13383K, paused 3ms+6ms
05-23 15:31:56.240: D/PicasaSyncManager(952): reject PrefetchAlbumCover (*******************) because auto sync is off
05-23 15:31:56.260: V/PicasaContentProvider(952): querySettings: defaults: {sync_on_wifi_only=1, auto_upload_account_type=null, sync_on_battery=1, sync_picasa_on_wifi_only=1, auto_upload_enabled=0, video_upload_wifi_only=1, sync_on_roaming=0, auto_upload_account_name=null}
05-23 15:31:56.260: D/PicasaSyncManager(952): reject PrefetchAlbumCover (*******************) because auto sync is off
05-23 15:31:56.310: D/BackupManagerService(161): Received broadcast Intent { act=android.intent.action.PACKAGE_REPLACED dat=package:com.appcelerator.sample.rss flg=0x10000010 (has extras) }
05-23 15:31:56.310: V/BackupManagerService(161): updatePackageParticipantsLocked: com.appcelerator.sample.rss
05-23 15:31:56.370: D/dalvikvm(952): GC_CONCURRENT freed 433K, 8% free 6766K/7303K, paused 2ms+4ms
05-23 15:31:56.420: D/dalvikvm(360): GC_CONCURRENT freed 2721K, 35% free 12620K/19271K, paused 2ms+14ms
05-23 15:31:56.510: V/PicasaContentProvider(952): querySettings: defaults: {sync_on_wifi_only=1, auto_upload_account_type=null, sync_on_battery=1, sync_picasa_on_wifi_only=1, auto_upload_enabled=0, video_upload_wifi_only=1, sync_on_roaming=0, auto_upload_account_name=null}
05-23 15:31:56.510: D/PicasaSyncManager(952): reject PrefetchScreenNail (*******************) because auto sync is off
05-23 15:31:56.530: V/PicasaContentProvider(952): querySettings: defaults: {sync_on_wifi_only=1, auto_upload_account_type=null, sync_on_battery=1, sync_picasa_on_wifi_only=1, auto_upload_enabled=0, video_upload_wifi_only=1, sync_on_roaming=0, auto_upload_account_name=null}
05-23 15:31:56.530: D/PicasaSyncManager(952): reject PrefetchScreenNail (*******************) because auto sync is off
05-23 15:31:56.570: V/PicasaContentProvider(952): querySettings: defaults: {sync_on_wifi_only=1, auto_upload_account_type=null, sync_on_battery=1, sync_picasa_on_wifi_only=1, auto_upload_enabled=0, video_upload_wifi_only=1, sync_on_roaming=0, auto_upload_account_name=null}
05-23 15:31:56.570: D/PicasaSyncManager(952): reject PrefetchAlbumCover (*******************) because auto sync is off
05-23 15:31:56.570: V/PicasaContentProvider(952): querySettings: defaults: {sync_on_wifi_only=1, auto_upload_account_type=null, sync_on_battery=1, sync_picasa_on_wifi_only=1, auto_upload_enabled=0, video_upload_wifi_only=1, sync_on_roaming=0, auto_upload_account_name=null}
05-23 15:31:56.570: D/dalvikvm(360): GC_FOR_ALLOC freed 1271K, 34% free 12804K/19271K, paused 35ms
05-23 15:31:56.570: D/PicasaSyncManager(952): reject PrefetchAlbumCover (*******************) because auto sync is off
05-23 15:31:56.570: V/PicasaContentProvider(952): querySettings: defaults: {sync_on_wifi_only=1, auto_upload_account_type=null, sync_on_battery=1, sync_picasa_on_wifi_only=1, auto_upload_enabled=0, video_upload_wifi_only=1, sync_on_roaming=0, auto_upload_account_name=null}
05-23 15:31:56.580: D/PicasaSyncManager(952): reject PrefetchScreenNail (*******************) because auto sync is off
05-23 15:31:56.580: V/PicasaContentProvider(952): querySettings: defaults: {sync_on_wifi_only=1, auto_upload_account_type=null, sync_on_battery=1, sync_picasa_on_wifi_only=1, auto_upload_enabled=0, video_upload_wifi_only=1, sync_on_roaming=0, auto_upload_account_name=null}
05-23 15:31:56.580: D/PicasaSyncManager(952): reject PrefetchScreenNail (*******************) because auto sync is off
05-23 15:31:56.600: D/dalvikvm(161): GC_EXPLICIT freed 557K, 22% free 10521K/13383K, paused 13ms+10ms
05-23 15:31:56.650: D/AndroidRuntime(2806): Shutting down VM
05-23 15:31:56.650: D/dalvikvm(360): GC_FOR_ALLOC freed 1289K, 33% free 12939K/19271K, paused 31ms
05-23 15:31:56.660: D/dalvikvm(2806): GC_CONCURRENT freed 101K, 83% free 456K/2560K, paused 0ms+0ms
05-23 15:31:56.660: D/jdwp(2806): Got wake-up signal, bailing out of select
05-23 15:31:56.660: D/dalvikvm(2806): Debugger has detached; object registry had 1 entries
05-23 15:31:56.660: I/AndroidRuntime(2806): NOTE: attach of thread 'Binder Thread #3' failed
05-23 15:31:56.690: D/dalvikvm(161): GC_EXPLICIT freed 71K, 22% free 10452K/13383K, paused 2ms+5ms
05-23 15:31:56.770: D/dalvikvm(360): GC_CONCURRENT freed 295K, 24% free 14689K/19271K, paused 3ms+5ms
05-23 15:31:57.040: D/dalvikvm(360): GC_FOR_ALLOC freed 4128K, 36% free 12452K/19271K, paused 34ms
05-23 15:31:57.240: D/dalvikvm(360): GC_FOR_ALLOC freed 1031K, 34% free 12879K/19271K, paused 32ms
05-23 15:31:57.320: D/dalvikvm(360): GC_CONCURRENT freed 295K, 25% free 14547K/19271K, paused 2ms+7ms
05-23 15:31:57.370: D/dalvikvm(360): GC_FOR_ALLOC freed 1481K, 31% free 13307K/19271K, paused 29ms
05-23 15:31:57.470: D/dalvikvm(360): GC_CONCURRENT freed 1492K, 29% free 13771K/19271K, paused 2ms+5ms
05-23 15:31:59.330: I/ActivityManager(161): START {act=android.intent.action.MAIN cat=[android.intent.category.LAUNCHER] flg=0x10200000 cmp=com.appcelerator.sample.rss/.SampleRssActivity} from pid 360
05-23 15:31:59.400: I/ActivityManager(161): Start proc com.appcelerator.sample.rss for activity com.appcelerator.sample.rss/.SampleRssActivity: pid=2827 uid=10061 gids={1015, 3003}
05-23 15:31:59.410: I/dalvikvm(2827): Turning on JNI app bug workarounds for target SDK version 8...
05-23 15:31:59.420: D/OpenGLRenderer(360): Flushing caches (mode 1)
05-23 15:31:59.440: I/TiApplication(2827): (main) [0,0] checkpoint, app created.
05-23 15:31:59.470: D/OpenGLRenderer(360): Flushing caches (mode 0)
05-23 15:31:59.480: I/TiApplication(2827): (main) [35,35] Titanium 2.0.1 (2012/04/12 16:36 999c68a)
05-23 15:31:59.520: D/dalvikvm(2827): GC_CONCURRENT freed 369K, 7% free 6593K/7047K, paused 3ms+3ms
05-23 15:31:59.570: I/TiApplication(2827): (main) [98,133] Titanium Javascript runtime: v8
05-23 15:31:59.570: D/dalvikvm(2827): Trying to load lib /data/data/com.appcelerator.sample.rss/lib/libstlport_shared.so 0x41081160
05-23 15:31:59.580: D/dalvikvm(2827): Added shared lib /data/data/com.appcelerator.sample.rss/lib/libstlport_shared.so 0x41081160
05-23 15:31:59.580: D/dalvikvm(2827): No JNI_OnLoad found in /data/data/com.appcelerator.sample.rss/lib/libstlport_shared.so 0x41081160, skipping init
05-23 15:31:59.580: D/dalvikvm(2827): Trying to load lib /data/data/com.appcelerator.sample.rss/lib/libkroll-v8.so 0x41081160
05-23 15:31:59.590: I/TiRootActivity(2827): (main) [0,0] checkpoint, on root activity create, savedInstanceState: null
05-23 15:31:59.590: D/dalvikvm(2827): Added shared lib /data/data/com.appcelerator.sample.rss/lib/libkroll-v8.so 0x41081160
05-23 15:31:59.930: E/TiApplication(2827): (KrollRuntimeThread) [341,341] APP PROXY: ti.modules.titanium.app.AppModule@410c1eb0
05-23 15:31:59.940: W/V8Object(2827): Runtime disposed, cannot set property 'userAgent'
05-23 15:31:59.990: D/Module(2827): Loading module: ui/tablet/ApplicationWindow -> Resources/ui/tablet/ApplicationWindow.js
05-23 15:32:00.050: D/Module(2827): Loading module: services/rss -> Resources/services/rss.js
05-23 15:32:00.070: D/Module(2827): Loading module: ui/common/MasterView -> Resources/ui/common/MasterView.js
05-23 15:32:00.090: D/Module(2827): Loading module: ui/common/DetailView -> Resources/ui/common/DetailView.js
05-23 15:32:00.220: D/dalvikvm(2827): GC_CONCURRENT freed 301K, 6% free 6808K/7239K, paused 3ms+4ms
05-23 15:32:00.300: D/dalvikvm(2827): GC_FOR_ALLOC freed 180K, 6% free 6872K/7239K, paused 23ms
05-23 15:32:00.300: I/dalvikvm-heap(2827): Grow heap (frag case) to 7.368MB for 614416-byte allocation
05-23 15:32:00.330: D/dalvikvm(2827): GC_FOR_ALLOC freed 1K, 6% free 7471K/7879K, paused 24ms
05-23 15:32:00.350: I/TiRootActivity(2827): (main) [0,0] checkpoint, on root activity resume. activity = com.appcelerator.sample.rss.SampleRssActivity@4107b7d0
05-23 15:32:00.380: D/dalvikvm(2827): GC_CONCURRENT freed 58K, 5% free 7522K/7879K, paused 2ms+4ms
05-23 15:32:00.390: V/TabletStatusBar(238): setLightsOn(true)
05-23 15:32:00.410: W/InputManagerService(161): Starting input on non-focused client com.android.internal.view.IInputMethodClient$Stub$Proxy@412e10f8 (uid=10022 pid=360)
05-23 15:32:00.510: I/ActivityManager(161): Displayed com.appcelerator.sample.rss/.SampleRssActivity: +1s135ms
05-23 15:32:00.910: D/dalvikvm(2827): GC_FOR_ALLOC freed 153K, 6% free 7574K/8007K, paused 35ms
05-23 15:32:00.970: D/dalvikvm(2827): GC_FOR_ALLOC freed 87K, 7% free 7665K/8199K, paused 44ms
05-23 15:32:00.970: I/dalvikvm-heap(2827): Grow heap (frag case) to 7.907MB for 368656-byte allocation
05-23 15:32:00.980: D/dalvikvm(161): GC_CONCURRENT freed 767K, 21% free 10608K/13383K, paused 5ms+11ms
05-23 15:32:01.010: D/dalvikvm(2827): GC_FOR_ALLOC freed 176K, 9% free 7849K/8583K, paused 35ms
05-23 15:32:01.040: D/dalvikvm(2827): GC_FOR_ALLOC freed 2K, 9% free 7849K/8583K, paused 18ms
05-23 15:32:01.040: I/dalvikvm-heap(2827): Grow heap (frag case) to 8.050MB for 329849-byte allocation
05-23 15:32:01.060: D/dalvikvm(2827): GC_FOR_ALLOC freed 0K, 9% free 8171K/8967K, paused 18ms
05-23 15:32:01.080: D/dalvikvm(2827): GC_FOR_ALLOC freed 368K, 13% free 7810K/8967K, paused 18ms
05-23 15:32:01.080: I/dalvikvm-heap(2827): Grow heap (frag case) to 8.327MB for 659682-byte allocation
05-23 15:32:01.130: D/dalvikvm(2827): GC_CONCURRENT freed 0K, 13% free 8454K/9671K, paused 2ms+3ms
05-23 15:32:01.150: D/dalvikvm(2827): GC_FOR_ALLOC freed 0K, 13% free 8454K/9671K, paused 18ms
05-23 15:32:01.150: I/dalvikvm-heap(2827): Grow heap (frag case) to 8.955MB for 658990-byte allocation
05-23 15:32:01.180: D/dalvikvm(2827): GC_FOR_ALLOC freed 644K, 19% free 8453K/10375K, paused 18ms
05-23 15:32:01.210: D/dalvikvm(2827): GC_FOR_ALLOC freed 1K, 16% free 8778K/10375K, paused 18ms
05-23 15:32:01.230: D/dalvikvm(2827): GC_FOR_ALLOC freed 321K, 13% free 9099K/10375K, paused 18ms
05-23 15:32:01.330: D/dalvikvm(2827): GC_CONCURRENT freed 866K, 13% free 9112K/10375K, paused 2ms+3ms
05-23 15:32:01.460: D/dalvikvm(2827): GC_CONCURRENT freed 469K, 9% free 9521K/10375K, paused 2ms+2ms
05-23 15:32:01.540: W/Element(2827): (KrollRuntimeThread) [1193,1193] The text property of Element is deprecated, use textContent instead.
05-23 15:32:01.540: W/Element(2827): (KrollRuntimeThread) [1,1194] The text property of Element is deprecated, use textContent instead.
05-23 15:32:01.540: W/Element(2827): (KrollRuntimeThread) [1,1195] The text property of Element is deprecated, use textContent instead.
05-23 15:32:01.550: W/Element(2827): (KrollRuntimeThread) [4,1199] The text property of Element is deprecated, use textContent instead.
05-23 15:32:01.550: W/Element(2827): (KrollRuntimeThread) [1,1200] The text property of Element is deprecated, use textContent instead.
05-23 15:32:01.550: W/Element(2827): (KrollRuntimeThread) [0,1200] The text property of Element is deprecated, use textContent instead.
05-23 15:32:01.550: W/Element(2827): (KrollRuntimeThread) [6,1206] The text property of Element is deprecated, use textContent instead.
05-23 15:32:01.560: W/Element(2827): (KrollRuntimeThread) [1,1207] The text property of Element is deprecated, use textContent instead.
05-23 15:32:01.560: W/Element(2827): (KrollRuntimeThread) [1,1208] The text property of Element is deprecated, use textContent instead.
05-23 15:32:01.560: W/Element(2827): (KrollRuntimeThread) [2,1210] The text property of Element is deprecated, use textContent instead.
05-23 15:32:01.560: W/Element(2827): (KrollRuntimeThread) [1,1211] The text property of Element is deprecated, use textContent instead.
05-23 15:32:01.560: W/Element(2827): (KrollRuntimeThread) [0,1211] The text property of Element is deprecated, use textContent instead.
05-23 15:32:01.560: W/Element(2827): (KrollRuntimeThread) [2,1213] The text property of Element is deprecated, use textContent instead.
05-23 15:32:01.560: W/Element(2827): (KrollRuntimeThread) [1,1214] The text property of Element is deprecated, use textContent instead.
05-23 15:32:01.560: W/Element(2827): (KrollRuntimeThread) [1,1215] The text property of Element is deprecated, use textContent instead.
05-23 15:32:01.570: W/Element(2827): (KrollRuntimeThread) [4,1219] The text property of Element is deprecated, use textContent instead.
05-23 15:32:01.570: W/Element(2827): (KrollRuntimeThread) [1,1220] The text property of Element is deprecated, use textContent instead.
05-23 15:32:01.570: W/Element(2827): (KrollRuntimeThread) [0,1220] The text property of Element is deprecated, use textContent instead.
05-23 15:32:01.570: W/Element(2827): (KrollRuntimeThread) [2,1222] The text property of Element is deprecated, use textContent instead.
05-23 15:32:01.570: W/Element(2827): (KrollRuntimeThread) [1,1223] The text property of Element is deprecated, use textContent instead.
05-23 15:32:01.570: W/Element(2827): (KrollRuntimeThread) [0,1223] The text property of Element is deprecated, use textContent instead.
05-23 15:32:01.570: W/Element(2827): (KrollRuntimeThread) [2,1225] The text property of Element is deprecated, use textContent instead.
05-23 15:32:01.570: W/Element(2827): (KrollRuntimeThread) [0,1225] The text property of Element is deprecated, use textContent instead.
05-23 15:32:01.570: W/Element(2827): (KrollRuntimeThread) [1,1226] The text property of Element is deprecated, use textContent instead.
05-23 15:32:01.580: W/Element(2827): (KrollRuntimeThread) [2,1228] The text property of Element is deprecated, use textContent instead.
05-23 15:32:01.580: W/Element(2827): (KrollRuntimeThread) [1,1229] The text property of Element is deprecated, use textContent instead.
05-23 15:32:01.580: W/Element(2827): (KrollRuntimeThread) [0,1229] The text property of Element is deprecated, use textContent instead.
05-23 15:32:01.580: W/Element(2827): (KrollRuntimeThread) [2,1231] The text property of Element is deprecated, use textContent instead.
05-23 15:32:01.580: W/Element(2827): (KrollRuntimeThread) [1,1232] The text property of Element is deprecated, use textContent instead.
05-23 15:32:01.580: W/Element(2827): (KrollRuntimeThread) [2,1234] The text property of Element is deprecated, use textContent instead.
05-23 15:32:01.600: D/dalvikvm(2827): GC_CONCURRENT freed 1150K, 12% free 9407K/10631K, paused 2ms+9ms
05-23 15:32:01.600: W/Element(2827): (KrollRuntimeThread) [15,1249] The text property of Element is deprecated, use textContent instead.
05-23 15:32:01.600: W/Element(2827): (KrollRuntimeThread) [0,1249] The text property of Element is deprecated, use textContent instead.
05-23 15:32:01.600: W/Element(2827): (KrollRuntimeThread) [1,1250] The text property of Element is deprecated, use textContent instead.
05-23 15:32:01.600: W/Element(2827): (KrollRuntimeThread) [2,1252] The text property of Element is deprecated, use textContent instead.
05-23 15:32:01.600: W/Element(2827): (KrollRuntimeThread) [0,1252] The text property of Element is deprecated, use textContent instead.
05-23 15:32:01.600: W/Element(2827): (KrollRuntimeThread) [1,1253] The text property of Element is deprecated, use textContent instead.
05-23 15:32:01.600: W/Element(2827): (KrollRuntimeThread) [2,1255] The text property of Element is deprecated, use textContent instead.
05-23 15:32:01.600: W/Element(2827): (KrollRuntimeThread) [0,1255] The text property of Element is deprecated, use textContent instead.
05-23 15:32:01.600: W/Element(2827): (KrollRuntimeThread) [1,1256] The text property of Element is deprecated, use textContent instead.
05-23 15:32:01.610: W/Element(2827): (KrollRuntimeThread) [2,1258] The text property of Element is deprecated, use textContent instead.
05-23 15:32:01.620: W/Element(2827): (KrollRuntimeThread) [11,1269] The text property of Element is deprecated, use textContent instead.
05-23 15:32:01.620: W/Element(2827): (KrollRuntimeThread) [1,1270] The text property of Element is deprecated, use textContent instead.
05-23 15:32:01.620: W/Element(2827): (KrollRuntimeThread) [1,1271] The text property of Element is deprecated, use textContent instead.
05-23 15:32:01.620: W/Element(2827): (KrollRuntimeThread) [1,1272] The text property of Element is deprecated, use textContent instead.
05-23 15:32:01.620: W/Element(2827): (KrollRuntimeThread) [0,1272] The text property of Element is deprecated, use textContent instead.
05-23 15:32:01.620: W/Element(2827): (KrollRuntimeThread) [2,1274] The text property of Element is deprecated, use textContent instead.
05-23 15:32:01.620: W/Element(2827): (KrollRuntimeThread) [0,1274] The text property of Element is deprecated, use textContent instead.
05-23 15:32:01.620: W/Element(2827): (KrollRuntimeThread) [1,1275] The text property of Element is deprecated, use textContent instead.
05-23 15:32:01.620: W/Element(2827): (KrollRuntimeThread) [1,1276] The text property of Element is deprecated, use textContent instead.
05-23 15:32:01.630: W/Element(2827): (KrollRuntimeThread) [3,1279] The text property of Element is deprecated, use textContent instead.
05-23 15:32:01.630: W/Element(2827): (KrollRuntimeThread) [1,1280] The text property of Element is deprecated, use textContent instead.
05-23 15:32:01.630: W/Element(2827): (KrollRuntimeThread) [2,1282] The text property of Element is deprecated, use textContent instead.
05-23 15:32:01.630: W/Element(2827): (KrollRuntimeThread) [0,1282] The text property of Element is deprecated, use textContent instead.
05-23 15:32:01.630: W/Element(2827): (KrollRuntimeThread) [1,1283] The text property of Element is deprecated, use textContent instead.
05-23 15:32:01.640: W/Element(2827): (KrollRuntimeThread) [6,1289] The text property of Element is deprecated, use textContent instead.
05-23 15:32:01.640: W/Element(2827): (KrollRuntimeThread) [0,1289] The text property of Element is deprecated, use textContent instead.
05-23 15:32:01.640: W/Element(2827): (KrollRuntimeThread) [1,1290] The text property of Element is deprecated, use textContent instead.
05-23 15:32:01.640: W/Element(2827): (KrollRuntimeThread) [1,1291] The text property of Element is deprecated, use textContent instead.
05-23 15:32:01.640: W/Element(2827): (KrollRuntimeThread) [1,1292] The text property of Element is deprecated, use textContent instead.
05-23 15:32:01.640: W/Element(2827): (KrollRuntimeThread) [0,1292] The text property of Element is deprecated, use textContent instead.
05-23 15:32:01.640: W/Element(2827): (KrollRuntimeThread) [2,1294] The text property of Element is deprecated, use textContent instead.
05-23 15:32:01.640: W/Element(2827): (KrollRuntimeThread) [0,1294] The text property of Element is deprecated, use textContent instead.
05-23 15:32:01.640: W/Element(2827): (KrollRuntimeThread) [1,1295] The text property of Element is deprecated, use textContent instead.
05-23 15:32:01.650: W/Element(2827): (KrollRuntimeThread) [2,1297] The text property of Element is deprecated, use textContent instead.
05-23 15:32:01.650: W/Element(2827): (KrollRuntimeThread) [0,1297] The text property of Element is deprecated, use textContent instead.
05-23 15:32:01.650: W/Element(2827): (KrollRuntimeThread) [1,1298] The text property of Element is deprecated, use textContent instead.
05-23 15:32:01.650: W/Element(2827): (KrollRuntimeThread) [1,1299] The text property of Element is deprecated, use textContent instead.
05-23 15:32:01.650: W/Element(2827): (KrollRuntimeThread) [1,1300] The text property of Element is deprecated, use textContent instead.
05-23 15:32:01.650: W/Element(2827): (KrollRuntimeThread) [0,1300] The text property of Element is deprecated, use textContent instead.
05-23 15:32:01.650: W/Element(2827): (KrollRuntimeThread) [2,1302] The text property of Element is deprecated, use textContent instead.
05-23 15:32:01.650: W/Element(2827): (KrollRuntimeThread) [0,1302] The text property of Element is deprecated, use textContent instead.
05-23 15:32:01.650: W/Element(2827): (KrollRuntimeThread) [1,1303] The text property of Element is deprecated, use textContent instead.
05-23 15:32:01.650: W/Element(2827): (KrollRuntimeThread) [2,1305] The text property of Element is deprecated, use textContent instead.
05-23 15:32:01.650: W/Element(2827): (KrollRuntimeThread) [1,1306] The text property of Element is deprecated, use textContent instead.
05-23 15:32:01.660: W/Element(2827): (KrollRuntimeThread) [2,1308] The text property of Element is deprecated, use textContent instead.
05-23 15:32:01.660: W/Element(2827): (KrollRuntimeThread) [2,1310] The text property of Element is deprecated, use textContent instead.
05-23 15:32:01.660: W/Element(2827): (KrollRuntimeThread) [0,1310] The text property of Element is deprecated, use textContent instead.
05-23 15:32:01.660: W/Element(2827): (KrollRuntimeThread) [1,1311] The text property of Element is deprecated, use textContent instead.
05-23 15:32:01.660: W/Element(2827): (KrollRuntimeThread) [2,1313] The text property of Element is deprecated, use textContent instead.
05-23 15:32:01.660: W/Element(2827): (KrollRuntimeThread) [0,1313] The text property of Element is deprecated, use textContent instead.
05-23 15:32:01.660: W/Element(2827): (KrollRuntimeThread) [2,1315] The text property of Element is deprecated, use textContent instead.
05-23 15:32:01.660: W/Element(2827): (KrollRuntimeThread) [1,1316] The text property of Element is deprecated, use textContent instead.
05-23 15:32:01.660: W/Element(2827): (KrollRuntimeThread) [0,1316] The text property of Element is deprecated, use textContent instead.
05-23 15:32:01.670: W/Element(2827): (KrollRuntimeThread) [1,1317] The text property of Element is deprecated, use textContent instead.
05-23 15:32:01.670: W/Element(2827): (KrollRuntimeThread) [4,1321] The text property of Element is deprecated, use textContent instead.
05-23 15:32:01.670: W/Element(2827): (KrollRuntimeThread) [2,1323] The text property of Element is deprecated, use textContent instead.
05-23 15:32:01.670: W/Element(2827): (KrollRuntimeThread) [0,1323] The text property of Element is deprecated, use textContent instead.
05-23 15:32:01.670: W/Element(2827): (KrollRuntimeThread) [1,1324] The text property of Element is deprecated, use textContent instead.
05-23 15:32:01.670: W/Element(2827): (KrollRuntimeThread) [1,1325] The text property of Element is deprecated, use textContent instead.
05-23 15:32:01.670: W/Element(2827): (KrollRuntimeThread) [0,1325] The text property of Element is deprecated, use textContent instead.
05-23 15:32:01.850: D/dalvikvm(2827): GC_CONCURRENT freed 614K, 9% free 9775K/10631K, paused 2ms+4ms
05-23 15:32:02.000: D/dalvikvm(2827): GC_FOR_ALLOC freed 484K, 9% free 10111K/11015K, paused 29ms
05-23 15:32:03.070: I/TiWebChromeClient.console(2827): (main) [1400,2725] Viewport argument value "device-width;" for key "width" not recognized. Content ignored. (8:http://mashable.com/2012/05/23/valleygirl-practice-fusion/?utm_source=feedburner&utm_medium=feed&utm_campaign=Feed%3A+Mashable+%28Mashable%29)
05-23 15:32:03.070: I/TiWebChromeClient.console(2827): (main) [0,2725] Viewport argument value "1.0;" for key "initial-scale" was truncated to its numeric prefix. (8:http://mashable.com/2012/05/23/valleygirl-practice-fusion/?utm_source=feedburner&utm_medium=feed&utm_campaign=Feed%3A+Mashable+%28Mashable%29)
05-23 15:32:03.070: I/TiWebChromeClient.console(2827): (main) [1,2726] Viewport argument value "yes;" for key "user-scalable" not recognized. Content ignored. (8:http://mashable.com/2012/05/23/valleygirl-practice-fusion/?utm_source=feedburner&utm_medium=feed&utm_campaign=Feed%3A+Mashable+%28Mashable%29)
05-23 15:32:04.300: I/TiWebChromeClient.console(2827): (main) [1228,3954] test (1:http://mashable.com/follow/packages/wp.js?ver=1337803175)
05-23 15:32:05.180: D/dalvikvm(2827): GC_CONCURRENT freed 920K, 9% free 10384K/11399K, paused 2ms+5ms
05-23 15:32:05.910: W/webview(2827): Miss a drag as we are waiting for WebCore's response for touch down.
05-23 15:32:07.400: I/TiWebChromeClient.console(2827): (main) [3093,7047] Element not defined for binding: videoList (197:http://admin.brightcove.com/viewer/us20120522.1334/js/BrightcovePlayer.js)
05-23 15:32:07.490: D/ShaderProgram(2827): couldn't load the vertex shader!
05-23 15:32:07.490: D/ShaderProgram(2827): couldn't load the vertex shader!
05-23 15:32:07.490: D/ShaderProgram(2827): couldn't load the vertex shader!
05-23 15:32:07.490: D/ShaderProgram(2827): couldn't load the vertex shader!
05-23 15:32:07.490: D/ShaderProgram(2827): couldn't load the vertex shader!
05-23 15:32:11.320: W/webview(2827): Miss a drag as we are waiting for WebCore's response for touch down.
05-23 15:32:11.560: W/webview(2827): Miss a drag as we are waiting for WebCore's response for touch down.
05-23 15:32:12.200: W/webview(2827): Miss a drag as we are waiting for WebCore's response for touch down.
05-23 15:32:12.980: W/webview(2827): Miss a drag as we are waiting for WebCore's response for touch down.
05-23 15:32:13.810: W/webview(2827): Miss a drag as we are waiting for WebCore's response for touch down.
05-23 15:32:14.460: W/webview(2827): Miss a drag as we are waiting for WebCore's response for touch down.
05-23 15:32:15.500: W/webview(2827): Miss a drag as we are waiting for WebCore's response for touch down.
05-23 15:32:16.290: W/webview(2827): Miss a drag as we are waiting for WebCore's response for touch down.
05-23 15:32:17.090: W/webview(2827): Miss a drag as we are waiting for WebCore's response for touch down.
05-23 15:32:18.470: W/webview(2827): Miss a drag as we are waiting for WebCore's response for touch down.
05-23 15:32:21.120: I/AirMail(786): Service started with intent=Intent { act=com.urbanairship.airmail.HEARTBEAT flg=0x4 cmp=com.urbanairship.airmail/.AirMailService (has extras) }
05-23 15:32:21.120: D/AirMail(786): ** HB - AirMailService started: false
05-23 15:32:21.120: D/AirMail(786): ** HB - threadRunning: false
05-23 15:32:21.120: I/AirMail(786): AMCP Heartbeat triggered, but in holding pattern. Will restart after 1338227624 (Currently: 1337812341).
05-23 15:32:22.670: W/webview(2827): Miss a drag as we are waiting for WebCore's response for touch down.
05-23 15:32:23.650: W/webview(2827): Miss a drag as we are waiting for WebCore's response for touch down.
05-23 15:32:25.730: I/TiWebChromeClient.console(2827): (main) [18330,25377] Viewport argument value "device-width;" for key "width" not recognized. Content ignored. (8:http://mashable.com/2012/05/23/how-to-play-take-on-me-on-the-moog-google-doodle/?utm_source=feedburner&utm_medium=feed&utm_campaign=Feed%3A+Mashable+%28Mashable%29)
05-23 15:32:25.730: I/TiWebChromeClient.console(2827): (main) [0,25377] Viewport argument value "1.0;" for key "initial-scale" was truncated to its numeric prefix. (8:http://mashable.com/2012/05/23/how-to-play-take-on-me-on-the-moog-google-doodle/?utm_source=feedburner&utm_medium=feed&utm_campaign=Feed%3A+Mashable+%28Mashable%29)
05-23 15:32:25.730: I/TiWebChromeClient.console(2827): (main) [1,25378] Viewport argument value "yes;" for key "user-scalable" not recognized. Content ignored. (8:http://mashable.com/2012/05/23/how-to-play-take-on-me-on-the-moog-google-doodle/?utm_source=feedburner&utm_medium=feed&utm_campaign=Feed%3A+Mashable+%28Mashable%29)
05-23 15:32:27.220: I/TiWebChromeClient.console(2827): (main) [1497,26875] test (1:http://mashable.com/follow/packages/wp.js?ver=1337803175)
05-23 15:32:27.280: I/TiWebChromeClient.console(2827): (main) [53,26928] Uncaught TypeError: Cannot call method 'replace' of null (1:http://mashable.com/wp-content/assets/gallery.js?ver=1337779142)
05-23 15:32:29.790: W/TiAnalyticsSvc(2827): (Thread-205) [2518,29446] Analytics Service Started
05-23 15:32:29.850: I/TiAnalyticsSvc(2827): (Thread-205) [58,29504] Sending 1 analytics events.
05-23 15:32:30.590: W/TiAnalyticsSvc(2827): (Thread-205) [737,30241] Stopping Analytics Service
05-23 15:32:42.740: I/TiWebChromeClient.console(2827): (main) [12148,42389] Viewport argument value "device-width;" for key "width" not recognized. Content ignored. (8:http://mashable.com/2012/05/23/should-the-person-texting-a-driver-be-punished-too-poll/?utm_source=feedburner&utm_medium=feed&utm_campaign=Feed%3A+Mashable+%28Mashable%29)
05-23 15:32:42.740: I/TiWebChromeClient.console(2827): (main) [0,42389] Viewport argument value "1.0;" for key "initial-scale" was truncated to its numeric prefix. (8:http://mashable.com/2012/05/23/should-the-person-texting-a-driver-be-punished-too-poll/?utm_source=feedburner&utm_medium=feed&utm_campaign=Feed%3A+Mashable+%28Mashable%29)
05-23 15:32:42.740: I/TiWebChromeClient.console(2827): (main) [0,42389] Viewport argument value "yes;" for key "user-scalable" not recognized. Content ignored. (8:http://mashable.com/2012/05/23/should-the-person-texting-a-driver-be-punished-too-poll/?utm_source=feedburner&utm_medium=feed&utm_campaign=Feed%3A+Mashable+%28Mashable%29)
05-23 15:32:43.210: D/dalvikvm(2827): GC_CONCURRENT freed 1359K, 13% free 10348K/11783K, paused 2ms+5ms
05-23 15:32:43.550: I/TiWebChromeClient.console(2827): (main) [811,43200] test (1:http://mashable.com/follow/packages/wp.js?ver=1337803175)
05-23 15:32:44.190: W/webview(2827): Miss a drag as we are waiting for WebCore's response for touch down.
05-23 15:32:46.920: W/webview(2827): Miss a drag as we are waiting for WebCore's response for touch down.
05-23 15:32:51.080: I/TiWebChromeClient.console(2827): (main) [7535,50735] Viewport argument value "device-width;" for key "width" not recognized. Content ignored. (8:http://mashable.com/2012/05/23/hp-cuts-27000-jobs/?utm_source=feedburner&utm_medium=feed&utm_campaign=Feed%3A+Mashable+%28Mashable%29)
05-23 15:32:51.080: I/TiWebChromeClient.console(2827): (main) [0,50735] Viewport argument value "1.0;" for key "initial-scale" was truncated to its numeric prefix. (8:http://mashable.com/2012/05/23/hp-cuts-27000-jobs/?utm_source=feedburner&utm_medium=feed&utm_campaign=Feed%3A+Mashable+%28Mashable%29)
05-23 15:32:51.080: I/TiWebChromeClient.console(2827): (main) [0,50735] Viewport argument value "yes;" for key "user-scalable" not recognized. Content ignored. (8:http://mashable.com/2012/05/23/hp-cuts-27000-jobs/?utm_source=feedburner&utm_medium=feed&utm_campaign=Feed%3A+Mashable+%28Mashable%29)
05-23 15:32:51.870: I/TiWebChromeClient.console(2827): (main) [786,51521] test (1:http://mashable.com/follow/packages/wp.js?ver=1337803176)
05-23 15:32:56.340: I/TiWebChromeClient.console(2827): (main) [4472,55993] Viewport argument value "device-width;" for key "width" not recognized. Content ignored. (8:http://mashable.com/2012/05/23/dwts-glee-idol-finales-twitter-getglue/?utm_source=feedburner&utm_medium=feed&utm_campaign=Feed%3A+Mashable+%28Mashable%29)
05-23 15:32:56.340: I/TiWebChromeClient.console(2827): (main) [0,55993] Viewport argument value "1.0;" for key "initial-scale" was truncated to its numeric prefix. (8:http://mashable.com/2012/05/23/dwts-glee-idol-finales-twitter-getglue/?utm_source=feedburner&utm_medium=feed&utm_campaign=Feed%3A+Mashable+%28Mashable%29)
05-23 15:32:56.340: I/TiWebChromeClient.console(2827): (main) [0,55993] Viewport argument value "yes;" for key "user-scalable" not recognized. Content ignored. (8:http://mashable.com/2012/05/23/dwts-glee-idol-finales-twitter-getglue/?utm_source=feedburner&utm_medium=feed&utm_campaign=Feed%3A+Mashable+%28Mashable%29)
05-23 15:32:57.800: I/TiWebChromeClient.console(2827): (main) [1454,57447] test (1:http://mashable.com/follow/packages/wp.js?ver=1337803175)
05-23 15:33:04.020: I/TiWebChromeClient.console(2827): (main) [6221,63668] Uncaught TypeError: object is not a function (143:http://s.ytimg.com/yt/jsbin/www-embed_core_module-vfl5WZ9N-.js)
05-23 15:33:04.360: I/TiWebChromeClient.console(2827): (main) [339,64007] Viewport argument value "device-width;" for key "width" not recognized. Content ignored. (8:http://mashable.com/2012/05/23/facebook-unfriend-nasdaq-nyse/?utm_source=feedburner&utm_medium=feed&utm_campaign=Feed%3A+Mashable+%28Mashable%29)
