05-23 15:33:04.360: I/TiWebChromeClient.console(2827): (main) [0,64007] Viewport argument value "1.0;" for key "initial-scale" was truncated to its numeric prefix. (8:http://mashable.com/2012/05/23/facebook-unfriend-nasdaq-nyse/?utm_source=feedburner&utm_medium=feed&utm_campaign=Feed%3A+Mashable+%28Mashable%29)
05-23 15:33:04.360: I/TiWebChromeClient.console(2827): (main) [1,64008] Viewport argument value "yes;" for key "user-scalable" not recognized. Content ignored. (8:http://mashable.com/2012/05/23/facebook-unfriend-nasdaq-nyse/?utm_source=feedburner&utm_medium=feed&utm_campaign=Feed%3A+Mashable+%28Mashable%29)
05-23 15:33:05.370: I/TiWebChromeClient.console(2827): (main) [1014,65022] test (1:http://mashable.com/follow/packages/wp.js?ver=1337803175)
05-23 15:33:05.820: E/webcoreglue(2827): Should not happen: no rect-based-test nodes found
05-23 15:33:09.660: D/dalvikvm(2827): GC_CONCURRENT freed 1260K, 13% free 10296K/11783K, paused 3ms+4ms
05-23 15:33:13.420: I/TiWebChromeClient.console(2827): (main) [8050,73072] Viewport argument value "device-width;" for key "width" not recognized. Content ignored. (8:http://mashable.com/2012/05/23/cell-tower-worker-deaths/?utm_source=feedburner&utm_medium=feed&utm_campaign=Feed%3A+Mashable+%28Mashable%29)
05-23 15:33:13.420: I/TiWebChromeClient.console(2827): (main) [0,73072] Viewport argument value "1.0;" for key "initial-scale" was truncated to its numeric prefix. (8:http://mashable.com/2012/05/23/cell-tower-worker-deaths/?utm_source=feedburner&utm_medium=feed&utm_campaign=Feed%3A+Mashable+%28Mashable%29)
05-23 15:33:13.420: I/TiWebChromeClient.console(2827): (main) [0,73072] Viewport argument value "yes;" for key "user-scalable" not recognized. Content ignored. (8:http://mashable.com/2012/05/23/cell-tower-worker-deaths/?utm_source=feedburner&utm_medium=feed&utm_campaign=Feed%3A+Mashable+%28Mashable%29)
05-23 15:33:14.300: I/TiWebChromeClient.console(2827): (main) [878,73950] test (1:http://mashable.com/follow/packages/wp.js?ver=1337803176)
05-23 15:33:16.710: W/webview(2827): Miss a drag as we are waiting for WebCore's response for touch down.
05-23 15:33:16.870: I/TiWebChromeClient.console(2827): (main) [2574,76524] Element not defined for binding: videoList (197:http://admin.brightcove.com/viewer/us20120522.1334/js/BrightcovePlayer.js)
05-23 15:33:18.320: W/webview(2827): Miss a drag as we are waiting for WebCore's response for touch down.
05-23 15:33:20.060: W/webview(2827): Miss a drag as we are waiting for WebCore's response for touch down.
05-23 15:33:21.600: I/TiWebChromeClient.console(2827): (main) [4732,81256] Viewport argument value "device-width;" for key "width" not recognized. Content ignored. (8:http://mashable.com/2012/05/23/fake-facebook-suicide-teen-suspended/?utm_source=feedburner&utm_medium=feed&utm_campaign=Feed%3A+Mashable+%28Mashable%29)
05-23 15:33:21.600: I/TiWebChromeClient.console(2827): (main) [0,81256] Viewport argument value "1.0;" for key "initial-scale" was truncated to its numeric prefix. (8:http://mashable.com/2012/05/23/fake-facebook-suicide-teen-suspended/?utm_source=feedburner&utm_medium=feed&utm_campaign=Feed%3A+Mashable+%28Mashable%29)
05-23 15:33:21.600: I/TiWebChromeClient.console(2827): (main) [0,81256] Viewport argument value "yes;" for key "user-scalable" not recognized. Content ignored. (8:http://mashable.com/2012/05/23/fake-facebook-suicide-teen-suspended/?utm_source=feedburner&utm_medium=feed&utm_campaign=Feed%3A+Mashable+%28Mashable%29)
05-23 15:33:23.200: I/TiWebChromeClient.console(2827): (main) [1599,82855] test (1:http://mashable.com/follow/packages/wp.js?ver=1337803175)
05-23 15:33:23.450: W/webview(2827): Miss a drag as we are waiting for WebCore's response for touch down.
05-23 15:33:23.450: I/TiWebChromeClient.console(2827): (main) [246,83101] Uncaught TypeError: object is not a function (143:http://s.ytimg.com/yt/jsbin/www-embed_core_module-vfl5WZ9N-.js)
05-23 15:33:24.020: W/webview(2827): Miss a drag as we are waiting for WebCore's response for touch down.
05-23 15:33:25.760: W/webview(2827): Miss a drag as we are waiting for WebCore's response for touch down.
05-23 15:33:26.030: W/webview(2827): Miss a drag as we are waiting for WebCore's response for touch down.
05-23 15:33:30.120: I/TiWebChromeClient.console(2827): (main) [6671,89772] Viewport argument value "device-width;" for key "width" not recognized. Content ignored. (8:http://mashable.com/2012/05/23/entrepreneurs-outsource-options-delegate/?utm_source=feedburner&utm_medium=feed&utm_campaign=Feed%3A+Mashable+%28Mashable%29)
05-23 15:33:30.120: I/TiWebChromeClient.console(2827): (main) [0,89772] Viewport argument value "1.0;" for key "initial-scale" was truncated to its numeric prefix. (8:http://mashable.com/2012/05/23/entrepreneurs-outsource-options-delegate/?utm_source=feedburner&utm_medium=feed&utm_campaign=Feed%3A+Mashable+%28Mashable%29)
05-23 15:33:30.120: I/TiWebChromeClient.console(2827): (main) [0,89772] Viewport argument value "yes;" for key "user-scalable" not recognized. Content ignored. (8:http://mashable.com/2012/05/23/entrepreneurs-outsource-options-delegate/?utm_source=feedburner&utm_medium=feed&utm_campaign=Feed%3A+Mashable+%28Mashable%29)
05-23 15:33:30.950: I/TiWebChromeClient.console(2827): (main) [825,90597] test (1:http://mashable.com/follow/packages/wp.js?ver=1337803175)
05-23 15:33:31.570: W/webview(2827): Stale touch event ACTION_DOWN received from webcore; ignoring
05-23 15:33:31.780: W/webview(2827): Stale touch event ACTION_CANCEL received from webcore; ignoring
05-23 15:33:34.380: W/webview(2827): Miss a drag as we are waiting for WebCore's response for touch down.
05-23 15:33:36.490: W/webview(2827): Miss a drag as we are waiting for WebCore's response for touch down.
05-23 15:33:38.050: D/dalvikvm(2827): GC_CONCURRENT freed 1120K, 13% free 10352K/11783K, paused 2ms+3ms
05-23 15:33:38.170: D/dalvikvm(2827): GC_FOR_ALLOC freed 216K, 13% free 10369K/11783K, paused 28ms
05-23 15:33:38.170: I/dalvikvm-heap(2827): Grow heap (frag case) to 10.261MB for 67216-byte allocation
05-23 15:33:38.200: D/dalvikvm(2827): GC_FOR_ALLOC freed 3K, 13% free 10431K/11911K, paused 27ms
05-23 15:33:38.220: D/dalvikvm(2827): GC_FOR_ALLOC freed 8K, 13% free 10422K/11911K, paused 26ms
05-23 15:33:38.220: I/dalvikvm-heap(2827): Grow heap (frag case) to 10.313MB for 67216-byte allocation
05-23 15:33:38.250: D/dalvikvm(2827): GC_FOR_ALLOC freed 0K, 13% free 10488K/12039K, paused 27ms
05-23 15:33:38.280: D/dalvikvm(2827): GC_FOR_ALLOC freed <1K, 13% free 10554K/12039K, paused 27ms
05-23 15:33:38.280: I/dalvikvm-heap(2827): Grow heap (frag case) to 10.441MB for 67216-byte allocation
05-23 15:33:38.310: D/dalvikvm(2827): GC_FOR_ALLOC freed 0K, 13% free 10620K/12167K, paused 27ms
05-23 15:33:38.340: D/dalvikvm(2827): GC_FOR_ALLOC freed <1K, 13% free 10685K/12167K, paused 27ms
05-23 15:33:38.340: I/dalvikvm-heap(2827): Grow heap (frag case) to 10.570MB for 67216-byte allocation
05-23 15:33:38.360: D/dalvikvm(2827): GC_FOR_ALLOC freed 0K, 13% free 10751K/12295K, paused 26ms
05-23 15:33:38.400: D/dalvikvm(2827): GC_FOR_ALLOC freed <1K, 13% free 10817K/12295K, paused 27ms
05-23 15:33:38.400: I/dalvikvm-heap(2827): Grow heap (frag case) to 10.698MB for 67216-byte allocation
05-23 15:33:38.420: D/dalvikvm(2827): GC_FOR_ALLOC freed 0K, 13% free 10883K/12423K, paused 27ms
05-23 15:33:38.450: D/dalvikvm(2827): GC_FOR_ALLOC freed <1K, 12% free 10948K/12423K, paused 27ms
05-23 15:33:38.660: D/dalvikvm(2827): GC_FOR_ALLOC freed 510K, 12% free 11160K/12551K, paused 30ms
05-23 15:33:38.890: D/dalvikvm(2827): GC_FOR_ALLOC freed 788K, 13% free 11259K/12807K, paused 30ms
05-23 15:33:40.240: I/TiWebChromeClient.console(2827): (main) [9299,99896] Viewport argument value "device-width;" for key "width" not recognized. Content ignored. (8:http://mashable.com/2012/05/23/target-shopkick/?utm_source=feedburner&utm_medium=feed&utm_campaign=Feed%3A+Mashable+%28Mashable%29)
05-23 15:33:40.240: I/TiWebChromeClient.console(2827): (main) [0,99896] Viewport argument value "1.0;" for key "initial-scale" was truncated to its numeric prefix. (8:http://mashable.com/2012/05/23/target-shopkick/?utm_source=feedburner&utm_medium=feed&utm_campaign=Feed%3A+Mashable+%28Mashable%29)
05-23 15:33:40.240: I/TiWebChromeClient.console(2827): (main) [0,99896] Viewport argument value "yes;" for key "user-scalable" not recognized. Content ignored. (8:http://mashable.com/2012/05/23/target-shopkick/?utm_source=feedburner&utm_medium=feed&utm_campaign=Feed%3A+Mashable+%28Mashable%29)
05-23 15:33:41.470: I/TiWebChromeClient.console(2827): (main) [1226,101122] test (1:http://mashable.com/follow/packages/wp.js?ver=1337803175)
05-23 15:33:41.520: E/webcoreglue(2827): Should not happen: no rect-based-test nodes found
05-23 15:33:41.700: W/webview(2827): Miss a drag as we are waiting for WebCore's response for touch down.
05-23 15:33:46.460: W/webview(2827): Miss a drag as we are waiting for WebCore's response for touch down.
05-23 15:33:46.750: W/webview(2827): Miss a drag as we are waiting for WebCore's response for touch down.
05-23 15:33:46.950: W/webview(2827): Miss a drag as we are waiting for WebCore's response for touch down.
05-23 15:33:48.760: W/webview(2827): Miss a drag as we are waiting for WebCore's response for touch down.
05-23 15:33:55.080: W/webview(2827): Miss a drag as we are waiting for WebCore's response for touch down.
05-23 15:33:56.010: W/webview(2827): Miss a drag as we are waiting for WebCore's response for touch down.
05-23 15:33:59.700: W/webview(2827): Miss a drag as we are waiting for WebCore's response for touch down.
05-23 15:33:59.910: W/webview(2827): Miss a drag as we are waiting for WebCore's response for touch down.
05-23 15:34:00.130: W/webview(2827): Miss a drag as we are waiting for WebCore's response for touch down.
05-23 15:34:01.040: I/TiWebChromeClient.console(2827): (main) [19567,120689] Viewport argument value "device-width;" for key "width" not recognized. Content ignored. (8:http://mashable.com/2012/05/23/apples-jonathan-ive-is-now-sir-jonathan-to-you/?utm_source=feedburner&utm_medium=feed&utm_campaign=Feed%3A+Mashable+%28Mashable%29)
05-23 15:34:01.040: I/TiWebChromeClient.console(2827): (main) [1,120690] Viewport argument value "1.0;" for key "initial-scale" was truncated to its numeric prefix. (8:http://mashable.com/2012/05/23/apples-jonathan-ive-is-now-sir-jonathan-to-you/?utm_source=feedburner&utm_medium=feed&utm_campaign=Feed%3A+Mashable+%28Mashable%29)
05-23 15:34:01.040: I/TiWebChromeClient.console(2827): (main) [0,120690] Viewport argument value "yes;" for key "user-scalable" not recognized. Content ignored. (8:http://mashable.com/2012/05/23/apples-jonathan-ive-is-now-sir-jonathan-to-you/?utm_source=feedburner&utm_medium=feed&utm_campaign=Feed%3A+Mashable+%28Mashable%29)
05-23 15:34:02.240: I/TiWebChromeClient.console(2827): (main) [1206,121896] test (1:http://mashable.com/follow/packages/wp.js?ver=1337803175)
05-23 15:34:13.740: I/TiWebChromeClient.console(2827): (main) [11497,133393] Viewport argument value "device-width;" for key "width" not recognized. Content ignored. (8:http://mashable.com/2012/05/23/online-checkout-problems/?utm_source=feedburner&utm_medium=feed&utm_campaign=Feed%3A+Mashable+%28Mashable%29)
05-23 15:34:13.740: I/TiWebChromeClient.console(2827): (main) [0,133393] Viewport argument value "1.0;" for key "initial-scale" was truncated to its numeric prefix. (8:http://mashable.com/2012/05/23/online-checkout-problems/?utm_source=feedburner&utm_medium=feed&utm_campaign=Feed%3A+Mashable+%28Mashable%29)
05-23 15:34:13.740: I/TiWebChromeClient.console(2827): (main) [0,133393] Viewport argument value "yes;" for key "user-scalable" not recognized. Content ignored. (8:http://mashable.com/2012/05/23/online-checkout-problems/?utm_source=feedburner&utm_medium=feed&utm_campaign=Feed%3A+Mashable+%28Mashable%29)
05-23 15:34:14.690: D/dalvikvm(2827): GC_CONCURRENT freed 1443K, 13% free 11294K/12871K, paused 3ms+4ms
05-23 15:34:15.020: I/TiWebChromeClient.console(2827): (main) [1275,134668] test (1:http://mashable.com/follow/packages/wp.js?ver=1337803175)
05-23 15:34:17.540: D/dalvikvm(238): GC_CONCURRENT freed 385K, 75% free 7757K/29895K, paused 2ms+6ms
05-23 15:34:31.370: I/TiWebChromeClient.console(2827): (main) [16356,151024] Viewport argument value "device-width;" for key "width" not recognized. Content ignored. (8:http://mashable.com/2012/05/23/diablo-3-fastest-selling/?utm_source=feedburner&utm_medium=feed&utm_campaign=Feed%3A+Mashable+%28Mashable%29)
05-23 15:34:31.370: I/TiWebChromeClient.console(2827): (main) [1,151025] Viewport argument value "1.0;" for key "initial-scale" was truncated to its numeric prefix. (8:http://mashable.com/2012/05/23/diablo-3-fastest-selling/?utm_source=feedburner&utm_medium=feed&utm_campaign=Feed%3A+Mashable+%28Mashable%29)
05-23 15:34:31.370: I/TiWebChromeClient.console(2827): (main) [0,151025] Viewport argument value "yes;" for key "user-scalable" not recognized. Content ignored. (8:http://mashable.com/2012/05/23/diablo-3-fastest-selling/?utm_source=feedburner&utm_medium=feed&utm_campaign=Feed%3A+Mashable+%28Mashable%29)
05-23 15:34:32.810: I/TiWebChromeClient.console(2827): (main) [1436,152461] test (1:http://mashable.com/follow/packages/wp.js?ver=1337803176)
05-23 15:34:32.930: I/TiWebChromeClient.console(2827): (main) [125,152586] Uncaught TypeError: Cannot call method 'replace' of null (1:http://mashable.com/wp-content/assets/gallery.js?ver=1337779142)
05-23 15:34:39.160: I/TiWebChromeClient.console(2827): (main) [6223,158809] Viewport argument value "device-width;" for key "width" not recognized. Content ignored. (8:http://mashable.com/2012/05/23/rovio-angry-birds-friends-on-facebook/?utm_source=feedburner&utm_medium=feed&utm_campaign=Feed%3A+Mashable+%28Mashable%29)
05-23 15:34:39.160: I/TiWebChromeClient.console(2827): (main) [0,158809] Viewport argument value "1.0;" for key "initial-scale" was truncated to its numeric prefix. (8:http://mashable.com/2012/05/23/rovio-angry-birds-friends-on-facebook/?utm_source=feedburner&utm_medium=feed&utm_campaign=Feed%3A+Mashable+%28Mashable%29)
05-23 15:34:39.160: I/TiWebChromeClient.console(2827): (main) [1,158810] Viewport argument value "yes;" for key "user-scalable" not recognized. Content ignored. (8:http://mashable.com/2012/05/23/rovio-angry-birds-friends-on-facebook/?utm_source=feedburner&utm_medium=feed&utm_campaign=Feed%3A+Mashable+%28Mashable%29)
05-23 15:34:40.220: I/TiWebChromeClient.console(2827): (main) [1063,159873] test (1:http://mashable.com/follow/packages/wp.js?ver=1337803176)
05-23 15:34:40.730: I/TiWebChromeClient.console(2827): (main) [507,160380] Uncaught TypeError: object is not a function (143:http://s.ytimg.com/yt/jsbin/www-embed_core_module-vfl5WZ9N-.js)
05-23 15:34:40.810: W/webview(2827): Miss a drag as we are waiting for WebCore's response for touch down.
05-23 15:34:51.920: I/TiWebChromeClient.console(2827): (main) [11193,171573] Viewport argument value "device-width;" for key "width" not recognized. Content ignored. (8:http://mashable.com/2012/05/23/rovio-angry-birds-friends-on-facebook/?utm_source=feedburner&utm_medium=feed&utm_campaign=Feed%3A+Mashable+%28Mashable%29)
05-23 15:34:51.920: I/TiWebChromeClient.console(2827): (main) [0,171573] Viewport argument value "1.0;" for key "initial-scale" was truncated to its numeric prefix. (8:http://mashable.com/2012/05/23/rovio-angry-birds-friends-on-facebook/?utm_source=feedburner&utm_medium=feed&utm_campaign=Feed%3A+Mashable+%28Mashable%29)
05-23 15:34:51.920: I/TiWebChromeClient.console(2827): (main) [0,171573] Viewport argument value "yes;" for key "user-scalable" not recognized. Content ignored. (8:http://mashable.com/2012/05/23/rovio-angry-birds-friends-on-facebook/?utm_source=feedburner&utm_medium=feed&utm_campaign=Feed%3A+Mashable+%28Mashable%29)
05-23 15:34:52.800: I/TiWebChromeClient.console(2827): (main) [883,172456] test (1:http://mashable.com/follow/packages/wp.js?ver=1337803176)
05-23 15:34:53.300: I/TiWebChromeClient.console(2827): (main) [492,172948] Uncaught TypeError: object is not a function (143:http://s.ytimg.com/yt/jsbin/www-embed_core_module-vfl5WZ9N-.js)
05-23 15:35:00.830: I/TiWebChromeClient.console(2827): (main) [7538,180486] Viewport argument value "device-width;" for key "width" not recognized. Content ignored. (8:http://mashable.com/2012/05/23/givey/?utm_source=feedburner&utm_medium=feed&utm_campaign=Feed%3A+Mashable+%28Mashable%29)
05-23 15:35:00.830: I/TiWebChromeClient.console(2827): (main) [0,180486] Viewport argument value "1.0;" for key "initial-scale" was truncated to its numeric prefix. (8:http://mashable.com/2012/05/23/givey/?utm_source=feedburner&utm_medium=feed&utm_campaign=Feed%3A+Mashable+%28Mashable%29)
05-23 15:35:00.830: I/TiWebChromeClient.console(2827): (main) [0,180486] Viewport argument value "yes;" for key "user-scalable" not recognized. Content ignored. (8:http://mashable.com/2012/05/23/givey/?utm_source=feedburner&utm_medium=feed&utm_campaign=Feed%3A+Mashable+%28Mashable%29)
05-23 15:35:02.180: I/TiWebChromeClient.console(2827): (main) [1348,181834] test (1:http://mashable.com/follow/packages/wp.js?ver=1337803176)
05-23 15:35:02.220: D/dalvikvm(2827): GC_CONCURRENT freed 1526K, 13% free 11274K/12935K, paused 2ms+3ms
05-23 15:35:02.690: I/TiWebChromeClient.console(2827): (main) [507,182341] Uncaught TypeError: object is not a function (143:http://s.ytimg.com/yt/jsbin/www-embed_core_module-vfl5WZ9N-.js)
05-23 15:35:10.820: I/TiWebChromeClient.console(2827): (main) [8130,190471] Viewport argument value "device-width;" for key "width" not recognized. Content ignored. (8:http://mashable.com/2012/05/23/obama-online-tool/?utm_source=feedburner&utm_medium=feed&utm_campaign=Feed%3A+Mashable+%28Mashable%29)
05-23 15:35:10.820: I/TiWebChromeClient.console(2827): (main) [1,190472] Viewport argument value "1.0;" for key "initial-scale" was truncated to its numeric prefix. (8:http://mashable.com/2012/05/23/obama-online-tool/?utm_source=feedburner&utm_medium=feed&utm_campaign=Feed%3A+Mashable+%28Mashable%29)
05-23 15:35:10.820: I/TiWebChromeClient.console(2827): (main) [0,190472] Viewport argument value "yes;" for key "user-scalable" not recognized. Content ignored. (8:http://mashable.com/2012/05/23/obama-online-tool/?utm_source=feedburner&utm_medium=feed&utm_campaign=Feed%3A+Mashable+%28Mashable%29)
05-23 15:35:12.280: I/TiWebChromeClient.console(2827): (main) [1461,191933] test (1:http://mashable.com/follow/packages/wp.js?ver=1337803175)
05-23 15:35:19.120: I/TiWebChromeClient.console(2827): (main) [6840,198773] Viewport argument value "device-width;" for key "width" not recognized. Content ignored. (8:http://mashable.com/2012/05/23/twitter-greg-pass-cornell-nyc/?utm_source=feedburner&utm_medium=feed&utm_campaign=Feed%3A+Mashable+%28Mashable%29)
05-23 15:35:19.120: I/TiWebChromeClient.console(2827): (main) [0,198773] Viewport argument value "1.0;" for key "initial-scale" was truncated to its numeric prefix. (8:http://mashable.com/2012/05/23/twitter-greg-pass-cornell-nyc/?utm_source=feedburner&utm_medium=feed&utm_campaign=Feed%3A+Mashable+%28Mashable%29)
05-23 15:35:19.120: I/TiWebChromeClient.console(2827): (main) [0,198773] Viewport argument value "yes;" for key "user-scalable" not recognized. Content ignored. (8:http://mashable.com/2012/05/23/twitter-greg-pass-cornell-nyc/?utm_source=feedburner&utm_medium=feed&utm_campaign=Feed%3A+Mashable+%28Mashable%29)
05-23 15:35:20.180: I/TiWebChromeClient.console(2827): (main) [1061,199834] test (1:http://mashable.com/follow/packages/wp.js?ver=1337803175)
05-23 15:35:21.070: D/dalvikvm(161): GC_EXPLICIT freed 517K, 21% free 10624K/13383K, paused 3ms+6ms
05-23 15:35:25.770: I/dalvikvm(2827): Jit: resizing JitTable from 4096 to 8192
05-23 15:35:32.660: I/TiWebChromeClient.console(2827): (main) [12474,212308] Viewport argument value "device-width;" for key "width" not recognized. Content ignored. (8:http://mashable.com/2012/05/23/moog-doodle-recordings/?utm_source=feedburner&utm_medium=feed&utm_campaign=Feed%3A+Mashable+%28Mashable%29)
05-23 15:35:32.660: I/TiWebChromeClient.console(2827): (main) [0,212308] Viewport argument value "1.0;" for key "initial-scale" was truncated to its numeric prefix. (8:http://mashable.com/2012/05/23/moog-doodle-recordings/?utm_source=feedburner&utm_medium=feed&utm_campaign=Feed%3A+Mashable+%28Mashable%29)
05-23 15:35:32.660: I/TiWebChromeClient.console(2827): (main) [0,212308] Viewport argument value "yes;" for key "user-scalable" not recognized. Content ignored. (8:http://mashable.com/2012/05/23/moog-doodle-recordings/?utm_source=feedburner&utm_medium=feed&utm_campaign=Feed%3A+Mashable+%28Mashable%29)
05-23 15:35:33.900: I/TiWebChromeClient.console(2827): (main) [1247,213555] Uncaught TypeError: object is not a function (143:http://s.ytimg.com/yt/jsbin/www-embed_core_module-vfl5WZ9N-.js)
05-23 15:35:41.070: I/TiWebChromeClient.console(2827): (main) [7167,220722] test (1:http://mashable.com/follow/packages/wp.js?ver=1337803175)
05-23 15:35:41.130: I/TiWebChromeClient.console(2827): (main) [64,220786] Uncaught TypeError: Cannot call method 'replace' of null (1:http://mashable.com/wp-content/assets/gallery.js?ver=1337779142)
05-23 15:35:59.180: D/dalvikvm(2827): GC_CONCURRENT freed 1580K, 14% free 11289K/12999K, paused 2ms+4ms
05-23 15:35:59.910: D/dalvikvm(2827): GC_FOR_ALLOC freed 801K, 13% free 11359K/12999K, paused 29ms
05-23 15:36:01.000: I/TiWebChromeClient.console(2827): (main) [19867,240653] Viewport argument value "device-width;" for key "width" not recognized. Content ignored. (8:http://mashable.com/2012/05/23/fake-facebook-suicide-teen-suspended/?utm_source=feedburner&utm_medium=feed&utm_campaign=Feed%3A+Mashable+%28Mashable%29)
05-23 15:36:01.000: I/TiWebChromeClient.console(2827): (main) [1,240654] Viewport argument value "1.0;" for key "initial-scale" was truncated to its numeric prefix. (8:http://mashable.com/2012/05/23/fake-facebook-suicide-teen-suspended/?utm_source=feedburner&utm_medium=feed&utm_campaign=Feed%3A+Mashable+%28Mashable%29)
05-23 15:36:01.000: I/TiWebChromeClient.console(2827): (main) [0,240654] Viewport argument value "yes;" for key "user-scalable" not recognized. Content ignored. (8:http://mashable.com/2012/05/23/fake-facebook-suicide-teen-suspended/?utm_source=feedburner&utm_medium=feed&utm_campaign=Feed%3A+Mashable+%28Mashable%29)
05-23 15:36:02.260: I/TiWebChromeClient.console(2827): (main) [1255,241909] test (1:http://mashable.com/follow/packages/wp.js?ver=1337803176)
05-23 15:36:02.370: I/TiWebChromeClient.console(2827): (main) [116,242025] Uncaught TypeError: object is not a function (143:http://s.ytimg.com/yt/jsbin/www-embed_core_module-vfl5WZ9N-.js)
05-23 15:36:07.000: I/TiWebChromeClient.console(2827): (main) [4631,246656] Viewport argument value "device-width;" for key "width" not recognized. Content ignored. (8:http://mashable.com/2012/05/23/office-ios-android/?utm_source=feedburner&utm_medium=feed&utm_campaign=Feed%3A+Mashable+%28Mashable%29)
05-23 15:36:07.000: I/TiWebChromeClient.console(2827): (main) [0,246656] Viewport argument value "1.0;" for key "initial-scale" was truncated to its numeric prefix. (8:http://mashable.com/2012/05/23/office-ios-android/?utm_source=feedburner&utm_medium=feed&utm_campaign=Feed%3A+Mashable+%28Mashable%29)
05-23 15:36:07.000: I/TiWebChromeClient.console(2827): (main) [0,246656] Viewport argument value "yes;" for key "user-scalable" not recognized. Content ignored. (8:http://mashable.com/2012/05/23/office-ios-android/?utm_source=feedburner&utm_medium=feed&utm_campaign=Feed%3A+Mashable+%28Mashable%29)
05-23 15:36:08.150: I/TiWebChromeClient.console(2827): (main) [1144,247800] test (1:http://mashable.com/follow/packages/wp.js?ver=1337803176)
05-23 15:36:47.510: D/AndroidRuntime(2980): >>>>>> AndroidRuntime START com.android.internal.os.RuntimeInit <<<<<<
05-23 15:36:47.510: D/AndroidRuntime(2980): CheckJNI is OFF
05-23 15:36:47.690: D/AndroidRuntime(2980): Calling main entry com.android.commands.pm.Pm
05-23 15:36:47.700: W/ActivityManager(161): No content provider found for permission revoke: file:///data/local/tmp/app.apk
05-23 15:36:47.750: W/ActivityManager(161): No content provider found for permission revoke: file:///data/local/tmp/app.apk
05-23 15:36:48.780: I/PackageManager(161): Removing non-system package:com.appcelerator.sample.rss
05-23 15:36:48.780: I/ActivityManager(161): Force stopping package com.appcelerator.sample.rss uid=10061
05-23 15:36:48.780: I/ActivityManager(161): Killing proc 2827:com.appcelerator.sample.rss/10061: force stop
05-23 15:36:48.780: W/ActivityManager(161): Force removing ActivityRecord{41376e08 com.appcelerator.sample.rss/.SampleRssActivity}: app died, no saved state
05-23 15:36:48.840: I/WindowManager(161): WIN DEATH: Window{413ca038 com.appcelerator.sample.rss/com.appcelerator.sample.rss.SampleRssActivity paused=false}
05-23 15:36:48.870: D/dalvikvm(161): GC_CONCURRENT freed 873K, 20% free 10763K/13383K, paused 3ms+6ms
05-23 15:36:48.900: I/PackageManager(161): Package com.appcelerator.sample.rss codePath changed from /data/app/com.appcelerator.sample.rss-2.apk to /data/app/com.appcelerator.sample.rss-1.apk; Retaining data and using new
05-23 15:36:49.010: W/InputManagerService(161): Got RemoteException sending setActive(false) notification to pid 2827 uid 10061
05-23 15:36:49.190: D/dalvikvm(360): GC_CONCURRENT freed 2968K, 34% free 12829K/19271K, paused 2ms+17ms
05-23 15:36:49.360: D/dalvikvm(360): GC_FOR_ALLOC freed 1835K, 34% free 12738K/19271K, paused 28ms
05-23 15:36:49.490: D/dalvikvm(360): GC_CONCURRENT freed 1344K, 31% free 13352K/19271K, paused 2ms+6ms
05-23 15:36:50.240: I/PackageManager(161): Running dexopt on: com.appcelerator.sample.rss
05-23 15:36:50.430: D/dalvikvm(2992): DexOpt: 'Lorg/apache/commons/codec/binary/Base64;' has an earlier definition; blocking out
05-23 15:36:50.430: D/dalvikvm(2992): DexOpt: 'Lorg/apache/commons/codec/binary/Hex;' has an earlier definition; blocking out
05-23 15:36:50.450: D/dalvikvm(2992): DexOpt: 'Lorg/w3c/dom/UserDataHandler;' has an earlier definition; blocking out
05-23 15:36:50.590: D/dalvikvm(2992): DexOpt: not verifying/optimizing 'Lorg/apache/commons/codec/binary/Base64;': multiple definitions
05-23 15:36:50.590: D/dalvikvm(2992): DexOpt: not verifying/optimizing 'Lorg/apache/commons/codec/binary/Hex;': multiple definitions
05-23 15:36:50.590: I/dalvikvm(2992): DexOpt: not resolving ambiguous class 'Lorg/apache/commons/codec/binary/Hex;'
05-23 15:36:50.710: I/dalvikvm(2992): DexOpt: not resolving ambiguous class 'Lorg/apache/commons/codec/binary/Base64;'
05-23 15:36:50.720: I/dalvikvm(2992): DexOpt: not resolving ambiguous class 'Lorg/apache/commons/codec/binary/Base64;'
05-23 15:36:50.870: D/dalvikvm(2992): DexOpt: not verifying/optimizing 'Lorg/w3c/dom/UserDataHandler;': multiple definitions
05-23 15:36:50.910: I/dalvikvm(2992): DexOpt: not resolving ambiguous class 'Lorg/apache/commons/codec/binary/Hex;'
05-23 15:36:51.030: D/dalvikvm(2992): DexOpt: load 91ms, verify+opt 541ms
05-23 15:36:52.170: W/PackageManager(161): Code path for pkg : com.appcelerator.sample.rss changing from /data/app/com.appcelerator.sample.rss-2.apk to /data/app/com.appcelerator.sample.rss-1.apk
05-23 15:36:52.170: I/ActivityManager(161): Force stopping package com.appcelerator.sample.rss uid=10061
05-23 15:36:52.170: W/PackageManager(161): Resource path for pkg : com.appcelerator.sample.rss changing from /data/app/com.appcelerator.sample.rss-2.apk to /data/app/com.appcelerator.sample.rss-1.apk
05-23 15:36:52.610: D/PackageManager(161): New package installed in /data/app/com.appcelerator.sample.rss-1.apk
05-23 15:36:54.130: I/ActivityManager(161): Force stopping package com.appcelerator.sample.rss uid=10061
05-23 15:36:54.150: D/PackageManager(161): generateServicesMap(android.accounts.AccountAuthenticator): 3 services unchanged
05-23 15:36:54.190: D/PackageManager(161): generateServicesMap(android.content.SyncAdapter): 12 services unchanged
05-23 15:36:54.190: D/PackageManager(161): generateServicesMap(android.accounts.AccountAuthenticator): 3 services unchanged
05-23 15:36:54.190: D/PackageManager(161): generateServicesMap(android.content.SyncAdapter): 12 services unchanged
05-23 15:36:54.190: D/BackupManagerService(161): Received broadcast Intent { act=android.intent.action.PACKAGE_REMOVED dat=package:com.appcelerator.sample.rss flg=0x10000010 (has extras) }
05-23 15:36:54.200: D/AirMail(786): CoreReceiver action: android.intent.action.PACKAGE_REMOVED
05-23 15:36:54.200: D/AirMail(786): Package Removed: com.appcelerator.sample.rss
05-23 15:36:54.210: D/BackupManagerService(161): Received broadcast Intent { act=android.intent.action.PACKAGE_ADDED dat=package:com.appcelerator.sample.rss flg=0x10000010 (has extras) }
05-23 15:36:54.210: V/BackupManagerService(161): updatePackageParticipantsLocked: com.appcelerator.sample.rss
05-23 15:36:54.270: V/PicasaContentProvider(952): querySettings: defaults: {sync_on_wifi_only=1, auto_upload_account_type=null, sync_on_battery=1, sync_picasa_on_wifi_only=1, auto_upload_enabled=0, video_upload_wifi_only=1, sync_on_roaming=0, auto_upload_account_name=null}
05-23 15:36:54.340: D/PicasaSyncManager(952): reject PrefetchAlbumCover (*******************) because auto sync is off
05-23 15:36:54.340: V/PicasaContentProvider(952): querySettings: defaults: {sync_on_wifi_only=1, auto_upload_account_type=null, sync_on_battery=1, sync_picasa_on_wifi_only=1, auto_upload_enabled=0, video_upload_wifi_only=1, sync_on_roaming=0, auto_upload_account_name=null}
05-23 15:36:54.350: D/PicasaSyncManager(952): reject PrefetchAlbumCover (*******************) because auto sync is off
05-23 15:36:54.350: V/PicasaContentProvider(952): querySettings: defaults: {sync_on_wifi_only=1, auto_upload_account_type=null, sync_on_battery=1, sync_picasa_on_wifi_only=1, auto_upload_enabled=0, video_upload_wifi_only=1, sync_on_roaming=0, auto_upload_account_name=null}
05-23 15:36:54.390: D/dalvikvm(161): GC_EXPLICIT freed 1290K, 22% free 10551K/13383K, paused 4ms+9ms
05-23 15:36:54.410: D/PicasaSyncManager(952): reject PrefetchScreenNail (*******************) because auto sync is off
05-23 15:36:54.410: V/PicasaContentProvider(952): querySettings: defaults: {sync_on_wifi_only=1, auto_upload_account_type=null, sync_on_battery=1, sync_picasa_on_wifi_only=1, auto_upload_enabled=0, video_upload_wifi_only=1, sync_on_roaming=0, auto_upload_account_name=null}
05-23 15:36:54.410: D/PicasaSyncManager(952): reject PrefetchScreenNail (*******************) because auto sync is off
05-23 15:36:54.450: D/BackupManagerService(161): Received broadcast Intent { act=android.intent.action.PACKAGE_REPLACED dat=package:com.appcelerator.sample.rss flg=0x10000010 (has extras) }
05-23 15:36:54.450: V/BackupManagerService(161): updatePackageParticipantsLocked: com.appcelerator.sample.rss
05-23 15:36:54.480: D/AndroidRuntime(2980): Shutting down VM
05-23 15:36:54.480: I/AndroidRuntime(2980): NOTE: attach of thread 'Binder Thread #3' failed
05-23 15:36:54.490: D/dalvikvm(2980): GC_CONCURRENT freed 101K, 83% free 456K/2560K, paused 0ms+1ms
05-23 15:36:54.490: I/wpa_supplicant(228): wlan0: WPA: Group rekeying completed with c0:62:6b:67:1f:ed [GTK=CCMP]
05-23 15:36:54.490: D/jdwp(2980): Got wake-up signal, bailing out of select
05-23 15:36:54.490: D/dalvikvm(2980): Debugger has detached; object registry had 1 entries
05-23 15:36:54.510: V/PicasaContentProvider(952): querySettings: defaults: {sync_on_wifi_only=1, auto_upload_account_type=null, sync_on_battery=1, sync_picasa_on_wifi_only=1, auto_upload_enabled=0, video_upload_wifi_only=1, sync_on_roaming=0, auto_upload_account_name=null}
05-23 15:36:54.510: D/PicasaSyncManager(952): reject PrefetchAlbumCover (*******************) because auto sync is off
05-23 15:36:54.510: V/PicasaContentProvider(952): querySettings: defaults: {sync_on_wifi_only=1, auto_upload_account_type=null, sync_on_battery=1, sync_picasa_on_wifi_only=1, auto_upload_enabled=0, video_upload_wifi_only=1, sync_on_roaming=0, auto_upload_account_name=null}
05-23 15:36:54.520: D/PicasaSyncManager(952): reject PrefetchAlbumCover (*******************) because auto sync is off
05-23 15:36:54.570: D/dalvikvm(360): GC_CONCURRENT freed 2937K, 36% free 12463K/19271K, paused 2ms+8ms
05-23 15:36:54.580: V/PicasaContentProvider(952): querySettings: defaults: {sync_on_wifi_only=1, auto_upload_account_type=null, sync_on_battery=1, sync_picasa_on_wifi_only=1, auto_upload_enabled=0, video_upload_wifi_only=1, sync_on_roaming=0, auto_upload_account_name=null}
05-23 15:36:54.580: D/PicasaSyncManager(952): reject PrefetchScreenNail (*******************) because auto sync is off
05-23 15:36:54.580: V/PicasaContentProvider(952): querySettings: defaults: {sync_on_wifi_only=1, auto_upload_account_type=null, sync_on_battery=1, sync_picasa_on_wifi_only=1, auto_upload_enabled=0, video_upload_wifi_only=1, sync_on_roaming=0, auto_upload_account_name=null}
05-23 15:36:54.620: D/PicasaSyncManager(952): reject PrefetchScreenNail (*******************) because auto sync is off
05-23 15:36:54.660: D/dalvikvm(161): JIT code cache reset in 5 ms (1048520 bytes 1/0)
05-23 15:36:54.660: D/dalvikvm(161): GC_EXPLICIT freed 495K, 22% free 10511K/13383K, paused 4ms+11ms
05-23 15:36:54.740: D/dalvikvm(360): GC_FOR_ALLOC freed 1268K, 34% free 12846K/19271K, paused 37ms
05-23 15:36:54.820: D/dalvikvm(360): GC_CONCURRENT freed 297K, 25% free 14547K/19271K, paused 2ms+6ms
05-23 15:36:54.970: D/dalvikvm(360): GC_CONCURRENT freed 2948K, 30% free 13647K/19271K, paused 2ms+4ms
05-23 15:36:55.230: D/dalvikvm(360): GC_FOR_ALLOC freed 2849K, 35% free 12604K/19271K, paused 39ms
05-23 15:36:55.240: D/dalvikvm(996): GC_CONCURRENT freed 474K, 10% free 6839K/7559K, paused 2ms+3ms
05-23 15:36:55.390: D/dalvikvm(360): GC_FOR_ALLOC freed 623K, 34% free 12879K/19271K, paused 32ms
05-23 15:36:55.460: D/dalvikvm(360): GC_CONCURRENT freed 295K, 25% free 14548K/19271K, paused 2ms+5ms
05-23 15:36:55.590: D/dalvikvm(360): GC_CONCURRENT freed 2948K, 30% free 13647K/19271K, paused 2ms+5ms
05-23 15:36:56.900: I/ActivityManager(161): START {act=android.intent.action.MAIN cat=[android.intent.category.LAUNCHER] flg=0x10200000 cmp=com.appcelerator.sample.rss/.SampleRssActivity} from pid 360
05-23 15:36:56.960: I/ActivityManager(161): Start proc com.appcelerator.sample.rss for activity com.appcelerator.sample.rss/.SampleRssActivity: pid=3002 uid=10061 gids={1015, 3003}
05-23 15:36:56.980: I/dalvikvm(3002): Turning on JNI app bug workarounds for target SDK version 8...
05-23 15:36:57.010: I/TiApplication(3002): (main) [0,0] checkpoint, app created.
05-23 15:36:57.050: D/OpenGLRenderer(360): Flushing caches (mode 1)
05-23 15:36:57.060: I/TiApplication(3002): (main) [41,41] Titanium 2.0.2 (2012/05/23 11:28 3ae956b)
05-23 15:36:57.060: D/OpenGLRenderer(360): Flushing caches (mode 0)
05-23 15:36:57.120: D/dalvikvm(3002): GC_CONCURRENT freed 347K, 7% free 6594K/7047K, paused 3ms+3ms
05-23 15:36:57.180: I/TiApplication(3002): (main) [126,167] Titanium Javascript runtime: v8
05-23 15:36:57.180: D/dalvikvm(3002): Trying to load lib /data/data/com.appcelerator.sample.rss/lib/libstlport_shared.so 0x41081f58
05-23 15:36:57.190: D/dalvikvm(3002): Added shared lib /data/data/com.appcelerator.sample.rss/lib/libstlport_shared.so 0x41081f58
05-23 15:36:57.190: D/dalvikvm(3002): No JNI_OnLoad found in /data/data/com.appcelerator.sample.rss/lib/libstlport_shared.so 0x41081f58, skipping init
05-23 15:36:57.190: D/dalvikvm(3002): Trying to load lib /data/data/com.appcelerator.sample.rss/lib/libkroll-v8.so 0x41081f58
05-23 15:36:57.190: I/TiRootActivity(3002): (main) [0,0] checkpoint, on root activity create, savedInstanceState: null
05-23 15:36:57.200: D/dalvikvm(3002): Added shared lib /data/data/com.appcelerator.sample.rss/lib/libkroll-v8.so 0x41081f58
05-23 15:36:57.550: E/TiApplication(3002): (KrollRuntimeThread) [351,351] APP PROXY: ti.modules.titanium.app.AppModule@41075140
05-23 15:36:57.560: W/V8Object(3002): Runtime disposed, cannot set property 'userAgent'
05-23 15:36:57.600: D/Module(3002): Loading module: ui/tablet/ApplicationWindow -> Resources/ui/tablet/ApplicationWindow.js
05-23 15:36:57.650: D/Module(3002): Loading module: services/rss -> Resources/services/rss.js
05-23 15:36:57.670: D/Module(3002): Loading module: ui/common/MasterView -> Resources/ui/common/MasterView.js
05-23 15:36:57.690: D/Module(3002): Loading module: ui/common/DetailView -> Resources/ui/common/DetailView.js
05-23 15:36:57.840: D/dalvikvm(3002): GC_CONCURRENT freed 325K, 7% free 6782K/7239K, paused 2ms+4ms
05-23 15:36:57.930: D/dalvikvm(3002): GC_FOR_ALLOC freed 185K, 5% free 6928K/7239K, paused 22ms
05-23 15:36:57.930: I/dalvikvm-heap(3002): Grow heap (frag case) to 7.421MB for 614416-byte allocation
05-23 15:36:57.950: D/dalvikvm(3002): GC_FOR_ALLOC freed 1K, 5% free 7526K/7879K, paused 19ms
05-23 15:36:57.960: I/TiRootActivity(3002): (main) [0,0] checkpoint, on root activity resume. activity = com.appcelerator.sample.rss.SampleRssActivity@4107c588
05-23 15:36:57.980: V/TabletStatusBar(238): setLightsOn(true)
05-23 15:36:57.990: D/dalvikvm(3002): GC_CONCURRENT freed 138K, 5% free 7508K/7879K, paused 2ms+4ms
05-23 15:36:58.000: W/InputManagerService(161): Starting input on non-focused client com.android.internal.view.IInputMethodClient$Stub$Proxy@412e10f8 (uid=10022 pid=360)
05-23 15:36:58.110: I/ActivityManager(161): Displayed com.appcelerator.sample.rss/.SampleRssActivity: +1s163ms
05-23 15:36:58.190: D/dalvikvm(3002): GC_FOR_ALLOC freed 68K, 6% free 7570K/8007K, paused 43ms
05-23 15:36:58.240: D/dalvikvm(3002): GC_FOR_ALLOC freed 81K, 7% free 7658K/8199K, paused 36ms
05-23 15:36:58.240: I/dalvikvm-heap(3002): Grow heap (frag case) to 7.879MB for 346772-byte allocation
05-23 15:36:58.270: D/dalvikvm(3002): GC_FOR_ALLOC freed 168K, 9% free 7828K/8583K, paused 30ms
05-23 15:36:58.350: D/dalvikvm(3002): GC_FOR_ALLOC freed 2K, 9% free 7828K/8583K, paused 24ms
05-23 15:36:58.350: I/dalvikvm-heap(3002): Grow heap (frag case) to 8.030MB for 329849-byte allocation
05-23 15:36:58.370: D/dalvikvm(3002): GC_FOR_ALLOC freed 0K, 10% free 8151K/8967K, paused 21ms
05-23 15:36:58.390: D/dalvikvm(3002): GC_FOR_ALLOC freed 347K, 13% free 7811K/8967K, paused 21ms
05-23 15:36:58.400: I/dalvikvm-heap(3002): Grow heap (frag case) to 8.328MB for 659682-byte allocation
05-23 15:36:58.430: D/dalvikvm(3002): GC_FOR_ALLOC freed <1K, 13% free 8455K/9671K, paused 22ms
05-23 15:36:58.470: D/dalvikvm(3002): GC_CONCURRENT freed <1K, 13% free 8455K/9671K, paused 2ms+2ms
05-23 15:36:58.510: D/dalvikvm(3002): GC_FOR_ALLOC freed <1K, 13% free 8454K/9671K, paused 21ms
05-23 15:36:58.510: I/dalvikvm-heap(3002): Grow heap (frag case) to 8.956MB for 658990-byte allocation
05-23 15:36:58.540: D/dalvikvm(3002): GC_CONCURRENT freed 644K, 19% free 8454K/10375K, paused 2ms+2ms
05-23 15:36:58.580: D/dalvikvm(3002): GC_FOR_ALLOC freed 1K, 16% free 8780K/10375K, paused 20ms
05-23 15:36:58.600: D/dalvikvm(3002): GC_FOR_ALLOC freed 321K, 13% free 9102K/10375K, paused 18ms
05-23 15:36:58.710: D/dalvikvm(3002): GC_CONCURRENT freed 868K, 13% free 9114K/10375K, paused 3ms+3ms
05-23 15:36:58.840: D/dalvikvm(3002): GC_CONCURRENT freed 468K, 9% free 9522K/10375K, paused 2ms+3ms
05-23 15:36:58.920: W/Element(3002): (KrollRuntimeThread) [959,959] The text property of Element is deprecated, use textContent instead.
05-23 15:36:58.920: W/Element(3002): (KrollRuntimeThread) [1,960] The text property of Element is deprecated, use textContent instead.
05-23 15:36:58.920: W/Element(3002): (KrollRuntimeThread) [0,960] The text property of Element is deprecated, use textContent instead.
05-23 15:36:58.930: W/Element(3002): (KrollRuntimeThread) [6,966] The text property of Element is deprecated, use textContent instead.
05-23 15:36:58.930: W/Element(3002): (KrollRuntimeThread) [1,967] The text property of Element is deprecated, use textContent instead.
05-23 15:36:58.930: W/Element(3002): (KrollRuntimeThread) [0,967] The text property of Element is deprecated, use textContent instead.
05-23 15:36:58.930: W/Element(3002): (KrollRuntimeThread) [5,972] The text property of Element is deprecated, use textContent instead.
05-23 15:36:58.930: W/Element(3002): (KrollRuntimeThread) [1,973] The text property of Element is deprecated, use textContent instead.
05-23 15:36:58.930: W/Element(3002): (KrollRuntimeThread) [1,974] The text property of Element is deprecated, use textContent instead.
05-23 15:36:58.940: W/Element(3002): (KrollRuntimeThread) [4,978] The text property of Element is deprecated, use textContent instead.
05-23 15:36:58.940: W/Element(3002): (KrollRuntimeThread) [0,978] The text property of Element is deprecated, use textContent instead.
05-23 15:36:58.940: W/Element(3002): (KrollRuntimeThread) [1,979] The text property of Element is deprecated, use textContent instead.
05-23 15:36:58.940: W/Element(3002): (KrollRuntimeThread) [3,982] The text property of Element is deprecated, use textContent instead.
05-23 15:36:58.940: W/Element(3002): (KrollRuntimeThread) [0,982] The text property of Element is deprecated, use textContent instead.
05-23 15:36:58.950: W/Element(3002): (KrollRuntimeThread) [2,984] The text property of Element is deprecated, use textContent instead.
05-23 15:36:58.950: W/Element(3002): (KrollRuntimeThread) [1,985] The text property of Element is deprecated, use textContent instead.
05-23 15:36:58.950: W/Element(3002): (KrollRuntimeThread) [1,986] The text property of Element is deprecated, use textContent instead.
05-23 15:36:58.950: W/Element(3002): (KrollRuntimeThread) [1,987] The text property of Element is deprecated, use textContent instead.
05-23 15:36:58.950: W/Element(3002): (KrollRuntimeThread) [2,989] The text property of Element is deprecated, use textContent instead.
05-23 15:36:58.960: D/dalvikvm(3002): GC_CONCURRENT freed 1116K, 12% free 9389K/10631K, paused 2ms+3ms
05-23 15:36:58.960: W/Element(3002): (KrollRuntimeThread) [6,995] The text property of Element is deprecated, use textContent instead.
05-23 15:36:58.960: W/Element(3002): (KrollRuntimeThread) [1,996] The text property of Element is deprecated, use textContent instead.
05-23 15:36:58.960: W/Element(3002): (KrollRuntimeThread) [2,998] The text property of Element is deprecated, use textContent instead.
05-23 15:36:58.960: W/Element(3002): (KrollRuntimeThread) [0,998] The text property of Element is deprecated, use textContent instead.
05-23 15:36:58.960: W/Element(3002): (KrollRuntimeThread) [1,999] The text property of Element is deprecated, use textContent instead.
05-23 15:36:58.970: W/Element(3002): (KrollRuntimeThread) [11,1010] The text property of Element is deprecated, use textContent instead.
05-23 15:36:58.970: W/Element(3002): (KrollRuntimeThread) [1,1011] The text property of Element is deprecated, use textContent instead.
05-23 15:36:58.970: W/Element(3002): (KrollRuntimeThread) [1,1012] The text property of Element is deprecated, use textContent instead.
05-23 15:36:58.980: W/Element(3002): (KrollRuntimeThread) [2,1014] The text property of Element is deprecated, use textContent instead.
05-23 15:36:58.980: W/Element(3002): (KrollRuntimeThread) [1,1015] The text property of Element is deprecated, use textContent instead.
05-23 15:36:58.980: W/Element(3002): (KrollRuntimeThread) [0,1015] The text property of Element is deprecated, use textContent instead.
05-23 15:36:58.980: W/Element(3002): (KrollRuntimeThread) [3,1018] The text property of Element is deprecated, use textContent instead.
05-23 15:36:58.980: W/Element(3002): (KrollRuntimeThread) [0,1018] The text property of Element is deprecated, use textContent instead.
05-23 15:36:58.980: W/Element(3002): (KrollRuntimeThread) [1,1019] The text property of Element is deprecated, use textContent instead.
05-23 15:36:58.980: W/Element(3002): (KrollRuntimeThread) [2,1021] The text property of Element is deprecated, use textContent instead.
05-23 15:36:58.980: W/Element(3002): (KrollRuntimeThread) [0,1021] The text property of Element is deprecated, use textContent instead.
05-23 15:36:58.980: W/Element(3002): (KrollRuntimeThread) [1,1022] The text property of Element is deprecated, use textContent instead.
05-23 15:36:58.990: W/Element(3002): (KrollRuntimeThread) [2,1024] The text property of Element is deprecated, use textContent instead.
05-23 15:36:58.990: W/Element(3002): (KrollRuntimeThread) [1,1025] The text property of Element is deprecated, use textContent instead.
05-23 15:36:58.990: W/Element(3002): (KrollRuntimeThread) [0,1025] The text property of Element is deprecated, use textContent instead.
05-23 15:36:58.990: W/Element(3002): (KrollRuntimeThread) [2,1027] The text property of Element is deprecated, use textContent instead.
05-23 15:36:58.990: W/Element(3002): (KrollRuntimeThread) [2,1029] The text property of Element is deprecated, use textContent instead.
05-23 15:36:58.990: W/Element(3002): (KrollRuntimeThread) [0,1029] The text property of Element is deprecated, use textContent instead.
05-23 15:36:58.990: W/Element(3002): (KrollRuntimeThread) [2,1031] The text property of Element is deprecated, use textContent instead.
05-23 15:36:58.990: W/Element(3002): (KrollRuntimeThread) [0,1031] The text property of Element is deprecated, use textContent instead.
05-23 15:36:58.990: W/Element(3002): (KrollRuntimeThread) [1,1032] The text property of Element is deprecated, use textContent instead.
05-23 15:36:58.990: W/Element(3002): (KrollRuntimeThread) [1,1033] The text property of Element is deprecated, use textContent instead.
05-23 15:36:59.000: W/Element(3002): (KrollRuntimeThread) [1,1034] The text property of Element is deprecated, use textContent instead.
05-23 15:36:59.000: W/Element(3002): (KrollRuntimeThread) [0,1034] The text property of Element is deprecated, use textContent instead.
05-23 15:36:59.000: W/Element(3002): (KrollRuntimeThread) [2,1036] The text property of Element is deprecated, use textContent instead.
05-23 15:36:59.000: W/Element(3002): (KrollRuntimeThread) [0,1036] The text property of Element is deprecated, use textContent instead.
05-23 15:36:59.000: W/Element(3002): (KrollRuntimeThread) [1,1037] The text property of Element is deprecated, use textContent instead.
05-23 15:36:59.000: W/Element(3002): (KrollRuntimeThread) [2,1039] The text property of Element is deprecated, use textContent instead.
05-23 15:36:59.000: W/Element(3002): (KrollRuntimeThread) [1,1040] The text property of Element is deprecated, use textContent instead.
05-23 15:36:59.000: W/Element(3002): (KrollRuntimeThread) [0,1040] The text property of Element is deprecated, use textContent instead.
05-23 15:36:59.000: W/Element(3002): (KrollRuntimeThread) [1,1041] The text property of Element is deprecated, use textContent instead.
05-23 15:36:59.000: W/Element(3002): (KrollRuntimeThread) [1,1042] The text property of Element is deprecated, use textContent instead.
05-23 15:36:59.000: W/Element(3002): (KrollRuntimeThread) [0,1042] The text property of Element is deprecated, use textContent instead.
05-23 15:36:59.010: W/Element(3002): (KrollRuntimeThread) [2,1044] The text property of Element is deprecated, use textContent instead.
05-23 15:36:59.010: W/Element(3002): (KrollRuntimeThread) [0,1044] The text property of Element is deprecated, use textContent instead.
05-23 15:36:59.010: W/Element(3002): (KrollRuntimeThread) [1,1045] The text property of Element is deprecated, use textContent instead.
05-23 15:36:59.010: W/Element(3002): (KrollRuntimeThread) [2,1047] The text property of Element is deprecated, use textContent instead.
05-23 15:36:59.010: W/Element(3002): (KrollRuntimeThread) [1,1048] The text property of Element is deprecated, use textContent instead.
05-23 15:36:59.010: W/Element(3002): (KrollRuntimeThread) [0,1048] The text property of Element is deprecated, use textContent instead.
05-23 15:36:59.010: W/Element(3002): (KrollRuntimeThread) [2,1050] The text property of Element is deprecated, use textContent instead.
05-23 15:36:59.010: W/Element(3002): (KrollRuntimeThread) [0,1050] The text property of Element is deprecated, use textContent instead.
05-23 15:36:59.010: W/Element(3002): (KrollRuntimeThread) [1,1051] The text property of Element is deprecated, use textContent instead.
05-23 15:36:59.010: W/Element(3002): (KrollRuntimeThread) [1,1052] The text property of Element is deprecated, use textContent instead.
05-23 15:36:59.010: W/Element(3002): (KrollRuntimeThread) [1,1053] The text property of Element is deprecated, use textContent instead.
05-23 15:36:59.010: W/Element(3002): (KrollRuntimeThread) [0,1053] The text property of Element is deprecated, use textContent instead.
05-23 15:36:59.020: W/Element(3002): (KrollRuntimeThread) [2,1055] The text property of Element is deprecated, use textContent instead.
05-23 15:36:59.020: W/Element(3002): (KrollRuntimeThread) [0,1055] The text property of Element is deprecated, use textContent instead.
05-23 15:36:59.020: W/Element(3002): (KrollRuntimeThread) [1,1056] The text property of Element is deprecated, use textContent instead.
05-23 15:36:59.020: W/Element(3002): (KrollRuntimeThread) [1,1057] The text property of Element is deprecated, use textContent instead.
05-23 15:36:59.020: W/Element(3002): (KrollRuntimeThread) [1,1058] The text property of Element is deprecated, use textContent instead.
05-23 15:36:59.020: W/Element(3002): (KrollRuntimeThread) [0,1058] The text property of Element is deprecated, use textContent instead.
05-23 15:36:59.020: W/Element(3002): (KrollRuntimeThread) [2,1060] The text property of Element is deprecated, use textContent instead.
05-23 15:36:59.020: W/Element(3002): (KrollRuntimeThread) [0,1060] The text property of Element is deprecated, use textContent instead.
