05-23 15:15:54.590: I/TiWebChromeClient.console(1802): (main) [0,74876] Viewport argument value "1.0;" for key "initial-scale" was truncated to its numeric prefix. (8:http://mashable.com/2012/05/23/entrepreneurs-outsource-options-delegate/?utm_source=feedburner&utm_medium=feed&utm_campaign=Feed%3A+Mashable+%28Mashable%29)
05-23 15:15:54.590: I/TiWebChromeClient.console(1802): (main) [0,74876] Viewport argument value "yes;" for key "user-scalable" not recognized. Content ignored. (8:http://mashable.com/2012/05/23/entrepreneurs-outsource-options-delegate/?utm_source=feedburner&utm_medium=feed&utm_campaign=Feed%3A+Mashable+%28Mashable%29)
05-23 15:15:55.660: D/dalvikvm(1802): GC_FOR_ALLOC freed 1583K, 15% free 13093K/15239K, paused 41ms
05-23 15:15:55.880: I/TiWebChromeClient.console(1802): (main) [1296,76172] test (1:http://mashable.com/follow/packages/wp.js?ver=1337803175)
05-23 15:17:21.130: I/AirMail(786): Service started with intent=Intent { act=com.urbanairship.airmail.HEARTBEAT flg=0x4 cmp=com.urbanairship.airmail/.AirMailService (has extras) }
05-23 15:17:21.130: D/AirMail(786): ** HB - AirMailService started: false
05-23 15:17:21.130: D/AirMail(786): ** HB - threadRunning: false
05-23 15:17:21.130: I/AirMail(786): AMCP Heartbeat triggered, but in holding pattern. Will restart after 1338227624 (Currently: 1337811441).
05-23 15:17:21.250: D/dalvikvm(1103): GC_CONCURRENT freed 237K, 4% free 7626K/7943K, paused 2ms+2ms
05-23 15:18:15.130: V/SystemUpdateService(284): retry (wakeup: false) in 1799997 ms
05-23 15:18:15.130: V/SystemUpdateService(284): onPostExecute: false
05-23 15:18:22.120: I/wpa_supplicant(228): wlan0: CTRL-EVENT-DISCONNECTED bssid=c0:62:6b:67:1f:ed reason=0
05-23 15:18:22.120: D/CommandListener(85): Clearing all IP addresses on wlan0
05-23 15:18:22.160: D/ConnectivityService(161): ConnectivityChange for WIFI: DISCONNECTED/DISCONNECTED
05-23 15:18:22.160: D/ConnectivityService(161): Attempting to switch to BLUETOOTH_TETHER
05-23 15:18:22.170: D/NetUtils(161): android_net_utils_resetConnections in env=0x17a5800 clazz=0x34600001 iface=wlan0 mask=0x3
05-23 15:18:22.170: D/ConnectivityService(161): resetConnections(wlan0, 3)
05-23 15:18:22.190: W/Smack/Packet(284): notify conn break (IOEx), close connection
05-23 15:18:22.340: I/qtaguid(284): Failed write_ctrl(u 77) res=-1 errno=22
05-23 15:18:22.340: I/qtaguid(284): Untagging socket 77 failed errno=-22
05-23 15:18:22.340: W/NetworkManagementSocketTagger(284): untagSocket(77) failed with errno -22
05-23 15:18:22.340: D/ConnectivityService(161): handleInetConditionChange: no active default network - ignore
05-23 15:18:22.410: D/dalvikvm(161): GC_EXPLICIT freed 718K, 22% free 10490K/13383K, paused 4ms+6ms
05-23 15:18:24.600: I/wpa_supplicant(228): wlan0: Trying to associate with c0:62:6b:67:1f:ed (SSID='Appcelerator Guests' freq=5180 MHz)
05-23 15:18:24.620: I/wpa_supplicant(228): wlan0: Associated with c0:62:6b:67:1f:ed
05-23 15:18:24.630: I/wpa_supplicant(228): wlan0: WPA: Key negotiation completed with c0:62:6b:67:1f:ed [PTK=CCMP GTK=CCMP]
05-23 15:18:24.630: I/wpa_supplicant(228): wlan0: CTRL-EVENT-CONNECTED - Connection to c0:62:6b:67:1f:ed completed (reauth) [id=4 id_str=]
05-23 15:18:25.250: D/Tethering(161): MasterInitialState.processMessage what=3
05-23 15:18:25.260: I/MapActivity(1587): Handling network change notification:NOT_CONNECTED
05-23 15:18:25.270: D/PicasaSyncManager(952): active network: null
05-23 15:18:25.270: W/IdleConnectionHandler(1587): Removing a connection that never existed!
05-23 15:18:25.270: D/PicasaSyncManager(952): background data: true
05-23 15:18:25.270: W/IdleConnectionHandler(1587): Removing a connection that never existed!
05-23 15:18:25.300: D/ConnectivityService(161): ConnectivityChange for WIFI: CONNECTED/CONNECTED
05-23 15:18:25.310: V/PicasaContentProvider(952): querySettings: defaults: {sync_on_wifi_only=1, auto_upload_account_type=null, sync_on_battery=1, sync_picasa_on_wifi_only=1, auto_upload_enabled=0, video_upload_wifi_only=1, sync_on_roaming=0, auto_upload_account_name=null}
05-23 15:18:25.310: D/PicasaSyncManager(952): reject PrefetchAlbumCover (*******************) for wifi connection
05-23 15:18:25.310: V/PicasaContentProvider(952): querySettings: defaults: {sync_on_wifi_only=1, auto_upload_account_type=null, sync_on_battery=1, sync_picasa_on_wifi_only=1, auto_upload_enabled=0, video_upload_wifi_only=1, sync_on_roaming=0, auto_upload_account_name=null}
05-23 15:18:25.310: D/PicasaSyncManager(952): reject PrefetchAlbumCover (*******************) for wifi connection
05-23 15:18:25.320: V/PicasaContentProvider(952): querySettings: defaults: {sync_on_wifi_only=1, auto_upload_account_type=null, sync_on_battery=1, sync_picasa_on_wifi_only=1, auto_upload_enabled=0, video_upload_wifi_only=1, sync_on_roaming=0, auto_upload_account_name=null}
05-23 15:18:25.320: D/PicasaSyncManager(952): reject PrefetchScreenNail (*******************) for wifi connection
05-23 15:18:25.320: V/PicasaContentProvider(952): querySettings: defaults: {sync_on_wifi_only=1, auto_upload_account_type=null, sync_on_battery=1, sync_picasa_on_wifi_only=1, auto_upload_enabled=0, video_upload_wifi_only=1, sync_on_roaming=0, auto_upload_account_name=null}
05-23 15:18:25.320: D/PicasaSyncManager(952): reject PrefetchScreenNail (*******************) for wifi connection
05-23 15:18:25.330: I/ActivityManager(161): Start proc com.google.android.apps.uploader for broadcast com.google.android.apps.uploader/.ConnectivityBroadcastReceiver: pid=2260 uid=10017 gids={3003}
05-23 15:18:25.340: W/NetworkStats(161): dropping UID delta from unknown iface: iface=wlan0 uid=0 set=DEFAULT tag=0x0 rxBytes=0 rxPackets=0 txBytes=76 txPackets=1 operations=0
05-23 15:18:25.360: I/dalvikvm(2260): Turning on JNI app bug workarounds for target SDK version 11...
05-23 15:18:25.380: D/dalvikvm(952): GC_CONCURRENT freed 412K, 8% free 6774K/7303K, paused 5ms+13ms
05-23 15:18:25.390: I/ActivityThread(2260): Pub com.google.android.apps.uploader: com.google.android.apps.uploader.UploadsContentProvider
05-23 15:18:25.390: I/ActivityThread(2260): Pub com.google.photos.provider.Album: com.google.android.apps.uploader.clients.picasa.AlbumProvider
05-23 15:18:25.390: D/MediaUploader(2260): UploaderApplication.onCreate
05-23 15:18:25.410: D/MediaUploader(2260): nonWifiLimit=20971520, default=20971520
05-23 15:18:25.410: I/MediaUploader(2260): No need to wake up
05-23 15:18:25.410: I/ActivityManager(161): No longer want com.android.keychain (pid 1319): hidden #16
05-23 15:18:26.300: D/ConnectivityService(161): NetTransition Wakelock for WifiStateMachine released by timeout
05-23 15:18:28.340: D/Tethering(161): MasterInitialState.processMessage what=3
05-23 15:18:28.340: I/MapActivity(1587): Handling network change notification:CONNECTED
05-23 15:18:28.350: I/GTalkService/c(284): [AndroidEndpoint@1091781632] connect: acct=1000000, state=CONNECTING
05-23 15:18:28.360: D/PicasaSyncManager(952): active network: NetworkInfo: type: WIFI[], state: CONNECTED/CONNECTED, reason: (unspecified), extra: (none), roaming: false, failover: false, isAvailable: true
05-23 15:18:28.360: D/PicasaSyncManager(952): background data: true
05-23 15:18:28.360: I/GTalkService/c(284): [GTalkConnection@1091807072] connect: acct=2, state=CONNECTING
05-23 15:18:28.380: I/MediaUploader(2260): No need to wake up
05-23 15:18:28.380: V/PicasaContentProvider(952): querySettings: defaults: {sync_on_wifi_only=1, auto_upload_account_type=null, sync_on_battery=1, sync_picasa_on_wifi_only=1, auto_upload_enabled=0, video_upload_wifi_only=1, sync_on_roaming=0, auto_upload_account_name=null}
05-23 15:18:28.380: D/PicasaSyncManager(952): reject PrefetchAlbumCover (*******************) because auto sync is off
05-23 15:18:28.390: V/PicasaContentProvider(952): querySettings: defaults: {sync_on_wifi_only=1, auto_upload_account_type=null, sync_on_battery=1, sync_picasa_on_wifi_only=1, auto_upload_enabled=0, video_upload_wifi_only=1, sync_on_roaming=0, auto_upload_account_name=null}
05-23 15:18:28.390: D/PicasaSyncManager(952): reject PrefetchAlbumCover (*******************) because auto sync is off
05-23 15:18:28.390: V/PicasaContentProvider(952): querySettings: defaults: {sync_on_wifi_only=1, auto_upload_account_type=null, sync_on_battery=1, sync_picasa_on_wifi_only=1, auto_upload_enabled=0, video_upload_wifi_only=1, sync_on_roaming=0, auto_upload_account_name=null}
05-23 15:18:28.390: D/PicasaSyncManager(952): reject PrefetchScreenNail (*******************) because auto sync is off
05-23 15:18:28.390: V/PicasaContentProvider(952): querySettings: defaults: {sync_on_wifi_only=1, auto_upload_account_type=null, sync_on_battery=1, sync_picasa_on_wifi_only=1, auto_upload_enabled=0, video_upload_wifi_only=1, sync_on_roaming=0, auto_upload_account_name=null}
05-23 15:18:28.390: D/PicasaSyncManager(952): reject PrefetchScreenNail (*******************) because auto sync is off
05-23 15:18:28.840: D/dalvikvm(284): GC_CONCURRENT freed 421K, 8% free 7386K/7943K, paused 7ms+3ms
05-23 15:18:29.280: D/ConnectivityService(161): handleInetConditionHoldEnd: net=1, condition=100, published condition=0
05-23 15:18:29.320: I/ActivityManager(161): Start proc com.google.android.talk for broadcast com.google.android.talk/.ConnectionStateOnlineReceiver: pid=2283 uid=10008 gids={3003, 1015, 1006, 3002}
05-23 15:18:29.360: I/ActivityThread(2283): Pub com.google.android.talk.SuggestionProvider: com.google.android.talk.SuggestionsProvider
05-23 15:18:29.380: D/vclib:CallStateClient(2283): startListening
05-23 15:18:29.390: I/ActivityManager(161): No longer want com.google.android.apps.maps:FriendService (pid 1334): hidden #16
05-23 15:18:29.440: D/dalvikvm(2283): GC_CONCURRENT freed 201K, 5% free 6719K/7047K, paused 3ms+3ms
05-23 15:18:29.490: D/dalvikvm(284): GC_EXPLICIT freed 170K, 8% free 7354K/7943K, paused 5ms+4ms
05-23 15:19:40.100: W/ThrottleService(161): unable to find stats for iface rmnet0
05-23 15:23:14.660: D/dalvikvm(238): GC_CONCURRENT freed 1328K, 75% free 7720K/29895K, paused 2ms+4ms
05-23 15:23:28.750: D/dalvikvm(161): GC_CONCURRENT freed 878K, 22% free 10507K/13383K, paused 2ms+6ms
05-23 15:24:18.730: I/TiWebChromeClient.console(1802): (main) [502849,579021] Viewport argument value "device-width;" for key "width" not recognized. Content ignored. (8:http://mashable.com/2012/05/23/facebook-timeline-disease/?utm_source=feedburner&utm_medium=feed&utm_campaign=Feed%3A+Mashable+%28Mashable%29)
05-23 15:24:18.730: I/TiWebChromeClient.console(1802): (main) [0,579021] Viewport argument value "1.0;" for key "initial-scale" was truncated to its numeric prefix. (8:http://mashable.com/2012/05/23/facebook-timeline-disease/?utm_source=feedburner&utm_medium=feed&utm_campaign=Feed%3A+Mashable+%28Mashable%29)
05-23 15:24:18.730: I/TiWebChromeClient.console(1802): (main) [0,579021] Viewport argument value "yes;" for key "user-scalable" not recognized. Content ignored. (8:http://mashable.com/2012/05/23/facebook-timeline-disease/?utm_source=feedburner&utm_medium=feed&utm_campaign=Feed%3A+Mashable+%28Mashable%29)
05-23 15:24:19.680: I/TiWebChromeClient.console(1802): (main) [950,579971] test (1:http://mashable.com/follow/packages/wp.js?ver=1337803175)
05-23 15:24:22.100: I/TiWebChromeClient.console(1802): (main) [2415,582386] Viewport argument value "device-width;" for key "width" not recognized. Content ignored. (8:http://mashable.com/2012/05/23/facebook-timeline-disease/?utm_source=feedburner&utm_medium=feed&utm_campaign=Feed%3A+Mashable+%28Mashable%29)
05-23 15:24:22.100: I/TiWebChromeClient.console(1802): (main) [1,582387] Viewport argument value "1.0;" for key "initial-scale" was truncated to its numeric prefix. (8:http://mashable.com/2012/05/23/facebook-timeline-disease/?utm_source=feedburner&utm_medium=feed&utm_campaign=Feed%3A+Mashable+%28Mashable%29)
05-23 15:24:22.100: I/TiWebChromeClient.console(1802): (main) [0,582387] Viewport argument value "yes;" for key "user-scalable" not recognized. Content ignored. (8:http://mashable.com/2012/05/23/facebook-timeline-disease/?utm_source=feedburner&utm_medium=feed&utm_campaign=Feed%3A+Mashable+%28Mashable%29)
05-23 15:24:22.120: D/dalvikvm(1802): GC_CONCURRENT freed 1960K, 15% free 13071K/15239K, paused 3ms+6ms
05-23 15:24:22.850: I/TiWebChromeClient.console(1802): (main) [756,583143] test (1:http://mashable.com/follow/packages/wp.js?ver=1337803175)
05-23 15:24:25.080: I/TiWebChromeClient.console(1802): (main) [2232,585375] Viewport argument value "device-width;" for key "width" not recognized. Content ignored. (8:http://mashable.com/2012/05/23/facebook-zuckerberg-sued-ipo/?utm_source=feedburner&utm_medium=feed&utm_campaign=Feed%3A+Mashable+%28Mashable%29)
05-23 15:24:25.080: I/TiWebChromeClient.console(1802): (main) [0,585375] Viewport argument value "1.0;" for key "initial-scale" was truncated to its numeric prefix. (8:http://mashable.com/2012/05/23/facebook-zuckerberg-sued-ipo/?utm_source=feedburner&utm_medium=feed&utm_campaign=Feed%3A+Mashable+%28Mashable%29)
05-23 15:24:25.080: I/TiWebChromeClient.console(1802): (main) [0,585375] Viewport argument value "yes;" for key "user-scalable" not recognized. Content ignored. (8:http://mashable.com/2012/05/23/facebook-zuckerberg-sued-ipo/?utm_source=feedburner&utm_medium=feed&utm_campaign=Feed%3A+Mashable+%28Mashable%29)
05-23 15:24:25.680: I/TiWebChromeClient.console(1802): (main) [591,585966] test (1:http://mashable.com/follow/packages/wp.js?ver=1337803175)
05-23 15:24:27.780: W/webview(1802): Stale touch event ACTION_CANCEL received from webcore; ignoring
05-23 15:24:31.360: W/webview(1802): Stale touch event ACTION_CANCEL received from webcore; ignoring
05-23 15:24:31.910: I/TiWebChromeClient.console(1802): (main) [6230,592196] No relay set (used as window.postMessage targetOrigin), cannot send cross-domain message (106:https://apis.google.com/_/apps-static/_/js/gapi/iframes_styles_bubble_mobile,plusone/rt=j/ver=jkar8tY_y8Q.en_US./sv=1/am=!tbK8W_8mwqaIodoNDQ/d=1/rs=AItRSTMtVh_ZoPAuD-y_4jL4ytQHXmannw/cb=gapi.loaded_0)
05-23 15:24:32.200: I/TiWebChromeClient.console(1802): (main) [297,592493] Unsafe JavaScript attempt to access frame with URL http://mashable.com/2012/05/23/facebook-zuckerberg-sued-ipo/?utm_source=feedburner&utm_medium=feed&utm_campaign=Feed%3A+Mashable+%28Mashable%29 from frame with URL http://static.ak.facebook.com/connect/xd_arbiter.php?version=6#channel=f212258ed8&origin=http%3A%2F%2Fwww.scribd.com&channel_path=%2Fembeds%2F94547704%2Fcontent%3Fstart_page%3D1%26view_mode%3Dlist%26access_key%3Dkey-2be5aoiv86viggwidfw5%26fb_xd_fragment%23xd_sig%3Df2972109ec%26&transport=postmessage. Domains, protocols and ports must match.
05-23 15:24:32.200: I/TiWebChromeClient.console(1802): (1:null)
05-23 15:24:32.350: I/TiWebChromeClient.console(1802): (main) [148,592641] Unsafe JavaScript attempt to access frame with URL http://mashable.com/2012/05/23/facebook-zuckerberg-sued-ipo/?utm_source=feedburner&utm_medium=feed&utm_campaign=Feed%3A+Mashable+%28Mashable%29 from frame with URL https://s-static.ak.facebook.com/connect/xd_arbiter.php?version=6#channel=f212258ed8&origin=http%3A%2F%2Fwww.scribd.com&channel_path=%2Fembeds%2F94547704%2Fcontent%3Fstart_page%3D1%26view_mode%3Dlist%26access_key%3Dkey-2be5aoiv86viggwidfw5%26fb_xd_fragment%23xd_sig%3Df2972109ec%26&transport=postmessage. Domains, protocols and ports must match.
05-23 15:24:32.350: I/TiWebChromeClient.console(1802): (1:null)
05-23 15:24:34.800: A/libc(1802): Fatal signal 11 (SIGSEGV) at 0x0000045c (code=1)
05-23 15:24:35.300: I/DEBUG(1752): *** *** *** *** *** *** *** *** *** *** *** *** *** *** *** ***
05-23 15:24:35.300: I/DEBUG(1752): Build fingerprint: 'motorola/tervigon/wingray:4.0.3/IML77/239789:user/release-keys'
05-23 15:24:35.300: I/DEBUG(1752): pid: 1802, tid: 1823 >>> com.appcelerator.sample.rss <<<
05-23 15:24:35.300: I/DEBUG(1752): signal 11 (SIGSEGV), code 1 (SEGV_MAPERR), fault addr 0000045c
05-23 15:24:35.300: I/DEBUG(1752): r0 01de9f30 r1 02d6cb98 r2 01de9f30 r3 00000000
05-23 15:24:35.300: I/DEBUG(1752): r4 5c713dc4 r5 00000000 r6 02d6cb98 r7 00000000
05-23 15:24:35.300: I/DEBUG(1752): r8 00000000 r9 02d6cb98 10 00000001 fp 00000458
05-23 15:24:35.300: I/DEBUG(1752): ip 00000000 sp 5c713980 lr 59f45dfb pc 59f45dfe cpsr 68000030
05-23 15:24:35.300: I/DEBUG(1752): d0 0000000000000000 d1 4453c00000000000
05-23 15:24:35.300: I/DEBUG(1752): d2 439f000000000000 d3 000000000000013e
05-23 15:24:35.300: I/DEBUG(1752): d4 c220000041200000 d5 41288a8a00000000
05-23 15:24:35.300: I/DEBUG(1752): d6 446dc00000000000 d7 0000000000000000
05-23 15:24:35.300: I/DEBUG(1752): d8 000003b700000000 d9 4090420000000410
05-23 15:24:35.300: I/DEBUG(1752): d10 0000000000000000 d11 0000000000000000
05-23 15:24:35.300: I/DEBUG(1752): d12 0000000000000000 d13 0000000000000000
05-23 15:24:35.300: I/DEBUG(1752): d14 0000000000000000 d15 0000000000000000
05-23 15:24:35.300: I/DEBUG(1752): scr 20000013
05-23 15:24:35.460: I/DEBUG(1752): #00 pc 00255dfe /system/lib/libwebcore.so
05-23 15:24:35.460: I/DEBUG(1752): #01 lr 59f45dfb /system/lib/libwebcore.so
05-23 15:24:35.460: I/DEBUG(1752): code around pc:
05-23 15:24:35.470: I/DEBUG(1752): 59f45ddc 4606b0d9 98644617 4298460c 4680bfcc ...F.Fd..F.B...F
05-23 15:24:35.470: I/DEBUG(1752): 59f45dec 46304605 461dbfcc f7444698 f8d0fd15 .F0F...F.FD.....
05-23 15:24:35.470: I/DEBUG(1752): 59f45dfc f8dbb450 6c420004 b9129203 8a99ed9f P.....Bl........
05-23 15:24:35.470: I/DEBUG(1752): 59f45e0c 2100e154 914b964e 95479546 8120f8cd T..!N.K.F.G... .
05-23 15:24:35.470: I/DEBUG(1752): 59f45e1c 914a9749 8a03ed96 fa1ef7eb 7a91eddf I.J............z
05-23 15:24:35.470: I/DEBUG(1752): code around lr:
05-23 15:24:35.470: I/DEBUG(1752): 59f45dd8 8b02ed2d 4606b0d9 98644617 4298460c -......F.Fd..F.B
05-23 15:24:35.470: I/DEBUG(1752): 59f45de8 4680bfcc 46304605 461dbfcc f7444698 ...F.F0F...F.FD.
05-23 15:24:35.470: I/DEBUG(1752): 59f45df8 f8d0fd15 f8dbb450 6c420004 b9129203 ....P.....Bl....
05-23 15:24:35.470: I/DEBUG(1752): 59f45e08 8a99ed9f 2100e154 914b964e 95479546 ....T..!N.K.F.G.
05-23 15:24:35.470: I/DEBUG(1752): 59f45e18 8120f8cd 914a9749 8a03ed96 fa1ef7eb .. .I.J.........
05-23 15:24:35.470: I/DEBUG(1752): stack:
05-23 15:24:35.470: I/DEBUG(1752): 5c713940 00000000
05-23 15:24:35.470: I/DEBUG(1752): 5c713944 59ec49db /system/lib/libwebcore.so
05-23 15:24:35.470: I/DEBUG(1752): 5c713948 5c713dfc
05-23 15:24:35.470: I/DEBUG(1752): 5c71394c 59ec66b1 /system/lib/libwebcore.so
05-23 15:24:35.470: I/DEBUG(1752): 5c713950 023f955c [heap]
05-23 15:24:35.470: I/DEBUG(1752): 5c713954 59ec3951 /system/lib/libwebcore.so
05-23 15:24:35.470: I/DEBUG(1752): 5c713958 5c713968
05-23 15:24:35.470: I/DEBUG(1752): 5c71395c 023f955c [heap]
05-23 15:24:35.470: I/DEBUG(1752): 5c713960 023f955c [heap]
05-23 15:24:35.470: I/DEBUG(1752): 5c713964 59ec75df /system/lib/libwebcore.so
05-23 15:24:35.470: I/DEBUG(1752): 5c713968 0000020d
05-23 15:24:35.470: I/DEBUG(1752): 5c71396c 01000300
05-23 15:24:35.470: I/DEBUG(1752): 5c713970 00000000
05-23 15:24:35.470: I/DEBUG(1752): 5c713974 023f955c [heap]
05-23 15:24:35.470: I/DEBUG(1752): 5c713978 df0027ad
05-23 15:24:35.470: I/DEBUG(1752): 5c71397c 00000000
05-23 15:24:35.470: I/DEBUG(1752): #00 5c713980 0237ed38 [heap]
05-23 15:24:35.470: I/DEBUG(1752): 5c713984 59ecbc83 /system/lib/libwebcore.so
05-23 15:24:35.470: I/DEBUG(1752): 5c713988 5c7139a8
05-23 15:24:35.470: I/DEBUG(1752): 5c71398c 59ec6ea5 /system/lib/libwebcore.so
05-23 15:24:35.470: I/DEBUG(1752): 5c713990 5c7139a8
05-23 15:24:35.470: I/DEBUG(1752): 5c713994 59ecbbc1 /system/lib/libwebcore.so
05-23 15:24:35.470: I/DEBUG(1752): 5c713998 00000506
05-23 15:24:35.470: I/DEBUG(1752): 5c71399c 000003fc
05-23 15:24:35.470: I/DEBUG(1752): 5c7139a0 5c7139f8
05-23 15:24:35.470: I/DEBUG(1752): 5c7139a4 023f955c [heap]
05-23 15:24:35.470: I/DEBUG(1752): 5c7139a8 0237ed38 [heap]
05-23 15:24:35.470: I/DEBUG(1752): 5c7139ac 59ec3e37 /system/lib/libwebcore.so
05-23 15:24:35.470: I/DEBUG(1752): 5c7139b0 0000013d
05-23 15:24:35.470: I/DEBUG(1752): 5c7139b4 00000000
05-23 15:24:35.470: I/DEBUG(1752): 5c7139b8 0000017f
05-23 15:24:35.470: I/DEBUG(1752): 5c7139bc 0000020f
05-23 15:24:35.470: I/DEBUG(1752): 5c7139c0 00000000
05-23 15:24:35.470: I/DEBUG(1752): 5c7139c4 5c713abc
05-23 15:24:40.200: I/BootReceiver(161): Copying /data/tombstones/tombstone_04 to DropBox (SYSTEM_TOMBSTONE)
05-23 15:24:40.250: W/TimedEventQueue(91): Event 1441 was not found in the queue, already cancelled?
05-23 15:24:40.250: I/WindowManager(161): WIN DEATH: Window{41445ab8 Panel:com.appcelerator.sample.rss/com.appcelerator.sample.rss.SampleRssActivity paused=false}
05-23 15:24:40.250: I/ActivityManager(161): Process com.appcelerator.sample.rss (pid 1802) has died.
05-23 15:24:40.260: E/OMXCodec(91): [OMX.Nvidia.h264.decode] dequeueBuffer failed w/ error 0xffffffe0
05-23 15:24:40.260: D/Zygote(89): Process 1802 terminated by signal (11)
05-23 15:24:40.260: W/ActivityManager(161): Force removing ActivityRecord{413bf210 com.appcelerator.sample.rss/.SampleRssActivity}: app died, no saved state
05-23 15:24:40.260: I/WindowManager(161): WIN DEATH: Window{41374578 com.appcelerator.sample.rss/com.appcelerator.sample.rss.SampleRssActivity paused=false}
05-23 15:24:40.260: W/WindowManager(161): Force-removing child win Window{41445ab8 Panel:com.appcelerator.sample.rss/com.appcelerator.sample.rss.SampleRssActivity paused=false} from container Window{41374578 com.appcelerator.sample.rss/com.appcelerator.sample.rss.SampleRssActivity paused=false}
05-23 15:24:40.290: D/dalvikvm(161): GC_CONCURRENT freed 555K, 19% free 10894K/13383K, paused 3ms+9ms
05-23 15:24:40.310: W/MediaPlayerService(91): native_window_api_disconnect returned an error: Broken pipe (-32)
05-23 15:24:40.330: W/InputManagerService(161): Got RemoteException sending setActive(false) notification to pid 1802 uid 10061
05-23 15:25:00.000: I/ActivityManager(161): No longer want com.google.android.apps.maps:NetworkLocationService (pid 685): hidden #16
05-23 15:25:00.030: W/ActivityManager(161): Scheduling restart of crashed service com.google.android.apps.maps/com.google.android.location.internal.server.NetworkLocationService in 5000ms
05-23 15:25:05.050: I/ActivityManager(161): Start proc com.google.android.apps.maps:NetworkLocationService for service com.google.android.apps.maps/com.google.android.location.internal.server.NetworkLocationService: pid=2409 uid=10020 gids={3003, 1015}
05-23 15:25:05.060: I/dalvikvm(2409): Turning on JNI app bug workarounds for target SDK version 13...
05-23 15:25:05.160: D/dalvikvm(2409): GC_CONCURRENT freed 168K, 4% free 6806K/7047K, paused 2ms+2ms
05-23 15:25:05.230: I/ActivityManager(161): Start proc com.google.android.apps.maps:FriendService for broadcast com.google.android.apps.maps/com.google.googlenav.friend.android.ServiceReceiver: pid=2422 uid=10020 gids={3003, 1015}
05-23 15:25:05.240: I/dalvikvm(2422): Turning on JNI app bug workarounds for target SDK version 13...
05-23 15:25:05.340: D/dalvikvm(2422): GC_CONCURRENT freed 170K, 4% free 6803K/7047K, paused 3ms+2ms
05-23 15:25:05.370: D/dalvikvm(2409): GC_CONCURRENT freed 166K, 3% free 7219K/7431K, paused 2ms+7ms
05-23 15:25:05.430: D/dalvikvm(2422): GC_CONCURRENT freed 126K, 4% free 7187K/7431K, paused 2ms+3ms
05-23 15:25:05.440: I/ActivityManager(161): No longer want com.google.android.apps.books (pid 840): hidden #16
05-23 15:25:05.560: D/dalvikvm(2409): GC_CONCURRENT freed 179K, 4% free 7559K/7815K, paused 2ms+4ms
05-23 15:25:05.720: D/dalvikvm(2409): GC_CONCURRENT freed 722K, 11% free 7341K/8199K, paused 2ms+2ms
05-23 15:25:05.770: I/System.out(2409): [INFO:510]: c: Running flush
05-23 15:25:05.780: I/System.out(2409): [INFO:520]: c: Sending payload [bytes=501]
05-23 15:25:06.290: D/dalvikvm(2409): GC_CONCURRENT freed 284K, 9% free 7473K/8199K, paused 3ms+3ms
05-23 15:25:06.570: I/System.out(2409): [INFO:1306]: c: Response [http=200,length=909]
05-23 15:25:06.570: I/System.out(2409): [INFO:1310]: c: Read id 1, status code 200
05-23 15:25:08.010: I/System.out(2409): [INFO:2754]: c: Running flush
05-23 15:25:08.020: I/System.out(2409): [INFO:2755]: c: Sending payload [bytes=516]
05-23 15:25:08.060: I/System.out(2409): [INFO:2796]: c: Response [http=200,length=469]
05-23 15:25:08.060: I/System.out(2409): [INFO:2797]: c: Read id 2, status code 200
05-23 15:25:08.200: D/dalvikvm(2409): GC_CONCURRENT freed 435K, 8% free 7550K/8199K, paused 2ms+3ms
05-23 15:25:59.640: D/MtpService(315): addStorageLocked 65537 /mnt/sdcard
05-23 15:25:59.640: D/MtpService(315): starting MTP server in MTP mode
05-23 15:25:59.640: D/MtpService(315): addStorageLocked 65537 /mnt/sdcard
05-23 15:26:07.200: I/ActivityManager(161): START {act=android.intent.action.MAIN cat=[android.intent.category.LAUNCHER] flg=0x10008000 cmp=com.android.settings/.DevelopmentSettings bnds=[920,736][1280,800]} from pid -1
05-23 15:26:07.250: W/KeyguardViewMediator(161): verifyUnlock called when not externally disabled
05-23 15:26:07.270: I/ActivityManager(161): Start proc com.android.settings for activity com.android.settings/.DevelopmentSettings: pid=2467 uid=1000 gids={3003, 1015, 3002, 3001, 3007}
05-23 15:26:07.290: D/OpenGLRenderer(360): Flushing caches (mode 1)
05-23 15:26:07.310: D/dalvikvm(89): GC_EXPLICIT freed 38K, 5% free 6469K/6787K, paused 3ms+2ms
05-23 15:26:07.370: W/System.err(2467): Removed 2131231170
05-23 15:26:07.370: W/System.err(2467): Removed 2131231177
05-23 15:26:07.400: D/dalvikvm(89): GC_EXPLICIT freed <1K, 5% free 6469K/6787K, paused 2ms+3ms
05-23 15:26:07.410: D/LocalBluetoothProfileManager(2467): LocalBluetoothProfileManager construction complete
05-23 15:26:07.420: D/dalvikvm(89): GC_EXPLICIT freed <1K, 5% free 6469K/6787K, paused 2ms+3ms
05-23 15:26:07.440: D/OpenGLRenderer(360): Flushing caches (mode 0)
05-23 15:26:07.460: D/dalvikvm(2467): GC_CONCURRENT freed 171K, 4% free 6801K/7047K, paused 2ms+4ms
05-23 15:26:07.510: D/PermissionCache(88): checking android.permission.HARDWARE_TEST for uid=1000 => granted (210 us)
05-23 15:26:07.510: D/VoldCmdListener(84): cryptfs cryptocomplete
05-23 15:26:07.510: E/Cryptfs(84): not running with encryption, aborting
05-23 15:26:07.570: D/libEGL(2467): loaded /system/lib/egl/libGLES_android.so
05-23 15:26:07.580: D/libEGL(2467): loaded /system/lib/egl/libEGL_tegra.so
05-23 15:26:07.600: D/libEGL(2467): loaded /system/lib/egl/libGLESv1_CM_tegra.so
05-23 15:26:07.610: D/libEGL(2467): loaded /system/lib/egl/libGLESv2_tegra.so
05-23 15:26:07.660: D/OpenGLRenderer(2467): Enabling debug mode 0
05-23 15:26:07.820: D/dalvikvm(2467): GC_CONCURRENT freed 101K, 4% free 7134K/7367K, paused 4ms+4ms
05-23 15:26:08.150: I/ActivityManager(161): Displayed com.android.settings/.DevelopmentSettings: +912ms
05-23 15:26:34.500: D/dalvikvm(238): GC_CONCURRENT freed 325K, 74% free 7778K/29895K, paused 6ms+5ms
05-23 15:26:43.540: D/AndroidRuntime(2495): >>>>>> AndroidRuntime START com.android.internal.os.RuntimeInit <<<<<<
05-23 15:26:43.540: D/AndroidRuntime(2495): CheckJNI is OFF
05-23 15:26:43.720: D/AndroidRuntime(2495): Calling main entry com.android.commands.pm.Pm
05-23 15:26:43.730: W/ActivityManager(161): No content provider found for permission revoke: file:///data/local/tmp/app.apk
05-23 15:26:43.780: W/ActivityManager(161): No content provider found for permission revoke: file:///data/local/tmp/app.apk
05-23 15:26:43.860: D/dalvikvm(161): GC_CONCURRENT freed 1366K, 21% free 10631K/13383K, paused 3ms+6ms
05-23 15:26:45.000: I/PackageManager(161): Removing non-system package:com.appcelerator.sample.rss
05-23 15:26:45.000: I/ActivityManager(161): Force stopping package com.appcelerator.sample.rss uid=10061
05-23 15:26:45.090: I/PackageManager(161): Package com.appcelerator.sample.rss codePath changed from /data/app/com.appcelerator.sample.rss-1.apk to /data/app/com.appcelerator.sample.rss-2.apk; Retaining data and using new
05-23 15:26:46.690: I/PackageManager(161): Running dexopt on: com.appcelerator.sample.rss
05-23 15:26:46.890: D/dalvikvm(2508): DexOpt: 'Lorg/apache/commons/codec/binary/Base64;' has an earlier definition; blocking out
05-23 15:26:46.890: D/dalvikvm(2508): DexOpt: 'Lorg/apache/commons/codec/binary/Hex;' has an earlier definition; blocking out
05-23 15:26:46.910: D/dalvikvm(2508): DexOpt: 'Lorg/w3c/dom/UserDataHandler;' has an earlier definition; blocking out
05-23 15:26:47.050: D/dalvikvm(2508): DexOpt: not verifying/optimizing 'Lorg/apache/commons/codec/binary/Base64;': multiple definitions
05-23 15:26:47.050: D/dalvikvm(2508): DexOpt: not verifying/optimizing 'Lorg/apache/commons/codec/binary/Hex;': multiple definitions
05-23 15:26:47.050: I/dalvikvm(2508): DexOpt: not resolving ambiguous class 'Lorg/apache/commons/codec/binary/Hex;'
05-23 15:26:47.170: I/dalvikvm(2508): DexOpt: not resolving ambiguous class 'Lorg/apache/commons/codec/binary/Base64;'
05-23 15:26:47.180: I/dalvikvm(2508): DexOpt: not resolving ambiguous class 'Lorg/apache/commons/codec/binary/Base64;'
05-23 15:26:47.320: D/dalvikvm(2508): DexOpt: not verifying/optimizing 'Lorg/w3c/dom/UserDataHandler;': multiple definitions
05-23 15:26:47.360: I/dalvikvm(2508): DexOpt: not resolving ambiguous class 'Lorg/apache/commons/codec/binary/Hex;'
05-23 15:26:47.490: D/dalvikvm(2508): DexOpt: load 90ms, verify+opt 538ms
05-23 15:26:48.300: I/ActivityManager(161): Force stopping package com.appcelerator.sample.rss uid=10061
05-23 15:26:48.310: W/PackageManager(161): Code path for pkg : com.appcelerator.sample.rss changing from /data/app/com.appcelerator.sample.rss-1.apk to /data/app/com.appcelerator.sample.rss-2.apk
05-23 15:26:48.310: W/PackageManager(161): Resource path for pkg : com.appcelerator.sample.rss changing from /data/app/com.appcelerator.sample.rss-1.apk to /data/app/com.appcelerator.sample.rss-2.apk
05-23 15:26:48.400: D/PackageManager(161): New package installed in /data/app/com.appcelerator.sample.rss-2.apk
05-23 15:26:48.530: I/ActivityManager(161): Force stopping package com.appcelerator.sample.rss uid=10061
05-23 15:26:48.540: D/dalvikvm(161): GC_CONCURRENT freed 1023K, 21% free 10601K/13383K, paused 2ms+5ms
05-23 15:26:48.570: D/PackageManager(161): generateServicesMap(android.accounts.AccountAuthenticator): 3 services unchanged
05-23 15:26:48.590: D/PackageManager(161): generateServicesMap(android.content.SyncAdapter): 12 services unchanged
05-23 15:26:48.590: D/BackupManagerService(161): Received broadcast Intent { act=android.intent.action.PACKAGE_REMOVED dat=package:com.appcelerator.sample.rss flg=0x10000010 (has extras) }
05-23 15:26:48.600: D/PackageManager(161): generateServicesMap(android.accounts.AccountAuthenticator): 3 services unchanged
05-23 15:26:48.600: D/PackageManager(161): generateServicesMap(android.content.SyncAdapter): 12 services unchanged
05-23 15:26:48.610: D/BackupManagerService(161): Received broadcast Intent { act=android.intent.action.PACKAGE_ADDED dat=package:com.appcelerator.sample.rss flg=0x10000010 (has extras) }
05-23 15:26:48.610: V/BackupManagerService(161): updatePackageParticipantsLocked: com.appcelerator.sample.rss
05-23 15:26:48.630: I/ActivityManager(161): Start proc com.android.keychain for broadcast com.android.keychain/.KeyChainBroadcastReceiver: pid=2509 uid=1000 gids={3003, 1015, 3002, 3001, 3007}
05-23 15:26:48.640: I/Launcher(360): setLoadOnResume
05-23 15:26:48.710: D/AirMail(786): CoreReceiver action: android.intent.action.PACKAGE_REMOVED
05-23 15:26:48.710: D/AirMail(786): Package Removed: com.appcelerator.sample.rss
05-23 15:26:48.830: D/BackupManagerService(161): Received broadcast Intent { act=android.intent.action.PACKAGE_REPLACED dat=package:com.appcelerator.sample.rss flg=0x10000010 (has extras) }
05-23 15:26:48.830: V/BackupManagerService(161): updatePackageParticipantsLocked: com.appcelerator.sample.rss
05-23 15:26:48.840: V/PicasaContentProvider(952): querySettings: defaults: {sync_on_wifi_only=1, auto_upload_account_type=null, sync_on_battery=1, sync_picasa_on_wifi_only=1, auto_upload_enabled=0, video_upload_wifi_only=1, sync_on_roaming=0, auto_upload_account_name=null}
05-23 15:26:48.870: D/PicasaSyncManager(952): reject PrefetchAlbumCover (*******************) because auto sync is off
05-23 15:26:48.870: V/PicasaContentProvider(952): querySettings: defaults: {sync_on_wifi_only=1, auto_upload_account_type=null, sync_on_battery=1, sync_picasa_on_wifi_only=1, auto_upload_enabled=0, video_upload_wifi_only=1, sync_on_roaming=0, auto_upload_account_name=null}
05-23 15:26:48.870: D/dalvikvm(161): GC_EXPLICIT freed 809K, 21% free 10649K/13383K, paused 4ms+12ms
05-23 15:26:48.890: D/PicasaSyncManager(952): reject PrefetchAlbumCover (*******************) because auto sync is off
05-23 15:26:48.900: V/PicasaContentProvider(952): querySettings: defaults: {sync_on_wifi_only=1, auto_upload_account_type=null, sync_on_battery=1, sync_picasa_on_wifi_only=1, auto_upload_enabled=0, video_upload_wifi_only=1, sync_on_roaming=0, auto_upload_account_name=null}
05-23 15:26:48.920: D/dalvikvm(1121): GC_CONCURRENT freed 411K, 8% free 6505K/7047K, paused 4ms+2ms
05-23 15:26:48.930: D/PicasaSyncManager(952): reject PrefetchScreenNail (*******************) because auto sync is off
05-23 15:26:48.930: V/PicasaContentProvider(952): querySettings: defaults: {sync_on_wifi_only=1, auto_upload_account_type=null, sync_on_battery=1, sync_picasa_on_wifi_only=1, auto_upload_enabled=0, video_upload_wifi_only=1, sync_on_roaming=0, auto_upload_account_name=null}
05-23 15:26:48.940: D/PicasaSyncManager(952): reject PrefetchScreenNail (*******************) because auto sync is off
05-23 15:26:48.950: V/PicasaContentProvider(952): querySettings: defaults: {sync_on_wifi_only=1, auto_upload_account_type=null, sync_on_battery=1, sync_picasa_on_wifi_only=1, auto_upload_enabled=0, video_upload_wifi_only=1, sync_on_roaming=0, auto_upload_account_name=null}
05-23 15:26:48.950: D/PicasaSyncManager(952): reject PrefetchAlbumCover (*******************) because auto sync is off
05-23 15:26:48.950: V/PicasaContentProvider(952): querySettings: defaults: {sync_on_wifi_only=1, auto_upload_account_type=null, sync_on_battery=1, sync_picasa_on_wifi_only=1, auto_upload_enabled=0, video_upload_wifi_only=1, sync_on_roaming=0, auto_upload_account_name=null}
05-23 15:26:48.950: D/PicasaSyncManager(952): reject PrefetchAlbumCover (*******************) because auto sync is off
05-23 15:26:48.960: V/PicasaContentProvider(952): querySettings: defaults: {sync_on_wifi_only=1, auto_upload_account_type=null, sync_on_battery=1, sync_picasa_on_wifi_only=1, auto_upload_enabled=0, video_upload_wifi_only=1, sync_on_roaming=0, auto_upload_account_name=null}
05-23 15:26:48.960: D/PicasaSyncManager(952): reject PrefetchScreenNail (*******************) because auto sync is off
05-23 15:26:48.960: V/PicasaContentProvider(952): querySettings: defaults: {sync_on_wifi_only=1, auto_upload_account_type=null, sync_on_battery=1, sync_picasa_on_wifi_only=1, auto_upload_enabled=0, video_upload_wifi_only=1, sync_on_roaming=0, auto_upload_account_name=null}
05-23 15:26:48.960: D/PicasaSyncManager(952): reject PrefetchScreenNail (*******************) because auto sync is off
05-23 15:26:49.000: D/AndroidRuntime(2495): Shutting down VM
05-23 15:26:49.000: D/dalvikvm(161): GC_EXPLICIT freed 422K, 22% free 10473K/13383K, paused 3ms+6ms
05-23 15:26:49.010: I/AndroidRuntime(2495): NOTE: attach of thread 'Binder Thread #3' failed
05-23 15:26:49.010: D/dalvikvm(2495): GC_CONCURRENT freed 101K, 83% free 456K/2560K, paused 1ms+0ms
05-23 15:26:49.010: D/jdwp(2495): Got wake-up signal, bailing out of select
05-23 15:26:49.010: D/dalvikvm(2495): Debugger has detached; object registry had 1 entries
05-23 15:26:49.650: D/dalvikvm(996): GC_CONCURRENT freed 534K, 9% free 6929K/7559K, paused 2ms+4ms
05-23 15:26:52.180: W/InputManagerService(161): Starting input on non-focused client com.android.internal.view.IInputMethodClient$Stub$Proxy@41454498 (uid=1000 pid=2467)
05-23 15:26:52.200: D/OpenGLRenderer(2467): Flushing caches (mode 0)
05-23 15:26:52.270: D/dalvikvm(360): GC_CONCURRENT freed 2996K, 35% free 12568K/19271K, paused 3ms+12ms
05-23 15:26:52.410: I/ActivityManager(161): Start proc com.google.android.apps.books for service com.google.android.apps.books/.appwidget.BooksAppWidgetService: pid=2532 uid=10045 gids={3003, 1015}
05-23 15:26:52.420: I/dalvikvm(2532): Turning on JNI app bug workarounds for target SDK version 11...
05-23 15:26:52.500: I/ActivityThread(2532): Pub com.google.android.apps.books: com.google.android.apps.books.provider.BooksProvider
05-23 15:26:52.540: D/dalvikvm(161): GC_EXPLICIT freed 204K, 22% free 10460K/13383K, paused 4ms+9ms
05-23 15:26:52.580: I/LocalPreferences(2532): Calculated default zoom: 1.2 density: 1.0
05-23 15:26:52.640: D/SyncManager(161): setIsSyncable: Account {name=appcel123@gmail.com, type=com.google}, provider com.google.android.apps.books -> 1
05-23 15:26:52.640: D/SyncManager(161): setIsSyncable: already set to 1, doing nothing
05-23 15:26:52.640: D/SyncManager(161): setIsSyncable: Account {name=appcel321@gmail.com, type=com.google}, provider com.google.android.apps.books -> 1
05-23 15:26:52.640: D/SyncManager(161): setIsSyncable: already set to 1, doing nothing
05-23 15:26:52.650: D/dalvikvm(2532): GC_CONCURRENT freed 230K, 5% free 6760K/7047K, paused 3ms+4ms
05-23 15:26:52.650: D/dalvikvm(857): GC_FOR_ALLOC freed 309K, 9% free 6622K/7239K, paused 35ms
05-23 15:26:52.730: D/dalvikvm(857): GC_FOR_ALLOC freed 302K, 9% free 6629K/7239K, paused 49ms
05-23 15:26:52.750: I/BooksSync(2532): Starting books sync
05-23 15:26:52.800: D/dalvikvm(857): GC_FOR_ALLOC freed 302K, 9% free 6622K/7239K, paused 39ms
05-23 15:26:52.860: D/dalvikvm(857): GC_FOR_ALLOC freed 326K, 9% free 6629K/7239K, paused 19ms
05-23 15:26:52.920: D/dalvikvm(857): GC_FOR_ALLOC freed 346K, 9% free 6634K/7239K, paused 27ms
05-23 15:26:52.990: I/ActivityManager(161): Start proc com.google.android.gsf.login for service com.google.android.gsf.login/com.google.android.gsf.loginservice.GoogleLoginService: pid=2553 uid=10015 gids={3003, 1015, 1007, 2001, 3006}
05-23 15:26:53.230: D/dalvikvm(360): GC_CONCURRENT freed 372K, 27% free 14230K/19271K, paused 2ms+8ms
05-23 15:26:53.270: D/dalvikvm(2532): GC_FOR_ALLOC freed 242K, 6% free 6868K/7239K, paused 20ms
05-23 15:26:53.270: I/dalvikvm-heap(2532): Grow heap (frag case) to 7.137MB for 376336-byte allocation
05-23 15:26:53.290: D/OpenGLRenderer(2467): Flushing caches (mode 1)
05-23 15:26:53.300: D/dalvikvm(2532): GC_FOR_ALLOC freed 17K, 6% free 7218K/7623K, paused 27ms
05-23 15:26:53.350: D/dalvikvm(2532): GC_FOR_ALLOC freed 425K, 10% free 6863K/7623K, paused 20ms
05-23 15:26:53.410: D/dalvikvm(2532): GC_CONCURRENT freed 54K, 6% free 7205K/7623K, paused 3ms+3ms
05-23 15:26:53.450: D/dalvikvm(2532): GC_FOR_ALLOC freed 392K, 10% free 6868K/7623K, paused 18ms
05-23 15:26:53.500: D/dalvikvm(2532): GC_CONCURRENT freed 23K, 5% free 7248K/7623K, paused 3ms+4ms
05-23 15:26:53.820: I/ActivityManager(161): No longer want com.appcelerator.sample.mapping (pid 1587): hidden #16
05-23 15:26:54.130: D/dalvikvm(2532): GC_CONCURRENT freed 832K, 13% free 6926K/7879K, paused 2ms+2ms
05-23 15:26:54.190: I/VolumesSynchronizable(2532): Updating sortable_title=pride and prejudice has_text_mode=2 buy_url=null cover_url=/books?id=s1gVAAAAYAAJ&printsec=frontcover&img=1&source=ge-tablet-app open_access=http://schemas.google.com/books/2008#enabled tts_permission=ALLOWED date=1918 version=qXujZCJRltQ first_chapter_start_segment_id=2 publisher=null creator=Jane Austen account_name=appcel123@gmail.com title=Pride and Prejudice volume_id=s1gVAAAAYAAJ preferred_mode=2 viewability=http://schemas.google.com/books/2008#view_all_pages _id=4 sortable_creator=austen jane content_version=full-1.0.0 description=In early nineteenth-century England, a spirited young woman copes with the suit of a snobbish gentleman, as well as the romantic entanglements of her four sisters. cover_content_status=3 has_image_mode=1 with values version=L0myHHye8dI
05-23 15:26:54.200: I/LocalVolumesProvidelet(2532): Updating SelectionBuilder[table=volumes, selection=(account_name=?) AND (volume_id=?), selectionArgs=[appcel123@gmail.com, s1gVAAAAYAAJ]] with values version=L0myHHye8dI
05-23 15:26:54.270: I/VolumesSynchronizable(2532): Updating sortable_title=great expectations has_text_mode=2 buy_url=null cover_url=/books?id=fhUXAAAAYAAJ&printsec=frontcover&img=1&source=ge-tablet-app open_access=http://schemas.google.com/books/2008#enabled tts_permission=ALLOWED date=1881 version=0uSjYZUhhEI first_chapter_start_segment_id=1 publisher=null creator=Charles Dickens account_name=appcel123@gmail.com title=Great Expectations volume_id=fhUXAAAAYAAJ preferred_mode=2 viewability=http://schemas.google.com/books/2008#view_all_pages _id=5 sortable_creator=dickens charles content_version=1.1.1.0.full.3 description=At the age of six Pip renders assistance to an escaped convict, a good deed which will reap rewards later in life. As Pip strives to make his way in the world, Miss Havisham, seems to hold the key to all of Pip's dreams while her ward, Estella ... cover_content_status=3 has_image_mode=1 with values version=WjhIdy5I/eg
05-23 15:26:54.280: I/LocalVolumesProvidelet(2532): Updating SelectionBuilder[table=volumes, selection=(account_name=?) AND (volume_id=?), selectionArgs=[appcel123@gmail.com, fhUXAAAAYAAJ]] with values version=WjhIdy5I/eg
05-23 15:26:54.320: I/VolumesSynchronizable(2532): Updating sortable_title=alice's adventures in wonderland has_text_mode=2 buy_url=null cover_url=/books?id=Y7sOAAAAIAAJ&printsec=frontcover&img=1&source=ge-tablet-app open_access=http://schemas.google.com/books/2008#enabled tts_permission=ALLOWED date=1920 version=XxO5wqm16Yo first_chapter_start_segment_id=4 publisher=null creator=Lewis Carroll account_name=appcel123@gmail.com title=Alice's Adventures in Wonderland volume_id=Y7sOAAAAIAAJ preferred_mode=2 viewability=http://schemas.google.com/books/2008#view_all_pages _id=6 sortable_creator=carroll lewis content_version=0.0.1.0.full.3 description=Alice is wondering what to do one day, when a talking rabbit steals her attention. She is so intrigued that she follows him into his hole, and tumbles down into Wonderland. Alice soon discovers that reality and logic, as she knows them, do not ... cover_content_status=3 has_image_mode=1 with values version=15EBKiPs66A
05-23 15:26:54.320: I/LocalVolumesProvidelet(2532): Updating SelectionBuilder[table=volumes, selection=(account_name=?) AND (volume_id=?), selectionArgs=[appcel123@gmail.com, Y7sOAAAAIAAJ]] with values version=15EBKiPs66A
05-23 15:26:54.490: D/dalvikvm(2532): GC_CONCURRENT freed 354K, 12% free 6957K/7879K, paused 2ms+2ms
05-23 15:26:55.030: D/dalvikvm(360): GC_FOR_ALLOC freed 2328K, 30% free 13620K/19271K, paused 37ms
05-23 15:26:55.220: D/dalvikvm(360): GC_FOR_ALLOC freed 2162K, 34% free 12878K/19271K, paused 31ms
05-23 15:26:55.320: D/dalvikvm(360): GC_FOR_ALLOC freed 1302K, 33% free 13028K/19271K, paused 28ms
05-23 15:26:55.430: D/dalvikvm(360): GC_CONCURRENT freed 1477K, 30% free 13598K/19271K, paused 3ms+7ms
05-23 15:26:56.610: I/ActivityManager(161): START {act=android.intent.action.MAIN cat=[android.intent.category.LAUNCHER] flg=0x10200000 cmp=com.appcelerator.sample.rss/.SampleRssActivity} from pid 360
05-23 15:26:56.670: I/ActivityManager(161): Start proc com.appcelerator.sample.rss for activity com.appcelerator.sample.rss/.SampleRssActivity: pid=2576 uid=10061 gids={1015, 3003}
05-23 15:26:56.690: I/dalvikvm(2576): Turning on JNI app bug workarounds for target SDK version 8...
05-23 15:26:56.710: D/OpenGLRenderer(360): Flushing caches (mode 1)
05-23 15:26:56.730: D/dalvikvm(161): GC_CONCURRENT freed 174K, 17% free 11214K/13383K, paused 2ms+6ms
05-23 15:26:56.740: I/TiApplication(2576): (main) [0,0] checkpoint, app created.
05-23 15:26:56.780: D/OpenGLRenderer(360): Flushing caches (mode 0)
05-23 15:26:56.790: I/TiApplication(2576): (main) [47,47] Titanium 2.0.1 (2012/04/12 16:36 999c68a)
05-23 15:26:56.850: D/dalvikvm(2576): GC_CONCURRENT freed 365K, 7% free 6595K/7047K, paused 4ms+3ms
05-23 15:26:56.880: I/TiApplication(2576): (main) [94,141] Titanium Javascript runtime: v8
05-23 15:26:56.880: D/dalvikvm(2576): Trying to load lib /data/data/com.appcelerator.sample.rss/lib/libstlport_shared.so 0x4107f630
05-23 15:26:56.890: D/dalvikvm(2576): Added shared lib /data/data/com.appcelerator.sample.rss/lib/libstlport_shared.so 0x4107f630
05-23 15:26:56.890: D/dalvikvm(2576): No JNI_OnLoad found in /data/data/com.appcelerator.sample.rss/lib/libstlport_shared.so 0x4107f630, skipping init
05-23 15:26:56.890: D/dalvikvm(2576): Trying to load lib /data/data/com.appcelerator.sample.rss/lib/libkroll-v8.so 0x4107f630
05-23 15:26:56.890: D/dalvikvm(2576): Added shared lib /data/data/com.appcelerator.sample.rss/lib/libkroll-v8.so 0x4107f630
05-23 15:26:56.890: I/TiRootActivity(2576): (main) [0,0] checkpoint, on root activity create, savedInstanceState: null
05-23 15:26:57.210: E/TiApplication(2576): (KrollRuntimeThread) [316,316] APP PROXY: ti.modules.titanium.app.AppModule@41075610
05-23 15:26:57.250: W/V8Object(2576): Runtime disposed, cannot set property 'userAgent'
05-23 15:26:57.290: D/Module(2576): Loading module: ui/tablet/ApplicationWindow -> Resources/ui/tablet/ApplicationWindow.js
05-23 15:26:57.330: D/Module(2576): Loading module: services/rss -> Resources/services/rss.js
05-23 15:26:57.350: D/Module(2576): Loading module: ui/common/MasterView -> Resources/ui/common/MasterView.js
05-23 15:26:57.370: D/Module(2576): Loading module: ui/common/DetailView -> Resources/ui/common/DetailView.js
05-23 15:26:57.480: D/dalvikvm(2576): GC_CONCURRENT freed 301K, 4% free 6953K/7239K, paused 3ms+4ms
05-23 15:26:57.540: D/dalvikvm(2576): GC_FOR_ALLOC freed 180K, 6% free 6847K/7239K, paused 19ms
05-23 15:26:57.540: I/dalvikvm-heap(2576): Grow heap (frag case) to 7.342MB for 614416-byte allocation
05-23 15:26:57.560: D/dalvikvm(2576): GC_FOR_ALLOC freed 1K, 6% free 7445K/7879K, paused 20ms
05-23 15:26:57.590: I/TiRootActivity(2576): (main) [0,0] checkpoint, on root activity resume. activity = com.appcelerator.sample.rss.SampleRssActivity@410bd620
05-23 15:26:57.630: D/dalvikvm(2576): GC_CONCURRENT freed 11K, 4% free 7603K/7879K, paused 2ms+4ms
05-23 15:26:57.630: V/TabletStatusBar(238): setLightsOn(true)
05-23 15:26:57.650: W/InputManagerService(161): Starting input on non-focused client com.android.internal.view.IInputMethodClient$Stub$Proxy@412e10f8 (uid=10022 pid=360)
05-23 15:26:57.750: I/ActivityManager(161): Displayed com.appcelerator.sample.rss/.SampleRssActivity: +1s97ms
05-23 15:26:57.810: D/dalvikvm(2576): GC_FOR_ALLOC freed 234K, 6% free 7606K/8071K, paused 40ms
05-23 15:26:57.810: I/dalvikvm-heap(2576): Grow heap (frag case) to 7.725MB for 237974-byte allocation
05-23 15:26:57.880: D/dalvikvm(2576): GC_FOR_ALLOC freed 115K, 8% free 7723K/8327K, paused 49ms
05-23 15:26:57.910: D/dalvikvm(2576): GC_FOR_ALLOC freed 3K, 8% free 7722K/8327K, paused 26ms
05-23 15:26:57.920: I/dalvikvm-heap(2576): Grow heap (frag case) to 8.073MB for 483734-byte allocation
05-23 15:26:57.950: I/ActivityManager(161): No longer want com.google.android.apps.uploader (pid 2260): hidden #16
05-23 15:26:57.970: D/dalvikvm(2576): GC_CONCURRENT freed 232K, 10% free 7962K/8839K, paused 4ms+2ms
05-23 15:26:58.010: D/dalvikvm(2576): GC_FOR_ALLOC freed 482K, 12% free 7810K/8839K, paused 22ms
05-23 15:26:58.010: I/dalvikvm-heap(2576): Grow heap (frag case) to 8.327MB for 659604-byte allocation
05-23 15:26:58.070: D/dalvikvm(2576): GC_CONCURRENT freed 0K, 5% free 8454K/8839K, paused 2ms+3ms
05-23 15:26:58.100: D/dalvikvm(2576): GC_FOR_ALLOC freed <1K, 5% free 8454K/8839K, paused 21ms
05-23 15:26:58.100: I/dalvikvm-heap(2576): Grow heap (frag case) to 8.956MB for 658912-byte allocation
05-23 15:26:58.140: D/dalvikvm(2576): GC_CONCURRENT freed 644K, 12% free 8454K/9543K, paused 3ms+3ms
05-23 15:26:58.180: D/dalvikvm(2576): GC_FOR_ALLOC freed 1K, 9% free 8778K/9543K, paused 20ms
05-23 15:26:58.180: I/dalvikvm-heap(2576): Grow heap (frag case) to 9.271MB for 658912-byte allocation
05-23 15:26:58.200: D/dalvikvm(2576): GC_FOR_ALLOC freed 321K, 12% free 9100K/10247K, paused 21ms
05-23 15:26:58.310: D/dalvikvm(2576): GC_CONCURRENT freed 868K, 12% free 9112K/10247K, paused 2ms+3ms
05-23 15:26:58.440: D/dalvikvm(2576): GC_CONCURRENT freed 469K, 8% free 9520K/10247K, paused 2ms+3ms
05-23 15:26:58.490: I/ActivityManager(161): No longer want com.google.android.talk (pid 2283): hidden #16
05-23 15:26:58.540: W/Element(2576): (KrollRuntimeThread) [947,947] The text property of Element is deprecated, use textContent instead.
05-23 15:26:58.540: W/Element(2576): (KrollRuntimeThread) [1,948] The text property of Element is deprecated, use textContent instead.
05-23 15:26:58.540: W/Element(2576): (KrollRuntimeThread) [4,952] The text property of Element is deprecated, use textContent instead.
05-23 15:26:58.550: W/Element(2576): (KrollRuntimeThread) [5,957] The text property of Element is deprecated, use textContent instead.
05-23 15:26:58.550: W/Element(2576): (KrollRuntimeThread) [1,958] The text property of Element is deprecated, use textContent instead.
05-23 15:26:58.550: W/Element(2576): (KrollRuntimeThread) [0,958] The text property of Element is deprecated, use textContent instead.
05-23 15:26:58.550: W/Element(2576): (KrollRuntimeThread) [4,962] The text property of Element is deprecated, use textContent instead.
05-23 15:26:58.550: W/Element(2576): (KrollRuntimeThread) [1,963] The text property of Element is deprecated, use textContent instead.
05-23 15:26:58.550: W/Element(2576): (KrollRuntimeThread) [1,964] The text property of Element is deprecated, use textContent instead.
05-23 15:26:58.560: W/Element(2576): (KrollRuntimeThread) [2,966] The text property of Element is deprecated, use textContent instead.
05-23 15:26:58.560: W/Element(2576): (KrollRuntimeThread) [1,967] The text property of Element is deprecated, use textContent instead.
