?:??: W/?(?): --------- beginning of /dev/log/system
05-23 14:47:27.260: I/Vold(84): Vold 2.1 (the revenge) firing up
05-23 14:47:27.290: D/Vold(84): Volume sdcard state changing -1 (Initializing) -> 0 (No-Media)
05-23 14:47:38.560: I/SystemServer(161): Entered the Android system server!
05-23 14:47:38.560: I/SystemServer(161): Entropy Service
05-23 14:47:38.620: I/SystemServer(161): Power Manager
05-23 14:47:38.620: I/SystemServer(161): Activity Manager
05-23 14:47:38.640: I/ActivityManager(161): Memory class: 48
05-23 14:47:38.740: I/SystemServer(161): Telephony Registry
05-23 14:47:38.750: I/SystemServer(161): Package Manager
05-23 14:47:39.160: W/PackageParser(161): No actions in intent filter at /system/app/Bluetooth.apk Binary XML file line #125
05-23 14:47:39.360: W/PackageParser(161): No actions in intent filter at /system/app/Contacts.apk Binary XML file line #525
05-23 14:47:40.760: I/Installer(161): connecting...
05-23 14:47:43.700: W/PackageParser(161): Unknown element under : support-screens at /data/app/com.android-1.apk Binary XML file line #7
05-23 14:48:07.380: I/PackageManager(161): Time to scan packages: 28.314 seconds
05-23 14:48:07.380: W/PackageManager(161): Unknown permission android.permission.ADD_SYSTEM_SERVICE in package com.android.phone
05-23 14:48:07.380: W/PackageManager(161): Unknown permission com.android.smspush.WAPPUSH_MANAGER_BIND in package com.android.phone
05-23 14:48:07.380: W/PackageManager(161): Unknown permission com.google.android.apps.googlevoice.permission.AUTO_SEND in package com.google.android.voicesearch
05-23 14:48:07.390: W/PackageManager(161): Unknown permission com.android.vending.billing.IBillingAccountService.BIND2 in package com.google.android.gsf.login
05-23 14:48:07.390: W/PackageManager(161): Not granting permission com.android.email.permission.ACCESS_PROVIDER to package com.qo.android.moto (protectionLevel=2 flags=0x8fe45)
05-23 14:48:07.390: W/PackageManager(161): Not granting permission android.permission.SEND_DOWNLOAD_COMPLETED_INTENTS to package com.android.browser (protectionLevel=2 flags=0x9be45)
05-23 14:48:07.390: W/PackageManager(161): Not granting permission android.permission.DEVICE_POWER to package com.google.android.deskclock (protectionLevel=2 flags=0x8be45)
05-23 14:48:07.390: W/PackageManager(161): Unknown permission android.permission.READ_OWNER_DATA in package com.google.android.setupwizard
05-23 14:48:07.390: W/PackageManager(161): Unknown permission android.permission.WRITE_OWNER_DATA in package com.google.android.setupwizard
05-23 14:48:07.390: W/PackageManager(161): Not granting permission com.google.android.gm.permission.READ_GMAIL to package com.google.android.apps.uploader (protectionLevel=2 flags=0x8be45)
05-23 14:48:07.390: W/PackageManager(161): Unknown permission android.permission.READ_EXTERNAL_STORAGE in package com.android.vending
05-23 14:48:07.390: W/PackageManager(161): Not granting permission android.permission.SEND_DOWNLOAD_COMPLETED_INTENTS to package com.android.vending (protectionLevel=2 flags=0xabec5)
05-23 14:48:07.390: W/PackageManager(161): Not granting permission android.permission.STATUS_BAR to package com.android.vending (protectionLevel=3 flags=0xabec5)
05-23 14:48:07.390: W/PackageManager(161): Unknown permission android.webkit.permission.PLUGIN in package com.adobe.flashplayer
05-23 14:48:07.390: W/PackageManager(161): Not granting permission android.permission.ACCOUNT_MANAGER to package com.google.android.music (protectionLevel=2 flags=0x8be65)
05-23 14:48:07.390: W/PackageManager(161): Unknown permission com.android.providers.im.permission.READ_ONLY in package com.google.android.apps.maps
05-23 14:48:07.390: W/PackageManager(161): Unknown permission android.permission.ADD_SYSTEM_SERVICE in package com.pandora.android
05-23 14:48:07.400: W/PackageManager(161): Unknown permission android.permission.READ_EXTERNAL_STORAGE in package com.google.android.videoeditor
05-23 14:48:07.860: I/SystemServer(161): Account Manager
05-23 14:48:07.890: I/SystemServer(161): Content Manager
05-23 14:48:08.020: I/SystemServer(161): System Content Providers
05-23 14:48:08.270: I/SystemServer(161): Lights Service
05-23 14:48:08.270: I/SystemServer(161): Battery Service
05-23 14:48:08.290: I/SystemServer(161): Vibrator Service
05-23 14:48:08.300: I/SystemServer(161): Alarm Manager
05-23 14:48:08.300: I/SystemServer(161): Init Watchdog
05-23 14:48:08.300: I/SystemServer(161): Window Manager
05-23 14:48:08.300: I/InputManager(161): Initializing input manager
05-23 14:48:08.310: W/StatusBarManager(161): warning: no STATUS_BAR_SERVICE
05-23 14:48:08.350: I/InputManager(161): Starting input manager
05-23 14:48:08.350: I/SystemServer(161): Bluetooth Service
05-23 14:48:08.370: I/SystemServer(161): Input Method Service
05-23 14:48:08.370: W/InputManagerService(161): Couldn't create dir.: /data/system/inputmethod
05-23 14:48:08.610: I/SystemServer(161): Accessibility Manager
05-23 14:48:08.620: I/ActivityManager(161): Config changed: {1.0 0mcc0mnc en_US layoutdir=0 sw800dp w1280dp h752dp xlrg land ?uimode ?night -touch -keyb/v/h -nav/h s.2}
05-23 14:48:08.620: I/SystemServer(161): Device Policy
05-23 14:48:08.620: I/SystemServer(161): Status Bar
05-23 14:48:08.620: I/SystemServer(161): Clipboard Service
05-23 14:48:08.620: I/SystemServer(161): NetworkManagement Service
05-23 14:48:08.630: I/SystemServer(161): Text Service Manager Service
05-23 14:48:08.630: I/SystemServer(161): NetworkStats Service
05-23 14:48:08.630: I/SystemServer(161): NetworkPolicy Service
05-23 14:48:08.630: I/SystemServer(161): Wi-Fi P2pService
05-23 14:48:08.640: I/SystemServer(161): Wi-Fi Service
05-23 14:48:08.650: I/SystemServer(161): Connectivity Service
05-23 14:48:08.650: D/ConnectivityService(161): ConnectivityService starting up
05-23 14:48:08.660: E/ConnectivityService(161): Ignoring protectedNetwork 10
05-23 14:48:08.660: E/ConnectivityService(161): Ignoring protectedNetwork 11
05-23 14:48:08.660: E/ConnectivityService(161): Ignoring protectedNetwork 12
05-23 14:48:08.660: D/NetworkManagementService(161): Registering observer
05-23 14:48:08.660: D/NetworkManagementService(161): Registering observer
05-23 14:48:08.660: I/WifiService(161): WifiService starting up with Wi-Fi enabled
05-23 14:48:08.670: D/NetworkManagementService(161): rsp <213 00:90:4c:11:22:33 0.0.0.0 0 [down broadcast multicast]>
05-23 14:48:08.670: D/NetworkManagementService(161): flags <[down broadcast multicast]>
05-23 14:48:08.670: I/SystemServer(161): Throttle Service
05-23 14:48:08.670: I/SystemServer(161): Mount Service
05-23 14:48:08.670: D/MountService(161): got storage path: /mnt/sdcard description: Internal Storage primary: true removable: false emulated: true mtpReserve: 100 allowMassStorage: false maxFileSize: 0
05-23 14:48:08.680: D/MountService(161): got storage path: /mnt/external1 description: SD Card primary: false removable: true emulated: false mtpReserve: 0 allowMassStorage: false maxFileSize: 4294967296
05-23 14:48:08.680: D/MountService(161): using emulated external storage
05-23 14:48:08.680: I/SystemServer(161): Notification Manager
05-23 14:48:08.680: D/VoldCmdListener(84): volume list
05-23 14:48:08.680: D/MountService(161): volume state changed for /mnt/external1 (null -> removed)
05-23 14:48:08.680: I/SystemServer(161): Device Storage Monitor
05-23 14:48:08.680: I/SystemServer(161): Location Manager
05-23 14:48:08.680: I/SystemServer(161): Country Detector
05-23 14:48:08.680: I/SystemServer(161): Search Service
05-23 14:48:08.690: I/SystemServer(161): DropBox Service
05-23 14:48:08.690: I/SystemServer(161): Wallpaper Service
05-23 14:48:08.690: I/SystemServer(161): Audio Service
05-23 14:48:08.720: I/SystemServer(161): Dock Observer
05-23 14:48:08.720: I/SystemServer(161): Wired Accessory Observer
05-23 14:48:08.720: I/SystemServer(161): USB Service
05-23 14:48:08.730: I/SystemServer(161): UI Mode Manager Service
05-23 14:48:08.740: I/SystemServer(161): Backup Service
05-23 14:48:08.750: V/BackupManagerService(161): Initializing package tracking
05-23 14:48:08.780: V/BackupManagerService(161): addPackageParticipantsLocked: null
05-23 14:48:08.860: I/BackupManagerService(161): New app android never backed up; scheduling
05-23 14:48:08.900: I/BackupManagerService(161): New app com.android.browser never backed up; scheduling
05-23 14:48:08.910: I/BackupManagerService(161): New app com.android.providers.settings never backed up; scheduling
05-23 14:48:08.940: I/BackupManagerService(161): New app com.android.providers.userdictionary never backed up; scheduling
05-23 14:48:08.950: I/BackupManagerService(161): New app com.android.sharedstoragebackup never backed up; scheduling
05-23 14:48:08.960: I/BackupManagerService(161): New app com.android.vending never backed up; scheduling
05-23 14:48:08.970: I/BackupManagerService(161): New app com.google.android.calendar never backed up; scheduling
05-23 14:48:08.980: I/ActivityManager(161): Config changed: {1.0 0mcc0mnc en_US layoutdir=0 sw800dp w1280dp h752dp xlrg land ?uimode ?night finger -keyb/v/h -nav/h s.3}
05-23 14:48:08.980: I/BackupManagerService(161): New app com.google.android.gm never backed up; scheduling
05-23 14:48:08.990: I/BackupManagerService(161): New app com.google.android.inputmethod.latin never backed up; scheduling
05-23 14:48:09.000: V/BackupManagerService(161): Registering transport android/com.android.internal.backup.LocalTransport = com.android.internal.backup.LocalTransport@41304c20
05-23 14:48:09.010: V/BackupManagerService(161): Starting with transport com.google.android.backup/.BackupTransportService
05-23 14:48:09.010: V/BackupManagerService(161): Binding to Google transport
05-23 14:48:09.010: I/BackupManagerService(161): Found stale backup journal, scheduling
05-23 14:48:09.010: I/BackupManagerService(161): android
05-23 14:48:09.010: I/BackupManagerService(161): com.android.browser
05-23 14:48:09.010: I/BackupManagerService(161): com.android.providers.settings
05-23 14:48:09.010: I/BackupManagerService(161): com.android.providers.userdictionary
05-23 14:48:09.010: I/BackupManagerService(161): com.android.sharedstoragebackup
05-23 14:48:09.010: I/BackupManagerService(161): com.android.vending
05-23 14:48:09.010: I/BackupManagerService(161): com.google.android.calendar
05-23 14:48:09.010: I/BackupManagerService(161): com.google.android.gm
05-23 14:48:09.010: I/BackupManagerService(161): com.google.android.inputmethod.latin
05-23 14:48:09.010: I/BackupManagerService(161): Backup enabled => false
05-23 14:48:09.010: I/BackupManagerService(161): Opting out of backup
05-23 14:48:09.010: I/SystemServer(161): AppWidget Service
05-23 14:48:09.020: I/SystemServer(161): Recognition Service
05-23 14:48:09.020: I/SystemServer(161): DiskStats Service
05-23 14:48:09.020: I/SystemServer(161): SamplingProfiler Service
05-23 14:48:09.020: I/SystemServer(161): NetworkTimeUpdateService
05-23 14:48:09.050: D/PowerManagerService(161): system ready!
05-23 14:48:09.050: I/ActivityManager(161): System now ready
05-23 14:48:09.060: I/SystemServer(161): Making services ready
05-23 14:48:09.060: D/SystemServer(161): Starting service: Intent { cmp=com.android.systemui/.SystemUIService }
05-23 14:48:09.150: I/ActivityManager(161): Start proc com.android.systemui for service com.android.systemui/.SystemUIService: pid=238 uid=1000 gids={3003, 1015, 3002, 3001, 3007}
05-23 14:48:09.150: D/NetworkManagementService(161): enabling bandwidth control
05-23 14:48:09.280: D/SystemUIService(238): loading: class com.android.systemui.statusbar.tablet.TabletStatusBar
05-23 14:48:09.280: D/SystemUIService(238): running: com.android.systemui.statusbar.tablet.TabletStatusBar@4109c9b8
05-23 14:48:09.310: I/ActivityManager(161): Start proc com.google.android.gsf.login for service com.google.android.gsf.login/com.google.android.gsf.loginservice.GoogleLoginService: pid=257 uid=10015 gids={3003, 1015, 1007, 2001, 3006}
05-23 14:48:09.310: I/StatusBar.HeightReceiver(238): Resizing status bar plugged=false height=48 old=0
05-23 14:48:09.510: I/ActivityManager(161): Start proc com.google.process.gapps for content provider com.google.android.gsf/.gservices.GservicesProvider: pid=284 uid=10015 gids={3003, 1015, 1007, 2001, 3006}
05-23 14:48:09.690: D/NetworkManagementService(161): Registering observer
05-23 14:48:09.720: D/NetworkManagementService(161): Registering observer
05-23 14:48:09.730: I/ActivityManager(161): Config changed: {1.0 0mcc0mnc en_US layoutdir=0 sw800dp w1280dp h752dp xlrg land finger -keyb/v/h -nav/h s.4}
05-23 14:48:09.860: I/ActivityManager(161): Start proc android.process.media for broadcast com.android.providers.media/.UsbReceiver: pid=315 uid=10018 gids={1015, 1023, 1024, 2001, 3003, 3007}
05-23 14:48:09.880: W/InputManagerService(161): Ignoring setImeWindowStatus of uid 1000 token: null
05-23 14:48:09.940: I/ActivityManager(161): Start proc com.google.android.inputmethod.latin for service com.google.android.inputmethod.latin/com.android.inputmethod.latin.LatinIME: pid=326 uid=10024 gids={}
05-23 14:48:09.950: I/StatusBarManagerService(161): registerStatusBar bar=com.android.internal.statusbar.IStatusBar$Stub$Proxy@4120e6e8
05-23 14:48:09.950: I/TabletStatusBar(238): DISABLE_CLOCK: yes
05-23 14:48:09.980: D/NetworkManagementService(161): Registering observer
05-23 14:48:10.010: W/ThrottleService(161): unable to find stats for iface rmnet0
05-23 14:48:10.020: I/ActivityManager(161): Start proc com.android.phone for added application com.android.phone: pid=348 uid=1001 gids={3002, 3001, 3003, 1015}
05-23 14:48:10.030: I/ActivityManager(161): START {act=android.intent.action.MAIN cat=[android.intent.category.HOME] flg=0x10000000 cmp=com.android.launcher/com.android.launcher2.Launcher} from pid 0
05-23 14:48:10.080: I/ActivityManager(161): Start proc com.android.launcher for activity com.android.launcher/com.android.launcher2.Launcher: pid=360 uid=10022 gids={}
05-23 14:48:10.200: D/SystemUIService(238): loading: class com.android.systemui.power.PowerUI
05-23 14:48:10.200: D/SystemUIService(238): running: com.android.systemui.power.PowerUI@41169bb8
05-23 14:48:10.200: I/StatusBar.HeightReceiver(238): Resizing status bar plugged=false height=48 old=48
05-23 14:48:10.220: D/WifiService(161): New client listening to asynchronous messages
05-23 14:48:10.290: I/ActivityManager(161): Start proc com.google.android.inputmethod.latin.dictionarypack for content provider com.google.android.inputmethod.latin.dictionarypack/.DictionaryProvider: pid=392 uid=10055 gids={3003, 1015}
05-23 14:48:10.360: I/ActivityManager(161): Start proc android.process.acore for content provider com.android.providers.userdictionary/.UserDictionaryProvider: pid=407 uid=10006 gids={3003, 1015}
05-23 14:48:10.460: I/StatusBar.HeightReceiver(238): Resizing status bar plugged=false height=48 old=48
05-23 14:48:10.550: W/ActivityManager(161): Unable to start service Intent { act=com.android.internal.telephony.IWapPushManager }: not found
05-23 14:48:10.790: W/ActivityManager(161): Unable to start service Intent { act=com.android.ussd.IExtendedNetworkService }: not found
05-23 14:48:10.950: I/ActivityManager(161): Start proc com.google.android.partnersetup for broadcast com.google.android.partnersetup/.PhoneStateReceiver: pid=454 uid=10028 gids={3003}
05-23 14:48:11.200: V/BackupManagerService(161): Connected to Google transport
05-23 14:48:11.200: V/BackupManagerService(161): Registering transport com.google.android.backup/.BackupTransportService = com.google.android.backup.BackupTransportService$1@4137bfb8
05-23 14:48:12.860: D/PowerManagerService(161): bootCompleted
05-23 14:48:12.880: I/ActivityManager(161): Start proc com.android.contacts for broadcast com.android.contacts/.calllog.CallLogReceiver: pid=495 uid=10006 gids={3003, 1015}
05-23 14:48:12.880: V/DevicePolicyManagerService(161): Sending password expiration notifications for action android.intent.action.BOOT_COMPLETED
05-23 14:48:12.890: W/MountService(161): Duplicate state transition (mounted -> mounted) for /mnt/sdcard
05-23 14:48:12.890: D/MountService(161): sendStorageIntent Intent { act=android.intent.action.MEDIA_MOUNTED dat=file:///mnt/sdcard (has extras) }
05-23 14:48:12.910: V/WiredAccessoryObserver(161): init()
05-23 14:48:13.140: I/ActivityManager(161): Start proc com.android.providers.calendar for broadcast com.android.providers.calendar/.CalendarReceiver: pid=547 uid=10041 gids={3003, 1015}
05-23 14:48:13.240: D/ConnectivityService(161): ConnectivityChange for WIFI: CONNECTED/CONNECTED
05-23 14:48:13.410: I/ActivityManager(161): Start proc com.google.android.deskclock for broadcast com.google.android.deskclock/com.android.deskclock.AlarmInitReceiver: pid=571 uid=10036 gids={}
05-23 14:48:14.040: I/ActivityManager(161): Start proc com.google.android.email for broadcast com.google.android.email/com.android.email.service.EmailBroadcastReceiver: pid=586 uid=10033 gids={3003, 1015}
05-23 14:48:14.200: I/ActivityManager(161): Start proc com.google.android.exchange for service com.google.android.exchange/com.android.exchange.ExchangeService: pid=602 uid=10053 gids={3003, 1015}
05-23 14:48:14.230: I/ActivityManager(161): Start proc com.google.android.gm for broadcast com.google.android.gm/.MailIntentReceiver: pid=616 uid=10030 gids={3003, 1015}
05-23 14:48:15.190: I/ActivityManager(161): Start proc com.google.android.apps.maps:FriendService for broadcast com.google.android.apps.maps/com.google.googlenav.friend.android.ServiceReceiver: pid=668 uid=10020 gids={3003, 1015}
05-23 14:48:15.740: I/ActivityManager(161): Start proc com.google.android.apps.maps:NetworkLocationService for service com.google.android.apps.maps/com.google.android.location.internal.server.NetworkLocationService: pid=685 uid=10020 gids={3003, 1015}
05-23 14:48:15.780: I/ActivityManager(161): Start proc com.google.android.onetimeinitializer for broadcast com.google.android.onetimeinitializer/.OneTimeInitializerReceiver: pid=699 uid=10014 gids={}
05-23 14:48:15.840: I/ActivityManager(161): Start proc com.google.android.talk for broadcast com.google.android.talk/.videochat.BootCompleteReceiver: pid=712 uid=10008 gids={3003, 1015, 1006, 3002}
05-23 14:48:16.100: I/ActivityManager(161): Start proc com.google.android.videos for broadcast com.google.android.videos/com.google.android.youtube.videos.transfer.VideoDownloadService$BootReceiver: pid=734 uid=10051 gids={3003, 1015}
05-23 14:48:16.760: W/ActivityManager(161): Permission Denial: receiving Intent { act=android.intent.action.BOOT_COMPLETED flg=0x10 } to com.android.musicfx requires android.permission.RECEIVE_BOOT_COMPLETED due to sender null (uid 1000)
05-23 14:48:16.770: I/ActivityManager(161): Start proc system for broadcast com.motorola.usbhelper/.UsbConfigSetupReceiver: pid=773 uid=10058 gids={}
05-23 14:48:16.810: W/ActivityManager(161): Permission Denial: receiving Intent { act=android.intent.action.BOOT_COMPLETED flg=0x10 } to com.google.android.youtube requires android.permission.RECEIVE_BOOT_COMPLETED due to sender null (uid 1000)
05-23 14:48:16.810: W/ActivityManager(161): Permission Denial: receiving Intent { act=android.intent.action.BOOT_COMPLETED flg=0x10 } to com.google.android.youtube requires android.permission.RECEIVE_BOOT_COMPLETED due to sender null (uid 1000)
05-23 14:48:16.820: I/ActivityManager(161): Start proc com.urbanairship.airmail for broadcast com.urbanairship.airmail/.CoreReceiver: pid=786 uid=10067 gids={3003, 1015}
05-23 14:48:16.960: I/ActivityManager(161): Start proc com.pandora.android for broadcast com.pandora.android/.api.bluetooth.AutoStartReceiver: pid=804 uid=10147 gids={3003, 3002, 3001}
05-23 14:48:17.210: I/ActivityManager(161): Start proc com.google.android.apps.uploader for broadcast com.google.android.apps.uploader/.ConnectivityBroadcastReceiver: pid=824 uid=10017 gids={3003}
05-23 14:48:17.390: I/ActivityManager(161): Start proc com.google.android.apps.books for broadcast com.google.android.apps.books/.appwidget.BooksAppWidgetProvider: pid=840 uid=10045 gids={3003, 1015}
05-23 14:48:17.400: I/ActivityManager(161): No longer want com.google.android.inputmethod.latin.dictionarypack (pid 392): hidden #16
05-23 14:48:17.740: I/ActivityManager(161): Start proc com.android.browser for broadcast com.android.browser/.widget.BookmarkThumbnailWidgetProvider: pid=857 uid=10044 gids={3003, 1015}
05-23 14:48:17.970: I/ActivityManager(161): Start proc com.google.android.calendar for broadcast com.google.android.calendar/com.android.calendar.widget.CalendarAppWidgetService$CalendarFactory: pid=881 uid=10048 gids={3003}
05-23 14:48:18.240: I/ActivityManager(161): Start proc com.google.android.apps.maps:LocationFriendService for broadcast com.google.android.apps.maps/com.google.googlenav.friend.reporting.LocationReportingIntentReceiver: pid=902 uid=10020 gids={3003, 1015}
05-23 14:48:18.520: I/ActivityManager(161): Start proc com.google.android.music:main for broadcast com.google.android.music/.store.MediaStoreImportService$Receiver: pid=919 uid=10016 gids={3003, 1015}
05-23 14:48:18.520: I/ActivityManager(161): No longer want com.android.providers.calendar (pid 547): hidden #16
05-23 14:48:18.800: I/ActivityManager(161): Start proc com.android.providers.calendar for content provider com.android.providers.calendar/.CalendarProvider2: pid=932 uid=10041 gids={3003, 1015}
05-23 14:48:18.810: I/ActivityManager(161): No longer want com.google.android.gsf.login (pid 257): hidden #16
05-23 14:48:19.040: D/ConnectivityService(161): handleInetConditionHoldEnd: net=1, condition=0, published condition=0
05-23 14:48:19.290: I/ActivityManager(161): Start proc com.android.gallery3d for broadcast com.android.gallery3d/com.google.android.picasasync.ConnectivityReceiver: pid=952 uid=10031 gids={3003, 1015}
05-23 14:48:19.550: I/ActivityManager(161): No longer want com.google.android.partnersetup (pid 454): hidden #16
05-23 14:48:19.750: I/ActivityManager(161): No longer want com.google.android.exchange (pid 602): hidden #16
05-23 14:48:19.780: I/ActivityManager(161): No longer want com.google.android.email (pid 586): hidden #16
05-23 14:48:19.870: I/ActivityManager(161): Start proc com.google.android.gsf.login for service com.google.android.gsf.login/com.google.android.gsf.loginservice.GoogleLoginService: pid=973 uid=10015 gids={3003, 1015, 1007, 2001, 3006}
05-23 14:48:20.100: I/ActivityManager(161): No longer want android.process.acore (pid 407): hidden #16
05-23 14:48:20.140: I/ActivityManager(161): No longer want com.google.android.onetimeinitializer (pid 699): hidden #16
05-23 14:48:20.290: I/ActivityManager(161): Start proc android.process.acore for content provider com.android.providers.contacts/.ContactsProvider2: pid=996 uid=10006 gids={3003, 1015}
05-23 14:48:20.430: D/ConnectivityService(161): handleInetConditionHoldEnd: net=1, condition=100, published condition=0
05-23 14:48:20.840: I/ActivityManager(161): No longer want com.google.android.videos (pid 734): hidden #16
05-23 14:48:24.510: I/ActivityManager(161): No longer want system (pid 773): hidden #16
05-23 14:48:24.970: I/ActivityManager(161): No longer want com.pandora.android (pid 804): hidden #16
05-23 14:49:40.080: W/ThrottleService(161): unable to find stats for iface rmnet0
05-23 14:51:13.810: I/ActivityManager(161): Start proc com.android.defcontainer for service com.android.defcontainer/.DefaultContainerService: pid=1076 uid=10037 gids={1015, 2001}
05-23 14:51:13.860: W/ActivityManager(161): No content provider found for permission revoke: file:///data/local/tmp/app.apk
05-23 14:51:13.920: W/ActivityManager(161): No content provider found for permission revoke: file:///data/local/tmp/app.apk
05-23 14:51:18.050: I/ActivityManager(161): Force stopping package com.appcelerator.sample.mapping uid=10012
05-23 14:51:18.680: D/BackupManagerService(161): Received broadcast Intent { act=android.intent.action.PACKAGE_ADDED dat=package:com.appcelerator.sample.mapping flg=0x10000010 (has extras) }
05-23 14:51:18.680: V/BackupManagerService(161): addPackageParticipantsLocked: com.appcelerator.sample.mapping
05-23 14:51:18.700: I/ActivityManager(161): Start proc com.google.android.partnersetup for broadcast com.google.android.partnersetup/.RlzPingBroadcastReceiver: pid=1091 uid=10028 gids={3003}
05-23 14:51:18.760: I/ActivityManager(161): No longer want com.android.contacts (pid 495): hidden #16
05-23 14:51:18.790: I/ActivityManager(161): Start proc com.google.android.apps.maps for broadcast com.google.android.apps.maps/com.google.android.location.internal.NlpPackageUpdateReceiver: pid=1103 uid=10020 gids={3003, 1015}
05-23 14:51:19.150: I/ActivityManager(161): Start proc com.android.musicfx for broadcast com.android.musicfx/.Compatibility$Receiver: pid=1121 uid=10056 gids={3003, 3002}
05-23 14:51:19.150: I/ActivityManager(161): No longer want com.google.android.deskclock (pid 571): hidden #16
05-23 14:51:20.760: I/ActivityManager(161): Start proc com.android.vending for broadcast com.android.vending/com.google.android.finsky.receivers.PersistentPackageMonitorReceiver: pid=1134 uid=10005 gids={3003, 1015}
05-23 14:51:20.790: I/ActivityManager(161): No longer want com.google.android.apps.maps:FriendService (pid 668): hidden #16
05-23 14:51:21.110: I/ActivityManager(161): Start proc com.google.android.googlequicksearchbox for broadcast com.google.android.googlequicksearchbox/.SourceUpdateReceiver: pid=1162 uid=10027 gids={3003}
05-23 14:51:21.120: I/ActivityManager(161): No longer want com.google.android.gm (pid 616): hidden #16
05-23 14:51:21.190: I/ActivityManager(161): No longer want com.google.android.apps.uploader (pid 824): hidden #16
05-23 14:51:23.940: I/ActivityManager(161): No longer want com.google.android.apps.maps:LocationFriendService (pid 902): hidden #16
05-23 14:51:26.840: I/TabletStatusBar(238): DISABLE_CLOCK: no
05-23 14:51:30.940: I/ActivityManager(161): START {act=android.intent.action.MAIN cat=[android.intent.category.LAUNCHER] flg=0x10200000 cmp=com.android.settings/.Settings} from pid 360
05-23 14:51:31.030: I/ActivityManager(161): Start proc com.android.settings for activity com.android.settings/.Settings: pid=1183 uid=1000 gids={3003, 1015, 3002, 3001, 3007}
05-23 14:51:31.430: W/InputManagerService(161): Starting input on non-focused client com.android.internal.view.IInputMethodClient$Stub$Proxy@412e10f8 (uid=10022 pid=360)
05-23 14:51:50.840: W/InputManagerService(161): Starting input on non-focused client com.android.internal.view.IInputMethodClient$Stub$Proxy@414950d0 (uid=1000 pid=1183)
05-23 14:51:51.720: I/ActivityManager(161): No longer want com.android.providers.calendar (pid 932): hidden #16
05-23 14:52:32.730: W/ActivityManager(161): No content provider found for permission revoke: file:///data/local/tmp/app.apk
05-23 14:52:32.800: W/ActivityManager(161): No content provider found for permission revoke: file:///data/local/tmp/app.apk
05-23 14:52:35.620: I/ActivityManager(161): Force stopping package com.appcelerator.html uid=10042
05-23 14:52:37.740: D/BackupManagerService(161): Received broadcast Intent { act=android.intent.action.PACKAGE_ADDED dat=package:com.appcelerator.html flg=0x10000010 (has extras) }
05-23 14:52:37.740: V/BackupManagerService(161): addPackageParticipantsLocked: com.appcelerator.html
05-23 14:54:06.270: I/ActivityManager(161): START {act=android.intent.action.MAIN cat=[android.intent.category.LAUNCHER] flg=0x10200000 cmp=com.silvertree.cordy/com.unity3d.player.UnityPlayerActivity} from pid 360
05-23 14:54:06.330: I/ActivityManager(161): Start proc com.silvertree.cordy for activity com.silvertree.cordy/com.unity3d.player.UnityPlayerActivity: pid=1259 uid=10038 gids={3003}
05-23 14:54:07.240: W/InputManagerService(161): Starting input on non-focused client com.android.internal.view.IInputMethodClient$Stub$Proxy@412e10f8 (uid=10022 pid=360)
05-23 14:54:44.070: W/ActivityManager(161): No content provider found for permission revoke: file:///data/local/tmp/app.apk
05-23 14:54:44.250: W/ActivityManager(161): No content provider found for permission revoke: file:///data/local/tmp/app.apk
05-23 14:54:46.530: I/ActivityManager(161): Force stopping package com.appcelerator.titanium uid=10011
05-23 14:54:48.470: I/PackageManager(161): Package com.appcelerator.titanium codePath changed from /data/app/com.appcelerator.titanium-1.apk to /data/app/com.appcelerator.titanium-2.apk; Retaining data and using new
05-23 14:54:50.690: I/ActivityManager(161): Force stopping package com.appcelerator.titanium uid=10011
05-23 14:54:50.690: W/PackageManager(161): Code path for pkg : com.appcelerator.titanium changing from /data/app/com.appcelerator.titanium-1.apk to /data/app/com.appcelerator.titanium-2.apk
05-23 14:54:50.690: W/PackageManager(161): Resource path for pkg : com.appcelerator.titanium changing from /data/app/com.appcelerator.titanium-1.apk to /data/app/com.appcelerator.titanium-2.apk
05-23 14:54:51.350: I/ActivityManager(161): Force stopping package com.appcelerator.titanium uid=10011
05-23 14:54:51.390: D/BackupManagerService(161): Received broadcast Intent { act=android.intent.action.PACKAGE_REMOVED dat=package:com.appcelerator.titanium flg=0x10000010 (has extras) }
05-23 14:54:51.430: D/BackupManagerService(161): Received broadcast Intent { act=android.intent.action.PACKAGE_ADDED dat=package:com.appcelerator.titanium flg=0x10000010 (has extras) }
05-23 14:54:51.430: V/BackupManagerService(161): updatePackageParticipantsLocked: com.appcelerator.titanium
05-23 14:54:51.450: I/ActivityManager(161): Start proc com.android.keychain for broadcast com.android.keychain/.KeyChainBroadcastReceiver: pid=1319 uid=1000 gids={3003, 1015, 3002, 3001, 3007}
05-23 14:54:51.730: D/BackupManagerService(161): Received broadcast Intent { act=android.intent.action.PACKAGE_REPLACED dat=package:com.appcelerator.titanium flg=0x10000010 (has extras) }
05-23 14:54:51.730: V/BackupManagerService(161): updatePackageParticipantsLocked: com.appcelerator.titanium
05-23 14:54:51.850: I/ActivityManager(161): Start proc com.google.android.apps.maps:FriendService for broadcast com.google.android.apps.maps/com.google.googlenav.friend.android.ServiceReceiver: pid=1334 uid=10020 gids={3003, 1015}
05-23 14:54:52.160: I/ActivityManager(161): Start proc com.google.android.apps.maps:LocationFriendService for broadcast com.google.android.apps.maps/com.google.googlenav.friend.reporting.LocationReportingIntentReceiver: pid=1347 uid=10020 gids={3003, 1015}
05-23 14:54:52.340: I/ActivityManager(161): No longer want com.google.android.calendar (pid 881): hidden #16
05-23 14:54:54.280: I/ActivityManager(161): No longer want com.google.android.gsf.login (pid 973): hidden #16
05-23 14:55:20.360: I/ActivityManager(161): No longer want com.google.android.talk (pid 712): hidden #16
05-23 14:55:21.830: I/WindowManager(161): WIN DEATH: Window{41545d78 com.silvertree.cordy/com.unity3d.player.UnityPlayerActivity paused=false}
05-23 14:55:21.830: I/ActivityManager(161): Process com.silvertree.cordy (pid 1259) has died.
05-23 14:55:31.520: W/ActivityManager(161): Activity destroy timeout for ActivityRecord{412ba0f8 com.silvertree.cordy/com.unity3d.player.UnityPlayerActivity}
05-23 14:55:59.110: W/ActivityManager(161): No content provider found for permission revoke: file:///data/local/tmp/app.apk
05-23 14:55:59.170: W/ActivityManager(161): No content provider found for permission revoke: file:///data/local/tmp/app.apk
05-23 14:56:01.800: I/ActivityManager(161): Force stopping package com.appcelerator.masterdetail uid=10059
05-23 14:56:02.370: D/BackupManagerService(161): Received broadcast Intent { act=android.intent.action.PACKAGE_ADDED dat=package:com.appcelerator.masterdetail flg=0x10000010 (has extras) }
05-23 14:56:02.370: V/BackupManagerService(161): addPackageParticipantsLocked: com.appcelerator.masterdetail
05-23 14:56:36.370: W/ActivityManager(161): No content provider found for permission revoke: file:///data/local/tmp/app.apk
05-23 14:56:36.430: W/ActivityManager(161): No content provider found for permission revoke: file:///data/local/tmp/app.apk
05-23 14:56:38.580: I/ActivityManager(161): Force stopping package com.appcelerator.newproject uid=10060
05-23 14:56:39.070: D/BackupManagerService(161): Received broadcast Intent { act=android.intent.action.PACKAGE_ADDED dat=package:com.appcelerator.newproject flg=0x10000010 (has extras) }
05-23 14:56:39.070: V/BackupManagerService(161): addPackageParticipantsLocked: com.appcelerator.newproject
05-23 14:57:09.220: W/ActivityManager(161): No content provider found for permission revoke: file:///data/local/tmp/app.apk
05-23 14:57:09.270: W/ActivityManager(161): No content provider found for permission revoke: file:///data/local/tmp/app.apk
05-23 14:57:12.120: I/ActivityManager(161): Force stopping package com.appcelerator.sample.rss uid=10061
05-23 14:57:12.640: D/BackupManagerService(161): Received broadcast Intent { act=android.intent.action.PACKAGE_ADDED dat=package:com.appcelerator.sample.rss flg=0x10000010 (has extras) }
05-23 14:57:12.640: V/BackupManagerService(161): addPackageParticipantsLocked: com.appcelerator.sample.rss
05-23 14:59:03.900: W/ActivityManager(161): No content provider found for permission revoke: file:///data/local/tmp/app.apk
05-23 14:59:03.960: W/ActivityManager(161): No content provider found for permission revoke: file:///data/local/tmp/app.apk
05-23 14:59:06.060: I/ActivityManager(161): Force stopping package com.appcelerator.singlewindow uid=10062
05-23 14:59:06.560: D/BackupManagerService(161): Received broadcast Intent { act=android.intent.action.PACKAGE_ADDED dat=package:com.appcelerator.singlewindow flg=0x10000010 (has extras) }
05-23 14:59:06.560: V/BackupManagerService(161): addPackageParticipantsLocked: com.appcelerator.singlewindow
05-23 14:59:40.090: W/ThrottleService(161): unable to find stats for iface rmnet0
05-23 14:59:41.350: W/ActivityManager(161): No content provider found for permission revoke: file:///data/local/tmp/app.apk
05-23 14:59:41.410: W/ActivityManager(161): No content provider found for permission revoke: file:///data/local/tmp/app.apk
05-23 14:59:43.700: I/ActivityManager(161): Force stopping package com.appcelerator.tabbed uid=10063
05-23 14:59:44.240: D/BackupManagerService(161): Received broadcast Intent { act=android.intent.action.PACKAGE_ADDED dat=package:com.appcelerator.tabbed flg=0x10000010 (has extras) }
05-23 14:59:44.240: V/BackupManagerService(161): addPackageParticipantsLocked: com.appcelerator.tabbed
05-23 15:00:13.390: W/ActivityManager(161): No content provider found for permission revoke: file:///data/local/tmp/app.apk
05-23 15:00:13.440: W/ActivityManager(161): No content provider found for permission revoke: file:///data/local/tmp/app.apk
05-23 15:00:15.880: I/ActivityManager(161): Force stopping package com.appcelerator.sample.todo uid=10064
05-23 15:00:16.140: D/BackupManagerService(161): Received broadcast Intent { act=android.intent.action.PACKAGE_ADDED dat=package:com.appcelerator.sample.todo flg=0x10000010 (has extras) }
05-23 15:00:16.140: V/BackupManagerService(161): addPackageParticipantsLocked: com.appcelerator.sample.todo
05-23 15:00:24.940: I/ActivityManager(161): START {act=android.intent.action.MAIN cat=[android.intent.category.LAUNCHER] flg=0x10200000 cmp=com.appcelerator.sample.mapping/.SampleMappingActivity} from pid 360
05-23 15:00:25.080: I/ActivityManager(161): Start proc com.appcelerator.sample.mapping for activity com.appcelerator.sample.mapping/.SampleMappingActivity: pid=1587 uid=10012 gids={1015, 3003}
05-23 15:00:26.280: I/ActivityManager(161): START {cmp=com.appcelerator.sample.mapping/org.appcelerator.titanium.TiActivity (has extras)} from pid 1587
05-23 15:00:26.670: V/TabletStatusBar(238): setLightsOn(true)
05-23 15:00:26.690: W/InputManagerService(161): Starting input on non-focused client com.android.internal.view.IInputMethodClient$Stub$Proxy@412e10f8 (uid=10022 pid=360)
05-23 15:00:36.190: W/InputManagerService(161): Starting input on non-focused client com.android.internal.view.IInputMethodClient$Stub$Proxy@41315208 (uid=10012 pid=1587)
05-23 15:00:36.910: I/ActivityManager(161): No longer want com.google.android.music:main (pid 919): hidden #16
05-23 15:00:36.930: W/WindowManager(161): Force-removing child win Window{413aa9a0 Panel:com.appcelerator.sample.mapping/ti.modules.titanium.map.TiMapActivity paused=false} from container Window{414d70e8 com.appcelerator.sample.mapping/org.appcelerator.titanium.TiActivity paused=false}
05-23 15:00:36.940: W/WindowManager(161): Failed looking up window
05-23 15:00:36.940: W/WindowManager(161): java.lang.IllegalArgumentException: Requested window android.os.BinderProxy@4139d0b8 does not exist
05-23 15:00:36.940: W/WindowManager(161): at com.android.server.wm.WindowManagerService.windowForClientLocked(WindowManagerService.java:7156)
05-23 15:00:36.940: W/WindowManager(161): at com.android.server.wm.WindowManagerService.windowForClientLocked(WindowManagerService.java:7147)
05-23 15:00:36.940: W/WindowManager(161): at com.android.server.wm.WindowManagerService.removeWindow(WindowManagerService.java:2209)
05-23 15:00:36.940: W/WindowManager(161): at com.android.server.wm.Session.remove(Session.java:149)
05-23 15:00:36.940: W/WindowManager(161): at android.view.IWindowSession$Stub.onTransact(IWindowSession.java:124)
05-23 15:00:36.940: W/WindowManager(161): at com.android.server.wm.Session.onTransact(Session.java:111)
05-23 15:00:36.940: W/WindowManager(161): at android.os.Binder.execTransact(Binder.java:338)
05-23 15:00:36.940: W/WindowManager(161): at dalvik.system.NativeStart.run(Native Method)
05-23 15:00:39.680: I/ActivityManager(161): START {act=android.intent.action.MAIN cat=[android.intent.category.LAUNCHER] flg=0x10200000 cmp=com.appcelerator.sample.rss/.SampleRssActivity} from pid 360
05-23 15:00:39.820: I/ActivityManager(161): Start proc com.appcelerator.sample.rss for activity com.appcelerator.sample.rss/.SampleRssActivity: pid=1622 uid=10061 gids={1015, 3003}
05-23 15:00:41.350: V/TabletStatusBar(238): setLightsOn(true)
05-23 15:00:41.360: W/InputManagerService(161): Starting input on non-focused client com.android.internal.view.IInputMethodClient$Stub$Proxy@412e10f8 (uid=10022 pid=360)
05-23 15:01:47.580: I/BootReceiver(161): Copying /data/tombstones/tombstone_03 to DropBox (SYSTEM_TOMBSTONE)
05-23 15:01:47.690: I/ActivityManager(161): Process com.appcelerator.sample.rss (pid 1622) has died.
05-23 15:01:47.690: I/WindowManager(161): WINDOW DIED Window{41582440 com.appcelerator.sample.rss/com.appcelerator.sample.rss.SampleRssActivity paused=false}
05-23 15:01:47.700: W/ActivityManager(161): Force removing ActivityRecord{412b0be8 com.appcelerator.sample.rss/.SampleRssActivity}: app died, no saved state
05-23 15:01:47.700: W/WindowManager(161): Failed looking up window
05-23 15:01:47.700: W/WindowManager(161): java.lang.IllegalArgumentException: Requested window android.os.BinderProxy@412b51f8 does not exist
05-23 15:01:47.700: W/WindowManager(161): at com.android.server.wm.WindowManagerService.windowForClientLocked(WindowManagerService.java:7156)
05-23 15:01:47.700: W/WindowManager(161): at com.android.server.wm.WindowManagerService.windowForClientLocked(WindowManagerService.java:7147)
05-23 15:01:47.700: W/WindowManager(161): at com.android.server.wm.WindowState$DeathRecipient.binderDied(WindowState.java:1529)
05-23 15:01:47.700: W/WindowManager(161): at android.os.BinderProxy.sendDeathNotice(Binder.java:417)
05-23 15:01:47.700: W/WindowManager(161): at dalvik.system.NativeStart.run(Native Method)
05-23 15:01:47.700: I/WindowManager(161): WIN DEATH: null
05-23 15:01:47.820: W/InputManagerService(161): Got RemoteException sending setActive(false) notification to pid 1622 uid 10061
05-23 15:04:02.330: I/ActivityManager(161): START {act=android.intent.action.MAIN cat=[android.intent.category.LAUNCHER] flg=0x10200000 cmp=com.appcelerator.sample.rss/.SampleRssActivity} from pid 360
05-23 15:04:02.400: I/ActivityManager(161): Start proc com.appcelerator.sample.rss for activity com.appcelerator.sample.rss/.SampleRssActivity: pid=1802 uid=10061 gids={1015, 3003}
05-23 15:04:03.380: V/TabletStatusBar(238): setLightsOn(true)
05-23 15:04:03.390: W/InputManagerService(161): Starting input on non-focused client com.android.internal.view.IInputMethodClient$Stub$Proxy@412e10f8 (uid=10022 pid=360)
05-23 15:09:40.090: W/ThrottleService(161): unable to find stats for iface rmnet0
05-23 15:14:22.920: W/InputManagerService(161): Starting input on non-focused client com.android.internal.view.IInputMethodClient$Stub$Proxy@412fe1f8 (uid=10061 pid=1802)
05-23 15:14:23.750: I/ActivityManager(161): No longer want com.android.settings (pid 1183): hidden #16
05-23 15:14:24.650: I/ActivityManager(161): START {act=android.intent.action.MAIN cat=[android.intent.category.LAUNCHER] flg=0x10200000 cmp=com.appcelerator.sample.rss/.SampleRssActivity} from pid 360
05-23 15:14:25.480: V/TabletStatusBar(238): setLightsOn(true)
05-23 15:14:25.490: W/InputManagerService(161): Starting input on non-focused client com.android.internal.view.IInputMethodClient$Stub$Proxy@412e10f8 (uid=10022 pid=360)
05-23 15:14:25.490: W/InputManagerService(161): --------- beginning of /dev/log/main
05-23 15:14:26.280: W/Element(1802): (KrollRuntimeThread) [1,910] The text property of Element is deprecated, use textContent instead.
05-23 15:14:26.280: W/Element(1802): (KrollRuntimeThread) [1,911] The text property of Element is deprecated, use textContent instead.
05-23 15:14:26.280: W/Element(1802): (KrollRuntimeThread) [1,912] The text property of Element is deprecated, use textContent instead.
05-23 15:14:26.280: W/Element(1802): (KrollRuntimeThread) [2,914] The text property of Element is deprecated, use textContent instead.
05-23 15:14:26.280: W/Element(1802): (KrollRuntimeThread) [1,915] The text property of Element is deprecated, use textContent instead.
05-23 15:14:26.280: W/Element(1802): (KrollRuntimeThread) [1,916] The text property of Element is deprecated, use textContent instead.
05-23 15:14:26.290: W/Element(1802): (KrollRuntimeThread) [2,918] The text property of Element is deprecated, use textContent instead.
05-23 15:14:26.290: W/Element(1802): (KrollRuntimeThread) [1,919] The text property of Element is deprecated, use textContent instead.
05-23 15:14:26.290: W/Element(1802): (KrollRuntimeThread) [0,919] The text property of Element is deprecated, use textContent instead.
05-23 15:14:26.290: W/Element(1802): (KrollRuntimeThread) [2,921] The text property of Element is deprecated, use textContent instead.
05-23 15:14:26.290: W/Element(1802): (KrollRuntimeThread) [0,921] The text property of Element is deprecated, use textContent instead.
05-23 15:14:26.290: W/Element(1802): (KrollRuntimeThread) [1,922] The text property of Element is deprecated, use textContent instead.
05-23 15:14:26.290: W/Element(1802): (KrollRuntimeThread) [1,923] The text property of Element is deprecated, use textContent instead.
05-23 15:14:26.290: W/Element(1802): (KrollRuntimeThread) [1,924] The text property of Element is deprecated, use textContent instead.
05-23 15:14:26.290: W/Element(1802): (KrollRuntimeThread) [1,925] The text property of Element is deprecated, use textContent instead.
05-23 15:14:26.290: W/Element(1802): (KrollRuntimeThread) [2,927] The text property of Element is deprecated, use textContent instead.
05-23 15:14:26.290: W/Element(1802): (KrollRuntimeThread) [0,927] The text property of Element is deprecated, use textContent instead.
05-23 15:14:26.300: W/Element(1802): (KrollRuntimeThread) [1,928] The text property of Element is deprecated, use textContent instead.
05-23 15:14:26.300: W/Element(1802): (KrollRuntimeThread) [1,929] The text property of Element is deprecated, use textContent instead.
05-23 15:14:26.300: W/Element(1802): (KrollRuntimeThread) [1,930] The text property of Element is deprecated, use textContent instead.
05-23 15:14:26.300: W/Element(1802): (KrollRuntimeThread) [0,930] The text property of Element is deprecated, use textContent instead.
05-23 15:14:26.300: W/Element(1802): (KrollRuntimeThread) [2,932] The text property of Element is deprecated, use textContent instead.
05-23 15:14:26.300: W/Element(1802): (KrollRuntimeThread) [0,932] The text property of Element is deprecated, use textContent instead.
05-23 15:14:26.300: W/Element(1802): (KrollRuntimeThread) [1,933] The text property of Element is deprecated, use textContent instead.
05-23 15:14:26.300: W/Element(1802): (KrollRuntimeThread) [1,934] The text property of Element is deprecated, use textContent instead.
05-23 15:14:26.300: W/Element(1802): (KrollRuntimeThread) [1,935] The text property of Element is deprecated, use textContent instead.
05-23 15:14:26.300: W/Element(1802): (KrollRuntimeThread) [1,936] The text property of Element is deprecated, use textContent instead.
05-23 15:14:26.300: W/Element(1802): (KrollRuntimeThread) [1,937] The text property of Element is deprecated, use textContent instead.
05-23 15:14:26.310: W/Element(1802): (KrollRuntimeThread) [1,938] The text property of Element is deprecated, use textContent instead.
05-23 15:14:26.310: W/Element(1802): (KrollRuntimeThread) [1,939] The text property of Element is deprecated, use textContent instead.
05-23 15:14:26.310: W/Element(1802): (KrollRuntimeThread) [1,940] The text property of Element is deprecated, use textContent instead.
05-23 15:14:26.310: W/Element(1802): (KrollRuntimeThread) [3,943] The text property of Element is deprecated, use textContent instead.
05-23 15:14:26.310: W/Element(1802): (KrollRuntimeThread) [1,944] The text property of Element is deprecated, use textContent instead.
05-23 15:14:26.310: W/Element(1802): (KrollRuntimeThread) [3,947] The text property of Element is deprecated, use textContent instead.
05-23 15:14:26.320: W/Element(1802): (KrollRuntimeThread) [1,948] The text property of Element is deprecated, use textContent instead.
05-23 15:14:26.320: W/Element(1802): (KrollRuntimeThread) [1,949] The text property of Element is deprecated, use textContent instead.
05-23 15:14:26.320: W/Element(1802): (KrollRuntimeThread) [2,951] The text property of Element is deprecated, use textContent instead.
05-23 15:14:26.320: W/Element(1802): (KrollRuntimeThread) [1,952] The text property of Element is deprecated, use textContent instead.
05-23 15:14:26.320: W/Element(1802): (KrollRuntimeThread) [1,953] The text property of Element is deprecated, use textContent instead.
05-23 15:14:26.320: W/Element(1802): (KrollRuntimeThread) [2,955] The text property of Element is deprecated, use textContent instead.
05-23 15:14:26.320: W/Element(1802): (KrollRuntimeThread) [0,955] The text property of Element is deprecated, use textContent instead.
05-23 15:14:26.320: W/Element(1802): (KrollRuntimeThread) [1,956] The text property of Element is deprecated, use textContent instead.
05-23 15:14:26.330: W/Element(1802): (KrollRuntimeThread) [2,958] The text property of Element is deprecated, use textContent instead.
05-23 15:14:26.330: W/Element(1802): (KrollRuntimeThread) [1,959] The text property of Element is deprecated, use textContent instead.
05-23 15:14:26.330: W/Element(1802): (KrollRuntimeThread) [1,960] The text property of Element is deprecated, use textContent instead.
05-23 15:14:26.330: W/Element(1802): (KrollRuntimeThread) [2,962] The text property of Element is deprecated, use textContent instead.
05-23 15:14:26.330: W/Element(1802): (KrollRuntimeThread) [1,963] The text property of Element is deprecated, use textContent instead.
05-23 15:14:26.330: W/Element(1802): (KrollRuntimeThread) [1,964] The text property of Element is deprecated, use textContent instead.
05-23 15:14:26.330: W/Element(1802): (KrollRuntimeThread) [3,967] The text property of Element is deprecated, use textContent instead.
05-23 15:14:26.330: W/Element(1802): (KrollRuntimeThread) [0,967] The text property of Element is deprecated, use textContent instead.
05-23 15:14:26.340: W/Element(1802): (KrollRuntimeThread) [1,968] The text property of Element is deprecated, use textContent instead.
05-23 15:14:26.340: W/Element(1802): (KrollRuntimeThread) [2,970] The text property of Element is deprecated, use textContent instead.
05-23 15:14:26.340: W/Element(1802): (KrollRuntimeThread) [1,971] The text property of Element is deprecated, use textContent instead.
05-23 15:14:26.340: W/Element(1802): (KrollRuntimeThread) [1,972] The text property of Element is deprecated, use textContent instead.
05-23 15:14:26.340: W/Element(1802): (KrollRuntimeThread) [2,974] The text property of Element is deprecated, use textContent instead.
05-23 15:14:26.340: W/Element(1802): (KrollRuntimeThread) [1,975] The text property of Element is deprecated, use textContent instead.
05-23 15:14:26.350: D/dalvikvm(1802): GC_CONCURRENT freed 1388K, 23% free 11480K/14855K, paused 3ms+6ms
05-23 15:14:26.350: W/Element(1802): (KrollRuntimeThread) [12,987] The text property of Element is deprecated, use textContent instead.
05-23 15:14:26.360: W/Element(1802): (KrollRuntimeThread) [2,989] The text property of Element is deprecated, use textContent instead.
05-23 15:14:26.360: W/Element(1802): (KrollRuntimeThread) [1,990] The text property of Element is deprecated, use textContent instead.
05-23 15:14:26.360: W/Element(1802): (KrollRuntimeThread) [1,991] The text property of Element is deprecated, use textContent instead.
05-23 15:14:26.380: W/Element(1802): (KrollRuntimeThread) [20,1011] The text property of Element is deprecated, use textContent instead.
05-23 15:14:26.380: W/Element(1802): (KrollRuntimeThread) [0,1011] The text property of Element is deprecated, use textContent instead.
05-23 15:14:26.380: W/Element(1802): (KrollRuntimeThread) [1,1012] The text property of Element is deprecated, use textContent instead.
