05-23 15:14:26.380: W/Element(1802): (KrollRuntimeThread) [3,1015] The text property of Element is deprecated, use textContent instead.
05-23 15:14:26.380: W/Element(1802): (KrollRuntimeThread) [0,1015] The text property of Element is deprecated, use textContent instead.
05-23 15:14:26.380: W/Element(1802): (KrollRuntimeThread) [1,1016] The text property of Element is deprecated, use textContent instead.
05-23 15:14:26.390: W/Element(1802): (KrollRuntimeThread) [2,1018] The text property of Element is deprecated, use textContent instead.
05-23 15:14:26.390: W/Element(1802): (KrollRuntimeThread) [1,1019] The text property of Element is deprecated, use textContent instead.
05-23 15:14:26.390: W/Element(1802): (KrollRuntimeThread) [1,1020] The text property of Element is deprecated, use textContent instead.
05-23 15:14:26.390: W/Element(1802): (KrollRuntimeThread) [2,1022] The text property of Element is deprecated, use textContent instead.
05-23 15:14:26.390: W/Element(1802): (KrollRuntimeThread) [1,1023] The text property of Element is deprecated, use textContent instead.
05-23 15:14:26.390: W/Element(1802): (KrollRuntimeThread) [1,1024] The text property of Element is deprecated, use textContent instead.
05-23 15:14:26.400: W/Element(1802): (KrollRuntimeThread) [4,1028] The text property of Element is deprecated, use textContent instead.
05-23 15:14:26.400: W/Element(1802): (KrollRuntimeThread) [0,1028] The text property of Element is deprecated, use textContent instead.
05-23 15:14:26.400: W/Element(1802): (KrollRuntimeThread) [1,1029] The text property of Element is deprecated, use textContent instead.
05-23 15:14:26.680: D/dalvikvm(1802): GC_CONCURRENT freed 1018K, 19% free 12125K/14855K, paused 3ms+5ms
05-23 15:14:28.290: I/TiWebChromeClient.console(1802): (main) [1890,2919] Viewport argument value "device-width;" for key "width" not recognized. Content ignored. (8:http://mashable.com/2012/05/23/cell-tower-worker-deaths/?utm_source=feedburner&utm_medium=feed&utm_campaign=Feed%3A+Mashable+%28Mashable%29)
05-23 15:14:28.290: I/TiWebChromeClient.console(1802): (main) [0,2919] Viewport argument value "1.0;" for key "initial-scale" was truncated to its numeric prefix. (8:http://mashable.com/2012/05/23/cell-tower-worker-deaths/?utm_source=feedburner&utm_medium=feed&utm_campaign=Feed%3A+Mashable+%28Mashable%29)
05-23 15:14:28.290: I/TiWebChromeClient.console(1802): (main) [0,2919] Viewport argument value "yes;" for key "user-scalable" not recognized. Content ignored. (8:http://mashable.com/2012/05/23/cell-tower-worker-deaths/?utm_source=feedburner&utm_medium=feed&utm_campaign=Feed%3A+Mashable+%28Mashable%29)
05-23 15:14:29.040: I/TiWebChromeClient.console(1802): (main) [758,3677] test (1:http://mashable.com/follow/packages/wp.js?ver=1337803175)
05-23 15:14:29.450: I/TiWebChromeClient.console(1802): (main) [401,4078] Viewport argument value "device-width;" for key "width" not recognized. Content ignored. (8:http://mashable.com/2012/05/23/hp-cuts-27000-jobs/?utm_source=feedburner&utm_medium=feed&utm_campaign=Feed%3A+Mashable+%28Mashable%29)
05-23 15:14:29.450: I/TiWebChromeClient.console(1802): (main) [1,4079] Viewport argument value "1.0;" for key "initial-scale" was truncated to its numeric prefix. (8:http://mashable.com/2012/05/23/hp-cuts-27000-jobs/?utm_source=feedburner&utm_medium=feed&utm_campaign=Feed%3A+Mashable+%28Mashable%29)
05-23 15:14:29.450: I/TiWebChromeClient.console(1802): (main) [0,4079] Viewport argument value "yes;" for key "user-scalable" not recognized. Content ignored. (8:http://mashable.com/2012/05/23/hp-cuts-27000-jobs/?utm_source=feedburner&utm_medium=feed&utm_campaign=Feed%3A+Mashable+%28Mashable%29)
05-23 15:14:30.500: I/TiWebChromeClient.console(1802): (main) [1056,5135] Viewport argument value "device-width;" for key "width" not recognized. Content ignored. (8:http://mashable.com/2012/05/23/chris-brown-siri/?utm_source=feedburner&utm_medium=feed&utm_campaign=Feed%3A+Mashable+%28Mashable%29)
05-23 15:14:30.500: I/TiWebChromeClient.console(1802): (main) [0,5135] Viewport argument value "1.0;" for key "initial-scale" was truncated to its numeric prefix. (8:http://mashable.com/2012/05/23/chris-brown-siri/?utm_source=feedburner&utm_medium=feed&utm_campaign=Feed%3A+Mashable+%28Mashable%29)
05-23 15:14:30.500: I/TiWebChromeClient.console(1802): (main) [1,5136] Viewport argument value "yes;" for key "user-scalable" not recognized. Content ignored. (8:http://mashable.com/2012/05/23/chris-brown-siri/?utm_source=feedburner&utm_medium=feed&utm_campaign=Feed%3A+Mashable+%28Mashable%29)
05-23 15:14:30.810: I/TiWebChromeClient.console(1802): (main) [311,5447] Viewport argument value "device-width;" for key "width" not recognized. Content ignored. (8:http://mashable.com/2012/05/23/facebook-unfriend-nasdaq-nyse/?utm_source=feedburner&utm_medium=feed&utm_campaign=Feed%3A+Mashable+%28Mashable%29)
05-23 15:14:30.810: I/TiWebChromeClient.console(1802): (main) [0,5447] Viewport argument value "1.0;" for key "initial-scale" was truncated to its numeric prefix. (8:http://mashable.com/2012/05/23/facebook-unfriend-nasdaq-nyse/?utm_source=feedburner&utm_medium=feed&utm_campaign=Feed%3A+Mashable+%28Mashable%29)
05-23 15:14:30.820: I/TiWebChromeClient.console(1802): (main) [1,5448] Viewport argument value "yes;" for key "user-scalable" not recognized. Content ignored. (8:http://mashable.com/2012/05/23/facebook-unfriend-nasdaq-nyse/?utm_source=feedburner&utm_medium=feed&utm_campaign=Feed%3A+Mashable+%28Mashable%29)
05-23 15:14:31.600: I/TiWebChromeClient.console(1802): (main) [782,6230] Viewport argument value "device-width;" for key "width" not recognized. Content ignored. (8:http://mashable.com/2012/05/23/cell-tower-worker-deaths/?utm_source=feedburner&utm_medium=feed&utm_campaign=Feed%3A+Mashable+%28Mashable%29)
05-23 15:14:31.600: I/TiWebChromeClient.console(1802): (main) [0,6230] Viewport argument value "1.0;" for key "initial-scale" was truncated to its numeric prefix. (8:http://mashable.com/2012/05/23/cell-tower-worker-deaths/?utm_source=feedburner&utm_medium=feed&utm_campaign=Feed%3A+Mashable+%28Mashable%29)
05-23 15:14:31.600: I/TiWebChromeClient.console(1802): (main) [1,6231] Viewport argument value "yes;" for key "user-scalable" not recognized. Content ignored. (8:http://mashable.com/2012/05/23/cell-tower-worker-deaths/?utm_source=feedburner&utm_medium=feed&utm_campaign=Feed%3A+Mashable+%28Mashable%29)
05-23 15:14:31.940: I/TiWebChromeClient.console(1802): (main) [337,6568] test (1:http://mashable.com/follow/packages/wp.js?ver=1337803175)
05-23 15:14:32.790: I/TiWebChromeClient.console(1802): (main) [853,7421] Viewport argument value "device-width;" for key "width" not recognized. Content ignored. (8:http://mashable.com/2012/05/23/chris-brown-siri/?utm_source=feedburner&utm_medium=feed&utm_campaign=Feed%3A+Mashable+%28Mashable%29)
05-23 15:14:32.790: I/TiWebChromeClient.console(1802): (main) [0,7421] Viewport argument value "1.0;" for key "initial-scale" was truncated to its numeric prefix. (8:http://mashable.com/2012/05/23/chris-brown-siri/?utm_source=feedburner&utm_medium=feed&utm_campaign=Feed%3A+Mashable+%28Mashable%29)
05-23 15:14:32.790: I/TiWebChromeClient.console(1802): (main) [1,7422] Viewport argument value "yes;" for key "user-scalable" not recognized. Content ignored. (8:http://mashable.com/2012/05/23/chris-brown-siri/?utm_source=feedburner&utm_medium=feed&utm_campaign=Feed%3A+Mashable+%28Mashable%29)
05-23 15:14:33.230: I/ActivityManager(161): START {act=android.intent.action.MAIN cat=[android.intent.category.HOME] flg=0x10200000 cmp=com.android.launcher/com.android.launcher2.Launcher} from pid 161
05-23 15:14:33.240: I/TiWebChromeClient.console(1802): (main) [454,7876] Viewport argument value "device-width;" for key "width" not recognized. Content ignored. (8:http://mashable.com/2012/05/23/wearable-tech-infographic/?utm_source=feedburner&utm_medium=feed&utm_campaign=Feed%3A+Mashable+%28Mashable%29)
05-23 15:14:33.240: I/TiWebChromeClient.console(1802): (main) [0,7876] Viewport argument value "1.0;" for key "initial-scale" was truncated to its numeric prefix. (8:http://mashable.com/2012/05/23/wearable-tech-infographic/?utm_source=feedburner&utm_medium=feed&utm_campaign=Feed%3A+Mashable+%28Mashable%29)
05-23 15:14:33.240: I/TiWebChromeClient.console(1802): (main) [1,7877] Viewport argument value "yes;" for key "user-scalable" not recognized. Content ignored. (8:http://mashable.com/2012/05/23/wearable-tech-infographic/?utm_source=feedburner&utm_medium=feed&utm_campaign=Feed%3A+Mashable+%28Mashable%29)
05-23 15:14:33.380: D/dalvikvm(161): GC_CONCURRENT freed 1063K, 22% free 10442K/13383K, paused 3ms+12ms
05-23 15:14:33.730: I/InputDispatcher(161): Dropped event because of pending overdue app switch.
05-23 15:14:33.730: I/InputDispatcher(161): Dropped event because of pending overdue app switch.
05-23 15:14:33.970: W/InputManagerService(161): Starting input on non-focused client com.android.internal.view.IInputMethodClient$Stub$Proxy@412fe1f8 (uid=10061 pid=1802)
05-23 15:14:34.330: I/TiWebChromeClient.console(1802): (main) [1086,8963] test (1:http://mashable.com/follow/packages/wp.js?ver=1337803176)
05-23 15:14:36.600: I/ActivityManager(161): START {act=android.intent.action.MAIN cat=[android.intent.category.HOME] flg=0x10200000 cmp=com.android.launcher/com.android.launcher2.Launcher} from pid 161
05-23 15:14:37.820: D/dalvikvm(238): GC_CONCURRENT freed 109K, 73% free 8095K/29895K, paused 2ms+6ms
05-23 15:14:37.880: D/OpenGLRenderer(238): Enabling debug mode 0
05-23 15:14:37.930: D/dalvikvm(238): GC_CONCURRENT freed 25K, 72% free 8498K/29895K, paused 2ms+7ms
05-23 15:14:38.020: W/ResourceType(161): Invalid package identifier when getting bag for resource number 0x7f0c0008
05-23 15:14:39.710: I/TiRootActivity(1802): (main) [0,0] checkpoint, on root activity resume. activity = com.appcelerator.sample.rss.SampleRssActivity@4143b350
05-23 15:14:40.000: D/OpenGLRenderer(238): Flushing caches (mode 0)
05-23 15:14:40.020: D/OpenGLRenderer(360): Flushing caches (mode 0)
05-23 15:14:40.090: V/TabletStatusBar(238): setLightsOn(true)
05-23 15:14:40.290: D/OpenGLRenderer(360): Flushing caches (mode 1)
05-23 15:14:41.750: I/TiWebChromeClient.console(1802): (main) [2040,2040] Viewport argument value "device-width;" for key "width" not recognized. Content ignored. (8:http://mashable.com/2012/05/23/entrepreneurs-outsource-options-delegate/?utm_source=feedburner&utm_medium=feed&utm_campaign=Feed%3A+Mashable+%28Mashable%29)
05-23 15:14:41.750: I/TiWebChromeClient.console(1802): (main) [0,2040] Viewport argument value "1.0;" for key "initial-scale" was truncated to its numeric prefix. (8:http://mashable.com/2012/05/23/entrepreneurs-outsource-options-delegate/?utm_source=feedburner&utm_medium=feed&utm_campaign=Feed%3A+Mashable+%28Mashable%29)
05-23 15:14:41.750: I/TiWebChromeClient.console(1802): (main) [0,2040] Viewport argument value "yes;" for key "user-scalable" not recognized. Content ignored. (8:http://mashable.com/2012/05/23/entrepreneurs-outsource-options-delegate/?utm_source=feedburner&utm_medium=feed&utm_campaign=Feed%3A+Mashable+%28Mashable%29)
05-23 15:14:41.780: D/dalvikvm(1802): GC_CONCURRENT freed 1851K, 19% free 12068K/14855K, paused 3ms+6ms
05-23 15:14:42.430: I/TiWebChromeClient.console(1802): (main) [684,2724] test (1:http://mashable.com/follow/packages/wp.js?ver=1337803175)
05-23 15:14:43.670: I/TiWebChromeClient.console(1802): (main) [1237,3961] Viewport argument value "device-width;" for key "width" not recognized. Content ignored. (8:http://mashable.com/2012/05/23/chris-brown-siri/?utm_source=feedburner&utm_medium=feed&utm_campaign=Feed%3A+Mashable+%28Mashable%29)
05-23 15:14:43.670: I/TiWebChromeClient.console(1802): (main) [0,3961] Viewport argument value "1.0;" for key "initial-scale" was truncated to its numeric prefix. (8:http://mashable.com/2012/05/23/chris-brown-siri/?utm_source=feedburner&utm_medium=feed&utm_campaign=Feed%3A+Mashable+%28Mashable%29)
05-23 15:14:43.670: I/TiWebChromeClient.console(1802): (main) [1,3962] Viewport argument value "yes;" for key "user-scalable" not recognized. Content ignored. (8:http://mashable.com/2012/05/23/chris-brown-siri/?utm_source=feedburner&utm_medium=feed&utm_campaign=Feed%3A+Mashable+%28Mashable%29)
05-23 15:14:44.320: I/TiWebChromeClient.console(1802): (main) [651,4613] test (1:http://mashable.com/follow/packages/wp.js?ver=1337803176)
05-23 15:14:44.640: I/TiWebChromeClient.console(1802): (main) [313,4926] Uncaught ReferenceError: jQuery is not defined (6:http://0.static.jest.cvcdn.com/js/packages/9d5b79c506c71bdc752d1fd4e9c54d19.js)
05-23 15:14:44.640: I/TiWebChromeClient.console(1802): (main) [3,4929] Uncaught ReferenceError: so is not defined (19:http://www.jest.com/e/174828)
05-23 15:14:44.650: I/TiWebChromeClient.console(1802): (main) [14,4943] Uncaught TypeError: Cannot set property 'domain' of undefined (51:http://www.jest.com/e/174828)
05-23 15:14:45.330: W/webview(1802): Stale touch event ACTION_CANCEL received from webcore; ignoring
05-23 15:14:46.970: I/TiWebChromeClient.console(1802): (main) [2313,7256] Viewport argument value "device-width;" for key "width" not recognized. Content ignored. (8:http://mashable.com/2012/05/23/chris-brown-siri/?utm_source=feedburner&utm_medium=feed&utm_campaign=Feed%3A+Mashable+%28Mashable%29)
05-23 15:14:46.970: I/TiWebChromeClient.console(1802): (main) [0,7256] Viewport argument value "1.0;" for key "initial-scale" was truncated to its numeric prefix. (8:http://mashable.com/2012/05/23/chris-brown-siri/?utm_source=feedburner&utm_medium=feed&utm_campaign=Feed%3A+Mashable+%28Mashable%29)
05-23 15:14:46.970: I/TiWebChromeClient.console(1802): (main) [1,7257] Viewport argument value "yes;" for key "user-scalable" not recognized. Content ignored. (8:http://mashable.com/2012/05/23/chris-brown-siri/?utm_source=feedburner&utm_medium=feed&utm_campaign=Feed%3A+Mashable+%28Mashable%29)
05-23 15:14:47.570: I/TiWebChromeClient.console(1802): (main) [603,7860] Uncaught ReferenceError: jQuery is not defined (6:http://0.static.jest.cvcdn.com/js/packages/9d5b79c506c71bdc752d1fd4e9c54d19.js)
05-23 15:14:47.570: I/TiWebChromeClient.console(1802): (main) [3,7863] Uncaught ReferenceError: so is not defined (19:http://www.jest.com/e/174828)
05-23 15:14:47.580: I/TiWebChromeClient.console(1802): (main) [12,7875] Uncaught TypeError: Cannot set property 'domain' of undefined (51:http://www.jest.com/e/174828)
05-23 15:14:47.720: I/TiWebChromeClient.console(1802): (main) [132,8007] test (1:http://mashable.com/follow/packages/wp.js?ver=1337803176)
05-23 15:14:49.050: I/TiWebChromeClient.console(1802): (main) [1332,9339] Viewport argument value "device-width;" for key "width" not recognized. Content ignored. (8:http://mashable.com/2012/05/23/jetsetter-pinterest/?utm_source=feedburner&utm_medium=feed&utm_campaign=Feed%3A+Mashable+%28Mashable%29)
05-23 15:14:49.050: I/TiWebChromeClient.console(1802): (main) [0,9339] Viewport argument value "1.0;" for key "initial-scale" was truncated to its numeric prefix. (8:http://mashable.com/2012/05/23/jetsetter-pinterest/?utm_source=feedburner&utm_medium=feed&utm_campaign=Feed%3A+Mashable+%28Mashable%29)
05-23 15:14:49.050: I/TiWebChromeClient.console(1802): (main) [1,9340] Viewport argument value "yes;" for key "user-scalable" not recognized. Content ignored. (8:http://mashable.com/2012/05/23/jetsetter-pinterest/?utm_source=feedburner&utm_medium=feed&utm_campaign=Feed%3A+Mashable+%28Mashable%29)
05-23 15:14:49.660: I/TiWebChromeClient.console(1802): (main) [615,9955] test (1:http://mashable.com/follow/packages/wp.js?ver=1337803176)
05-23 15:14:50.560: I/TiWebChromeClient.console(1802): (main) [895,10850] Viewport argument value "device-width;" for key "width" not recognized. Content ignored. (8:http://mashable.com/2012/05/23/wearable-tech-infographic/?utm_source=feedburner&utm_medium=feed&utm_campaign=Feed%3A+Mashable+%28Mashable%29)
05-23 15:14:50.560: I/TiWebChromeClient.console(1802): (main) [1,10851] Viewport argument value "1.0;" for key "initial-scale" was truncated to its numeric prefix. (8:http://mashable.com/2012/05/23/wearable-tech-infographic/?utm_source=feedburner&utm_medium=feed&utm_campaign=Feed%3A+Mashable+%28Mashable%29)
05-23 15:14:50.560: I/TiWebChromeClient.console(1802): (main) [0,10851] Viewport argument value "yes;" for key "user-scalable" not recognized. Content ignored. (8:http://mashable.com/2012/05/23/wearable-tech-infographic/?utm_source=feedburner&utm_medium=feed&utm_campaign=Feed%3A+Mashable+%28Mashable%29)
05-23 15:14:51.130: I/TiWebChromeClient.console(1802): (main) [574,11425] test (1:http://mashable.com/follow/packages/wp.js?ver=1337803176)
05-23 15:14:52.150: D/dalvikvm(1802): GC_CONCURRENT freed 1088K, 14% free 12847K/14855K, paused 2ms+6ms
05-23 15:14:53.650: I/TiWebChromeClient.console(1802): (main) [2513,13938] Viewport argument value "device-width;" for key "width" not recognized. Content ignored. (8:http://mashable.com/2012/05/23/facebook-zuckerberg-sued-ipo/?utm_source=feedburner&utm_medium=feed&utm_campaign=Feed%3A+Mashable+%28Mashable%29)
05-23 15:14:53.650: I/TiWebChromeClient.console(1802): (main) [0,13938] Viewport argument value "1.0;" for key "initial-scale" was truncated to its numeric prefix. (8:http://mashable.com/2012/05/23/facebook-zuckerberg-sued-ipo/?utm_source=feedburner&utm_medium=feed&utm_campaign=Feed%3A+Mashable+%28Mashable%29)
05-23 15:14:53.650: I/TiWebChromeClient.console(1802): (main) [1,13939] Viewport argument value "yes;" for key "user-scalable" not recognized. Content ignored. (8:http://mashable.com/2012/05/23/facebook-zuckerberg-sued-ipo/?utm_source=feedburner&utm_medium=feed&utm_campaign=Feed%3A+Mashable+%28Mashable%29)
05-23 15:14:54.240: I/TiWebChromeClient.console(1802): (main) [596,14535] test (1:http://mashable.com/follow/packages/wp.js?ver=1337803175)
05-23 15:14:54.820: W/TiAnalyticsSvc(1802): (Thread-183) [573,15108] Analytics Service Started
05-23 15:14:54.840: I/TiAnalyticsSvc(1802): (Thread-183) [19,15127] Sending 2 analytics events.
05-23 15:14:55.440: W/TiAnalyticsSvc(1802): (Thread-183) [608,15735] Stopping Analytics Service
05-23 15:14:57.380: E/webcoreglue(1802): Should not happen: no rect-based-test nodes found
05-23 15:15:00.870: I/TiWebChromeClient.console(1802): (main) [5424,21159] No relay set (used as window.postMessage targetOrigin), cannot send cross-domain message (106:https://apis.google.com/_/apps-static/_/js/gapi/iframes_styles_bubble_mobile,plusone/rt=j/ver=jkar8tY_y8Q.en_US./sv=1/am=!tbK8W_8mwqaIodoNDQ/d=1/rs=AItRSTMtVh_ZoPAuD-y_4jL4ytQHXmannw/cb=gapi.loaded_0)
05-23 15:15:00.960: I/TiWebChromeClient.console(1802): (main) [89,21248] Unsafe JavaScript attempt to access frame with URL http://mashable.com/2012/05/23/facebook-zuckerberg-sued-ipo/?utm_source=feedburner&utm_medium=feed&utm_campaign=Feed%3A+Mashable+%28Mashable%29 from frame with URL http://static.ak.facebook.com/connect/xd_arbiter.php?version=6#channel=fae2aece&origin=http%3A%2F%2Fwww.scribd.com&channel_path=%2Fembeds%2F94547704%2Fcontent%3Fstart_page%3D1%26view_mode%3Dlist%26access_key%3Dkey-2be5aoiv86viggwidfw5%26fb_xd_fragment%23xd_sig%3Df25b5741c8%26&transport=postmessage. Domains, protocols and ports must match.
05-23 15:15:00.960: I/TiWebChromeClient.console(1802): (1:null)
05-23 15:15:01.040: I/TiWebChromeClient.console(1802): (main) [82,21330] Unsafe JavaScript attempt to access frame with URL http://mashable.com/2012/05/23/facebook-zuckerberg-sued-ipo/?utm_source=feedburner&utm_medium=feed&utm_campaign=Feed%3A+Mashable+%28Mashable%29 from frame with URL https://s-static.ak.facebook.com/connect/xd_arbiter.php?version=6#channel=fae2aece&origin=http%3A%2F%2Fwww.scribd.com&channel_path=%2Fembeds%2F94547704%2Fcontent%3Fstart_page%3D1%26view_mode%3Dlist%26access_key%3Dkey-2be5aoiv86viggwidfw5%26fb_xd_fragment%23xd_sig%3Df25b5741c8%26&transport=postmessage. Domains, protocols and ports must match.
05-23 15:15:01.040: I/TiWebChromeClient.console(1802): (1:null)
05-23 15:15:01.310: I/TiWebChromeClient.console(1802): (main) [275,21605] Viewport argument value "device-width;" for key "width" not recognized. Content ignored. (8:http://mashable.com/2012/05/23/facebook-timeline-disease/?utm_source=feedburner&utm_medium=feed&utm_campaign=Feed%3A+Mashable+%28Mashable%29)
05-23 15:15:01.310: I/TiWebChromeClient.console(1802): (main) [0,21605] Viewport argument value "1.0;" for key "initial-scale" was truncated to its numeric prefix. (8:http://mashable.com/2012/05/23/facebook-timeline-disease/?utm_source=feedburner&utm_medium=feed&utm_campaign=Feed%3A+Mashable+%28Mashable%29)
05-23 15:15:01.320: I/TiWebChromeClient.console(1802): (main) [1,21606] Viewport argument value "yes;" for key "user-scalable" not recognized. Content ignored. (8:http://mashable.com/2012/05/23/facebook-timeline-disease/?utm_source=feedburner&utm_medium=feed&utm_campaign=Feed%3A+Mashable+%28Mashable%29)
05-23 15:15:03.300: I/TiWebChromeClient.console(1802): (main) [1987,23593] test (1:http://mashable.com/follow/packages/wp.js?ver=1337803176)
05-23 15:15:04.040: I/TiWebChromeClient.console(1802): (main) [734,24327] Viewport argument value "device-width;" for key "width" not recognized. Content ignored. (8:http://mashable.com/2012/05/23/online-checkout-problems/?utm_source=feedburner&utm_medium=feed&utm_campaign=Feed%3A+Mashable+%28Mashable%29)
05-23 15:15:04.040: I/TiWebChromeClient.console(1802): (main) [1,24328] Viewport argument value "1.0;" for key "initial-scale" was truncated to its numeric prefix. (8:http://mashable.com/2012/05/23/online-checkout-problems/?utm_source=feedburner&utm_medium=feed&utm_campaign=Feed%3A+Mashable+%28Mashable%29)
05-23 15:15:04.040: I/TiWebChromeClient.console(1802): (main) [0,24328] Viewport argument value "yes;" for key "user-scalable" not recognized. Content ignored. (8:http://mashable.com/2012/05/23/online-checkout-problems/?utm_source=feedburner&utm_medium=feed&utm_campaign=Feed%3A+Mashable+%28Mashable%29)
05-23 15:15:05.290: I/TiWebChromeClient.console(1802): (main) [1256,25584] test (1:http://mashable.com/follow/packages/wp.js?ver=1337803176)
05-23 15:15:07.100: I/TiWebChromeClient.console(1802): (main) [1802,27386] Viewport argument value "device-width;" for key "width" not recognized. Content ignored. (8:http://mashable.com/2012/05/23/rovio-angry-birds-friends-on-facebook/?utm_source=feedburner&utm_medium=feed&utm_campaign=Feed%3A+Mashable+%28Mashable%29)
05-23 15:15:07.100: I/TiWebChromeClient.console(1802): (main) [0,27386] Viewport argument value "1.0;" for key "initial-scale" was truncated to its numeric prefix. (8:http://mashable.com/2012/05/23/rovio-angry-birds-friends-on-facebook/?utm_source=feedburner&utm_medium=feed&utm_campaign=Feed%3A+Mashable+%28Mashable%29)
05-23 15:15:07.100: I/TiWebChromeClient.console(1802): (main) [1,27387] Viewport argument value "yes;" for key "user-scalable" not recognized. Content ignored. (8:http://mashable.com/2012/05/23/rovio-angry-birds-friends-on-facebook/?utm_source=feedburner&utm_medium=feed&utm_campaign=Feed%3A+Mashable+%28Mashable%29)
05-23 15:15:07.810: I/TiWebChromeClient.console(1802): (main) [710,28097] test (1:http://mashable.com/follow/packages/wp.js?ver=1337803175)
05-23 15:15:08.620: I/TiWebChromeClient.console(1802): (main) [818,28915] Uncaught TypeError: object is not a function (143:http://s.ytimg.com/yt/jsbin/www-embed_core_module-vfl5WZ9N-.js)
05-23 15:15:09.560: I/TiWebChromeClient.console(1802): (main) [938,29853] Viewport argument value "device-width;" for key "width" not recognized. Content ignored. (8:http://mashable.com/2012/05/23/givey/?utm_source=feedburner&utm_medium=feed&utm_campaign=Feed%3A+Mashable+%28Mashable%29)
05-23 15:15:09.560: I/TiWebChromeClient.console(1802): (main) [0,29853] Viewport argument value "1.0;" for key "initial-scale" was truncated to its numeric prefix. (8:http://mashable.com/2012/05/23/givey/?utm_source=feedburner&utm_medium=feed&utm_campaign=Feed%3A+Mashable+%28Mashable%29)
05-23 15:15:09.560: I/TiWebChromeClient.console(1802): (main) [0,29853] Viewport argument value "yes;" for key "user-scalable" not recognized. Content ignored. (8:http://mashable.com/2012/05/23/givey/?utm_source=feedburner&utm_medium=feed&utm_campaign=Feed%3A+Mashable+%28Mashable%29)
05-23 15:15:10.180: I/TiWebChromeClient.console(1802): (main) [622,30475] Uncaught TypeError: object is not a function (143:http://s.ytimg.com/yt/jsbin/www-embed_core_module-vfl5WZ9N-.js)
05-23 15:15:10.400: I/TiWebChromeClient.console(1802): (main) [212,30687] test (1:http://mashable.com/follow/packages/wp.js?ver=1337803175)
05-23 15:15:11.140: W/webview(1802): Stale touch event ACTION_CANCEL received from webcore; ignoring
05-23 15:15:12.590: I/TiWebChromeClient.console(1802): (main) [2196,32883] Viewport argument value "device-width;" for key "width" not recognized. Content ignored. (8:http://mashable.com/2012/05/23/obama-online-tool/?utm_source=feedburner&utm_medium=feed&utm_campaign=Feed%3A+Mashable+%28Mashable%29)
05-23 15:15:12.590: I/TiWebChromeClient.console(1802): (main) [0,32883] Viewport argument value "1.0;" for key "initial-scale" was truncated to its numeric prefix. (8:http://mashable.com/2012/05/23/obama-online-tool/?utm_source=feedburner&utm_medium=feed&utm_campaign=Feed%3A+Mashable+%28Mashable%29)
05-23 15:15:12.590: I/TiWebChromeClient.console(1802): (main) [1,32884] Viewport argument value "yes;" for key "user-scalable" not recognized. Content ignored. (8:http://mashable.com/2012/05/23/obama-online-tool/?utm_source=feedburner&utm_medium=feed&utm_campaign=Feed%3A+Mashable+%28Mashable%29)
05-23 15:15:13.250: I/TiWebChromeClient.console(1802): (main) [657,33541] test (1:http://mashable.com/follow/packages/wp.js?ver=1337803176)
05-23 15:15:15.420: D/dalvikvm(1802): GC_CONCURRENT freed 1759K, 13% free 13044K/14919K, paused 2ms+7ms
05-23 15:15:15.470: I/TiWebChromeClient.console(1802): (main) [2219,35760] Viewport argument value "device-width;" for key "width" not recognized. Content ignored. (8:http://mashable.com/2012/05/23/obama-online-tool/?utm_source=feedburner&utm_medium=feed&utm_campaign=Feed%3A+Mashable+%28Mashable%29)
05-23 15:15:15.470: I/TiWebChromeClient.console(1802): (main) [0,35760] Viewport argument value "1.0;" for key "initial-scale" was truncated to its numeric prefix. (8:http://mashable.com/2012/05/23/obama-online-tool/?utm_source=feedburner&utm_medium=feed&utm_campaign=Feed%3A+Mashable+%28Mashable%29)
05-23 15:15:15.470: I/TiWebChromeClient.console(1802): (main) [1,35761] Viewport argument value "yes;" for key "user-scalable" not recognized. Content ignored. (8:http://mashable.com/2012/05/23/obama-online-tool/?utm_source=feedburner&utm_medium=feed&utm_campaign=Feed%3A+Mashable+%28Mashable%29)
05-23 15:15:16.420: I/TiWebChromeClient.console(1802): (main) [951,36712] test (1:http://mashable.com/follow/packages/wp.js?ver=1337803176)
05-23 15:15:18.380: I/TiWebChromeClient.console(1802): (main) [1961,38673] Viewport argument value "device-width;" for key "width" not recognized. Content ignored. (8:http://mashable.com/2012/05/23/rovio-angry-birds-friends-on-facebook/?utm_source=feedburner&utm_medium=feed&utm_campaign=Feed%3A+Mashable+%28Mashable%29)
05-23 15:15:18.380: I/TiWebChromeClient.console(1802): (main) [0,38673] Viewport argument value "1.0;" for key "initial-scale" was truncated to its numeric prefix. (8:http://mashable.com/2012/05/23/rovio-angry-birds-friends-on-facebook/?utm_source=feedburner&utm_medium=feed&utm_campaign=Feed%3A+Mashable+%28Mashable%29)
05-23 15:15:18.380: I/TiWebChromeClient.console(1802): (main) [0,38673] Viewport argument value "yes;" for key "user-scalable" not recognized. Content ignored. (8:http://mashable.com/2012/05/23/rovio-angry-birds-friends-on-facebook/?utm_source=feedburner&utm_medium=feed&utm_campaign=Feed%3A+Mashable+%28Mashable%29)
05-23 15:15:19.190: I/TiWebChromeClient.console(1802): (main) [808,39481] test (1:http://mashable.com/follow/packages/wp.js?ver=1337803175)
05-23 15:15:20.090: I/TiWebChromeClient.console(1802): (main) [901,40382] Uncaught TypeError: object is not a function (143:http://s.ytimg.com/yt/jsbin/www-embed_core_module-vfl5WZ9N-.js)
05-23 15:15:20.630: W/webview(1802): Miss a drag as we are waiting for WebCore's response for touch down.
05-23 15:15:21.890: I/TiWebChromeClient.console(1802): (main) [1801,42183] Viewport argument value "device-width;" for key "width" not recognized. Content ignored. (8:http://mashable.com/2012/05/23/diablo-3-fastest-selling/?utm_source=feedburner&utm_medium=feed&utm_campaign=Feed%3A+Mashable+%28Mashable%29)
05-23 15:15:21.890: I/TiWebChromeClient.console(1802): (main) [0,42183] Viewport argument value "1.0;" for key "initial-scale" was truncated to its numeric prefix. (8:http://mashable.com/2012/05/23/diablo-3-fastest-selling/?utm_source=feedburner&utm_medium=feed&utm_campaign=Feed%3A+Mashable+%28Mashable%29)
05-23 15:15:21.890: I/TiWebChromeClient.console(1802): (main) [1,42184] Viewport argument value "yes;" for key "user-scalable" not recognized. Content ignored. (8:http://mashable.com/2012/05/23/diablo-3-fastest-selling/?utm_source=feedburner&utm_medium=feed&utm_campaign=Feed%3A+Mashable+%28Mashable%29)
05-23 15:15:22.750: I/TiWebChromeClient.console(1802): (main) [855,43039] test (1:http://mashable.com/follow/packages/wp.js?ver=1337803176)
05-23 15:15:22.790: I/TiWebChromeClient.console(1802): (main) [43,43082] Uncaught TypeError: Cannot call method 'replace' of null (1:http://mashable.com/wp-content/assets/gallery.js?ver=1337779141)
05-23 15:15:23.800: I/TiWebChromeClient.console(1802): (main) [1011,44093] Viewport argument value "device-width;" for key "width" not recognized. Content ignored. (8:http://mashable.com/2012/05/23/online-checkout-problems/?utm_source=feedburner&utm_medium=feed&utm_campaign=Feed%3A+Mashable+%28Mashable%29)
05-23 15:15:23.800: I/TiWebChromeClient.console(1802): (main) [0,44093] Viewport argument value "1.0;" for key "initial-scale" was truncated to its numeric prefix. (8:http://mashable.com/2012/05/23/online-checkout-problems/?utm_source=feedburner&utm_medium=feed&utm_campaign=Feed%3A+Mashable+%28Mashable%29)
05-23 15:15:23.800: I/TiWebChromeClient.console(1802): (main) [1,44094] Viewport argument value "yes;" for key "user-scalable" not recognized. Content ignored. (8:http://mashable.com/2012/05/23/online-checkout-problems/?utm_source=feedburner&utm_medium=feed&utm_campaign=Feed%3A+Mashable+%28Mashable%29)
05-23 15:15:24.400: I/TiWebChromeClient.console(1802): (main) [594,44688] test (1:http://mashable.com/follow/packages/wp.js?ver=1337803176)
05-23 15:15:25.330: I/TiWebChromeClient.console(1802): (main) [929,45617] Viewport argument value "device-width;" for key "width" not recognized. Content ignored. (8:http://mashable.com/2012/05/23/apples-jonathan-ive-is-now-sir-jonathan-to-you/?utm_source=feedburner&utm_medium=feed&utm_campaign=Feed%3A+Mashable+%28Mashable%29)
05-23 15:15:25.330: I/TiWebChromeClient.console(1802): (main) [1,45618] Viewport argument value "1.0;" for key "initial-scale" was truncated to its numeric prefix. (8:http://mashable.com/2012/05/23/apples-jonathan-ive-is-now-sir-jonathan-to-you/?utm_source=feedburner&utm_medium=feed&utm_campaign=Feed%3A+Mashable+%28Mashable%29)
05-23 15:15:25.330: I/TiWebChromeClient.console(1802): (main) [0,45618] Viewport argument value "yes;" for key "user-scalable" not recognized. Content ignored. (8:http://mashable.com/2012/05/23/apples-jonathan-ive-is-now-sir-jonathan-to-you/?utm_source=feedburner&utm_medium=feed&utm_campaign=Feed%3A+Mashable+%28Mashable%29)
05-23 15:15:26.520: I/TiWebChromeClient.console(1802): (main) [1197,46815] test (1:http://mashable.com/follow/packages/wp.js?ver=1337803175)
05-23 15:15:26.880: I/TiWebChromeClient.console(1802): (main) [357,47172] Viewport argument value "device-width;" for key "width" not recognized. Content ignored. (8:http://mashable.com/2012/05/23/target-shopkick/?utm_source=feedburner&utm_medium=feed&utm_campaign=Feed%3A+Mashable+%28Mashable%29)
05-23 15:15:26.880: I/TiWebChromeClient.console(1802): (main) [0,47172] Viewport argument value "1.0;" for key "initial-scale" was truncated to its numeric prefix. (8:http://mashable.com/2012/05/23/target-shopkick/?utm_source=feedburner&utm_medium=feed&utm_campaign=Feed%3A+Mashable+%28Mashable%29)
05-23 15:15:26.880: I/TiWebChromeClient.console(1802): (main) [0,47172] Viewport argument value "yes;" for key "user-scalable" not recognized. Content ignored. (8:http://mashable.com/2012/05/23/target-shopkick/?utm_source=feedburner&utm_medium=feed&utm_campaign=Feed%3A+Mashable+%28Mashable%29)
05-23 15:15:27.400: I/TiWebChromeClient.console(1802): (main) [522,47694] test (1:http://mashable.com/follow/packages/wp.js?ver=1337803176)
05-23 15:15:27.920: I/TiWebChromeClient.console(1802): (main) [517,48211] Viewport argument value "device-width;" for key "width" not recognized. Content ignored. (8:http://mashable.com/2012/05/23/facebook-timeline-disease/?utm_source=feedburner&utm_medium=feed&utm_campaign=Feed%3A+Mashable+%28Mashable%29)
05-23 15:15:27.920: I/TiWebChromeClient.console(1802): (main) [1,48212] Viewport argument value "1.0;" for key "initial-scale" was truncated to its numeric prefix. (8:http://mashable.com/2012/05/23/facebook-timeline-disease/?utm_source=feedburner&utm_medium=feed&utm_campaign=Feed%3A+Mashable+%28Mashable%29)
05-23 15:15:27.920: I/TiWebChromeClient.console(1802): (main) [0,48212] Viewport argument value "yes;" for key "user-scalable" not recognized. Content ignored. (8:http://mashable.com/2012/05/23/facebook-timeline-disease/?utm_source=feedburner&utm_medium=feed&utm_campaign=Feed%3A+Mashable+%28Mashable%29)
05-23 15:15:28.570: I/TiWebChromeClient.console(1802): (main) [648,48860] test (1:http://mashable.com/follow/packages/wp.js?ver=1337803176)
05-23 15:15:29.960: I/TiWebChromeClient.console(1802): (main) [1395,50255] Viewport argument value "device-width;" for key "width" not recognized. Content ignored. (8:http://mashable.com/2012/05/23/facebook-zuckerberg-sued-ipo/?utm_source=feedburner&utm_medium=feed&utm_campaign=Feed%3A+Mashable+%28Mashable%29)
05-23 15:15:29.960: I/TiWebChromeClient.console(1802): (main) [0,50255] Viewport argument value "1.0;" for key "initial-scale" was truncated to its numeric prefix. (8:http://mashable.com/2012/05/23/facebook-zuckerberg-sued-ipo/?utm_source=feedburner&utm_medium=feed&utm_campaign=Feed%3A+Mashable+%28Mashable%29)
05-23 15:15:29.960: I/TiWebChromeClient.console(1802): (main) [1,50256] Viewport argument value "yes;" for key "user-scalable" not recognized. Content ignored. (8:http://mashable.com/2012/05/23/facebook-zuckerberg-sued-ipo/?utm_source=feedburner&utm_medium=feed&utm_campaign=Feed%3A+Mashable+%28Mashable%29)
05-23 15:15:30.480: I/TiWebChromeClient.console(1802): (main) [516,50772] test (1:http://mashable.com/follow/packages/wp.js?ver=1337803175)
05-23 15:15:32.710: D/dalvikvm(1802): GC_FOR_ALLOC freed 1928K, 15% free 13044K/15175K, paused 40ms
05-23 15:15:35.520: I/TiWebChromeClient.console(1802): (main) [5035,55807] No relay set (used as window.postMessage targetOrigin), cannot send cross-domain message (106:https://apis.google.com/_/apps-static/_/js/gapi/iframes_styles_bubble_mobile,plusone/rt=j/ver=jkar8tY_y8Q.en_US./sv=1/am=!tbK8W_8mwqaIodoNDQ/d=1/rs=AItRSTMtVh_ZoPAuD-y_4jL4ytQHXmannw/cb=gapi.loaded_0)
05-23 15:15:35.760: I/TiWebChromeClient.console(1802): (main) [239,56046] Viewport argument value "device-width;" for key "width" not recognized. Content ignored. (8:http://mashable.com/2012/05/23/hp-cuts-27000-jobs/?utm_source=feedburner&utm_medium=feed&utm_campaign=Feed%3A+Mashable+%28Mashable%29)
05-23 15:15:35.760: I/TiWebChromeClient.console(1802): (main) [0,56046] Viewport argument value "1.0;" for key "initial-scale" was truncated to its numeric prefix. (8:http://mashable.com/2012/05/23/hp-cuts-27000-jobs/?utm_source=feedburner&utm_medium=feed&utm_campaign=Feed%3A+Mashable+%28Mashable%29)
05-23 15:15:35.760: I/TiWebChromeClient.console(1802): (main) [1,56047] Viewport argument value "yes;" for key "user-scalable" not recognized. Content ignored. (8:http://mashable.com/2012/05/23/hp-cuts-27000-jobs/?utm_source=feedburner&utm_medium=feed&utm_campaign=Feed%3A+Mashable+%28Mashable%29)
05-23 15:15:36.790: I/TiWebChromeClient.console(1802): (main) [1036,57083] Viewport argument value "device-width;" for key "width" not recognized. Content ignored. (8:http://mashable.com/2012/05/23/facebook-unfriend-nasdaq-nyse/?utm_source=feedburner&utm_medium=feed&utm_campaign=Feed%3A+Mashable+%28Mashable%29)
05-23 15:15:36.790: I/TiWebChromeClient.console(1802): (main) [0,57083] Viewport argument value "1.0;" for key "initial-scale" was truncated to its numeric prefix. (8:http://mashable.com/2012/05/23/facebook-unfriend-nasdaq-nyse/?utm_source=feedburner&utm_medium=feed&utm_campaign=Feed%3A+Mashable+%28Mashable%29)
05-23 15:15:36.790: I/TiWebChromeClient.console(1802): (main) [0,57083] Viewport argument value "yes;" for key "user-scalable" not recognized. Content ignored. (8:http://mashable.com/2012/05/23/facebook-unfriend-nasdaq-nyse/?utm_source=feedburner&utm_medium=feed&utm_campaign=Feed%3A+Mashable+%28Mashable%29)
05-23 15:15:37.350: I/TiWebChromeClient.console(1802): (main) [558,57641] test (1:http://mashable.com/follow/packages/wp.js?ver=1337803175)
05-23 15:15:37.830: I/TiWebChromeClient.console(1802): (main) [475,58116] Viewport argument value "device-width;" for key "width" not recognized. Content ignored. (8:http://mashable.com/2012/05/23/cell-tower-worker-deaths/?utm_source=feedburner&utm_medium=feed&utm_campaign=Feed%3A+Mashable+%28Mashable%29)
05-23 15:15:37.830: I/TiWebChromeClient.console(1802): (main) [0,58116] Viewport argument value "1.0;" for key "initial-scale" was truncated to its numeric prefix. (8:http://mashable.com/2012/05/23/cell-tower-worker-deaths/?utm_source=feedburner&utm_medium=feed&utm_campaign=Feed%3A+Mashable+%28Mashable%29)
05-23 15:15:37.830: I/TiWebChromeClient.console(1802): (main) [1,58117] Viewport argument value "yes;" for key "user-scalable" not recognized. Content ignored. (8:http://mashable.com/2012/05/23/cell-tower-worker-deaths/?utm_source=feedburner&utm_medium=feed&utm_campaign=Feed%3A+Mashable+%28Mashable%29)
05-23 15:15:39.060: I/TiWebChromeClient.console(1802): (main) [1235,59352] Viewport argument value "device-width;" for key "width" not recognized. Content ignored. (8:http://mashable.com/2012/05/23/entrepreneurs-outsource-options-delegate/?utm_source=feedburner&utm_medium=feed&utm_campaign=Feed%3A+Mashable+%28Mashable%29)
05-23 15:15:39.060: I/TiWebChromeClient.console(1802): (main) [0,59352] Viewport argument value "1.0;" for key "initial-scale" was truncated to its numeric prefix. (8:http://mashable.com/2012/05/23/entrepreneurs-outsource-options-delegate/?utm_source=feedburner&utm_medium=feed&utm_campaign=Feed%3A+Mashable+%28Mashable%29)
05-23 15:15:39.060: I/TiWebChromeClient.console(1802): (main) [0,59352] Viewport argument value "yes;" for key "user-scalable" not recognized. Content ignored. (8:http://mashable.com/2012/05/23/entrepreneurs-outsource-options-delegate/?utm_source=feedburner&utm_medium=feed&utm_campaign=Feed%3A+Mashable+%28Mashable%29)
05-23 15:15:39.730: I/TiWebChromeClient.console(1802): (main) [666,60018] test (1:http://mashable.com/follow/packages/wp.js?ver=1337803175)
05-23 15:15:40.150: I/TiWebChromeClient.console(1802): (main) [424,60442] Viewport argument value "device-width;" for key "width" not recognized. Content ignored. (8:http://mashable.com/2012/05/23/office-ios-android/?utm_source=feedburner&utm_medium=feed&utm_campaign=Feed%3A+Mashable+%28Mashable%29)
05-23 15:15:40.150: I/TiWebChromeClient.console(1802): (main) [1,60443] Viewport argument value "1.0;" for key "initial-scale" was truncated to its numeric prefix. (8:http://mashable.com/2012/05/23/office-ios-android/?utm_source=feedburner&utm_medium=feed&utm_campaign=Feed%3A+Mashable+%28Mashable%29)
05-23 15:15:40.150: I/TiWebChromeClient.console(1802): (main) [0,60443] Viewport argument value "yes;" for key "user-scalable" not recognized. Content ignored. (8:http://mashable.com/2012/05/23/office-ios-android/?utm_source=feedburner&utm_medium=feed&utm_campaign=Feed%3A+Mashable+%28Mashable%29)
05-23 15:15:40.620: I/TiWebChromeClient.console(1802): (main) [469,60912] Viewport argument value "device-width;" for key "width" not recognized. Content ignored. (8:http://mashable.com/2012/05/23/chris-brown-siri/?utm_source=feedburner&utm_medium=feed&utm_campaign=Feed%3A+Mashable+%28Mashable%29)
05-23 15:15:40.620: I/TiWebChromeClient.console(1802): (main) [1,60913] Viewport argument value "1.0;" for key "initial-scale" was truncated to its numeric prefix. (8:http://mashable.com/2012/05/23/chris-brown-siri/?utm_source=feedburner&utm_medium=feed&utm_campaign=Feed%3A+Mashable+%28Mashable%29)
05-23 15:15:40.620: I/TiWebChromeClient.console(1802): (main) [0,60913] Viewport argument value "yes;" for key "user-scalable" not recognized. Content ignored. (8:http://mashable.com/2012/05/23/chris-brown-siri/?utm_source=feedburner&utm_medium=feed&utm_campaign=Feed%3A+Mashable+%28Mashable%29)
05-23 15:15:41.870: I/TiWebChromeClient.console(1802): (main) [1252,62165] Uncaught ReferenceError: jQuery is not defined (6:http://0.static.jest.cvcdn.com/js/packages/9d5b79c506c71bdc752d1fd4e9c54d19.js)
05-23 15:15:42.170: D/dalvikvm(1802): GC_FOR_ALLOC freed 1807K, 14% free 13052K/15175K, paused 39ms
05-23 15:15:42.370: I/TiWebChromeClient.console(1802): (main) [493,62658] Uncaught ReferenceError: so is not defined (19:http://www.jest.com/e/174828)
05-23 15:15:42.370: I/TiWebChromeClient.console(1802): (main) [0,62658] Uncaught TypeError: Cannot set property 'domain' of undefined (51:http://www.jest.com/e/174828)
05-23 15:15:42.490: I/TiWebChromeClient.console(1802): (main) [123,62781] test (1:http://mashable.com/follow/packages/wp.js?ver=1337803176)
05-23 15:15:43.590: I/TiWebChromeClient.console(1802): (main) [1104,63885] Viewport argument value "device-width;" for key "width" not recognized. Content ignored. (8:http://mashable.com/2012/05/23/facebook-zuckerberg-sued-ipo/?utm_source=feedburner&utm_medium=feed&utm_campaign=Feed%3A+Mashable+%28Mashable%29)
05-23 15:15:43.590: I/TiWebChromeClient.console(1802): (main) [0,63885] Viewport argument value "1.0;" for key "initial-scale" was truncated to its numeric prefix. (8:http://mashable.com/2012/05/23/facebook-zuckerberg-sued-ipo/?utm_source=feedburner&utm_medium=feed&utm_campaign=Feed%3A+Mashable+%28Mashable%29)
05-23 15:15:43.600: I/TiWebChromeClient.console(1802): (main) [1,63886] Viewport argument value "yes;" for key "user-scalable" not recognized. Content ignored. (8:http://mashable.com/2012/05/23/facebook-zuckerberg-sued-ipo/?utm_source=feedburner&utm_medium=feed&utm_campaign=Feed%3A+Mashable+%28Mashable%29)
05-23 15:15:44.830: I/TiWebChromeClient.console(1802): (main) [1235,65121] test (1:http://mashable.com/follow/packages/wp.js?ver=1337803175)
05-23 15:15:46.890: I/TiWebChromeClient.console(1802): (main) [2057,67178] Viewport argument value "device-width;" for key "width" not recognized. Content ignored. (8:http://mashable.com/2012/05/23/apples-jonathan-ive-is-now-sir-jonathan-to-you/?utm_source=feedburner&utm_medium=feed&utm_campaign=Feed%3A+Mashable+%28Mashable%29)
05-23 15:15:46.890: I/TiWebChromeClient.console(1802): (main) [0,67178] Viewport argument value "1.0;" for key "initial-scale" was truncated to its numeric prefix. (8:http://mashable.com/2012/05/23/apples-jonathan-ive-is-now-sir-jonathan-to-you/?utm_source=feedburner&utm_medium=feed&utm_campaign=Feed%3A+Mashable+%28Mashable%29)
05-23 15:15:46.890: I/TiWebChromeClient.console(1802): (main) [1,67179] Viewport argument value "yes;" for key "user-scalable" not recognized. Content ignored. (8:http://mashable.com/2012/05/23/apples-jonathan-ive-is-now-sir-jonathan-to-you/?utm_source=feedburner&utm_medium=feed&utm_campaign=Feed%3A+Mashable+%28Mashable%29)
05-23 15:15:47.460: I/TiWebChromeClient.console(1802): (main) [576,67755] test (1:http://mashable.com/follow/packages/wp.js?ver=1337803175)
05-23 15:15:48.550: I/TiWebChromeClient.console(1802): (main) [1084,68839] Viewport argument value "device-width;" for key "width" not recognized. Content ignored. (8:http://mashable.com/2012/05/23/online-checkout-problems/?utm_source=feedburner&utm_medium=feed&utm_campaign=Feed%3A+Mashable+%28Mashable%29)
05-23 15:15:48.550: I/TiWebChromeClient.console(1802): (main) [1,68840] Viewport argument value "1.0;" for key "initial-scale" was truncated to its numeric prefix. (8:http://mashable.com/2012/05/23/online-checkout-problems/?utm_source=feedburner&utm_medium=feed&utm_campaign=Feed%3A+Mashable+%28Mashable%29)
05-23 15:15:48.550: I/TiWebChromeClient.console(1802): (main) [0,68840] Viewport argument value "yes;" for key "user-scalable" not recognized. Content ignored. (8:http://mashable.com/2012/05/23/online-checkout-problems/?utm_source=feedburner&utm_medium=feed&utm_campaign=Feed%3A+Mashable+%28Mashable%29)
05-23 15:15:49.110: I/TiWebChromeClient.console(1802): (main) [561,69401] Viewport argument value "device-width;" for key "width" not recognized. Content ignored. (8:http://mashable.com/2012/05/23/diablo-3-fastest-selling/?utm_source=feedburner&utm_medium=feed&utm_campaign=Feed%3A+Mashable+%28Mashable%29)
05-23 15:15:49.110: I/TiWebChromeClient.console(1802): (main) [0,69401] Viewport argument value "1.0;" for key "initial-scale" was truncated to its numeric prefix. (8:http://mashable.com/2012/05/23/diablo-3-fastest-selling/?utm_source=feedburner&utm_medium=feed&utm_campaign=Feed%3A+Mashable+%28Mashable%29)
05-23 15:15:49.110: I/TiWebChromeClient.console(1802): (main) [1,69402] Viewport argument value "yes;" for key "user-scalable" not recognized. Content ignored. (8:http://mashable.com/2012/05/23/diablo-3-fastest-selling/?utm_source=feedburner&utm_medium=feed&utm_campaign=Feed%3A+Mashable+%28Mashable%29)
05-23 15:15:50.150: I/TiWebChromeClient.console(1802): (main) [1037,70439] Viewport argument value "device-width;" for key "width" not recognized. Content ignored. (8:http://mashable.com/2012/05/23/rovio-angry-birds-friends-on-facebook/?utm_source=feedburner&utm_medium=feed&utm_campaign=Feed%3A+Mashable+%28Mashable%29)
05-23 15:15:50.150: I/TiWebChromeClient.console(1802): (main) [1,70440] Viewport argument value "1.0;" for key "initial-scale" was truncated to its numeric prefix. (8:http://mashable.com/2012/05/23/rovio-angry-birds-friends-on-facebook/?utm_source=feedburner&utm_medium=feed&utm_campaign=Feed%3A+Mashable+%28Mashable%29)
05-23 15:15:50.150: I/TiWebChromeClient.console(1802): (main) [0,70440] Viewport argument value "yes;" for key "user-scalable" not recognized. Content ignored. (8:http://mashable.com/2012/05/23/rovio-angry-birds-friends-on-facebook/?utm_source=feedburner&utm_medium=feed&utm_campaign=Feed%3A+Mashable+%28Mashable%29)
05-23 15:15:50.810: I/TiWebChromeClient.console(1802): (main) [656,71096] Uncaught TypeError: object is not a function (143:http://s.ytimg.com/yt/jsbin/www-embed_core_module-vfl5WZ9N-.js)
05-23 15:15:51.450: I/TiWebChromeClient.console(1802): (main) [644,71740] Viewport argument value "device-width;" for key "width" not recognized. Content ignored. (8:http://mashable.com/2012/05/23/facebook-zuckerberg-sued-ipo/?utm_source=feedburner&utm_medium=feed&utm_campaign=Feed%3A+Mashable+%28Mashable%29)
05-23 15:15:51.450: I/TiWebChromeClient.console(1802): (main) [1,71741] Viewport argument value "1.0;" for key "initial-scale" was truncated to its numeric prefix. (8:http://mashable.com/2012/05/23/facebook-zuckerberg-sued-ipo/?utm_source=feedburner&utm_medium=feed&utm_campaign=Feed%3A+Mashable+%28Mashable%29)
05-23 15:15:51.450: I/TiWebChromeClient.console(1802): (main) [0,71741] Viewport argument value "yes;" for key "user-scalable" not recognized. Content ignored. (8:http://mashable.com/2012/05/23/facebook-zuckerberg-sued-ipo/?utm_source=feedburner&utm_medium=feed&utm_campaign=Feed%3A+Mashable+%28Mashable%29)
05-23 15:15:52.000: I/TiWebChromeClient.console(1802): (main) [547,72288] Viewport argument value "device-width;" for key "width" not recognized. Content ignored. (8:http://mashable.com/2012/05/23/rovio-angry-birds-friends-on-facebook/?utm_source=feedburner&utm_medium=feed&utm_campaign=Feed%3A+Mashable+%28Mashable%29)
05-23 15:15:52.000: I/TiWebChromeClient.console(1802): (main) [0,72288] Viewport argument value "1.0;" for key "initial-scale" was truncated to its numeric prefix. (8:http://mashable.com/2012/05/23/rovio-angry-birds-friends-on-facebook/?utm_source=feedburner&utm_medium=feed&utm_campaign=Feed%3A+Mashable+%28Mashable%29)
05-23 15:15:52.000: I/TiWebChromeClient.console(1802): (main) [1,72289] Viewport argument value "yes;" for key "user-scalable" not recognized. Content ignored. (8:http://mashable.com/2012/05/23/rovio-angry-birds-friends-on-facebook/?utm_source=feedburner&utm_medium=feed&utm_campaign=Feed%3A+Mashable+%28Mashable%29)
05-23 15:15:53.000: I/TiWebChromeClient.console(1802): (main) [1002,73291] test (1:http://mashable.com/follow/packages/wp.js?ver=1337803175)
05-23 15:15:53.040: I/TiWebChromeClient.console(1802): (main) [43,73334] Uncaught TypeError: object is not a function (143:http://s.ytimg.com/yt/jsbin/www-embed_core_module-vfl5WZ9N-.js)
05-23 15:15:53.620: D/dalvikvm(1802): GC_CONCURRENT freed 1867K, 14% free 13109K/15175K, paused 2ms+6ms
05-23 15:15:54.590: I/TiWebChromeClient.console(1802): (main) [1542,74876] Viewport argument value "device-width;" for key "width" not recognized. Content ignored. (8:http://mashable.com/2012/05/23/entrepreneurs-outsource-options-delegate/?utm_source=feedburner&utm_medium=feed&utm_campaign=Feed%3A+Mashable+%28Mashable%29)
