05-23 15:26:58.560: W/Element(2576): (KrollRuntimeThread) [0,967] The text property of Element is deprecated, use textContent instead.
05-23 15:26:58.560: W/Element(2576): (KrollRuntimeThread) [3,970] The text property of Element is deprecated, use textContent instead.
05-23 15:26:58.560: W/Element(2576): (KrollRuntimeThread) [1,971] The text property of Element is deprecated, use textContent instead.
05-23 15:26:58.560: W/Element(2576): (KrollRuntimeThread) [1,972] The text property of Element is deprecated, use textContent instead.
05-23 15:26:58.570: D/dalvikvm(2576): GC_CONCURRENT freed 1124K, 12% free 9373K/10631K, paused 2ms+4ms
05-23 15:26:58.570: W/Element(2576): (KrollRuntimeThread) [7,979] The text property of Element is deprecated, use textContent instead.
05-23 15:26:58.570: W/Element(2576): (KrollRuntimeThread) [1,980] The text property of Element is deprecated, use textContent instead.
05-23 15:26:58.570: W/Element(2576): (KrollRuntimeThread) [1,981] The text property of Element is deprecated, use textContent instead.
05-23 15:26:58.580: W/Element(2576): (KrollRuntimeThread) [12,993] The text property of Element is deprecated, use textContent instead.
05-23 15:26:58.580: W/Element(2576): (KrollRuntimeThread) [1,994] The text property of Element is deprecated, use textContent instead.
05-23 15:26:58.580: W/Element(2576): (KrollRuntimeThread) [0,994] The text property of Element is deprecated, use textContent instead.
05-23 15:26:58.590: W/Element(2576): (KrollRuntimeThread) [2,996] The text property of Element is deprecated, use textContent instead.
05-23 15:26:58.590: W/Element(2576): (KrollRuntimeThread) [1,997] The text property of Element is deprecated, use textContent instead.
05-23 15:26:58.590: W/Element(2576): (KrollRuntimeThread) [1,998] The text property of Element is deprecated, use textContent instead.
05-23 15:26:58.590: W/Element(2576): (KrollRuntimeThread) [1,999] The text property of Element is deprecated, use textContent instead.
05-23 15:26:58.590: W/Element(2576): (KrollRuntimeThread) [1,1000] The text property of Element is deprecated, use textContent instead.
05-23 15:26:58.590: W/Element(2576): (KrollRuntimeThread) [0,1000] The text property of Element is deprecated, use textContent instead.
05-23 15:26:58.590: W/Element(2576): (KrollRuntimeThread) [2,1002] The text property of Element is deprecated, use textContent instead.
05-23 15:26:58.590: W/Element(2576): (KrollRuntimeThread) [1,1003] The text property of Element is deprecated, use textContent instead.
05-23 15:26:58.590: W/Element(2576): (KrollRuntimeThread) [0,1003] The text property of Element is deprecated, use textContent instead.
05-23 15:26:58.600: W/Element(2576): (KrollRuntimeThread) [4,1007] The text property of Element is deprecated, use textContent instead.
05-23 15:26:58.600: W/Element(2576): (KrollRuntimeThread) [0,1007] The text property of Element is deprecated, use textContent instead.
05-23 15:26:58.600: W/Element(2576): (KrollRuntimeThread) [1,1008] The text property of Element is deprecated, use textContent instead.
05-23 15:26:58.600: W/Element(2576): (KrollRuntimeThread) [1,1009] The text property of Element is deprecated, use textContent instead.
05-23 15:26:58.600: W/Element(2576): (KrollRuntimeThread) [1,1010] The text property of Element is deprecated, use textContent instead.
05-23 15:26:58.600: W/Element(2576): (KrollRuntimeThread) [0,1010] The text property of Element is deprecated, use textContent instead.
05-23 15:26:58.600: W/Element(2576): (KrollRuntimeThread) [3,1013] The text property of Element is deprecated, use textContent instead.
05-23 15:26:58.600: W/Element(2576): (KrollRuntimeThread) [0,1013] The text property of Element is deprecated, use textContent instead.
05-23 15:26:58.600: W/Element(2576): (KrollRuntimeThread) [1,1014] The text property of Element is deprecated, use textContent instead.
05-23 15:26:58.610: W/Element(2576): (KrollRuntimeThread) [1,1015] The text property of Element is deprecated, use textContent instead.
05-23 15:26:58.610: W/Element(2576): (KrollRuntimeThread) [1,1016] The text property of Element is deprecated, use textContent instead.
05-23 15:26:58.610: W/Element(2576): (KrollRuntimeThread) [1,1017] The text property of Element is deprecated, use textContent instead.
05-23 15:26:58.610: W/Element(2576): (KrollRuntimeThread) [2,1019] The text property of Element is deprecated, use textContent instead.
05-23 15:26:58.610: W/Element(2576): (KrollRuntimeThread) [1,1020] The text property of Element is deprecated, use textContent instead.
05-23 15:26:58.610: W/Element(2576): (KrollRuntimeThread) [0,1020] The text property of Element is deprecated, use textContent instead.
05-23 15:26:58.610: W/Element(2576): (KrollRuntimeThread) [1,1021] The text property of Element is deprecated, use textContent instead.
05-23 15:26:58.610: W/Element(2576): (KrollRuntimeThread) [1,1022] The text property of Element is deprecated, use textContent instead.
05-23 15:26:58.610: W/Element(2576): (KrollRuntimeThread) [1,1023] The text property of Element is deprecated, use textContent instead.
05-23 15:26:58.610: W/Element(2576): (KrollRuntimeThread) [1,1024] The text property of Element is deprecated, use textContent instead.
05-23 15:26:58.620: W/Element(2576): (KrollRuntimeThread) [1,1025] The text property of Element is deprecated, use textContent instead.
05-23 15:26:58.620: W/Element(2576): (KrollRuntimeThread) [0,1025] The text property of Element is deprecated, use textContent instead.
05-23 15:26:58.620: W/Element(2576): (KrollRuntimeThread) [2,1027] The text property of Element is deprecated, use textContent instead.
05-23 15:26:58.620: W/Element(2576): (KrollRuntimeThread) [1,1028] The text property of Element is deprecated, use textContent instead.
05-23 15:26:58.620: W/Element(2576): (KrollRuntimeThread) [1,1029] The text property of Element is deprecated, use textContent instead.
05-23 15:26:58.620: W/Element(2576): (KrollRuntimeThread) [1,1030] The text property of Element is deprecated, use textContent instead.
05-23 15:26:58.620: W/Element(2576): (KrollRuntimeThread) [0,1030] The text property of Element is deprecated, use textContent instead.
05-23 15:26:58.620: W/Element(2576): (KrollRuntimeThread) [1,1031] The text property of Element is deprecated, use textContent instead.
05-23 15:26:58.620: W/Element(2576): (KrollRuntimeThread) [1,1032] The text property of Element is deprecated, use textContent instead.
05-23 15:26:58.620: W/Element(2576): (KrollRuntimeThread) [1,1033] The text property of Element is deprecated, use textContent instead.
05-23 15:26:58.620: W/Element(2576): (KrollRuntimeThread) [1,1034] The text property of Element is deprecated, use textContent instead.
05-23 15:26:58.630: W/Element(2576): (KrollRuntimeThread) [1,1035] The text property of Element is deprecated, use textContent instead.
05-23 15:26:58.630: W/Element(2576): (KrollRuntimeThread) [1,1036] The text property of Element is deprecated, use textContent instead.
05-23 15:26:58.630: W/Element(2576): (KrollRuntimeThread) [0,1036] The text property of Element is deprecated, use textContent instead.
05-23 15:26:58.630: W/Element(2576): (KrollRuntimeThread) [2,1038] The text property of Element is deprecated, use textContent instead.
05-23 15:26:58.630: W/Element(2576): (KrollRuntimeThread) [0,1038] The text property of Element is deprecated, use textContent instead.
05-23 15:26:58.630: W/Element(2576): (KrollRuntimeThread) [1,1039] The text property of Element is deprecated, use textContent instead.
05-23 15:26:58.630: W/Element(2576): (KrollRuntimeThread) [2,1041] The text property of Element is deprecated, use textContent instead.
05-23 15:26:58.630: W/Element(2576): (KrollRuntimeThread) [0,1041] The text property of Element is deprecated, use textContent instead.
05-23 15:26:58.630: W/Element(2576): (KrollRuntimeThread) [1,1042] The text property of Element is deprecated, use textContent instead.
05-23 15:26:58.630: W/Element(2576): (KrollRuntimeThread) [1,1043] The text property of Element is deprecated, use textContent instead.
05-23 15:26:58.630: W/Element(2576): (KrollRuntimeThread) [1,1044] The text property of Element is deprecated, use textContent instead.
05-23 15:26:58.630: W/Element(2576): (KrollRuntimeThread) [0,1044] The text property of Element is deprecated, use textContent instead.
05-23 15:26:58.640: W/Element(2576): (KrollRuntimeThread) [2,1046] The text property of Element is deprecated, use textContent instead.
05-23 15:26:58.640: W/Element(2576): (KrollRuntimeThread) [1,1047] The text property of Element is deprecated, use textContent instead.
05-23 15:26:58.640: W/Element(2576): (KrollRuntimeThread) [0,1047] The text property of Element is deprecated, use textContent instead.
05-23 15:26:58.640: W/Element(2576): (KrollRuntimeThread) [4,1051] The text property of Element is deprecated, use textContent instead.
05-23 15:26:58.640: W/Element(2576): (KrollRuntimeThread) [1,1052] The text property of Element is deprecated, use textContent instead.
05-23 15:26:58.640: W/Element(2576): (KrollRuntimeThread) [1,1053] The text property of Element is deprecated, use textContent instead.
05-23 15:26:58.640: W/Element(2576): (KrollRuntimeThread) [1,1054] The text property of Element is deprecated, use textContent instead.
05-23 15:26:58.650: W/Element(2576): (KrollRuntimeThread) [1,1055] The text property of Element is deprecated, use textContent instead.
05-23 15:26:58.650: W/Element(2576): (KrollRuntimeThread) [1,1056] The text property of Element is deprecated, use textContent instead.
05-23 15:26:58.650: W/Element(2576): (KrollRuntimeThread) [1,1057] The text property of Element is deprecated, use textContent instead.
05-23 15:26:58.650: W/Element(2576): (KrollRuntimeThread) [1,1058] The text property of Element is deprecated, use textContent instead.
05-23 15:26:58.650: W/Element(2576): (KrollRuntimeThread) [0,1058] The text property of Element is deprecated, use textContent instead.
05-23 15:26:58.650: W/Element(2576): (KrollRuntimeThread) [2,1060] The text property of Element is deprecated, use textContent instead.
05-23 15:26:58.650: W/Element(2576): (KrollRuntimeThread) [1,1061] The text property of Element is deprecated, use textContent instead.
05-23 15:26:58.650: W/Element(2576): (KrollRuntimeThread) [0,1061] The text property of Element is deprecated, use textContent instead.
05-23 15:26:58.650: W/Element(2576): (KrollRuntimeThread) [1,1062] The text property of Element is deprecated, use textContent instead.
05-23 15:26:58.650: W/Element(2576): (KrollRuntimeThread) [1,1063] The text property of Element is deprecated, use textContent instead.
05-23 15:26:58.650: W/Element(2576): (KrollRuntimeThread) [1,1064] The text property of Element is deprecated, use textContent instead.
05-23 15:26:58.780: D/dalvikvm(2576): GC_CONCURRENT freed 599K, 9% free 9744K/10631K, paused 3ms+3ms
05-23 15:26:58.970: D/dalvikvm(2576): GC_FOR_ALLOC freed 660K, 9% free 9985K/10951K, paused 31ms
05-23 15:26:59.660: D/dalvikvm(2576): GC_FOR_ALLOC freed 815K, 11% free 10137K/11271K, paused 27ms
05-23 15:27:03.240: D/dalvikvm(2576): GC_FOR_ALLOC freed 324K, 9% free 10417K/11399K, paused 27ms
05-23 15:27:03.330: D/dalvikvm(2576): GC_FOR_ALLOC freed 116K, 9% free 10775K/11783K, paused 26ms
05-23 15:27:05.630: I/TiWebChromeClient.console(2576): (main) [6971,8035] Viewport argument value "device-width;" for key "width" not recognized. Content ignored. (8:http://mashable.com/2012/05/23/valleygirl-practice-fusion/?utm_source=feedburner&utm_medium=feed&utm_campaign=Feed%3A+Mashable+%28Mashable%29)
05-23 15:27:05.630: I/TiWebChromeClient.console(2576): (main) [0,8035] Viewport argument value "1.0;" for key "initial-scale" was truncated to its numeric prefix. (8:http://mashable.com/2012/05/23/valleygirl-practice-fusion/?utm_source=feedburner&utm_medium=feed&utm_campaign=Feed%3A+Mashable+%28Mashable%29)
05-23 15:27:05.630: I/TiWebChromeClient.console(2576): (main) [0,8035] Viewport argument value "yes;" for key "user-scalable" not recognized. Content ignored. (8:http://mashable.com/2012/05/23/valleygirl-practice-fusion/?utm_source=feedburner&utm_medium=feed&utm_campaign=Feed%3A+Mashable+%28Mashable%29)
05-23 15:27:06.840: I/TiWebChromeClient.console(2576): (main) [1219,9254] test (1:http://mashable.com/follow/packages/wp.js?ver=1337803176)
05-23 15:27:07.620: D/dalvikvm(2576): GC_CONCURRENT freed 1181K, 11% free 11009K/12295K, paused 3ms+7ms
05-23 15:27:09.370: W/webview(2576): Stale touch event ACTION_CANCEL received from webcore; ignoring
05-23 15:27:10.210: I/TiWebChromeClient.console(2576): (main) [3367,12621] Element not defined for binding: videoList (197:http://admin.brightcove.com/viewer/us20120522.1334/js/BrightcovePlayer.js)
05-23 15:27:10.280: D/ShaderProgram(2576): couldn't load the vertex shader!
05-23 15:27:10.280: D/ShaderProgram(2576): couldn't load the vertex shader!
05-23 15:27:10.280: D/ShaderProgram(2576): couldn't load the vertex shader!
05-23 15:27:10.280: D/ShaderProgram(2576): couldn't load the vertex shader!
05-23 15:27:10.280: D/ShaderProgram(2576): couldn't load the vertex shader!
05-23 15:27:19.850: D/dalvikvm(2576): GC_CONCURRENT freed 1386K, 12% free 11068K/12551K, paused 3ms+4ms
05-23 15:27:25.210: D/dalvikvm(2576): GC_FOR_ALLOC freed 1319K, 13% free 11152K/12679K, paused 31ms
05-23 15:27:27.050: W/TiAnalyticsSvc(2576): (Thread-202) [16836,29457] Analytics Service Started
05-23 15:27:27.070: I/TiAnalyticsSvc(2576): (Thread-202) [22,29479] Sending 1 analytics events.
05-23 15:27:27.880: W/TiAnalyticsSvc(2576): (Thread-202) [814,30293] Stopping Analytics Service
05-23 15:27:28.890: D/dalvikvm(2576): GC_CONCURRENT freed 1321K, 12% free 11316K/12743K, paused 2ms+4ms
05-23 15:27:32.830: D/dalvikvm(2576): GC_FOR_ALLOC freed 1561K, 14% free 11294K/13063K, paused 34ms
05-23 15:27:34.650: I/TiWebChromeClient.console(2576): (main) [6765,37058] Viewport argument value "device-width;" for key "width" not recognized. Content ignored. (8:http://mashable.com/2012/05/23/target-shopkick/?utm_source=feedburner&utm_medium=feed&utm_campaign=Feed%3A+Mashable+%28Mashable%29)
05-23 15:27:34.650: I/TiWebChromeClient.console(2576): (main) [0,37058] Viewport argument value "1.0;" for key "initial-scale" was truncated to its numeric prefix. (8:http://mashable.com/2012/05/23/target-shopkick/?utm_source=feedburner&utm_medium=feed&utm_campaign=Feed%3A+Mashable+%28Mashable%29)
05-23 15:27:34.650: I/TiWebChromeClient.console(2576): (main) [0,37058] Viewport argument value "yes;" for key "user-scalable" not recognized. Content ignored. (8:http://mashable.com/2012/05/23/target-shopkick/?utm_source=feedburner&utm_medium=feed&utm_campaign=Feed%3A+Mashable+%28Mashable%29)
05-23 15:27:35.470: I/TiWebChromeClient.console(2576): (main) [821,37879] test (1:http://mashable.com/follow/packages/wp.js?ver=1337803176)
05-23 15:27:38.140: W/webview(2576): Miss a drag as we are waiting for WebCore's response for touch down.
05-23 15:27:53.370: I/TiWebChromeClient.console(2576): (main) [17899,55778] Viewport argument value "device-width;" for key "width" not recognized. Content ignored. (8:http://mashable.com/2012/05/23/rovio-angry-birds-friends-on-facebook/?utm_source=feedburner&utm_medium=feed&utm_campaign=Feed%3A+Mashable+%28Mashable%29)
05-23 15:27:53.370: I/TiWebChromeClient.console(2576): (main) [1,55779] Viewport argument value "1.0;" for key "initial-scale" was truncated to its numeric prefix. (8:http://mashable.com/2012/05/23/rovio-angry-birds-friends-on-facebook/?utm_source=feedburner&utm_medium=feed&utm_campaign=Feed%3A+Mashable+%28Mashable%29)
05-23 15:27:53.370: I/TiWebChromeClient.console(2576): (main) [0,55779] Viewport argument value "yes;" for key "user-scalable" not recognized. Content ignored. (8:http://mashable.com/2012/05/23/rovio-angry-birds-friends-on-facebook/?utm_source=feedburner&utm_medium=feed&utm_campaign=Feed%3A+Mashable+%28Mashable%29)
05-23 15:27:54.470: I/TiWebChromeClient.console(2576): (main) [1100,56879] test (1:http://mashable.com/follow/packages/wp.js?ver=1337803176)
05-23 15:27:55.310: I/TiWebChromeClient.console(2576): (main) [843,57722] Uncaught TypeError: object is not a function (143:http://s.ytimg.com/yt/jsbin/www-embed_core_module-vfl5WZ9N-.js)
05-23 15:27:59.680: D/dalvikvm(2576): GC_CONCURRENT freed 1540K, 14% free 11255K/13063K, paused 2ms+5ms
05-23 15:27:59.730: I/TiWebChromeClient.console(2576): (main) [4416,62138] Viewport argument value "device-width;" for key "width" not recognized. Content ignored. (8:http://mashable.com/2012/05/23/obama-online-tool/?utm_source=feedburner&utm_medium=feed&utm_campaign=Feed%3A+Mashable+%28Mashable%29)
05-23 15:27:59.730: I/TiWebChromeClient.console(2576): (main) [0,62138] Viewport argument value "1.0;" for key "initial-scale" was truncated to its numeric prefix. (8:http://mashable.com/2012/05/23/obama-online-tool/?utm_source=feedburner&utm_medium=feed&utm_campaign=Feed%3A+Mashable+%28Mashable%29)
05-23 15:27:59.730: I/TiWebChromeClient.console(2576): (main) [0,62138] Viewport argument value "yes;" for key "user-scalable" not recognized. Content ignored. (8:http://mashable.com/2012/05/23/obama-online-tool/?utm_source=feedburner&utm_medium=feed&utm_campaign=Feed%3A+Mashable+%28Mashable%29)
05-23 15:28:01.070: I/TiWebChromeClient.console(2576): (main) [1339,63477] test (1:http://mashable.com/follow/packages/wp.js?ver=1337803175)
05-23 15:28:31.330: D/AndroidRuntime(2658): >>>>>> AndroidRuntime START com.android.internal.os.RuntimeInit <<<<<<
05-23 15:28:31.330: D/AndroidRuntime(2658): CheckJNI is OFF
05-23 15:28:31.510: D/AndroidRuntime(2658): Calling main entry com.android.commands.pm.Pm
05-23 15:28:31.530: W/ActivityManager(161): No content provider found for permission revoke: file:///data/local/tmp/app.apk
05-23 15:28:31.580: W/ActivityManager(161): No content provider found for permission revoke: file:///data/local/tmp/app.apk
05-23 15:28:32.110: I/PackageManager(161): Removing non-system package:com.appcelerator.sample.rss
05-23 15:28:32.110: I/ActivityManager(161): Force stopping package com.appcelerator.sample.rss uid=10061
05-23 15:28:32.110: I/ActivityManager(161): Killing proc 2576:com.appcelerator.sample.rss/10061: force stop
05-23 15:28:32.110: W/ActivityManager(161): Force removing ActivityRecord{41376e08 com.appcelerator.sample.rss/.SampleRssActivity}: app died, no saved state
05-23 15:28:32.140: I/WindowManager(161): WIN DEATH: Window{413dcd58 com.appcelerator.sample.rss/com.appcelerator.sample.rss.SampleRssActivity paused=false}
05-23 15:28:32.230: D/dalvikvm(161): GC_CONCURRENT freed 1541K, 20% free 10795K/13383K, paused 4ms+6ms
05-23 15:28:32.260: I/PackageManager(161): Package com.appcelerator.sample.rss codePath changed from /data/app/com.appcelerator.sample.rss-2.apk to /data/app/com.appcelerator.sample.rss-1.apk; Retaining data and using new
05-23 15:28:32.380: W/InputManagerService(161): Got RemoteException sending setActive(false) notification to pid 2576 uid 10061
05-23 15:28:32.430: D/dalvikvm(360): GC_FOR_ALLOC freed 3052K, 37% free 12278K/19271K, paused 32ms
05-23 15:28:32.630: D/dalvikvm(360): GC_FOR_ALLOC freed 992K, 35% free 12632K/19271K, paused 31ms
05-23 15:28:32.730: D/dalvikvm(360): GC_FOR_ALLOC freed 1285K, 34% free 12771K/19271K, paused 29ms
05-23 15:28:32.860: D/dalvikvm(360): GC_FOR_ALLOC freed 1530K, 32% free 13279K/19271K, paused 29ms
05-23 15:28:32.920: D/dalvikvm(360): GC_CONCURRENT freed 137K, 31% free 13451K/19271K, paused 2ms+6ms
05-23 15:28:34.080: I/PackageManager(161): Running dexopt on: com.appcelerator.sample.rss
05-23 15:28:34.270: D/dalvikvm(2669): DexOpt: 'Lorg/apache/commons/codec/binary/Base64;' has an earlier definition; blocking out
05-23 15:28:34.270: D/dalvikvm(2669): DexOpt: 'Lorg/apache/commons/codec/binary/Hex;' has an earlier definition; blocking out
05-23 15:28:34.290: D/dalvikvm(2669): DexOpt: 'Lorg/w3c/dom/UserDataHandler;' has an earlier definition; blocking out
05-23 15:28:34.430: D/dalvikvm(2669): DexOpt: not verifying/optimizing 'Lorg/apache/commons/codec/binary/Base64;': multiple definitions
05-23 15:28:34.430: D/dalvikvm(2669): DexOpt: not verifying/optimizing 'Lorg/apache/commons/codec/binary/Hex;': multiple definitions
05-23 15:28:34.430: I/dalvikvm(2669): DexOpt: not resolving ambiguous class 'Lorg/apache/commons/codec/binary/Hex;'
05-23 15:28:34.560: I/dalvikvm(2669): DexOpt: not resolving ambiguous class 'Lorg/apache/commons/codec/binary/Base64;'
05-23 15:28:34.570: I/dalvikvm(2669): DexOpt: not resolving ambiguous class 'Lorg/apache/commons/codec/binary/Base64;'
05-23 15:28:34.710: D/dalvikvm(2669): DexOpt: not verifying/optimizing 'Lorg/w3c/dom/UserDataHandler;': multiple definitions
05-23 15:28:34.750: I/dalvikvm(2669): DexOpt: not resolving ambiguous class 'Lorg/apache/commons/codec/binary/Hex;'
05-23 15:28:34.880: D/dalvikvm(2669): DexOpt: load 91ms, verify+opt 543ms
05-23 15:28:35.650: I/ActivityManager(161): Force stopping package com.appcelerator.sample.rss uid=10061
05-23 15:28:35.660: W/PackageManager(161): Code path for pkg : com.appcelerator.sample.rss changing from /data/app/com.appcelerator.sample.rss-2.apk to /data/app/com.appcelerator.sample.rss-1.apk
05-23 15:28:35.660: W/PackageManager(161): Resource path for pkg : com.appcelerator.sample.rss changing from /data/app/com.appcelerator.sample.rss-2.apk to /data/app/com.appcelerator.sample.rss-1.apk
05-23 15:28:36.330: D/PackageManager(161): New package installed in /data/app/com.appcelerator.sample.rss-1.apk
05-23 15:28:36.440: I/ActivityManager(161): Force stopping package com.appcelerator.sample.rss uid=10061
05-23 15:28:36.470: D/PackageManager(161): generateServicesMap(android.accounts.AccountAuthenticator): 3 services unchanged
05-23 15:28:36.500: D/PackageManager(161): generateServicesMap(android.content.SyncAdapter): 12 services unchanged
05-23 15:28:36.500: D/PackageManager(161): generateServicesMap(android.accounts.AccountAuthenticator): 3 services unchanged
05-23 15:28:36.500: D/BackupManagerService(161): Received broadcast Intent { act=android.intent.action.PACKAGE_REMOVED dat=package:com.appcelerator.sample.rss flg=0x10000010 (has extras) }
05-23 15:28:36.520: D/PackageManager(161): generateServicesMap(android.content.SyncAdapter): 12 services unchanged
05-23 15:28:36.540: D/BackupManagerService(161): Received broadcast Intent { act=android.intent.action.PACKAGE_ADDED dat=package:com.appcelerator.sample.rss flg=0x10000010 (has extras) }
05-23 15:28:36.540: V/BackupManagerService(161): updatePackageParticipantsLocked: com.appcelerator.sample.rss
05-23 15:28:36.560: D/AirMail(786): CoreReceiver action: android.intent.action.PACKAGE_REMOVED
05-23 15:28:36.560: D/AirMail(786): Package Removed: com.appcelerator.sample.rss
05-23 15:28:36.630: V/PicasaContentProvider(952): querySettings: defaults: {sync_on_wifi_only=1, auto_upload_account_type=null, sync_on_battery=1, sync_picasa_on_wifi_only=1, auto_upload_enabled=0, video_upload_wifi_only=1, sync_on_roaming=0, auto_upload_account_name=null}
05-23 15:28:36.640: D/PicasaSyncManager(952): reject PrefetchAlbumCover (*******************) because auto sync is off
05-23 15:28:36.650: V/PicasaContentProvider(952): querySettings: defaults: {sync_on_wifi_only=1, auto_upload_account_type=null, sync_on_battery=1, sync_picasa_on_wifi_only=1, auto_upload_enabled=0, video_upload_wifi_only=1, sync_on_roaming=0, auto_upload_account_name=null}
05-23 15:28:36.660: D/PicasaSyncManager(952): reject PrefetchAlbumCover (*******************) because auto sync is off
05-23 15:28:36.660: V/PicasaContentProvider(952): querySettings: defaults: {sync_on_wifi_only=1, auto_upload_account_type=null, sync_on_battery=1, sync_picasa_on_wifi_only=1, auto_upload_enabled=0, video_upload_wifi_only=1, sync_on_roaming=0, auto_upload_account_name=null}
05-23 15:28:36.660: D/PicasaSyncManager(952): reject PrefetchScreenNail (*******************) because auto sync is off
05-23 15:28:36.670: V/PicasaContentProvider(952): querySettings: defaults: {sync_on_wifi_only=1, auto_upload_account_type=null, sync_on_battery=1, sync_picasa_on_wifi_only=1, auto_upload_enabled=0, video_upload_wifi_only=1, sync_on_roaming=0, auto_upload_account_name=null}
05-23 15:28:36.670: D/PicasaSyncManager(952): reject PrefetchScreenNail (*******************) because auto sync is off
05-23 15:28:36.700: V/PicasaContentProvider(952): querySettings: defaults: {sync_on_wifi_only=1, auto_upload_account_type=null, sync_on_battery=1, sync_picasa_on_wifi_only=1, auto_upload_enabled=0, video_upload_wifi_only=1, sync_on_roaming=0, auto_upload_account_name=null}
05-23 15:28:36.710: D/dalvikvm(161): GC_EXPLICIT freed 1209K, 22% free 10549K/13383K, paused 6ms+10ms
05-23 15:28:36.810: D/BackupManagerService(161): Received broadcast Intent { act=android.intent.action.PACKAGE_REPLACED dat=package:com.appcelerator.sample.rss flg=0x10000010 (has extras) }
05-23 15:28:36.810: V/BackupManagerService(161): updatePackageParticipantsLocked: com.appcelerator.sample.rss
05-23 15:28:36.820: D/PicasaSyncManager(952): reject PrefetchAlbumCover (*******************) because auto sync is off
05-23 15:28:36.820: V/PicasaContentProvider(952): querySettings: defaults: {sync_on_wifi_only=1, auto_upload_account_type=null, sync_on_battery=1, sync_picasa_on_wifi_only=1, auto_upload_enabled=0, video_upload_wifi_only=1, sync_on_roaming=0, auto_upload_account_name=null}
05-23 15:28:36.830: D/PicasaSyncManager(952): reject PrefetchAlbumCover (*******************) because auto sync is off
05-23 15:28:36.870: D/dalvikvm(360): GC_FOR_ALLOC freed 2915K, 36% free 12402K/19271K, paused 31ms
05-23 15:28:36.930: D/AndroidRuntime(2658): Shutting down VM
05-23 15:28:36.930: D/dalvikvm(2658): GC_CONCURRENT freed 101K, 83% free 456K/2560K, paused 0ms+1ms
05-23 15:28:36.930: D/jdwp(2658): Got wake-up signal, bailing out of select
05-23 15:28:36.930: D/dalvikvm(2658): Debugger has detached; object registry had 1 entries
05-23 15:28:36.930: I/AndroidRuntime(2658): NOTE: attach of thread 'Binder Thread #3' failed
05-23 15:28:36.930: V/PicasaContentProvider(952): querySettings: defaults: {sync_on_wifi_only=1, auto_upload_account_type=null, sync_on_battery=1, sync_picasa_on_wifi_only=1, auto_upload_enabled=0, video_upload_wifi_only=1, sync_on_roaming=0, auto_upload_account_name=null}
05-23 15:28:36.940: D/PicasaSyncManager(952): reject PrefetchScreenNail (*******************) because auto sync is off
05-23 15:28:36.940: V/PicasaContentProvider(952): querySettings: defaults: {sync_on_wifi_only=1, auto_upload_account_type=null, sync_on_battery=1, sync_picasa_on_wifi_only=1, auto_upload_enabled=0, video_upload_wifi_only=1, sync_on_roaming=0, auto_upload_account_name=null}
05-23 15:28:36.950: D/dalvikvm(161): GC_EXPLICIT freed 544K, 22% free 10514K/13383K, paused 2ms+7ms
05-23 15:28:36.950: D/PicasaSyncManager(952): reject PrefetchScreenNail (*******************) because auto sync is off
05-23 15:28:37.000: D/dalvikvm(360): GC_FOR_ALLOC freed 980K, 34% free 12822K/19271K, paused 31ms
05-23 15:28:37.080: D/dalvikvm(360): GC_CONCURRENT freed 320K, 25% free 14548K/19271K, paused 2ms+4ms
05-23 15:28:37.220: D/dalvikvm(360): GC_CONCURRENT freed 2949K, 30% free 13646K/19271K, paused 2ms+7ms
05-23 15:28:37.510: D/dalvikvm(360): GC_CONCURRENT freed 2607K, 33% free 13006K/19271K, paused 3ms+7ms
05-23 15:28:37.590: D/dalvikvm(996): GC_CONCURRENT freed 419K, 9% free 6923K/7559K, paused 4ms+2ms
05-23 15:28:37.660: D/dalvikvm(360): GC_FOR_ALLOC freed 1026K, 34% free 12878K/19271K, paused 31ms
05-23 15:28:37.750: D/dalvikvm(360): GC_CONCURRENT freed 295K, 25% free 14547K/19271K, paused 3ms+5ms
05-23 15:28:37.890: D/dalvikvm(360): GC_CONCURRENT freed 2948K, 30% free 13646K/19271K, paused 2ms+5ms
05-23 15:28:41.130: I/ActivityManager(161): START {act=android.intent.action.MAIN cat=[android.intent.category.LAUNCHER] flg=0x10200000 cmp=com.appcelerator.sample.rss/.SampleRssActivity} from pid 360
05-23 15:28:41.190: I/ActivityManager(161): Start proc com.appcelerator.sample.rss for activity com.appcelerator.sample.rss/.SampleRssActivity: pid=2680 uid=10061 gids={1015, 3003}
05-23 15:28:41.210: I/dalvikvm(2680): Turning on JNI app bug workarounds for target SDK version 8...
05-23 15:28:41.210: D/OpenGLRenderer(360): Flushing caches (mode 1)
05-23 15:28:41.240: I/TiApplication(2680): (main) [0,0] checkpoint, app created.
05-23 15:28:41.270: I/TiApplication(2680): (main) [37,37] Titanium 2.0.2 (2012/05/23 11:28 3ae956b)
05-23 15:28:41.280: D/OpenGLRenderer(360): Flushing caches (mode 0)
05-23 15:28:41.330: D/dalvikvm(2680): GC_CONCURRENT freed 342K, 7% free 6617K/7047K, paused 3ms+3ms
05-23 15:28:41.360: I/TiApplication(2680): (main) [91,128] Titanium Javascript runtime: v8
05-23 15:28:41.360: D/dalvikvm(2680): Trying to load lib /data/data/com.appcelerator.sample.rss/lib/libstlport_shared.so 0x410803b0
05-23 15:28:41.370: D/dalvikvm(2680): Added shared lib /data/data/com.appcelerator.sample.rss/lib/libstlport_shared.so 0x410803b0
05-23 15:28:41.370: D/dalvikvm(2680): No JNI_OnLoad found in /data/data/com.appcelerator.sample.rss/lib/libstlport_shared.so 0x410803b0, skipping init
05-23 15:28:41.370: D/dalvikvm(2680): Trying to load lib /data/data/com.appcelerator.sample.rss/lib/libkroll-v8.so 0x410803b0
05-23 15:28:41.380: I/TiRootActivity(2680): (main) [0,0] checkpoint, on root activity create, savedInstanceState: null
05-23 15:28:41.380: D/dalvikvm(2680): Added shared lib /data/data/com.appcelerator.sample.rss/lib/libkroll-v8.so 0x410803b0
05-23 15:28:41.700: E/TiApplication(2680): (KrollRuntimeThread) [319,319] APP PROXY: ti.modules.titanium.app.AppModule@410b1a90
05-23 15:28:41.710: W/V8Object(2680): Runtime disposed, cannot set property 'userAgent'
05-23 15:28:41.760: D/Module(2680): Loading module: ui/tablet/ApplicationWindow -> Resources/ui/tablet/ApplicationWindow.js
05-23 15:28:41.810: D/Module(2680): Loading module: services/rss -> Resources/services/rss.js
05-23 15:28:41.830: D/Module(2680): Loading module: ui/common/MasterView -> Resources/ui/common/MasterView.js
05-23 15:28:41.850: D/Module(2680): Loading module: ui/common/DetailView -> Resources/ui/common/DetailView.js
05-23 15:28:41.990: D/dalvikvm(2680): GC_CONCURRENT freed 323K, 7% free 6805K/7239K, paused 2ms+4ms
05-23 15:28:42.070: D/dalvikvm(2680): GC_FOR_ALLOC freed 303K, 6% free 6867K/7303K, paused 19ms
05-23 15:28:42.070: I/dalvikvm-heap(2680): Grow heap (frag case) to 7.363MB for 614416-byte allocation
05-23 15:28:42.110: D/dalvikvm(2680): GC_CONCURRENT freed 1K, 7% free 7466K/7943K, paused 2ms+2ms
05-23 15:28:42.120: I/TiRootActivity(2680): (main) [0,0] checkpoint, on root activity resume. activity = com.appcelerator.sample.rss.SampleRssActivity@410c7350
05-23 15:28:42.150: V/TabletStatusBar(238): setLightsOn(true)
05-23 15:28:42.160: W/InputManagerService(161): Starting input on non-focused client com.android.internal.view.IInputMethodClient$Stub$Proxy@412e10f8 (uid=10022 pid=360)
05-23 15:28:42.190: D/dalvikvm(2680): GC_FOR_ALLOC freed 82K, 5% free 7562K/7943K, paused 27ms
05-23 15:28:42.280: D/dalvikvm(2680): GC_FOR_ALLOC freed 75K, 7% free 7635K/8135K, paused 31ms
05-23 15:28:42.280: I/dalvikvm-heap(2680): Grow heap (frag case) to 7.816MB for 303120-byte allocation
05-23 15:28:42.310: D/dalvikvm(2680): GC_FOR_ALLOC freed 146K, 8% free 7784K/8455K, paused 26ms
05-23 15:28:42.350: I/ActivityManager(161): Displayed com.appcelerator.sample.rss/.SampleRssActivity: +1s177ms
05-23 15:28:42.400: D/dalvikvm(161): GC_CONCURRENT freed 212K, 17% free 11228K/13383K, paused 2ms+7ms
05-23 15:28:42.450: D/dalvikvm(2680): GC_FOR_ALLOC freed 3K, 8% free 7785K/8455K, paused 33ms
05-23 15:28:42.450: I/dalvikvm-heap(2680): Grow heap (frag case) to 8.259MB for 614416-byte allocation
05-23 15:28:42.500: D/dalvikvm(2680): GC_CONCURRENT freed 296K, 12% free 8089K/9095K, paused 2ms+4ms
05-23 15:28:42.550: D/dalvikvm(2680): GC_FOR_ALLOC freed 609K, 15% free 7810K/9095K, paused 22ms
05-23 15:28:42.550: I/dalvikvm-heap(2680): Grow heap (frag case) to 8.327MB for 659604-byte allocation
05-23 15:28:42.580: D/dalvikvm(2680): GC_FOR_ALLOC freed 0K, 8% free 8454K/9095K, paused 20ms
05-23 15:28:42.650: D/dalvikvm(2680): GC_CONCURRENT freed <1K, 8% free 8454K/9095K, paused 3ms+5ms
05-23 15:28:42.670: D/dalvikvm(2680): GC_FOR_ALLOC freed 0K, 8% free 8454K/9095K, paused 22ms
05-23 15:28:42.670: I/dalvikvm-heap(2680): Grow heap (frag case) to 8.955MB for 658912-byte allocation
05-23 15:28:42.710: D/dalvikvm(2680): GC_FOR_ALLOC freed 644K, 14% free 8454K/9799K, paused 22ms
05-23 15:28:42.750: D/dalvikvm(2680): GC_FOR_ALLOC freed 1K, 11% free 8780K/9799K, paused 21ms
05-23 15:28:42.750: I/dalvikvm-heap(2680): Grow heap (frag case) to 9.273MB for 658912-byte allocation
05-23 15:28:42.770: D/dalvikvm(2680): GC_FOR_ALLOC freed 321K, 14% free 9102K/10503K, paused 23ms
05-23 15:28:42.890: D/dalvikvm(2680): GC_CONCURRENT freed 868K, 14% free 9114K/10503K, paused 2ms+3ms
05-23 15:28:43.010: D/dalvikvm(2680): GC_CONCURRENT freed 469K, 10% free 9521K/10503K, paused 2ms+2ms
05-23 15:28:43.100: W/Element(2680): (KrollRuntimeThread) [979,979] The text property of Element is deprecated, use textContent instead.
05-23 15:28:43.100: W/Element(2680): (KrollRuntimeThread) [1,980] The text property of Element is deprecated, use textContent instead.
05-23 15:28:43.110: W/Element(2680): (KrollRuntimeThread) [4,984] The text property of Element is deprecated, use textContent instead.
05-23 15:28:43.110: W/Element(2680): (KrollRuntimeThread) [5,989] The text property of Element is deprecated, use textContent instead.
05-23 15:28:43.110: W/Element(2680): (KrollRuntimeThread) [1,990] The text property of Element is deprecated, use textContent instead.
05-23 15:28:43.110: W/Element(2680): (KrollRuntimeThread) [0,990] The text property of Element is deprecated, use textContent instead.
05-23 15:28:43.120: W/Element(2680): (KrollRuntimeThread) [4,994] The text property of Element is deprecated, use textContent instead.
05-23 15:28:43.120: W/Element(2680): (KrollRuntimeThread) [1,995] The text property of Element is deprecated, use textContent instead.
05-23 15:28:43.120: W/Element(2680): (KrollRuntimeThread) [1,996] The text property of Element is deprecated, use textContent instead.
05-23 15:28:43.120: W/Element(2680): (KrollRuntimeThread) [2,998] The text property of Element is deprecated, use textContent instead.
05-23 15:28:43.120: W/Element(2680): (KrollRuntimeThread) [0,998] The text property of Element is deprecated, use textContent instead.
05-23 15:28:43.120: W/Element(2680): (KrollRuntimeThread) [1,999] The text property of Element is deprecated, use textContent instead.
05-23 15:28:43.120: W/Element(2680): (KrollRuntimeThread) [1,1000] The text property of Element is deprecated, use textContent instead.
05-23 15:28:43.120: W/Element(2680): (KrollRuntimeThread) [2,1002] The text property of Element is deprecated, use textContent instead.
05-23 15:28:43.140: W/Element(2680): (KrollRuntimeThread) [15,1017] The text property of Element is deprecated, use textContent instead.
05-23 15:28:43.140: D/dalvikvm(2680): GC_CONCURRENT freed 1122K, 12% free 9375K/10631K, paused 2ms+3ms
05-23 15:28:43.140: W/Element(2680): (KrollRuntimeThread) [4,1021] The text property of Element is deprecated, use textContent instead.
05-23 15:28:43.140: W/Element(2680): (KrollRuntimeThread) [1,1022] The text property of Element is deprecated, use textContent instead.
05-23 15:28:43.140: W/Element(2680): (KrollRuntimeThread) [0,1022] The text property of Element is deprecated, use textContent instead.
05-23 15:28:43.160: W/Element(2680): (KrollRuntimeThread) [14,1036] The text property of Element is deprecated, use textContent instead.
05-23 15:28:43.160: W/Element(2680): (KrollRuntimeThread) [1,1037] The text property of Element is deprecated, use textContent instead.
05-23 15:28:43.160: W/Element(2680): (KrollRuntimeThread) [1,1038] The text property of Element is deprecated, use textContent instead.
05-23 15:28:43.160: W/Element(2680): (KrollRuntimeThread) [3,1041] The text property of Element is deprecated, use textContent instead.
05-23 15:28:43.160: W/Element(2680): (KrollRuntimeThread) [1,1042] The text property of Element is deprecated, use textContent instead.
05-23 15:28:43.160: W/Element(2680): (KrollRuntimeThread) [1,1043] The text property of Element is deprecated, use textContent instead.
05-23 15:28:43.170: W/Element(2680): (KrollRuntimeThread) [3,1046] The text property of Element is deprecated, use textContent instead.
05-23 15:28:43.170: W/Element(2680): (KrollRuntimeThread) [1,1047] The text property of Element is deprecated, use textContent instead.
05-23 15:28:43.170: W/Element(2680): (KrollRuntimeThread) [1,1048] The text property of Element is deprecated, use textContent instead.
05-23 15:28:43.170: W/Element(2680): (KrollRuntimeThread) [2,1050] The text property of Element is deprecated, use textContent instead.
05-23 15:28:43.170: W/Element(2680): (KrollRuntimeThread) [0,1050] The text property of Element is deprecated, use textContent instead.
05-23 15:28:43.170: W/Element(2680): (KrollRuntimeThread) [1,1051] The text property of Element is deprecated, use textContent instead.
05-23 15:28:43.180: W/Element(2680): (KrollRuntimeThread) [3,1054] The text property of Element is deprecated, use textContent instead.
05-23 15:28:43.180: W/Element(2680): (KrollRuntimeThread) [1,1055] The text property of Element is deprecated, use textContent instead.
05-23 15:28:43.180: W/Element(2680): (KrollRuntimeThread) [0,1055] The text property of Element is deprecated, use textContent instead.
05-23 15:28:43.180: W/Element(2680): (KrollRuntimeThread) [3,1058] The text property of Element is deprecated, use textContent instead.
05-23 15:28:43.180: W/Element(2680): (KrollRuntimeThread) [0,1058] The text property of Element is deprecated, use textContent instead.
05-23 15:28:43.180: W/Element(2680): (KrollRuntimeThread) [1,1059] The text property of Element is deprecated, use textContent instead.
05-23 15:28:43.180: W/Element(2680): (KrollRuntimeThread) [1,1060] The text property of Element is deprecated, use textContent instead.
05-23 15:28:43.180: W/Element(2680): (KrollRuntimeThread) [1,1061] The text property of Element is deprecated, use textContent instead.
05-23 15:28:43.180: W/Element(2680): (KrollRuntimeThread) [0,1061] The text property of Element is deprecated, use textContent instead.
05-23 15:28:43.190: W/Element(2680): (KrollRuntimeThread) [2,1063] The text property of Element is deprecated, use textContent instead.
05-23 15:28:43.190: W/Element(2680): (KrollRuntimeThread) [2,1065] The text property of Element is deprecated, use textContent instead.
05-23 15:28:43.190: W/Element(2680): (KrollRuntimeThread) [0,1065] The text property of Element is deprecated, use textContent instead.
05-23 15:28:43.190: W/Element(2680): (KrollRuntimeThread) [2,1067] The text property of Element is deprecated, use textContent instead.
05-23 15:28:43.190: W/Element(2680): (KrollRuntimeThread) [0,1067] The text property of Element is deprecated, use textContent instead.
05-23 15:28:43.190: W/Element(2680): (KrollRuntimeThread) [1,1068] The text property of Element is deprecated, use textContent instead.
05-23 15:28:43.190: W/Element(2680): (KrollRuntimeThread) [1,1069] The text property of Element is deprecated, use textContent instead.
05-23 15:28:43.190: W/Element(2680): (KrollRuntimeThread) [1,1070] The text property of Element is deprecated, use textContent instead.
05-23 15:28:43.190: W/Element(2680): (KrollRuntimeThread) [0,1070] The text property of Element is deprecated, use textContent instead.
05-23 15:28:43.190: W/Element(2680): (KrollRuntimeThread) [2,1072] The text property of Element is deprecated, use textContent instead.
05-23 15:28:43.190: W/Element(2680): (KrollRuntimeThread) [0,1072] The text property of Element is deprecated, use textContent instead.
05-23 15:28:43.190: W/Element(2680): (KrollRuntimeThread) [1,1073] The text property of Element is deprecated, use textContent instead.
05-23 15:28:43.200: W/Element(2680): (KrollRuntimeThread) [1,1074] The text property of Element is deprecated, use textContent instead.
05-23 15:28:43.200: W/Element(2680): (KrollRuntimeThread) [1,1075] The text property of Element is deprecated, use textContent instead.
05-23 15:28:43.200: W/Element(2680): (KrollRuntimeThread) [1,1076] The text property of Element is deprecated, use textContent instead.
05-23 15:28:43.200: W/Element(2680): (KrollRuntimeThread) [1,1077] The text property of Element is deprecated, use textContent instead.
05-23 15:28:43.200: W/Element(2680): (KrollRuntimeThread) [1,1078] The text property of Element is deprecated, use textContent instead.
05-23 15:28:43.200: W/Element(2680): (KrollRuntimeThread) [0,1078] The text property of Element is deprecated, use textContent instead.
05-23 15:28:43.200: W/Element(2680): (KrollRuntimeThread) [2,1080] The text property of Element is deprecated, use textContent instead.
05-23 15:28:43.200: W/Element(2680): (KrollRuntimeThread) [0,1080] The text property of Element is deprecated, use textContent instead.
05-23 15:28:43.200: W/Element(2680): (KrollRuntimeThread) [1,1081] The text property of Element is deprecated, use textContent instead.
05-23 15:28:43.200: W/Element(2680): (KrollRuntimeThread) [1,1082] The text property of Element is deprecated, use textContent instead.
05-23 15:28:43.200: W/Element(2680): (KrollRuntimeThread) [1,1083] The text property of Element is deprecated, use textContent instead.
05-23 15:28:43.200: W/Element(2680): (KrollRuntimeThread) [0,1083] The text property of Element is deprecated, use textContent instead.
05-23 15:28:43.210: W/Element(2680): (KrollRuntimeThread) [6,1089] The text property of Element is deprecated, use textContent instead.
05-23 15:28:43.210: W/Element(2680): (KrollRuntimeThread) [1,1090] The text property of Element is deprecated, use textContent instead.
05-23 15:28:43.210: W/Element(2680): (KrollRuntimeThread) [0,1090] The text property of Element is deprecated, use textContent instead.
05-23 15:28:43.210: W/Element(2680): (KrollRuntimeThread) [2,1092] The text property of Element is deprecated, use textContent instead.
05-23 15:28:43.210: W/Element(2680): (KrollRuntimeThread) [0,1092] The text property of Element is deprecated, use textContent instead.
05-23 15:28:43.210: W/Element(2680): (KrollRuntimeThread) [1,1093] The text property of Element is deprecated, use textContent instead.
05-23 15:28:43.220: W/Element(2680): (KrollRuntimeThread) [1,1094] The text property of Element is deprecated, use textContent instead.
05-23 15:28:43.220: W/Element(2680): (KrollRuntimeThread) [1,1095] The text property of Element is deprecated, use textContent instead.
05-23 15:28:43.220: W/Element(2680): (KrollRuntimeThread) [0,1095] The text property of Element is deprecated, use textContent instead.
05-23 15:28:43.220: W/Element(2680): (KrollRuntimeThread) [2,1097] The text property of Element is deprecated, use textContent instead.
05-23 15:28:43.220: W/Element(2680): (KrollRuntimeThread) [1,1098] The text property of Element is deprecated, use textContent instead.
05-23 15:28:43.220: W/Element(2680): (KrollRuntimeThread) [1,1099] The text property of Element is deprecated, use textContent instead.
05-23 15:28:43.220: W/Element(2680): (KrollRuntimeThread) [1,1100] The text property of Element is deprecated, use textContent instead.
05-23 15:28:43.220: W/Element(2680): (KrollRuntimeThread) [1,1101] The text property of Element is deprecated, use textContent instead.
05-23 15:28:43.220: W/Element(2680): (KrollRuntimeThread) [1,1102] The text property of Element is deprecated, use textContent instead.
05-23 15:28:43.220: W/Element(2680): (KrollRuntimeThread) [1,1103] The text property of Element is deprecated, use textContent instead.
05-23 15:28:43.230: W/Element(2680): (KrollRuntimeThread) [1,1104] The text property of Element is deprecated, use textContent instead.
05-23 15:28:43.230: W/Element(2680): (KrollRuntimeThread) [0,1104] The text property of Element is deprecated, use textContent instead.
05-23 15:28:43.230: W/Element(2680): (KrollRuntimeThread) [2,1106] The text property of Element is deprecated, use textContent instead.
05-23 15:28:43.230: W/Element(2680): (KrollRuntimeThread) [0,1106] The text property of Element is deprecated, use textContent instead.
05-23 15:28:43.230: W/Element(2680): (KrollRuntimeThread) [1,1107] The text property of Element is deprecated, use textContent instead.
05-23 15:28:43.230: W/Element(2680): (KrollRuntimeThread) [2,1109] The text property of Element is deprecated, use textContent instead.
05-23 15:28:43.230: W/Element(2680): (KrollRuntimeThread) [0,1109] The text property of Element is deprecated, use textContent instead.
05-23 15:28:43.230: W/Element(2680): (KrollRuntimeThread) [1,1110] The text property of Element is deprecated, use textContent instead.
05-23 15:28:43.230: W/Element(2680): (KrollRuntimeThread) [1,1111] The text property of Element is deprecated, use textContent instead.
05-23 15:28:43.230: W/Element(2680): (KrollRuntimeThread) [0,1111] The text property of Element is deprecated, use textContent instead.
05-23 15:28:43.230: W/Element(2680): (KrollRuntimeThread) [1,1112] The text property of Element is deprecated, use textContent instead.
05-23 15:28:43.400: D/dalvikvm(2680): GC_CONCURRENT freed 601K, 9% free 9746K/10631K, paused 2ms+4ms
05-23 15:28:43.630: D/dalvikvm(2680): GC_FOR_ALLOC freed 588K, 10% free 9925K/10951K, paused 33ms
05-23 15:28:43.780: D/dalvikvm(2680): GC_FOR_ALLOC freed 681K, 11% free 10071K/11207K, paused 31ms
05-23 15:28:45.810: I/TiWebChromeClient.console(2680): (main) [2578,3690] Viewport argument value "device-width;" for key "width" not recognized. Content ignored. (8:http://mashable.com/2012/05/23/valleygirl-practice-fusion/?utm_source=feedburner&utm_medium=feed&utm_campaign=Feed%3A+Mashable+%28Mashable%29)
05-23 15:28:45.810: I/TiWebChromeClient.console(2680): (main) [0,3690] Viewport argument value "1.0;" for key "initial-scale" was truncated to its numeric prefix. (8:http://mashable.com/2012/05/23/valleygirl-practice-fusion/?utm_source=feedburner&utm_medium=feed&utm_campaign=Feed%3A+Mashable+%28Mashable%29)
05-23 15:28:45.810: I/TiWebChromeClient.console(2680): (main) [0,3690] Viewport argument value "yes;" for key "user-scalable" not recognized. Content ignored. (8:http://mashable.com/2012/05/23/valleygirl-practice-fusion/?utm_source=feedburner&utm_medium=feed&utm_campaign=Feed%3A+Mashable+%28Mashable%29)
05-23 15:28:47.080: I/TiWebChromeClient.console(2680): (main) [1268,4958] test (1:http://mashable.com/follow/packages/wp.js?ver=1337803175)
05-23 15:28:49.650: W/webview(2680): Stale touch event ACTION_CANCEL received from webcore; ignoring
05-23 15:28:50.230: I/TiWebChromeClient.console(2680): (main) [3153,8111] Element not defined for binding: videoList (197:http://admin.brightcove.com/viewer/us20120522.1334/js/BrightcovePlayer.js)
05-23 15:28:50.280: D/ShaderProgram(2680): couldn't load the vertex shader!
05-23 15:28:50.280: D/ShaderProgram(2680): couldn't load the vertex shader!
05-23 15:28:50.280: D/ShaderProgram(2680): couldn't load the vertex shader!
05-23 15:28:50.280: D/ShaderProgram(2680): couldn't load the vertex shader!
05-23 15:28:50.280: D/ShaderProgram(2680): couldn't load the vertex shader!
05-23 15:29:02.280: D/dalvikvm(2680): GC_CONCURRENT freed 1145K, 11% free 10179K/11399K, paused 2ms+4ms
05-23 15:29:02.390: D/dalvikvm(2680): GC_FOR_ALLOC freed 771K, 12% free 10248K/11527K, paused 27ms
05-23 15:29:02.490: D/dalvikvm(2680): GC_FOR_ALLOC freed 131K, 11% free 10301K/11527K, paused 26ms
05-23 15:29:02.520: D/dalvikvm(2680): GC_FOR_ALLOC freed 7K, 11% free 10425K/11655K, paused 26ms
05-23 15:29:02.550: D/dalvikvm(2680): GC_FOR_ALLOC freed 0K, 11% free 10491K/11783K, paused 26ms
05-23 15:29:02.580: D/dalvikvm(2680): GC_FOR_ALLOC freed 0K, 11% free 10623K/11911K, paused 27ms
05-23 15:29:02.610: D/dalvikvm(2680): GC_FOR_ALLOC freed 0K, 11% free 10754K/12039K, paused 26ms
05-23 15:29:02.820: D/dalvikvm(2680): GC_FOR_ALLOC freed 682K, 10% free 11069K/12295K, paused 28ms
05-23 15:29:04.760: I/TiWebChromeClient.console(2680): (main) [14525,22636] Viewport argument value "device-width;" for key "width" not recognized. Content ignored. (8:http://mashable.com/2012/05/23/target-shopkick/?utm_source=feedburner&utm_medium=feed&utm_campaign=Feed%3A+Mashable+%28Mashable%29)
05-23 15:29:04.760: I/TiWebChromeClient.console(2680): (main) [0,22636] Viewport argument value "1.0;" for key "initial-scale" was truncated to its numeric prefix. (8:http://mashable.com/2012/05/23/target-shopkick/?utm_source=feedburner&utm_medium=feed&utm_campaign=Feed%3A+Mashable+%28Mashable%29)
05-23 15:29:04.760: I/TiWebChromeClient.console(2680): (main) [0,22636] Viewport argument value "yes;" for key "user-scalable" not recognized. Content ignored. (8:http://mashable.com/2012/05/23/target-shopkick/?utm_source=feedburner&utm_medium=feed&utm_campaign=Feed%3A+Mashable+%28Mashable%29)
05-23 15:29:06.030: I/TiWebChromeClient.console(2680): (main) [1274,23910] test (1:http://mashable.com/follow/packages/wp.js?ver=1337803176)
05-23 15:29:06.410: W/webview(2680): Miss a drag as we are waiting for WebCore's response for touch down.
05-23 15:29:06.750: W/webview(2680): Miss a drag as we are waiting for WebCore's response for touch down.
05-23 15:29:11.820: W/TiAnalyticsSvc(2680): (Thread-202) [5791,29701] Analytics Service Started
05-23 15:29:11.840: I/TiAnalyticsSvc(2680): (Thread-202) [21,29722] Sending 1 analytics events.
05-23 15:29:12.220: D/dalvikvm(2680): GC_CONCURRENT freed 1269K, 12% free 11222K/12615K, paused 3ms+5ms
05-23 15:29:12.600: W/TiAnalyticsSvc(2680): (Thread-202) [757,30479] Stopping Analytics Service
